05-28 15:37:36.450 I/hdmicecd( 532): [HdmiCecControl]:addr:4, allocate result:0
05-28 15:37:36.451 I/audio_hw_hal_ms12v2( 509): dolby_ms12_threadloop alsa is not running
05-28 15:37:36.452 I/audio_hw_hal_ms12v2( 509): dolby_ms12_threadloop alsa is not running
05-28 15:37:36.452 I/audio_hw_hal_ms12v2( 509): dolby_ms12_threadloop alsa is not running
05-28 15:37:36.455 I/audio_hw_hal_ms12v2( 509): dolby_ms12_threadloop alsa is not running
05-28 15:37:36.455 I/SystemControl( 343): [/UEventObserver.cpp, HDMITxUenventThreadLoop, 451] HDMI TX switch_name:hdmitx_current_status, switch_state: 91
05-28 15:37:36.455 I/audio_hw_hal_alsamgr( 509): aml_alsa_output_write alsa_running_status[0xeed05650] change from 0 to 1
05-28 15:37:36.470 D/hdmicecd( 532): [HdmiCecControl]:onAddressAllocated:4
05-28 15:37:36.471 D/HDMI ( 742): onAddressAllocated address:4 reason:4
05-28 15:37:36.471 D/hdmicecd( 532): [HdmiCecControl]:getPhysicalAddress, physical addr: 1000, last pa: 1000, ret = 0
05-28 15:37:36.472 D/hdmicecd( 532): [HdmiCecControl]:getVendorId, vendorId: 0x1CA410
05-28 15:37:36.472 D/HDMI ( 742): [S]: 4F:84:10:00:04
05-28 15:37:36.472 D/hdmicecd( 532): [HdmiCecControl]:getPhysicalAddress, physical addr: 1000, last pa: 1000, ret = 0
05-28 15:37:36.473 D/HDMI ( 742): DeviceDiscoveryAction start com.android.server.hdmi.DeviceDiscoveryAction@bba4591
05-28 15:37:36.482 D/xm_audio( 509): adev_get_parameters
05-28 15:37:36.490 V/MesonDisplayServer( 289): GetDisplayMode:1080p60hz
05-28 15:37:36.490 D/audio_hw_hal_primary( 509): [out_dump:848] io 725: out:0xeed00e70, fd:27
05-28 15:37:36.491 I/SystemControl( 343): [/Ubootenv.cpp, get, 336] [ubootenv] get key:1080p_x envValue: 0
05-28 15:37:36.493 W/IPCThreadState( 594): Sending oneway calls to frozen process.
05-28 15:37:36.493 D/audio_hw_hal_primary( 509): [out_set_parameters:971] out:0xeed00e70 kvpairs:closing=true;exiting=1 out->out_device:0x400, adev->out_device:0x80002
05-28 15:37:36.493 E/audio_hw_hal_primary( 509): out_set_parameters, ret:-2, hw_sync_mode:is false
05-28 15:37:36.493 E/Scheduler( 263): trackPendingFrame: Invalid present fence
05-28 15:37:36.494 I/SystemControl( 343): [/Ubootenv.cpp, get, 336] [ubootenv] get key:1080p_y envValue: 0
05-28 15:37:36.494 I/audio_hw_hal_primary( 509): [out_set_event_callback:3158] io 725: out:0xeed00e70, callback:0xf0dfc91d cookie:0xf14c1150
05-28 15:37:36.494 I/audio_hw_hal_primary( 509): [adev_close_output_stream_new:8052] io handle 725: out:0xeed00e70
05-28 15:37:36.494 D/audio_hw_hal_primary( 509): adev_close_output_stream_new: enter usecase = RAW_DIRECT
05-28 15:37:36.494 I/audio_hw_hal_primary( 509): [adev_close_output_stream:3695] io 725: out:0xeed00e70 dev:OUT_HDMI(0x400) flags:0x11, usecase:RAW_DIRECT
05-28 15:37:36.494 D/audio_hw_hal_primary( 509): [out_standby_new:5767] io 725: out:0xeed00e70 usecase:RAW_DIRECT
05-28 15:37:36.494 I/audio_hw_hal_primary( 509): already standby, do nothing
05-28 15:37:36.494 I/audio_hw_hal_resourcemgr( 509): [is_output_device_muted:710] device:0x2 port_mute:0, fade_mute:0
05-28 15:37:36.494 I/audio_hw_hal_primary( 509): [adev_close_output_stream:3863] io 725: out:0xeed00e70 exit ------
05-28 15:37:36.494 I/SystemControl( 343): [/Ubootenv.cpp, get, 336] [ubootenv] get key:1080p_w envValue: 1920
05-28 15:37:36.496 D/audio_hw_hal_primary( 509): [out_dump:848] io 733: out:0xeed064b0, fd:27
05-28 15:37:36.495 I/SystemControl( 343): [/Ubootenv.cpp, get, 336] [ubootenv] get key:1080p_h envValue: 1080
05-28 15:37:36.496 I/SystemControl( 343): [/Ubootenv.cpp, updateValue, 68] [ubootenv] update value name [ubootenv.var.1080p_x]: value [0]
05-28 15:37:36.496 I/SystemControl( 343): [/Ubootenv.cpp, get, 336] [ubootenv] get key:1080p_x envValue: 0
05-28 15:37:36.496 I/SystemControl( 343): [/Ubootenv.cpp, updateValue, 68] [ubootenv] update value name [ubootenv.var.1080p_y]: value [0]
05-28 15:37:36.496 I/SystemControl( 343): [/Ubootenv.cpp, get, 336] [ubootenv] get key:1080p_y envValue: 0
05-28 15:37:36.496 I/SystemControl( 343): [/Ubootenv.cpp, updateValue, 68] [ubootenv] update value name [ubootenv.var.1080p_w]: value [1920]
05-28 15:37:36.496 I/SystemControl( 343): [/Ubootenv.cpp, get, 336] [ubootenv] get key:1080p_w envValue: 1920
05-28 15:37:36.497 I/SystemControl( 343): [/Ubootenv.cpp, updateValue, 68] [ubootenv] update value name [ubootenv.var.1080p_h]: value [1080]
05-28 15:37:36.497 I/SystemControl( 343): [/Ubootenv.cpp, get, 336] [ubootenv] get key:1080p_h envValue: 1080
05-28 15:37:36.497 V/MesonDisplayServer( 289): SetDisplay[HDMI] DisplayRect to "(0,0,1920,1080)"
05-28 15:37:36.497 V/MesonDisplayServer( 289): SetDisplayViewPort done
05-28 15:37:36.497 W/IPCThreadState( 594): Sending oneway calls to frozen process.
05-28 15:37:36.498 D/audio_hw_hal_primary( 509): [out_set_parameters:971] out:0xeed064b0 kvpairs:closing=true;exiting=1 out->out_device:0x400, adev->out_device:0x80002
05-28 15:37:36.498 E/audio_hw_hal_primary( 509): out_set_parameters, ret:-2, hw_sync_mode:is false
05-28 15:37:36.498 D/AudioFlinger( 594): ro.audio.silent is ignored since no output device is set
05-28 15:37:36.499 I/audio_hw_hal_primary( 509): [out_set_event_callback:3158] io 733: out:0xeed064b0, callback:0xf0dfc91d cookie:0xf14c1e10
05-28 15:37:36.499 I/audio_hw_hal_primary( 509): [adev_close_output_stream_new:8052] io handle 733: out:0xeed064b0
05-28 15:37:36.499 D/audio_hw_hal_primary( 509): adev_close_output_stream_new: enter usecase = PCM_HWSYNC
05-28 15:37:36.499 D/audio_hw_hal_timer( 509): func:audio_timer_delete delete timer.1 success.
05-28 15:37:36.499 D/audio_hw_hal_timer( 509): func:audio_timer_delete delete timer.2 success.
05-28 15:37:36.499 D/audio_hw_hal_primary( 509): [adev_close_output_stream_new:8076] timer_id:1 ret:2
05-28 15:37:36.499 I/audio_hw_hal_primary( 509): [adev_close_output_stream:3695] io 733: out:0xeed064b0 dev:OUT_HDMI(0x400) flags:0x41, usecase:PCM_HWSYNC
05-28 15:37:36.499 D/audio_hw_hal_primary( 509): [out_standby_new:5767] io 733: out:0xeed064b0 usecase:PCM_HWSYNC
05-28 15:37:36.499 I/audio_hw_hal_primary( 509): already standby, do nothing
05-28 15:37:36.499 I/audio_hw_hal_resourcemgr( 509): [is_output_device_muted:710] device:0x2 port_mute:0, fade_mute:0
05-28 15:37:36.499 I/audio_hw_hal_primary( 509): [adev_close_output_stream:3863] io 733: out:0xeed064b0 exit ------
05-28 15:37:36.502 D/audio_hw_hal_primary( 509): [out_dump:848] io 741: out:0xeed040c0, fd:27
05-28 15:37:36.503 W/IPCThreadState( 594): Sending oneway calls to frozen process.
05-28 15:37:36.503 D/audio_hw_hal_primary( 509): [out_set_parameters:971] out:0xeed040c0 kvpairs:closing=true;exiting=1 out->out_device:0x400, adev->out_device:0x80002
05-28 15:37:36.503 E/audio_hw_hal_primary( 509): out_set_parameters, ret:-2, hw_sync_mode:is false
05-28 15:37:36.504 D/AudioFlinger( 594): ro.audio.silent is ignored since no output device is set
05-28 15:37:36.504 I/audio_hw_hal_primary( 509): [out_set_event_callback:3158] io 741: out:0xeed040c0, callback:0xf0dfc91d cookie:0xf14c2770
05-28 15:37:36.505 I/audio_hw_hal_primary( 509): [adev_close_output_stream_new:8052] io handle 741: out:0xeed040c0
05-28 15:37:36.505 D/audio_hw_hal_primary( 509): adev_close_output_stream_new: enter usecase = RAW_DIRECT
05-28 15:37:36.505 I/audio_hw_hal_primary( 509): [adev_close_output_stream:3695] io 741: out:0xeed040c0 dev:OUT_HDMI(0x400) flags:0x1, usecase:RAW_DIRECT
05-28 15:37:36.505 D/audio_hw_hal_primary( 509): [out_standby_new:5767] io 741: out:0xeed040c0 usecase:RAW_DIRECT
05-28 15:37:36.505 I/audio_hw_hal_primary( 509): already standby, do nothing
05-28 15:37:36.505 I/audio_hw_hal_resourcemgr( 509): [is_output_device_muted:710] device:0x2 port_mute:0, fade_mute:0
05-28 15:37:36.505 I/audio_hw_hal_primary( 509): [adev_close_output_stream:3863] io 741: out:0xeed040c0 exit ------
05-28 15:37:36.506 D/audio_hw_hal_primary( 509): [out_dump:848] io 749: out:0xeed00740, fd:27
05-28 15:37:36.507 W/IPCThreadState( 594): Sending oneway calls to frozen process.
05-28 15:37:36.507 D/audio_hw_hal_primary( 509): [out_set_parameters:971] out:0xeed00740 kvpairs:closing=true;exiting=1 out->out_device:0x400, adev->out_device:0x80002
05-28 15:37:36.507 E/audio_hw_hal_primary( 509): out_set_parameters, ret:-2, hw_sync_mode:is false
05-28 15:37:36.510 E/Scheduler( 263): trackPendingFrame: Invalid present fence
05-28 15:37:36.510 I/audio_hw_hal_primary( 509): [out_set_event_callback:3158] io 749: out:0xeed00740, callback:0xf0dfc91d cookie:0xf14c0a30
05-28 15:37:36.511 I/audio_hw_hal_primary( 509): [adev_close_output_stream_new:8052] io handle 749: out:0xeed00740
05-28 15:37:36.511 D/audio_hw_hal_primary( 509): adev_close_output_stream_new: enter usecase = RAW_HWSYNC
05-28 15:37:36.511 I/audio_hw_hal_primary( 509): [adev_close_output_stream:3695] io 749: out:0xeed00740 dev:OUT_HDMI(0x400) flags:0x51, usecase:RAW_HWSYNC
05-28 15:37:36.511 D/audio_hw_hal_primary( 509): [out_standby_new:5767] io 749: out:0xeed00740 usecase:RAW_HWSYNC
05-28 15:37:36.511 I/audio_hw_hal_primary( 509): already standby, do nothing
05-28 15:37:36.511 I/audio_hw_hal_resourcemgr( 509): [is_output_device_muted:710] device:0x2 port_mute:0, fade_mute:0
05-28 15:37:36.511 I/audio_hw_hal_primary( 509): [adev_close_output_stream:3863] io 749: out:0xeed00740 exit ------
05-28 15:37:36.512 D/AudioFlinger( 594): closing mmapThread 0xecd44930
05-28 15:37:36.512 W/IPCThreadState( 594): Sending oneway calls to frozen process.
05-28 15:37:36.512 D/AudioFlinger( 594): mmapThread exit()
05-28 15:37:36.513 I/audio_hw_hal_primary( 509): [adev_close_output_stream_new:8052] io handle 765: out:0xeed04f20
05-28 15:37:36.513 D/audio_hw_hal_primary( 509): adev_close_output_stream_new: enter usecase = PCM_MMAP
05-28 15:37:36.513 I/audio_hw_hal_primary( 509): [adev_close_output_stream:3695] io 765: out:0xeed04f20 dev:OUT_HDMI(0x400) flags:0x4001, usecase:PCM_MMAP
05-28 15:37:36.513 D/audio_hw_hal_primary( 509): [out_standby_new:5767] io 765: out:0xeed04f20 usecase:PCM_MMAP
05-28 15:37:36.513 I/audio_hw_hal_primary( 509): already standby, do nothing
05-28 15:37:36.513 I/audio_hw_hal_mmap( 509): [outMmapDeInit:743] stream:0xeed04f20
05-28 15:37:36.513 I/audio_hw_hal_mmap( 509): [mmap_audio_unregister_client:955] OK ! stream 0xeed04f20, client id 0
05-28 15:37:36.513 I/audio_hw_hal_primary( 509): when close aaudio stream, send STANDBY msg to submix & ms12
05-28 15:37:36.513 I/audio_hw_hal_ms12common( 509): aml_set_ms12_scheduler_state ms12_scheduler_state:1, sch_state:1 SCHEDULER_STANDBY is sent to ms12
05-28 15:37:36.513 I/audio_hw_hal_resourcemgr( 509): [is_output_device_muted:710] device:0x2 port_mute:0, fade_mute:0
05-28 15:37:36.513 I/audio_hw_hal_primary( 509): [adev_close_output_stream:3863] io 765: out:0xeed04f20 exit ------
05-28 15:37:36.515 D/audio_hw_hal_primary( 509): [out_dump:848] io 781: out:0xeed0dee0, fd:24
05-28 15:37:36.516 W/IPCThreadState( 594): Sending oneway calls to frozen process.
05-28 15:37:36.516 D/audio_hw_hal_primary( 509): [out_set_parameters:971] out:0xeed0dee0 kvpairs:closing=true;exiting=1 out->out_device:0x400, adev->out_device:0x80002
05-28 15:37:36.516 E/audio_hw_hal_primary( 509): out_set_parameters, ret:-2, hw_sync_mode:is false
05-28 15:37:36.517 D/AudioFlinger( 594): ro.audio.silent is ignored since no output device is set
05-28 15:37:36.517 I/audio_hw_hal_primary( 509): [out_set_event_callback:3158] io 781: out:0xeed0dee0, callback:0xf0dfc91d cookie:0xf14c0310
05-28 15:37:36.517 I/audio_hw_hal_primary( 509): [adev_close_output_stream_new:8052] io handle 781: out:0xeed0dee0
05-28 15:37:36.517 D/audio_hw_hal_primary( 509): adev_close_output_stream_new: enter usecase = RAW_DIRECT
05-28 15:37:36.517 I/audio_hw_hal_primary( 509): [adev_close_output_stream:3695] io 781: out:0xeed0dee0 dev:OUT_HDMI(0x400) flags:0x441, usecase:RAW_DIRECT
05-28 15:37:36.517 D/audio_hw_hal_primary( 509): [out_standby_new:5767] io 781: out:0xeed0dee0 usecase:RAW_DIRECT
05-28 15:37:36.517 I/audio_hw_hal_primary( 509): already standby, do nothing
05-28 15:37:36.517 I/audio_hw_hal_resourcemgr( 509): [is_output_device_muted:710] device:0x2 port_mute:0, fade_mute:0
05-28 15:37:36.517 I/audio_hw_hal_primary( 509): [adev_close_output_stream:3863] io 781: out:0xeed0dee0 exit ------
05-28 15:37:36.518 E/MesonHwc( 289): open file [/sys/class/amhdmitx/amhdmitx0/aud_mute] error:Permission denied
05-28 15:37:36.518 E/MesonHwc( 289): open file [/sys/class/amhdmitx/amhdmitx0/aud_mute] error:Permission denied
05-28 15:37:36.518 E/MesonHwc( 289): dolby vision driver is not ready
05-28 15:37:36.518 I/MesonDisplay( 289): [/HDCPTxAuth.cpp, authThread, 173] hdcp_tx thread loop entry
05-28 15:37:36.518 I/MesonDisplay( 289): [/HDCPTxAuth.cpp, start, 109] hdcp_tx, create hdcp thread id = 3997155776 done
05-28 15:37:36.518 D/MesonDisplay( 289): read /sys/class/amhdmitx/amhdmitx0/hdcp_lstore, result length:0, val:
05-28 15:37:36.519 I/SystemControl( 343): [/Ubootenv.cpp, get, 345] [ubootenv] search end and not find env:digitaudiooutput
05-28 15:37:36.519 V/MesonDisplayServer( 289): GetDisplayMode:1080p60hz
05-28 15:37:36.519 D/audio_hw_hal_primary( 509): [out_dump:848] io 797: out:0xeed07a40, fd:24
05-28 15:37:36.519 I/SystemControl( 343): [/Ubootenv.cpp, get, 336] [ubootenv] get key:hdmichecksum envValue: 0xe2440000
05-28 15:37:36.519 D/MesonDisplayServer( 289): use connector getDisplayAttribute "HDMI Color ATTR": "422,12bit"
05-28 15:37:36.519 I/SystemControl( 343): [/Ubootenv.cpp, updateValue, 68] [ubootenv] update value name [ubootenv.var.1080p60hz_deepcolor]: value [422,12bit]
05-28 15:37:36.519 I/SystemControl( 343): [/Ubootenv.cpp, get, 336] [ubootenv] get key:1080p60hz_deepcolor envValue: 422,12bit
05-28 15:37:36.520 I/SystemControl( 343): [/Ubootenv.cpp, updateValue, 68] [ubootenv] update value name [ubootenv.var.colorattribute]: value [422,12bit]
05-28 15:37:36.520 I/SystemControl( 343): [/Ubootenv.cpp, get, 336] [ubootenv] get key:colorattribute envValue: 422,12bit
05-28 15:37:36.520 W/IPCThreadState( 594): Sending oneway calls to frozen process.
05-28 15:37:36.520 I/SystemControl( 343): [/Ubootenv.cpp, updateValue, 68] [ubootenv] update value name [ubootenv.var.hdmi_colordepth]: value [8]
05-28 15:37:36.520 D/audio_hw_hal_primary( 509): [out_set_parameters:971] out:0xeed07a40 kvpairs:closing=true;exiting=1 out->out_device:0x400, adev->out_device:0x80002
05-28 15:37:36.520 I/SystemControl( 343): [/Ubootenv.cpp, get, 336] [ubootenv] get key:hdmi_colordepth envValue: 8
05-28 15:37:36.520 E/audio_hw_hal_primary( 509): out_set_parameters, ret:-2, hw_sync_mode:is false
05-28 15:37:36.521 I/audio_hw_hal_primary( 509): [out_set_event_callback:3158] io 797: out:0xeed07a40, callback:0xf0dfc91d cookie:0xf14c23b0
05-28 15:37:36.521 I/SystemControl( 343): [/Ubootenv.cpp, updateValue, 68] [ubootenv] update value name [ubootenv.var.hdmi_colorspace]: value [auto]
05-28 15:37:36.521 I/SystemControl( 343): [/Ubootenv.cpp, get, 336] [ubootenv] get key:hdmi_colorspace envValue: auto
05-28 15:37:36.521 I/audio_hw_hal_primary( 509): [adev_close_output_stream_new:8052] io handle 797: out:0xeed07a40
05-28 15:37:36.521 D/audio_hw_hal_primary( 509): adev_close_output_stream_new: enter usecase = RAW_DIRECT
05-28 15:37:36.521 I/audio_hw_hal_primary( 509): [adev_close_output_stream:3695] io 797: out:0xeed07a40 dev:OUT_HDMI(0x400) flags:0x401, usecase:RAW_DIRECT
05-28 15:37:36.521 D/audio_hw_hal_primary( 509): [out_standby_new:5767] io 797: out:0xeed07a40 usecase:RAW_DIRECT
05-28 15:37:36.521 I/audio_hw_hal_primary( 509): already standby, do nothing
05-28 15:37:36.521 I/SystemControl( 343): [/Ubootenv.cpp, updateValue, 68] [ubootenv] update value name [ubootenv.var.outputmode]: value [1080p60hz]
05-28 15:37:36.521 I/audio_hw_hal_resourcemgr( 509): [is_output_device_muted:710] device:0x2 port_mute:0, fade_mute:0
05-28 15:37:36.521 I/audio_hw_hal_primary( 509): [adev_close_output_stream:3863] io 797: out:0xeed07a40 exit ------
05-28 15:37:36.521 I/SystemControl( 343): [/Ubootenv.cpp, get, 336] [ubootenv] get key:outputmode envValue: 1080p60hz
05-28 15:37:36.521 E/MesonHwc( 289): dolby vision driver is not ready
05-28 15:37:36.522 E/MesonHwc( 289): dolby vision driver is not ready
05-28 15:37:36.523 W/IPCThreadState( 594): Sending oneway calls to frozen process.
05-28 15:37:36.524 I/AS.AudioDeviceInventory( 742): sendDeviceConnectionIntent(dev:0x400 state:0x1 address: name:);
05-28 15:37:36.524 I/AudioService( 742): onAccessoryPlugMediaUnmute newDevice=1024 [hdmi]
05-28 15:37:36.525 E/MesonHwc( 289): dolby vision driver is not ready
05-28 15:37:36.525 D/MesonHwc( 289): ERR: PLEASE FIX NON-IMPLEMENT FUN(update).
05-28 15:37:36.526 D/MesonComposer3( 289): halEventcallback onHotplug client3.0
05-28 15:37:36.526 E/MesonComposer3( 289): executeLayerCommandSetLayerBuffer: display:0 layer:84 failed with:BadLayer
05-28 15:37:36.526 E/MesonHwc( 289): (setLayerSurfaceDamage) met invalid layer id (84) in display (0xeea02990)
05-28 15:37:36.526 E/MesonComposer3( 289): executeLayerCommandSetLayerSurfaceDamage: display:0 layer:84 failed with:BadLayer
05-28 15:37:36.526 I/SystemControl( 343): notify plugin
05-28 15:37:36.526 E/MesonHwc( 289): (setLayerBrightness) met invalid layer id (84) in display (0xeea02990)
05-28 15:37:36.526 E/MesonComposer3( 289): executeLayerCommandSetLayerBrightness: display:0 layer:84 failed with:BadLayer
05-28 15:37:36.526 I/SystemControl( 343): [/SystemControlHal.cpp, onEvent, 72] onEvent event:3, client size:5
05-28 15:37:36.526 I/SystemControlClient( 529): notifyCallback event type:3
05-28 15:37:36.526 I/SystemControlClient( 528): notifyCallback event type:3
05-28 15:37:36.526 E/HWComposer( 263): getDeviceCompositionChanges: presentOrValidate failed for display 4627013623894091019: BadLayer (3)
05-28 15:37:36.526 I/SystemControlClient( 529): notifyCallback: listener is NULL.
05-28 15:37:36.526 I/SystemControlClient( 528): notifyCallback: listener is NULL.
05-28 15:37:36.526 E/CompositionEngine( 263): chooseCompositionStrategy failed for Dangbei : -2147483648 (Unknown error -2147483648)
05-28 15:37:36.526 I/SystemControlClient( 527): notifyCallback event type:3
05-28 15:37:36.526 I/SystemControlClient( 527): notifyCallback: listener is NULL.
05-28 15:37:36.527 I/SystemControlEvent( 1379): system control callback event: 3
05-28 15:37:36.528 I/SystemControlClient( 244): notifyCallback event type:3
05-28 15:37:36.528 I/SystemControlClient( 244): notifyCallback: listener is NULL.
05-28 15:37:36.529 E/Scheduler( 263): trackPendingFrame: Invalid present fence
05-28 15:37:36.529 E/MesonHwc( 289): getPort 11
05-28 15:37:36.529 E/MesonHwc( 289): getPort 11
05-28 15:37:36.530 E/ccc ( 1946): cccccc hdmi plug reset
05-28 15:37:36.530 E/xxxxxxxxxxxxxxx( 2316): onReceive:mIsHDMIPlugged = true
05-28 15:37:36.534 I/SurfaceFlinger( 263): Reconnecting display 4627013623894091019 (HAL ID 0)
05-28 15:37:36.539 E/MesonComposer3( 289): destroyLayer: display:0 failed to destroy layer:84
05-28 15:37:36.539 E/HwcComposer( 263): destroyLayer failed Status(-8, EX_SERVICE_SPECIFIC): '3: '
05-28 15:37:36.539 E/HWC2 ( 263): destroyLayer(0, 84) failed: BadLayer (3)
05-28 15:37:36.540 E/HwcComposer( 263): setClientTargetSlotCount failed Status(-8, EX_SERVICE_SPECIFIC): '4: '
05-28 15:37:36.540 D/ActiveDeviceManager( 1367): onAudioDevicesAdded
05-28 15:37:36.540 D/AvrcpVolumeManager( 1367): onAudioDevicesAdded: Not expecting device changed
05-28 15:37:36.540 D/ActiveDeviceManager( 1367): Audio device added: DBBOX-A3 type: 9
05-28 15:37:36.544 V/MediaRouter( 742): Audio routes updated: AudioRoutesInfo{ type=HDMI }, a2dp=false
05-28 15:37:36.544 V/MediaRouter( 742): Selecting route: RouteInfo{ name=外部设备, description=null, status=null, category=RouteCategory{ name=系统 types=ROUTE_TYPE_LIVE_AUDIO ROUTE_TYPE_LIVE_VIDEO groupable=false }, supportedTypes=ROUTE_TYPE_LIVE_AUDIO ROUTE_TYPE_LIVE_VIDEO , presentationDisplay=null }
05-28 15:37:36.546 V/MediaRouter( 1176): Audio routes updated: AudioRoutesInfo{ type=HDMI }, a2dp=false
05-28 15:37:36.546 V/MediaRouter( 1176): Selecting route: RouteInfo{ name=外部设备, description=null, status=null, category=RouteCategory{ name=系统 types=ROUTE_TYPE_LIVE_AUDIO ROUTE_TYPE_LIVE_VIDEO groupable=false }, supportedTypes=ROUTE_TYPE_LIVE_AUDIO ROUTE_TYPE_LIVE_VIDEO , presentationDisplay=null }
05-28 15:37:36.551 D/xm_audio( 509): adev_get_parameters
05-28 15:37:36.553 D/xm_audio( 509): adev_get_parameters
05-28 15:37:36.559 I/Scheduler( 263): Display 4627013623894091019 is the pacesetter
05-28 15:37:36.560 E/SchedulerTimer( 263): Terminated
05-28 15:37:36.560 D/xm_audio( 509): adev_get_parameters
05-28 15:37:36.560 D/SurfaceFlinger( 263): Setting power mode 2 on display 4627013623894091019
05-28 15:37:36.560 W/EventThread( 263): Failed dispatching Hotplug{displayId=4627013623894091019, connected} for Connection{0xf1c82c10, VSyncRequest::None}
05-28 15:37:36.560 W/EventThread( 263): Failed dispatching Hotplug{displayId=4627013623894091019, connected} for Connection{0xf1c83290, VSyncRequest::None}
05-28 15:37:36.560 W/EventThread( 263): Failed dispatching Hotplug{displayId=4627013623894091019, connected} for Connection{0xf1c82d10, VSyncRequest::None}
05-28 15:37:36.560 W/EventThread( 263): Failed dispatching Hotplug{displayId=4627013623894091019, connected} for Connection{0xf1c82890, VSyncRequest::None}
05-28 15:37:36.560 W/EventThread( 263): Failed dispatching Hotplug{displayId=4627013623894091019, connected} for Connection{0xf1c86910, VSyncRequest::None}
05-28 15:37:36.560 W/EventThread( 263): Failed dispatching Hotplug{displayId=4627013623894091019, connected} for Connection{0xf1c84e90, VSyncRequest::None}
05-28 15:37:36.561 D/SurfaceFlinger( 263): Finished setting power mode 2 on display 4627013623894091019
05-28 15:37:36.562 I/MesonDisplay( 289): [/mode_policy.c, meson_mode_set_policy, 1177] connector:0 to policy:0
05-28 15:37:36.562 I/MesonDisplay( 289): [/mode_policy.c, is_dv_prefer, 66] not prefer dv, hdr_priority:10000010
05-28 15:37:36.562 I/MesonDisplay( 289): [/mode_policy.c, is_dv_prefer, 66] not prefer dv, hdr_priority:10000010
05-28 15:37:36.562 I/MesonDisplay( 289): [/mode_policy.c, hdr_scene_process, 724] policy:0 is_bestcolorspace:1 state:0
05-28 15:37:36.562 I/MesonDisplay( 289): [/mode_policy_parser.c, is_support_hdmimode, 115] is_support_hdmimode mode: none not support
05-28 15:37:36.562 I/MesonDisplay( 289): [/mode_policy_parser.c, is_support_hdmimode, 115] is_support_hdmimode mode: 2160p60hz not support
05-28 15:37:36.563 I/MesonDisplay( 289): [/mode_policy_parser.c, is_support_hdmimode, 115] is_support_hdmimode mode: 2160p50hz not support
05-28 15:37:36.563 I/MesonDisplay( 289): [/mode_policy_parser.c, is_support_hdmimode, 115] is_support_hdmimode mode: 2160p60hz not support
05-28 15:37:36.563 I/MesonDisplay( 289): [/mode_policy_parser.c, is_support_hdmimode, 115] is_support_hdmimode mode: 2160p50hz not support
05-28 15:37:36.563 I/MesonDisplay( 289): [/mode_policy.c, is_support_4kHDR, 507] is_support_4kHDR 4k hdr not support
05-28 15:37:36.563 I/MesonDisplay( 289): [/mode_policy_parser.c, is_support_hdmimode, 110] is_support_hdmimode mode: 1080p60hz
05-28 15:37:36.563 D/MesonDisplay( 289): meson_write /sys/class/amhdmitx/amhdmitx0/valid_mode, outputmode:1080p60hz422,12bit
05-28 15:37:36.563 D/MesonDisplay( 289): valid mode is true!
05-28 15:37:36.563 I/MesonDisplay( 289): [/mode_policy.c, is_support_non4kHDR, 552] is_support_non4kHDR mode:[1080p60hz], color format:[422,12bit]
05-28 15:37:36.563 I/MesonDisplay( 289): [/mode_policy.c, meson_mode_get_policy_output, 1289] final_displaymode:1080p60hz, final_deepcolor:422,12bit, amdv_type:0
05-28 15:37:36.563 I/MesonDisplay( 289): [/mode_policy.c, meson_mode_set_policy, 1177] connector:0 to policy:0
05-28 15:37:36.565 D/LocalDisplayAdapter( 742): The active mode was changed from SurfaceFlinger or the display device to {id=110, width=1920, height=1080, fps=59.94006, alternativeRefreshRates=[], supportedHdrTypes=[2]}
05-28 15:37:36.566 D/LocalDisplayAdapter( 742): New display modes are added and the active mode has changed, use active mode as default mode.
05-28 15:37:36.566 W/LocalDisplayAdapter( 742): DisplayModeSpecs base mode no longer available, using currently active mode.
05-28 15:37:36.566 I/DisplayDeviceRepository( 742): Display device changed: DisplayDeviceInfo{"内置屏幕": uniqueId="local:4627013623894091019", 1920 x 1080, modeId 109, renderFrameRate 59.94006, defaultModeId 109, supportedModes [{id=109, width=1920, height=1080, fps=59.94006, alternativeRefreshRates=[], supportedHdrTypes=[]}], colorMode 0, supportedColorModes [0], hdrCapabilities HdrCapabilities{mSupportedHdrTypes=[], mMaxLuminance=500.0, mMaxAverageLuminance=500.0, mMinLuminance=0.0}, allmSupported false, gameContentTypeSupported false, density 240, 42.406 x 42.203 dpi, appVsyncOff 2000000, presDeadline 13683333, touch INTERNAL, rotation 0, type INTERNAL, address {port=11, model=0x403674603f19a5}, deviceProductInfo DeviceProductInfo{name=Linux FHD, manufacturerPnpId=LNX, productId=0, modelYear=null, manufactureDate=ManufactureDate{week=5, year=2012}, connectionToSinkType=0}, state ON, committedState ON, frameRateOverride , brightnessMinimum 0.0, brightnessMaximum 1.0, brightnessDefault 0.39763778, hdrSdrRatio NaN, FLAG_ALLOWED_TO_BE_DEFAULT_DISPLAY, FLAG_ROTATES_WITH_CONTENT, FLAG_SECURE, FLAG_SUPPORTS_PROTECTED_BUFFERS, FLAG_TRUSTED, installOrientation 0, displayShape DisplayShape{ spec=729782573 displayWidth=1920 displayHeight=1080 physicalPixelDisplaySizeRatio=1.0 rotation=0 offsetX=0 offsetY=0 scale=1.0}}
05-28 15:37:36.568 E/Scheduler( 263): trackPendingFrame: Invalid present fence
05-28 15:37:36.569 D/DisplayManagerService( 742): Ignore redundant display event 0/2 to 10067/1190
05-28 15:37:36.569 W/LocalDisplayAdapter( 742): Ignoring request for invalid base mode id 109
05-28 15:37:36.569 D/DisplayManagerService( 742): Ignore redundant display event 0/2 to 10075/6844
05-28 15:37:36.571 I/DisplayDeviceRepository( 742): Display device changed: DisplayDeviceInfo{"内置屏幕": uniqueId="local:4627013623894091019", 1920 x 1080, modeId 110, renderFrameRate 59.94006, defaultModeId 110, supportedModes [{id=110, width=1920, height=1080, fps=59.94006, alternativeRefreshRates=[], supportedHdrTypes=[2]}, {id=111, width=1920, height=1080, fps=60.000004, alternativeRefreshRates=[], supportedHdrTypes=[2]}, {id=112, width=1920, height=1080, fps=50.0, alternativeRefreshRates=[], supportedHdrTypes=[2]}, {id=113, width=1920, height=1080, fps=29.97003, alternativeRefreshRates=[], supportedHdrTypes=[2]}, {id=114, width=1920, height=1080, fps=30.000002, alternativeRefreshRates=[], supportedHdrTypes=[2]}, {id=115, width=1920, height=1080, fps=23.976025, alternativeRefreshRates=[], supportedHdrTypes=[2]}, {id=116, width=1920, height=1080, fps=24.000002, alternativeRefreshRates=[], supportedHdrTypes=[2]}, {id=117, width=1280, height=720, fps=59.94006, alternativeRefreshRates=[], supportedHdrTypes=[2]}, {id=118, width=1280, height=720, fps=60.000004, alternativeRefreshRates=[], supportedHdrTypes=[2]}, {id=119, width=1280, height=720, fps=50.0, alternativeRefreshRates=[], supportedHdrTypes=[2]}], colorMode 0, supportedColorModes [0], hdrCapabilities HdrCapabilities{mSupportedHdrTypes=[2], mMaxLuminance=500.0, mMaxAverageLuminance=500.0, mMinLuminance=0.0}, allmSupported false, gameContentTypeSupported false, density 240, 42.406 x 42.203 dpi, appVsyncOff 2000000, presDeadline 13683333, touch INTERNAL, rotation 0, type INTERNAL, address {port=11, model=0x403674603f19a5}, deviceProductInfo DeviceProductInfo{name=DBPADGO1AIR, manufacturerPnpId=DBA, productId=48, modelYear=null, manufactureDate=ManufactureDate{week=10, year=2014}, connectionToSinkType=2}, state ON, committedState ON, frameRateOverride , brightnessMinimum 0.0, brightnessMaximum 1.0, brightnessDefault 0.39763778, hdrSdrRatio NaN, FLAG_ALLOWED_TO_BE_DEFAULT_DISPLAY, FLAG_ROTATES_WITH_CONTENT, FLAG_SECURE, FLAG_SUPPORTS_PROTECTED_BUFFERS, FLAG_TRUSTED, installOrientation 0, displayShape DisplayShape{ spec=729782573 displayWidth=1920 displayHeight=1080 physicalPixelDisplaySizeRatio=1.0 rotation=0 offsetX=0 offsetY=0 scale=1.0}}
05-28 15:37:36.572 D/xm_audio( 509): adev_get_parameters
05-28 15:37:36.580 I/RefreshRateSelector( 263): Display 4627013623894091019 policy changed
05-28 15:37:36.580 I/RefreshRateSelector( 263): Previous: {defaultModeId=109, allowGroupSwitching=false, primaryRanges={physical=[0.00 Hz, 340282346638528859811704183484516925440.00 Hz], render=[0.00 Hz, 340282346638528859811704183484516925440.00 Hz]}, appRequestRanges={physical=[0.00 Hz, 340282346638528859811704183484516925440.00 Hz], render=[0.00 Hz, 340282346638528859811704183484516925440.00 Hz]}}
05-28 15:37:36.580 I/RefreshRateSelector( 263): Current: DisplayManagerPolicy{defaultModeId=109, allowGroupSwitching=false, primaryRanges={physical=[0.00 Hz, inf Hz], render=[0.00 Hz, 120.00 Hz]}, appRequestRanges={physical=[0.00 Hz, inf Hz], render=[0.00 Hz, inf Hz]}}
05-28 15:37:36.580 I/RefreshRateSelector( 263): 0 mode changes were performed under the previous policy
05-28 15:37:36.590 D/xm_audio( 509): adev_get_parameters
05-28 15:37:36.591 D/xm_audio( 509): adev_get_parameters
05-28 15:37:36.600 D/xm_audio( 509): adev_get_parameters
05-28 15:37:36.601 D/xm_audio( 509): adev_get_parameters
05-28 15:37:36.608 D/xm_audio( 509): adev_get_parameters
05-28 15:37:36.610 D/xm_audio( 509): adev_get_parameters
05-28 15:37:36.617 D/xm_audio( 509): adev_get_parameters
05-28 15:37:36.620 D/xm_audio( 509): adev_get_parameters
05-28 15:37:36.624 D/hdmicecd( 532): [CEC]:printCecMessage, [4 -> f] len: 4, body: 84 10 00 04, result:success
05-28 15:37:36.624 E/IPCThreadState( 532): binder thread pool (1 threads) starved for 153 ms
05-28 15:37:36.624 D/HDMI ( 742): [S]: 4F:87:1C:A4:10
05-28 15:37:36.628 D/xm_audio( 509): adev_get_parameters
05-28 15:37:36.629 D/xm_audio( 509): adev_get_parameters
05-28 15:37:36.634 D/xm_audio( 509): adev_get_parameters
05-28 15:37:36.636 D/xm_audio( 509): adev_get_parameters
05-28 15:37:36.644 D/xm_audio( 509): adev_get_parameters
05-28 15:37:36.646 D/xm_audio( 509): adev_get_parameters
05-28 15:37:36.652 D/xm_audio( 509): adev_get_parameters
05-28 15:37:36.655 D/xm_audio( 509): adev_get_parameters
05-28 15:37:36.660 D/xm_audio( 509): adev_get_parameters
05-28 15:37:36.661 D/xm_audio( 509): adev_get_parameters
05-28 15:37:36.665 I/vol.Events( 1176): writeEvent level_changed STREAM_VOICE_CALL 40
05-28 15:37:36.669 I/vol.Events( 1176): writeEvent level_changed STREAM_SYSTEM 40
05-28 15:37:36.670 I/vol.Events( 1176): writeEvent level_changed STREAM_RING 40
05-28 15:37:36.673 I/vol.Events( 1176): writeEvent level_changed STREAM_MUSIC 8
05-28 15:37:36.675 I/vol.Events( 1176): writeEvent level_changed STREAM_ALARM 40
05-28 15:37:36.868 D/BufferPoolAccessor2.0(14565): evictor expired: 1, evicted: 1
05-28 15:37:37.069 D/hdmicecd( 532): [CEC]:printCecMessage, [4 -> f] len: 4, body: 87 1c a4 10, result:success
05-28 15:37:37.069 E/IPCThreadState( 532): binder thread pool (1 threads) starved for 445 ms
05-28 15:37:37.070 D/HDMI ( 742): [S]: 40:8C
05-28 15:37:37.126 D/hdmicecd( 532): [CEC]:printCecMessage, [4 -> 0] len: 1, body: 8c, result:no ack
05-28 15:37:37.182 D/hdmicecd( 532): [CEC]:printCecMessage, [4 -> 0] len: 1, body: 8c, result:no ack
05-28 15:37:37.182 E/HDMI ( 742): [1]:Failed to send 40:8C with errorCode=1
05-28 15:37:37.183 D/HDMI ( 742): [S]: 40:47:44:42:42:4F:58:2D:41:33
05-28 15:37:37.238 D/hdmicecd( 532): [CEC]:printCecMessage, [4 -> 0] len: 9, body: 47 44 42 42 4f 58 2d 41 33, result:no ack
05-28 15:37:37.294 D/hdmicecd( 532): [CEC]:printCecMessage, [4 -> 0] len: 9, body: 47 44 42 42 4f 58 2d 41 33, result:no ack
05-28 15:37:37.295 E/HDMI ( 742): [1]:Failed to send 40:47:44:42:42:4F:58:2D:41:33 with errorCode=1
05-28 15:37:37.296 D/HDMI ( 742): [S]: 45:7D
05-28 15:37:37.296 D/HDMI ( 742): Failed to send cec command 40:47:44:42:42:4F:58:2D:41:33
05-28 15:37:37.350 D/hdmicecd( 532): [CEC]:printCecMessage, [4 -> 5] len: 1, body: 7d, result:no ack
05-28 15:37:37.403 I/VDA ( 527): [0##105]"ServiceDeviceTask INs=195/201, OUTs=193/196"" {IN=6/8, OUT=10/13[kAtAccelerator(0) kAtDevice(3) kAtClient(10)]}"
05-28 15:37:37.406 D/hdmicecd( 532): [CEC]:printCecMessage, [4 -> 5] len: 1, body: 7d, result:no ack
05-28 15:37:37.406 E/HDMI ( 742): [1]:Failed to send 45:7D with errorCode=1
05-28 15:37:37.407 D/HDMI ( 742): AVR did not respond to
05-28 15:37:37.408 D/HdmiControlService( 742): Switching to full volume behavior
05-28 15:37:37.462 D/hdmicecd( 532): [CEC]:printCecMessage, [4 -> e] len: 0, body:, result:no ack
05-28 15:37:37.518 D/hdmicecd( 532): [CEC]:printCecMessage, [4 -> b] len: 0, body:, result:no ack
05-28 15:37:37.519 D/MesonDisplay( 289): read /sys/class/amhdmitx/amhdmitx0/hdcp_lstore, result length:0, val:
05-28 15:37:37.574 D/hdmicecd( 532): [CEC]:printCecMessage, [4 -> 8] len: 0, body:, result:no ack
05-28 15:37:37.617 I/WifiHAL ( 558): call wifi_get_link_stats handler
05-28 15:37:37.618 I/WifiHAL ( 558): Creating message to get link statistics; iface = 16
05-28 15:37:37.618 D/WifiHAL ( 558): error code -95 mapped to -3
05-28 15:37:37.618 E/WifiStaIfaceAidlImpl( 742): getLinkLayerStats failed with service-specific exception: android.os.ServiceSpecificException: (code 4)
05-28 15:37:37.630 D/hdmicecd( 532): [CEC]:printCecMessage, [4 -> 5] len: 0, body:, result:no ack
05-28 15:37:37.686 D/hdmicecd( 532): [CEC]:printCecMessage, [4 -> 3] len: 0, body:, result:no ack
05-28 15:37:37.742 D/hdmicecd( 532): [CEC]:printCecMessage, [4 -> 1] len: 0, body:, result:no ack
05-28 15:37:37.806 D/hdmicecd( 532): [CEC]:printCecMessage, [4 -> 0] len: 0, body:, result:no ack
05-28 15:37:37.806 D/HdmiCecController( 742): [P]:AllocatedAddress=[]
05-28 15:37:37.807 D/hdmicecd( 532): [HdmiCecControl]:getPhysicalAddress, physical addr: 1000, last pa: 1000, ret = 0
05-28 15:37:37.807 D/HDMI ( 742): addCecDevice new:CEC: logical_address: 0x04 device_type: 4 cec_version: 5 vendor_id: 1877008 display_name: DBBOX-A3 power_status: 0 physical_address: 0x1000 port_id: 0 old:null
05-28 15:37:38.128 I/virtual void MediaDecoder::run()(14565): notify decode next url: /data/user/0/com.dangbei.lerad.screensaver/files/download/61/city_2.mp4
05-28 15:37:38.129 E/screen_saver2(14565): onDecodeNextStream: 1
05-28 15:37:38.137 D/AdManager(14565): advertisementNum: 9
05-28 15:37:38.252 E/xxxxxxxxxxxxxxx( 2316): onReceive: true , configuration = {1.0 ?mcc0mnc [zh_CN] ldltr sw720dp w1280dp h720dp 240dpi xlrg long land television -touch -keyb/v/h dpad/v winConfig={ mBounds=Rect(0, 0 - 1920, 1080) mAppBounds=Rect(0, 0 - 1920, 1080) mMaxBounds=Rect(0, 0 - 1920, 1080) mDisplayRotation=ROTATION_0 mWindowingMode=fullscreen mDisplayWindowingMode=fullscreen mActivityType=undefined mAlwaysOnTop=undefined mRotation=ROTATION_0} as.2 s.22 fontWeightAdjustment=0}
05-28 15:37:38.252 E/xxxxxxxxxxxxxxx( 2316): isScreenSizeChange=false app onConfigurationChanged={1.0 ?mcc0mnc [zh_CN] ldltr sw720dp w1280dp h720dp 240dpi xlrg long land television -touch -keyb/v/h dpad/v winConfig={ mBounds=Rect(0, 0 - 1920, 1080) mAppBounds=Rect(0, 0 - 1920, 1080) mMaxBounds=Rect(0, 0 - 1920, 1080) mDisplayRotation=ROTATION_0 mWindowingMode=fullscreen mDisplayWindowingMode=fullscreen mActivityType=undefined mAlwaysOnTop=undefined mRotation=ROTATION_0} as.2 s.22 fontWeightAdjustment=0}
05-28 15:37:38.432 I/VDA ( 527): [0##105]"ServiceDeviceTask INs=225/232, OUTs=222/227"" {IN=7/8, OUT=8/13[kAtAccelerator(0) kAtDevice(5) kAtClient(8)]}"
05-28 15:37:38.519 D/MesonDisplay( 289): read /sys/class/amhdmitx/amhdmitx0/hdcp_lstore, result length:0, val:
05-28 15:37:38.568 D/XM_HIDREAD( 2292): poll ret=1, event=1
05-28 15:37:38.568 D/XM_HIDREAD( 2292): [9 bytes]:01 00 00 29 00 00 00 00 00
05-28 15:37:38.575 I/SogouIME( 3119): onKeyDown: keyoCode=4
05-28 15:37:38.575 I/DefaultIMS( 3119): onKeyDown: keyoCode=4
05-28 15:37:38.581 D/VRI[DreamActivity](14565): changeCanvasOpacity: opaque=false
05-28 15:37:38.582 W/ProcessStats( 742): Tracking association SourceState{6b8f34f com.dangbei.leard.leradlauncher/1000 BTop #1471} whose proc state 2 is better than process ProcessState{7da6cab com.android.webview:webview_service/10051 pkg=com.android.webview} proc state 15 (3 skipped)
05-28 15:37:38.584 V/WindowManagerShell( 1176): Transition requested: android.os.BinderProxy@de69636 TransitionRequestInfo { type = 3, triggerTask = null, remoteTransition = null, displayChange = null, flags = 0 }
05-28 15:37:38.589 I/BpBinder( 263): onLastStrongRef automatically unlinking death recipients:
05-28 15:37:38.598 I/DreamManagerService( 742): Gently waking up from dream.
05-28 15:37:38.599 D/VRI[DreamActivity](14565): changeCanvasOpacity: opaque=false
05-28 15:37:38.607 V/WindowManager( 742): app ------------- force_land :0
05-28 15:37:38.615 E/OpenGLRenderer( 2316): Unable to match the desired swap behavior.
05-28 15:37:38.617 V/WindowManager( 742): app ------------- force_land :0
05-28 15:37:38.618 W/SQLiteLog(14565): (28) double-quoted string literal: "CoRiVtHO8PPeJXI+AJ2NqU/c0vnHXeMu+dXMEKnRnnG1hj732m0rJzo6+F5Rx2eQW6LqVpeuv6oU
05-28 15:37:38.618 W/SQLiteLog(14565): mDHjYLTT2kNFzv8DWWr9H57uB2MjoIwT3m4G3ZyDgvys/C9bukPk1JThC4B2IEYU5IE+KDW5O2GU
05-28 15:37:38.618 W/SQLiteLog(14565): ltEXBtrvtrBA/raGwuiF6ala
05-28 15:37:38.618 W/SQLiteLog(14565): (28) double-quoted string literal: "388CE1FFB57C2C84F2B8297523F53228"
05-28 15:37:38.658 I/SogouIME( 3119): onKeyUp: keyoCode=4
05-28 15:37:38.658 I/DefaultIMS( 3119): onKeyUp: keyoCode=4
05-28 15:37:38.662 I/hq ( 2316): 当小贝:::showMessage from=mActivityLifecycleCallbacks
05-28 15:37:38.663 I/hq ( 2316): 当小贝:::showMessage 没有消息需要显示
05-28 15:37:38.671 W/VRI[DreamActivity](14565): Cancelling event (no window focus):KeyEvent { action=ACTION_UP, keyCode=KEYCODE_BACK, scanCode=1, metaState=0, flags=0x28, repeatCount=0, eventTime=5129123651569, downTime=5129035360000, deviceId=10, source=0x301, displayId=-1 }
05-28 15:37:38.672 W/VRI[DreamActivity](14565): Cancelling event (no window focus):KeyEvent { action=ACTION_UP, keyCode=KEYCODE_BACK, scanCode=1, metaState=0, flags=0x28, repeatCount=0, eventTime=5129123651569, downTime=5129035360000, deviceId=10, source=0x301, displayId=-1 }
05-28 15:37:38.673 W/VRI[DreamActivity](14565): Cancelling event (no window focus):KeyEvent { action=ACTION_UP, keyCode=KEYCODE_BACK, scanCode=1, metaState=0, flags=0x28, repeatCount=0, eventTime=5129123651569, downTime=5129035360000, deviceId=10, source=0x301, displayId=-1 }
05-28 15:37:38.675 V/WindowManagerShell( 1176): onTransitionReady android.os.BinderProxy@de69636: {id=48 t=TO_FRONT f=0x0 trk=0 r=[0@Point(0, 0)] c=[{WCT{android.window.IWindowContainerToken$Stub$Proxy@7ddfc2} m=TO_BACK f=TRANSLUCENT leash=Surface(name=Task=29)/@0xb69937 sb=Rect(0, 0 - 1920, 1080) eb=Rect(0, 0 - 1920, 1080) d=0},{WCT{android.window.IWindowContainerToken$Stub$Proxy@1d191d3} m=TO_FRONT f=NONE leash=Surface(name=Task=1)/@0x7f82ea4 sb=Rect(0, 0 - 1920, 1080) eb=Rect(0, 0 - 1920, 1080) d=0}]}
05-28 15:37:38.675 V/WindowManagerShell( 1176): Playing animation for (#48)android.os.BinderProxy@de69636@0
05-28 15:37:38.675 V/WindowManagerShell( 1176): try handler com.android.wm.shell.keyguard.KeyguardTransitionHandler@d57b599
05-28 15:37:38.676 V/WindowManagerShell( 1176): try handler com.android.wm.shell.pip.tv.TvPipTransition@503205e
05-28 15:37:38.676 V/WindowManagerShell( 1176): try handler com.android.wm.shell.activityembedding.ActivityEmbeddingController@ce59c3f
05-28 15:37:38.676 V/WindowManagerShell( 1176): try handler com.android.wm.shell.transition.RemoteTransitionHandler@b18e90c
05-28 15:37:38.676 V/WindowManagerShell( 1176): Transition doesn't have explicit remote, search filters for match for {id=48 t=TO_FRONT f=0x0 trk=0 r=[0@Point(0, 0)] c=[{WCT{android.window.IWindowContainerToken$Stub$Proxy@7ddfc2} m=TO_BACK f=TRANSLUCENT leash=Surface(name=Task=29)/@0xb69937 sb=Rect(0, 0 - 1920, 1080) eb=Rect(0, 0 - 1920, 1080) d=0},{WCT{android.window.IWindowContainerToken$Stub$Proxy@1d191d3} m=TO_FRONT f=NONE leash=Surface(name=Task=1)/@0x7f82ea4 sb=Rect(0, 0 - 1920, 1080) eb=Rect(0, 0 - 1920, 1080) d=0}]}
05-28 15:37:38.676 V/WindowManagerShell( 1176): Delegate animation for #48 to null
05-28 15:37:38.676 V/WindowManagerShell( 1176): try handler com.android.wm.shell.transition.DefaultTransitionHandler@be51255
05-28 15:37:38.676 V/WindowManagerShell( 1176): start default transition animation, info = {id=48 t=TO_FRONT f=0x0 trk=0 r=[0@Point(0, 0)] c=[{WCT{android.window.IWindowContainerToken$Stub$Proxy@7ddfc2} m=TO_BACK f=TRANSLUCENT leash=Surface(name=Task=29)/@0xb69937 sb=Rect(0, 0 - 1920, 1080) eb=Rect(0, 0 - 1920, 1080) d=0},{WCT{android.window.IWindowContainerToken$Stub$Proxy@1d191d3} m=TO_FRONT f=NONE leash=Surface(name=Task=1)/@0x7f82ea4 sb=Rect(0, 0 - 1920, 1080) eb=Rect(0, 0 - 1920, 1080) d=0}]}
05-28 15:37:38.676 V/WindowManagerShell( 1176): loadAnimation: anim=null animAttr=0x0 type=TO_FRONT isEntrance=true
05-28 15:37:38.676 V/WindowManagerShell( 1176): loadAnimation: anim=null animAttr=0x0 type=TO_FRONT isEntrance=false
05-28 15:37:38.677 V/WindowManager( 742): Sent Transition #48 createdAt=05-28 15:37:38.576 via request=TransitionRequestInfo { type = 3, triggerTask = null, remoteTransition = null, displayChange = null, flags = 0 }
05-28 15:37:38.677 V/WindowManagerShell( 1176): Transition animation finished (aborted=false), notifying core (#48)android.os.BinderProxy@de69636@0
05-28 15:37:38.678 V/WindowManager( 742): startWCT=WindowContainerTransaction { changes = {} hops = [] errorCallbackToken=null taskFragmentOrganizer=null }
05-28 15:37:38.678 V/WindowManager( 742): info={id=48 t=TO_FRONT f=0x0 trk=0 r=[0@Point(0, 0)] c=[{WCT{RemoteToken{eba4f1f Task{3401c61 #29 type=dream}}} m=TO_BACK f=TRANSLUCENT leash=Surface(name=Task=29)/@0xcf9172 sb=Rect(0, 0 - 1920, 1080) eb=Rect(0, 0 - 1920, 1080) d=0},{WCT{RemoteToken{44ca422 Task{a327710 #1 type=home}}} m=TO_FRONT f=NONE leash=Surface(name=Task=1)/@0xd12e164 sb=Rect(0, 0 - 1920, 1080) eb=Rect(0, 0 - 1920, 1080) d=0}]}
05-28 15:37:38.680 V/WindowManager( 742): Finish Transition #48: created at
05-28 15:37:38.576 collect-started=0.259ms request-sent=4.061ms started=8.739ms ready=42.081ms sent=95.639ms finished=102.838ms
05-28 15:37:38.682 V/WindowManagerShell( 1176): Track 0 became idle
05-28 15:37:38.682 V/WindowManagerShell( 1176): All active transition animations finished
05-28 15:37:38.682 V/WindowManagerShell( 1176): animated by com.android.wm.shell.transition.DefaultTransitionHandler@be51255
05-28 15:37:38.682 V/WindowManagerShell( 1176): Track 0 became idle
05-28 15:37:38.682 V/WindowManagerShell( 1176): All active transition animations finished
05-28 15:37:38.682 I/PowerGroup( 742): Waking up power group from Dreaming (groupId=0, uid=1000, reason=WAKE_REASON_DREAM_FINISHED, details=android.server.power:DREAM_FINISHED)...
05-28 15:37:38.683 I/PowerManagerService( 742): Waking up from Dreaming (uid=1000, reason=WAKE_REASON_DREAM_FINISHED, details=android.server.power:DREAM_FINISHED)...
05-28 15:37:38.684 E/ActivityManager( 742): Cancel pending or running compactions as system is awake
05-28 15:37:38.688 D/XM_HIDREAD( 2292): poll ret=1, event=1
05-28 15:37:38.688 D/XM_HIDREAD( 2292): [9 bytes]:01 00 00 00 00 00 00 00 00
05-28 15:37:38.691 W/InputDispatcher( 742): Waiting because no window has focus but ActivityRecord{b37cedd u0 com.dangbei.leard.leradlauncher/com.dangbei.launcher.home.LauncherActivity t4} may eventually add a window when it finishes starting up. Will wait for 5000ms
05-28 15:37:38.696 I/DreamManagerService( 742): Leaving dreamland.
05-28 15:37:38.697 W/rad.screensaver(14565): Accessing hidden field Landroid/view/inputmethod/InputMethodManager;->mCurRootView:Landroid/view/ViewRootImpl; (blocked, reflection, denied)
05-28 15:37:38.698 W/rad.screensaver(14565): Accessing hidden field Landroid/view/inputmethod/InputMethodManager;->mServedView:Landroid/view/View; (blocked, reflection, denied)
05-28 15:37:38.698 W/rad.screensaver(14565): Accessing hidden field Landroid/view/inputmethod/InputMethodManager;->mNextServedView:Landroid/view/View; (blocked, reflection, denied)
05-28 15:37:38.699 W/WindowOnBackDispatcher(14565): sendCancelIfRunning: isInProgress=falsecallback=android.view.ViewRootImpl$$ExternalSyntheticLambda17@51d314e
05-28 15:37:38.700 I/void PlayerProxy::pause(long, bool)(14565): start pause
05-28 15:37:38.700 D/void BufferControl::stopBuffer()(14565): stop buffer
05-28 15:37:38.700 I/virtual void IDecoder::pause(bool, bool)(14565): pause success: 1
05-28 15:37:38.700 I/void Player::setState(PLAYER_STATE)(14565): state changed newState: 4 oldState: 3
05-28 15:37:38.700 D/LeradPlayer(14565): player newState: 4 oldState: 3
05-28 15:37:38.701 I/void Player::pause(bool, bool)(14565): pause success: 1
05-28 15:37:38.702 I/void PlayerProxy::abortRequest(long)(14565): abortRequest
05-28 15:37:38.702 I/void PlayerProxy::release(long)(14565): start release
05-28 15:37:38.702 D/void Thread::stop()(14565): Thread-MediaDecoder start stop
05-28 15:37:38.703 I/DreamController( 742): Stopping dream: name=ComponentInfo{com.dangbei.lerad.screensaver/com.dangbei.lerad.screensaver.service.ScreenSaverService}, isPreviewMode=false, canDoze=false, userId=0, reason='finished self'(from 'finished self')
05-28 15:37:38.703 I/ImeTracker( 742): com.dangbei.leard.leradlauncher:17ab36: onRequestHide at ORIGIN_SERVER_HIDE_INPUT reason HIDE_ALWAYS_HIDDEN_STATE
05-28 15:37:38.703 D/CoreBackPreview( 742): Window{48ae23c u0 com.dangbei.lerad.screensaver/android.service.dreams.DreamActivity}: Setting back callback null
05-28 15:37:38.703 I/ImeTracker( 742): com.dangbei.leard.leradlauncher:17ab36: onCancelled at PHASE_SERVER_SHOULD_HIDE
05-28 15:37:38.706 W/SQLiteLog( 2316): (28) double-quoted string literal: "UjftmJwNeB//pVBx7mhtESJrYHimsmzUlY1ye4oj07BFOQH4sPKHGjWOh4HjWyGzmmok1GLJjnXf
05-28 15:37:38.706 W/SQLiteLog( 2316): trBAruSjuA==
05-28 15:37:38.706 W/SQLiteLog( 2316): "
05-28 15:37:38.706 W/SQLiteLog( 2316): (28) double-quoted string literal: "20E06BC65E58D73CB4745AFFEF0F95CB"
05-28 15:37:38.706 I/SogouIME( 3119): onKeyUp: keyoCode=4
05-28 15:37:38.706 I/DefaultIMS( 3119): onKeyUp: keyoCode=4
05-28 15:37:38.707 W/SQLiteLog( 2316): (28) double-quoted string literal: "1748417776131"
05-28 15:37:38.707 W/SQLiteLog( 2316): (28) double-quoted string literal: "20E06BC65E58D73CB4745AFFEF0F95CB"
05-28 15:37:38.708 E/SecondScreen( 2316): FirstScreenLayoutView dispatchKeyEvent 4
05-28 15:37:38.710 I/DefaultIMS( 3119): onStartInput attribute=android.view.inputmethod.EditorInfo@553ef3f restarting=false inputType: 0
05-28 15:37:38.711 D/TrafficStats( 2316): tagSocket(124) with statsTag=0xffffffff, statsUid=-1
05-28 15:37:38.712 E/BufferQueueProducer(14565): [SurfaceTexture-0-14565-0](id:38e500000001,api:3,p:14565,c:14565) dequeueBuffer: BufferQueue has been abandoned
05-28 15:37:38.712 D/C2BqBuffer( 527): cannot dequeue buffer -19
05-28 15:37:38.715 W/ContextImpl( 742): Calling a method in the system process without a qualified user: android.app.ContextImpl.startService:1899 com.android.server.wm.DisplayPolicy.lambda$focusChangedLw$5:2126 com.android.server.wm.DisplayPolicy.$r8$lambda$Znxk63oh-WzVnzo_WQefN7uxV48:0 com.android.server.wm.DisplayPolicy$$ExternalSyntheticLambda13.run:0 android.os.Handler.handleCallback:958
05-28 15:37:38.716 D/aaa ( 2151): ScreenSaver is stop !!!!
05-28 15:37:38.718 D/aaa ( 2151): LedStatusService onStartCommand begin
05-28 15:37:38.720 D/WindowManagerShell( 1176): TvPipController: onTaskStackChanged()
05-28 15:37:38.724 D/TrafficStats( 2316): tagSocket(120) with statsTag=0xffffffff, statsUid=-1
05-28 15:37:38.726 I/void JavaCallback::JNIDetachThread()(14565): detach thread
05-28 15:37:38.726 I/void MediaDecoder::render()(14565): stop 2
05-28 15:37:38.726 I/void JavaCallback::JNIDetachThread()(14565): detach thread
05-28 15:37:38.726 I/virtual void MediaDecoder::run()(14565): stop 2
05-28 15:37:38.727 W/SQLiteLog( 2316): (28) double-quoted string literal: "1748417776131"
05-28 15:37:38.727 W/SQLiteLog( 2316): (28) double-quoted string literal: "0"
05-28 15:37:38.727 W/SQLiteLog( 2316): (28) double-quoted string literal: ""
05-28 15:37:38.727 W/SQLiteLog( 2316): (28) double-quoted string literal: ""
05-28 15:37:38.727 W/SQLiteLog( 2316): (28) double-quoted string literal: "20E06BC65E58D73CB4745AFFEF0F95CB"
05-28 15:37:38.729 D/void Thread::stop()(14565): Thread-MediaDecoder stop success
05-28 15:37:38.729 D/void Thread::stop()(14565): Thread-FFDemuxer start stop
05-28 15:37:38.729 I/void JavaCallback::JNIDetachThread()(14565): detach thread
05-28 15:37:38.729 I/virtual void IDemuxer::run()(14565): stop
05-28 15:37:38.730 D/aaa ( 2151): topPkg is -------------- :com.dangbei.leard.leradlauncher
05-28 15:37:38.733 D/aaa ( 2151): WiFi is connect
05-28 15:37:38.739 D/void Thread::stop()(14565): Thread-FFDemuxer stop success
05-28 15:37:38.739 D/void Thread::stop()(14565): Thread-Player start stop
05-28 15:37:38.735 I/init (14873): type=1400 audit(0.0:3306): avc: denied { execute_no_trans } for path="/vendor/bin/led_switch.sh" dev="dm-11" ino=331701 scontext=u:r:init:s0 tcontext=u:object_r:vendor_file:s0 tclass=file permissive=1
05-28 15:37:38.743 I/void JavaCallback::JNIDetachThread()(14565): detach thread
05-28 15:37:38.743 I/virtual void Player::run()(14565): stop
05-28 15:37:38.749 E/BufferQueueProducer(14565): [SurfaceTexture-0-14565-0](id:38e500000001,api:3,p:14565,c:14565) dequeueBuffer: BufferQueue has been abandoned
05-28 15:37:38.749 D/C2BqBuffer( 527): cannot dequeue buffer -19
05-28 15:37:38.749 D/void Thread::stop()(14565): Thread-Player stop success
05-28 15:37:38.749 I/virtual void IDemuxer::clear()(14565): clear success
05-28 15:37:38.763 I/virtual void IDecoder::clear(bool)(14565): clear success 2 serial: 1
05-28 15:37:38.763 I/virtual void MediaDecoder::clear(bool)(14565): clear success 2
05-28 15:37:38.763 I/virtual void FFDemuxer::close()(14565): start
05-28 15:37:38.763 I/virtual void FFDemuxer::close()(14565): close success
