05-28 15:40:34.380 I/audio_hw_hal_primary( 509): already standby, do nothing
05-28 15:40:34.381 I/audio_hw_hal_profile( 509): [out_get_parameters:2089] out:0xeed00e70 query sample rate. Format:PCM_16_BIT(0x1) ++++++++++ hal_format:PCM_16_BIT
05-28 15:40:34.381 D/audio_hw_hal_profile( 509): get_hdmi_sink_cap_new is running...
05-28 15:40:34.381 D/audio_hw_hal_profile( 509): [get_hdmi_sink_cap_new:960] query hdmi sample_rate... format: PCM_16_BIT(0x1)
05-28 15:40:34.381 I/audio_hw_hal_profile( 509): get_hdmi_sink_cap_new format =0x1 support rate =sup_sampling_rates=32000|44100|48000
05-28 15:40:34.381 I/audio_hw_hal_profile( 509): [out_get_parameters:2165] sup_sampling_rates=32000|44100|48000
05-28 15:40:34.382 I/audio_hw_hal_profile( 509): [out_get_parameters:2092] out:0xeed00e70 query channels. Format:PCM_16_BIT(0x1) ++++++++++ hal_format:PCM_16_BIT
05-28 15:40:34.382 D/audio_hw_hal_profile( 509): get_hdmi_sink_cap_new is running...
05-28 15:40:34.382 D/audio_hw_hal_profile( 509): [get_hdmi_sink_cap_new:887] query hdmi channels... format: PCM_16_BIT(0x1)
05-28 15:40:34.382 I/audio_hw_hal_profile( 509): [out_get_parameters:2165] sup_channels=AUDIO_CHANNEL_OUT_STEREO|AUDIO_CHANNEL_OUT_5POINT1|AUDIO_CHANNEL_OUT_7POINT1
05-28 15:40:34.382 I/audio_hw_hal_profile( 509): [out_get_parameters:2089] out:0xeed00e70 query sample rate. Format:IEC61937(0xd000000) ++++++++++ hal_format:PCM_16_BIT
05-28 15:40:34.382 D/audio_hw_hal_profile( 509): get_hdmi_sink_cap_new is running...
05-28 15:40:34.382 D/audio_hw_hal_profile( 509): [get_hdmi_sink_cap_new:960] query hdmi sample_rate... format: IEC61937(0xd000000)
05-28 15:40:34.382 I/audio_hw_hal_profile( 509): [out_get_parameters:2165] sup_sampling_rates=8000|11025|16000|22050|24000|32000|44100|48000|128000|176400|192000
05-28 15:40:34.383 I/audio_hw_hal_profile( 509): [out_get_parameters:2092] out:0xeed00e70 query channels. Format:IEC61937(0xd000000) ++++++++++ hal_format:PCM_16_BIT
05-28 15:40:34.383 D/audio_hw_hal_profile( 509): get_hdmi_sink_cap_new is running...
05-28 15:40:34.383 D/audio_hw_hal_profile( 509): [get_hdmi_sink_cap_new:887] query hdmi channels... format: IEC61937(0xd000000)
05-28 15:40:34.383 I/audio_hw_hal_profile( 509): [out_get_parameters:2165] sup_channels=AUDIO_CHANNEL_OUT_MONO|AUDIO_CHANNEL_OUT_STEREO|AUDIO_CHANNEL_OUT_TRI|AUDIO_CHANNEL_OUT_TRI_BACK|AUDIO_CHANNEL_OUT_3POINT1|AUDIO_CHANNEL_OUT_QUAD|AUDIO_CHANNEL_OUT_SURROUND|AUDIO_CHANNEL_OUT_PENTA|AUDIO_CHANNEL_OUT_5POINT1|AUDIO_CHANNEL_OUT_7POINT1
05-28 15:40:34.384 D/audio_hw_hal_primary( 509): [out_dump:848] io 869: out:0xeed00e70, fd:27
05-28 15:40:34.384 W/IPCThreadState( 594): Sending oneway calls to frozen process.
05-28 15:40:34.385 D/audio_hw_hal_primary( 509): [out_set_parameters:971] out:0xeed00e70 kvpairs:closing=true;exiting=1 out->out_device:0x400, adev->out_device:0x80002
05-28 15:40:34.385 E/audio_hw_hal_primary( 509): out_set_parameters, ret:-2, hw_sync_mode:is false
05-28 15:40:34.386 D/AudioFlinger( 594): ro.audio.silent is ignored since no output device is set
05-28 15:40:34.386 I/audio_hw_hal_primary( 509): [out_set_event_callback:3158] io 869: out:0xeed00e70, callback:0xf0dfc91d cookie:0xf14c0d30
05-28 15:40:34.386 I/audio_hw_hal_primary( 509): [adev_close_output_stream_new:8052] io handle 869: out:0xeed00e70
05-28 15:40:34.386 D/audio_hw_hal_primary( 509): adev_close_output_stream_new: enter usecase = PCM_DIRECT
05-28 15:40:34.386 I/audio_hw_hal_primary( 509): [adev_close_output_stream:3695] io 869: out:0xeed00e70 dev:OUT_HDMI(0x400) flags:0x1, usecase:PCM_DIRECT
05-28 15:40:34.386 D/audio_hw_hal_primary( 509): [out_standby_new:5767] io 869: out:0xeed00e70 usecase:PCM_DIRECT
05-28 15:40:34.386 I/audio_hw_hal_primary( 509): already standby, do nothing
05-28 15:40:34.386 I/audio_hw_hal_resourcemgr( 509): [is_output_device_muted:710] device:0x2 port_mute:0, fade_mute:0
05-28 15:40:34.386 I/audio_hw_hal_primary( 509): [adev_close_output_stream:3863] io 869: out:0xeed00e70 exit ------
05-28 15:40:34.387 I/AudioFlinger( 594): openOutput() this 0xf2b07600, module 10 Device AUDIO_DEVICE_OUT_HDMI, @:, SamplingRate 8000, Format 0xd000000, Channels 0x1, flags 0x1
05-28 15:40:34.387 D/audio_hw_hal_primary( 509): [adev_open_output_stream_new:7868] enter: dev=0xeedc14a0 handle=36d devices=0x400/'HDMI,' flags=0x401/'DIRECT,IEC958_NONAUDIO,' config=(rt=8000 ch_mask=0x1 fmt=0xd000000) address=''
05-28 15:40:34.388 D/audio_hw_hal_primary( 509): adev_open_output_stream_new: enter
05-28 15:40:34.388 I/audio_hw_hal_primary( 509): [adev_open_output_stream:3285] io 877: out:0xeed00e70 dev:OUT_HDMI(0x400) addr:
05-28 15:40:34.388 I/audio_hw_hal_primary( 509): [adev_open_output_stream:3287] ch_mask:0x1 rate:8000 format:IEC61937(0xd000000) flags:0x401
05-28 15:40:34.388 D/audio_hw_hal_primary( 509): [adev_open_output_stream:3381] current format is IEC61937
05-28 15:40:34.388 I/audio_hw_hal_primary( 509): [adev_open_output_stream:3610] result profile ch_mask:0x1 rate:8000 format:IEC61937(0xd000000) usecase:RAW_DIRECT
05-28 15:40:34.388 I/audio_hw_hal_utils( 509): aml_get_stream_dump_file_name line 2929 file_name /data/vendor/audiohal/stream_pid509_tid599.pcm
05-28 15:40:34.388 I/audio_hw_hal_primary( 509): [adev_open_output_stream_new:8037] io 877: out: 0xeed00e70 card:0 alsa devices:0 exit ------
05-28 15:40:34.389 I/audio_hw_hal_primary( 509): [out_get_buffer_size:552] out:0xeed00e70 config.rate=8000, format:IEC61937(0xd000000), stream format:IEC61937(0xd000000)
05-28 15:40:34.389 I/audio_hw_hal_primary( 509): out_get_buffer_size AUDIO_FORMAT_IEC61937 buffer size = 4096 frames
05-28 15:40:34.389 I/AudioFlinger( 594): HAL output buffer size 2048 frames, normal sink buffer size 2048 frames
05-28 15:40:34.389 I/audio_hw_hal_primary( 509): [audiohal_get_latency:1333] io 877: out:0xeed00e70 frames:1152 rate:8000 whole_latency:144 alsa_latency:144
05-28 15:40:34.389 I/audio_hw_hal_primary( 509): [out_set_event_callback:3158] io 877: out:0xeed00e70, callback:0xf0dfc91d cookie:0xf14c1150
05-28 15:40:34.390 I/AudioFlinger( 594): AudioFlinger's thread 0xecf10250 tid=15184 ready to run
05-28 15:40:34.390 I/audio_hw_hal_primary( 509): [audiohal_get_latency:1333] io 877: out:0xeed00e70 frames:1152 rate:8000 whole_latency:144 alsa_latency:144
05-28 15:40:34.390 I/audio_hw_hal_primary( 509): [audiohal_get_latency:1333] io 877: out:0xeed00e70 frames:1152 rate:8000 whole_latency:144 alsa_latency:144
05-28 15:40:34.390 W/IPCThreadState( 594): Sending oneway calls to frozen process.
05-28 15:40:34.391 D/AudioFlinger( 594): ro.audio.silent is ignored since no output device is set
05-28 15:40:34.391 D/audio_hw_hal_primary( 509): [out_standby_new:5767] io 877: out:0xeed00e70 usecase:RAW_DIRECT
05-28 15:40:34.391 I/audio_hw_hal_primary( 509): already standby, do nothing
05-28 15:40:34.392 D/AudioFlinger( 594): ro.audio.silent is ignored since no output device is set
05-28 15:40:34.396 I/audio_hw_hal_primary( 509): [adev_uevent_callback:9131] uevent type=0
05-28 15:40:34.396 I/SystemControl( 343): [/UEventObserver.cpp, HDMITxUenventThreadLoop, 451] HDMI TX switch_name:hdmitx_vmode_audio, switch_state: 1
05-28 15:40:34.397 I/audio_hw_hal_alsamgr( 509): raw to lpcm switch aml_alsa_output_write
05-28 15:40:34.401 I/SystemControl( 343): [/UEventObserver.cpp, HDMITxUenventThreadLoop, 451] HDMI TX switch_name:hdmitx_current_status, switch_state: 97
05-28 15:40:34.401 I/SystemControl( 343): [/UEventObserver.cpp, HDMITxUenventThreadLoop, 451] HDMI TX switch_name:hdmitx_current_status, switch_state: 98
05-28 15:40:34.411 D/xm_audio( 509): adev_get_parameters
05-28 15:40:34.414 I/SystemControl( 343): [/UEventObserver.cpp, HDMITxUenventThreadLoop, 451] HDMI TX switch_name:hdmitx_current_status, switch_state: 99
05-28 15:40:34.416 I/audio_hw_hal_ms12v2( 509): dolby_ms12_threadloop alsa is not running
05-28 15:40:34.416 I/audio_hw_hal_ms12v2( 509): dolby_ms12_threadloop alsa is not running
05-28 15:40:34.416 I/audio_hw_hal_ms12v2( 509): dolby_ms12_threadloop alsa is not running
05-28 15:40:34.417 I/audio_hw_hal_ms12v2( 509): dolby_ms12_threadloop alsa is not running
05-28 15:40:34.417 I/audio_hw_hal_alsamgr( 509): aml_alsa_output_write alsa_running_status[0xeed05650] change from 0 to 1
05-28 15:40:34.418 D/audio_hw_hal_primary( 509): [out_dump:848] io 805: out:0xeed07a40, fd:27
05-28 15:40:34.419 W/IPCThreadState( 594): Sending oneway calls to frozen process.
05-28 15:40:34.420 D/audio_hw_hal_primary( 509): [out_set_parameters:971] out:0xeed07a40 kvpairs:closing=true;exiting=1 out->out_device:0x400, adev->out_device:0x80002
05-28 15:40:34.420 E/audio_hw_hal_primary( 509): out_set_parameters, ret:-2, hw_sync_mode:is false
05-28 15:40:34.420 I/audio_hw_hal_primary( 509): [out_set_event_callback:3158] io 805: out:0xeed07a40, callback:0xf0dfc91d cookie:0xf14c1030
05-28 15:40:34.420 I/audio_hw_hal_primary( 509): [adev_close_output_stream_new:8052] io handle 805: out:0xeed07a40
05-28 15:40:34.421 D/audio_hw_hal_primary( 509): adev_close_output_stream_new: enter usecase = RAW_DIRECT
05-28 15:40:34.421 I/audio_hw_hal_primary( 509): [adev_close_output_stream:3695] io 805: out:0xeed07a40 dev:OUT_HDMI(0x400) flags:0x11, usecase:RAW_DIRECT
05-28 15:40:34.421 D/audio_hw_hal_primary( 509): [out_standby_new:5767] io 805: out:0xeed07a40 usecase:RAW_DIRECT
05-28 15:40:34.421 I/audio_hw_hal_primary( 509): already standby, do nothing
05-28 15:40:34.421 I/audio_hw_hal_resourcemgr( 509): [is_output_device_muted:710] device:0x2 port_mute:0, fade_mute:0
05-28 15:40:34.421 I/audio_hw_hal_primary( 509): [adev_close_output_stream:3863] io 805: out:0xeed07a40 exit ------
05-28 15:40:34.422 D/hdmicecd( 532): [CEC]:printCecMessage, [4 -> 4] len: 0, body:, result:no ack
05-28 15:40:34.422 D/audio_hw_hal_primary( 509): [out_dump:848] io 813: out:0xeed0dee0, fd:27
05-28 15:40:34.422 D/HDMI ( 742): New logical address for device [4]: [preferred:4, assigned:4]
05-28 15:40:34.423 D/hdmicecd( 532): [HdmiCecControl]:getPhysicalAddress, physical addr: 1000, last pa: 1000, ret = 0
05-28 15:40:34.423 W/IPCThreadState( 594): Sending oneway calls to frozen process.
05-28 15:40:34.423 D/hdmicecd( 532): [HdmiCecControl]:getPhysicalAddress, physical addr: 1000, last pa: 1000, ret = 0
05-28 15:40:34.423 D/audio_hw_hal_primary( 509): [out_set_parameters:971] out:0xeed0dee0 kvpairs:closing=true;exiting=1 out->out_device:0x400, adev->out_device:0x80002
05-28 15:40:34.423 E/audio_hw_hal_primary( 509): out_set_parameters, ret:-2, hw_sync_mode:is false
05-28 15:40:34.424 D/AudioFlinger( 594): ro.audio.silent is ignored since no output device is set
05-28 15:40:34.424 D/hdmicecd( 532): [HdmiCecControl]:getPhysicalAddress, physical addr: 1000, last pa: 1000, ret = 0
05-28 15:40:34.424 I/audio_hw_hal_primary( 509): [out_set_event_callback:3158] io 813: out:0xeed0dee0, callback:0xf0dfc91d cookie:0xf14c0130
05-28 15:40:34.425 D/hdmicecd( 532): [HdmiCecControl]:getVendorId, vendorId: 0x1CA410
05-28 15:40:34.425 I/audio_hw_hal_primary( 509): [adev_close_output_stream_new:8052] io handle 813: out:0xeed0dee0
05-28 15:40:34.425 D/audio_hw_hal_primary( 509): adev_close_output_stream_new: enter usecase = PCM_HWSYNC
05-28 15:40:34.425 D/audio_hw_hal_timer( 509): func:audio_timer_delete delete timer.1 success.
05-28 15:40:34.425 D/audio_hw_hal_timer( 509): func:audio_timer_delete delete timer.2 success.
05-28 15:40:34.425 D/audio_hw_hal_primary( 509): [adev_close_output_stream_new:8076] timer_id:1 ret:2
05-28 15:40:34.425 I/audio_hw_hal_primary( 509): [adev_close_output_stream:3695] io 813: out:0xeed0dee0 dev:OUT_HDMI(0x400) flags:0x41, usecase:PCM_HWSYNC
05-28 15:40:34.425 D/audio_hw_hal_primary( 509): [out_standby_new:5767] io 813: out:0xeed0dee0 usecase:PCM_HWSYNC
05-28 15:40:34.425 I/audio_hw_hal_primary( 509): already standby, do nothing
05-28 15:40:34.425 I/audio_hw_hal_resourcemgr( 509): [is_output_device_muted:710] device:0x2 port_mute:0, fade_mute:0
05-28 15:40:34.425 I/audio_hw_hal_primary( 509): [adev_close_output_stream:3863] io 813: out:0xeed0dee0 exit ------
05-28 15:40:34.425 D/hdmicecd( 532): [HdmiCecControl]:getPhysicalAddress, physical addr: 1000, last pa: 1000, ret = 0
05-28 15:40:34.426 D/HDMI ( 742): addCecDevice new:CEC: logical_address: 0x04 device_type: 4 cec_version: 5 vendor_id: 1877008 display_name: DBBOX-A3 power_status: 0 physical_address: 0x1000 port_id: 0 old:null
05-28 15:40:34.426 I/hdmicecd( 532): [HdmiCecControl]:addr:4, allocate result:0
05-28 15:40:34.427 D/audio_hw_hal_primary( 509): [out_dump:848] io 821: out:0xeed04f20, fd:27
05-28 15:40:34.429 W/IPCThreadState( 594): Sending oneway calls to frozen process.
05-28 15:40:34.429 D/audio_hw_hal_primary( 509): [out_set_parameters:971] out:0xeed04f20 kvpairs:closing=true;exiting=1 out->out_device:0x400, adev->out_device:0x80002
05-28 15:40:34.430 E/audio_hw_hal_primary( 509): out_set_parameters, ret:-2, hw_sync_mode:is false
05-28 15:40:34.430 V/MesonDisplayServer( 289): GetDisplayMode:1080p60hz
05-28 15:40:34.431 D/AudioFlinger( 594): ro.audio.silent is ignored since no output device is set
05-28 15:40:34.431 I/audio_hw_hal_primary( 509): [out_set_event_callback:3158] io 821: out:0xeed04f20, callback:0xf0dfc91d cookie:0xf14c18d0
05-28 15:40:34.432 I/audio_hw_hal_primary( 509): [adev_close_output_stream_new:8052] io handle 821: out:0xeed04f20
05-28 15:40:34.432 D/audio_hw_hal_primary( 509): adev_close_output_stream_new: enter usecase = RAW_DIRECT
05-28 15:40:34.432 I/audio_hw_hal_primary( 509): [adev_close_output_stream:3695] io 821: out:0xeed04f20 dev:OUT_HDMI(0x400) flags:0x1, usecase:RAW_DIRECT
05-28 15:40:34.432 D/audio_hw_hal_primary( 509): [out_standby_new:5767] io 821: out:0xeed04f20 usecase:RAW_DIRECT
05-28 15:40:34.432 I/audio_hw_hal_primary( 509): already standby, do nothing
05-28 15:40:34.432 I/audio_hw_hal_resourcemgr( 509): [is_output_device_muted:710] device:0x2 port_mute:0, fade_mute:0
05-28 15:40:34.432 I/audio_hw_hal_primary( 509): [adev_close_output_stream:3863] io 821: out:0xeed04f20 exit ------
05-28 15:40:34.434 D/audio_hw_hal_primary( 509): [out_dump:848] io 829: out:0xeed00740, fd:27
05-28 15:40:34.435 W/IPCThreadState( 594): Sending oneway calls to frozen process.
05-28 15:40:34.435 D/hdmicecd( 532): [HdmiCecControl]:onAddressAllocated:4
05-28 15:40:34.435 D/audio_hw_hal_primary( 509): [out_set_parameters:971] out:0xeed00740 kvpairs:closing=true;exiting=1 out->out_device:0x400, adev->out_device:0x80002
05-28 15:40:34.435 E/audio_hw_hal_primary( 509): out_set_parameters, ret:-2, hw_sync_mode:is false
05-28 15:40:34.436 D/HDMI ( 742): onAddressAllocated address:4 reason:4
05-28 15:40:34.436 D/hdmicecd( 532): [HdmiCecControl]:getPhysicalAddress, physical addr: 1000, last pa: 1000, ret = 0
05-28 15:40:34.436 I/audio_hw_hal_primary( 509): [out_set_event_callback:3158] io 829: out:0xeed00740, callback:0xf0dfc91d cookie:0xf14c17b0
05-28 15:40:34.437 I/SystemControl( 343): [/Ubootenv.cpp, get, 336] [ubootenv] get key:1080p_x envValue: 0
05-28 15:40:34.437 D/hdmicecd( 532): [HdmiCecControl]:getVendorId, vendorId: 0x1CA410
05-28 15:40:34.437 I/SystemControl( 343): [/Ubootenv.cpp, get, 336] [ubootenv] get key:1080p_y envValue: 0
05-28 15:40:34.438 D/hdmicecd( 532): [HdmiCecControl]:getPhysicalAddress, physical addr: 1000, last pa: 1000, ret = 0
05-28 15:40:34.438 I/SystemControl( 343): [/Ubootenv.cpp, get, 336] [ubootenv] get key:1080p_w envValue: 1920
05-28 15:40:34.438 D/HDMI ( 742): DeviceDiscoveryAction start com.android.server.hdmi.DeviceDiscoveryAction@361db0b
05-28 15:40:34.438 I/SystemControl( 343): [/Ubootenv.cpp, get, 336] [ubootenv] get key:1080p_h envValue: 1080
05-28 15:40:34.438 D/HDMI ( 742): [S]: 4F:84:10:00:04
05-28 15:40:34.438 I/SystemControl( 343): [/Ubootenv.cpp, updateValue, 68] [ubootenv] update value name [ubootenv.var.1080p_x]: value [0]
05-28 15:40:34.438 I/SystemControl( 343): [/Ubootenv.cpp, get, 336] [ubootenv] get key:1080p_x envValue: 0
05-28 15:40:34.438 I/SystemControl( 343): [/Ubootenv.cpp, updateValue, 68] [ubootenv] update value name [ubootenv.var.1080p_y]: value [0]
05-28 15:40:34.438 I/SystemControl( 343): [/Ubootenv.cpp, get, 336] [ubootenv] get key:1080p_y envValue: 0
05-28 15:40:34.438 I/SystemControl( 343): [/Ubootenv.cpp, updateValue, 68] [ubootenv] update value name [ubootenv.var.1080p_w]: value [1920]
05-28 15:40:34.438 I/SystemControl( 343): [/Ubootenv.cpp, get, 336] [ubootenv] get key:1080p_w envValue: 1920
05-28 15:40:34.439 I/SystemControl( 343): [/Ubootenv.cpp, updateValue, 68] [ubootenv] update value name [ubootenv.var.1080p_h]: value [1080]
05-28 15:40:34.439 I/SystemControl( 343): [/Ubootenv.cpp, get, 336] [ubootenv] get key:1080p_h envValue: 1080
05-28 15:40:34.439 I/audio_hw_hal_primary( 509): [adev_close_output_stream_new:8052] io handle 829: out:0xeed00740
05-28 15:40:34.439 D/audio_hw_hal_primary( 509): adev_close_output_stream_new: enter usecase = RAW_HWSYNC
05-28 15:40:34.439 I/audio_hw_hal_primary( 509): [adev_close_output_stream:3695] io 829: out:0xeed00740 dev:OUT_HDMI(0x400) flags:0x51, usecase:RAW_HWSYNC
05-28 15:40:34.439 D/audio_hw_hal_primary( 509): [out_standby_new:5767] io 829: out:0xeed00740 usecase:RAW_HWSYNC
05-28 15:40:34.439 I/audio_hw_hal_primary( 509): already standby, do nothing
05-28 15:40:34.439 I/audio_hw_hal_resourcemgr( 509): [is_output_device_muted:710] device:0x2 port_mute:0, fade_mute:0
05-28 15:40:34.439 I/audio_hw_hal_primary( 509): [adev_close_output_stream:3863] io 829: out:0xeed00740 exit ------
05-28 15:40:34.440 D/AudioFlinger( 594): closing mmapThread 0xecd46dc0
05-28 15:40:34.440 V/MesonDisplayServer( 289): SetDisplay[HDMI] DisplayRect to "(0,0,1920,1080)"
05-28 15:40:34.441 W/IPCThreadState( 594): Sending oneway calls to frozen process.
05-28 15:40:34.441 D/AudioFlinger( 594): mmapThread exit()
05-28 15:40:34.441 V/MesonDisplayServer( 289): SetDisplayViewPort done
05-28 15:40:34.442 I/audio_hw_hal_primary( 509): [adev_close_output_stream_new:8052] io handle 845: out:0xeed040c0
05-28 15:40:34.442 D/audio_hw_hal_primary( 509): adev_close_output_stream_new: enter usecase = PCM_MMAP
05-28 15:40:34.442 I/audio_hw_hal_primary( 509): [adev_close_output_stream:3695] io 845: out:0xeed040c0 dev:OUT_HDMI(0x400) flags:0x4001, usecase:PCM_MMAP
05-28 15:40:34.442 D/audio_hw_hal_primary( 509): [out_standby_new:5767] io 845: out:0xeed040c0 usecase:PCM_MMAP
05-28 15:40:34.442 I/audio_hw_hal_primary( 509): already standby, do nothing
05-28 15:40:34.442 I/audio_hw_hal_mmap( 509): [outMmapDeInit:743] stream:0xeed040c0
05-28 15:40:34.442 I/audio_hw_hal_mmap( 509): [mmap_audio_unregister_client:955] OK ! stream 0xeed040c0, client id 0
05-28 15:40:34.442 I/audio_hw_hal_primary( 509): when close aaudio stream, send STANDBY msg to submix & ms12
05-28 15:40:34.442 I/audio_hw_hal_ms12common( 509): aml_set_ms12_scheduler_state ms12_scheduler_state:1, sch_state:1 SCHEDULER_STANDBY is sent to ms12
05-28 15:40:34.442 I/audio_hw_hal_resourcemgr( 509): [is_output_device_muted:710] device:0x2 port_mute:0, fade_mute:0
05-28 15:40:34.442 I/audio_hw_hal_primary( 509): [adev_close_output_stream:3863] io 845: out:0xeed040c0 exit ------
05-28 15:40:34.443 D/audio_hw_hal_primary( 509): [out_dump:848] io 861: out:0xeed064b0, fd:24
05-28 15:40:34.444 W/IPCThreadState( 594): Sending oneway calls to frozen process.
05-28 15:40:34.445 D/audio_hw_hal_primary( 509): [out_set_parameters:971] out:0xeed064b0 kvpairs:closing=true;exiting=1 out->out_device:0x400, adev->out_device:0x80002
05-28 15:40:34.445 E/audio_hw_hal_primary( 509): out_set_parameters, ret:-2, hw_sync_mode:is false
05-28 15:40:34.446 D/AudioFlinger( 594): ro.audio.silent is ignored since no output device is set
05-28 15:40:34.446 I/audio_hw_hal_primary( 509): [out_set_event_callback:3158] io 861: out:0xeed064b0, callback:0xf0dfc91d cookie:0xf14c1e10
05-28 15:40:34.446 I/audio_hw_hal_primary( 509): [adev_close_output_stream_new:8052] io handle 861: out:0xeed064b0
05-28 15:40:34.446 D/audio_hw_hal_primary( 509): adev_close_output_stream_new: enter usecase = RAW_DIRECT
05-28 15:40:34.446 I/audio_hw_hal_primary( 509): [adev_close_output_stream:3695] io 861: out:0xeed064b0 dev:OUT_HDMI(0x400) flags:0x441, usecase:RAW_DIRECT
05-28 15:40:34.446 D/audio_hw_hal_primary( 509): [out_standby_new:5767] io 861: out:0xeed064b0 usecase:RAW_DIRECT
05-28 15:40:34.446 I/audio_hw_hal_primary( 509): already standby, do nothing
05-28 15:40:34.446 I/audio_hw_hal_resourcemgr( 509): [is_output_device_muted:710] device:0x2 port_mute:0, fade_mute:0
05-28 15:40:34.446 I/audio_hw_hal_primary( 509): [adev_close_output_stream:3863] io 861: out:0xeed064b0 exit ------
05-28 15:40:34.447 D/audio_hw_hal_primary( 509): [out_dump:848] io 877: out:0xeed00e70, fd:24
05-28 15:40:34.448 W/IPCThreadState( 594): Sending oneway calls to frozen process.
05-28 15:40:34.449 D/audio_hw_hal_primary( 509): [out_set_parameters:971] out:0xeed00e70 kvpairs:closing=true;exiting=1 out->out_device:0x400, adev->out_device:0x80002
05-28 15:40:34.449 E/audio_hw_hal_primary( 509): out_set_parameters, ret:-2, hw_sync_mode:is false
05-28 15:40:34.450 I/audio_hw_hal_primary( 509): [out_set_event_callback:3158] io 877: out:0xeed00e70, callback:0xf0dfc91d cookie:0xf14c1150
05-28 15:40:34.451 E/Scheduler( 263): trackPendingFrame: Invalid present fence
05-28 15:40:34.451 I/audio_hw_hal_primary( 509): [adev_close_output_stream_new:8052] io handle 877: out:0xeed00e70
05-28 15:40:34.451 D/audio_hw_hal_primary( 509): adev_close_output_stream_new: enter usecase = RAW_DIRECT
05-28 15:40:34.451 I/audio_hw_hal_primary( 509): [adev_close_output_stream:3695] io 877: out:0xeed00e70 dev:OUT_HDMI(0x400) flags:0x401, usecase:RAW_DIRECT
05-28 15:40:34.451 D/audio_hw_hal_primary( 509): [out_standby_new:5767] io 877: out:0xeed00e70 usecase:RAW_DIRECT
05-28 15:40:34.451 I/audio_hw_hal_primary( 509): already standby, do nothing
05-28 15:40:34.451 I/audio_hw_hal_resourcemgr( 509): [is_output_device_muted:710] device:0x2 port_mute:0, fade_mute:0
05-28 15:40:34.451 I/audio_hw_hal_primary( 509): [adev_close_output_stream:3863] io 877: out:0xeed00e70 exit ------
05-28 15:40:34.453 W/IPCThreadState( 594): Sending oneway calls to frozen process.
05-28 15:40:34.454 I/AudioService( 742): onAccessoryPlugMediaUnmute newDevice=1024 [hdmi]
05-28 15:40:34.455 I/AS.AudioDeviceInventory( 742): sendDeviceConnectionIntent(dev:0x400 state:0x1 address: name:);
05-28 15:40:34.461 D/ActiveDeviceManager( 1367): onAudioDevicesAdded
05-28 15:40:34.461 D/ActiveDeviceManager( 1367): Audio device added: DBBOX-A3 type: 9
05-28 15:40:34.461 D/AvrcpVolumeManager( 1367): onAudioDevicesAdded: Not expecting device changed
05-28 15:40:34.461 E/MesonHwc( 289): open file [/sys/class/amhdmitx/amhdmitx0/aud_mute] error:Permission denied
05-28 15:40:34.461 E/MesonHwc( 289): open file [/sys/class/amhdmitx/amhdmitx0/aud_mute] error:Permission denied
05-28 15:40:34.461 E/MesonHwc( 289): dolby vision driver is not ready
05-28 15:40:34.462 V/MediaRouter( 742): Audio routes updated: AudioRoutesInfo{ type=HDMI }, a2dp=false
05-28 15:40:34.462 V/MediaRouter( 742): Selecting route: RouteInfo{ name=外部设备, description=null, status=null, category=RouteCategory{ name=系统 types=ROUTE_TYPE_LIVE_AUDIO ROUTE_TYPE_LIVE_VIDEO groupable=false }, supportedTypes=ROUTE_TYPE_LIVE_AUDIO ROUTE_TYPE_LIVE_VIDEO , presentationDisplay=null }
05-28 15:40:34.463 V/MediaRouter( 1176): Audio routes updated: AudioRoutesInfo{ type=HDMI }, a2dp=false
05-28 15:40:34.463 I/MesonDisplay( 289): [/HDCPTxAuth.cpp, authThread, 173] hdcp_tx thread loop entry
05-28 15:40:34.463 I/MesonDisplay( 289): [/HDCPTxAuth.cpp, start, 109] hdcp_tx, create hdcp thread id = 3997155776 done
05-28 15:40:34.464 V/MediaRouter( 1176): Selecting route: RouteInfo{ name=外部设备, description=null, status=null, category=RouteCategory{ name=系统 types=ROUTE_TYPE_LIVE_AUDIO ROUTE_TYPE_LIVE_VIDEO groupable=false }, supportedTypes=ROUTE_TYPE_LIVE_AUDIO ROUTE_TYPE_LIVE_VIDEO , presentationDisplay=null }
05-28 15:40:34.464 D/MesonDisplay( 289): read /sys/class/amhdmitx/amhdmitx0/hdcp_lstore, result length:0, val:
05-28 15:40:34.464 I/SystemControl( 343): [/Ubootenv.cpp, get, 345] [ubootenv] search end and not find env:digitaudiooutput
05-28 15:40:34.464 V/MesonDisplayServer( 289): GetDisplayMode:1080p60hz
05-28 15:40:34.464 I/SystemControl( 343): [/Ubootenv.cpp, get, 336] [ubootenv] get key:hdmichecksum envValue: 0xe2440000
05-28 15:40:34.465 D/MesonDisplayServer( 289): use connector getDisplayAttribute "HDMI Color ATTR": "422,12bit"
05-28 15:40:34.465 I/SystemControl( 343): [/Ubootenv.cpp, updateValue, 68] [ubootenv] update value name [ubootenv.var.1080p60hz_deepcolor]: value [422,12bit]
05-28 15:40:34.465 I/SystemControl( 343): [/Ubootenv.cpp, get, 336] [ubootenv] get key:1080p60hz_deepcolor envValue: 422,12bit
05-28 15:40:34.465 I/SystemControl( 343): [/Ubootenv.cpp, updateValue, 68] [ubootenv] update value name [ubootenv.var.colorattribute]: value [422,12bit]
05-28 15:40:34.465 I/SystemControl( 343): [/Ubootenv.cpp, get, 336] [ubootenv] get key:colorattribute envValue: 422,12bit
05-28 15:40:34.466 I/SystemControl( 343): [/Ubootenv.cpp, updateValue, 68] [ubootenv] update value name [ubootenv.var.hdmi_colordepth]: value [8]
05-28 15:40:34.466 I/SystemControl( 343): [/Ubootenv.cpp, get, 336] [ubootenv] get key:hdmi_colordepth envValue: 8
05-28 15:40:34.466 I/SystemControl( 343): [/Ubootenv.cpp, updateValue, 68] [ubootenv] update value name [ubootenv.var.hdmi_colorspace]: value [auto]
05-28 15:40:34.466 I/SystemControl( 343): [/Ubootenv.cpp, get, 336] [ubootenv] get key:hdmi_colorspace envValue: auto
05-28 15:40:34.466 I/SystemControl( 343): [/Ubootenv.cpp, updateValue, 68] [ubootenv] update value name [ubootenv.var.outputmode]: value [1080p60hz]
05-28 15:40:34.466 I/SystemControl( 343): [/Ubootenv.cpp, get, 336] [ubootenv] get key:outputmode envValue: 1080p60hz
05-28 15:40:34.466 E/MesonHwc( 289): dolby vision driver is not ready
05-28 15:40:34.467 E/MesonHwc( 289): dolby vision driver is not ready
05-28 15:40:34.467 D/xm_audio( 509): adev_get_parameters
05-28 15:40:34.467 E/MesonHwc( 289): dolby vision driver is not ready
05-28 15:40:34.468 D/MesonHwc( 289): ERR: PLEASE FIX NON-IMPLEMENT FUN(update).
05-28 15:40:34.469 D/xm_audio( 509): adev_get_parameters
05-28 15:40:34.469 D/MesonComposer3( 289): halEventcallback onHotplug client3.0
05-28 15:40:34.469 E/MesonHwc( 289): getPort 11
05-28 15:40:34.469 E/MesonHwc( 289): getPort 11
05-28 15:40:34.470 I/SystemControl( 343): notify plugin
05-28 15:40:34.470 I/SystemControl( 343): [/SystemControlHal.cpp, onEvent, 72] onEvent event:3, client size:5
05-28 15:40:34.470 I/SystemControlClient( 528): notifyCallback event type:3
05-28 15:40:34.470 I/SystemControlClient( 528): notifyCallback: listener is NULL.
05-28 15:40:34.471 I/SystemControlClient( 244): notifyCallback event type:3
05-28 15:40:34.471 I/SystemControlClient( 527): notifyCallback event type:3
05-28 15:40:34.471 I/SystemControlClient( 244): notifyCallback: listener is NULL.
05-28 15:40:34.471 I/SystemControlClient( 527): notifyCallback: listener is NULL.
05-28 15:40:34.471 I/SystemControlClient( 529): notifyCallback event type:3
05-28 15:40:34.471 I/SystemControlClient( 529): notifyCallback: listener is NULL.
05-28 15:40:34.471 I/SystemControlEvent( 1379): system control callback event: 3
05-28 15:40:34.472 E/ccc ( 1946): cccccc hdmi plug reset
05-28 15:40:34.473 E/xxxxxxxxxxxxxxx( 2316): onReceive:mIsHDMIPlugged = true
05-28 15:40:34.473 I/SurfaceFlinger( 263): Reconnecting display 4627013623894091019 (HAL ID 0)
05-28 15:40:34.477 D/xm_audio( 509): adev_get_parameters
05-28 15:40:34.478 D/xm_audio( 509): adev_get_parameters
05-28 15:40:34.483 D/xm_audio( 509): adev_get_parameters
05-28 15:40:34.484 E/MesonComposer3( 289): destroyLayer: display:0 failed to destroy layer:348
05-28 15:40:34.484 E/HwcComposer( 263): destroyLayer failed Status(-8, EX_SERVICE_SPECIFIC): '3: '
05-28 15:40:34.484 E/HWC2 ( 263): destroyLayer(0, 348) failed: BadLayer (3)
05-28 15:40:34.485 E/MesonComposer3( 289): destroyLayer: display:0 failed to destroy layer:91
05-28 15:40:34.485 E/HwcComposer( 263): destroyLayer failed Status(-8, EX_SERVICE_SPECIFIC): '3: '
05-28 15:40:34.485 E/HWC2 ( 263): destroyLayer(0, 91) failed: BadLayer (3)
05-28 15:40:34.486 E/HwcComposer( 263): setClientTargetSlotCount failed Status(-8, EX_SERVICE_SPECIFIC): '4: '
05-28 15:40:34.487 D/xm_audio( 509): adev_get_parameters
05-28 15:40:34.493 D/xm_audio( 509): adev_get_parameters
05-28 15:40:34.495 D/xm_audio( 509): adev_get_parameters
05-28 15:40:34.500 I/Scheduler( 263): Display 4627013623894091019 is the pacesetter
05-28 15:40:34.500 E/SchedulerTimer( 263): Terminated
05-28 15:40:34.501 D/SurfaceFlinger( 263): Setting power mode 2 on display 4627013623894091019
05-28 15:40:34.501 W/EventThread( 263): Failed dispatching Hotplug{displayId=4627013623894091019, connected} for Connection{0xf1c82c10, VSyncRequest::None}
05-28 15:40:34.501 W/EventThread( 263): Failed dispatching Hotplug{displayId=4627013623894091019, connected} for Connection{0xf1c83290, VSyncRequest::None}
05-28 15:40:34.501 W/EventThread( 263): Failed dispatching Hotplug{displayId=4627013623894091019, connected} for Connection{0xf1c82d10, VSyncRequest::None}
05-28 15:40:34.501 W/EventThread( 263): Failed dispatching Hotplug{displayId=4627013623894091019, connected} for Connection{0xf1c82890, VSyncRequest::None}
05-28 15:40:34.501 W/EventThread( 263): Failed dispatching Hotplug{displayId=4627013623894091019, connected} for Connection{0xf1c86910, VSyncRequest::None}
05-28 15:40:34.501 W/EventThread( 263): Failed dispatching Hotplug{displayId=4627013623894091019, connected} for Connection{0xf1c84e90, VSyncRequest::None}
05-28 15:40:34.501 D/SurfaceFlinger( 263): Finished setting power mode 2 on display 4627013623894091019
05-28 15:40:34.502 I/MesonDisplay( 289): [/mode_policy.c, meson_mode_set_policy, 1177] connector:0 to policy:0
05-28 15:40:34.502 I/MesonDisplay( 289): [/mode_policy.c, is_dv_prefer, 66] not prefer dv, hdr_priority:10000010
05-28 15:40:34.502 I/MesonDisplay( 289): [/mode_policy.c, is_dv_prefer, 66] not prefer dv, hdr_priority:10000010
05-28 15:40:34.502 I/MesonDisplay( 289): [/mode_policy.c, hdr_scene_process, 724] policy:0 is_bestcolorspace:1 state:0
05-28 15:40:34.502 I/MesonDisplay( 289): [/mode_policy_parser.c, is_support_hdmimode, 115] is_support_hdmimode mode: none not support
05-28 15:40:34.502 I/MesonDisplay( 289): [/mode_policy_parser.c, is_support_hdmimode, 115] is_support_hdmimode mode: 2160p60hz not support
05-28 15:40:34.502 I/MesonDisplay( 289): [/mode_policy_parser.c, is_support_hdmimode, 115] is_support_hdmimode mode: 2160p50hz not support
05-28 15:40:34.502 I/MesonDisplay( 289): [/mode_policy_parser.c, is_support_hdmimode, 115] is_support_hdmimode mode: 2160p60hz not support
05-28 15:40:34.502 I/MesonDisplay( 289): [/mode_policy_parser.c, is_support_hdmimode, 115] is_support_hdmimode mode: 2160p50hz not support
05-28 15:40:34.502 I/MesonDisplay( 289): [/mode_policy.c, is_support_4kHDR, 507] is_support_4kHDR 4k hdr not support
05-28 15:40:34.502 I/MesonDisplay( 289): [/mode_policy_parser.c, is_support_hdmimode, 110] is_support_hdmimode mode: 1080p60hz
05-28 15:40:34.502 D/MesonDisplay( 289): meson_write /sys/class/amhdmitx/amhdmitx0/valid_mode, outputmode:1080p60hz422,12bit
05-28 15:40:34.502 D/MesonDisplay( 289): valid mode is true!
05-28 15:40:34.502 I/MesonDisplay( 289): [/mode_policy.c, is_support_non4kHDR, 552] is_support_non4kHDR mode:[1080p60hz], color format:[422,12bit]
05-28 15:40:34.502 I/MesonDisplay( 289): [/mode_policy.c, meson_mode_get_policy_output, 1289] final_displaymode:1080p60hz, final_deepcolor:422,12bit, amdv_type:0
05-28 15:40:34.502 I/MesonDisplay( 289): [/mode_policy.c, meson_mode_set_policy, 1177] connector:0 to policy:0
05-28 15:40:34.505 D/LocalDisplayAdapter( 742): The active mode was changed from SurfaceFlinger or the display device to {id=121, width=1920, height=1080, fps=59.94006, alternativeRefreshRates=[], supportedHdrTypes=[2]}
05-28 15:40:34.506 D/LocalDisplayAdapter( 742): New display modes are added and the active mode has changed, use active mode as default mode.
05-28 15:40:34.506 W/LocalDisplayAdapter( 742): DisplayModeSpecs base mode no longer available, using currently active mode.
05-28 15:40:34.506 I/DisplayDeviceRepository( 742): Display device changed: DisplayDeviceInfo{"内置屏幕": uniqueId="local:4627013623894091019", 1920 x 1080, modeId 120, renderFrameRate 59.94006, defaultModeId 120, supportedModes [{id=120, width=1920, height=1080, fps=59.94006, alternativeRefreshRates=[], supportedHdrTypes=[]}], colorMode 0, supportedColorModes [0], hdrCapabilities HdrCapabilities{mSupportedHdrTypes=[], mMaxLuminance=500.0, mMaxAverageLuminance=500.0, mMinLuminance=0.0}, allmSupported false, gameContentTypeSupported false, density 240, 42.406 x 42.203 dpi, appVsyncOff 2000000, presDeadline 13683333, touch INTERNAL, rotation 0, type INTERNAL, address {port=11, model=0x403674603f19a5}, deviceProductInfo DeviceProductInfo{name=Linux FHD, manufacturerPnpId=LNX, productId=0, modelYear=null, manufactureDate=ManufactureDate{week=5, year=2012}, connectionToSinkType=0}, state ON, committedState ON, frameRateOverride , brightnessMinimum 0.0, brightnessMaximum 1.0, brightnessDefault 0.39763778, hdrSdrRatio NaN, FLAG_ALLOWED_TO_BE_DEFAULT_DISPLAY, FLAG_ROTATES_WITH_CONTENT, FLAG_SECURE, FLAG_SUPPORTS_PROTECTED_BUFFERS, FLAG_TRUSTED, installOrientation 0, displayShape DisplayShape{ spec=729782573 displayWidth=1920 displayHeight=1080 physicalPixelDisplaySizeRatio=1.0 rotation=0 offsetX=0 offsetY=0 scale=1.0}}
05-28 15:40:34.509 D/xm_audio( 509): adev_get_parameters
05-28 15:40:34.510 D/DisplayManagerService( 742): Ignore redundant display event 0/2 to 10067/1190
05-28 15:40:34.510 D/DisplayManagerService( 742): Ignore redundant display event 0/2 to 10075/6844
05-28 15:40:34.511 W/LocalDisplayAdapter( 742): Ignoring request for invalid base mode id 120
05-28 15:40:34.511 E/Scheduler( 263): trackPendingFrame: Invalid present fence
05-28 15:40:34.512 I/DisplayDeviceRepository( 742): Display device changed: DisplayDeviceInfo{"内置屏幕": uniqueId="local:4627013623894091019", 1920 x 1080, modeId 121, renderFrameRate 59.94006, defaultModeId 121, supportedModes [{id=121, width=1920, height=1080, fps=59.94006, alternativeRefreshRates=[], supportedHdrTypes=[2]}, {id=122, width=1920, height=1080, fps=60.000004, alternativeRefreshRates=[], supportedHdrTypes=[2]}, {id=123, width=1920, height=1080, fps=50.0, alternativeRefreshRates=[], supportedHdrTypes=[2]}, {id=124, width=1920, height=1080, fps=29.97003, alternativeRefreshRates=[], supportedHdrTypes=[2]}, {id=125, width=1920, height=1080, fps=30.000002, alternativeRefreshRates=[], supportedHdrTypes=[2]}, {id=126, width=1920, height=1080, fps=23.976025, alternativeRefreshRates=[], supportedHdrTypes=[2]}, {id=127, width=1920, height=1080, fps=24.000002, alternativeRefreshRates=[], supportedHdrTypes=[2]}, {id=128, width=1280, height=720, fps=59.94006, alternativeRefreshRates=[], supportedHdrTypes=[2]}, {id=129, width=1280, height=720, fps=60.000004, alternativeRefreshRates=[], supportedHdrTypes=[2]}, {id=130, width=1280, height=720, fps=50.0, alternativeRefreshRates=[], supportedHdrTypes=[2]}], colorMode 0, supportedColorModes [0], hdrCapabilities HdrCapabilities{mSupportedHdrTypes=[2], mMaxLuminance=500.0, mMaxAverageLuminance=500.0, mMinLuminance=0.0}, allmSupported false, gameContentTypeSupported false, density 240, 42.406 x 42.203 dpi, appVsyncOff 2000000, presDeadline 13683333, touch INTERNAL, rotation 0, type INTERNAL, address {port=11, model=0x403674603f19a5}, deviceProductInfo DeviceProductInfo{name=DBPADGO1AIR, manufacturerPnpId=DBA, productId=48, modelYear=null, manufactureDate=ManufactureDate{week=10, year=2014}, connectionToSinkType=2}, state ON, committedState ON, frameRateOverride , brightnessMinimum 0.0, brightnessMaximum 1.0, brightnessDefault 0.39763778, hdrSdrRatio NaN, FLAG_ALLOWED_TO_BE_DEFAULT_DISPLAY, FLAG_ROTATES_WITH_CONTENT, FLAG_SECURE, FLAG_SUPPORTS_PROTECTED_BUFFERS, FLAG_TRUSTED, installOrientation 0, displayShape DisplayShape{ spec=729782573 displayWidth=1920 displayHeight=1080 physicalPixelDisplaySizeRatio=1.0 rotation=0 offsetX=0 offsetY=0 scale=1.0}}
05-28 15:40:34.515 I/RefreshRateSelector( 263): Display 4627013623894091019 policy changed
05-28 15:40:34.515 I/RefreshRateSelector( 263): Previous: {defaultModeId=120, allowGroupSwitching=false, primaryRanges={physical=[0.00 Hz, 340282346638528859811704183484516925440.00 Hz], render=[0.00 Hz, 340282346638528859811704183484516925440.00 Hz]}, appRequestRanges={physical=[0.00 Hz, 340282346638528859811704183484516925440.00 Hz], render=[0.00 Hz, 340282346638528859811704183484516925440.00 Hz]}}
05-28 15:40:34.515 I/RefreshRateSelector( 263): Current: DisplayManagerPolicy{defaultModeId=120, allowGroupSwitching=false, primaryRanges={physical=[0.00 Hz, inf Hz], render=[0.00 Hz, 120.00 Hz]}, appRequestRanges={physical=[0.00 Hz, inf Hz], render=[0.00 Hz, inf Hz]}}
05-28 15:40:34.515 I/RefreshRateSelector( 263): 0 mode changes were performed under the previous policy
05-28 15:40:34.517 D/xm_audio( 509): adev_get_parameters
05-28 15:40:34.522 D/xm_audio( 509): adev_get_parameters
05-28 15:40:34.523 D/xm_audio( 509): adev_get_parameters
05-28 15:40:34.528 D/xm_audio( 509): adev_get_parameters
05-28 15:40:34.530 D/xm_audio( 509): adev_get_parameters
05-28 15:40:34.534 D/xm_audio( 509): adev_get_parameters
05-28 15:40:34.535 D/xm_audio( 509): adev_get_parameters
05-28 15:40:34.540 D/xm_audio( 509): adev_get_parameters
05-28 15:40:34.541 D/xm_audio( 509): adev_get_parameters
05-28 15:40:34.544 D/xm_audio( 509): adev_get_parameters
05-28 15:40:34.546 D/xm_audio( 509): adev_get_parameters
05-28 15:40:34.549 D/xm_audio( 509): adev_get_parameters
05-28 15:40:34.551 D/xm_audio( 509): adev_get_parameters
05-28 15:40:34.555 I/vol.Events( 1176): writeEvent level_changed STREAM_VOICE_CALL 40
05-28 15:40:34.556 I/vol.Events( 1176): writeEvent level_changed STREAM_SYSTEM 40
05-28 15:40:34.559 I/vol.Events( 1176): writeEvent level_changed STREAM_RING 40
05-28 15:40:34.560 I/vol.Events( 1176): writeEvent level_changed STREAM_MUSIC 8
05-28 15:40:34.562 I/vol.Events( 1176): writeEvent level_changed STREAM_ALARM 40
05-28 15:40:34.592 D/hdmicecd( 532): [CEC]:printCecMessage, [4 -> f] len: 4, body: 84 10 00 04, result:success
05-28 15:40:34.592 E/IPCThreadState( 532): binder thread pool (1 threads) starved for 152 ms
05-28 15:40:34.592 D/HDMI ( 742): [S]: 4F:87:1C:A4:10
05-28 15:40:34.744 D/hdmicecd( 532): [CEC]:printCecMessage, [4 -> f] len: 4, body: 87 1c a4 10, result:success
05-28 15:40:34.744 E/IPCThreadState( 532): binder thread pool (1 threads) starved for 152 ms
05-28 15:40:34.744 D/HDMI ( 742): [S]: 40:8C
05-28 15:40:34.798 D/hdmicecd( 532): [CEC]:printCecMessage, [4 -> 0] len: 1, body: 8c, result:no ack
05-28 15:40:34.802 D/nStackXCoAP( 2823): IsInSameNetwork:[276] :IsInSameNetwork exec
05-28 15:40:34.802 I/nStackXDFinder( 2823): GetLocalInterfaceDetail:[461] :GetLocalInterfaceDetail in
05-28 15:40:34.802 E/nStackXCoAP( 2823): IsInSameNetwork:[281] :IsInSameNetwork: not priority process
05-28 15:40:34.802 D/nStackXCoAP( 2823): ParseServiceDiscover:[330] :new device join
05-28 15:40:34.802 E/nStackXDFinder( 2823): GetLocalIp:[401] :GetLocalIp exec
05-28 15:40:34.858 D/hdmicecd( 532): [CEC]:printCecMessage, [4 -> 0] len: 1, body: 8c, result:no ack
05-28 15:40:34.859 E/HDMI ( 742): [1]:Failed to send 40:8C with errorCode=1
05-28 15:40:34.859 D/HDMI ( 742): [S]: 40:47:44:42:42:4F:58:2D:41:33
05-28 15:40:34.918 D/hdmicecd( 532): [CEC]:printCecMessage, [4 -> 0] len: 9, body: 47 44 42 42 4f 58 2d 41 33, result:no ack
05-28 15:40:34.974 D/hdmicecd( 532): [CEC]:printCecMessage, [4 -> 0] len: 9, body: 47 44 42 42 4f 58 2d 41 33, result:no ack
05-28 15:40:34.975 E/HDMI ( 742): [1]:Failed to send 40:47:44:42:42:4F:58:2D:41:33 with errorCode=1
05-28 15:40:34.975 D/HDMI ( 742): [S]: 45:7D
05-28 15:40:34.975 D/HDMI ( 742): Failed to send cec command 40:47:44:42:42:4F:58:2D:41:33
05-28 15:40:34.987 I/WifiHAL ( 558): call wifi_get_link_stats handler
05-28 15:40:34.987 I/WifiHAL ( 558): Creating message to get link statistics; iface = 16
05-28 15:40:34.987 D/WifiHAL ( 558): error code -95 mapped to -3
05-28 15:40:34.988 E/WifiStaIfaceAidlImpl( 742): getLinkLayerStats failed with service-specific exception: android.os.ServiceSpecificException: (code 4)
05-28 15:40:35.034 D/hdmicecd( 532): [CEC]:printCecMessage, [4 -> 5] len: 1, body: 7d, result:no ack
05-28 15:40:35.090 D/hdmicecd( 532): [CEC]:printCecMessage, [4 -> 5] len: 1, body: 7d, result:no ack
05-28 15:40:35.090 E/HDMI ( 742): [1]:Failed to send 45:7D with errorCode=1
05-28 15:40:35.091 D/HDMI ( 742): AVR did not respond to
05-28 15:40:35.091 D/HdmiControlService( 742): Switching to full volume behavior
05-28 15:40:35.146 D/hdmicecd( 532): [CEC]:printCecMessage, [4 -> e] len: 0, body:, result:no ack
05-28 15:40:35.202 D/hdmicecd( 532): [CEC]:printCecMessage, [4 -> b] len: 0, body:, result:no ack
05-28 15:40:35.212 D/nStackXCoAP( 2823): IsInSameNetwork:[276] :IsInSameNetwork exec
05-28 15:40:35.213 I/nStackXDFinder( 2823): GetLocalInterfaceDetail:[461] :GetLocalInterfaceDetail in
05-28 15:40:35.213 E/nStackXCoAP( 2823): IsInSameNetwork:[281] :IsInSameNetwork: not priority process
05-28 15:40:35.213 D/nStackXCoAP( 2823): ParseServiceDiscover:[330] :new device join
05-28 15:40:35.213 E/nStackXDFinder( 2823): GetLocalIp:[401] :GetLocalIp exec
05-28 15:40:35.262 D/hdmicecd( 532): [CEC]:printCecMessage, [4 -> 8] len: 0, body:, result:no ack
05-28 15:40:35.318 D/hdmicecd( 532): [CEC]:printCecMessage, [4 -> 5] len: 0, body:, result:no ack
05-28 15:40:35.374 D/hdmicecd( 532): [CEC]:printCecMessage, [4 -> 3] len: 0, body:, result:no ack
05-28 15:40:35.434 D/hdmicecd( 532): [CEC]:printCecMessage, [4 -> 1] len: 0, body:, result:no ack
05-28 15:40:35.464 D/MesonDisplay( 289): read /sys/class/amhdmitx/amhdmitx0/hdcp_lstore, result length:0, val:
05-28 15:40:35.490 D/hdmicecd( 532): [CEC]:printCecMessage, [4 -> 0] len: 0, body:, result:no ack
05-28 15:40:35.490 D/HdmiCecController( 742): [P]:AllocatedAddress=[]
05-28 15:40:35.491 D/hdmicecd( 532): [HdmiCecControl]:getPhysicalAddress, physical addr: 1000, last pa: 1000, ret = 0
05-28 15:40:35.491 D/HDMI ( 742): addCecDevice new:CEC: logical_address: 0x04 device_type: 4 cec_version: 5 vendor_id: 1877008 display_name: DBBOX-A3 power_status: 0 physical_address: 0x1000 port_id: 0 old:null
05-28 15:40:36.246 E/xxxxxxxxxxxxxxx( 2316): onReceive: true , configuration = {1.0 ?mcc0mnc [zh_CN] ldltr sw720dp w1280dp h720dp 240dpi xlrg long land television -touch -keyb/v/h dpad/v winConfig={ mBounds=Rect(0, 0 - 1920, 1080) mAppBounds=Rect(0, 0 - 1920, 1080) mMaxBounds=Rect(0, 0 - 1920, 1080) mDisplayRotation=ROTATION_0 mWindowingMode=fullscreen mDisplayWindowingMode=fullscreen mActivityType=undefined mAlwaysOnTop=undefined mRotation=ROTATION_0} as.2 s.22 fontWeightAdjustment=0}
05-28 15:40:36.246 E/xxxxxxxxxxxxxxx( 2316): isScreenSizeChange=false app onConfigurationChanged={1.0 ?mcc0mnc [zh_CN] ldltr sw720dp w1280dp h720dp 240dpi xlrg long land television -touch -keyb/v/h dpad/v winConfig={ mBounds=Rect(0, 0 - 1920, 1080) mAppBounds=Rect(0, 0 - 1920, 1080) mMaxBounds=Rect(0, 0 - 1920, 1080) mDisplayRotation=ROTATION_0 mWindowingMode=fullscreen mDisplayWindowingMode=fullscreen mActivityType=undefined mAlwaysOnTop=undefined mRotation=ROTATION_0} as.2 s.22 fontWeightAdjustment=0}
05-28 15:40:36.413 D/TrafficStats( 2316): tagSocket(121) with statsTag=0xffffffff, statsUid=-1
05-28 15:40:36.464 D/MesonDisplay( 289): read /sys/class/amhdmitx/amhdmitx0/hdcp_lstore, result length:0, val:
05-28 15:40:36.661 D/nStackXCoAP( 2823): IsInSameNetwork:[276] :IsInSameNetwork exec
05-28 15:40:36.661 I/nStackXDFinder( 2823): GetLocalInterfaceDetail:[461] :GetLocalInterfaceDetail in
05-28 15:40:36.661 E/nStackXCoAP( 2823): IsInSameNetwork:[281] :IsInSameNetwork: not priority process
05-28 15:40:36.661 D/nStackXCoAP( 2823): ParseServiceDiscover:[330] :new device join
05-28 15:40:36.661 E/nStackXDFinder( 2823): GetLocalIp:[401] :GetLocalIp exec
05-28 15:40:37.442 D/audio_hw_hal_ms12common( 509): func:ms12_timer_callback_handler sigv:0 ~~~~~~~~~~
05-28 15:40:37.442 D/audio_hw_hal_ms12v2( 509): set_dolby_ms12_continuous_state audio_continuous_standby_set status 1
05-28 15:40:37.442 D/audio_hw_hal_continuous_standby( 509): audio_continuous_standby_set, type 0, params 1
05-28 15:40:37.442 D/audio_hw_hal_ms12common( 509): aml_send_ms12_scheduler_state_2_ms12 adev:0xeedc14a0, sch_state:1(SCHEDULER_STANDBY)
05-28 15:40:37.465 D/MesonDisplay( 289): read /sys/class/amhdmitx/amhdmitx0/hdcp_lstore, result length:0, val:
05-28 15:40:37.559 I/cling--ap-170( 2644): type=1400 audit(0.0:3333): avc: denied { read } for name="address" dev="sysfs" ino=22126 scontext=u:r:untrusted_app_27:s0:c43,c256,c512,c768 tcontext=u:object_r:sysfs_net:s0 tclass=file permissive=1 app=com.dangbei.screencast
05-28 15:40:37.559 I/cling--ap-170( 2644): type=1400 audit(0.0:3334): avc: denied { open } for path="/sys/devices/virtual/net/dummy0/address" dev="sysfs" ino=22126 scontext=u:r:untrusted_app_27:s0:c43,c256,c512,c768 tcontext=u:object_r:sysfs_net:s0 tclass=file permissive=1 app=com.dangbei.screencast
05-28 15:40:37.559 I/cling--ap-170( 2644): type=1400 audit(0.0:3335): avc: denied { getattr } for path="/sys/devices/virtual/net/dummy0/address" dev="sysfs" ino=22126 scontext=u:r:untrusted_app_27:s0:c43,c256,c512,c768 tcontext=u:object_r:sysfs_net:s0 tclass=file permissive=1 app=com.dangbei.screencast
05-28 15:40:37.992 I/WifiHAL ( 558): call wifi_get_link_stats handler
05-28 15:40:37.993 I/WifiHAL ( 558): Creating message to get link statistics; iface = 16
05-28 15:40:37.993 D/WifiHAL ( 558): error code -95 mapped to -3
05-28 15:40:37.993 E/WifiStaIfaceAidlImpl( 742): getLinkLayerStats failed with service-specific exception: android.os.ServiceSpecificException: (code 4)
05-28 15:40:38.465 D/MesonDisplay( 289): read /sys/class/amhdmitx/amhdmitx0/hdcp_lstore, result length:0, val:
05-28 15:40:39.466 D/MesonDisplay( 289): read /sys/class/amhdmitx/amhdmitx0/hdcp_lstore, result length:0, val:
05-28 15:40:40.466 D/MesonDisplay( 289): read /sys/class/amhdmitx/amhdmitx0/hdcp_lstore, result length:0, val:
05-28 15:40:41.000 I/WifiHAL ( 558): call wifi_get_link_stats handler
05-28 15:40:41.000 I/WifiHAL ( 558): Creating message to get link statistics; iface = 16
05-28 15:40:41.000 D/WifiHAL ( 558): error code -95 mapped to -3
05-28 15:40:41.001 E/WifiStaIfaceAidlImpl( 742): getLinkLayerStats failed with service-specific exception: android.os.ServiceSpecificException: (code 4)
05-28 15:40:41.466 D/MesonDisplay( 289): read /sys/class/amhdmitx/amhdmitx0/hdcp_lstore, result length:0, val:
05-28 15:40:42.467 D/MesonDisplay( 289): read /sys/class/amhdmitx/amhdmitx0/hdcp_lstore, result length:0, val:
05-28 15:40:42.555 I/audio_hw_hal_alsamgr( 509): alsa format =0x1 delay frames =768 total frames=254174720
05-28 15:40:43.467 D/MesonDisplay( 289): read /sys/class/amhdmitx/amhdmitx0/hdcp_lstore, result length:0, val:
05-28 15:40:44.007 I/WifiHAL ( 558): call wifi_get_link_stats handler
05-28 15:40:44.007 I/WifiHAL ( 558): Creating message to get link statistics; iface = 16
05-28 15:40:44.007 D/WifiHAL ( 558): error code -95 mapped to -3
05-28 15:40:44.008 E/WifiStaIfaceAidlImpl( 742): getLinkLayerStats failed with service-specific exception: android.os.ServiceSpecificException: (code 4)
05-28 15:40:44.468 D/MesonDisplay( 289): read /sys/class/amhdmitx/amhdmitx0/hdcp_lstore, result length:0, val:
05-28 15:40:45.468 D/MesonDisplay( 289): read /sys/class/amhdmitx/amhdmitx0/hdcp_lstore, result length:0, val:
05-28 15:40:45.468 D/MesonDisplay( 289): read /sys/class/amhdmitx/amhdmitx0/hdcp_lstore, result length:0, val:
05-28 15:40:45.468 I/MesonDisplay( 289): [/HDCPTxAuth.cpp, authInit, 223] hdcp_tx key:
05-28 15:40:47.013 I/WifiHAL ( 558): call wifi_get_link_stats handler
05-28 15:40:47.013 I/WifiHAL ( 558): Creating message to get link statistics; iface = 16
05-28 15:40:47.014 D/WifiHAL ( 558): error code -95 mapped to -3
05-28 15:40:47.014 E/WifiStaIfaceAidlImpl( 742): getLinkLayerStats failed with service-specific exception: android.os.ServiceSpecificException: (code 4)
05-28 15:40:47.022 D/InstantWifi( 742): Receive Wifi is connected, freq = 5745 and currentNetworkId : 0, wifiinfo = SSID: , BSSID: 02:00:00:00:00:00, MAC: 02:00:00:00:00:00, IP: /192.168.3.246, Security type: 2, Supplicant state: COMPLETED, Wi-Fi standard: 6, RSSI: -55, Link speed: 1200Mbps, Tx Link speed: 1200Mbps, Max Supported Tx Link speed: 1200Mbps, Rx Link speed: 6Mbps, Max Supported Rx Link speed: 1200Mbps, Frequency: 5745MHz, Net ID: -1, Metered hint: false, score: 60, isUsable: true, CarrierMerged: false, SubscriptionId: -1, IsPrimary: 1, Trusted: true, Restricted: false, Ephemeral: false, OEM paid: false, OEM private: false, OSU AP: false, FQDN: , Provider friendly name: , Requesting package name: MLO Information: , Is TID-To-Link negotiation supported by the AP: false, AP MLD Address: , AP MLO Link Id: , AP MLO Affiliated links:
05-28 15:40:50.021 I/WifiHAL ( 558): call wifi_get_link_stats handler
05-28 15:40:50.021 I/WifiHAL ( 558): Creating message to get link statistics; iface = 16
05-28 15:40:50.021 D/WifiHAL ( 558): error code -95 mapped to -3
05-28 15:40:50.022 E/WifiStaIfaceAidlImpl( 742): getLinkLayerStats failed with service-specific exception: android.os.ServiceSpecificException: (code 4)
