05-28 15:40:34.241 I/SystemControl( 343): [/Ubootenv.cpp, get, 345] [ubootenv] search end and not find env:user_colorattribute
05-28 15:40:34.241 I/SystemControl( 343): [/DisplayMode.cpp, getCommonData, 1554] hdmi_current_attr:422,12bit, ubootenv_colorattribute:none
05-28 15:40:34.241 I/SystemControl( 343): [/Ubootenv.cpp, get, 345] [ubootenv] search end and not find env:dv_enable
05-28 15:40:34.241 I/SystemControl( 343): [/DisplayMode.cpp, getCommonData, 1567] dv_enable:0
05-28 15:40:34.241 I/SystemControl( 343): [/Ubootenv.cpp, get, 345] [ubootenv] search end and not find env:user_prefer_dv_type
05-28 15:40:34.241 I/SystemControl( 343): [/DisplayMode.cpp, getCommonData, 1578] ubootenv_dv_type:0
05-28 15:40:34.241 I/SystemControl( 343): [/DisplayMode.cpp, getHdmiData, 1721] display sink type:1 [0:none, 1:sink, 2:repeater]
05-28 15:40:34.241 I/SystemControl( 343): [/DisplayMode.cpp, filterHdmiDispcap, 1398] before filtered HdmiDispcap: 480p60hz
05-28 15:40:34.241 I/SystemControl( 343): 576p50hz
05-28 15:40:34.241 I/SystemControl( 343): 720p50hz
05-28 15:40:34.241 I/SystemControl( 343): 720p60hz
05-28 15:40:34.241 I/SystemControl( 343): 1080p60hz
05-28 15:40:34.241 I/SystemControl( 343): 1080p50hz
05-28 15:40:34.241 I/SystemControl( 343): 1080p24hz
05-28 15:40:34.241 I/SystemControl( 343): 1080p30hz
05-28 15:40:34.241 I/SystemControl( 343):
05-28 15:40:34.241 I/SystemControl( 343): [/DisplayMode.cpp, filterHdmiDispcap, 1427] after filtered HdmiDispcap: 480p60hz
05-28 15:40:34.241 I/SystemControl( 343): 576p50hz
05-28 15:40:34.241 I/SystemControl( 343): 720p50hz
05-28 15:40:34.241 I/SystemControl( 343): 720p60hz
05-28 15:40:34.241 I/SystemControl( 343): 1080p60hz
05-28 15:40:34.241 I/SystemControl( 343): 1080p50hz
05-28 15:40:34.241 I/SystemControl( 343): 1080p24hz
05-28 15:40:34.241 I/SystemControl( 343): 1080p30hz
05-28 15:40:34.241 I/SystemControl( 343):
05-28 15:40:34.242 I/SystemControl( 343): [/Ubootenv.cpp, updateValue, 68] [ubootenv] update value name [ubootenv.var.hdr_priority]: value [268435472]
05-28 15:40:34.242 I/SystemControl( 343): [/Ubootenv.cpp, get, 336] [ubootenv] get key:hdr_priority envValue: 268435472
05-28 15:40:34.242 I/SystemControl( 343): [/Ubootenv.cpp, get, 345] [ubootenv] search end and not find env:user_colorattribute
05-28 15:40:34.242 I/audio_hw_hal_primary( 509): [adev_set_device_connected_state_v7:9037] connected address:, num_descriptors:0, num_profiles:0
05-28 15:40:34.242 I/audio_hw_hal_primary( 509): [set_device_connect_state:4044] state:1, dev:OUT_HDMI(0x400), pre_out:0x80002, pre_in:0x4
05-28 15:40:34.242 D/audio_hw_hal_resourcemgr( 509): [set_output_device_avail:353] device:0x400 avail_out_devices:400 routed_out_devices:0x400
05-28 15:40:34.242 D/audio_hw_hal_stream( 509): update_sink_format_after_hotplug() active stream 0xeed047f0
05-28 15:40:34.242 D/audio_hw_hal_profile( 509): get_hdmi_sink_cap_new is running...
05-28 15:40:34.243 D/audio_hw_hal_profile( 509): query hdmi format...
05-28 15:40:34.243 D/audio_hw_hal_profile( 509): get_hdmi_sink_cap_new ddp is unsupported; ddp-joc(atmos) is unsupported;
05-28 15:40:34.243 I/audio_hw_hal_profile( 509): PCM cap Max channel =8
05-28 15:40:34.243 I/audio_hw_hal_stream( 509): get_sink_capability mbox+dvb case sink_capability = 0x1
05-28 15:40:34.243 I/audio_hw_hal_stream( 509): force ddp out =0
05-28 15:40:34.243 D/audio_hw_hal_profile( 509): get_hdmi_sink_cap_new is running...
05-28 15:40:34.243 D/audio_hw_hal_profile( 509): query hdmi format...
05-28 15:40:34.243 D/audio_hw_hal_profile( 509): get_hdmi_sink_cap_new ddp is unsupported; ddp-joc(atmos) is unsupported;
05-28 15:40:34.243 I/audio_hw_hal_profile( 509): PCM cap Max channel =8
05-28 15:40:34.243 I/audio_hw_hal_stream( 509): [get_sink_dts_capability:212] mbox+dvb case sink_capability: PCM_16_BIT(0x1)
05-28 15:40:34.243 D/audio_hw_hal_profile( 509): get_hdmi_sink_cap_new is running...
05-28 15:40:34.243 D/audio_hw_hal_profile( 509): query hdmi format...
05-28 15:40:34.243 D/audio_hw_hal_profile( 509): get_hdmi_sink_cap_new ddp is unsupported; ddp-joc(atmos) is unsupported;
05-28 15:40:34.243 I/audio_hw_hal_profile( 509): PCM cap Max channel =8
05-28 15:40:34.243 I/audio_hw_hal_stream( 509): [get_sink_mpegh_capability:245] mbox+dvb case sink_capability: PCM_16_BIT(0x1)
05-28 15:40:34.243 D/audio_hw_hal_profile( 509): get_hdmi_sink_cap_new is running...
05-28 15:40:34.243 D/audio_hw_hal_profile( 509): [get_hdmi_sink_cap_new:960] query hdmi sample_rate... format: PCM_16_BIT(0x1)
05-28 15:40:34.243 I/audio_hw_hal_profile( 509): get_hdmi_sink_cap_new format =0x1 support rate =sup_sampling_rates=32000|44100|48000
05-28 15:40:34.243 I/audio_hw_hal_stream( 509): pcm_fmt support sample_rate_mask:0x7
05-28 15:40:34.243 I/audio_hw_hal_stream( 509): get_sink_dv_capability : /sys/class/amhdmitx/amhdmitx0/hdmi_hdr_status = SDR
05-28 15:40:34.243 I/audio_hw_hal_stream( 509): get_sink_dv_capability : dv enable 0
05-28 15:40:34.243 I/audio_hw_hal_stream( 509): [get_sink_format:446] out:0xeed047f0 out devices:0x80002 cur_out_devices:0x400 format:PCM_16_BIT(0x1) digital_mode(PCM) sink cap:PCM_16_BIT(0x1)
05-28 15:40:34.243 I/audio_hw_hal_stream( 509): get_sink_format() HDMI ARC or mbox + dvb case
05-28 15:40:34.243 I/audio_hw_hal_stream( 509): [get_sink_format:645] sink_format:PCM_16_BIT(0x1) max channel:8 optical_format:PCM_16_BIT(0x1) dual_output 0
05-28 15:40:34.243 I/audio_hw_hal_ms12common( 509): audiohal_send_msg_2_ms12 mesg_type:MS12_MESG_TYPE_RESET_MS12_ENCODER entry
05-28 15:40:34.243 I/audio_hw_hal_ms12common( 509): audiohal_send_msg_2_ms12 mesg_type:MS12_MESG_TYPE_RESET_MS12_ENCODER exit
05-28 15:40:34.243 D/audio_hw_hal_ms12v2( 509): set_dolby_ms12_continuous_state audio_continuous_standby_set status 0
05-28 15:40:34.243 D/audio_hw_hal_continuous_standby( 509): audio_continuous_standby_set, type 0, params 0
05-28 15:40:34.243 I/audio_hw_hal_ms12common( 509): aml_set_ms12_scheduler_state ms12_scheduler_state:0, sch_state:0 SCHEDULER_RUNNING is sent to ms12
05-28 15:40:34.243 D/audio_hw_hal_ms12common( 509): ms12_message_threadloop(), msg type: MS12_MESG_TYPE_RESET_MS12_ENCODER
05-28 15:40:34.243 I/audio_hw_hal_ms12v2( 509): +dolby_ms12_encoder_reconfig()
05-28 15:40:34.243 D/libdolbyms12( 509): mch_enable 1
05-28 15:40:34.243 D/audio_hw_hal_continuous_standby( 509): audio_continuous_standby_set, type 1, params 24
05-28 15:40:34.243 D/audio_hw_hal_ms12common( 509): ms12_message_threadloop mesg_list is empty, loop waiting......
05-28 15:40:34.244 D/MesonDisplayServer( 289): getDisplayAttribute "Dolby Vision CAP2": "The Rx don't support DolbyVision"
05-28 15:40:34.244 V/MesonDisplayServer( 289): GetDisplayMode:dummy_l
05-28 15:40:34.244 I/SystemControl( 343): [/Ubootenv.cpp, get, 336] [ubootenv] get key:hdmimode envValue: none
05-28 15:40:34.244 E/SystemControl( 343): [/DisplayMode.cpp, getHdmiDvCap, 1618] TV isn't support dolby vision: The Rx don't support DolbyVision
05-28 15:40:34.244 I/SystemControl( 343): [/DisplayMode.cpp, onTxEvent, 3294] onTxEvent boot config enable do nothing, just return
05-28 15:40:34.244 I/SystemControl( 343): [/UEventObserver.cpp, HDMITxUenventThreadLoop, 451] HDMI TX switch_name:hdmitx_audio, switch_state: 1
05-28 15:40:34.244 I/SystemControl( 343): [/DisplayMode.cpp, onTxEvent, 3267] onTxEvent switchName:hdmitx_audio hpdstate:1 state: 1
05-28 15:40:34.244 I/SystemControl( 343): [/SysWrite.cpp, getKernelReleaseVersion, 701] getKernelReleaseVersion: 5.15
05-28 15:40:34.244 I/SystemControl( 343): [/Ubootenv.cpp, get, 336] [ubootenv] get key:cvbsmode envValue: 576cvbs
05-28 15:40:34.244 D/libdolbyms12( 509): set runtime mch_enable 1
05-28 15:40:34.244 I/SystemControl( 343): [/SystemControlHal.cpp, onEvent, 72] onEvent event:5, client size:5
05-28 15:40:34.245 I/SystemControlClient( 527): notifyCallback event type:5
05-28 15:40:34.245 I/SystemControlClient( 527): notifyCallback: listener is NULL.
05-28 15:40:34.245 W/DeviceHAL( 509): Error from HAL Device in function get_audio_port_v7: Function not implemented
05-28 15:40:34.245 I/SystemControlEvent( 1379): system control callback event: 5
05-28 15:40:34.245 I/AudioFlinger( 594): openOutput() this 0xf2b07600, module 10 Device AUDIO_DEVICE_OUT_HDMI, @:, SamplingRate 44100, Format 0xe000000, Channels 0x1, flags 0x11
05-28 15:40:34.246 D/audio_hw_hal_primary( 509): [adev_open_output_stream_new:7868] enter: dev=0xeedc14a0 handle=325 devices=0x400/'HDMI,' flags=0x11/'DIRECT,COMPRESS_OFFLOAD,' config=(rt=44100 ch_mask=0x1 fmt=0xe000000) address=''
05-28 15:40:34.246 D/audio_hw_hal_primary( 509): adev_open_output_stream_new: enter
05-28 15:40:34.246 I/audio_hw_hal_primary( 509): [adev_open_output_stream:3285] io 805: out:0xeed07a40 dev:OUT_HDMI(0x400) addr:
05-28 15:40:34.246 I/audio_hw_hal_primary( 509): [adev_open_output_stream:3287] ch_mask:0x1 rate:44100 format:DOLBY_TRUEHD(0xe000000) flags:0x11
05-28 15:40:34.246 I/audio_hw_hal_primary( 509): adev_open_output_stream: for raw audio output,force alsa stereo output
05-28 15:40:34.246 I/audio_hw_hal_primary( 509): [adev_open_output_stream:3610] result profile ch_mask:0x1 rate:44100 format:DOLBY_TRUEHD(0xe000000) usecase:RAW_DIRECT
05-28 15:40:34.246 I/audio_hw_hal_utils( 509): aml_get_stream_dump_file_name line 2929 file_name /data/vendor/audiohal/stream_pid509_tid598.mlp
05-28 15:40:34.246 I/audio_hw_hal_primary( 509): [adev_open_output_stream_new:8037] io 805: out: 0xeed07a40 card:0 alsa devices:0 exit ------
05-28 15:40:34.246 I/SystemControlClient( 528): notifyCallback event type:5
05-28 15:40:34.246 I/SystemControlClient( 528): notifyCallback: listener is NULL.
05-28 15:40:34.246 I/SystemControlClient( 529): notifyCallback event type:5
05-28 15:40:34.246 I/SystemControlClient( 529): notifyCallback: listener is NULL.
05-28 15:40:34.246 I/SystemControlClient( 244): notifyCallback event type:5
05-28 15:40:34.246 I/SystemControlClient( 244): notifyCallback: listener is NULL.
05-28 15:40:34.247 I/SystemControl( 343): [/Ubootenv.cpp, get, 345] [ubootenv] search end and not find env:user_colorattribute
05-28 15:40:34.247 I/SystemControl( 343): [/Ubootenv.cpp, get, 345] [ubootenv] search end and not find env:dv_enable
05-28 15:40:34.247 E/MesonHwc( 289): dolby vision driver is not ready
05-28 15:40:34.248 I/SystemControl( 343): [/Ubootenv.cpp, get, 345] [ubootenv] search end and not find env:user_prefer_dv_type
05-28 15:40:34.248 I/audio_hw_hal_primary( 509): [out_get_buffer_size:552] out:0xeed07a40 config.rate=44100, format:DOLBY_TRUEHD(0xe000000), stream format:DOLBY_TRUEHD(0xe000000)
05-28 15:40:34.248 I/AudioFlinger( 594): HAL output buffer size 16384 frames, normal sink buffer size 16384 frames
05-28 15:40:34.248 I/audio_hw_hal_primary( 509): [audiohal_get_latency:1333] io 805: out:0xeed07a40 frames:1280 rate:44100 whole_latency:29 alsa_latency:29
05-28 15:40:34.249 I/audio_hw_hal_primary( 509): [out_set_event_callback:3158] io 805: out:0xeed07a40, callback:0xf0dfc91d cookie:0xf14c1030
05-28 15:40:34.249 I/AudioFlinger( 594): AudioFlinger's thread 0xecf18370 tid=15167 ready to run
05-28 15:40:34.249 I/audio_hw_hal_primary( 509): [audiohal_get_latency:1333] io 805: out:0xeed07a40 frames:1152 rate:44100 whole_latency:26 alsa_latency:26
05-28 15:40:34.250 I/audio_hw_hal_primary( 509): [audiohal_get_latency:1333] io 805: out:0xeed07a40 frames:1152 rate:44100 whole_latency:26 alsa_latency:26
05-28 15:40:34.250 W/IPCThreadState( 594): Sending oneway calls to frozen process.
05-28 15:40:34.250 D/AudioFlinger( 594): ro.audio.silent is ignored since no output device is set
05-28 15:40:34.251 D/AudioFlinger( 594): ro.audio.silent is ignored since no output device is set
05-28 15:40:34.251 E/MesonHwc( 289): dolby vision driver is not ready
05-28 15:40:34.251 D/MesonDisplayServer( 289): getDisplayAttribute "Dolby Vision CAP2": "The Rx don't support DolbyVision"
05-28 15:40:34.251 E/MesonHwc( 289): TV isn't support dv: The Rx don't support DolbyVision
05-28 15:40:34.254 D/hdmiconnection( 552): port id:0 physical:1000
05-28 15:40:34.254 D/HDMI ( 742): initPortInfo port info:port_id: 0, type: HDMI_OUT, address: 0x1000, cec: true, arc: true, mhl: false, earc: false
05-28 15:40:34.255 I/hdmicecd( 532): [HdmiCecControl]:clearLogicaladdress
05-28 15:40:34.256 I/SystemControl( 343): [/Ubootenv.cpp, get, 345] [ubootenv] search end and not find env:hdr_force_mode
05-28 15:40:34.258 I/SystemControl( 343): [/Ubootenv.cpp, get, 336] [ubootenv] get key:hdr_policy envValue: 0
05-28 15:40:34.260 I/SystemControl( 343): [/Ubootenv.cpp, get, 336] [ubootenv] get key:hdr_priority envValue: 268435472
05-28 15:40:34.260 E/MesonHwc( 289): dolby vision driver is not ready
05-28 15:40:34.261 D/MesonDisplayServer( 289): getDisplayAttribute "Dolby Vision CAP2": "The Rx don't support DolbyVision"
05-28 15:40:34.261 I/SystemControl( 343): [/Ubootenv.cpp, get, 345] [ubootenv] search end and not find env:hdr_resolution_priority
05-28 15:40:34.261 I/SystemControl( 343): [/Ubootenv.cpp, get, 345] [ubootenv] search end and not find env:user_prefer_dv_type
05-28 15:40:34.261 E/MesonHwc( 289): dolby vision driver is not ready
05-28 15:40:34.262 V/MesonDisplayServer( 289): GetDisplayMode:dummy_l
05-28 15:40:34.262 I/SystemControl( 343): [/Ubootenv.cpp, get, 345] [ubootenv] search end and not find env:framerate_priority
05-28 15:40:34.263 I/AudioFlinger( 594): openOutput() this 0xf2b07600, module 10 Device AUDIO_DEVICE_OUT_HDMI, @:, SamplingRate 32000, Format 0x000001, Channels 0x1, flags 0x41
05-28 15:40:34.263 D/audio_hw_hal_primary( 509): [adev_open_output_stream_new:7868] enter: dev=0xeedc14a0 handle=32d devices=0x400/'HDMI,' flags=0x41/'DIRECT,HW_AV_SYNC,' config=(rt=32000 ch_mask=0x1 fmt=0x1) address=''
05-28 15:40:34.263 D/audio_hw_hal_primary( 509): adev_open_output_stream_new: enter
05-28 15:40:34.263 I/audio_hw_hal_primary( 509): [adev_open_output_stream:3285] io 813: out:0xeed0dee0 dev:OUT_HDMI(0x400) addr:
05-28 15:40:34.263 I/audio_hw_hal_primary( 509): [adev_open_output_stream:3287] ch_mask:0x1 rate:32000 format:PCM_16_BIT(0x1) flags:0x41
05-28 15:40:34.263 D/audio_hw_hal_primary( 509): [adev_open_output_stream:3573] format=PCM_16_BIT rate=32000
05-28 15:40:34.263 I/audio_hw_hal_primary( 509): init resampler from 32000 to 48000!
05-28 15:40:34.263 D/audio_hw_utils_resampler( 509): resampler_init, Init Resampler: input_sr = 32000, output_sr = 48000
05-28 15:40:34.263 I/audio_hw_hal_primary( 509): [adev_open_output_stream:3610] result profile ch_mask:0x1 rate:32000 format:PCM_16_BIT(0x1) usecase:PCM_HWSYNC
05-28 15:40:34.264 I/SystemControl( 343): [/Ubootenv.cpp, get, 336] [ubootenv] get key:hdmimode envValue: none
05-28 15:40:34.264 I/MesonDisplay( 289): [/mode_policy.c, meson_mode_set_policy, 1177] connector:0 to policy:0
05-28 15:40:34.264 D/audio_hw_hal_timer( 509): func:audio_timer_create create timer.1 success.
05-28 15:40:34.264 I/MesonDisplay( 289): [/mode_policy.c, is_dv_prefer, 66] not prefer dv, hdr_priority:10000010
05-28 15:40:34.264 I/MesonDisplay( 289): [/mode_policy.c, is_dv_prefer, 66] not prefer dv, hdr_priority:10000010
05-28 15:40:34.264 I/MesonDisplay( 289): [/mode_policy.c, hdr_scene_process, 724] policy:0 is_bestcolorspace:1 state:1
05-28 15:40:34.264 I/MesonDisplay( 289): [/mode_policy_parser.c, is_support_hdmimode, 115] is_support_hdmimode mode: none not support
05-28 15:40:34.264 I/MesonDisplay( 289): [/mode_policy_parser.c, is_support_hdmimode, 115] is_support_hdmimode mode: 2160p60hz not support
05-28 15:40:34.264 I/MesonDisplay( 289): [/mode_policy_parser.c, is_support_hdmimode, 115] is_support_hdmimode mode: 2160p50hz not support
05-28 15:40:34.264 I/MesonDisplay( 289): [/mode_policy_parser.c, is_support_hdmimode, 115] is_support_hdmimode mode: 2160p60hz not support
05-28 15:40:34.264 I/MesonDisplay( 289): [/mode_policy_parser.c, is_support_hdmimode, 115] is_support_hdmimode mode: 2160p50hz not support
05-28 15:40:34.264 I/MesonDisplay( 289): [/mode_policy.c, is_support_4kHDR, 507] is_support_4kHDR 4k hdr not support
05-28 15:40:34.264 I/MesonDisplay( 289): [/mode_policy_parser.c, is_support_hdmimode, 110] is_support_hdmimode mode: 1080p60hz
05-28 15:40:34.264 D/MesonDisplay( 289): meson_write /sys/class/amhdmitx/amhdmitx0/valid_mode, outputmode:1080p60hz422,12bit
05-28 15:40:34.264 D/MesonDisplay( 289): valid mode is true!
05-28 15:40:34.264 I/MesonDisplay( 289): [/mode_policy.c, is_support_non4kHDR, 552] is_support_non4kHDR mode:[1080p60hz], color format:[422,12bit]
05-28 15:40:34.264 I/MesonDisplay( 289): [/mode_policy.c, meson_mode_get_policy_output, 1289] final_displaymode:1080p60hz, final_deepcolor:422,12bit, amdv_type:0
05-28 15:40:34.264 I/SystemControl( 343): [/Ubootenv.cpp, get, 336] [ubootenv] get key:hdr_preferred_policy envValue: 0
05-28 15:40:34.264 D/MesonDisplayServer( 289): use connector getDisplayAttribute "HDMI Color ATTR": "422,12bit"
05-28 15:40:34.265 D/MesonDisplayServer( 289): getDisplayAttribute "HDR Policy": "0"
05-28 15:40:34.265 D/audio_hw_hal_timer( 509): func:audio_timer_create create timer.2 success.
05-28 15:40:34.265 D/audio_hw_hal_primary( 509): [adev_open_output_stream_new:7980] timer_id:1
05-28 15:40:34.265 I/audio_hw_hal_utils( 509): aml_get_stream_dump_file_name line 2929 file_name /data/vendor/audiohal/stream_pid509_tid598.pcm
05-28 15:40:34.265 I/audio_hw_hal_primary( 509): [adev_open_output_stream_new:8037] io 813: out: 0xeed0dee0 card:0 alsa devices:0 exit ------
05-28 15:40:34.265 D/MesonDisplayServer( 289): getDisplayAttribute "FORCE HDR Mode": "0"
05-28 15:40:34.265 D/MesonDisplayServer( 289): getDisplayAttribute "Dolby Vision Mode": "usage: echo mode > /sys/class/amdolby_vision/dv_mode AMDV_OUTPUT_MODE_BYPASS 0 AMDV_OUTPUT_MODE_IPT 1 AMDV_OUTPUT_MODE_IPT_TUNNEL 2 AMDV_OUTPUT_MODE_HDR10 3 AMDV_OUTPUT_MODE_SDR10 4 AMDV_OUTPUT_MODE_SDR8 5current dv_mode = off"
05-28 15:40:34.267 I/audio_hw_hal_primary( 509): [out_get_buffer_size:552] out:0xeed0dee0 config.rate=32000, format:PCM_16_BIT(0x1), stream format:PCM_16_BIT(0x1)
05-28 15:40:34.267 D/MesonDisplayServer( 289): getDisplayAttribute "Dolby Vision Policy": "0"
05-28 15:40:34.267 I/AudioFlinger( 594): HAL output buffer size 2068 frames, normal sink buffer size 2068 frames
05-28 15:40:34.267 I/audio_hw_hal_primary( 509): [audiohal_get_latency:1333] io 813: out:0xeed0dee0 frames:1152 rate:32000 whole_latency:36 alsa_latency:36
05-28 15:40:34.267 I/SystemControl( 343): [/Ubootenv.cpp, get, 345] [ubootenv] search end and not find env:hdr_force_mode
05-28 15:40:34.268 I/audio_hw_hal_primary( 509): [out_set_event_callback:3158] io 813: out:0xeed0dee0, callback:0xf0dfc91d cookie:0xf14c0130
05-28 15:40:34.268 I/audio_hw_hal_primary( 509): [audiohal_get_latency:1333] io 813: out:0xeed0dee0 frames:1024 rate:32000 whole_latency:32 alsa_latency:32
05-28 15:40:34.268 I/audio_hw_hal_primary( 509): [audiohal_get_latency:1333] io 813: out:0xeed0dee0 frames:1024 rate:32000 whole_latency:32 alsa_latency:32
05-28 15:40:34.268 I/AudioFlinger( 594): AudioFlinger's thread 0xecf142e0 tid=15171 ready to run
05-28 15:40:34.269 W/IPCThreadState( 594): Sending oneway calls to frozen process.
05-28 15:40:34.269 D/AudioFlinger( 594): ro.audio.silent is ignored since no output device is set
05-28 15:40:34.270 D/audio_hw_hal_primary( 509): [out_standby_new:5767] io 813: out:0xeed0dee0 usecase:PCM_HWSYNC
05-28 15:40:34.270 I/audio_hw_hal_primary( 509): already standby, do nothing
05-28 15:40:34.271 D/AudioFlinger( 594): ro.audio.silent is ignored since no output device is set
05-28 15:40:34.272 I/SystemControl( 343): [/Ubootenv.cpp, get, 336] [ubootenv] get key:hdr_policy envValue: 0
05-28 15:40:34.272 E/MesonHwc( 289): dolby vision driver is not ready
05-28 15:40:34.273 D/MesonDisplayServer( 289): use connector getDisplayAttribute "HDR Priority": "268435472"
05-28 15:40:34.273 I/SystemControl( 343): [/Ubootenv.cpp, get, 336] [ubootenv] get key:hdr_priority envValue: 268435472
05-28 15:40:34.273 D/MesonDisplayServer( 289): getDisplayAttribute "Dolby Vision Enable": "N"
05-28 15:40:34.273 D/MesonDisplayServer( 289): getDisplayAttribute "Dolby Vision LL Policy": "0"
05-28 15:40:34.273 E/MesonHwc( 289): dolby vision driver is not ready
05-28 15:40:34.273 V/MesonDisplayServer( 289): GetDisplayMode:dummy_l
05-28 15:40:34.273 I/MesonDisplay( 289): [/HDCPTxAuth.cpp, stopVerAll, 344] hdcp_tx 2.2 & 1.4 stop hdcp pwr
05-28 15:40:34.273 E/MesonDisplay( 289): open /sys/class/amhdmitx/amhdmitx0/hdcp_pwr fail. Error info [No such file or directory]
05-28 15:40:34.275 D/AudioFlinger( 594): ro.audio.silent is ignored since no output device is set
05-28 15:40:34.278 D/AudioFlinger( 594): ro.audio.silent is ignored since no output device is set
05-28 15:40:34.279 D/AudioFlinger( 594): ro.audio.silent is ignored since no output device is set
05-28 15:40:34.280 D/AudioFlinger( 594): ro.audio.silent is ignored since no output device is set
05-28 15:40:34.282 D/AudioFlinger( 594): ro.audio.silent is ignored since no output device is set
05-28 15:40:34.282 D/AudioFlinger( 594): ro.audio.silent is ignored since no output device is set
05-28 15:40:34.283 D/AudioFlinger( 594): ro.audio.silent is ignored since no output device is set
05-28 15:40:34.284 D/AudioFlinger( 594): ro.audio.silent is ignored since no output device is set
05-28 15:40:34.287 D/AudioFlinger( 594): ro.audio.silent is ignored since no output device is set
05-28 15:40:34.288 D/AudioFlinger( 594): ro.audio.silent is ignored since no output device is set
05-28 15:40:34.289 D/AudioFlinger( 594): ro.audio.silent is ignored since no output device is set
05-28 15:40:34.290 I/AudioFlinger( 594): openOutput() this 0xf2b07600, module 10 Device AUDIO_DEVICE_OUT_HDMI, @:, SamplingRate 32000, Format 0x9000000, Channels 0x1, flags 0x1
05-28 15:40:34.290 D/audio_hw_hal_primary( 509): [adev_open_output_stream_new:7868] enter: dev=0xeedc14a0 handle=335 devices=0x400/'HDMI,' flags=0x1/'DIRECT,' config=(rt=32000 ch_mask=0x1 fmt=0x9000000) address=''
05-28 15:40:34.290 D/audio_hw_hal_primary( 509): adev_open_output_stream_new: enter
05-28 15:40:34.290 I/audio_hw_hal_primary( 509): [adev_open_output_stream:3285] io 821: out:0xeed04f20 dev:OUT_HDMI(0x400) addr:
05-28 15:40:34.290 I/audio_hw_hal_primary( 509): [adev_open_output_stream:3287] ch_mask:0x1 rate:32000 format:AC3(0x9000000) flags:0x1
05-28 15:40:34.290 I/audio_hw_hal_primary( 509): adev_open_output_stream: for raw audio output,force alsa stereo output
05-28 15:40:34.290 I/audio_hw_hal_primary( 509): [adev_open_output_stream:3610] result profile ch_mask:0x1 rate:32000 format:AC3(0x9000000) usecase:RAW_DIRECT
05-28 15:40:34.290 I/audio_hw_hal_utils( 509): aml_get_stream_dump_file_name line 2929 file_name /data/vendor/audiohal/stream_pid509_tid599.dd
05-28 15:40:34.290 I/audio_hw_hal_primary( 509): [adev_open_output_stream_new:8037] io 821: out: 0xeed04f20 card:0 alsa devices:0 exit ------
05-28 15:40:34.293 I/audio_hw_hal_primary( 509): [out_get_buffer_size:552] out:0xeed04f20 config.rate=32000, format:AC3(0x9000000), stream format:AC3(0x9000000)
05-28 15:40:34.294 I/AudioFlinger( 594): HAL output buffer size 2048 frames, normal sink buffer size 2048 frames
05-28 15:40:34.294 I/audio_hw_hal_primary( 509): [audiohal_get_latency:1333] io 821: out:0xeed04f20 frames:1152 rate:32000 whole_latency:36 alsa_latency:36
05-28 15:40:34.294 I/audio_hw_hal_primary( 509): [out_set_event_callback:3158] io 821: out:0xeed04f20, callback:0xf0dfc91d cookie:0xf14c18d0
05-28 15:40:34.295 I/AudioFlinger( 594): AudioFlinger's thread 0xecf34760 tid=15172 ready to run
05-28 15:40:34.295 I/audio_hw_hal_primary( 509): [audiohal_get_latency:1333] io 821: out:0xeed04f20 frames:1024 rate:32000 whole_latency:32 alsa_latency:32
05-28 15:40:34.296 I/audio_hw_hal_primary( 509): [audiohal_get_latency:1333] io 821: out:0xeed04f20 frames:1024 rate:32000 whole_latency:32 alsa_latency:32
05-28 15:40:34.297 D/AudioFlinger( 594): ro.audio.silent is ignored since no output device is set
05-28 15:40:34.297 W/IPCThreadState( 594): Sending oneway calls to frozen process.
05-28 15:40:34.297 D/audio_hw_hal_primary( 509): [out_standby_new:5767] io 821: out:0xeed04f20 usecase:RAW_DIRECT
05-28 15:40:34.297 I/audio_hw_hal_primary( 509): already standby, do nothing
05-28 15:40:34.300 D/AudioFlinger( 594): ro.audio.silent is ignored since no output device is set
05-28 15:40:34.307 I/AudioFlinger( 594): openOutput() this 0xf2b07600, module 10 Device AUDIO_DEVICE_OUT_HDMI, @:, SamplingRate 32000, Format 0x9000000, Channels 0x1, flags 0x51
05-28 15:40:34.307 D/audio_hw_hal_primary( 509): [adev_open_output_stream_new:7868] enter: dev=0xeedc14a0 handle=33d devices=0x400/'HDMI,' flags=0x51/'DIRECT,COMPRESS_OFFLOAD,HW_AV_SYNC,' config=(rt=32000 ch_mask=0x1 fmt=0x9000000) address=''
05-28 15:40:34.307 D/audio_hw_hal_primary( 509): adev_open_output_stream_new: enter
05-28 15:40:34.307 I/audio_hw_hal_primary( 509): [adev_open_output_stream:3285] io 829: out:0xeed00740 dev:OUT_HDMI(0x400) addr:
05-28 15:40:34.307 I/audio_hw_hal_primary( 509): [adev_open_output_stream:3287] ch_mask:0x1 rate:32000 format:AC3(0x9000000) flags:0x51
05-28 15:40:34.307 I/audio_hw_hal_primary( 509): adev_open_output_stream: for raw audio output,force alsa stereo output
05-28 15:40:34.307 D/audio_hw_hal_primary( 509): [adev_open_output_stream:3573] format=AC3 rate=32000
05-28 15:40:34.307 I/audio_hw_hal_primary( 509): [adev_open_output_stream:3610] result profile ch_mask:0x1 rate:32000 format:AC3(0x9000000) usecase:RAW_HWSYNC
05-28 15:40:34.308 I/audio_hw_hal_utils( 509): aml_get_stream_dump_file_name line 2929 file_name /data/vendor/audiohal/stream_pid509_tid714.dd
05-28 15:40:34.308 I/audio_hw_hal_primary( 509): [adev_open_output_stream_new:8037] io 829: out: 0xeed00740 card:0 alsa devices:0 exit ------
05-28 15:40:34.309 I/audio_hw_hal_primary( 509): [out_get_buffer_size:552] out:0xeed00740 config.rate=32000, format:AC3(0x9000000), stream format:AC3(0x9000000)
05-28 15:40:34.309 I/AudioFlinger( 594): HAL output buffer size 2048 frames, normal sink buffer size 2048 frames
05-28 15:40:34.309 I/audio_hw_hal_primary( 509): [audiohal_get_latency:1333] io 829: out:0xeed00740 frames:1152 rate:32000 whole_latency:36 alsa_latency:36
05-28 15:40:34.309 I/audio_hw_hal_primary( 509): [out_set_event_callback:3158] io 829: out:0xeed00740, callback:0xf0dfc91d cookie:0xf14c17b0
05-28 15:40:34.310 I/audio_hw_hal_primary( 509): [audiohal_get_latency:1333] io 829: out:0xeed00740 frames:1152 rate:32000 whole_latency:36 alsa_latency:36
05-28 15:40:34.310 I/AudioFlinger( 594): AudioFlinger's thread 0xecf285b0 tid=15173 ready to run
05-28 15:40:34.310 D/hdmicecd( 532): [CEC]:printCecMessage, [4 -> 4] len: 0, body:, result:no ack
05-28 15:40:34.310 I/audio_hw_hal_primary( 509): [audiohal_get_latency:1333] io 829: out:0xeed00740 frames:1152 rate:32000 whole_latency:36 alsa_latency:36
05-28 15:40:34.310 W/IPCThreadState( 594): Sending oneway calls to frozen process.
05-28 15:40:34.311 D/AudioFlinger( 594): ro.audio.silent is ignored since no output device is set
05-28 15:40:34.312 D/AudioFlinger( 594): ro.audio.silent is ignored since no output device is set
05-28 15:40:34.316 E/MesonDisplay( 289): open /sys/class/amhdmitx/amhdmitx0/hdcp_pwr fail. Error info [No such file or directory]
05-28 15:40:34.316 E/MesonDisplay( 289): open /sys/class/amhdmitx/amhdmitx0/hdcp_ctrl fail. Error info [No such file or directory]
05-28 15:40:34.316 E/MesonDisplay( 289): open /sys/class/amhdmitx/amhdmitx0/hdcp_ctrl fail. Error info [No such file or directory]
05-28 15:40:34.318 I/MesonDisplay( 289): [/HDCPTxAuth.cpp, stop, 137] hdcp_tx pthread exit id = 3997155776, (null) done
05-28 15:40:34.318 D/MesonDisplayServer( 289): SetDisplay[HDMI] Mode to "1080p60hz"
05-28 15:40:34.320 I/AudioFlinger( 594): openOutput() this 0xf2b07600, module 10 Device AUDIO_DEVICE_OUT_HDMI, @:, SamplingRate 0, Format 00000000, Channels 0, flags 0x4001
05-28 15:40:34.320 D/audio_hw_hal_primary( 509): [adev_open_output_stream_new:7868] enter: dev=0xeedc14a0 handle=345 devices=0x400/'HDMI,' flags=0x4001/'DIRECT,MMAP_NOIRQ,' config=(rt=0 ch_mask=0x0 fmt=0x0) address=''
05-28 15:40:34.320 D/audio_hw_hal_primary( 509): adev_open_output_stream_new: enter
05-28 15:40:34.320 I/audio_hw_hal_primary( 509): [adev_open_output_stream:3285] io 837: out:0xeed040c0 dev:OUT_HDMI(0x400) addr:
05-28 15:40:34.320 I/audio_hw_hal_primary( 509): [adev_open_output_stream:3287] ch_mask:0 rate:0 format:DEFAULT(0) flags:0x4001
05-28 15:40:34.320 I/audio_hw_hal_primary( 509): when open aaudio stream, send RUNNING msg to submix & ms12
05-28 15:40:34.320 W/audio_hw_hal_ms12common( 509): aml_set_ms12_scheduler_state sch_state:0 SCHEDULER_RUNNING, ms12 scheduler state not changed.
05-28 15:40:34.320 I/audio_hw_hal_mmap( 509): [outMmapInit:680] stream:0xeed040c0
05-28 15:40:34.320 I/audio_hw_hal_mmap( 509): [dma_buffer_allocate:639] enter
05-28 15:40:34.320 I/DMABUFHEAPS( 509): Using DMA-BUF heap named: system-uncached
05-28 15:40:34.321 I/audio_hw_hal_mmap( 509): [dma_buffer_allocate:673] s32DmaFd:26, pu8MmapAddr:0xf21be000
05-28 15:40:34.321 I/audio_hw_hal_mmap( 509): [mmap_audio_register_client:927] OK ! stream 0xeed040c0, client id 0
05-28 15:40:34.321 I/audio_hw_hal_primary( 509): [adev_open_output_stream:3540] vendor.media.llp 0
05-28 15:40:34.321 I/audio_hw_hal_primary( 509): [adev_open_output_stream:3610] result profile ch_mask:0x3 rate:48000 format:PCM_16_BIT(0x1) usecase:PCM_MMAP
05-28 15:40:34.321 I/audio_hw_hal_utils( 509): aml_get_stream_dump_file_name line 2929 file_name /data/vendor/audiohal/stream_pid509_tid714.pcm
05-28 15:40:34.321 I/audio_hw_hal_primary( 509): [adev_open_output_stream_new:8037] io 837: out: 0xeed040c0 card:0 alsa devices:0 exit ------
05-28 15:40:34.322 I/audio_hw_hal_primary( 509): [out_get_buffer_size:552] out:0xeed040c0 config.rate=48000, format:PCM_16_BIT(0x1), stream format:PCM_16_BIT(0x1)
05-28 15:40:34.323 I/AudioFlinger( 594): AudioFlinger's thread 0xecd46dc0 tid=15174 ready to run
05-28 15:40:34.323 W/IPCThreadState( 594): Sending oneway calls to frozen process.
05-28 15:40:34.323 I/audio_hw_hal_profile( 509): [out_get_parameters:2092] out:0xeed040c0 query channels. Format:PCM_16_BIT(0x1) ++++++++++ hal_format:PCM_16_BIT
05-28 15:40:34.324 D/audio_hw_hal_profile( 509): get_hdmi_sink_cap_new is running...
05-28 15:40:34.324 D/audio_hw_hal_profile( 509): [get_hdmi_sink_cap_new:887] query hdmi channels... format: PCM_16_BIT(0x1)
05-28 15:40:34.324 I/audio_hw_hal_profile( 509): [out_get_parameters:2165] sup_channels=AUDIO_CHANNEL_OUT_STEREO|AUDIO_CHANNEL_OUT_5POINT1|AUDIO_CHANNEL_OUT_7POINT1
05-28 15:40:34.325 D/AudioFlinger( 594): closing mmapThread 0xecd46dc0
05-28 15:40:34.325 W/IPCThreadState( 594): Sending oneway calls to frozen process.
05-28 15:40:34.325 D/AudioFlinger( 594): mmapThread exit()
05-28 15:40:34.325 I/audio_hw_hal_primary( 509): [adev_close_output_stream_new:8052] io handle 837: out:0xeed040c0
05-28 15:40:34.325 D/audio_hw_hal_primary( 509): adev_close_output_stream_new: enter usecase = PCM_MMAP
05-28 15:40:34.325 I/audio_hw_hal_primary( 509): [adev_close_output_stream:3695] io 837: out:0xeed040c0 dev:OUT_HDMI(0x400) flags:0x4001, usecase:PCM_MMAP
05-28 15:40:34.325 D/audio_hw_hal_primary( 509): [out_standby_new:5767] io 837: out:0xeed040c0 usecase:PCM_MMAP
05-28 15:40:34.325 I/audio_hw_hal_primary( 509): already standby, do nothing
05-28 15:40:34.325 I/audio_hw_hal_mmap( 509): [outMmapDeInit:743] stream:0xeed040c0
05-28 15:40:34.325 I/audio_hw_hal_mmap( 509): [mmap_audio_unregister_client:955] OK ! stream 0xeed040c0, client id 0
05-28 15:40:34.326 I/audio_hw_hal_primary( 509): when close aaudio stream, send STANDBY msg to submix & ms12
05-28 15:40:34.326 I/audio_hw_hal_ms12common( 509): aml_set_ms12_scheduler_state ms12_scheduler_state:1, sch_state:1 SCHEDULER_STANDBY is sent to ms12
05-28 15:40:34.326 I/audio_hw_hal_resourcemgr( 509): [is_output_device_muted:710] device:0x2 port_mute:0, fade_mute:0
05-28 15:40:34.326 I/audio_hw_hal_primary( 509): [adev_close_output_stream:3863] io 837: out:0xeed040c0 exit ------
05-28 15:40:34.326 I/AudioFlinger( 594): openOutput() this 0xf2b07600, module 10 Device AUDIO_DEVICE_OUT_HDMI, @:, SamplingRate 48000, Format 0x000001, Channels 0x3, flags 0x4001
05-28 15:40:34.326 D/audio_hw_hal_primary( 509): [adev_open_output_stream_new:7868] enter: dev=0xeedc14a0 handle=34d devices=0x400/'HDMI,' flags=0x4001/'DIRECT,MMAP_NOIRQ,' config=(rt=48000 ch_mask=0x3 fmt=0x1) address=''
05-28 15:40:34.326 D/audio_hw_hal_primary( 509): adev_open_output_stream_new: enter
05-28 15:40:34.326 I/audio_hw_hal_primary( 509): [adev_open_output_stream:3285] io 845: out:0xeed040c0 dev:OUT_HDMI(0x400) addr:
05-28 15:40:34.326 I/audio_hw_hal_primary( 509): [adev_open_output_stream:3287] ch_mask:0x3 rate:48000 format:PCM_16_BIT(0x1) flags:0x4001
05-28 15:40:34.326 I/audio_hw_hal_primary( 509): when open aaudio stream, send RUNNING msg to submix & ms12
05-28 15:40:34.327 D/audio_hw_hal_ms12v2( 509): set_dolby_ms12_continuous_state audio_continuous_standby_set status 0
05-28 15:40:34.327 D/audio_hw_hal_continuous_standby( 509): audio_continuous_standby_set, type 0, params 0
05-28 15:40:34.327 I/audio_hw_hal_ms12common( 509): aml_set_ms12_scheduler_state ms12_scheduler_state:0, sch_state:0 SCHEDULER_RUNNING is sent to ms12
05-28 15:40:34.327 I/audio_hw_hal_mmap( 509): [outMmapInit:680] stream:0xeed040c0
05-28 15:40:34.327 I/audio_hw_hal_mmap( 509): [dma_buffer_allocate:639] enter
05-28 15:40:34.327 I/DMABUFHEAPS( 509): Using DMA-BUF heap named: system-uncached
05-28 15:40:34.327 I/audio_hw_hal_mmap( 509): [dma_buffer_allocate:673] s32DmaFd:26, pu8MmapAddr:0xf21be000
05-28 15:40:34.327 I/audio_hw_hal_mmap( 509): [mmap_audio_register_client:927] OK ! stream 0xeed040c0, client id 0
05-28 15:40:34.327 I/audio_hw_hal_primary( 509): [adev_open_output_stream:3540] vendor.media.llp 0
05-28 15:40:34.327 I/audio_hw_hal_primary( 509): [adev_open_output_stream:3610] result profile ch_mask:0x3 rate:48000 format:PCM_16_BIT(0x1) usecase:PCM_MMAP
05-28 15:40:34.327 I/audio_hw_hal_utils( 509): aml_get_stream_dump_file_name line 2929 file_name /data/vendor/audiohal/stream_pid509_tid714.pcm
05-28 15:40:34.327 I/audio_hw_hal_primary( 509): [adev_open_output_stream_new:8037] io 845: out: 0xeed040c0 card:0 alsa devices:0 exit ------
05-28 15:40:34.329 I/audio_hw_hal_primary( 509): [out_get_buffer_size:552] out:0xeed040c0 config.rate=48000, format:PCM_16_BIT(0x1), stream format:PCM_16_BIT(0x1)
05-28 15:40:34.331 I/AudioFlinger( 594): AudioFlinger's thread 0xecd46dc0 tid=15176 ready to run
05-28 15:40:34.332 W/IPCThreadState( 594): Sending oneway calls to frozen process.
05-28 15:40:34.335 I/audio_hw_hal_primary( 509): [out_set_volume:1406] out:0xeed040c0 left:1.000000 continuous:1 internal_format:PCM_16_BIT dolby:0 direct pcm:1 mmap_pcm:1
05-28 15:40:34.343 I/AudioFlinger( 594): openOutput() this 0xf2b07600, module 10 Device AUDIO_DEVICE_OUT_HDMI, @:, SamplingRate 0, Format 00000000, Channels 0, flags 0x41
05-28 15:40:34.343 D/audio_hw_hal_primary( 509): [adev_open_output_stream_new:7868] enter: dev=0xeedc14a0 handle=355 devices=0x400/'HDMI,' flags=0x41/'DIRECT,HW_AV_SYNC,' config=(rt=0 ch_mask=0x0 fmt=0x0) address=''
05-28 15:40:34.343 D/audio_hw_hal_primary( 509): adev_open_output_stream_new: enter
05-28 15:40:34.343 I/audio_hw_hal_primary( 509): [adev_open_output_stream:3285] io 853: out:0xeed064b0 dev:OUT_HDMI(0x400) addr:
05-28 15:40:34.343 I/audio_hw_hal_primary( 509): [adev_open_output_stream:3287] ch_mask:0 rate:0 format:DEFAULT(0) flags:0x41
05-28 15:40:34.343 D/audio_hw_hal_primary( 509): [adev_open_output_stream:3573] format=PCM_16_BIT rate=48000
05-28 15:40:34.343 I/audio_hw_hal_primary( 509): [adev_open_output_stream:3610] result profile ch_mask:0x3 rate:48000 format:PCM_16_BIT(0x1) usecase:PCM_HWSYNC
05-28 15:40:34.344 D/audio_hw_hal_timer( 509): func:audio_timer_create create timer.3 success.
05-28 15:40:34.345 D/audio_hw_hal_timer( 509): func:audio_timer_create create timer.4 success.
05-28 15:40:34.345 D/audio_hw_hal_primary( 509): [adev_open_output_stream_new:7980] timer_id:3
05-28 15:40:34.345 I/audio_hw_hal_utils( 509): aml_get_stream_dump_file_name line 2929 file_name /data/vendor/audiohal/stream_pid509_tid599.pcm
05-28 15:40:34.345 I/audio_hw_hal_primary( 509): [adev_open_output_stream_new:8037] io 853: out: 0xeed064b0 card:0 alsa devices:0 exit ------
05-28 15:40:34.346 I/audio_hw_hal_primary( 509): [out_get_buffer_size:552] out:0xeed064b0 config.rate=48000, format:PCM_16_BIT(0x1), stream format:PCM_16_BIT(0x1)
05-28 15:40:34.346 I/AudioFlinger( 594): HAL output buffer size 2058 frames, normal sink buffer size 2058 frames
05-28 15:40:34.346 I/audio_hw_hal_primary( 509): [audiohal_get_latency:1333] io 853: out:0xeed064b0 frames:1152 rate:48000 whole_latency:24 alsa_latency:24
05-28 15:40:34.346 I/audio_hw_hal_primary( 509): [out_set_event_callback:3158] io 853: out:0xeed064b0, callback:0xf0dfc91d cookie:0xf14c0df0
05-28 15:40:34.347 I/audio_hw_hal_primary( 509): [audiohal_get_latency:1333] io 853: out:0xeed064b0 frames:1152 rate:48000 whole_latency:24 alsa_latency:24
05-28 15:40:34.347 I/audio_hw_hal_primary( 509): [audiohal_get_latency:1333] io 853: out:0xeed064b0 frames:1152 rate:48000 whole_latency:24 alsa_latency:24
05-28 15:40:34.347 I/AudioFlinger( 594): AudioFlinger's thread 0xecf20490 tid=15179 ready to run
05-28 15:40:34.347 W/IPCThreadState( 594): Sending oneway calls to frozen process.
05-28 15:40:34.348 D/AudioFlinger( 594): ro.audio.silent is ignored since no output device is set
05-28 15:40:34.348 I/audio_hw_hal_profile( 509): [out_get_parameters:2085] out:0xeed064b0 query audio format. ++++++++++ hal_format:PCM_16_BIT
05-28 15:40:34.348 D/audio_hw_hal_profile( 509): get_hdmi_sink_cap_new is running...
05-28 15:40:34.348 D/audio_hw_hal_profile( 509): query hdmi format...
05-28 15:40:34.348 D/audio_hw_hal_profile( 509): get_hdmi_sink_cap_new ddp is unsupported; ddp-joc(atmos) is unsupported;
05-28 15:40:34.348 I/audio_hw_hal_profile( 509): PCM cap Max channel =8
05-28 15:40:34.348 I/audio_hw_hal_profile( 509): [out_get_parameters:2165] sup_formats=AUDIO_FORMAT_PCM_16_BIT|AUDIO_FORMAT_IEC61937
05-28 15:40:34.349 D/APM_AudioPolicyManager( 594): modifySurroundFormats: forced use = 13
05-28 15:40:34.349 I/audio_hw_hal_profile( 509): [out_get_parameters:2089] out:0xeed064b0 query sample rate. Format:PCM_16_BIT(0x1) ++++++++++ hal_format:PCM_16_BIT
05-28 15:40:34.349 D/audio_hw_hal_profile( 509): get_hdmi_sink_cap_new is running...
05-28 15:40:34.350 D/audio_hw_hal_profile( 509): [get_hdmi_sink_cap_new:960] query hdmi sample_rate... format: PCM_16_BIT(0x1)
05-28 15:40:34.350 I/audio_hw_hal_profile( 509): get_hdmi_sink_cap_new format =0x1 support rate =sup_sampling_rates=32000|44100|48000
05-28 15:40:34.350 I/audio_hw_hal_profile( 509): [out_get_parameters:2165] sup_sampling_rates=32000|44100|48000
05-28 15:40:34.350 I/audio_hw_hal_profile( 509): [out_get_parameters:2092] out:0xeed064b0 query channels. Format:PCM_16_BIT(0x1) ++++++++++ hal_format:PCM_16_BIT
05-28 15:40:34.350 D/audio_hw_hal_profile( 509): get_hdmi_sink_cap_new is running...
05-28 15:40:34.350 D/audio_hw_hal_profile( 509): [get_hdmi_sink_cap_new:887] query hdmi channels... format: PCM_16_BIT(0x1)
05-28 15:40:34.350 I/audio_hw_hal_profile( 509): [out_get_parameters:2165] sup_channels=AUDIO_CHANNEL_OUT_STEREO|AUDIO_CHANNEL_OUT_5POINT1|AUDIO_CHANNEL_OUT_7POINT1
05-28 15:40:34.351 D/audio_hw_hal_primary( 509): [out_standby_new:5767] io 853: out:0xeed064b0 usecase:PCM_HWSYNC
05-28 15:40:34.351 I/audio_hw_hal_primary( 509): already standby, do nothing
05-28 15:40:34.351 I/audio_hw_hal_profile( 509): [out_get_parameters:2089] out:0xeed064b0 query sample rate. Format:IEC61937(0xd000000) ++++++++++ hal_format:PCM_16_BIT
05-28 15:40:34.351 D/audio_hw_hal_profile( 509): get_hdmi_sink_cap_new is running...
05-28 15:40:34.352 D/audio_hw_hal_profile( 509): [get_hdmi_sink_cap_new:960] query hdmi sample_rate... format: IEC61937(0xd000000)
05-28 15:40:34.352 I/audio_hw_hal_profile( 509): [out_get_parameters:2165] sup_sampling_rates=8000|11025|16000|22050|24000|32000|44100|48000|128000|176400|192000
05-28 15:40:34.352 I/audio_hw_hal_profile( 509): [out_get_parameters:2092] out:0xeed064b0 query channels. Format:IEC61937(0xd000000) ++++++++++ hal_format:PCM_16_BIT
05-28 15:40:34.352 D/audio_hw_hal_profile( 509): get_hdmi_sink_cap_new is running...
05-28 15:40:34.352 D/audio_hw_hal_profile( 509): [get_hdmi_sink_cap_new:887] query hdmi channels... format: IEC61937(0xd000000)
05-28 15:40:34.352 I/audio_hw_hal_profile( 509): [out_get_parameters:2165] sup_channels=AUDIO_CHANNEL_OUT_MONO|AUDIO_CHANNEL_OUT_STEREO|AUDIO_CHANNEL_OUT_TRI|AUDIO_CHANNEL_OUT_TRI_BACK|AUDIO_CHANNEL_OUT_3POINT1|AUDIO_CHANNEL_OUT_QUAD|AUDIO_CHANNEL_OUT_SURROUND|AUDIO_CHANNEL_OUT_PENTA|AUDIO_CHANNEL_OUT_5POINT1|AUDIO_CHANNEL_OUT_7POINT1
05-28 15:40:34.353 D/audio_hw_hal_primary( 509): [out_dump:848] io 853: out:0xeed064b0, fd:27
05-28 15:40:34.354 W/IPCThreadState( 594): Sending oneway calls to frozen process.
05-28 15:40:34.354 D/audio_hw_hal_primary( 509): [out_set_parameters:971] out:0xeed064b0 kvpairs:closing=true;exiting=1 out->out_device:0x400, adev->out_device:0x80002
05-28 15:40:34.354 E/audio_hw_hal_primary( 509): out_set_parameters, ret:-2, hw_sync_mode:is false
05-28 15:40:34.355 D/AudioFlinger( 594): ro.audio.silent is ignored since no output device is set
05-28 15:40:34.355 I/audio_hw_hal_primary( 509): [out_set_event_callback:3158] io 853: out:0xeed064b0, callback:0xf0dfc91d cookie:0xf14c0df0
05-28 15:40:34.355 I/audio_hw_hal_primary( 509): [adev_close_output_stream_new:8052] io handle 853: out:0xeed064b0
05-28 15:40:34.355 D/audio_hw_hal_primary( 509): adev_close_output_stream_new: enter usecase = PCM_HWSYNC
05-28 15:40:34.355 D/audio_hw_hal_timer( 509): func:audio_timer_delete delete timer.3 success.
05-28 15:40:34.355 D/audio_hw_hal_timer( 509): func:audio_timer_delete delete timer.4 success.
05-28 15:40:34.355 D/audio_hw_hal_primary( 509): [adev_close_output_stream_new:8076] timer_id:3 ret:4
05-28 15:40:34.356 I/audio_hw_hal_primary( 509): [adev_close_output_stream:3695] io 853: out:0xeed064b0 dev:OUT_HDMI(0x400) flags:0x41, usecase:PCM_HWSYNC
05-28 15:40:34.356 D/audio_hw_hal_primary( 509): [out_standby_new:5767] io 853: out:0xeed064b0 usecase:PCM_HWSYNC
05-28 15:40:34.356 I/audio_hw_hal_primary( 509): already standby, do nothing
05-28 15:40:34.356 I/audio_hw_hal_resourcemgr( 509): [is_output_device_muted:710] device:0x2 port_mute:0, fade_mute:0
05-28 15:40:34.356 I/audio_hw_hal_primary( 509): [adev_close_output_stream:3863] io 853: out:0xeed064b0 exit ------
05-28 15:40:34.356 I/AudioFlinger( 594): openOutput() this 0xf2b07600, module 10 Device AUDIO_DEVICE_OUT_HDMI, @:, SamplingRate 8000, Format 0xd000000, Channels 0x1, flags 0x41
05-28 15:40:34.357 D/audio_hw_hal_primary( 509): [adev_open_output_stream_new:7868] enter: dev=0xeedc14a0 handle=35d devices=0x400/'HDMI,' flags=0x441/'DIRECT,HW_AV_SYNC,IEC958_NONAUDIO,' config=(rt=8000 ch_mask=0x1 fmt=0xd000000) address=''
05-28 15:40:34.357 D/audio_hw_hal_primary( 509): adev_open_output_stream_new: enter
05-28 15:40:34.357 I/audio_hw_hal_primary( 509): [adev_open_output_stream:3285] io 861: out:0xeed064b0 dev:OUT_HDMI(0x400) addr:
05-28 15:40:34.357 I/audio_hw_hal_primary( 509): [adev_open_output_stream:3287] ch_mask:0x1 rate:8000 format:IEC61937(0xd000000) flags:0x441
05-28 15:40:34.357 D/audio_hw_hal_primary( 509): [adev_open_output_stream:3381] current format is IEC61937
05-28 15:40:34.357 D/audio_hw_hal_primary( 509): [adev_open_output_stream:3573] format=IEC61937 rate=8000
05-28 15:40:34.357 I/audio_hw_hal_primary( 509): [adev_open_output_stream:3610] result profile ch_mask:0x1 rate:8000 format:IEC61937(0xd000000) usecase:RAW_DIRECT
05-28 15:40:34.357 I/audio_hw_hal_utils( 509): aml_get_stream_dump_file_name line 2929 file_name /data/vendor/audiohal/stream_pid509_tid599.pcm
05-28 15:40:34.357 I/audio_hw_hal_primary( 509): [adev_open_output_stream_new:8037] io 861: out: 0xeed064b0 card:0 alsa devices:0 exit ------
05-28 15:40:34.358 I/audio_hw_hal_primary( 509): [out_get_buffer_size:552] out:0xeed064b0 config.rate=8000, format:IEC61937(0xd000000), stream format:IEC61937(0xd000000)
05-28 15:40:34.358 I/audio_hw_hal_primary( 509): out_get_buffer_size AUDIO_FORMAT_IEC61937 buffer size = 4096 frames
05-28 15:40:34.358 I/AudioFlinger( 594): HAL output buffer size 2048 frames, normal sink buffer size 2048 frames
05-28 15:40:34.358 I/audio_hw_hal_primary( 509): [audiohal_get_latency:1333] io 861: out:0xeed064b0 frames:1024 rate:8000 whole_latency:128 alsa_latency:128
05-28 15:40:34.358 I/audio_hw_hal_primary( 509): [out_set_event_callback:3158] io 861: out:0xeed064b0, callback:0xf0dfc91d cookie:0xf14c1e10
05-28 15:40:34.359 I/audio_hw_hal_primary( 509): [audiohal_get_latency:1333] io 861: out:0xeed064b0 frames:1024 rate:8000 whole_latency:128 alsa_latency:128
05-28 15:40:34.359 I/AudioFlinger( 594): AudioFlinger's thread 0xecf20490 tid=15181 ready to run
05-28 15:40:34.359 I/audio_hw_hal_primary( 509): [audiohal_get_latency:1333] io 861: out:0xeed064b0 frames:1024 rate:8000 whole_latency:128 alsa_latency:128
05-28 15:40:34.360 W/IPCThreadState( 594): Sending oneway calls to frozen process.
05-28 15:40:34.360 D/AudioFlinger( 594): ro.audio.silent is ignored since no output device is set
05-28 15:40:34.361 D/audio_hw_hal_primary( 509): [out_standby_new:5767] io 861: out:0xeed064b0 usecase:RAW_DIRECT
05-28 15:40:34.361 I/audio_hw_hal_primary( 509): already standby, do nothing
05-28 15:40:34.362 D/AudioFlinger( 594): ro.audio.silent is ignored since no output device is set
05-28 15:40:34.363 D/AudioFlinger( 594): ro.audio.silent is ignored since no output device is set
05-28 15:40:34.363 D/AudioFlinger( 594): ro.audio.silent is ignored since no output device is set
05-28 15:40:34.364 D/AudioFlinger( 594): ro.audio.silent is ignored since no output device is set
05-28 15:40:34.365 D/AudioFlinger( 594): ro.audio.silent is ignored since no output device is set
05-28 15:40:34.366 D/AudioFlinger( 594): ro.audio.silent is ignored since no output device is set
05-28 15:40:34.366 D/hdmicecd( 532): [CEC]:printCecMessage, [4 -> 4] len: 0, body:, result:no ack
05-28 15:40:34.368 D/AudioFlinger( 594): ro.audio.silent is ignored since no output device is set
05-28 15:40:34.370 D/AudioFlinger( 594): ro.audio.silent is ignored since no output device is set
05-28 15:40:34.371 D/AudioFlinger( 594): ro.audio.silent is ignored since no output device is set
05-28 15:40:34.372 D/AudioFlinger( 594): ro.audio.silent is ignored since no output device is set
05-28 15:40:34.373 D/AudioFlinger( 594): ro.audio.silent is ignored since no output device is set
05-28 15:40:34.374 D/AudioFlinger( 594): ro.audio.silent is ignored since no output device is set
05-28 15:40:34.375 I/AudioFlinger( 594): openOutput() this 0xf2b07600, module 10 Device AUDIO_DEVICE_OUT_HDMI, @:, SamplingRate 0, Format 00000000, Channels 0, flags 0x1
05-28 15:40:34.375 D/audio_hw_hal_primary( 509): [adev_open_output_stream_new:7868] enter: dev=0xeedc14a0 handle=365 devices=0x400/'HDMI,' flags=0x1/'DIRECT,' config=(rt=0 ch_mask=0x0 fmt=0x0) address=''
05-28 15:40:34.375 D/audio_hw_hal_primary( 509): adev_open_output_stream_new: enter
05-28 15:40:34.375 I/audio_hw_hal_primary( 509): [adev_open_output_stream:3285] io 869: out:0xeed00e70 dev:OUT_HDMI(0x400) addr:
05-28 15:40:34.375 I/audio_hw_hal_primary( 509): [adev_open_output_stream:3287] ch_mask:0 rate:0 format:DEFAULT(0) flags:0x1
05-28 15:40:34.375 I/audio_hw_hal_primary( 509): [adev_open_output_stream:3610] result profile ch_mask:0x3 rate:48000 format:PCM_16_BIT(0x1) usecase:PCM_DIRECT
05-28 15:40:34.375 I/audio_hw_hal_utils( 509): aml_get_stream_dump_file_name line 2929 file_name /data/vendor/audiohal/stream_pid509_tid599.pcm
05-28 15:40:34.375 I/audio_hw_hal_primary( 509): [adev_open_output_stream_new:8037] io 869: out: 0xeed00e70 card:0 alsa devices:0 exit ------
05-28 15:40:34.376 I/audio_hw_hal_primary( 509): [out_get_buffer_size:552] out:0xeed00e70 config.rate=48000, format:PCM_16_BIT(0x1), stream format:PCM_16_BIT(0x1)
05-28 15:40:34.377 I/AudioFlinger( 594): HAL output buffer size 2048 frames, normal sink buffer size 2048 frames
05-28 15:40:34.377 I/audio_hw_hal_primary( 509): [audiohal_get_latency:1333] io 869: out:0xeed00e70 frames:1152 rate:48000 whole_latency:24 alsa_latency:24
05-28 15:40:34.377 I/audio_hw_hal_primary( 509): [out_set_event_callback:3158] io 869: out:0xeed00e70, callback:0xf0dfc91d cookie:0xf14c0d30
05-28 15:40:34.378 I/audio_hw_hal_primary( 509): [audiohal_get_latency:1333] io 869: out:0xeed00e70 frames:1152 rate:48000 whole_latency:24 alsa_latency:24
05-28 15:40:34.378 I/AudioFlinger( 594): AudioFlinger's thread 0xecf10250 tid=15182 ready to run
05-28 15:40:34.378 I/audio_hw_hal_primary( 509): [audiohal_get_latency:1333] io 869: out:0xeed00e70 frames:1152 rate:48000 whole_latency:24 alsa_latency:24
05-28 15:40:34.378 W/IPCThreadState( 594): Sending oneway calls to frozen process.
05-28 15:40:34.379 D/AudioFlinger( 594): ro.audio.silent is ignored since no output device is set
05-28 15:40:34.380 I/audio_hw_hal_profile( 509): [out_get_parameters:2085] out:0xeed00e70 query audio format. ++++++++++ hal_format:PCM_16_BIT
05-28 15:40:34.380 D/audio_hw_hal_profile( 509): get_hdmi_sink_cap_new is running...
05-28 15:40:34.380 D/audio_hw_hal_profile( 509): query hdmi format...
05-28 15:40:34.380 D/audio_hw_hal_profile( 509): get_hdmi_sink_cap_new ddp is unsupported; ddp-joc(atmos) is unsupported;
05-28 15:40:34.380 I/audio_hw_hal_profile( 509): PCM cap Max channel =8
05-28 15:40:34.380 I/audio_hw_hal_profile( 509): [out_get_parameters:2165] sup_formats=AUDIO_FORMAT_PCM_16_BIT|AUDIO_FORMAT_IEC61937
05-28 15:40:34.380 D/APM_AudioPolicyManager( 594): modifySurroundFormats: forced use = 13
05-28 15:40:34.380 D/audio_hw_hal_primary( 509): [out_standby_new:5767] io 869: out:0xeed00e70 usecase:PCM_DIRECT
