05-28 15:36:16.647 I/V4l2Adaptor( 527): onImportBufferForPicture addr 0x0, stride 0, offset 0, size 0
05-28 15:36:16.648 I/VDA ( 527): [0##99]"ImportDynamicCaptureBufferForPictureTask fd=108, index=7\n"" {IN=1/8, OUT=5/8[kAtAccelerator(1) kAtDevice(2) kAtClient(5)]}"
05-28 15:36:16.648 I/mali_gralloc( 262): am_gralloc_get_uvm_decoder_para: parameters:[slot_id=0,w*h(1920*1088),w_align=64,h_align=64,size=0]
05-28 15:36:16.648 I/mali_gralloc( 262): am_gralloc_get_uvm_decoder_para: parameters:[slot_id=0,w*h(1920*1088),w_align=64,h_align=64,size=0]
05-28 15:36:16.652 I/virtual Data FFDemuxer::read()(14565): read frame ret: End of file latestReceivedTime: 56598 getTotalTimeMillis: 6666 is exit: 0
05-28 15:36:16.652 I/virtual Data FFDemuxer::read()(14565): list smooth loop
05-28 15:36:16.655 I/C2VdecBlockPoolUtil( 527): Fetch the new block(ino:35593 fd:112 dup fd:115 id:8) and append.
05-28 15:36:16.655 I/V4l2Adaptor( 527): importBufferForPicture pictureBufferId 8, dmabufFd 35, metaFd -1
05-28 15:36:16.655 I/V4l2Adaptor( 527): onImportBufferForPicture pictureBufferId 8, dmabufFd 35, metaFd -1, plane size 1
05-28 15:36:16.655 I/V4l2Adaptor( 527): onImportBufferForPicture addr 0x0, stride 0, offset 0, size 0
05-28 15:36:16.655 I/VDA ( 527): [0##99]"ImportDynamicCaptureBufferForPictureTask fd=35, index=8\n"" {IN=0/8, OUT=5/9[kAtAccelerator(1) kAtDevice(3) kAtClient(5)]}"
05-28 15:36:16.655 I/mali_gralloc( 262): am_gralloc_get_uvm_decoder_para: parameters:[slot_id=0,w*h(1920*1088),w_align=64,h_align=64,size=0]
05-28 15:36:16.655 I/virtual StreamInfo FFDemuxer::getVideoStreamInfo()(14565): video width: 1920 video height: 1080 video pixelFormat: 0 fps: 30
05-28 15:36:16.655 D/virtual Data FFDemuxer::read()(14565): open next url: /data/user/0/com.dangbei.lerad.screensaver/files/download/61/city_1.mp4
05-28 15:36:16.655 I/mali_gralloc( 262): am_gralloc_get_uvm_decoder_para: parameters:[slot_id=0,w*h(1920*1088),w_align=64,h_align=64,size=0]
05-28 15:36:16.657 I/C2VdecBlockPoolUtil( 527): Fetch the new block(ino:35595 fd:118 dup fd:121 id:9) and append.
05-28 15:36:16.657 I/V4l2Adaptor( 527): importBufferForPicture pictureBufferId 9, dmabufFd 122, metaFd -1
05-28 15:36:16.657 I/C2VdecComponent( 527): [0##99]"Update dequeue buffer num: 13 -> 5 out delay buffer margin:0"
05-28 15:36:16.657 I/V4l2Adaptor( 527): onImportBufferForPicture pictureBufferId 9, dmabufFd 122, metaFd -1, plane size 1
05-28 15:36:16.657 I/V4l2Adaptor( 527): onImportBufferForPicture addr 0x0, stride 0, offset 0, size 0
05-28 15:36:16.658 I/VDA ( 527): [0##99]"ImportDynamicCaptureBufferForPictureTask fd=122, index=9\n"" {IN=0/8, OUT=5/10[kAtAccelerator(1) kAtDevice(4) kAtClient(5)]}"
05-28 15:36:16.658 D/Codec2-OutputBufferQueue(14565): set max dequeue count 12 from update
05-28 15:36:16.658 I/C2VdecDequeueThreadUtil( 527): [0##99]"StartRunDequeueTask task loop:1 alloc loop:0 duration:33333 minfetchinterval:8333"
05-28 15:36:16.658 I/C2VdecComponentIntfImpl( 527): [19##0]config picture w:1920 h:1080
05-28 15:36:16.658 I/C2VdecDequeueThreadUtil( 527): debug.vendor.media.c2.vdec.priority is not set used def = 0
05-28 15:36:16.658 I/C2VdecComponent( 527): video size changed
05-28 15:36:16.659 I/mali_gralloc( 262): am_gralloc_get_uvm_decoder_para: parameters:[slot_id=0,w*h(1920*1088),w_align=64,h_align=64,size=0]
05-28 15:36:16.659 I/mali_gralloc( 262): am_gralloc_get_uvm_decoder_para: parameters:[slot_id=0,w*h(1920*1088),w_align=64,h_align=64,size=0]
05-28 15:36:16.660 I/virtual Data FFDemuxer::read()(14565): read frame ret: End of file latestReceivedTime: 64097 getTotalTimeMillis: 7500 is exit: 0
05-28 15:36:16.660 I/virtual Data FFDemuxer::read()(14565): list smooth loop
05-28 15:36:16.661 I/VDA ( 527): [0##99]"DecodeBufferTask decoder_state_ = kPictureBuffersReady -> kDecoding"
05-28 15:36:16.664 I/virtual StreamInfo FFDemuxer::getVideoStreamInfo()(14565): video width: 1920 video height: 1080 video pixelFormat: 0 fps: 30
05-28 15:36:16.664 D/virtual Data FFDemuxer::read()(14565): open next url: /data/user/0/com.dangbei.lerad.screensaver/files/download/61/city_2.mp4
05-28 15:36:16.665 D/CCodecConfig(14565): c2 config diff is c2::u32 raw.color.matrix = 1
05-28 15:36:16.665 D/CCodecConfig(14565): c2::u32 raw.color.primaries = 1
05-28 15:36:16.665 D/CCodecConfig(14565): c2::u32 raw.color.range = 2
05-28 15:36:16.665 D/CCodecConfig(14565): c2::u32 raw.color.transfer = 3
05-28 15:36:16.665 D/CCodecConfig(14565): c2::u32 raw.crop.height = 1080
05-28 15:36:16.665 D/CCodecConfig(14565): c2::u32 raw.crop.left = 0
05-28 15:36:16.665 D/CCodecConfig(14565): c2::u32 raw.crop.top = 0
05-28 15:36:16.665 D/CCodecConfig(14565): c2::u32 raw.crop.width = 1920
05-28 15:36:16.671 I/virtual Data FFDemuxer::read()(14565): read frame ret: End of file latestReceivedTime: 70764 getTotalTimeMillis: 6666 is exit: 0
05-28 15:36:16.671 I/virtual Data FFDemuxer::read()(14565): list smooth loop
05-28 15:36:16.686 I/C2VdecBlockPoolUtil( 527): Fetch the new block(ino:35597 fd:32 dup fd:39 id:10) and append.
05-28 15:36:16.686 I/V4l2Adaptor( 527): importBufferForPicture pictureBufferId 10, dmabufFd 11, metaFd -1
05-28 15:36:16.686 I/V4l2Adaptor( 527): onImportBufferForPicture pictureBufferId 10, dmabufFd 11, metaFd -1, plane size 1
05-28 15:36:16.686 I/V4l2Adaptor( 527): onImportBufferForPicture addr 0x0, stride 0, offset 0, size 0
05-28 15:36:16.686 I/VDA ( 527): [0##99]"ImportDynamicCaptureBufferForPictureTask fd=11, index=10\n"" {IN=0/8, OUT=7/11[kAtAccelerator(1) kAtDevice(3) kAtClient(7)]}"
05-28 15:36:16.687 I/mali_gralloc( 262): am_gralloc_get_uvm_decoder_para: parameters:[slot_id=0,w*h(1920*1088),w_align=64,h_align=64,size=0]
05-28 15:36:16.687 I/mali_gralloc( 262): am_gralloc_get_uvm_decoder_para: parameters:[slot_id=0,w*h(1920*1088),w_align=64,h_align=64,size=0]
05-28 15:36:16.690 I/virtual StreamInfo FFDemuxer::getVideoStreamInfo()(14565): video width: 1920 video height: 1080 video pixelFormat: 0 fps: 30
05-28 15:36:16.690 D/virtual Data FFDemuxer::read()(14565): open next url: /data/user/0/com.dangbei.lerad.screensaver/files/download/61/city_1.mp4
05-28 15:36:16.691 I/void Player::setState(PLAYER_STATE)(14565): state changed newState: 3 oldState: 2
05-28 15:36:16.692 D/LeradPlayer(14565): player newState: 3 oldState: 2
05-28 15:36:16.692 I/C2VdecBlockPoolUtil( 527): Fetch the new block(ino:35601 fd:127 dup fd:130 id:11) and append.
05-28 15:36:16.695 I/V4l2Adaptor( 527): importBufferForPicture pictureBufferId 11, dmabufFd 135, metaFd -1
05-28 15:36:16.695 I/mali_gralloc( 262): am_gralloc_get_uvm_decoder_para: parameters:[slot_id=0,w*h(1920*1088),w_align=64,h_align=64,size=0]
05-28 15:36:16.695 I/mali_gralloc( 262): am_gralloc_get_uvm_decoder_para: parameters:[slot_id=0,w*h(1920*1088),w_align=64,h_align=64,size=0]
05-28 15:36:16.695 I/virtual Data FFDemuxer::read()(14565): read frame ret: End of file latestReceivedTime: 78263 getTotalTimeMillis: 7500 is exit: 0
05-28 15:36:16.695 I/virtual Data FFDemuxer::read()(14565): list smooth loop
05-28 15:36:16.696 I/V4l2Adaptor( 527): onImportBufferForPicture pictureBufferId 11, dmabufFd 135, metaFd -1, plane size 1
05-28 15:36:16.696 I/V4l2Adaptor( 527): onImportBufferForPicture addr 0x0, stride 0, offset 0, size 0
05-28 15:36:16.698 I/VDA ( 527): [0##99]"ImportDynamicCaptureBufferForPictureTask fd=135, index=11\n"" {IN=0/8, OUT=8/12[kAtAccelerator(1) kAtDevice(3) kAtClient(8)]}"
05-28 15:36:16.699 I/virtual StreamInfo FFDemuxer::getVideoStreamInfo()(14565): video width: 1920 video height: 1080 video pixelFormat: 0 fps: 30
05-28 15:36:16.699 D/virtual Data FFDemuxer::read()(14565): open next url: /data/user/0/com.dangbei.lerad.screensaver/files/download/61/city_2.mp4
05-28 15:36:16.703 I/C2VdecBlockPoolUtil( 527): Fetch the new block(ino:35604 fd:145 dup fd:148 id:12) and append.
05-28 15:36:16.703 I/V4l2Adaptor( 527): importBufferForPicture pictureBufferId 12, dmabufFd 149, metaFd -1
05-28 15:36:16.704 I/V4l2Adaptor( 527): onImportBufferForPicture pictureBufferId 12, dmabufFd 149, metaFd -1, plane size 1
05-28 15:36:16.704 I/V4l2Adaptor( 527): onImportBufferForPicture addr 0x0, stride 0, offset 0, size 0
05-28 15:36:16.704 I/virtual Data FFDemuxer::read()(14565): read frame ret: End of file latestReceivedTime: 84930 getTotalTimeMillis: 6666 is exit: 0
05-28 15:36:16.704 I/virtual Data FFDemuxer::read()(14565): list smooth loop
05-28 15:36:16.707 I/VDA ( 527): [0##99]"ImportDynamicCaptureBufferForPictureTask fd=149, index=12\n"" {IN=2/8, OUT=6/13[kAtAccelerator(1) kAtDevice(6) kAtClient(6)]}"
05-28 15:36:16.714 E/Scheduler( 263): trackPendingFrame: Invalid present fence
05-28 15:36:16.714 I/virtual StreamInfo FFDemuxer::getVideoStreamInfo()(14565): video width: 1920 video height: 1080 video pixelFormat: 0 fps: 30
05-28 15:36:16.714 D/virtual Data FFDemuxer::read()(14565): open next url: /data/user/0/com.dangbei.lerad.screensaver/files/download/61/city_1.mp4
05-28 15:36:16.719 I/virtual Data FFDemuxer::read()(14565): read frame ret: End of file latestReceivedTime: 92429 getTotalTimeMillis: 7500 is exit: 0
05-28 15:36:16.719 I/virtual Data FFDemuxer::read()(14565): list smooth loop
05-28 15:36:16.722 I/virtual StreamInfo FFDemuxer::getVideoStreamInfo()(14565): video width: 1920 video height: 1080 video pixelFormat: 0 fps: 30
05-28 15:36:16.723 D/virtual Data FFDemuxer::read()(14565): open next url: /data/user/0/com.dangbei.lerad.screensaver/files/download/61/city_2.mp4
05-28 15:36:16.727 I/virtual Data FFDemuxer::read()(14565): read frame ret: End of file latestReceivedTime: 99096 getTotalTimeMillis: 6666 is exit: 0
05-28 15:36:16.727 I/virtual Data FFDemuxer::read()(14565): list smooth loop
05-28 15:36:16.730 I/virtual StreamInfo FFDemuxer::getVideoStreamInfo()(14565): video width: 1920 video height: 1080 video pixelFormat: 0 fps: 30
05-28 15:36:16.730 D/virtual Data FFDemuxer::read()(14565): open next url: /data/user/0/com.dangbei.lerad.screensaver/files/download/61/city_1.mp4
05-28 15:36:16.735 I/virtual Data FFDemuxer::read()(14565): read frame ret: End of file latestReceivedTime: 106595 getTotalTimeMillis: 7500 is exit: 0
05-28 15:36:16.736 I/virtual Data FFDemuxer::read()(14565): list smooth loop
05-28 15:36:16.740 I/virtual StreamInfo FFDemuxer::getVideoStreamInfo()(14565): video width: 1920 video height: 1080 video pixelFormat: 0 fps: 30
05-28 15:36:16.740 D/virtual Data FFDemuxer::read()(14565): open next url: /data/user/0/com.dangbei.lerad.screensaver/files/download/61/city_2.mp4
05-28 15:36:16.745 I/virtual Data FFDemuxer::read()(14565): read frame ret: End of file latestReceivedTime: 113262 getTotalTimeMillis: 6666 is exit: 0
05-28 15:36:16.745 I/virtual Data FFDemuxer::read()(14565): list smooth loop
05-28 15:36:16.747 E/Scheduler( 263): trackPendingFrame: Invalid present fence
05-28 15:36:16.748 I/virtual StreamInfo FFDemuxer::getVideoStreamInfo()(14565): video width: 1920 video height: 1080 video pixelFormat: 0 fps: 30
05-28 15:36:16.749 D/virtual Data FFDemuxer::read()(14565): open next url: /data/user/0/com.dangbei.lerad.screensaver/files/download/61/city_1.mp4
05-28 15:36:16.753 I/virtual Data FFDemuxer::read()(14565): read frame ret: End of file latestReceivedTime: 120761 getTotalTimeMillis: 7500 is exit: 0
05-28 15:36:16.753 I/virtual Data FFDemuxer::read()(14565): list smooth loop
05-28 15:36:16.757 I/virtual StreamInfo FFDemuxer::getVideoStreamInfo()(14565): video width: 1920 video height: 1080 video pixelFormat: 0 fps: 30
05-28 15:36:16.757 D/virtual Data FFDemuxer::read()(14565): open next url: /data/user/0/com.dangbei.lerad.screensaver/files/download/61/city_2.mp4
05-28 15:36:16.762 I/virtual Data FFDemuxer::read()(14565): read frame ret: End of file latestReceivedTime: 127428 getTotalTimeMillis: 6666 is exit: 0
05-28 15:36:16.762 I/virtual Data FFDemuxer::read()(14565): list smooth loop
05-28 15:36:16.763 E/Scheduler( 263): trackPendingFrame: Invalid present fence
05-28 15:36:16.765 I/virtual StreamInfo FFDemuxer::getVideoStreamInfo()(14565): video width: 1920 video height: 1080 video pixelFormat: 0 fps: 30
05-28 15:36:16.765 D/virtual Data FFDemuxer::read()(14565): open next url: /data/user/0/com.dangbei.lerad.screensaver/files/download/61/city_1.mp4
05-28 15:36:16.769 I/virtual Data FFDemuxer::read()(14565): read frame ret: End of file latestReceivedTime: 134927 getTotalTimeMillis: 7500 is exit: 0
05-28 15:36:16.769 I/virtual Data FFDemuxer::read()(14565): list smooth loop
05-28 15:36:16.773 I/virtual StreamInfo FFDemuxer::getVideoStreamInfo()(14565): video width: 1920 video height: 1080 video pixelFormat: 0 fps: 30
05-28 15:36:16.773 D/virtual Data FFDemuxer::read()(14565): open next url: /data/user/0/com.dangbei.lerad.screensaver/files/download/61/city_2.mp4
05-28 15:36:16.779 I/virtual Data FFDemuxer::read()(14565): read frame ret: End of file latestReceivedTime: 141594 getTotalTimeMillis: 6666 is exit: 0
05-28 15:36:16.779 I/virtual Data FFDemuxer::read()(14565): list smooth loop
05-28 15:36:16.783 I/virtual StreamInfo FFDemuxer::getVideoStreamInfo()(14565): video width: 1920 video height: 1080 video pixelFormat: 0 fps: 30
05-28 15:36:16.783 D/virtual Data FFDemuxer::read()(14565): open next url: /data/user/0/com.dangbei.lerad.screensaver/files/download/61/city_1.mp4
05-28 15:36:16.787 I/virtual Data FFDemuxer::read()(14565): read frame ret: End of file latestReceivedTime: 149093 getTotalTimeMillis: 7500 is exit: 0
05-28 15:36:16.787 I/virtual Data FFDemuxer::read()(14565): list smooth loop
05-28 15:36:16.790 I/virtual StreamInfo FFDemuxer::getVideoStreamInfo()(14565): video width: 1920 video height: 1080 video pixelFormat: 0 fps: 30
05-28 15:36:16.790 D/virtual Data FFDemuxer::read()(14565): open next url: /data/user/0/com.dangbei.lerad.screensaver/files/download/61/city_2.mp4
05-28 15:36:16.797 E/Scheduler( 263): trackPendingFrame: Invalid present fence
05-28 15:36:16.831 E/Scheduler( 263): trackPendingFrame: Invalid present fence
05-28 15:36:16.847 E/Scheduler( 263): trackPendingFrame: Invalid present fence
05-28 15:36:16.880 E/Scheduler( 263): trackPendingFrame: Invalid present fence
05-28 15:36:16.914 E/Scheduler( 263): trackPendingFrame: Invalid present fence
05-28 15:36:16.948 E/Scheduler( 263): trackPendingFrame: Invalid present fence
05-28 15:36:16.981 E/Scheduler( 263): trackPendingFrame: Invalid present fence
05-28 15:36:17.015 E/Scheduler( 263): trackPendingFrame: Invalid present fence
05-28 15:36:17.047 E/Scheduler( 263): trackPendingFrame: Invalid present fence
05-28 15:36:17.081 E/Scheduler( 263): trackPendingFrame: Invalid present fence
05-28 15:36:17.114 E/Scheduler( 263): trackPendingFrame: Invalid present fence
05-28 15:36:17.147 E/Scheduler( 263): trackPendingFrame: Invalid present fence
05-28 15:36:17.181 E/Scheduler( 263): trackPendingFrame: Invalid present fence
05-28 15:36:17.214 E/Scheduler( 263): trackPendingFrame: Invalid present fence
05-28 15:36:17.248 E/Scheduler( 263): trackPendingFrame: Invalid present fence
05-28 15:36:17.281 E/Scheduler( 263): trackPendingFrame: Invalid present fence
05-28 15:36:17.315 E/Scheduler( 263): trackPendingFrame: Invalid present fence
05-28 15:36:17.348 E/Scheduler( 263): trackPendingFrame: Invalid present fence
05-28 15:36:17.381 E/Scheduler( 263): trackPendingFrame: Invalid present fence
05-28 15:36:17.414 E/Scheduler( 263): trackPendingFrame: Invalid present fence
05-28 15:36:17.448 E/Scheduler( 263): trackPendingFrame: Invalid present fence
05-28 15:36:17.481 E/Scheduler( 263): trackPendingFrame: Invalid present fence
05-28 15:36:17.514 E/Scheduler( 263): trackPendingFrame: Invalid present fence
05-28 15:36:17.548 E/Scheduler( 263): trackPendingFrame: Invalid present fence
05-28 15:36:17.581 E/Scheduler( 263): trackPendingFrame: Invalid present fence
05-28 15:36:17.615 E/Scheduler( 263): trackPendingFrame: Invalid present fence
05-28 15:36:17.629 I/VDA ( 527): [0##99]"ServiceDeviceTask INs=40/47, OUTs=38/43"" {IN=7/8, OUT=8/13[kAtAccelerator(0) kAtDevice(5) kAtClient(8)]}"
05-28 15:36:17.648 E/Scheduler( 263): trackPendingFrame: Invalid present fence
05-28 15:36:17.681 E/Scheduler( 263): trackPendingFrame: Invalid present fence
05-28 15:36:17.715 E/Scheduler( 263): trackPendingFrame: Invalid present fence
05-28 15:36:17.748 E/Scheduler( 263): trackPendingFrame: Invalid present fence
05-28 15:36:17.781 E/Scheduler( 263): trackPendingFrame: Invalid present fence
05-28 15:36:17.815 E/Scheduler( 263): trackPendingFrame: Invalid present fence
05-28 15:36:17.848 E/Scheduler( 263): trackPendingFrame: Invalid present fence
05-28 15:36:17.881 E/Scheduler( 263): trackPendingFrame: Invalid present fence
05-28 15:36:17.915 E/Scheduler( 263): trackPendingFrame: Invalid present fence
05-28 15:36:17.948 E/Scheduler( 263): trackPendingFrame: Invalid present fence
05-28 15:36:17.982 E/Scheduler( 263): trackPendingFrame: Invalid present fence
05-28 15:36:18.015 E/Scheduler( 263): trackPendingFrame: Invalid present fence
05-28 15:36:18.048 E/Scheduler( 263): trackPendingFrame: Invalid present fence
05-28 15:36:18.075 D/nStackXCoAP( 2823): CoapMessageHandler:[133] :2.01
05-28 15:36:18.082 E/Scheduler( 263): trackPendingFrame: Invalid present fence
05-28 15:36:18.089 D/TrafficStats( 2316): tagSocket(115) with statsTag=0xffffffff, statsUid=-1
05-28 15:36:18.115 E/Scheduler( 263): trackPendingFrame: Invalid present fence
05-28 15:36:18.127 D/nStackXCoAP( 2823): CoapMessageHandler:[133] :2.01
05-28 15:36:18.149 E/Scheduler( 263): trackPendingFrame: Invalid present fence
05-28 15:36:18.182 E/Scheduler( 263): trackPendingFrame: Invalid present fence
05-28 15:36:18.216 E/Scheduler( 263): trackPendingFrame: Invalid present fence
05-28 15:36:18.249 E/Scheduler( 263): trackPendingFrame: Invalid present fence
05-28 15:36:18.282 E/Scheduler( 263): trackPendingFrame: Invalid present fence
05-28 15:36:18.315 E/Scheduler( 263): trackPendingFrame: Invalid present fence
05-28 15:36:18.349 E/Scheduler( 263): trackPendingFrame: Invalid present fence
05-28 15:36:18.382 E/Scheduler( 263): trackPendingFrame: Invalid present fence
05-28 15:36:18.415 E/Scheduler( 263): trackPendingFrame: Invalid present fence
05-28 15:36:18.449 E/Scheduler( 263): trackPendingFrame: Invalid present fence
05-28 15:36:18.482 E/Scheduler( 263): trackPendingFrame: Invalid present fence
05-28 15:36:18.516 E/Scheduler( 263): trackPendingFrame: Invalid present fence
05-28 15:36:18.549 E/Scheduler( 263): trackPendingFrame: Invalid present fence
05-28 15:36:18.582 E/Scheduler( 263): trackPendingFrame: Invalid present fence
05-28 15:36:18.616 E/Scheduler( 263): trackPendingFrame: Invalid present fence
05-28 15:36:18.629 I/VDA ( 527): [0##99]"ServiceDeviceTask INs=71/77, OUTs=68/73"" {IN=6/8, OUT=8/13[kAtAccelerator(0) kAtDevice(5) kAtClient(8)]}"
05-28 15:36:18.649 E/Scheduler( 263): trackPendingFrame: Invalid present fence
05-28 15:36:18.682 E/Scheduler( 263): trackPendingFrame: Invalid present fence
05-28 15:36:18.716 E/Scheduler( 263): trackPendingFrame: Invalid present fence
05-28 15:36:18.749 E/Scheduler( 263): trackPendingFrame: Invalid present fence
05-28 15:36:18.782 E/Scheduler( 263): trackPendingFrame: Invalid present fence
05-28 15:36:18.816 E/Scheduler( 263): trackPendingFrame: Invalid present fence
05-28 15:36:18.849 E/Scheduler( 263): trackPendingFrame: Invalid present fence
05-28 15:36:18.883 E/Scheduler( 263): trackPendingFrame: Invalid present fence
05-28 15:36:18.916 E/Scheduler( 263): trackPendingFrame: Invalid present fence
05-28 15:36:18.949 E/Scheduler( 263): trackPendingFrame: Invalid present fence
05-28 15:36:18.983 E/Scheduler( 263): trackPendingFrame: Invalid present fence
05-28 15:36:19.016 E/Scheduler( 263): trackPendingFrame: Invalid present fence
05-28 15:36:19.049 E/Scheduler( 263): trackPendingFrame: Invalid present fence
05-28 15:36:19.075 I/virtual Data FFDemuxer::read()(14565): read frame ret: End of file latestReceivedTime: 155760 getTotalTimeMillis: 6666 is exit: 0
05-28 15:36:19.075 I/virtual Data FFDemuxer::read()(14565): list smooth loop
05-28 15:36:19.080 I/virtual StreamInfo FFDemuxer::getVideoStreamInfo()(14565): video width: 1920 video height: 1080 video pixelFormat: 0 fps: 30
05-28 15:36:19.080 D/virtual Data FFDemuxer::read()(14565): open next url: /data/user/0/com.dangbei.lerad.screensaver/files/download/61/city_1.mp4
05-28 15:36:19.083 E/Scheduler( 263): trackPendingFrame: Invalid present fence
05-28 15:36:19.116 E/Scheduler( 263): trackPendingFrame: Invalid present fence
05-28 15:36:19.150 E/Scheduler( 263): trackPendingFrame: Invalid present fence
05-28 15:36:19.183 E/Scheduler( 263): trackPendingFrame: Invalid present fence
05-28 15:36:19.216 E/Scheduler( 263): trackPendingFrame: Invalid present fence
05-28 15:36:19.249 E/Scheduler( 263): trackPendingFrame: Invalid present fence
05-28 15:36:19.261 E/TaskPersister( 742): File error accessing recents directory (directory doesn't exist?).
05-28 15:36:19.283 E/Scheduler( 263): trackPendingFrame: Invalid present fence
05-28 15:36:19.316 E/Scheduler( 263): trackPendingFrame: Invalid present fence
05-28 15:36:19.349 E/Scheduler( 263): trackPendingFrame: Invalid present fence
05-28 15:36:19.383 E/Scheduler( 263): trackPendingFrame: Invalid present fence
05-28 15:36:19.416 E/Scheduler( 263): trackPendingFrame: Invalid present fence
05-28 15:36:19.441 I/WifiHAL ( 558): call wifi_get_link_stats handler
05-28 15:36:19.441 I/WifiHAL ( 558): Creating message to get link statistics; iface = 16
05-28 15:36:19.441 D/WifiHAL ( 558): error code -95 mapped to -3
05-28 15:36:19.442 E/WifiStaIfaceAidlImpl( 742): getLinkLayerStats failed with service-specific exception: android.os.ServiceSpecificException: (code 4)
05-28 15:36:19.451 E/Scheduler( 263): trackPendingFrame: Invalid present fence
05-28 15:36:19.484 E/Scheduler( 263): trackPendingFrame: Invalid present fence
05-28 15:36:19.517 E/Scheduler( 263): trackPendingFrame: Invalid present fence
05-28 15:36:19.550 E/Scheduler( 263): trackPendingFrame: Invalid present fence
05-28 15:36:19.583 E/Scheduler( 263): trackPendingFrame: Invalid present fence
05-28 15:36:19.617 E/Scheduler( 263): trackPendingFrame: Invalid present fence
05-28 15:36:19.650 E/Scheduler( 263): trackPendingFrame: Invalid present fence
05-28 15:36:19.655 I/VDA ( 527): [0##99]"ServiceDeviceTask INs=103/110, OUTs=101/104"" {IN=7/8, OUT=10/13[kAtAccelerator(0) kAtDevice(3) kAtClient(10)]}"
05-28 15:36:19.683 E/Scheduler( 263): trackPendingFrame: Invalid present fence
05-28 15:36:19.717 E/Scheduler( 263): trackPendingFrame: Invalid present fence
05-28 15:36:19.750 E/Scheduler( 263): trackPendingFrame: Invalid present fence
05-28 15:36:19.784 E/Scheduler( 263): trackPendingFrame: Invalid present fence
05-28 15:36:19.817 E/Scheduler( 263): trackPendingFrame: Invalid present fence
05-28 15:36:19.850 E/Scheduler( 263): trackPendingFrame: Invalid present fence
05-28 15:36:19.883 E/Scheduler( 263): trackPendingFrame: Invalid present fence
05-28 15:36:19.917 E/Scheduler( 263): trackPendingFrame: Invalid present fence
05-28 15:36:19.950 E/Scheduler( 263): trackPendingFrame: Invalid present fence
05-28 15:36:19.984 E/Scheduler( 263): trackPendingFrame: Invalid present fence
05-28 15:36:20.017 E/Scheduler( 263): trackPendingFrame: Invalid present fence
05-28 15:36:20.050 E/Scheduler( 263): trackPendingFrame: Invalid present fence
05-28 15:36:20.084 E/Scheduler( 263): trackPendingFrame: Invalid present fence
05-28 15:36:20.117 E/Scheduler( 263): trackPendingFrame: Invalid present fence
05-28 15:36:20.151 E/Scheduler( 263): trackPendingFrame: Invalid present fence
05-28 15:36:20.184 E/Scheduler( 263): trackPendingFrame: Invalid present fence
05-28 15:36:20.217 E/Scheduler( 263): trackPendingFrame: Invalid present fence
05-28 15:36:20.251 E/Scheduler( 263): trackPendingFrame: Invalid present fence
05-28 15:36:20.284 E/Scheduler( 263): trackPendingFrame: Invalid present fence
05-28 15:36:20.317 E/Scheduler( 263): trackPendingFrame: Invalid present fence
05-28 15:36:20.351 E/Scheduler( 263): trackPendingFrame: Invalid present fence
05-28 15:36:20.384 E/Scheduler( 263): trackPendingFrame: Invalid present fence
05-28 15:36:20.392 D/nStackXCoAP( 2823): CoapMessageHandler:[133] :2.01
05-28 15:36:20.417 E/Scheduler( 263): trackPendingFrame: Invalid present fence
05-28 15:36:20.451 E/Scheduler( 263): trackPendingFrame: Invalid present fence
05-28 15:36:20.484 E/Scheduler( 263): trackPendingFrame: Invalid present fence
05-28 15:36:20.517 E/Scheduler( 263): trackPendingFrame: Invalid present fence
05-28 15:36:20.551 E/Scheduler( 263): trackPendingFrame: Invalid present fence
05-28 15:36:20.584 E/Scheduler( 263): trackPendingFrame: Invalid present fence
05-28 15:36:20.618 E/Scheduler( 263): trackPendingFrame: Invalid present fence
05-28 15:36:20.651 E/Scheduler( 263): trackPendingFrame: Invalid present fence
05-28 15:36:20.684 I/VDA ( 527): [0##99]"ServiceDeviceTask INs=133/140, OUTs=131/135"" {IN=7/8, OUT=9/13[kAtAccelerator(0) kAtDevice(4) kAtClient(9)]}"
05-28 15:36:20.684 E/Scheduler( 263): trackPendingFrame: Invalid present fence
05-28 15:36:20.718 E/Scheduler( 263): trackPendingFrame: Invalid present fence
05-28 15:36:20.752 E/Scheduler( 263): trackPendingFrame: Invalid present fence
05-28 15:36:20.785 E/Scheduler( 263): trackPendingFrame: Invalid present fence
05-28 15:36:20.818 E/Scheduler( 263): trackPendingFrame: Invalid present fence
05-28 15:36:20.851 E/Scheduler( 263): trackPendingFrame: Invalid present fence
05-28 15:36:20.884 E/Scheduler( 263): trackPendingFrame: Invalid present fence
05-28 15:36:20.911 I/d.leradlauncher( 2316): Background concurrent copying GC freed 178619(8392KB) AllocSpace objects, 90(2504KB) LOS objects, 49% free, 10086KB/19MB, paused 203us,102us total 130.148ms
05-28 15:36:20.918 E/Scheduler( 263): trackPendingFrame: Invalid present fence
05-28 15:36:20.951 E/Scheduler( 263): trackPendingFrame: Invalid present fence
05-28 15:36:20.985 E/Scheduler( 263): trackPendingFrame: Invalid present fence
05-28 15:36:21.018 E/Scheduler( 263): trackPendingFrame: Invalid present fence
05-28 15:36:21.050 I/efs.config(14565): No update is required, less than 8h since the last update
05-28 15:36:21.051 E/Scheduler( 263): trackPendingFrame: Invalid present fence
05-28 15:36:21.085 E/Scheduler( 263): trackPendingFrame: Invalid present fence
05-28 15:36:21.118 E/Scheduler( 263): trackPendingFrame: Invalid present fence
05-28 15:36:21.152 E/Scheduler( 263): trackPendingFrame: Invalid present fence
05-28 15:36:21.185 E/Scheduler( 263): trackPendingFrame: Invalid present fence
05-28 15:36:21.218 E/Scheduler( 263): trackPendingFrame: Invalid present fence
05-28 15:36:21.251 E/Scheduler( 263): trackPendingFrame: Invalid present fence
05-28 15:36:21.285 E/Scheduler( 263): trackPendingFrame: Invalid present fence
05-28 15:36:21.319 E/Scheduler( 263): trackPendingFrame: Invalid present fence
05-28 15:36:21.352 E/Scheduler( 263): trackPendingFrame: Invalid present fence
05-28 15:36:21.383 D/TrafficStats(14565): tagSocket(132) with statsTag=0xffffffff, statsUid=-1
05-28 15:36:21.385 E/Scheduler( 263): trackPendingFrame: Invalid present fence
05-28 15:36:21.418 E/Scheduler( 263): trackPendingFrame: Invalid present fence
05-28 15:36:21.452 E/Scheduler( 263): trackPendingFrame: Invalid present fence
05-28 15:36:21.485 E/Scheduler( 263): trackPendingFrame: Invalid present fence
05-28 15:36:21.518 E/Scheduler( 263): trackPendingFrame: Invalid present fence
05-28 15:36:21.539 I/DebugUtil( 527): [0##99]in/out status {INS/OUTS=167(1)/156(0)}, pipeline status {IN=8/8, OUT=8/13[Component(0) Accelerator(5) Client(8)]}
05-28 15:36:21.541 D/BufferPoolAccessor2.0(14565): bufferpool2 0xece33e68 : 9(14155776 size) total buffers - 8(12582912 size) used buffers - 0/9 (recycle/alloc) - 9/168 (fetch/transfer)
05-28 15:36:21.541 D/BufferPoolAccessor2.0(14565): evictor expired: 1, evicted: 1
05-28 15:36:21.552 E/Scheduler( 263): trackPendingFrame: Invalid present fence
05-28 15:36:21.585 E/Scheduler( 263): trackPendingFrame: Invalid present fence
05-28 15:36:21.589 D/ProfileInstaller(14565): Installing profile for com.dangbei.lerad.screensaver
05-28 15:36:21.618 E/Scheduler( 263): trackPendingFrame: Invalid present fence
05-28 15:36:21.652 E/Scheduler( 263): trackPendingFrame: Invalid present fence
05-28 15:36:21.686 E/Scheduler( 263): trackPendingFrame: Invalid present fence
05-28 15:36:21.711 I/VDA ( 527): [0##99]"ServiceDeviceTask INs=164/171, OUTs=162/166"" {IN=7/8, OUT=9/13[kAtAccelerator(0) kAtDevice(4) kAtClient(9)]}"
05-28 15:36:21.719 E/Scheduler( 263): trackPendingFrame: Invalid present fence
05-28 15:36:21.752 E/Scheduler( 263): trackPendingFrame: Invalid present fence
05-28 15:36:21.785 E/Scheduler( 263): trackPendingFrame: Invalid present fence
05-28 15:36:21.819 E/Scheduler( 263): trackPendingFrame: Invalid present fence
05-28 15:36:21.852 E/Scheduler( 263): trackPendingFrame: Invalid present fence
05-28 15:36:21.860 D/TrafficStats(14565): tagSocket(165) with statsTag=0xffffffff, statsUid=-1
05-28 15:36:21.885 E/Scheduler( 263): trackPendingFrame: Invalid present fence
05-28 15:36:21.919 E/Scheduler( 263): trackPendingFrame: Invalid present fence
05-28 15:36:21.952 E/Scheduler( 263): trackPendingFrame: Invalid present fence
05-28 15:36:21.986 E/Scheduler( 263): trackPendingFrame: Invalid present fence
05-28 15:36:22.019 E/Scheduler( 263): trackPendingFrame: Invalid present fence
05-28 15:36:22.053 E/Scheduler( 263): trackPendingFrame: Invalid present fence
05-28 15:36:22.086 E/Scheduler( 263): trackPendingFrame: Invalid present fence
05-28 15:36:22.120 E/Scheduler( 263): trackPendingFrame: Invalid present fence
05-28 15:36:22.153 E/Scheduler( 263): trackPendingFrame: Invalid present fence
05-28 15:36:22.186 E/Scheduler( 263): trackPendingFrame: Invalid present fence
05-28 15:36:22.219 E/Scheduler( 263): trackPendingFrame: Invalid present fence
05-28 15:36:22.253 E/Scheduler( 263): trackPendingFrame: Invalid present fence
05-28 15:36:22.286 E/Scheduler( 263): trackPendingFrame: Invalid present fence
05-28 15:36:22.319 E/Scheduler( 263): trackPendingFrame: Invalid present fence
05-28 15:36:22.353 E/Scheduler( 263): trackPendingFrame: Invalid present fence
05-28 15:36:22.386 E/Scheduler( 263): trackPendingFrame: Invalid present fence
05-28 15:36:22.419 E/Scheduler( 263): trackPendingFrame: Invalid present fence
05-28 15:36:22.447 I/WifiHAL ( 558): call wifi_get_link_stats handler
05-28 15:36:22.448 I/WifiHAL ( 558): Creating message to get link statistics; iface = 16
05-28 15:36:22.448 D/WifiHAL ( 558): error code -95 mapped to -3
05-28 15:36:22.448 E/WifiStaIfaceAidlImpl( 742): getLinkLayerStats failed with service-specific exception: android.os.ServiceSpecificException: (code 4)
05-28 15:36:22.453 E/Scheduler( 263): trackPendingFrame: Invalid present fence
05-28 15:36:22.457 D/InstantWifi( 742): Receive Wifi is connected, freq = 5745 and currentNetworkId : 0, wifiinfo = SSID: , BSSID: 02:00:00:00:00:00, MAC: 02:00:00:00:00:00, IP: /192.168.3.246, Security type: 2, Supplicant state: COMPLETED, Wi-Fi standard: 6, RSSI: -57, Link speed: 1200Mbps, Tx Link speed: 1200Mbps, Max Supported Tx Link speed: 1200Mbps, Rx Link speed: 6Mbps, Max Supported Rx Link speed: 1200Mbps, Frequency: 5745MHz, Net ID: -1, Metered hint: false, score: 60, isUsable: true, CarrierMerged: false, SubscriptionId: -1, IsPrimary: 1, Trusted: true, Restricted: false, Ephemeral: false, OEM paid: false, OEM private: false, OSU AP: false, FQDN: , Provider friendly name: , Requesting package name: MLO Information: , Is TID-To-Link negotiation supported by the AP: false, AP MLD Address: , AP MLO Link Id: , AP MLO Affiliated links:
05-28 15:36:22.486 E/Scheduler( 263): trackPendingFrame: Invalid present fence
05-28 15:36:22.520 E/Scheduler( 263): trackPendingFrame: Invalid present fence
05-28 15:36:22.553 E/Scheduler( 263): trackPendingFrame: Invalid present fence
05-28 15:36:22.586 E/Scheduler( 263): trackPendingFrame: Invalid present fence
05-28 15:36:22.620 E/Scheduler( 263): trackPendingFrame: Invalid present fence
05-28 15:36:22.653 E/Scheduler( 263): trackPendingFrame: Invalid present fence
05-28 15:36:22.686 E/Scheduler( 263): trackPendingFrame: Invalid present fence
05-28 15:36:22.720 E/Scheduler( 263): trackPendingFrame: Invalid present fence
05-28 15:36:22.738 I/VDA ( 527): [0##99]"ServiceDeviceTask INs=194/201, OUTs=192/197"" {IN=7/8, OUT=8/13[kAtAccelerator(0) kAtDevice(5) kAtClient(8)]}"
05-28 15:36:22.753 E/Scheduler( 263): trackPendingFrame: Invalid present fence
05-28 15:36:22.786 E/Scheduler( 263): trackPendingFrame: Invalid present fence
05-28 15:36:22.820 E/Scheduler( 263): trackPendingFrame: Invalid present fence
05-28 15:36:22.854 E/Scheduler( 263): trackPendingFrame: Invalid present fence
05-28 15:36:22.887 E/Scheduler( 263): trackPendingFrame: Invalid present fence
05-28 15:36:22.920 E/Scheduler( 263): trackPendingFrame: Invalid present fence
05-28 15:36:22.953 E/Scheduler( 263): trackPendingFrame: Invalid present fence
05-28 15:36:22.987 E/Scheduler( 263): trackPendingFrame: Invalid present fence
05-28 15:36:23.020 E/Scheduler( 263): trackPendingFrame: Invalid present fence
05-28 15:36:23.053 E/Scheduler( 263): trackPendingFrame: Invalid present fence
05-28 15:36:23.087 E/Scheduler( 263): trackPendingFrame: Invalid present fence
05-28 15:36:23.120 E/Scheduler( 263): trackPendingFrame: Invalid present fence
05-28 15:36:23.144 D/MobclickAgent(14565): 本次启动数据: 发送成功!
05-28 15:36:23.154 E/Scheduler( 263): trackPendingFrame: Invalid present fence
05-28 15:36:23.158 D/TrafficStats(14565): tagSocket(140) with statsTag=0xffffffff, statsUid=-1
05-28 15:36:23.187 E/Scheduler( 263): trackPendingFrame: Invalid present fence
05-28 15:36:23.220 E/Scheduler( 263): trackPendingFrame: Invalid present fence
05-28 15:36:23.253 E/Scheduler( 263): trackPendingFrame: Invalid present fence
05-28 15:36:23.287 E/Scheduler( 263): trackPendingFrame: Invalid present fence
05-28 15:36:23.320 E/Scheduler( 263): trackPendingFrame: Invalid present fence
05-28 15:36:23.354 E/Scheduler( 263): trackPendingFrame: Invalid present fence
05-28 15:36:23.388 E/Scheduler( 263): trackPendingFrame: Invalid present fence
05-28 15:36:23.420 E/Scheduler( 263): trackPendingFrame: Invalid present fence
05-28 15:36:23.455 E/Scheduler( 263): trackPendingFrame: Invalid present fence
05-28 15:36:23.460 I/virtual void MediaDecoder::run()(14565): notify decode next url: /data/user/0/com.dangbei.lerad.screensaver/files/download/61/city_2.mp4
05-28 15:36:23.461 E/screen_saver2(14565): onDecodeNextStream: 1
05-28 15:36:23.469 D/AdManager(14565): advertisementNum: 9
05-28 15:36:23.487 E/Scheduler( 263): trackPendingFrame: Invalid present fence
05-28 15:36:23.520 E/Scheduler( 263): trackPendingFrame: Invalid present fence
05-28 15:36:23.554 E/Scheduler( 263): trackPendingFrame: Invalid present fence
05-28 15:36:23.587 E/Scheduler( 263): trackPendingFrame: Invalid present fence
05-28 15:36:23.621 E/Scheduler( 263): trackPendingFrame: Invalid present fence
05-28 15:36:23.654 E/Scheduler( 263): trackPendingFrame: Invalid present fence
05-28 15:36:23.687 E/Scheduler( 263): trackPendingFrame: Invalid present fence
05-28 15:36:23.721 E/Scheduler( 263): trackPendingFrame: Invalid present fence
05-28 15:36:23.754 E/Scheduler( 263): trackPendingFrame: Invalid present fence
05-28 15:36:23.767 I/VDA ( 527): [0##99]"ServiceDeviceTask INs=225/232, OUTs=225/227"" {IN=7/8, OUT=11/13[kAtAccelerator(0) kAtDevice(2) kAtClient(11)]}"
05-28 15:36:23.787 E/Scheduler( 263): trackPendingFrame: Invalid present fence
05-28 15:36:23.821 E/Scheduler( 263): trackPendingFrame: Invalid present fence
05-28 15:36:23.854 E/Scheduler( 263): trackPendingFrame: Invalid present fence
05-28 15:36:23.888 E/Scheduler( 263): trackPendingFrame: Invalid present fence
05-28 15:36:23.921 E/Scheduler( 263): trackPendingFrame: Invalid present fence
05-28 15:36:23.954 E/Scheduler( 263): trackPendingFrame: Invalid present fence
05-28 15:36:23.988 E/Scheduler( 263): trackPendingFrame: Invalid present fence
05-28 15:36:24.021 E/Scheduler( 263): trackPendingFrame: Invalid present fence
05-28 15:36:24.055 E/Scheduler( 263): trackPendingFrame: Invalid present fence
05-28 15:36:24.088 E/Scheduler( 263): trackPendingFrame: Invalid present fence
05-28 15:36:24.121 E/Scheduler( 263): trackPendingFrame: Invalid present fence
05-28 15:36:24.155 E/Scheduler( 263): trackPendingFrame: Invalid present fence
05-28 15:36:24.188 E/Scheduler( 263): trackPendingFrame: Invalid present fence
05-28 15:36:24.221 E/Scheduler( 263): trackPendingFrame: Invalid present fence
05-28 15:36:24.254 E/Scheduler( 263): trackPendingFrame: Invalid present fence
05-28 15:36:24.288 E/Scheduler( 263): trackPendingFrame: Invalid present fence
05-28 15:36:24.322 E/Scheduler( 263): trackPendingFrame: Invalid present fence
05-28 15:36:24.355 E/Scheduler( 263): trackPendingFrame: Invalid present fence
05-28 15:36:24.388 E/Scheduler( 263): trackPendingFrame: Invalid present fence
05-28 15:36:24.408 D/nStackXCoAP( 2823): CoapMessageHandler:[133] :2.01
05-28 15:36:24.421 E/Scheduler( 263): trackPendingFrame: Invalid present fence
05-28 15:36:24.455 E/Scheduler( 263): trackPendingFrame: Invalid present fence
05-28 15:36:24.488 E/Scheduler( 263): trackPendingFrame: Invalid present fence
05-28 15:36:24.522 E/Scheduler( 263): trackPendingFrame: Invalid present fence
05-28 15:36:24.555 E/Scheduler( 263): trackPendingFrame: Invalid present fence
05-28 15:36:24.589 E/Scheduler( 263): trackPendingFrame: Invalid present fence
05-28 15:36:24.622 E/Scheduler( 263): trackPendingFrame: Invalid present fence
05-28 15:36:24.655 E/Scheduler( 263): trackPendingFrame: Invalid present fence
05-28 15:36:24.688 E/Scheduler( 263): trackPendingFrame: Invalid present fence
05-28 15:36:24.722 E/Scheduler( 263): trackPendingFrame: Invalid present fence
05-28 15:36:24.755 E/Scheduler( 263): trackPendingFrame: Invalid present fence
05-28 15:36:24.789 E/Scheduler( 263): trackPendingFrame: Invalid present fence
05-28 15:36:24.794 I/VDA ( 527): [0##99]"ServiceDeviceTask INs=257/264, OUTs=255/258"" {IN=7/8, OUT=10/13[kAtAccelerator(0) kAtDevice(3) kAtClient(10)]}"
05-28 15:36:24.822 E/Scheduler( 263): trackPendingFrame: Invalid present fence
05-28 15:36:24.855 E/Scheduler( 263): trackPendingFrame: Invalid present fence
05-28 15:36:24.889 E/Scheduler( 263): trackPendingFrame: Invalid present fence
05-28 15:36:24.922 E/Scheduler( 263): trackPendingFrame: Invalid present fence
05-28 15:36:24.955 E/Scheduler( 263): trackPendingFrame: Invalid present fence
05-28 15:36:24.988 E/Scheduler( 263): trackPendingFrame: Invalid present fence
05-28 15:36:25.022 E/Scheduler( 263): trackPendingFrame: Invalid present fence
05-28 15:36:25.055 E/Scheduler( 263): trackPendingFrame: Invalid present fence
05-28 15:36:25.089 E/Scheduler( 263): trackPendingFrame: Invalid present fence
05-28 15:36:25.122 E/Scheduler( 263): trackPendingFrame: Invalid present fence
05-28 15:36:25.156 E/Scheduler( 263): trackPendingFrame: Invalid present fence
05-28 15:36:25.189 E/Scheduler( 263): trackPendingFrame: Invalid present fence
05-28 15:36:25.222 E/Scheduler( 263): trackPendingFrame: Invalid present fence
05-28 15:36:25.256 E/Scheduler( 263): trackPendingFrame: Invalid present fence
05-28 15:36:25.289 E/Scheduler( 263): trackPendingFrame: Invalid present fence
05-28 15:36:25.322 E/Scheduler( 263): trackPendingFrame: Invalid present fence
05-28 15:36:25.356 E/Scheduler( 263): trackPendingFrame: Invalid present fence
05-28 15:36:25.389 E/Scheduler( 263): trackPendingFrame: Invalid present fence
05-28 15:36:25.422 E/Scheduler( 263): trackPendingFrame: Invalid present fence
05-28 15:36:25.456 E/Scheduler( 263): trackPendingFrame: Invalid present fence
05-28 15:36:25.457 I/WifiHAL ( 558): call wifi_get_link_stats handler
05-28 15:36:25.458 I/WifiHAL ( 558): Creating message to get link statistics; iface = 16
05-28 15:36:25.458 D/WifiHAL ( 558): error code -95 mapped to -3
05-28 15:36:25.458 E/WifiStaIfaceAidlImpl( 742): getLinkLayerStats failed with service-specific exception: android.os.ServiceSpecificException: (code 4)
05-28 15:36:25.468 D/InstantWifi( 742): Receive Wifi is connected, freq = 5745 and currentNetworkId : 0, wifiinfo = SSID: , BSSID: 02:00:00:00:00:00, MAC: 02:00:00:00:00:00, IP: /192.168.3.246, Security type: 2, Supplicant state: COMPLETED, Wi-Fi standard: 6, RSSI: -55, Link speed: 1200Mbps, Tx Link speed: 1200Mbps, Max Supported Tx Link speed: 1200Mbps, Rx Link speed: 6Mbps, Max Supported Rx Link speed: 1200Mbps, Frequency: 5745MHz, Net ID: -1, Metered hint: false, score: 60, isUsable: true, CarrierMerged: false, SubscriptionId: -1, IsPrimary: 1, Trusted: true, Restricted: false, Ephemeral: false, OEM paid: false, OEM private: false, OSU AP: false, FQDN: , Provider friendly name: , Requesting package name: MLO Information: , Is TID-To-Link negotiation supported by the AP: false, AP MLD Address: , AP MLO Link Id: , AP MLO Affiliated links:
05-28 15:36:25.489 E/Scheduler( 263): trackPendingFrame: Invalid present fence
05-28 15:36:25.523 E/Scheduler( 263): trackPendingFrame: Invalid present fence
05-28 15:36:25.556 E/Scheduler( 263): trackPendingFrame: Invalid present fence
05-28 15:36:25.589 E/Scheduler( 263): trackPendingFrame: Invalid present fence
05-28 15:36:25.622 E/Scheduler( 263): trackPendingFrame: Invalid present fence
05-28 15:36:25.656 E/Scheduler( 263): trackPendingFrame: Invalid present fence
05-28 15:36:25.689 E/Scheduler( 263): trackPendingFrame: Invalid present fence
05-28 15:36:25.691 I/virtual Data FFDemuxer::read()(14565): read frame ret: End of file latestReceivedTime: 163259 getTotalTimeMillis: 7500 is exit: 0
05-28 15:36:25.691 I/virtual Data FFDemuxer::read()(14565): list smooth loop
05-28 15:36:25.698 I/virtual StreamInfo FFDemuxer::getVideoStreamInfo()(14565): video width: 1920 video height: 1080 video pixelFormat: 0 fps: 30
05-28 15:36:25.698 D/virtual Data FFDemuxer::read()(14565): open next url: /data/user/0/com.dangbei.lerad.screensaver/files/download/61/city_2.mp4
05-28 15:36:25.723 E/Scheduler( 263): trackPendingFrame: Invalid present fence
05-28 15:36:25.757 E/Scheduler( 263): trackPendingFrame: Invalid present fence
05-28 15:36:25.783 I/binder:495_1( 495): type=1400 audit(0.0:3291): avc: denied { add_name } for name="globalAlert" scontext=u:r:netd:s0 tcontext=u:object_r:proc_net:s0 tclass=dir permissive=1
05-28 15:36:25.790 E/Scheduler( 263): trackPendingFrame: Invalid present fence
05-28 15:36:25.823 E/Scheduler( 263): trackPendingFrame: Invalid present fence
05-28 15:36:25.856 E/Scheduler( 263): trackPendingFrame: Invalid present fence
05-28 15:36:25.862 I/VDA ( 527): [0##99]"ServiceDeviceTask INs=288/295, OUTs=286/290"" {IN=7/8, OUT=9/13[kAtAccelerator(0) kAtDevice(4) kAtClient(9)]}"
05-28 15:36:25.890 E/Scheduler( 263): trackPendingFrame: Invalid present fence
05-28 15:36:25.899 D/MobclickAgent(14565): 普通统计数据: 发送成功!
05-28 15:36:25.923 E/Scheduler( 263): trackPendingFrame: Invalid present fence
05-28 15:36:25.931 I/rad.screensaver(14565): Background concurrent copying GC freed 96358(13MB) AllocSpace objects, 410(10MB) LOS objects, 49% free, 3255KB/6510KB, paused 324us,67us total 102.941ms
05-28 15:36:25.956 E/Scheduler( 263): trackPendingFrame: Invalid present fence
05-28 15:36:25.990 E/Scheduler( 263): trackPendingFrame: Invalid present fence
05-28 15:36:26.023 E/Scheduler( 263): trackPendingFrame: Invalid present fence
05-28 15:36:26.056 E/Scheduler( 263): trackPendingFrame: Invalid present fence
05-28 15:36:26.090 E/Scheduler( 263): trackPendingFrame: Invalid present fence
05-28 15:36:26.123 E/Scheduler( 263): trackPendingFrame: Invalid present fence
05-28 15:36:26.156 E/Scheduler( 263): trackPendingFrame: Invalid present fence
05-28 15:36:26.190 E/Scheduler( 263): trackPendingFrame: Invalid present fence
05-28 15:36:26.223 E/Scheduler( 263): trackPendingFrame: Invalid present fence
05-28 15:36:26.257 E/Scheduler( 263): trackPendingFrame: Invalid present fence
05-28 15:36:26.290 E/Scheduler( 263): trackPendingFrame: Invalid present fence
05-28 15:36:26.323 E/Scheduler( 263): trackPendingFrame: Invalid present fence
05-28 15:36:26.357 E/Scheduler( 263): trackPendingFrame: Invalid present fence
05-28 15:36:26.391 E/Scheduler( 263): trackPendingFrame: Invalid present fence
05-28 15:36:26.424 E/Scheduler( 263): trackPendingFrame: Invalid present fence
05-28 15:36:26.457 E/Scheduler( 263): trackPendingFrame: Invalid present fence
05-28 15:36:26.490 E/Scheduler( 263): trackPendingFrame: Invalid present fence
05-28 15:36:26.523 E/Scheduler( 263): trackPendingFrame: Invalid present fence
05-28 15:36:26.539 I/DebugUtil( 527): [0##99]in/out status {INS/OUTS=318(1)/307(0)}, pipeline status {IN=8/8, OUT=10/13[Component(0) Accelerator(3) Client(10)]}
05-28 15:36:26.557 E/Scheduler( 263): trackPendingFrame: Invalid present fence
05-28 15:36:26.590 E/Scheduler( 263): trackPendingFrame: Invalid present fence
05-28 15:36:26.623 E/Scheduler( 263): trackPendingFrame: Invalid present fence
05-28 15:36:26.657 E/Scheduler( 263): trackPendingFrame: Invalid present fence
05-28 15:36:26.683 D/BufferPoolAccessor2.0(14565): bufferpool2 0xece33e68 : 8(12582912 size) total buffers - 8(12582912 size) used buffers - 0/9 (recycle/alloc) - 9/323 (fetch/transfer)
05-28 15:36:26.690 E/Scheduler( 263): trackPendingFrame: Invalid present fence
05-28 15:36:26.724 E/Scheduler( 263): trackPendingFrame: Invalid present fence
05-28 15:36:26.757 E/Scheduler( 263): trackPendingFrame: Invalid present fence
05-28 15:36:26.759 I/cling--ap-159( 2644): type=1400 audit(0.0:3292): avc: denied { search } for name="net" dev="sysfs" ino=12344 scontext=u:r:untrusted_app_27:s0:c43,c256,c512,c768 tcontext=u:object_r:sysfs_net:s0 tclass=dir permissive=1 app=com.dangbei.screencast
05-28 15:36:26.790 E/Scheduler( 263): trackPendingFrame: Invalid present fence
05-28 15:36:26.824 E/Scheduler( 263): trackPendingFrame: Invalid present fence
05-28 15:36:26.857 E/Scheduler( 263): trackPendingFrame: Invalid present fence
05-28 15:36:26.889 I/VDA ( 527): [0##99]"ServiceDeviceTask INs=320/327, OUTs=318/321"" {IN=7/8, OUT=10/13[kAtAccelerator(0) kAtDevice(3) kAtClient(10)]}"
05-28 15:36:26.891 E/Scheduler( 263): trackPendingFrame: Invalid present fence
05-28 15:36:26.924 E/Scheduler( 263): trackPendingFrame: Invalid present fence
05-28 15:36:26.957 E/Scheduler( 263): trackPendingFrame: Invalid present fence
05-28 15:36:26.991 E/Scheduler( 263): trackPendingFrame: Invalid present fence
05-28 15:36:27.024 E/Scheduler( 263): trackPendingFrame: Invalid present fence
05-28 15:36:27.058 E/Scheduler( 263): trackPendingFrame: Invalid present fence
05-28 15:36:27.091 E/Scheduler( 263): trackPendingFrame: Invalid present fence
05-28 15:36:27.124 E/Scheduler( 263): trackPendingFrame: Invalid present fence
05-28 15:36:27.157 E/Scheduler( 263): trackPendingFrame: Invalid present fence
05-28 15:36:27.191 E/Scheduler( 263): trackPendingFrame: Invalid present fence
05-28 15:36:27.224 E/Scheduler( 263): trackPendingFrame: Invalid present fence
05-28 15:36:27.258 E/Scheduler( 263): trackPendingFrame: Invalid present fence
05-28 15:36:27.291 E/Scheduler( 263): trackPendingFrame: Invalid present fence
05-28 15:36:27.324 E/Scheduler( 263): trackPendingFrame: Invalid present fence
05-28 15:36:27.358 E/Scheduler( 263): trackPendingFrame: Invalid present fence
05-28 15:36:27.391 E/Scheduler( 263): trackPendingFrame: Invalid present fence
05-28 15:36:27.425 E/Scheduler( 263): trackPendingFrame: Invalid present fence
05-28 15:36:27.458 E/Scheduler( 263): trackPendingFrame: Invalid present fence
05-28 15:36:27.491 E/Scheduler( 263): trackPendingFrame: Invalid present fence
05-28 15:36:27.524 E/Scheduler( 263): trackPendingFrame: Invalid present fence
05-28 15:36:27.558 E/Scheduler( 263): trackPendingFrame: Invalid present fence
05-28 15:36:27.591 E/Scheduler( 263): trackPendingFrame: Invalid present fence
05-28 15:36:27.625 E/Scheduler( 263): trackPendingFrame: Invalid present fence
05-28 15:36:27.658 E/Scheduler( 263): trackPendingFrame: Invalid present fence
05-28 15:36:27.691 E/Scheduler( 263): trackPendingFrame: Invalid present fence
05-28 15:36:27.725 E/Scheduler( 263): trackPendingFrame: Invalid present fence
05-28 15:36:27.758 E/Scheduler( 263): trackPendingFrame: Invalid present fence
05-28 15:36:27.791 E/Scheduler( 263): trackPendingFrame: Invalid present fence
05-28 15:36:27.825 E/Scheduler( 263): trackPendingFrame: Invalid present fence
05-28 15:36:27.858 E/Scheduler( 263): trackPendingFrame: Invalid present fence
05-28 15:36:27.892 E/Scheduler( 263): trackPendingFrame: Invalid present fence
05-28 15:36:27.916 I/VDA ( 527): [0##99]"ServiceDeviceTask INs=351/358, OUTs=348/352"" {IN=7/8, OUT=9/13[kAtAccelerator(0) kAtDevice(4) kAtClient(9)]}"
05-28 15:36:27.925 E/Scheduler( 263): trackPendingFrame: Invalid present fence
05-28 15:36:27.958 E/Scheduler( 263): trackPendingFrame: Invalid present fence
05-28 15:36:27.992 E/Scheduler( 263): trackPendingFrame: Invalid present fence
05-28 15:36:28.025 E/Scheduler( 263): trackPendingFrame: Invalid present fence
05-28 15:36:28.059 E/Scheduler( 263): trackPendingFrame: Invalid present fence
05-28 15:36:28.092 E/Scheduler( 263): trackPendingFrame: Invalid present fence
05-28 15:36:28.125 E/Scheduler( 263): trackPendingFrame: Invalid present fence
05-28 15:36:28.159 E/Scheduler( 263): trackPendingFrame: Invalid present fence
05-28 15:36:28.192 E/Scheduler( 263): trackPendingFrame: Invalid present fence
05-28 15:36:28.225 E/Scheduler( 263): trackPendingFrame: Invalid present fence
05-28 15:36:28.259 E/Scheduler( 263): trackPendingFrame: Invalid present fence
05-28 15:36:28.292 E/Scheduler( 263): trackPendingFrame: Invalid present fence
05-28 15:36:28.326 E/Scheduler( 263): trackPendingFrame: Invalid present fence
05-28 15:36:28.359 E/Scheduler( 263): trackPendingFrame: Invalid present fence
05-28 15:36:28.392 E/Scheduler( 263): trackPendingFrame: Invalid present fence
05-28 15:36:28.425 E/Scheduler( 263): trackPendingFrame: Invalid present fence
