05-28 15:36:28.459 E/Scheduler( 263): trackPendingFrame: Invalid present fence
05-28 15:36:28.466 I/WifiHAL ( 558): call wifi_get_link_stats handler
05-28 15:36:28.466 I/WifiHAL ( 558): Creating message to get link statistics; iface = 16
05-28 15:36:28.466 D/WifiHAL ( 558): error code -95 mapped to -3
05-28 15:36:28.466 E/WifiStaIfaceAidlImpl( 742): getLinkLayerStats failed with service-specific exception: android.os.ServiceSpecificException: (code 4)
05-28 15:36:28.492 E/Scheduler( 263): trackPendingFrame: Invalid present fence
05-28 15:36:28.526 E/Scheduler( 263): trackPendingFrame: Invalid present fence
05-28 15:36:28.559 E/Scheduler( 263): trackPendingFrame: Invalid present fence
05-28 15:36:28.592 E/Scheduler( 263): trackPendingFrame: Invalid present fence
05-28 15:36:28.626 E/Scheduler( 263): trackPendingFrame: Invalid present fence
05-28 15:36:28.659 E/Scheduler( 263): trackPendingFrame: Invalid present fence
05-28 15:36:28.692 E/Scheduler( 263): trackPendingFrame: Invalid present fence
05-28 15:36:28.726 E/Scheduler( 263): trackPendingFrame: Invalid present fence
05-28 15:36:28.759 E/Scheduler( 263): trackPendingFrame: Invalid present fence
05-28 15:36:28.792 E/Scheduler( 263): trackPendingFrame: Invalid present fence
05-28 15:36:28.826 E/Scheduler( 263): trackPendingFrame: Invalid present fence
05-28 15:36:28.859 E/Scheduler( 263): trackPendingFrame: Invalid present fence
05-28 15:36:28.893 E/Scheduler( 263): trackPendingFrame: Invalid present fence
05-28 15:36:28.926 E/Scheduler( 263): trackPendingFrame: Invalid present fence
05-28 15:36:28.946 I/VDA ( 527): [0##99]"ServiceDeviceTask INs=381/388, OUTs=379/383"" {IN=7/8, OUT=9/13[kAtAccelerator(0) kAtDevice(4) kAtClient(9)]}"
05-28 15:36:28.959 E/Scheduler( 263): trackPendingFrame: Invalid present fence
05-28 15:36:28.992 E/Scheduler( 263): trackPendingFrame: Invalid present fence
05-28 15:36:29.026 E/Scheduler( 263): trackPendingFrame: Invalid present fence
05-28 15:36:29.059 E/Scheduler( 263): trackPendingFrame: Invalid present fence
05-28 15:36:29.093 E/Scheduler( 263): trackPendingFrame: Invalid present fence
05-28 15:36:29.126 E/Scheduler( 263): trackPendingFrame: Invalid present fence
05-28 15:36:29.159 E/Scheduler( 263): trackPendingFrame: Invalid present fence
05-28 15:36:29.193 E/Scheduler( 263): trackPendingFrame: Invalid present fence
05-28 15:36:29.226 E/Scheduler( 263): trackPendingFrame: Invalid present fence
05-28 15:36:29.260 E/Scheduler( 263): trackPendingFrame: Invalid present fence
05-28 15:36:29.293 E/Scheduler( 263): trackPendingFrame: Invalid present fence
05-28 15:36:29.326 E/Scheduler( 263): trackPendingFrame: Invalid present fence
05-28 15:36:29.360 E/Scheduler( 263): trackPendingFrame: Invalid present fence
05-28 15:36:29.393 E/Scheduler( 263): trackPendingFrame: Invalid present fence
05-28 15:36:29.426 E/Scheduler( 263): trackPendingFrame: Invalid present fence
05-28 15:36:29.460 E/Scheduler( 263): trackPendingFrame: Invalid present fence
05-28 15:36:29.493 E/Scheduler( 263): trackPendingFrame: Invalid present fence
05-28 15:36:29.527 E/Scheduler( 263): trackPendingFrame: Invalid present fence
05-28 15:36:29.560 E/Scheduler( 263): trackPendingFrame: Invalid present fence
05-28 15:36:29.594 E/Scheduler( 263): trackPendingFrame: Invalid present fence
05-28 15:36:29.627 E/Scheduler( 263): trackPendingFrame: Invalid present fence
05-28 15:36:29.660 E/Scheduler( 263): trackPendingFrame: Invalid present fence
05-28 15:36:29.693 E/Scheduler( 263): trackPendingFrame: Invalid present fence
05-28 15:36:29.727 E/Scheduler( 263): trackPendingFrame: Invalid present fence
05-28 15:36:29.760 E/Scheduler( 263): trackPendingFrame: Invalid present fence
05-28 15:36:29.793 E/Scheduler( 263): trackPendingFrame: Invalid present fence
05-28 15:36:29.827 E/Scheduler( 263): trackPendingFrame: Invalid present fence
05-28 15:36:29.860 E/Scheduler( 263): trackPendingFrame: Invalid present fence
05-28 15:36:29.894 E/Scheduler( 263): trackPendingFrame: Invalid present fence
05-28 15:36:29.927 E/Scheduler( 263): trackPendingFrame: Invalid present fence
05-28 15:36:29.960 E/Scheduler( 263): trackPendingFrame: Invalid present fence
05-28 15:36:29.973 I/VDA ( 527): [0##99]"ServiceDeviceTask INs=412/419, OUTs=409/413"" {IN=7/8, OUT=9/13[kAtAccelerator(0) kAtDevice(4) kAtClient(9)]}"
05-28 15:36:29.994 E/Scheduler( 263): trackPendingFrame: Invalid present fence
05-28 15:36:30.027 E/Scheduler( 263): trackPendingFrame: Invalid present fence
05-28 15:36:30.060 E/Scheduler( 263): trackPendingFrame: Invalid present fence
05-28 15:36:30.094 E/Scheduler( 263): trackPendingFrame: Invalid present fence
05-28 15:36:30.127 E/Scheduler( 263): trackPendingFrame: Invalid present fence
05-28 15:36:30.153 I/virtual void MediaDecoder::run()(14565): notify decode next url: /data/user/0/com.dangbei.lerad.screensaver/files/download/61/city_1.mp4
05-28 15:36:30.153 E/screen_saver2(14565): onDecodeNextStream: 0
05-28 15:36:30.153 E/screen_saver2(14565): 本地记录index和回调的不一致
05-28 15:36:30.154 D/AdManager(14565): advertisementNum: 8
05-28 15:36:30.160 E/Scheduler( 263): trackPendingFrame: Invalid present fence
05-28 15:36:30.194 E/Scheduler( 263): trackPendingFrame: Invalid present fence
05-28 15:36:30.227 E/Scheduler( 263): trackPendingFrame: Invalid present fence
05-28 15:36:30.261 E/Scheduler( 263): trackPendingFrame: Invalid present fence
05-28 15:36:30.294 E/Scheduler( 263): trackPendingFrame: Invalid present fence
05-28 15:36:30.327 E/Scheduler( 263): trackPendingFrame: Invalid present fence
05-28 15:36:30.361 E/Scheduler( 263): trackPendingFrame: Invalid present fence
05-28 15:36:30.394 E/Scheduler( 263): trackPendingFrame: Invalid present fence
05-28 15:36:30.411 E/Scheduler( 263): trackPendingFrame: Invalid present fence
05-28 15:36:30.461 E/Scheduler( 263): trackPendingFrame: Invalid present fence
05-28 15:36:30.494 E/Scheduler( 263): trackPendingFrame: Invalid present fence
05-28 15:36:30.527 E/Scheduler( 263): trackPendingFrame: Invalid present fence
05-28 15:36:30.561 E/Scheduler( 263): trackPendingFrame: Invalid present fence
05-28 15:36:30.594 E/Scheduler( 263): trackPendingFrame: Invalid present fence
05-28 15:36:30.628 E/Scheduler( 263): trackPendingFrame: Invalid present fence
05-28 15:36:30.661 E/Scheduler( 263): trackPendingFrame: Invalid present fence
05-28 15:36:30.694 E/Scheduler( 263): trackPendingFrame: Invalid present fence
05-28 15:36:30.728 E/Scheduler( 263): trackPendingFrame: Invalid present fence
05-28 15:36:30.761 E/Scheduler( 263): trackPendingFrame: Invalid present fence
05-28 15:36:30.795 E/Scheduler( 263): trackPendingFrame: Invalid present fence
05-28 15:36:30.829 E/Scheduler( 263): trackPendingFrame: Invalid present fence
05-28 15:36:30.861 E/Scheduler( 263): trackPendingFrame: Invalid present fence
05-28 15:36:30.878 E/Scheduler( 263): trackPendingFrame: Invalid present fence
05-28 15:36:30.928 E/Scheduler( 263): trackPendingFrame: Invalid present fence
05-28 15:36:30.962 E/Scheduler( 263): trackPendingFrame: Invalid present fence
05-28 15:36:30.978 E/Scheduler( 263): trackPendingFrame: Invalid present fence
05-28 15:36:31.028 E/Scheduler( 263): trackPendingFrame: Invalid present fence
05-28 15:36:31.035 I/VDA ( 527): [0##99]"ServiceDeviceTask INs=444/451, OUTs=441/445"" {IN=7/8, OUT=9/13[kAtAccelerator(0) kAtDevice(4) kAtClient(9)]}"
05-28 15:36:31.061 E/Scheduler( 263): trackPendingFrame: Invalid present fence
05-28 15:36:31.095 E/Scheduler( 263): trackPendingFrame: Invalid present fence
05-28 15:36:31.104 I/crashsdk(14565): crashsdk uploading logs
05-28 15:36:31.112 E/Scheduler( 263): trackPendingFrame: Invalid present fence
05-28 15:36:31.145 E/Scheduler( 263): trackPendingFrame: Invalid present fence
05-28 15:36:31.195 E/Scheduler( 263): trackPendingFrame: Invalid present fence
05-28 15:36:31.228 E/Scheduler( 263): trackPendingFrame: Invalid present fence
05-28 15:36:31.262 E/Scheduler( 263): trackPendingFrame: Invalid present fence
05-28 15:36:31.295 E/Scheduler( 263): trackPendingFrame: Invalid present fence
05-28 15:36:31.328 E/Scheduler( 263): trackPendingFrame: Invalid present fence
05-28 15:36:31.362 E/Scheduler( 263): trackPendingFrame: Invalid present fence
05-28 15:36:31.395 E/Scheduler( 263): trackPendingFrame: Invalid present fence
05-28 15:36:31.429 E/Scheduler( 263): trackPendingFrame: Invalid present fence
05-28 15:36:31.462 E/Scheduler( 263): trackPendingFrame: Invalid present fence
05-28 15:36:31.472 I/WifiHAL ( 558): call wifi_get_link_stats handler
05-28 15:36:31.472 I/WifiHAL ( 558): Creating message to get link statistics; iface = 16
05-28 15:36:31.472 D/WifiHAL ( 558): error code -95 mapped to -3
05-28 15:36:31.473 E/WifiStaIfaceAidlImpl( 742): getLinkLayerStats failed with service-specific exception: android.os.ServiceSpecificException: (code 4)
05-28 15:36:31.479 E/Scheduler( 263): trackPendingFrame: Invalid present fence
05-28 15:36:31.512 E/Scheduler( 263): trackPendingFrame: Invalid present fence
05-28 15:36:31.526 I/audio_hw_hal_alsamgr( 509): alsa format =0x1 delay frames =768 total frames=242127360
05-28 15:36:31.539 I/DebugUtil( 527): [0##99]in/out status {INS/OUTS=468(1)/457(0)}, pipeline status {IN=8/8, OUT=10/13[Component(0) Accelerator(3) Client(10)]}
05-28 15:36:31.545 E/Scheduler( 263): trackPendingFrame: Invalid present fence
05-28 15:36:31.578 E/Scheduler( 263): trackPendingFrame: Invalid present fence
05-28 15:36:31.629 E/Scheduler( 263): trackPendingFrame: Invalid present fence
05-28 15:36:31.645 E/Scheduler( 263): trackPendingFrame: Invalid present fence
05-28 15:36:31.679 E/Scheduler( 263): trackPendingFrame: Invalid present fence
05-28 15:36:31.712 E/Scheduler( 263): trackPendingFrame: Invalid present fence
05-28 15:36:31.745 E/Scheduler( 263): trackPendingFrame: Invalid present fence
05-28 15:36:31.779 E/Scheduler( 263): trackPendingFrame: Invalid present fence
05-28 15:36:31.825 D/BufferPoolAccessor2.0(14565): bufferpool2 0xece33e68 : 8(12582912 size) total buffers - 8(12582912 size) used buffers - 0/9 (recycle/alloc) - 9/476 (fetch/transfer)
05-28 15:36:31.829 E/Scheduler( 263): trackPendingFrame: Invalid present fence
05-28 15:36:31.846 E/Scheduler( 263): trackPendingFrame: Invalid present fence
05-28 15:36:31.879 E/Scheduler( 263): trackPendingFrame: Invalid present fence
05-28 15:36:31.912 E/Scheduler( 263): trackPendingFrame: Invalid present fence
05-28 15:36:31.946 E/Scheduler( 263): trackPendingFrame: Invalid present fence
05-28 15:36:31.979 E/Scheduler( 263): trackPendingFrame: Invalid present fence
05-28 15:36:32.029 E/Scheduler( 263): trackPendingFrame: Invalid present fence
05-28 15:36:32.045 E/Scheduler( 263): trackPendingFrame: Invalid present fence
05-28 15:36:32.062 I/VDA ( 527): [0##99]"ServiceDeviceTask INs=473/480, OUTs=470/476"" {IN=7/8, OUT=7/13[kAtAccelerator(0) kAtDevice(6) kAtClient(7)]}"
05-28 15:36:32.096 E/Scheduler( 263): trackPendingFrame: Invalid present fence
05-28 15:36:32.130 E/Scheduler( 263): trackPendingFrame: Invalid present fence
05-28 15:36:32.146 E/Scheduler( 263): trackPendingFrame: Invalid present fence
05-28 15:36:32.179 E/Scheduler( 263): trackPendingFrame: Invalid present fence
05-28 15:36:32.213 E/Scheduler( 263): trackPendingFrame: Invalid present fence
05-28 15:36:32.263 E/Scheduler( 263): trackPendingFrame: Invalid present fence
05-28 15:36:32.280 E/Scheduler( 263): trackPendingFrame: Invalid present fence
05-28 15:36:32.313 E/Scheduler( 263): trackPendingFrame: Invalid present fence
05-28 15:36:32.363 E/Scheduler( 263): trackPendingFrame: Invalid present fence
05-28 15:36:32.379 E/Scheduler( 263): trackPendingFrame: Invalid present fence
05-28 15:36:32.413 E/Scheduler( 263): trackPendingFrame: Invalid present fence
05-28 15:36:32.446 E/Scheduler( 263): trackPendingFrame: Invalid present fence
05-28 15:36:32.479 E/Scheduler( 263): trackPendingFrame: Invalid present fence
05-28 15:36:32.513 E/Scheduler( 263): trackPendingFrame: Invalid present fence
05-28 15:36:32.546 E/Scheduler( 263): trackPendingFrame: Invalid present fence
05-28 15:36:32.579 E/Scheduler( 263): trackPendingFrame: Invalid present fence
05-28 15:36:32.613 E/Scheduler( 263): trackPendingFrame: Invalid present fence
05-28 15:36:32.646 E/Scheduler( 263): trackPendingFrame: Invalid present fence
05-28 15:36:32.680 E/Scheduler( 263): trackPendingFrame: Invalid present fence
05-28 15:36:32.714 E/Scheduler( 263): trackPendingFrame: Invalid present fence
05-28 15:36:32.746 E/Scheduler( 263): trackPendingFrame: Invalid present fence
05-28 15:36:32.780 E/Scheduler( 263): trackPendingFrame: Invalid present fence
05-28 15:36:32.813 E/Scheduler( 263): trackPendingFrame: Invalid present fence
05-28 15:36:32.846 E/Scheduler( 263): trackPendingFrame: Invalid present fence
05-28 15:36:32.880 E/Scheduler( 263): trackPendingFrame: Invalid present fence
05-28 15:36:32.913 E/Scheduler( 263): trackPendingFrame: Invalid present fence
05-28 15:36:32.947 E/Scheduler( 263): trackPendingFrame: Invalid present fence
05-28 15:36:32.980 E/Scheduler( 263): trackPendingFrame: Invalid present fence
05-28 15:36:33.013 E/Scheduler( 263): trackPendingFrame: Invalid present fence
05-28 15:36:33.047 E/Scheduler( 263): trackPendingFrame: Invalid present fence
05-28 15:36:33.080 E/Scheduler( 263): trackPendingFrame: Invalid present fence
05-28 15:36:33.092 I/VDA ( 527): [0##99]"ServiceDeviceTask INs=506/513, OUTs=504/507"" {IN=7/8, OUT=10/13[kAtAccelerator(0) kAtDevice(3) kAtClient(10)]}"
05-28 15:36:33.130 E/Scheduler( 263): trackPendingFrame: Invalid present fence
05-28 15:36:33.164 E/Scheduler( 263): trackPendingFrame: Invalid present fence
05-28 15:36:33.180 E/Scheduler( 263): trackPendingFrame: Invalid present fence
05-28 15:36:33.214 E/Scheduler( 263): trackPendingFrame: Invalid present fence
05-28 15:36:33.247 E/Scheduler( 263): trackPendingFrame: Invalid present fence
05-28 15:36:33.265 I/virtual Data FFDemuxer::read()(14565): read frame ret: End of file latestReceivedTime: 169926 getTotalTimeMillis: 6666 is exit: 0
05-28 15:36:33.265 I/virtual Data FFDemuxer::read()(14565): list smooth loop
05-28 15:36:33.270 I/virtual StreamInfo FFDemuxer::getVideoStreamInfo()(14565): video width: 1920 video height: 1080 video pixelFormat: 0 fps: 30
05-28 15:36:33.270 D/virtual Data FFDemuxer::read()(14565): open next url: /data/user/0/com.dangbei.lerad.screensaver/files/download/61/city_1.mp4
05-28 15:36:33.280 E/Scheduler( 263): trackPendingFrame: Invalid present fence
05-28 15:36:33.314 E/Scheduler( 263): trackPendingFrame: Invalid present fence
05-28 15:36:33.347 E/Scheduler( 263): trackPendingFrame: Invalid present fence
05-28 15:36:33.381 E/Scheduler( 263): trackPendingFrame: Invalid present fence
05-28 15:36:33.414 E/Scheduler( 263): trackPendingFrame: Invalid present fence
05-28 15:36:33.464 E/Scheduler( 263): trackPendingFrame: Invalid present fence
05-28 15:36:33.480 E/Scheduler( 263): trackPendingFrame: Invalid present fence
05-28 15:36:33.514 E/Scheduler( 263): trackPendingFrame: Invalid present fence
05-28 15:36:33.547 E/Scheduler( 263): trackPendingFrame: Invalid present fence
05-28 15:36:33.581 E/Scheduler( 263): trackPendingFrame: Invalid present fence
05-28 15:36:33.614 E/Scheduler( 263): trackPendingFrame: Invalid present fence
05-28 15:36:33.647 E/Scheduler( 263): trackPendingFrame: Invalid present fence
05-28 15:36:33.681 E/Scheduler( 263): trackPendingFrame: Invalid present fence
05-28 15:36:33.714 E/Scheduler( 263): trackPendingFrame: Invalid present fence
05-28 15:36:33.747 E/Scheduler( 263): trackPendingFrame: Invalid present fence
05-28 15:36:33.781 E/Scheduler( 263): trackPendingFrame: Invalid present fence
05-28 15:36:33.814 E/Scheduler( 263): trackPendingFrame: Invalid present fence
05-28 15:36:33.848 E/Scheduler( 263): trackPendingFrame: Invalid present fence
05-28 15:36:33.859 D/bbb ( 2170): onStartCommand begin !!!!!!! data分区剩余 54466MB
05-28 15:36:33.881 E/Scheduler( 263): trackPendingFrame: Invalid present fence
05-28 15:36:33.914 E/Scheduler( 263): trackPendingFrame: Invalid present fence
05-28 15:36:33.948 E/Scheduler( 263): trackPendingFrame: Invalid present fence
05-28 15:36:33.982 E/Scheduler( 263): trackPendingFrame: Invalid present fence
05-28 15:36:34.015 E/Scheduler( 263): trackPendingFrame: Invalid present fence
05-28 15:36:34.048 E/Scheduler( 263): trackPendingFrame: Invalid present fence
05-28 15:36:34.081 E/Scheduler( 263): trackPendingFrame: Invalid present fence
05-28 15:36:34.115 E/Scheduler( 263): trackPendingFrame: Invalid present fence
05-28 15:36:34.119 I/VDA ( 527): [0##99]"ServiceDeviceTask INs=537/544, OUTs=534/538"" {IN=7/8, OUT=9/13[kAtAccelerator(0) kAtDevice(4) kAtClient(9)]}"
05-28 15:36:34.148 E/Scheduler( 263): trackPendingFrame: Invalid present fence
05-28 15:36:34.181 E/Scheduler( 263): trackPendingFrame: Invalid present fence
05-28 15:36:34.215 E/Scheduler( 263): trackPendingFrame: Invalid present fence
05-28 15:36:34.248 E/Scheduler( 263): trackPendingFrame: Invalid present fence
05-28 15:36:34.281 E/Scheduler( 263): trackPendingFrame: Invalid present fence
05-28 15:36:34.314 E/Scheduler( 263): trackPendingFrame: Invalid present fence
05-28 15:36:34.348 E/Scheduler( 263): trackPendingFrame: Invalid present fence
05-28 15:36:34.382 E/Scheduler( 263): trackPendingFrame: Invalid present fence
05-28 15:36:34.414 E/Scheduler( 263): trackPendingFrame: Invalid present fence
05-28 15:36:34.448 E/Scheduler( 263): trackPendingFrame: Invalid present fence
05-28 15:36:34.478 I/WifiHAL ( 558): call wifi_get_link_stats handler
05-28 15:36:34.478 I/WifiHAL ( 558): Creating message to get link statistics; iface = 16
05-28 15:36:34.478 D/WifiHAL ( 558): error code -95 mapped to -3
05-28 15:36:34.479 E/WifiStaIfaceAidlImpl( 742): getLinkLayerStats failed with service-specific exception: android.os.ServiceSpecificException: (code 4)
05-28 15:36:34.481 E/Scheduler( 263): trackPendingFrame: Invalid present fence
05-28 15:36:34.514 E/Scheduler( 263): trackPendingFrame: Invalid present fence
05-28 15:36:34.548 E/Scheduler( 263): trackPendingFrame: Invalid present fence
05-28 15:36:34.581 E/Scheduler( 263): trackPendingFrame: Invalid present fence
05-28 15:36:34.615 E/Scheduler( 263): trackPendingFrame: Invalid present fence
05-28 15:36:34.648 E/Scheduler( 263): trackPendingFrame: Invalid present fence
05-28 15:36:34.682 E/Scheduler( 263): trackPendingFrame: Invalid present fence
05-28 15:36:34.715 E/Scheduler( 263): trackPendingFrame: Invalid present fence
05-28 15:36:34.748 E/Scheduler( 263): trackPendingFrame: Invalid present fence
05-28 15:36:34.782 E/Scheduler( 263): trackPendingFrame: Invalid present fence
05-28 15:36:34.815 E/Scheduler( 263): trackPendingFrame: Invalid present fence
05-28 15:36:34.849 E/Scheduler( 263): trackPendingFrame: Invalid present fence
05-28 15:36:34.882 E/Scheduler( 263): trackPendingFrame: Invalid present fence
05-28 15:36:34.915 E/Scheduler( 263): trackPendingFrame: Invalid present fence
05-28 15:36:34.949 E/Scheduler( 263): trackPendingFrame: Invalid present fence
05-28 15:36:34.982 E/Scheduler( 263): trackPendingFrame: Invalid present fence
05-28 15:36:35.015 E/Scheduler( 263): trackPendingFrame: Invalid present fence
05-28 15:36:35.049 E/Scheduler( 263): trackPendingFrame: Invalid present fence
05-28 15:36:35.082 E/Scheduler( 263): trackPendingFrame: Invalid present fence
05-28 15:36:35.115 E/Scheduler( 263): trackPendingFrame: Invalid present fence
05-28 15:36:35.144 I/VDA ( 527): [0##99]"ServiceDeviceTask INs=567/574, OUTs=564/569"" {IN=7/8, OUT=8/13[kAtAccelerator(0) kAtDevice(5) kAtClient(8)]}"
05-28 15:36:35.149 E/Scheduler( 263): trackPendingFrame: Invalid present fence
05-28 15:36:35.182 E/Scheduler( 263): trackPendingFrame: Invalid present fence
05-28 15:36:35.216 E/Scheduler( 263): trackPendingFrame: Invalid present fence
05-28 15:36:35.249 E/Scheduler( 263): trackPendingFrame: Invalid present fence
05-28 15:36:35.283 E/Scheduler( 263): trackPendingFrame: Invalid present fence
05-28 15:36:35.316 E/Scheduler( 263): trackPendingFrame: Invalid present fence
05-28 15:36:35.349 E/Scheduler( 263): trackPendingFrame: Invalid present fence
05-28 15:36:35.383 E/Scheduler( 263): trackPendingFrame: Invalid present fence
05-28 15:36:35.416 E/Scheduler( 263): trackPendingFrame: Invalid present fence
05-28 15:36:35.449 E/Scheduler( 263): trackPendingFrame: Invalid present fence
05-28 15:36:35.482 E/Scheduler( 263): trackPendingFrame: Invalid present fence
05-28 15:36:35.516 E/Scheduler( 263): trackPendingFrame: Invalid present fence
05-28 15:36:35.549 E/Scheduler( 263): trackPendingFrame: Invalid present fence
05-28 15:36:35.583 E/Scheduler( 263): trackPendingFrame: Invalid present fence
05-28 15:36:35.616 E/Scheduler( 263): trackPendingFrame: Invalid present fence
05-28 15:36:35.649 E/Scheduler( 263): trackPendingFrame: Invalid present fence
05-28 15:36:35.683 E/Scheduler( 263): trackPendingFrame: Invalid present fence
05-28 15:36:35.716 E/Scheduler( 263): trackPendingFrame: Invalid present fence
05-28 15:36:35.749 E/Scheduler( 263): trackPendingFrame: Invalid present fence
05-28 15:36:35.783 E/Scheduler( 263): trackPendingFrame: Invalid present fence
05-28 15:36:35.816 E/Scheduler( 263): trackPendingFrame: Invalid present fence
05-28 15:36:35.850 E/Scheduler( 263): trackPendingFrame: Invalid present fence
05-28 15:36:35.883 E/Scheduler( 263): trackPendingFrame: Invalid present fence
05-28 15:36:35.916 E/Scheduler( 263): trackPendingFrame: Invalid present fence
05-28 15:36:35.950 E/Scheduler( 263): trackPendingFrame: Invalid present fence
05-28 15:36:35.983 E/Scheduler( 263): trackPendingFrame: Invalid present fence
05-28 15:36:36.017 E/Scheduler( 263): trackPendingFrame: Invalid present fence
05-28 15:36:36.050 E/Scheduler( 263): trackPendingFrame: Invalid present fence
05-28 15:36:36.083 E/Scheduler( 263): trackPendingFrame: Invalid present fence
05-28 15:36:36.117 E/Scheduler( 263): trackPendingFrame: Invalid present fence
05-28 15:36:36.150 E/Scheduler( 263): trackPendingFrame: Invalid present fence
05-28 15:36:36.176 I/VDA ( 527): [0##99]"ServiceDeviceTask INs=599/606, OUTs=597/600"" {IN=7/8, OUT=10/13[kAtAccelerator(0) kAtDevice(3) kAtClient(10)]}"
05-28 15:36:36.183 E/Scheduler( 263): trackPendingFrame: Invalid present fence
05-28 15:36:36.217 E/Scheduler( 263): trackPendingFrame: Invalid present fence
05-28 15:36:36.250 E/Scheduler( 263): trackPendingFrame: Invalid present fence
05-28 15:36:36.283 E/Scheduler( 263): trackPendingFrame: Invalid present fence
05-28 15:36:36.316 E/Scheduler( 263): trackPendingFrame: Invalid present fence
05-28 15:36:36.350 E/Scheduler( 263): trackPendingFrame: Invalid present fence
05-28 15:36:36.384 E/Scheduler( 263): trackPendingFrame: Invalid present fence
05-28 15:36:36.417 E/Scheduler( 263): trackPendingFrame: Invalid present fence
05-28 15:36:36.450 E/Scheduler( 263): trackPendingFrame: Invalid present fence
05-28 15:36:36.484 E/Scheduler( 263): trackPendingFrame: Invalid present fence
05-28 15:36:36.517 E/Scheduler( 263): trackPendingFrame: Invalid present fence
05-28 15:36:36.540 I/DebugUtil( 527): [0##99]in/out status {INS/OUTS=618(1)/607(0)}, pipeline status {IN=8/8, OUT=10/13[Component(0) Accelerator(3) Client(10)]}
05-28 15:36:36.551 E/Scheduler( 263): trackPendingFrame: Invalid present fence
05-28 15:36:36.584 E/Scheduler( 263): trackPendingFrame: Invalid present fence
05-28 15:36:36.617 E/Scheduler( 263): trackPendingFrame: Invalid present fence
05-28 15:36:36.650 E/Scheduler( 263): trackPendingFrame: Invalid present fence
05-28 15:36:36.684 E/Scheduler( 263): trackPendingFrame: Invalid present fence
05-28 15:36:36.717 E/Scheduler( 263): trackPendingFrame: Invalid present fence
05-28 15:36:36.750 E/Scheduler( 263): trackPendingFrame: Invalid present fence
05-28 15:36:36.784 E/Scheduler( 263): trackPendingFrame: Invalid present fence
05-28 15:36:36.817 E/Scheduler( 263): trackPendingFrame: Invalid present fence
05-28 15:36:36.850 E/Scheduler( 263): trackPendingFrame: Invalid present fence
05-28 15:36:36.884 E/Scheduler( 263): trackPendingFrame: Invalid present fence
05-28 15:36:36.917 E/Scheduler( 263): trackPendingFrame: Invalid present fence
05-28 15:36:36.951 E/Scheduler( 263): trackPendingFrame: Invalid present fence
05-28 15:36:36.984 E/Scheduler( 263): trackPendingFrame: Invalid present fence
05-28 15:36:37.017 E/Scheduler( 263): trackPendingFrame: Invalid present fence
05-28 15:36:37.030 D/BufferPoolAccessor2.0(14565): bufferpool2 0xece33e68 : 8(12582912 size) total buffers - 8(12582912 size) used buffers - 0/9 (recycle/alloc) - 9/632 (fetch/transfer)
05-28 15:36:37.051 E/Scheduler( 263): trackPendingFrame: Invalid present fence
05-28 15:36:37.084 E/Scheduler( 263): trackPendingFrame: Invalid present fence
05-28 15:36:37.117 E/Scheduler( 263): trackPendingFrame: Invalid present fence
05-28 15:36:37.151 E/Scheduler( 263): trackPendingFrame: Invalid present fence
05-28 15:36:37.184 E/Scheduler( 263): trackPendingFrame: Invalid present fence
05-28 15:36:37.202 I/VDA ( 527): [0##99]"ServiceDeviceTask INs=629/636, OUTs=627/630"" {IN=7/8, OUT=10/13[kAtAccelerator(0) kAtDevice(3) kAtClient(10)]}"
05-28 15:36:37.218 E/Scheduler( 263): trackPendingFrame: Invalid present fence
05-28 15:36:37.251 E/Scheduler( 263): trackPendingFrame: Invalid present fence
05-28 15:36:37.284 E/Scheduler( 263): trackPendingFrame: Invalid present fence
05-28 15:36:37.318 E/Scheduler( 263): trackPendingFrame: Invalid present fence
05-28 15:36:37.351 E/Scheduler( 263): trackPendingFrame: Invalid present fence
05-28 15:36:37.384 E/Scheduler( 263): trackPendingFrame: Invalid present fence
05-28 15:36:37.418 E/Scheduler( 263): trackPendingFrame: Invalid present fence
05-28 15:36:37.451 E/Scheduler( 263): trackPendingFrame: Invalid present fence
05-28 15:36:37.484 I/WifiHAL ( 558): call wifi_get_link_stats handler
05-28 15:36:37.484 I/WifiHAL ( 558): Creating message to get link statistics; iface = 16
05-28 15:36:37.484 D/WifiHAL ( 558): error code -95 mapped to -3
05-28 15:36:37.484 E/Scheduler( 263): trackPendingFrame: Invalid present fence
05-28 15:36:37.485 E/WifiStaIfaceAidlImpl( 742): getLinkLayerStats failed with service-specific exception: android.os.ServiceSpecificException: (code 4)
05-28 15:36:37.518 E/Scheduler( 263): trackPendingFrame: Invalid present fence
05-28 15:36:37.551 E/Scheduler( 263): trackPendingFrame: Invalid present fence
05-28 15:36:37.585 E/Scheduler( 263): trackPendingFrame: Invalid present fence
05-28 15:36:37.618 E/Scheduler( 263): trackPendingFrame: Invalid present fence
05-28 15:36:37.619 I/virtual void MediaDecoder::run()(14565): notify decode next url: /data/user/0/com.dangbei.lerad.screensaver/files/download/61/city_2.mp4
05-28 15:36:37.619 E/screen_saver2(14565): onDecodeNextStream: 1
05-28 15:36:37.619 D/AdManager(14565): advertisementNum: 7
05-28 15:36:37.651 E/Scheduler( 263): trackPendingFrame: Invalid present fence
05-28 15:36:37.685 E/Scheduler( 263): trackPendingFrame: Invalid present fence
05-28 15:36:37.718 E/Scheduler( 263): trackPendingFrame: Invalid present fence
05-28 15:36:37.752 E/Scheduler( 263): trackPendingFrame: Invalid present fence
05-28 15:36:37.785 E/Scheduler( 263): trackPendingFrame: Invalid present fence
05-28 15:36:37.818 E/Scheduler( 263): trackPendingFrame: Invalid present fence
05-28 15:36:37.851 E/Scheduler( 263): trackPendingFrame: Invalid present fence
05-28 15:36:37.885 E/Scheduler( 263): trackPendingFrame: Invalid present fence
05-28 15:36:37.919 E/Scheduler( 263): trackPendingFrame: Invalid present fence
05-28 15:36:37.952 E/Scheduler( 263): trackPendingFrame: Invalid present fence
05-28 15:36:37.985 E/Scheduler( 263): trackPendingFrame: Invalid present fence
05-28 15:36:38.018 E/Scheduler( 263): trackPendingFrame: Invalid present fence
05-28 15:36:38.052 E/Scheduler( 263): trackPendingFrame: Invalid present fence
05-28 15:36:38.085 E/Scheduler( 263): trackPendingFrame: Invalid present fence
05-28 15:36:38.118 E/Scheduler( 263): trackPendingFrame: Invalid present fence
05-28 15:36:38.152 E/Scheduler( 263): trackPendingFrame: Invalid present fence
05-28 15:36:38.185 E/Scheduler( 263): trackPendingFrame: Invalid present fence
05-28 15:36:38.218 E/Scheduler( 263): trackPendingFrame: Invalid present fence
05-28 15:36:38.227 I/VDA ( 527): [0##99]"ServiceDeviceTask INs=660/667, OUTs=657/661"" {IN=7/8, OUT=9/13[kAtAccelerator(0) kAtDevice(4) kAtClient(9)]}"
05-28 15:36:38.252 E/Scheduler( 263): trackPendingFrame: Invalid present fence
05-28 15:36:38.285 E/Scheduler( 263): trackPendingFrame: Invalid present fence
05-28 15:36:38.319 E/Scheduler( 263): trackPendingFrame: Invalid present fence
05-28 15:36:38.352 E/Scheduler( 263): trackPendingFrame: Invalid present fence
05-28 15:36:38.385 E/Scheduler( 263): trackPendingFrame: Invalid present fence
05-28 15:36:38.419 E/Scheduler( 263): trackPendingFrame: Invalid present fence
05-28 15:36:38.452 E/Scheduler( 263): trackPendingFrame: Invalid present fence
05-28 15:36:38.485 E/Scheduler( 263): trackPendingFrame: Invalid present fence
05-28 15:36:38.519 E/Scheduler( 263): trackPendingFrame: Invalid present fence
05-28 15:36:38.552 E/Scheduler( 263): trackPendingFrame: Invalid present fence
05-28 15:36:38.586 E/Scheduler( 263): trackPendingFrame: Invalid present fence
05-28 15:36:38.619 E/Scheduler( 263): trackPendingFrame: Invalid present fence
05-28 15:36:38.652 E/Scheduler( 263): trackPendingFrame: Invalid present fence
05-28 15:36:38.686 E/Scheduler( 263): trackPendingFrame: Invalid present fence
05-28 15:36:38.719 E/Scheduler( 263): trackPendingFrame: Invalid present fence
05-28 15:36:38.752 E/Scheduler( 263): trackPendingFrame: Invalid present fence
05-28 15:36:38.786 E/Scheduler( 263): trackPendingFrame: Invalid present fence
05-28 15:36:38.819 E/Scheduler( 263): trackPendingFrame: Invalid present fence
05-28 15:36:38.852 E/Scheduler( 263): trackPendingFrame: Invalid present fence
05-28 15:36:38.886 E/Scheduler( 263): trackPendingFrame: Invalid present fence
05-28 15:36:38.919 E/Scheduler( 263): trackPendingFrame: Invalid present fence
05-28 15:36:38.953 E/Scheduler( 263): trackPendingFrame: Invalid present fence
05-28 15:36:38.986 E/Scheduler( 263): trackPendingFrame: Invalid present fence
05-28 15:36:39.020 E/Scheduler( 263): trackPendingFrame: Invalid present fence
05-28 15:36:39.053 E/Scheduler( 263): trackPendingFrame: Invalid present fence
05-28 15:36:39.086 E/Scheduler( 263): trackPendingFrame: Invalid present fence
05-28 15:36:39.119 E/Scheduler( 263): trackPendingFrame: Invalid present fence
05-28 15:36:39.153 E/Scheduler( 263): trackPendingFrame: Invalid present fence
05-28 15:36:39.187 E/Scheduler( 263): trackPendingFrame: Invalid present fence
05-28 15:36:39.220 E/Scheduler( 263): trackPendingFrame: Invalid present fence
05-28 15:36:39.254 E/Scheduler( 263): trackPendingFrame: Invalid present fence
05-28 15:36:39.255 I/VDA ( 527): [0##99]"ServiceDeviceTask INs=691/698, OUTs=689/692"" {IN=7/8, OUT=10/13[kAtAccelerator(0) kAtDevice(3) kAtClient(10)]}"
05-28 15:36:39.287 E/Scheduler( 263): trackPendingFrame: Invalid present fence
05-28 15:36:39.319 E/Scheduler( 263): trackPendingFrame: Invalid present fence
05-28 15:36:39.353 E/Scheduler( 263): trackPendingFrame: Invalid present fence
05-28 15:36:39.386 E/Scheduler( 263): trackPendingFrame: Invalid present fence
05-28 15:36:39.420 E/Scheduler( 263): trackPendingFrame: Invalid present fence
05-28 15:36:39.453 E/Scheduler( 263): trackPendingFrame: Invalid present fence
05-28 15:36:39.486 E/Scheduler( 263): trackPendingFrame: Invalid present fence
05-28 15:36:39.520 E/Scheduler( 263): trackPendingFrame: Invalid present fence
05-28 15:36:39.553 E/Scheduler( 263): trackPendingFrame: Invalid present fence
05-28 15:36:39.587 E/Scheduler( 263): trackPendingFrame: Invalid present fence
05-28 15:36:39.620 E/Scheduler( 263): trackPendingFrame: Invalid present fence
05-28 15:36:39.653 E/Scheduler( 263): trackPendingFrame: Invalid present fence
05-28 15:36:39.687 E/Scheduler( 263): trackPendingFrame: Invalid present fence
05-28 15:36:39.720 E/Scheduler( 263): trackPendingFrame: Invalid present fence
05-28 15:36:39.753 E/Scheduler( 263): trackPendingFrame: Invalid present fence
05-28 15:36:39.787 E/Scheduler( 263): trackPendingFrame: Invalid present fence
05-28 15:36:39.820 E/Scheduler( 263): trackPendingFrame: Invalid present fence
05-28 15:36:39.853 E/Scheduler( 263): trackPendingFrame: Invalid present fence
05-28 15:36:39.875 I/virtual Data FFDemuxer::read()(14565): read frame ret: End of file latestReceivedTime: 177425 getTotalTimeMillis: 7500 is exit: 0
05-28 15:36:39.875 I/virtual Data FFDemuxer::read()(14565): list smooth loop
05-28 15:36:39.881 I/virtual StreamInfo FFDemuxer::getVideoStreamInfo()(14565): video width: 1920 video height: 1080 video pixelFormat: 0 fps: 30
05-28 15:36:39.881 D/virtual Data FFDemuxer::read()(14565): open next url: /data/user/0/com.dangbei.lerad.screensaver/files/download/61/city_2.mp4
05-28 15:36:39.887 E/Scheduler( 263): trackPendingFrame: Invalid present fence
05-28 15:36:39.920 E/Scheduler( 263): trackPendingFrame: Invalid present fence
05-28 15:36:39.953 E/Scheduler( 263): trackPendingFrame: Invalid present fence
05-28 15:36:39.987 E/Scheduler( 263): trackPendingFrame: Invalid present fence
05-28 15:36:40.020 E/Scheduler( 263): trackPendingFrame: Invalid present fence
05-28 15:36:40.054 E/Scheduler( 263): trackPendingFrame: Invalid present fence
05-28 15:36:40.087 E/Scheduler( 263): trackPendingFrame: Invalid present fence
05-28 15:36:40.120 E/Scheduler( 263): trackPendingFrame: Invalid present fence
05-28 15:36:40.154 E/Scheduler( 263): trackPendingFrame: Invalid present fence
05-28 15:36:40.187 E/Scheduler( 263): trackPendingFrame: Invalid present fence
05-28 15:36:40.221 E/Scheduler( 263): trackPendingFrame: Invalid present fence
05-28 15:36:40.254 E/Scheduler( 263): trackPendingFrame: Invalid present fence
05-28 15:36:40.283 I/VDA ( 527): [0##99]"ServiceDeviceTask INs=722/729, OUTs=720/723"" {IN=7/8, OUT=10/13[kAtAccelerator(0) kAtDevice(3) kAtClient(10)]}"
05-28 15:36:40.287 E/Scheduler( 263): trackPendingFrame: Invalid present fence
05-28 15:36:40.321 E/Scheduler( 263): trackPendingFrame: Invalid present fence
05-28 15:36:40.354 E/Scheduler( 263): trackPendingFrame: Invalid present fence
05-28 15:36:40.388 E/Scheduler( 263): trackPendingFrame: Invalid present fence
05-28 15:36:40.421 E/Scheduler( 263): trackPendingFrame: Invalid present fence
05-28 15:36:40.454 E/Scheduler( 263): trackPendingFrame: Invalid present fence
05-28 15:36:40.488 E/Scheduler( 263): trackPendingFrame: Invalid present fence
05-28 15:36:40.490 I/WifiHAL ( 558): call wifi_get_link_stats handler
05-28 15:36:40.490 I/WifiHAL ( 558): Creating message to get link statistics; iface = 16
05-28 15:36:40.490 D/WifiHAL ( 558): error code -95 mapped to -3
05-28 15:36:40.491 E/WifiStaIfaceAidlImpl( 742): getLinkLayerStats failed with service-specific exception: android.os.ServiceSpecificException: (code 4)
05-28 15:36:40.521 E/Scheduler( 263): trackPendingFrame: Invalid present fence
05-28 15:36:40.555 E/Scheduler( 263): trackPendingFrame: Invalid present fence
05-28 15:36:40.588 E/Scheduler( 263): trackPendingFrame: Invalid present fence
05-28 15:36:40.621 E/Scheduler( 263): trackPendingFrame: Invalid present fence
05-28 15:36:40.654 E/Scheduler( 263): trackPendingFrame: Invalid present fence
05-28 15:36:40.687 E/Scheduler( 263): trackPendingFrame: Invalid present fence
05-28 15:36:40.721 E/Scheduler( 263): trackPendingFrame: Invalid present fence
05-28 15:36:40.754 E/Scheduler( 263): trackPendingFrame: Invalid present fence
05-28 15:36:40.788 E/Scheduler( 263): trackPendingFrame: Invalid present fence
05-28 15:36:40.821 E/Scheduler( 263): trackPendingFrame: Invalid present fence
05-28 15:36:40.855 E/Scheduler( 263): trackPendingFrame: Invalid present fence
05-28 15:36:40.888 E/Scheduler( 263): trackPendingFrame: Invalid present fence
05-28 15:36:40.921 E/Scheduler( 263): trackPendingFrame: Invalid present fence
05-28 15:36:40.955 E/Scheduler( 263): trackPendingFrame: Invalid present fence
05-28 15:36:40.988 E/Scheduler( 263): trackPendingFrame: Invalid present fence
05-28 15:36:41.022 E/Scheduler( 263): trackPendingFrame: Invalid present fence
05-28 15:36:41.055 E/Scheduler( 263): trackPendingFrame: Invalid present fence
05-28 15:36:41.088 E/Scheduler( 263): trackPendingFrame: Invalid present fence
05-28 15:36:41.122 E/Scheduler( 263): trackPendingFrame: Invalid present fence
05-28 15:36:41.155 E/Scheduler( 263): trackPendingFrame: Invalid present fence
05-28 15:36:41.188 E/Scheduler( 263): trackPendingFrame: Invalid present fence
05-28 15:36:41.221 E/Scheduler( 263): trackPendingFrame: Invalid present fence
05-28 15:36:41.255 E/Scheduler( 263): trackPendingFrame: Invalid present fence
05-28 15:36:41.288 E/Scheduler( 263): trackPendingFrame: Invalid present fence
05-28 15:36:41.311 I/VDA ( 527): [0##99]"ServiceDeviceTask INs=753/760, OUTs=751/754"" {IN=7/8, OUT=10/13[kAtAccelerator(0) kAtDevice(3) kAtClient(10)]}"
05-28 15:36:41.322 E/Scheduler( 263): trackPendingFrame: Invalid present fence
05-28 15:36:41.355 E/Scheduler( 263): trackPendingFrame: Invalid present fence
05-28 15:36:41.388 E/Scheduler( 263): trackPendingFrame: Invalid present fence
05-28 15:36:41.422 E/Scheduler( 263): trackPendingFrame: Invalid present fence
05-28 15:36:41.455 E/Scheduler( 263): trackPendingFrame: Invalid present fence
05-28 15:36:41.489 E/Scheduler( 263): trackPendingFrame: Invalid present fence
05-28 15:36:41.522 E/Scheduler( 263): trackPendingFrame: Invalid present fence
05-28 15:36:41.540 I/DebugUtil( 527): [0##99]in/out status {INS/OUTS=768(1)/757(0)}, pipeline status {IN=8/8, OUT=10/13[Component(0) Accelerator(3) Client(10)]}
05-28 15:36:41.555 E/Scheduler( 263): trackPendingFrame: Invalid present fence
05-28 15:36:41.589 E/Scheduler( 263): trackPendingFrame: Invalid present fence
05-28 15:36:41.622 E/Scheduler( 263): trackPendingFrame: Invalid present fence
05-28 15:36:41.655 E/Scheduler( 263): trackPendingFrame: Invalid present fence
05-28 15:36:41.689 E/Scheduler( 263): trackPendingFrame: Invalid present fence
05-28 15:36:41.722 E/Scheduler( 263): trackPendingFrame: Invalid present fence
05-28 15:36:41.755 E/Scheduler( 263): trackPendingFrame: Invalid present fence
05-28 15:36:41.789 E/Scheduler( 263): trackPendingFrame: Invalid present fence
05-28 15:36:41.823 E/Scheduler( 263): trackPendingFrame: Invalid present fence
05-28 15:36:41.856 E/Scheduler( 263): trackPendingFrame: Invalid present fence
05-28 15:36:41.889 E/Scheduler( 263): trackPendingFrame: Invalid present fence
05-28 15:36:41.922 E/Scheduler( 263): trackPendingFrame: Invalid present fence
05-28 15:36:41.955 E/Scheduler( 263): trackPendingFrame: Invalid present fence
05-28 15:36:41.989 E/Scheduler( 263): trackPendingFrame: Invalid present fence
05-28 15:36:42.022 E/Scheduler( 263): trackPendingFrame: Invalid present fence
05-28 15:36:42.056 E/Scheduler( 263): trackPendingFrame: Invalid present fence
05-28 15:36:42.089 E/Scheduler( 263): trackPendingFrame: Invalid present fence
05-28 15:36:42.122 E/Scheduler( 263): trackPendingFrame: Invalid present fence
05-28 15:36:42.156 E/Scheduler( 263): trackPendingFrame: Invalid present fence
05-28 15:36:42.189 E/Scheduler( 263): trackPendingFrame: Invalid present fence
05-28 15:36:42.200 D/BufferPoolAccessor2.0(14565): bufferpool2 0xece33e68 : 8(12582912 size) total buffers - 8(12582912 size) used buffers - 0/9 (recycle/alloc) - 9/787 (fetch/transfer)
05-28 15:36:42.223 E/Scheduler( 263): trackPendingFrame: Invalid present fence
05-28 15:36:42.256 E/Scheduler( 263): trackPendingFrame: Invalid present fence
05-28 15:36:42.289 E/Scheduler( 263): trackPendingFrame: Invalid present fence
05-28 15:36:42.323 E/Scheduler( 263): trackPendingFrame: Invalid present fence
05-28 15:36:42.339 I/VDA ( 527): [0##99]"ServiceDeviceTask INs=782/789, OUTs=780/784"" {IN=7/8, OUT=9/13[kAtAccelerator(0) kAtDevice(4) kAtClient(9)]}"
05-28 15:36:42.356 E/Scheduler( 263): trackPendingFrame: Invalid present fence
05-28 15:36:42.390 E/Scheduler( 263): trackPendingFrame: Invalid present fence
05-28 15:36:42.422 E/Scheduler( 263): trackPendingFrame: Invalid present fence
05-28 15:36:42.456 E/Scheduler( 263): trackPendingFrame: Invalid present fence
05-28 15:36:42.489 E/Scheduler( 263): trackPendingFrame: Invalid present fence
05-28 15:36:42.523 E/Scheduler( 263): trackPendingFrame: Invalid present fence
05-28 15:36:42.556 E/Scheduler( 263): trackPendingFrame: Invalid present fence
05-28 15:36:42.589 E/Scheduler( 263): trackPendingFrame: Invalid present fence
05-28 15:36:42.623 E/Scheduler( 263): trackPendingFrame: Invalid present fence
05-28 15:36:42.656 E/Scheduler( 263): trackPendingFrame: Invalid present fence
05-28 15:36:42.690 E/Scheduler( 263): trackPendingFrame: Invalid present fence
05-28 15:36:42.723 E/Scheduler( 263): trackPendingFrame: Invalid present fence
05-28 15:36:42.756 E/Scheduler( 263): trackPendingFrame: Invalid present fence
05-28 15:36:42.790 E/Scheduler( 263): trackPendingFrame: Invalid present fence
05-28 15:36:42.823 E/Scheduler( 263): trackPendingFrame: Invalid present fence
05-28 15:36:42.857 E/Scheduler( 263): trackPendingFrame: Invalid present fence
05-28 15:36:42.890 E/Scheduler( 263): trackPendingFrame: Invalid present fence
05-28 15:36:42.923 E/Scheduler( 263): trackPendingFrame: Invalid present fence
05-28 15:36:42.957 E/Scheduler( 263): trackPendingFrame: Invalid present fence
05-28 15:36:42.990 E/Scheduler( 263): trackPendingFrame: Invalid present fence
05-28 15:36:43.024 E/Scheduler( 263): trackPendingFrame: Invalid present fence
05-28 15:36:43.057 E/Scheduler( 263): trackPendingFrame: Invalid present fence
05-28 15:36:43.090 E/Scheduler( 263): trackPendingFrame: Invalid present fence
05-28 15:36:43.124 E/Scheduler( 263): trackPendingFrame: Invalid present fence
05-28 15:36:43.157 E/Scheduler( 263): trackPendingFrame: Invalid present fence
05-28 15:36:43.190 E/Scheduler( 263): trackPendingFrame: Invalid present fence
05-28 15:36:43.223 E/Scheduler( 263): trackPendingFrame: Invalid present fence
05-28 15:36:43.257 E/Scheduler( 263): trackPendingFrame: Invalid present fence
05-28 15:36:43.290 E/Scheduler( 263): trackPendingFrame: Invalid present fence
05-28 15:36:43.323 E/Scheduler( 263): trackPendingFrame: Invalid present fence
05-28 15:36:43.357 E/Scheduler( 263): trackPendingFrame: Invalid present fence
05-28 15:36:43.365 I/VDA ( 527): [0##99]"ServiceDeviceTask INs=814/821, OUTs=811/815"" {IN=7/8, OUT=9/13[kAtAccelerator(0) kAtDevice(4) kAtClient(9)]}"
05-28 15:36:43.390 E/Scheduler( 263): trackPendingFrame: Invalid present fence
05-28 15:36:43.424 E/Scheduler( 263): trackPendingFrame: Invalid present fence
05-28 15:36:43.457 E/Scheduler( 263): trackPendingFrame: Invalid present fence
05-28 15:36:43.490 E/Scheduler( 263): trackPendingFrame: Invalid present fence
05-28 15:36:43.494 I/WifiHAL ( 558): call wifi_get_link_stats handler
05-28 15:36:43.494 I/WifiHAL ( 558): Creating message to get link statistics; iface = 16
05-28 15:36:43.494 D/WifiHAL ( 558): error code -95 mapped to -3
05-28 15:36:43.494 E/WifiStaIfaceAidlImpl( 742): getLinkLayerStats failed with service-specific exception: android.os.ServiceSpecificException: (code 4)
05-28 15:36:43.508 D/InstantWifi( 742): Receive Wifi is connected, freq = 5745 and currentNetworkId : 0, wifiinfo = SSID: , BSSID: 02:00:00:00:00:00, MAC: 02:00:00:00:00:00, IP: /192.168.3.246, Security type: 2, Supplicant state: COMPLETED, Wi-Fi standard: 6, RSSI: -58, Link speed: 1200Mbps, Tx Link speed: 1200Mbps, Max Supported Tx Link speed: 1200Mbps, Rx Link speed: 6Mbps, Max Supported Rx Link speed: 1200Mbps, Frequency: 5745MHz, Net ID: -1, Metered hint: false, score: 60, isUsable: true, CarrierMerged: false, SubscriptionId: -1, IsPrimary: 1, Trusted: true, Restricted: false, Ephemeral: false, OEM paid: false, OEM private: false, OSU AP: false, FQDN: , Provider friendly name: , Requesting package name: MLO Information: , Is TID-To-Link negotiation supported by the AP: false, AP MLD Address: , AP MLO Link Id: , AP MLO Affiliated links:
05-28 15:36:43.524 E/Scheduler( 263): trackPendingFrame: Invalid present fence
05-28 15:36:43.557 E/Scheduler( 263): trackPendingFrame: Invalid present fence
05-28 15:36:43.591 E/Scheduler( 263): trackPendingFrame: Invalid present fence
05-28 15:36:43.624 E/Scheduler( 263): trackPendingFrame: Invalid present fence
05-28 15:36:43.657 E/Scheduler( 263): trackPendingFrame: Invalid present fence
05-28 15:36:43.691 E/Scheduler( 263): trackPendingFrame: Invalid present fence
05-28 15:36:43.724 E/Scheduler( 263): trackPendingFrame: Invalid present fence
05-28 15:36:43.757 E/Scheduler( 263): trackPendingFrame: Invalid present fence
05-28 15:36:43.791 E/Scheduler( 263): trackPendingFrame: Invalid present fence
05-28 15:36:43.824 E/Scheduler( 263): trackPendingFrame: Invalid present fence
05-28 15:36:43.858 E/Scheduler( 263): trackPendingFrame: Invalid present fence
05-28 15:36:43.891 E/Scheduler( 263): trackPendingFrame: Invalid present fence
05-28 15:36:43.924 E/Scheduler( 263): trackPendingFrame: Invalid present fence
05-28 15:36:43.958 E/Scheduler( 263): trackPendingFrame: Invalid present fence
05-28 15:36:43.991 E/Scheduler( 263): trackPendingFrame: Invalid present fence
05-28 15:36:44.024 E/Scheduler( 263): trackPendingFrame: Invalid present fence
05-28 15:36:44.058 E/Scheduler( 263): trackPendingFrame: Invalid present fence
05-28 15:36:44.091 E/Scheduler( 263): trackPendingFrame: Invalid present fence
05-28 15:36:44.124 E/Scheduler( 263): trackPendingFrame: Invalid present fence
05-28 15:36:44.158 E/Scheduler( 263): trackPendingFrame: Invalid present fence
05-28 15:36:44.191 E/Scheduler( 263): trackPendingFrame: Invalid present fence
05-28 15:36:44.225 E/Scheduler( 263): trackPendingFrame: Invalid present fence
05-28 15:36:44.258 E/Scheduler( 263): trackPendingFrame: Invalid present fence
05-28 15:36:44.292 E/Scheduler( 263): trackPendingFrame: Invalid present fence
05-28 15:36:44.298 I/virtual void MediaDecoder::run()(14565): notify decode next url: /data/user/0/com.dangbei.lerad.screensaver/files/download/61/city_1.mp4
05-28 15:36:44.298 E/screen_saver2(14565): onDecodeNextStream: 0
05-28 15:36:44.298 E/screen_saver2(14565): 本地记录index和回调的不一致
05-28 15:36:44.306 D/AdManager(14565): advertisementNum: 6
05-28 15:36:44.325 E/Scheduler( 263): trackPendingFrame: Invalid present fence
05-28 15:36:44.358 E/Scheduler( 263): trackPendingFrame: Invalid present fence
05-28 15:36:44.392 E/Scheduler( 263): trackPendingFrame: Invalid present fence
05-28 15:36:44.396 I/VDA ( 527): [0##99]"ServiceDeviceTask INs=844/851, OUTs=842/846"" {IN=7/8, OUT=9/13[kAtAccelerator(0) kAtDevice(4) kAtClient(9)]}"
05-28 15:36:44.425 E/Scheduler( 263): trackPendingFrame: Invalid present fence
05-28 15:36:44.458 E/Scheduler( 263): trackPendingFrame: Invalid present fence
05-28 15:36:44.492 E/Scheduler( 263): trackPendingFrame: Invalid present fence
05-28 15:36:44.525 E/Scheduler( 263): trackPendingFrame: Invalid present fence
05-28 15:36:44.558 E/Scheduler( 263): trackPendingFrame: Invalid present fence
05-28 15:36:44.592 E/Scheduler( 263): trackPendingFrame: Invalid present fence
05-28 15:36:44.625 E/Scheduler( 263): trackPendingFrame: Invalid present fence
05-28 15:36:44.658 E/Scheduler( 263): trackPendingFrame: Invalid present fence
05-28 15:36:44.692 E/Scheduler( 263): trackPendingFrame: Invalid present fence
05-28 15:36:44.725 E/Scheduler( 263): trackPendingFrame: Invalid present fence
05-28 15:36:44.758 E/Scheduler( 263): trackPendingFrame: Invalid present fence
05-28 15:36:44.792 E/Scheduler( 263): trackPendingFrame: Invalid present fence
05-28 15:36:44.825 E/Scheduler( 263): trackPendingFrame: Invalid present fence
05-28 15:36:44.858 E/Scheduler( 263): trackPendingFrame: Invalid present fence
05-28 15:36:44.892 E/Scheduler( 263): trackPendingFrame: Invalid present fence
05-28 15:36:44.925 E/Scheduler( 263): trackPendingFrame: Invalid present fence
05-28 15:36:44.959 E/Scheduler( 263): trackPendingFrame: Invalid present fence
05-28 15:36:44.992 E/Scheduler( 263): trackPendingFrame: Invalid present fence
05-28 15:36:45.025 E/Scheduler( 263): trackPendingFrame: Invalid present fence
05-28 15:36:45.059 E/Scheduler( 263): trackPendingFrame: Invalid present fence
05-28 15:36:45.092 E/Scheduler( 263): trackPendingFrame: Invalid present fence
05-28 15:36:45.126 E/Scheduler( 263): trackPendingFrame: Invalid present fence
05-28 15:36:45.159 E/Scheduler( 263): trackPendingFrame: Invalid present fence
05-28 15:36:45.192 E/Scheduler( 263): trackPendingFrame: Invalid present fence
05-28 15:36:45.226 E/Scheduler( 263): trackPendingFrame: Invalid present fence
05-28 15:36:45.259 E/Scheduler( 263): trackPendingFrame: Invalid present fence
05-28 15:36:45.292 E/Scheduler( 263): trackPendingFrame: Invalid present fence
05-28 15:36:45.326 E/Scheduler( 263): trackPendingFrame: Invalid present fence
05-28 15:36:45.359 E/Scheduler( 263): trackPendingFrame: Invalid present fence
05-28 15:36:45.393 E/Scheduler( 263): trackPendingFrame: Invalid present fence
05-28 15:36:45.424 I/VDA ( 527): [0##99]"ServiceDeviceTask INs=875/882, OUTs=873/877"" {IN=7/8, OUT=9/13[kAtAccelerator(0) kAtDevice(4) kAtClient(9)]}"
05-28 15:36:45.426 E/Scheduler( 263): trackPendingFrame: Invalid present fence
05-28 15:36:45.460 E/Scheduler( 263): trackPendingFrame: Invalid present fence
05-28 15:36:45.492 E/Scheduler( 263): trackPendingFrame: Invalid present fence
05-28 15:36:45.526 E/Scheduler( 263): trackPendingFrame: Invalid present fence
05-28 15:36:45.559 E/Scheduler( 263): trackPendingFrame: Invalid present fence
05-28 15:36:45.593 E/Scheduler( 263): trackPendingFrame: Invalid present fence
05-28 15:36:45.626 E/Scheduler( 263): trackPendingFrame: Invalid present fence
05-28 15:36:45.659 E/Scheduler( 263): trackPendingFrame: Invalid present fence
05-28 15:36:45.693 E/Scheduler( 263): trackPendingFrame: Invalid present fence
