05-28 15:38:20.811 I/DefaultIMS( 3119): onKeyDown: keyoCode=19
05-28 15:38:20.816 E/mali_gralloc( 1946): Attempt to call unlock*() on an buffer locked with invalid write locks buffer (0xf470a4c0)
05-28 15:38:20.869 E/mali_gralloc( 1946): Attempt to call unlock*() on an buffer locked with invalid write locks buffer (0xf470a4c0)
05-28 15:38:20.871 E/mali_gralloc( 1946): Attempt to call unlock*() on an buffer locked with invalid write locks buffer (0xf470a4c0)
05-28 15:38:20.883 I/audio_hw_hal_alsamgr( 509): alsa format =0x1 delay frames =768 total frames=247374080
05-28 15:38:20.884 E/mali_gralloc( 1946): Attempt to call unlock*() on an buffer locked with invalid write locks buffer (0xf470a4c0)
05-28 15:38:20.909 D/XM_HIDREAD( 2292): poll ret=1, event=1
05-28 15:38:20.909 D/XM_HIDREAD( 2292): [9 bytes]:01 00 00 00 00 00 00 00 00
05-28 15:38:20.910 I/SogouIME( 3119): onKeyUp: keyoCode=19
05-28 15:38:20.910 I/DefaultIMS( 3119): onKeyUp: keyoCode=19
05-28 15:38:20.918 E/mali_gralloc( 1946): Attempt to call unlock*() on an buffer locked with invalid write locks buffer (0xf470a4c0)
05-28 15:38:20.921 E/mali_gralloc( 1946): Attempt to call unlock*() on an buffer locked with invalid write locks buffer (0xf470a4c0)
05-28 15:38:20.936 E/mali_gralloc( 1946): Attempt to call unlock*() on an buffer locked with invalid write locks buffer (0xf470a4c0)
05-28 15:38:20.970 E/mali_gralloc( 1946): Attempt to call unlock*() on an buffer locked with invalid write locks buffer (0xf470a4c0)
05-28 15:38:20.972 E/mali_gralloc( 1946): Attempt to call unlock*() on an buffer locked with invalid write locks buffer (0xf470a4c0)
05-28 15:38:20.985 E/mali_gralloc( 1946): Attempt to call unlock*() on an buffer locked with invalid write locks buffer (0xf470a4c0)
05-28 15:38:21.017 E/mali_gralloc( 1946): Attempt to call unlock*() on an buffer locked with invalid write locks buffer (0xf470a4c0)
05-28 15:38:21.020 E/mali_gralloc( 1946): Attempt to call unlock*() on an buffer locked with invalid write locks buffer (0xf470a4c0)
05-28 15:38:21.035 E/mali_gralloc( 1946): Attempt to call unlock*() on an buffer locked with invalid write locks buffer (0xf470a4c0)
05-28 15:38:21.069 E/mali_gralloc( 1946): Attempt to call unlock*() on an buffer locked with invalid write locks buffer (0xf470a4c0)
05-28 15:38:21.070 E/mali_gralloc( 1946): Attempt to call unlock*() on an buffer locked with invalid write locks buffer (0xf470a4c0)
05-28 15:38:21.111 D/nStackXCoAP( 2823): IsInSameNetwork:[276] :IsInSameNetwork exec
05-28 15:38:21.111 I/nStackXDFinder( 2823): GetLocalInterfaceDetail:[461] :GetLocalInterfaceDetail in
05-28 15:38:21.111 E/nStackXCoAP( 2823): IsInSameNetwork:[281] :IsInSameNetwork: not priority process
05-28 15:38:21.111 D/nStackXCoAP( 2823): ParseServiceDiscover:[330] :new device join
05-28 15:38:21.111 I/nStackXDFinder( 2823): NotifyDeviceListChanged:[540] :notify callback: device list changed callback is null
05-28 15:38:21.111 E/nStackXDFinder( 2823): GetLocalIp:[401] :GetLocalIp exec
05-28 15:38:21.378 D/nStackXCoAP( 2823): CoapMessageHandler:[133] :2.01
05-28 15:38:22.389 D/XM_HIDREAD( 2292): poll ret=1, event=1
05-28 15:38:22.389 D/XM_HIDREAD( 2292): [9 bytes]:01 00 00 51 00 00 00 00 00
05-28 15:38:22.391 I/SogouIME( 3119): onKeyDown: keyoCode=20
05-28 15:38:22.391 I/DefaultIMS( 3119): onKeyDown: keyoCode=20
05-28 15:38:22.402 E/mali_gralloc( 1946): Attempt to call unlock*() on an buffer locked with invalid write locks buffer (0xf470a4c0)
05-28 15:38:22.449 E/mali_gralloc( 1946): Attempt to call unlock*() on an buffer locked with invalid write locks buffer (0xf470a4c0)
05-28 15:38:22.467 E/mali_gralloc( 1946): Attempt to call unlock*() on an buffer locked with invalid write locks buffer (0xf470a4c0)
05-28 15:38:22.472 E/mali_gralloc( 1946): Attempt to call unlock*() on an buffer locked with invalid write locks buffer (0xf470a4c0)
05-28 15:38:22.517 E/mali_gralloc( 1946): Attempt to call unlock*() on an buffer locked with invalid write locks buffer (0xf470a4c0)
05-28 15:38:22.529 D/XM_HIDREAD( 2292): poll ret=1, event=1
05-28 15:38:22.529 D/XM_HIDREAD( 2292): [9 bytes]:01 00 00 00 00 00 00 00 00
05-28 15:38:22.530 E/mali_gralloc( 1946): Attempt to call unlock*() on an buffer locked with invalid write locks buffer (0xf470a4c0)
05-28 15:38:22.532 I/SogouIME( 3119): onKeyUp: keyoCode=20
05-28 15:38:22.532 I/DefaultIMS( 3119): onKeyUp: keyoCode=20
05-28 15:38:22.550 E/mali_gralloc( 1946): Attempt to call unlock*() on an buffer locked with invalid write locks buffer (0xf470a4c0)
05-28 15:38:22.602 E/mali_gralloc( 1946): Attempt to call unlock*() on an buffer locked with invalid write locks buffer (0xf470a4c0)
05-28 15:38:22.614 E/mali_gralloc( 1946): Attempt to call unlock*() on an buffer locked with invalid write locks buffer (0xf470a4c0)
05-28 15:38:22.619 E/mali_gralloc( 1946): Attempt to call unlock*() on an buffer locked with invalid write locks buffer (0xf470a4c0)
05-28 15:38:22.629 D/XM_HIDREAD( 2292): poll ret=1, event=1
05-28 15:38:22.629 D/XM_HIDREAD( 2292): [9 bytes]:01 00 00 51 00 00 00 00 00
05-28 15:38:22.635 I/SogouIME( 3119): onKeyDown: keyoCode=20
05-28 15:38:22.635 I/DefaultIMS( 3119): onKeyDown: keyoCode=20
05-28 15:38:22.668 E/mali_gralloc( 1946): Attempt to call unlock*() on an buffer locked with invalid write locks buffer (0xf470a4c0)
05-28 15:38:22.681 E/mali_gralloc( 1946): Attempt to call unlock*() on an buffer locked with invalid write locks buffer (0xf470a4c0)
05-28 15:38:22.699 E/mali_gralloc( 1946): Attempt to call unlock*() on an buffer locked with invalid write locks buffer (0xf470a4c0)
05-28 15:38:22.705 I/WifiHAL ( 558): call wifi_get_link_stats handler
05-28 15:38:22.705 I/WifiHAL ( 558): Creating message to get link statistics; iface = 16
05-28 15:38:22.705 D/WifiHAL ( 558): error code -95 mapped to -3
05-28 15:38:22.706 E/WifiStaIfaceAidlImpl( 742): getLinkLayerStats failed with service-specific exception: android.os.ServiceSpecificException: (code 4)
05-28 15:38:22.749 D/XM_HIDREAD( 2292): poll ret=1, event=1
05-28 15:38:22.749 D/XM_HIDREAD( 2292): [9 bytes]:01 00 00 00 00 00 00 00 00
05-28 15:38:22.750 I/SogouIME( 3119): onKeyUp: keyoCode=20
05-28 15:38:22.751 I/DefaultIMS( 3119): onKeyUp: keyoCode=20
05-28 15:38:23.104 E/mali_gralloc( 1946): Attempt to call unlock*() on an buffer locked with invalid write locks buffer (0xf470a4c0)
05-28 15:38:23.107 E/mali_gralloc( 1946): Attempt to call unlock*() on an buffer locked with invalid write locks buffer (0xf470a4c0)
05-28 15:38:23.120 E/mali_gralloc( 1946): Attempt to call unlock*() on an buffer locked with invalid write locks buffer (0xf470a4c0)
05-28 15:38:23.156 E/mali_gralloc( 1946): Attempt to call unlock*() on an buffer locked with invalid write locks buffer (0xf470a4c0)
05-28 15:38:23.159 E/mali_gralloc( 1946): Attempt to call unlock*() on an buffer locked with invalid write locks buffer (0xf470a4c0)
05-28 15:38:23.172 E/mali_gralloc( 1946): Attempt to call unlock*() on an buffer locked with invalid write locks buffer (0xf470a4c0)
05-28 15:38:23.206 E/mali_gralloc( 1946): Attempt to call unlock*() on an buffer locked with invalid write locks buffer (0xf470a4c0)
05-28 15:38:23.208 E/mali_gralloc( 1946): Attempt to call unlock*() on an buffer locked with invalid write locks buffer (0xf470a4c0)
05-28 15:38:23.222 E/mali_gralloc( 1946): Attempt to call unlock*() on an buffer locked with invalid write locks buffer (0xf470a4c0)
05-28 15:38:23.254 E/mali_gralloc( 1946): Attempt to call unlock*() on an buffer locked with invalid write locks buffer (0xf470a4c0)
05-28 15:38:23.256 E/mali_gralloc( 1946): Attempt to call unlock*() on an buffer locked with invalid write locks buffer (0xf470a4c0)
05-28 15:38:23.271 E/mali_gralloc( 1946): Attempt to call unlock*() on an buffer locked with invalid write locks buffer (0xf470a4c0)
05-28 15:38:23.305 E/mali_gralloc( 1946): Attempt to call unlock*() on an buffer locked with invalid write locks buffer (0xf470a4c0)
05-28 15:38:23.307 E/mali_gralloc( 1946): Attempt to call unlock*() on an buffer locked with invalid write locks buffer (0xf470a4c0)
05-28 15:38:23.321 E/mali_gralloc( 1946): Attempt to call unlock*() on an buffer locked with invalid write locks buffer (0xf470a4c0)
05-28 15:38:23.569 D/nStackXCoAP( 2823): IsInSameNetwork:[276] :IsInSameNetwork exec
05-28 15:38:23.569 I/nStackXDFinder( 2823): GetLocalInterfaceDetail:[461] :GetLocalInterfaceDetail in
05-28 15:38:23.569 E/nStackXCoAP( 2823): IsInSameNetwork:[281] :IsInSameNetwork: not priority process
05-28 15:38:23.569 D/nStackXCoAP( 2823): ParseServiceDiscover:[330] :new device join
05-28 15:38:23.569 E/nStackXDFinder( 2823): GetLocalIp:[401] :GetLocalIp exec
05-28 15:38:24.362 D/nStackXCoAP( 2823): IsInSameNetwork:[276] :IsInSameNetwork exec
05-28 15:38:24.362 I/nStackXDFinder( 2823): GetLocalInterfaceDetail:[461] :GetLocalInterfaceDetail in
05-28 15:38:24.362 E/nStackXCoAP( 2823): IsInSameNetwork:[281] :IsInSameNetwork: not priority process
05-28 15:38:24.362 D/nStackXCoAP( 2823): ParseServiceDiscover:[330] :new device join
05-28 15:38:24.362 E/nStackXDFinder( 2823): GetLocalIp:[401] :GetLocalIp exec
05-28 15:38:24.508 D/nStackXCoAP( 2823): IsInSameNetwork:[276] :IsInSameNetwork exec
05-28 15:38:24.508 I/nStackXDFinder( 2823): GetLocalInterfaceDetail:[461] :GetLocalInterfaceDetail in
05-28 15:38:24.508 E/nStackXCoAP( 2823): IsInSameNetwork:[281] :IsInSameNetwork: not priority process
05-28 15:38:24.508 D/nStackXCoAP( 2823): ParseServiceDiscover:[330] :new device join
05-28 15:38:24.508 E/nStackXDFinder( 2823): GetLocalIp:[401] :GetLocalIp exec
05-28 15:38:24.616 D/nStackXCoAP( 2823): IsInSameNetwork:[276] :IsInSameNetwork exec
05-28 15:38:24.616 I/nStackXDFinder( 2823): GetLocalInterfaceDetail:[461] :GetLocalInterfaceDetail in
05-28 15:38:24.616 E/nStackXCoAP( 2823): IsInSameNetwork:[281] :IsInSameNetwork: not priority process
05-28 15:38:24.616 D/nStackXCoAP( 2823): ParseServiceDiscover:[330] :new device join
05-28 15:38:24.616 E/nStackXDFinder( 2823): GetLocalIp:[401] :GetLocalIp exec
05-28 15:38:24.629 D/XM_HIDREAD( 2292): poll ret=1, event=1
05-28 15:38:24.629 D/XM_HIDREAD( 2292): [9 bytes]:01 00 00 4F 00 00 00 00 00
05-28 15:38:24.631 I/SogouIME( 3119): onKeyDown: keyoCode=22
05-28 15:38:24.631 I/DefaultIMS( 3119): onKeyDown: keyoCode=22
05-28 15:38:24.653 E/mali_gralloc( 1946): Attempt to call unlock*() on an buffer locked with invalid write locks buffer (0xf470a4c0)
05-28 15:38:24.659 E/mali_gralloc( 1946): Attempt to call unlock*() on an buffer locked with invalid write locks buffer (0xf470a4c0)
05-28 15:38:24.769 D/XM_HIDREAD( 2292): poll ret=1, event=1
05-28 15:38:24.769 D/XM_HIDREAD( 2292): [9 bytes]:01 00 00 00 00 00 00 00 00
05-28 15:38:24.771 I/SogouIME( 3119): onKeyUp: keyoCode=22
05-28 15:38:24.771 I/DefaultIMS( 3119): onKeyUp: keyoCode=22
05-28 15:38:25.389 D/XM_HIDREAD( 2292): poll ret=1, event=1
05-28 15:38:25.389 D/XM_HIDREAD( 2292): [9 bytes]:01 00 00 50 00 00 00 00 00
05-28 15:38:25.391 I/SogouIME( 3119): onKeyDown: keyoCode=21
05-28 15:38:25.391 I/DefaultIMS( 3119): onKeyDown: keyoCode=21
05-28 15:38:25.404 E/mali_gralloc( 1946): Attempt to call unlock*() on an buffer locked with invalid write locks buffer (0xf470a4c0)
05-28 15:38:25.509 D/XM_HIDREAD( 2292): poll ret=1, event=1
05-28 15:38:25.509 D/XM_HIDREAD( 2292): [9 bytes]:01 00 00 00 00 00 00 00 00
05-28 15:38:25.511 I/SogouIME( 3119): onKeyUp: keyoCode=21
05-28 15:38:25.511 I/DefaultIMS( 3119): onKeyUp: keyoCode=21
05-28 15:38:25.710 I/WifiHAL ( 558): call wifi_get_link_stats handler
05-28 15:38:25.710 I/WifiHAL ( 558): Creating message to get link statistics; iface = 16
05-28 15:38:25.711 D/WifiHAL ( 558): error code -95 mapped to -3
05-28 15:38:25.711 E/WifiStaIfaceAidlImpl( 742): getLinkLayerStats failed with service-specific exception: android.os.ServiceSpecificException: (code 4)
05-28 15:38:28.709 D/XM_HIDREAD( 2292): poll ret=1, event=1
05-28 15:38:28.709 D/XM_HIDREAD( 2292): [9 bytes]:01 00 00 28 00 00 00 00 00
05-28 15:38:28.711 I/SogouIME( 3119): onKeyDown: keyoCode=23
05-28 15:38:28.711 I/DefaultIMS( 3119): onKeyDown: keyoCode=23
05-28 15:38:28.717 I/WifiHAL ( 558): call wifi_get_link_stats handler
05-28 15:38:28.717 I/WifiHAL ( 558): Creating message to get link statistics; iface = 16
05-28 15:38:28.718 D/WifiHAL ( 558): error code -95 mapped to -3
05-28 15:38:28.718 E/WifiStaIfaceAidlImpl( 742): getLinkLayerStats failed with service-specific exception: android.os.ServiceSpecificException: (code 4)
05-28 15:38:28.849 D/XM_HIDREAD( 2292): poll ret=1, event=1
05-28 15:38:28.849 D/XM_HIDREAD( 2292): [9 bytes]:01 00 00 00 00 00 00 00 00
05-28 15:38:28.851 I/SogouIME( 3119): onKeyUp: keyoCode=23
05-28 15:38:28.851 I/DefaultIMS( 3119): onKeyUp: keyoCode=23
05-28 15:38:28.852 E/ccc ( 1946): cccccc onClick idle
05-28 15:38:28.856 E/ccc ( 1946): cccccc otaUpdateHelper startUpdate
05-28 15:38:28.856 D/DownloadEntry( 1946): DownloadEntry aaaaaaaaaaaaaaaaaaa addDownload
05-28 15:38:28.865 E/ccc ( 1946): cccccc onPhrikeUpdate start 0.0
05-28 15:38:28.870 E/ccc ( 1946): cccccc onPhrikeTrace download start:
05-28 15:38:28.870 E/ccc ( 1946): TRY_TIMES: 0
05-28 15:38:28.871 E/ccc ( 1946): cccccc ota-download-connect
05-28 15:38:28.873 D/DownloadThread( 1946): DownloadEntry try-begin
05-28 15:38:28.874 D/DownloadThread( 1946): /cache/recovery/3859
05-28 15:38:28.874 E/ccc ( 1946): cccccc onPhrikeTrace /cache/recovery/3859
05-28 15:38:28.874 D/DownloadEntry( 1946): DownloadEntry startPos : 0 totalLength: 1107099960
05-28 15:38:28.874 D/DownloadEntry( 1946): DownloadEntry again startPos : 0 totalLength: 1107099960
05-28 15:38:28.874 D/DownloadEntry( 1946): DownloadEntry setInstanceFollowRedirects false
05-28 15:38:28.937 E/mali_gralloc( 1946): Attempt to call unlock*() on an buffer locked with invalid write locks buffer (0xf470a4c0)
05-28 15:38:28.979 E/mali_gralloc( 1946): Attempt to call unlock*() on an buffer locked with invalid write locks buffer (0xf470a4c0)
05-28 15:38:29.018 D/nStackXCoAP( 2823): CoapMessageHandler:[133] :2.01
05-28 15:38:29.019 D/nStackXCoAP( 2823): CoapMessageHandler:[133] :2.01
05-28 15:38:29.023 D/nStackXCoAP( 2823): CoapMessageHandler:[133] :2.01
05-28 15:38:29.035 D/nStackXCoAP( 2823): CoapMessageHandler:[133] :2.01
05-28 15:38:29.041 D/TrafficStats( 1946): tagSocket(108) with statsTag=0xffffffff, statsUid=-1
05-28 15:38:29.503 D/DownloadThread( 1946): DownloadEntry getSdcardRoot : /data/etna_download/remote/114.zip
05-28 15:38:29.503 D/DownloadThread( 1946): DownloadEntry getDownloadFolderPath : /data/etna_download
05-28 15:38:29.503 D/DownloadThread( 1946): DownloadEntry streamLength : 1107099960
05-28 15:38:29.504 D/DownloadEntry( 1946): DownloadEntry length finish begin writeFileByRandomAccessFile begin
05-28 15:38:29.504 D/DownloadEntry( 1946): DownloadEntry length finish begin while before position 0
05-28 15:38:29.510 E/ccc ( 1946): cccccc onPhrikeUpdate downloading 4.0375762E-5
05-28 15:38:29.524 E/mali_gralloc( 1946): Attempt to call unlock*() on an buffer locked with invalid write locks buffer (0xf470a4c0)
05-28 15:38:30.926 D/TrafficStats( 2316): tagSocket(121) with statsTag=0xffffffff, statsUid=-1
05-28 15:38:31.725 I/WifiHAL ( 558): call wifi_get_link_stats handler
05-28 15:38:31.725 I/WifiHAL ( 558): Creating message to get link statistics; iface = 16
05-28 15:38:31.725 D/WifiHAL ( 558): error code -95 mapped to -3
05-28 15:38:31.725 E/WifiStaIfaceAidlImpl( 742): getLinkLayerStats failed with service-specific exception: android.os.ServiceSpecificException: (code 4)
05-28 15:38:31.733 D/InstantWifi( 742): Receive Wifi is connected, freq = 5745 and currentNetworkId : 0, wifiinfo = SSID: , BSSID: 02:00:00:00:00:00, MAC: 02:00:00:00:00:00, IP: /192.168.3.246, Security type: 2, Supplicant state: COMPLETED, Wi-Fi standard: 6, RSSI: -55, Link speed: 1200Mbps, Tx Link speed: 1200Mbps, Max Supported Tx Link speed: 1200Mbps, Rx Link speed: 6Mbps, Max Supported Rx Link speed: 1200Mbps, Frequency: 5745MHz, Net ID: -1, Metered hint: false, score: 60, isUsable: true, CarrierMerged: false, SubscriptionId: -1, IsPrimary: 1, Trusted: true, Restricted: false, Ephemeral: false, OEM paid: false, OEM private: false, OSU AP: false, FQDN: , Provider friendly name: , Requesting package name: MLO Information: , Is TID-To-Link negotiation supported by the AP: false, AP MLD Address: , AP MLO Link Id: , AP MLO Affiliated links:
05-28 15:38:33.871 D/bbb ( 2170): onStartCommand begin !!!!!!! data分区剩余 54463MB
05-28 15:38:33.892 E/ccc ( 1946): cccccc onPhrikeUpdate downloading 0.25631788
05-28 15:38:34.733 I/WifiHAL ( 558): call wifi_get_link_stats handler
05-28 15:38:34.733 I/WifiHAL ( 558): Creating message to get link statistics; iface = 16
05-28 15:38:34.734 D/WifiHAL ( 558): error code -95 mapped to -3
05-28 15:38:34.734 E/WifiStaIfaceAidlImpl( 742): getLinkLayerStats failed with service-specific exception: android.os.ServiceSpecificException: (code 4)
05-28 15:38:37.741 I/WifiHAL ( 558): call wifi_get_link_stats handler
05-28 15:38:37.741 I/WifiHAL ( 558): Creating message to get link statistics; iface = 16
05-28 15:38:37.741 D/WifiHAL ( 558): error code -95 mapped to -3
05-28 15:38:37.742 E/WifiStaIfaceAidlImpl( 742): getLinkLayerStats failed with service-specific exception: android.os.ServiceSpecificException: (code 4)
05-28 15:38:37.749 D/InstantWifi( 742): Receive Wifi is connected, freq = 5745 and currentNetworkId : 0, wifiinfo = SSID: , BSSID: 02:00:00:00:00:00, MAC: 02:00:00:00:00:00, IP: /192.168.3.246, Security type: 2, Supplicant state: COMPLETED, Wi-Fi standard: 6, RSSI: -56, Link speed: 1200Mbps, Tx Link speed: 1200Mbps, Max Supported Tx Link speed: 1200Mbps, Rx Link speed: 6Mbps, Max Supported Rx Link speed: 1200Mbps, Frequency: 5745MHz, Net ID: -1, Metered hint: false, score: 60, isUsable: true, CarrierMerged: false, SubscriptionId: -1, IsPrimary: 1, Trusted: true, Restricted: false, Ephemeral: false, OEM paid: false, OEM private: false, OSU AP: false, FQDN: , Provider friendly name: , Requesting package name: MLO Information: , Is TID-To-Link negotiation supported by the AP: false, AP MLD Address: , AP MLO Link Id: , AP MLO Affiliated links:
05-28 15:38:37.968 E/ccc ( 1946): cccccc onPhrikeUpdate downloading 0.64987946
05-28 15:38:37.983 E/mali_gralloc( 1946): Attempt to call unlock*() on an buffer locked with invalid write locks buffer (0xf470a4c0)
05-28 15:38:37.984 E/mali_gralloc( 1946): Attempt to call unlock*() on an buffer locked with invalid write locks buffer (0xf470a4c0)
05-28 15:38:40.748 I/WifiHAL ( 558): call wifi_get_link_stats handler
05-28 15:38:40.748 I/WifiHAL ( 558): Creating message to get link statistics; iface = 16
05-28 15:38:40.748 D/WifiHAL ( 558): error code -95 mapped to -3
05-28 15:38:40.749 E/WifiStaIfaceAidlImpl( 742): getLinkLayerStats failed with service-specific exception: android.os.ServiceSpecificException: (code 4)
05-28 15:38:42.072 E/ccc ( 1946): cccccc onPhrikeUpdate downloading 1.0789356
05-28 15:38:42.090 E/mali_gralloc( 1946): Attempt to call unlock*() on an buffer locked with invalid write locks buffer (0xf470a4c0)
05-28 15:38:43.753 I/WifiHAL ( 558): call wifi_get_link_stats handler
05-28 15:38:43.754 I/WifiHAL ( 558): Creating message to get link statistics; iface = 16
05-28 15:38:43.754 D/WifiHAL ( 558): error code -95 mapped to -3
05-28 15:38:43.754 E/WifiStaIfaceAidlImpl( 742): getLinkLayerStats failed with service-specific exception: android.os.ServiceSpecificException: (code 4)
05-28 15:38:43.761 D/InstantWifi( 742): Receive Wifi is connected, freq = 5745 and currentNetworkId : 0, wifiinfo = SSID: , BSSID: 02:00:00:00:00:00, MAC: 02:00:00:00:00:00, IP: /192.168.3.246, Security type: 2, Supplicant state: COMPLETED, Wi-Fi standard: 6, RSSI: -55, Link speed: 1200Mbps, Tx Link speed: 1200Mbps, Max Supported Tx Link speed: 1200Mbps, Rx Link speed: 6Mbps, Max Supported Rx Link speed: 1200Mbps, Frequency: 5745MHz, Net ID: -1, Metered hint: false, score: 60, isUsable: true, CarrierMerged: false, SubscriptionId: -1, IsPrimary: 1, Trusted: true, Restricted: false, Ephemeral: false, OEM paid: false, OEM private: false, OSU AP: false, FQDN: , Provider friendly name: , Requesting package name: MLO Information: , Is TID-To-Link negotiation supported by the AP: false, AP MLD Address: , AP MLO Link Id: , AP MLO Affiliated links:
05-28 15:38:46.051 E/ccc ( 1946): cccccc onPhrikeUpdate downloading 1.3654355
05-28 15:38:46.121 I/WifiService( 742): startScan uid=1000
05-28 15:38:46.123 E/ccc ( 2296): cccccc i will start scan
05-28 15:38:46.131 D/InstantWifi( 742): Drop, size: 1
05-28 15:38:46.133 D/WifiNl80211Manager( 742): Scan result ready event
05-28 15:38:46.133 D/WifiNative( 742): Scan result ready event
05-28 15:38:46.135 D/WificondScannerImpl( 742): Filtering out 1 scan results.
05-28 15:38:46.138 I/WifiHAL ( 558): call wifi_get_link_stats handler
05-28 15:38:46.138 I/WifiHAL ( 558): Creating message to get link statistics; iface = 16
05-28 15:38:46.138 D/WifiHAL ( 558): error code -95 mapped to -3
05-28 15:38:46.139 E/WifiStaIfaceAidlImpl( 742): getLinkLayerStats failed with service-specific exception: android.os.ServiceSpecificException: (code 4)
05-28 15:38:46.139 E/ccc ( 2296): cccccc SCAN_RESULTS_AVAILABLE_ACTION hhhh
05-28 15:38:46.140 E/hq ( 2316): NetWorkStateReceiver:::NetWorkStateReceiver onReceive: 网络变化广播 >>>> intent.action=android.net.wifi.SCAN_RESULTS
05-28 15:38:46.141 E/ccc ( 2296): cccccc result is empty start scan
05-28 15:38:46.142 I/WifiService( 742): startScan uid=1000
05-28 15:38:46.142 W/eventbuscore( 2316): post Event:com.dangbei.leard.base.entity.event.NetWifiRssiEvent
05-28 15:38:46.145 W/ScanResultUtil( 742): Empty or null ScanResult list
05-28 15:38:46.145 W/WifiService( 742): Attempt to retrieve WifiConfiguration with invalid scanResult List
05-28 15:38:46.146 W/ScanResultUtil( 742): Empty or null ScanResult list
05-28 15:38:46.146 E/WifiService( 742): Attempt to retrieve passpoint with invalid scanResult List
05-28 15:38:46.146 W/ScanResultUtil( 742): Empty or null ScanResult list
05-28 15:38:46.146 W/WifiService( 742): Attempt to retrieve OsuProviders with invalid scanResult List
05-28 15:38:46.152 D/InstantWifi( 742): Drop, size: 1
05-28 15:38:46.761 I/WifiHAL ( 558): call wifi_get_link_stats handler
05-28 15:38:46.761 I/WifiHAL ( 558): Creating message to get link statistics; iface = 16
05-28 15:38:46.761 D/WifiHAL ( 558): error code -95 mapped to -3
05-28 15:38:46.761 E/WifiStaIfaceAidlImpl( 742): getLinkLayerStats failed with service-specific exception: android.os.ServiceSpecificException: (code 4)
05-28 15:38:48.837 D/WifiNl80211Manager( 742): Scan result ready event
05-28 15:38:48.837 D/WifiNative( 742): Scan result ready event
05-28 15:38:48.907 E/ccc ( 2296): cccccc SCAN_RESULTS_AVAILABLE_ACTION hhhh
05-28 15:38:48.908 E/hq ( 2316): NetWorkStateReceiver:::NetWorkStateReceiver onReceive: 网络变化广播 >>>> intent.action=android.net.wifi.SCAN_RESULTS
05-28 15:38:48.912 I/WifiHAL ( 558): call wifi_get_link_stats handler
05-28 15:38:48.912 I/WifiHAL ( 558): Creating message to get link statistics; iface = 16
05-28 15:38:48.912 D/WifiHAL ( 558): error code -95 mapped to -3
05-28 15:38:48.913 E/WifiStaIfaceAidlImpl( 742): getLinkLayerStats failed with service-specific exception: android.os.ServiceSpecificException: (code 4)
05-28 15:38:48.929 E/ccc ( 2296): cccccc result is not empty call back
05-28 15:38:48.929 E/ccc ( 2296): cccccc 666666666666666
05-28 15:38:48.931 W/eventbuscore( 2316): post Event:com.dangbei.leard.base.entity.event.NetWifiRssiEvent
05-28 15:38:48.943 E/ccc ( 2296): cccccc sort 2 57
05-28 15:38:49.765 I/WifiHAL ( 558): call wifi_get_link_stats handler
05-28 15:38:49.765 I/WifiHAL ( 558): Creating message to get link statistics; iface = 16
05-28 15:38:49.766 D/WifiHAL ( 558): error code -95 mapped to -3
05-28 15:38:49.766 E/WifiStaIfaceAidlImpl( 742): getLinkLayerStats failed with service-specific exception: android.os.ServiceSpecificException: (code 4)
05-28 15:38:50.231 E/ccc ( 1946): cccccc onPhrikeUpdate downloading 1.5371274
05-28 15:38:50.246 E/mali_gralloc( 1946): Attempt to call unlock*() on an buffer locked with invalid write locks buffer (0xf470a4c0)
05-28 15:38:50.250 E/mali_gralloc( 1946): Attempt to call unlock*() on an buffer locked with invalid write locks buffer (0xf470a4c0)
05-28 15:38:52.773 I/WifiHAL ( 558): call wifi_get_link_stats handler
05-28 15:38:52.773 I/WifiHAL ( 558): Creating message to get link statistics; iface = 16
05-28 15:38:52.773 D/WifiHAL ( 558): error code -95 mapped to -3
05-28 15:38:52.773 E/WifiStaIfaceAidlImpl( 742): getLinkLayerStats failed with service-specific exception: android.os.ServiceSpecificException: (code 4)
05-28 15:38:52.881 I/audio_hw_hal_alsamgr( 509): alsa format =0x1 delay frames =768 total frames=248910080
05-28 15:38:54.342 E/ccc ( 1946): cccccc onPhrikeUpdate downloading 1.7388798
05-28 15:38:54.350 E/mali_gralloc( 1946): Attempt to call unlock*() on an buffer locked with invalid write locks buffer (0xf470a4c0)
05-28 15:38:55.780 I/WifiHAL ( 558): call wifi_get_link_stats handler
05-28 15:38:55.780 I/WifiHAL ( 558): Creating message to get link statistics; iface = 16
05-28 15:38:55.780 D/WifiHAL ( 558): error code -95 mapped to -3
05-28 15:38:55.780 E/WifiStaIfaceAidlImpl( 742): getLinkLayerStats failed with service-specific exception: android.os.ServiceSpecificException: (code 4)
05-28 15:38:58.629 E/ccc ( 1946): cccccc onPhrikeUpdate downloading 1.8526472
05-28 15:38:58.786 I/WifiHAL ( 558): call wifi_get_link_stats handler
05-28 15:38:58.786 I/WifiHAL ( 558): Creating message to get link statistics; iface = 16
05-28 15:38:58.786 D/WifiHAL ( 558): error code -95 mapped to -3
05-28 15:38:58.786 E/WifiStaIfaceAidlImpl( 742): getLinkLayerStats failed with service-specific exception: android.os.ServiceSpecificException: (code 4)
05-28 15:38:58.793 D/InstantWifi( 742): Receive Wifi is connected, freq = 5745 and currentNetworkId : 0, wifiinfo = SSID: , BSSID: 02:00:00:00:00:00, MAC: 02:00:00:00:00:00, IP: /192.168.3.246, Security type: 2, Supplicant state: COMPLETED, Wi-Fi standard: 6, RSSI: -56, Link speed: 1200Mbps, Tx Link speed: 1200Mbps, Max Supported Tx Link speed: 1200Mbps, Rx Link speed: 324Mbps, Max Supported Rx Link speed: 1200Mbps, Frequency: 5745MHz, Net ID: -1, Metered hint: false, score: 60, isUsable: true, CarrierMerged: false, SubscriptionId: -1, IsPrimary: 1, Trusted: true, Restricted: false, Ephemeral: false, OEM paid: false, OEM private: false, OSU AP: false, FQDN: , Provider friendly name: , Requesting package name: MLO Information: , Is TID-To-Link negotiation supported by the AP: false, AP MLD Address: , AP MLO Link Id: , AP MLO Affiliated links:
05-28 15:38:58.850 D/XM_HIDREAD( 2292): poll ret=1, event=1
05-28 15:38:58.851 D/XM_HIDREAD( 2292): [3 bytes]:03 23 02
05-28 15:38:58.990 D/XM_HIDREAD( 2292): poll ret=1, event=1
05-28 15:38:58.990 D/XM_HIDREAD( 2292): [3 bytes]:03 00 00
05-28 15:38:58.992 D/HdmiControlService( 742): Process pid: 742 is calling oneTouchPlay.
05-28 15:38:58.992 D/HDMI ( 742): oneTouchPlay com.android.server.hdmi.OneTouchPlayAction@497deb9
05-28 15:38:58.992 D/HDMI ( 742): setActiveSource logical:0x04 physical:0x1000 OneTouchPlayAction#broadcastActiveSource()
05-28 15:38:58.993 D/HDMI ( 742): [S]: 40:0D
05-28 15:38:58.993 D/hdmicecd( 532): [HdmiCecControl]:getPhysicalAddress, physical addr: 1000, last pa: 1000, ret = 0
05-28 15:38:58.994 D/hdmicecd( 532): [HdmiCecControl]:getPhysicalAddress, physical addr: 1000, last pa: 1000, ret = 0
05-28 15:38:58.994 D/HDMI ( 742): ActiveSourceHistoryRecord active source=(0x04, 0x1000) isActiveSource=true from=OneTouchPlayAction#broadcastActiveSource()
05-28 15:38:58.995 D/HDMI ( 742): setActiveSource logical:0x04 physical:0x1000 ActiveSourceAction
05-28 15:38:58.995 D/hdmicecd( 532): [HdmiCecControl]:getPhysicalAddress, physical addr: 1000, last pa: 1000, ret = 0
05-28 15:38:58.996 D/hdmicecd( 532): [HdmiCecControl]:getPhysicalAddress, physical addr: 1000, last pa: 1000, ret = 0
05-28 15:38:58.996 D/WindowManagerShell( 1176): TvPipMenuController: closeMenu()
05-28 15:38:58.996 D/HDMI ( 742): ActiveSourceHistoryRecord active source=(0x04, 0x1000) isActiveSource=true from=ActiveSourceAction
05-28 15:38:58.996 I/WindowManagerShell( 1176): TvPipMenuController: switchToMenuMode: setting mCurrentMenuMode=MODE_NO_MENU, mPrevMenuMode=MODE_NO_MENU
05-28 15:38:58.998 D/HdmiControlService( 742): Switching to full volume behavior
05-28 15:38:58.998 I/vol.VolumeDialogImpl( 1176): mDialog.dismiss() reason: volume_controller from: com.android.systemui.volume.VolumeDialogImpl$7.onDismissRequested:3
05-28 15:38:58.999 D/HdmiControlService( 742): Switching to full volume behavior
05-28 15:38:59.000 E/hq ( 2316): HomeKeyReceiver:::onReceive android.intent.action.CLOSE_SYSTEM_DIALOGS
05-28 15:38:59.000 D/HomeKeyReceiver( 2316): reason:-----------homekey
05-28 15:38:59.001 W/eventbuscore( 2316): post Event:com.dangbei.leard.base.entity.event.HomeEvent
05-28 15:38:59.001 W/eventbuscore( 2316): post Event:com.dangbei.leard.base.entity.event.SwitchLauncherPageEvent
05-28 15:38:59.004 E/CellBroadcastUtils( 742): getDefaultCellBroadcastReceiverPackageName: no package found
05-28 15:38:59.011 I/ActivityTaskManager( 742): START u0 {act=android.intent.action.MAIN cat=[android.intent.category.HOME] flg=0x10000100 cmp=com.dangbei.leard.leradlauncher/com.dangbei.launcher.home.LauncherActivity (has extras)} with LAUNCH_SINGLE_TASK from uid 0 (BAL_ALLOW_ALLOWLISTED_UID) result code=2
05-28 15:38:59.012 V/WindowManagerShell( 1176): Transition requested: android.os.BinderProxy@9028d16 TransitionRequestInfo { type = 1, triggerTask = TaskInfo{userId=0 taskId=4 displayId=0 isRunning=true baseIntent=Intent { act=android.intent.action.MAIN cat=[android.intent.category.HOME] flg=0x10800100 cmp=com.dangbei.leard.leradlauncher/com.dangbei.launcher.home.LauncherActivity } baseActivity=ComponentInfo{com.dangbei.leard.leradlauncher/com.dangbei.launcher.home.LauncherActivity} topActivity=ComponentInfo{com.dangbei.leard.leradlauncher/com.dangbei.launcher.home.LauncherActivity} origActivity=null realActivity=ComponentInfo{com.dangbei.leard.leradlauncher/com.dangbei.launcher.home.LauncherActivity} numActivities=1 lastActiveTime=5130192 supportsMultiWindow=true resizeMode=0 isResizeable=false minWidth=-1 minHeight=-1 defaultMinSize=220 token=WCT{android.window.IWindowContainerToken$Stub$Proxy@216f697} topActivityType=2 pictureInPictureParams=null shouldDockBigOverlays=true launchIntoPipHostTaskId=-1 lastParentTaskIdBeforePip=-1 displayCutoutSafeInsets=null topActivityInfo=ActivityInfo{2b33084 com.dangbei.launcher.home.LauncherActivity} launchCookies=[] positionInParent=Point(0, 0) parentTaskId=-1 isFocused=true isVisible=true isVisibleRequested=true isSleeping=false topActivityInSizeCompat=false topActivityEligibleForLetterboxEducation= false isLetterboxDoubleTapEnabled= false topActivityEligibleForUserAspectRatioButton= false topActivityBoundsLetterboxed= false isFromLetterboxDoubleTap= false topActivityLetterboxVerticalPosition= -1 topActivityLetterboxHorizontalPosition= -1 topActivityLetterboxWidth=-1 topActivityLetterboxHeight=-1 isUserFullscreenOverrideEnabled=false isTopActivityTransparent=false locusId=null displayAreaFeatureId=1 cameraCompatControlState=hidden}, remoteTransition = null, displayChange = null, flags = 0 }
05-28 15:38:59.013 E/Transition( 742): Trying to add a ready-group twice: Display{#0 state=ON size=1920x1080 ROTATION_0}
05-28 15:38:59.020 E/ccc ( 1946): cccccc OtaUpdateActivity onPause
05-28 15:38:59.026 V/WindowManager( 742): app ------------- force_land :0
05-28 15:38:59.030 I/hq ( 2316): 当小贝:::showMessage from=mActivityLifecycleCallbacks
05-28 15:38:59.032 I/hq ( 2316): 当小贝:::showMessage 没有消息需要显示
05-28 15:38:59.036 I/BpBinder( 263): onLastStrongRef automatically unlinking death recipients:
05-28 15:38:59.040 V/WindowManager( 742): Sent Transition #51 createdAt=05-28 15:38:59.003 via request=TransitionRequestInfo { type = 1, triggerTask = TaskInfo{userId=0 taskId=4 displayId=0 isRunning=true baseIntent=Intent { act=android.intent.action.MAIN cat=[android.intent.category.HOME] flg=0x10800100 cmp=com.dangbei.leard.leradlauncher/com.dangbei.launcher.home.LauncherActivity } baseActivity=ComponentInfo{com.dangbei.leard.leradlauncher/com.dangbei.launcher.home.LauncherActivity} topActivity=ComponentInfo{com.dangbei.leard.leradlauncher/com.dangbei.launcher.home.LauncherActivity} origActivity=null realActivity=ComponentInfo{com.dangbei.leard.leradlauncher/com.dangbei.launcher.home.LauncherActivity} numActivities=1 lastActiveTime=5130192 supportsMultiWindow=true resizeMode=0 isResizeable=false minWidth=-1 minHeight=-1 defaultMinSize=220 token=WCT{RemoteToken{e5127f1 Task{3b89a52 #4 type=home A=1000:com.dangbei.leard.leradlauncher}}} topActivityType=2 pictureInPictureParams=null shouldDockBigOverlays=true launchIntoPipHostTaskId=-1 lastParentTaskIdBeforePip=-1 displayCutoutSafeInsets=null topActivityInfo=ActivityInfo{13016cf com.dangbei.launcher.home.LauncherActivity} launchCookies=[] positionInParent=Point(0, 0) parentTaskId=-1 isFocused=true isVisible=true isVisibleRequested=true isSleeping=false topActivityInSizeCompat=false topActivityEligibleForLetterboxEducation= false isLetterboxDoubleTapEnabled= false topActivityEligibleForUserAspectRatioButton= false topActivityBoundsLetterboxed= false isFromLetterboxDoubleTap= false topActivityLetterboxVerticalPosition= -1 topActivityLetterboxHorizontalPosition= -1 topActivityLetterboxWidth=-1 topActivityLetterboxHeight=-1 isUserFullscreenOverrideEnabled=false isTopActivityTransparent=false locusId=null displayAreaFeatureId=1 cameraCompatControlState=hidden}, remoteTransition = null, displayChange = null, flags = 0 }
05-28 15:38:59.040 V/WindowManager( 742): startWCT=WindowContainerTransaction { changes = {} hops = [] errorCallbackToken=null taskFragmentOrganizer=null }
05-28 15:38:59.041 V/WindowManager( 742): info={id=51 t=OPEN f=0x0 trk=0 r=[0@Point(0, 0)] c=[{WCT{RemoteToken{44ca422 Task{a327710 #1 type=home}}} m=CHANGE f=MOVE_TO_TOP leash=Surface(name=Task=1)/@0xd12e164 sb=Rect(0, 0 - 1920, 1080) eb=Rect(0, 0 - 1920, 1080) d=0},{WCT{RemoteToken{e002116 Task{26c10f9 #32 type=standard A=1000:com.dangbei.lerad.etna.haqu}}} m=CLOSE f=TRANSLUCENT leash=Surface(name=Task=32)/@0x7fc3dbb sb=Rect(0, 0 - 1920, 1080) eb=Rect(0, 0 - 1920, 1080) d=0},{WCT{RemoteToken{f4712ad Task{e6d4b2c #31 type=standard A=1000:com.dangbei.haqusetting}}} m=CLOSE f=TRANSLUCENT leash=Surface(name=Task=31)/@0xcc92e56 sb=Rect(0, 0 - 1920, 1080) eb=Rect(0, 0 - 1920, 1080) d=0}]}
05-28 15:38:59.043 V/WindowManagerShell( 1176): onTransitionReady android.os.BinderProxy@9028d16: {id=51 t=OPEN f=0x0 trk=0 r=[0@Point(0, 0)] c=[{WCT{android.window.IWindowContainerToken$Stub$Proxy@7064669} m=CHANGE f=MOVE_TO_TOP leash=Surface(name=Task=1)/@0x92c106d sb=Rect(0, 0 - 1920, 1080) eb=Rect(0, 0 - 1920, 1080) d=0},{WCT{android.window.IWindowContainerToken$Stub$Proxy@55628ee} m=CLOSE f=TRANSLUCENT leash=Surface(name=Task=32)/@0x61264a2 sb=Rect(0, 0 - 1920, 1080) eb=Rect(0, 0 - 1920, 1080) d=0},{WCT{android.window.IWindowContainerToken$Stub$Proxy@c3c218f} m=CLOSE f=TRANSLUCENT leash=Surface(name=Task=31)/@0x7ca6533 sb=Rect(0, 0 - 1920, 1080) eb=Rect(0, 0 - 1920, 1080) d=0}]}
05-28 15:38:59.044 V/WindowManagerShell( 1176): Playing animation for (#51)android.os.BinderProxy@9028d16@0
05-28 15:38:59.044 V/WindowManagerShell( 1176): try handler com.android.wm.shell.keyguard.KeyguardTransitionHandler@d57b599
05-28 15:38:59.044 V/WindowManagerShell( 1176): try handler com.android.wm.shell.pip.tv.TvPipTransition@503205e
05-28 15:38:59.044 V/WindowManagerShell( 1176): try handler com.android.wm.shell.activityembedding.ActivityEmbeddingController@ce59c3f
05-28 15:38:59.044 V/WindowManagerShell( 1176): try handler com.android.wm.shell.transition.RemoteTransitionHandler@b18e90c
05-28 15:38:59.044 V/WindowManagerShell( 1176): Transition doesn't have explicit remote, search filters for match for {id=51 t=OPEN f=0x0 trk=0 r=[0@Point(0, 0)] c=[{WCT{android.window.IWindowContainerToken$Stub$Proxy@7064669} m=CHANGE f=MOVE_TO_TOP leash=Surface(name=Task=1)/@0x92c106d sb=Rect(0, 0 - 1920, 1080) eb=Rect(0, 0 - 1920, 1080) d=0},{WCT{android.window.IWindowContainerToken$Stub$Proxy@55628ee} m=CLOSE f=TRANSLUCENT leash=Surface(name=Task=32)/@0x61264a2 sb=Rect(0, 0 - 1920, 1080) eb=Rect(0, 0 - 1920, 1080) d=0},{WCT{android.window.IWindowContainerToken$Stub$Proxy@c3c218f} m=CLOSE f=TRANSLUCENT leash=Surface(name=Task=31)/@0x7ca6533 sb=Rect(0, 0 - 1920, 1080) eb=Rect(0, 0 - 1920, 1080) d=0}]}
05-28 15:38:59.044 V/WindowManagerShell( 1176): Delegate animation for #51 to null
05-28 15:38:59.044 V/WindowManagerShell( 1176): try handler com.android.wm.shell.transition.DefaultTransitionHandler@be51255
05-28 15:38:59.044 V/WindowManagerShell( 1176): start default transition animation, info = {id=51 t=OPEN f=0x0 trk=0 r=[0@Point(0, 0)] c=[{WCT{android.window.IWindowContainerToken$Stub$Proxy@7064669} m=CHANGE f=MOVE_TO_TOP leash=Surface(name=Task=1)/@0x92c106d sb=Rect(0, 0 - 1920, 1080) eb=Rect(0, 0 - 1920, 1080) d=0},{WCT{android.window.IWindowContainerToken$Stub$Proxy@55628ee} m=CLOSE f=TRANSLUCENT leash=Surface(name=Task=32)/@0x61264a2 sb=Rect(0, 0 - 1920, 1080) eb=Rect(0, 0 - 1920, 1080) d=0},{WCT{android.window.IWindowContainerToken$Stub$Proxy@c3c218f} m=CLOSE f=TRANSLUCENT leash=Surface(name=Task=31)/@0x7ca6533 sb=Rect(0, 0 - 1920, 1080) eb=Rect(0, 0 - 1920, 1080) d=0}]}
05-28 15:38:59.045 V/WindowManagerShell( 1176): loadAnimation: anim=android.view.animation.AlphaAnimation@b6e0c1c animAttr=0x7 type=OPEN isEntrance=false
05-28 15:38:59.045 V/WindowManagerShell( 1176): loadAnimation: anim=android.view.animation.AlphaAnimation@f33e025 animAttr=0x7 type=OPEN isEntrance=false
05-28 15:38:59.047 V/WindowManagerShell( 1176): animated by com.android.wm.shell.transition.DefaultTransitionHandler@be51255
05-28 15:38:59.050 I/ImeTracker( 742): com.dangbei.leard.leradlauncher:9a7a92ae: onRequestHide at ORIGIN_SERVER_HIDE_INPUT reason HIDE_ALWAYS_HIDDEN_STATE
05-28 15:38:59.051 I/ImeTracker( 742): com.dangbei.leard.leradlauncher:9a7a92ae: onCancelled at PHASE_SERVER_SHOULD_HIDE
05-28 15:38:59.051 D/hdmicecd( 532): [CEC]:printCecMessage, [4 -> 0] len: 1, body: 0d, result:no ack
05-28 15:38:59.052 W/ProcessStats( 742): Tracking association SourceState{6b8f34f com.dangbei.leard.leradlauncher/1000 BTop #1504} whose proc state 2 is better than process ProcessState{7da6cab com.android.webview:webview_service/10051 pkg=com.android.webview} proc state 15 (1 skipped)
05-28 15:38:59.057 I/DefaultIMS( 3119): onStartInput attribute=android.view.inputmethod.EditorInfo@e3539d1 restarting=false inputType: 0
05-28 15:38:59.063 W/WindowOnBackDispatcher( 1946): sendCancelIfRunning: isInProgress=falsecallback=android.view.ViewRootImpl$$ExternalSyntheticLambda17@f77fe9b
05-28 15:38:59.065 D/CoreBackPreview( 742): Window{37803ec u0 com.dangbei.lerad.etna.haqu/com.dangbei.etna.update.ota.OtaUpdateActivity}: Setting back callback null
05-28 15:38:59.065 W/InputManager-JNI( 742): Input channel object '37803ec com.dangbei.lerad.etna.haqu/com.dangbei.etna.update.ota.OtaUpdateActivity (client)' was disposed without first being removed with the input manager!
05-28 15:38:59.073 D/CompatibilityChangeReporter( 1946): Compat change id reported: 147798919; UID 1000; state: DISABLED
05-28 15:38:59.074 D/TrafficStats( 2316): tagSocket(123) with statsTag=0xffffffff, statsUid=-1
05-28 15:38:59.076 W/SQLiteLog( 2316): (28) double-quoted string literal: "UjftmJwNeB//pVBx7mhtEWbbkhqtXc9WVVaNijg1crIEqGLBLS++ges/8dg/fX5eAZ1HInLi50aU
05-28 15:38:59.076 W/SQLiteLog( 2316): WzZsG68dAA==
05-28 15:38:59.076 W/SQLiteLog( 2316): "
05-28 15:38:59.076 W/SQLiteLog( 2316): (28) double-quoted string literal: "C359E3C0A99B533D56687A1CD26E07EC"
05-28 15:38:59.077 W/SQLiteLog( 2316): (28) double-quoted string literal: "1748417859734"
05-28 15:38:59.077 W/SQLiteLog( 2316): (28) double-quoted string literal: "C359E3C0A99B533D56687A1CD26E07EC"
05-28 15:38:59.086 W/WindowManager( 742): [addWindow] title:Toast
05-28 15:38:59.091 D/TrafficStats( 2316): tagSocket(122) with statsTag=0xffffffff, statsUid=-1
05-28 15:38:59.092 W/WindowOnBackDispatcher( 2296): sendCancelIfRunning: isInProgress=falsecallback=android.view.ViewRootImpl$$ExternalSyntheticLambda17@aaaaf
05-28 15:38:59.093 D/CoreBackPreview( 742): Window{1fa9dfb u0 com.dangbei.haqusetting/com.dangbei.haqusetting.ui.HomeActivity}: Setting back callback null
05-28 15:38:59.095 W/SQLiteLog( 2316): (28) double-quoted string literal: "1748417859734"
05-28 15:38:59.095 W/SQLiteLog( 2316): (28) double-quoted string literal: "0"
05-28 15:38:59.095 W/SQLiteLog( 2316): (28) double-quoted string literal: ""
05-28 15:38:59.095 W/SQLiteLog( 2316): (28) double-quoted string literal: ""
05-28 15:38:59.095 W/SQLiteLog( 2316): (28) double-quoted string literal: "C359E3C0A99B533D56687A1CD26E07EC"
05-28 15:38:59.099 W/InputManager-JNI( 742): Input channel object '1fa9dfb com.dangbei.haqusetting/com.dangbei.haqusetting.ui.HomeActivity (client)' was disposed without first being removed with the input manager!
05-28 15:38:59.102 D/CoreBackPreview( 742): Window{8c55762 u0 Toast}: Setting back callback OnBackInvokedCallbackInfo{mCallback=android.window.IOnBackInvokedCallback$Stub$Proxy@190e829, mPriority=0, mIsAnimationCallback=false}
05-28 15:38:59.107 W/ContextImpl( 742): Calling a method in the system process without a qualified user: android.app.ContextImpl.startService:1899 com.android.server.wm.DisplayPolicy.lambda$focusChangedLw$5:2126 com.android.server.wm.DisplayPolicy.$r8$lambda$Znxk63oh-WzVnzo_WQefN7uxV48:0 com.android.server.wm.DisplayPolicy$$ExternalSyntheticLambda13.run:0 android.os.Handler.handleCallback:958
05-28 15:38:59.118 D/hdmicecd( 532): [CEC]:printCecMessage, [4 -> 0] len: 1, body: 0d, result:no ack
05-28 15:38:59.119 D/aaa ( 2151): LedStatusService onStartCommand begin
05-28 15:38:59.121 D/aaa ( 2151): topPkg is -------------- :com.dangbei.leard.leradlauncher
05-28 15:38:59.121 E/HDMI ( 742): [1]:Failed to send 40:0D with errorCode=1
05-28 15:38:59.121 D/HDMI ( 742): [S]: 4F:82:10:00
05-28 15:38:59.122 D/hdmicecd( 532): [HdmiCecControl]:updateActiveState sending messag:82 active state:1
05-28 15:38:59.122 D/ResendCecCommandAction( 742): ResendCecCommandAction started
05-28 15:38:59.126 E/mali_gralloc( 1946): Attempt to call unlock*() on an buffer locked with invalid write locks buffer (0xf47096f0)
05-28 15:38:59.128 D/WindowManagerShell( 1176): TvPipController: onTaskStackChanged()
05-28 15:38:59.130 D/aaa ( 2151): WiFi is connect
05-28 15:38:59.166 W/SQLiteLog( 2316): (28) double-quoted string literal: "0A62B1380751D614751CD3ED1E2F69EF"
05-28 15:38:59.170 D/TrafficStats( 2316): tagSocket(121) with statsTag=0xffffffff, statsUid=-1
05-28 15:38:59.172 W/SQLiteLog( 2316): (28) double-quoted string literal: "0A62B1380751D614751CD3ED1E2F69EF"
05-28 15:38:59.172 W/SQLiteLog( 2316): (28) double-quoted string literal: ""
05-28 15:38:59.173 W/SQLiteLog( 2316): (28) double-quoted string literal: "0A62B1380751D614751CD3ED1E2F69EF"
05-28 15:38:59.173 W/SQLiteLog( 2316): (28) double-quoted string literal: "-1"
05-28 15:38:59.211 W/SQLiteLog( 2316): (28) double-quoted string literal: "C359E3C0A99B533D56687A1CD26E07EC"
05-28 15:38:59.214 D/MobclickAgent( 2316): 创建新会话: 0A62B1380751D614751CD3ED1E2F69EF
05-28 15:38:59.251 D/hdmicecd( 532): [CEC]:printCecMessage, [4 -> f] len: 3, body: 82 10 00, result:success
05-28 15:38:59.251 E/IPCThreadState( 532): binder thread pool (1 threads) starved for 130 ms
05-28 15:38:59.252 D/HDMI ( 742): [S]: 40:8E:00
05-28 15:38:59.306 D/hdmicecd( 532): [CEC]:printCecMessage, [4 -> 0] len: 2, body: 8e 00, result:no ack
05-28 15:38:59.362 D/hdmicecd( 532): [CEC]:printCecMessage, [4 -> 0] len: 2, body: 8e 00, result:no ack
05-28 15:38:59.362 E/HDMI ( 742): [1]:Failed to send 40:8E:00 with errorCode=1
05-28 15:38:59.363 D/HDMI ( 742): [S]: 45:70:10:00
05-28 15:38:59.418 D/hdmicecd( 532): [CEC]:printCecMessage, [4 -> 5] len: 3, body: 70 10 00, result:no ack
05-28 15:38:59.421 D/ResendCecCommandAction( 742): sendCommandWithoutRetries failed, retry
05-28 15:38:59.454 V/WindowManagerShell( 1176): Transition animation finished (aborted=false), notifying core (#51)android.os.BinderProxy@9028d16@0
05-28 15:38:59.456 V/WindowManager( 742): Finish Transition #51: created at
05-28 15:38:59.003 collect-started=0.083ms request-sent=7.466ms started=16.273ms ready=24.151ms sent=29.771ms finished=453.3ms
05-28 15:38:59.468 D/AudioService( 742): Volume controller visible: false
05-28 15:38:59.474 V/WindowManagerShell( 1176): Track 0 became idle
05-28 15:38:59.474 V/WindowManagerShell( 1176): All active transition animations finished
05-28 15:38:59.474 D/hdmicecd( 532): [CEC]:printCecMessage, [4 -> 5] len: 3, body: 70 10 00, result:no ack
05-28 15:38:59.475 E/HDMI ( 742): [1]:Failed to send 45:70:10:00 with errorCode=1
05-28 15:38:59.477 D/HDMI ( 742): [S]: 40:8F
05-28 15:38:59.534 D/hdmicecd( 532): [CEC]:printCecMessage, [4 -> 0] len: 1, body: 8f, result:no ack
05-28 15:38:59.590 D/hdmicecd( 532): [CEC]:printCecMessage, [4 -> 0] len: 1, body: 8f, result:no ack
05-28 15:38:59.590 E/IPCThreadState( 532): binder thread pool (1 threads) starved for 113 ms
05-28 15:38:59.590 E/HDMI ( 742): [1]:Failed to send 40:8F with errorCode=1
05-28 15:38:59.591 D/HDMI ( 742): [S]: 40:0D
05-28 15:38:59.646 D/hdmicecd( 532): [CEC]:printCecMessage, [4 -> 0] len: 1, body: 0d, result:no ack
05-28 15:38:59.702 D/hdmicecd( 532): [CEC]:printCecMessage, [4 -> 0] len: 1, body: 0d, result:no ack
05-28 15:38:59.788 V/HotPlugDetectionAction( 742): Poll all devices.
05-28 15:38:59.846 D/hdmicecd( 532): [CEC]:printCecMessage, [4 -> 0] len: 0, body:, result:no ack
05-28 15:38:59.906 D/hdmicecd( 532): [CEC]:printCecMessage, [4 -> 1] len: 0, body:, result:no ack
05-28 15:38:59.962 D/hdmicecd( 532): [CEC]:printCecMessage, [4 -> 3] len: 0, body:, result:no ack
05-28 15:39:00.003 D/ResendCecCommandAction( 742): sendCommandWithoutRetries failed, retry
05-28 15:39:00.018 D/hdmicecd( 532): [CEC]:printCecMessage, [4 -> 5] len: 0, body:, result:no ack
05-28 15:39:00.019 D/HDMI ( 742): [S]: 40:0D
05-28 15:39:00.026 D/TrafficStats( 2316): tagSocket(148) with statsTag=0xffffffff, statsUid=-1
05-28 15:39:00.074 D/hdmicecd( 532): [CEC]:printCecMessage, [4 -> 0] len: 1, body: 0d, result:no ack
05-28 15:39:00.130 D/hdmicecd( 532): [CEC]:printCecMessage, [4 -> 0] len: 1, body: 0d, result:no ack
05-28 15:39:00.186 D/hdmicecd( 532): [CEC]:printCecMessage, [4 -> 8] len: 0, body:, result:no ack
05-28 15:39:00.242 D/hdmicecd( 532): [CEC]:printCecMessage, [4 -> b] len: 0, body:, result:no ack
05-28 15:39:00.251 D/XM_HIDREAD( 2292): poll ret=1, event=1
05-28 15:39:00.251 D/XM_HIDREAD( 2292): [9 bytes]:01 00 00 28 00 00 00 00 00
05-28 15:39:00.255 I/SogouIME( 3119): onKeyDown: keyoCode=23
05-28 15:39:00.255 I/DefaultIMS( 3119): onKeyDown: keyoCode=23
05-28 15:39:00.256 E/SecondScreen( 2316): FirstScreenLayoutView dispatchKeyEvent 23
05-28 15:39:00.298 D/hdmicecd( 532): [CEC]:printCecMessage, [4 -> e] len: 0, body:, result:no ack
05-28 15:39:00.298 D/HdmiCecController( 742): [P]:AllocatedAddress=[]
05-28 15:39:00.370 D/XM_HIDREAD( 2292): poll ret=1, event=1
05-28 15:39:00.370 D/XM_HIDREAD( 2292): [9 bytes]:01 00 00 00 00 00 00 00 00
05-28 15:39:00.373 I/SogouIME( 3119): onKeyUp: keyoCode=23
05-28 15:39:00.373 I/DefaultIMS( 3119): onKeyUp: keyoCode=23
05-28 15:39:00.373 E/SecondScreen( 2316): FirstScreenLayoutView dispatchKeyEvent 23
05-28 15:39:00.378 E/CellBroadcastUtils( 742): getDefaultCellBroadcastReceiverPackageName: no package found
05-28 15:39:00.389 I/ActivityTaskManager( 742): START u0 {dat=haqu://setting:8080/... flg=0x10000000 pkg=com.dangbei.haqusetting cmp=com.dangbei.haqusetting/.ui.HomeActivity} with LAUNCH_MULTIPLE from uid 1000 (BAL_ALLOW_ALLOWLISTED_UID) result code=0
05-28 15:39:00.390 V/WindowManagerShell( 1176): Transition requested: android.os.BinderProxy@25667c6 TransitionRequestInfo { type = 1, triggerTask = TaskInfo{userId=0 taskId=33 displayId=0 isRunning=true baseIntent=Intent { dat=haqu://setting:8080/... flg=0x10000000 pkg=com.dangbei.haqusetting cmp=com.dangbei.haqusetting/.ui.HomeActivity } baseActivity=ComponentInfo{com.dangbei.haqusetting/com.dangbei.haqusetting.ui.HomeActivity} topActivity=ComponentInfo{com.dangbei.haqusetting/com.dangbei.haqusetting.ui.HomeActivity} origActivity=null realActivity=ComponentInfo{com.dangbei.haqusetting/com.dangbei.haqusetting.ui.HomeActivity} numActivities=1 lastActiveTime=5210855 supportsMultiWindow=true resizeMode=1 isResizeable=true minWidth=-1 minHeight=-1 defaultMinSize=220 token=WCT{android.window.IWindowContainerToken$Stub$Proxy@b8cb387} topActivityType=1 pictureInPictureParams=null shouldDockBigOverlays=true launchIntoPipHostTaskId=-1 lastParentTaskIdBeforePip=-1 displayCutoutSafeInsets=null topActivityInfo=ActivityInfo{b05c2b4 com.dangbei.haqusetting.ui.HomeActivity} launchCookies=[] positionInParent=Point(0, 0) parentTaskId=-1 isFocused=false isVisible=false isVisibleRequested=false isSleeping=false topActivityInSizeCompat=false topActivityEligibleForLetterboxEducation= false isLetterboxDoubleTapEnabled= false topActivityEligibleForUserAspectRatioButton= false topActivityBoundsLetterboxed= false isFromLetterboxDoubleTap= false topActivityLetterboxVerticalPosition= -1 topActivityLetterboxHorizontalPosition= -1 topActivityLetterboxWidth=-1 topActivityLetterboxHeight=-1 isUserFullscreenOverrideEnabled=false isTopActivityTransparent=true locusId=null displayAreaFeatureId=1 cameraCompatControlState=hidden}, remoteTransition = null, displayChange = null, flags = 0 }
05-28 15:39:00.397 V/WindowManager( 742): app ------------- force_land :0
05-28 15:39:00.402 D/TrafficStats( 2316): tagSocket(121) with statsTag=0xffffffff, statsUid=-1
05-28 15:39:00.404 I/BpBinder( 263): onLastStrongRef automatically unlinking death recipients:
