05-28 15:38:08.951 I/nStackXDFinder( 2823): GetLocalInterfaceDetail:[461] :GetLocalInterfaceDetail in
05-28 15:38:08.951 E/nStackXCoAP( 2823): IsInSameNetwork:[281] :IsInSameNetwork: not priority process
05-28 15:38:08.951 D/nStackXCoAP( 2823): ParseServiceDiscover:[330] :new device join
05-28 15:38:08.951 E/nStackXDFinder( 2823): GetLocalIp:[401] :GetLocalIp exec
05-28 15:38:08.986 E/mali_gralloc( 1946): Attempt to call unlock*() on an buffer locked with invalid write locks buffer (0xf470a4c0)
05-28 15:38:08.997 E/mali_gralloc( 1946): Attempt to call unlock*() on an buffer locked with invalid write locks buffer (0xf470a4c0)
05-28 15:38:09.002 E/mali_gralloc( 1946): Attempt to call unlock*() on an buffer locked with invalid write locks buffer (0xf470a4c0)
05-28 15:38:09.029 D/nStackXCoAP( 2823): IsInSameNetwork:[276] :IsInSameNetwork exec
05-28 15:38:09.029 I/nStackXDFinder( 2823): GetLocalInterfaceDetail:[461] :GetLocalInterfaceDetail in
05-28 15:38:09.029 E/nStackXCoAP( 2823): IsInSameNetwork:[281] :IsInSameNetwork: not priority process
05-28 15:38:09.029 D/nStackXCoAP( 2823): ParseServiceDiscover:[330] :new device join
05-28 15:38:09.029 E/nStackXDFinder( 2823): GetLocalIp:[401] :GetLocalIp exec
05-28 15:38:09.037 E/mali_gralloc( 1946): Attempt to call unlock*() on an buffer locked with invalid write locks buffer (0xf470a4c0)
05-28 15:38:09.052 E/mali_gralloc( 1946): Attempt to call unlock*() on an buffer locked with invalid write locks buffer (0xf470a4c0)
05-28 15:38:09.059 E/mali_gralloc( 1946): Attempt to call unlock*() on an buffer locked with invalid write locks buffer (0xf470a4c0)
05-28 15:38:09.085 D/nStackXCoAP( 2823): IsInSameNetwork:[276] :IsInSameNetwork exec
05-28 15:38:09.085 I/nStackXDFinder( 2823): GetLocalInterfaceDetail:[461] :GetLocalInterfaceDetail in
05-28 15:38:09.085 E/nStackXCoAP( 2823): IsInSameNetwork:[281] :IsInSameNetwork: not priority process
05-28 15:38:09.085 D/nStackXCoAP( 2823): ParseServiceDiscover:[330] :new device join
05-28 15:38:09.085 E/nStackXDFinder( 2823): GetLocalIp:[401] :GetLocalIp exec
05-28 15:38:09.103 E/mali_gralloc( 1946): Attempt to call unlock*() on an buffer locked with invalid write locks buffer (0xf470a4c0)
05-28 15:38:09.118 E/mali_gralloc( 1946): Attempt to call unlock*() on an buffer locked with invalid write locks buffer (0xf470a4c0)
05-28 15:38:09.125 E/mali_gralloc( 1946): Attempt to call unlock*() on an buffer locked with invalid write locks buffer (0xf470a4c0)
05-28 15:38:09.169 E/mali_gralloc( 1946): Attempt to call unlock*() on an buffer locked with invalid write locks buffer (0xf470a4c0)
05-28 15:38:09.179 E/mali_gralloc( 1946): Attempt to call unlock*() on an buffer locked with invalid write locks buffer (0xf470a4c0)
05-28 15:38:09.186 E/mali_gralloc( 1946): Attempt to call unlock*() on an buffer locked with invalid write locks buffer (0xf470a4c0)
05-28 15:38:09.224 E/mali_gralloc( 1946): Attempt to call unlock*() on an buffer locked with invalid write locks buffer (0xf470a4c0)
05-28 15:38:09.234 E/mali_gralloc( 1946): Attempt to call unlock*() on an buffer locked with invalid write locks buffer (0xf470a4c0)
05-28 15:38:09.252 E/mali_gralloc( 1946): Attempt to call unlock*() on an buffer locked with invalid write locks buffer (0xf470a4c0)
05-28 15:38:09.285 E/mali_gralloc( 1946): Attempt to call unlock*() on an buffer locked with invalid write locks buffer (0xf470a4c0)
05-28 15:38:09.295 E/mali_gralloc( 1946): Attempt to call unlock*() on an buffer locked with invalid write locks buffer (0xf470a4c0)
05-28 15:38:09.302 E/mali_gralloc( 1946): Attempt to call unlock*() on an buffer locked with invalid write locks buffer (0xf470a4c0)
05-28 15:38:09.335 E/mali_gralloc( 1946): Attempt to call unlock*() on an buffer locked with invalid write locks buffer (0xf470a4c0)
05-28 15:38:09.346 E/mali_gralloc( 1946): Attempt to call unlock*() on an buffer locked with invalid write locks buffer (0xf470a4c0)
05-28 15:38:09.352 E/mali_gralloc( 1946): Attempt to call unlock*() on an buffer locked with invalid write locks buffer (0xf470a4c0)
05-28 15:38:09.385 E/mali_gralloc( 1946): Attempt to call unlock*() on an buffer locked with invalid write locks buffer (0xf470a4c0)
05-28 15:38:09.395 E/mali_gralloc( 1946): Attempt to call unlock*() on an buffer locked with invalid write locks buffer (0xf470a4c0)
05-28 15:38:09.402 E/mali_gralloc( 1946): Attempt to call unlock*() on an buffer locked with invalid write locks buffer (0xf470a4c0)
05-28 15:38:09.435 E/mali_gralloc( 1946): Attempt to call unlock*() on an buffer locked with invalid write locks buffer (0xf470a4c0)
05-28 15:38:09.445 E/mali_gralloc( 1946): Attempt to call unlock*() on an buffer locked with invalid write locks buffer (0xf470a4c0)
05-28 15:38:09.452 E/mali_gralloc( 1946): Attempt to call unlock*() on an buffer locked with invalid write locks buffer (0xf470a4c0)
05-28 15:38:09.493 E/mali_gralloc( 1946): Attempt to call unlock*() on an buffer locked with invalid write locks buffer (0xf470a4c0)
05-28 15:38:09.503 E/mali_gralloc( 1946): Attempt to call unlock*() on an buffer locked with invalid write locks buffer (0xf470a4c0)
05-28 15:38:09.519 E/mali_gralloc( 1946): Attempt to call unlock*() on an buffer locked with invalid write locks buffer (0xf470a4c0)
05-28 15:38:09.552 E/mali_gralloc( 1946): Attempt to call unlock*() on an buffer locked with invalid write locks buffer (0xf470a4c0)
05-28 15:38:09.563 E/mali_gralloc( 1946): Attempt to call unlock*() on an buffer locked with invalid write locks buffer (0xf470a4c0)
05-28 15:38:09.569 E/mali_gralloc( 1946): Attempt to call unlock*() on an buffer locked with invalid write locks buffer (0xf470a4c0)
05-28 15:38:09.603 E/mali_gralloc( 1946): Attempt to call unlock*() on an buffer locked with invalid write locks buffer (0xf470a4c0)
05-28 15:38:09.622 E/mali_gralloc( 1946): Attempt to call unlock*() on an buffer locked with invalid write locks buffer (0xf470a4c0)
05-28 15:38:09.626 E/mali_gralloc( 1946): Attempt to call unlock*() on an buffer locked with invalid write locks buffer (0xf470a4c0)
05-28 15:38:09.671 E/mali_gralloc( 1946): Attempt to call unlock*() on an buffer locked with invalid write locks buffer (0xf470a4c0)
05-28 15:38:09.686 E/mali_gralloc( 1946): Attempt to call unlock*() on an buffer locked with invalid write locks buffer (0xf470a4c0)
05-28 15:38:09.692 E/mali_gralloc( 1946): Attempt to call unlock*() on an buffer locked with invalid write locks buffer (0xf470a4c0)
05-28 15:38:09.726 D/nStackXCoAP( 2823): CoapMessageHandler:[133] :2.01
05-28 15:38:09.727 D/nStackXCoAP( 2823): CoapMessageHandler:[133] :2.01
05-28 15:38:09.727 D/nStackXCoAP( 2823): CoapMessageHandler:[133] :2.01
05-28 15:38:09.727 D/nStackXCoAP( 2823): CoapMessageHandler:[133] :2.01
05-28 15:38:09.728 D/TrafficStats( 1946): tagSocket(106) with statsTag=0xffffffff, statsUid=-1
05-28 15:38:09.736 E/mali_gralloc( 1946): Attempt to call unlock*() on an buffer locked with invalid write locks buffer (0xf470a4c0)
05-28 15:38:09.746 E/mali_gralloc( 1946): Attempt to call unlock*() on an buffer locked with invalid write locks buffer (0xf470a4c0)
05-28 15:38:09.752 E/mali_gralloc( 1946): Attempt to call unlock*() on an buffer locked with invalid write locks buffer (0xf470a4c0)
05-28 15:38:09.786 E/mali_gralloc( 1946): Attempt to call unlock*() on an buffer locked with invalid write locks buffer (0xf470a4c0)
05-28 15:38:09.796 E/mali_gralloc( 1946): Attempt to call unlock*() on an buffer locked with invalid write locks buffer (0xf470a4c0)
05-28 15:38:09.803 E/mali_gralloc( 1946): Attempt to call unlock*() on an buffer locked with invalid write locks buffer (0xf470a4c0)
05-28 15:38:09.853 E/mali_gralloc( 1946): Attempt to call unlock*() on an buffer locked with invalid write locks buffer (0xf470a4c0)
05-28 15:38:09.863 E/mali_gralloc( 1946): Attempt to call unlock*() on an buffer locked with invalid write locks buffer (0xf470a4c0)
05-28 15:38:09.870 E/mali_gralloc( 1946): Attempt to call unlock*() on an buffer locked with invalid write locks buffer (0xf470a4c0)
05-28 15:38:09.922 E/mali_gralloc( 1946): Attempt to call unlock*() on an buffer locked with invalid write locks buffer (0xf470a4c0)
05-28 15:38:09.932 E/mali_gralloc( 1946): Attempt to call unlock*() on an buffer locked with invalid write locks buffer (0xf470a4c0)
05-28 15:38:09.956 E/mali_gralloc( 1946): Attempt to call unlock*() on an buffer locked with invalid write locks buffer (0xf470a4c0)
05-28 15:38:09.959 D/nStackXCoAP( 2823): IsInSameNetwork:[276] :IsInSameNetwork exec
05-28 15:38:09.959 I/nStackXDFinder( 2823): GetLocalInterfaceDetail:[461] :GetLocalInterfaceDetail in
05-28 15:38:09.959 E/nStackXCoAP( 2823): IsInSameNetwork:[281] :IsInSameNetwork: not priority process
05-28 15:38:09.959 D/nStackXCoAP( 2823): ParseServiceDiscover:[330] :new device join
05-28 15:38:09.959 E/nStackXDFinder( 2823): GetLocalIp:[401] :GetLocalIp exec
05-28 15:38:10.006 E/mali_gralloc( 1946): Attempt to call unlock*() on an buffer locked with invalid write locks buffer (0xf470a4c0)
05-28 15:38:10.016 E/mali_gralloc( 1946): Attempt to call unlock*() on an buffer locked with invalid write locks buffer (0xf470a4c0)
05-28 15:38:10.021 E/mali_gralloc( 1946): Attempt to call unlock*() on an buffer locked with invalid write locks buffer (0xf470a4c0)
05-28 15:38:10.071 E/mali_gralloc( 1946): Attempt to call unlock*() on an buffer locked with invalid write locks buffer (0xf470a4c0)
05-28 15:38:10.081 E/mali_gralloc( 1946): Attempt to call unlock*() on an buffer locked with invalid write locks buffer (0xf470a4c0)
05-28 15:38:10.085 D/nStackXCoAP( 2823): IsInSameNetwork:[276] :IsInSameNetwork exec
05-28 15:38:10.085 I/nStackXDFinder( 2823): GetLocalInterfaceDetail:[461] :GetLocalInterfaceDetail in
05-28 15:38:10.085 E/nStackXCoAP( 2823): IsInSameNetwork:[281] :IsInSameNetwork: not priority process
05-28 15:38:10.085 D/nStackXCoAP( 2823): ParseServiceDiscover:[330] :new device join
05-28 15:38:10.085 E/nStackXDFinder( 2823): GetLocalIp:[401] :GetLocalIp exec
05-28 15:38:10.105 E/mali_gralloc( 1946): Attempt to call unlock*() on an buffer locked with invalid write locks buffer (0xf470a4c0)
05-28 15:38:10.139 E/mali_gralloc( 1946): Attempt to call unlock*() on an buffer locked with invalid write locks buffer (0xf470a4c0)
05-28 15:38:10.147 D/nStackXCoAP( 2823): IsInSameNetwork:[276] :IsInSameNetwork exec
05-28 15:38:10.147 I/nStackXDFinder( 2823): GetLocalInterfaceDetail:[461] :GetLocalInterfaceDetail in
05-28 15:38:10.147 E/nStackXCoAP( 2823): IsInSameNetwork:[281] :IsInSameNetwork: not priority process
05-28 15:38:10.147 D/nStackXCoAP( 2823): ParseServiceDiscover:[330] :new device join
05-28 15:38:10.147 E/nStackXDFinder( 2823): GetLocalIp:[401] :GetLocalIp exec
05-28 15:38:10.149 E/mali_gralloc( 1946): Attempt to call unlock*() on an buffer locked with invalid write locks buffer (0xf470a4c0)
05-28 15:38:10.154 E/mali_gralloc( 1946): Attempt to call unlock*() on an buffer locked with invalid write locks buffer (0xf470a4c0)
05-28 15:38:10.203 E/mali_gralloc( 1946): Attempt to call unlock*() on an buffer locked with invalid write locks buffer (0xf470a4c0)
05-28 15:38:10.213 E/mali_gralloc( 1946): Attempt to call unlock*() on an buffer locked with invalid write locks buffer (0xf470a4c0)
05-28 15:38:10.223 E/mali_gralloc( 1946): Attempt to call unlock*() on an buffer locked with invalid write locks buffer (0xf470a4c0)
05-28 15:38:10.272 E/mali_gralloc( 1946): Attempt to call unlock*() on an buffer locked with invalid write locks buffer (0xf470a4c0)
05-28 15:38:10.283 E/mali_gralloc( 1946): Attempt to call unlock*() on an buffer locked with invalid write locks buffer (0xf470a4c0)
05-28 15:38:10.288 E/mali_gralloc( 1946): Attempt to call unlock*() on an buffer locked with invalid write locks buffer (0xf470a4c0)
05-28 15:38:10.294 D/nStackXCoAP( 2823): IsInSameNetwork:[276] :IsInSameNetwork exec
05-28 15:38:10.294 I/nStackXDFinder( 2823): GetLocalInterfaceDetail:[461] :GetLocalInterfaceDetail in
05-28 15:38:10.294 E/nStackXCoAP( 2823): IsInSameNetwork:[281] :IsInSameNetwork: not priority process
05-28 15:38:10.294 D/nStackXCoAP( 2823): ParseServiceDiscover:[330] :new device join
05-28 15:38:10.294 E/nStackXDFinder( 2823): GetLocalIp:[401] :GetLocalIp exec
05-28 15:38:10.337 E/mali_gralloc( 1946): Attempt to call unlock*() on an buffer locked with invalid write locks buffer (0xf470a4c0)
05-28 15:38:10.347 E/mali_gralloc( 1946): Attempt to call unlock*() on an buffer locked with invalid write locks buffer (0xf470a4c0)
05-28 15:38:10.354 E/mali_gralloc( 1946): Attempt to call unlock*() on an buffer locked with invalid write locks buffer (0xf470a4c0)
05-28 15:38:10.387 E/mali_gralloc( 1946): Attempt to call unlock*() on an buffer locked with invalid write locks buffer (0xf470a4c0)
05-28 15:38:10.397 E/mali_gralloc( 1946): Attempt to call unlock*() on an buffer locked with invalid write locks buffer (0xf470a4c0)
05-28 15:38:10.403 E/mali_gralloc( 1946): Attempt to call unlock*() on an buffer locked with invalid write locks buffer (0xf470a4c0)
05-28 15:38:10.439 E/mali_gralloc( 1946): Attempt to call unlock*() on an buffer locked with invalid write locks buffer (0xf470a4c0)
05-28 15:38:10.453 E/mali_gralloc( 1946): Attempt to call unlock*() on an buffer locked with invalid write locks buffer (0xf470a4c0)
05-28 15:38:10.458 E/mali_gralloc( 1946): Attempt to call unlock*() on an buffer locked with invalid write locks buffer (0xf470a4c0)
05-28 15:38:10.504 E/mali_gralloc( 1946): Attempt to call unlock*() on an buffer locked with invalid write locks buffer (0xf470a4c0)
05-28 15:38:10.515 E/mali_gralloc( 1946): Attempt to call unlock*() on an buffer locked with invalid write locks buffer (0xf470a4c0)
05-28 15:38:10.522 E/mali_gralloc( 1946): Attempt to call unlock*() on an buffer locked with invalid write locks buffer (0xf470a4c0)
05-28 15:38:10.553 E/mali_gralloc( 1946): Attempt to call unlock*() on an buffer locked with invalid write locks buffer (0xf470a4c0)
05-28 15:38:10.563 E/mali_gralloc( 1946): Attempt to call unlock*() on an buffer locked with invalid write locks buffer (0xf470a4c0)
05-28 15:38:10.570 E/mali_gralloc( 1946): Attempt to call unlock*() on an buffer locked with invalid write locks buffer (0xf470a4c0)
05-28 15:38:10.592 D/nStackXCoAP( 2823): IsInSameNetwork:[276] :IsInSameNetwork exec
05-28 15:38:10.592 I/nStackXDFinder( 2823): GetLocalInterfaceDetail:[461] :GetLocalInterfaceDetail in
05-28 15:38:10.592 E/nStackXCoAP( 2823): IsInSameNetwork:[281] :IsInSameNetwork: not priority process
05-28 15:38:10.592 D/nStackXCoAP( 2823): ParseServiceDiscover:[330] :new device join
05-28 15:38:10.593 E/nStackXDFinder( 2823): GetLocalIp:[401] :GetLocalIp exec
05-28 15:38:10.603 E/mali_gralloc( 1946): Attempt to call unlock*() on an buffer locked with invalid write locks buffer (0xf470a4c0)
05-28 15:38:10.614 E/mali_gralloc( 1946): Attempt to call unlock*() on an buffer locked with invalid write locks buffer (0xf470a4c0)
05-28 15:38:10.621 E/mali_gralloc( 1946): Attempt to call unlock*() on an buffer locked with invalid write locks buffer (0xf470a4c0)
05-28 15:38:10.658 E/mali_gralloc( 1946): Attempt to call unlock*() on an buffer locked with invalid write locks buffer (0xf470a4c0)
05-28 15:38:10.660 D/nStackXCoAP( 2823): IsInSameNetwork:[276] :IsInSameNetwork exec
05-28 15:38:10.660 I/nStackXDFinder( 2823): GetLocalInterfaceDetail:[461] :GetLocalInterfaceDetail in
05-28 15:38:10.660 E/nStackXCoAP( 2823): IsInSameNetwork:[281] :IsInSameNetwork: not priority process
05-28 15:38:10.660 D/nStackXCoAP( 2823): ParseServiceDiscover:[330] :new device join
05-28 15:38:10.660 E/nStackXDFinder( 2823): GetLocalIp:[401] :GetLocalIp exec
05-28 15:38:10.668 E/mali_gralloc( 1946): Attempt to call unlock*() on an buffer locked with invalid write locks buffer (0xf470a4c0)
05-28 15:38:10.685 I/WifiHAL ( 558): call wifi_get_link_stats handler
05-28 15:38:10.685 I/WifiHAL ( 558): Creating message to get link statistics; iface = 16
05-28 15:38:10.685 D/WifiHAL ( 558): error code -95 mapped to -3
05-28 15:38:10.685 E/WifiStaIfaceAidlImpl( 742): getLinkLayerStats failed with service-specific exception: android.os.ServiceSpecificException: (code 4)
05-28 15:38:10.688 E/mali_gralloc( 1946): Attempt to call unlock*() on an buffer locked with invalid write locks buffer (0xf470a4c0)
05-28 15:38:10.728 E/mali_gralloc( 1946): Attempt to call unlock*() on an buffer locked with invalid write locks buffer (0xf470a4c0)
05-28 15:38:10.741 E/mali_gralloc( 1946): Attempt to call unlock*() on an buffer locked with invalid write locks buffer (0xf470a4c0)
05-28 15:38:10.754 E/mali_gralloc( 1946): Attempt to call unlock*() on an buffer locked with invalid write locks buffer (0xf470a4c0)
05-28 15:38:10.791 E/mali_gralloc( 1946): Attempt to call unlock*() on an buffer locked with invalid write locks buffer (0xf470a4c0)
05-28 15:38:10.799 D/nStackXCoAP( 2823): IsInSameNetwork:[276] :IsInSameNetwork exec
05-28 15:38:10.799 I/nStackXDFinder( 2823): GetLocalInterfaceDetail:[461] :GetLocalInterfaceDetail in
05-28 15:38:10.799 E/nStackXCoAP( 2823): IsInSameNetwork:[281] :IsInSameNetwork: not priority process
05-28 15:38:10.799 D/nStackXCoAP( 2823): ParseServiceDiscover:[330] :new device join
05-28 15:38:10.799 E/nStackXDFinder( 2823): GetLocalIp:[401] :GetLocalIp exec
05-28 15:38:10.802 E/mali_gralloc( 1946): Attempt to call unlock*() on an buffer locked with invalid write locks buffer (0xf470a4c0)
05-28 15:38:10.820 E/mali_gralloc( 1946): Attempt to call unlock*() on an buffer locked with invalid write locks buffer (0xf470a4c0)
05-28 15:38:10.859 E/mali_gralloc( 1946): Attempt to call unlock*() on an buffer locked with invalid write locks buffer (0xf470a4c0)
05-28 15:38:10.870 E/mali_gralloc( 1946): Attempt to call unlock*() on an buffer locked with invalid write locks buffer (0xf470a4c0)
05-28 15:38:10.887 E/mali_gralloc( 1946): Attempt to call unlock*() on an buffer locked with invalid write locks buffer (0xf470a4c0)
05-28 15:38:10.923 E/mali_gralloc( 1946): Attempt to call unlock*() on an buffer locked with invalid write locks buffer (0xf470a4c0)
05-28 15:38:10.937 E/mali_gralloc( 1946): Attempt to call unlock*() on an buffer locked with invalid write locks buffer (0xf470a4c0)
05-28 15:38:10.943 E/mali_gralloc( 1946): Attempt to call unlock*() on an buffer locked with invalid write locks buffer (0xf470a4c0)
05-28 15:38:10.990 E/mali_gralloc( 1946): Attempt to call unlock*() on an buffer locked with invalid write locks buffer (0xf470a4c0)
05-28 15:38:11.000 E/mali_gralloc( 1946): Attempt to call unlock*() on an buffer locked with invalid write locks buffer (0xf470a4c0)
05-28 15:38:11.007 D/nStackXCoAP( 2823): IsInSameNetwork:[276] :IsInSameNetwork exec
05-28 15:38:11.007 I/nStackXDFinder( 2823): GetLocalInterfaceDetail:[461] :GetLocalInterfaceDetail in
05-28 15:38:11.007 E/nStackXCoAP( 2823): IsInSameNetwork:[281] :IsInSameNetwork: not priority process
05-28 15:38:11.007 D/nStackXCoAP( 2823): ParseServiceDiscover:[330] :new device join
05-28 15:38:11.007 E/nStackXDFinder( 2823): GetLocalIp:[401] :GetLocalIp exec
05-28 15:38:11.009 E/mali_gralloc( 1946): Attempt to call unlock*() on an buffer locked with invalid write locks buffer (0xf470a4c0)
05-28 15:38:11.012 D/nStackXCoAP( 2823): IsInSameNetwork:[276] :IsInSameNetwork exec
05-28 15:38:11.012 I/nStackXDFinder( 2823): GetLocalInterfaceDetail:[461] :GetLocalInterfaceDetail in
05-28 15:38:11.012 E/nStackXCoAP( 2823): IsInSameNetwork:[281] :IsInSameNetwork: not priority process
05-28 15:38:11.012 D/nStackXCoAP( 2823): ParseServiceDiscover:[330] :new device join
05-28 15:38:11.012 E/nStackXDFinder( 2823): GetLocalIp:[401] :GetLocalIp exec
05-28 15:38:11.054 E/mali_gralloc( 1946): Attempt to call unlock*() on an buffer locked with invalid write locks buffer (0xf470a4c0)
05-28 15:38:11.065 E/mali_gralloc( 1946): Attempt to call unlock*() on an buffer locked with invalid write locks buffer (0xf470a4c0)
05-28 15:38:11.071 E/mali_gralloc( 1946): Attempt to call unlock*() on an buffer locked with invalid write locks buffer (0xf470a4c0)
05-28 15:38:11.091 D/nStackXCoAP( 2823): IsInSameNetwork:[276] :IsInSameNetwork exec
05-28 15:38:11.091 I/nStackXDFinder( 2823): GetLocalInterfaceDetail:[461] :GetLocalInterfaceDetail in
05-28 15:38:11.091 E/nStackXCoAP( 2823): IsInSameNetwork:[281] :IsInSameNetwork: not priority process
05-28 15:38:11.091 D/nStackXCoAP( 2823): ParseServiceDiscover:[330] :new device join
05-28 15:38:11.091 E/nStackXDFinder( 2823): GetLocalIp:[401] :GetLocalIp exec
05-28 15:38:11.105 E/mali_gralloc( 1946): Attempt to call unlock*() on an buffer locked with invalid write locks buffer (0xf470a4c0)
05-28 15:38:11.109 D/nStackXCoAP( 2823): IsInSameNetwork:[276] :IsInSameNetwork exec
05-28 15:38:11.109 I/nStackXDFinder( 2823): GetLocalInterfaceDetail:[461] :GetLocalInterfaceDetail in
05-28 15:38:11.109 E/nStackXCoAP( 2823): IsInSameNetwork:[281] :IsInSameNetwork: not priority process
05-28 15:38:11.109 D/nStackXCoAP( 2823): ParseServiceDiscover:[330] :new device join
05-28 15:38:11.109 E/nStackXDFinder( 2823): GetLocalIp:[401] :GetLocalIp exec
05-28 15:38:11.117 E/mali_gralloc( 1946): Attempt to call unlock*() on an buffer locked with invalid write locks buffer (0xf470a4c0)
05-28 15:38:11.125 E/mali_gralloc( 1946): Attempt to call unlock*() on an buffer locked with invalid write locks buffer (0xf470a4c0)
05-28 15:38:11.133 D/nStackXCoAP( 2823): IsInSameNetwork:[276] :IsInSameNetwork exec
05-28 15:38:11.133 I/nStackXDFinder( 2823): GetLocalInterfaceDetail:[461] :GetLocalInterfaceDetail in
05-28 15:38:11.133 E/nStackXCoAP( 2823): IsInSameNetwork:[281] :IsInSameNetwork: not priority process
05-28 15:38:11.133 D/nStackXCoAP( 2823): ParseServiceDiscover:[330] :new device join
05-28 15:38:11.133 E/nStackXDFinder( 2823): GetLocalIp:[401] :GetLocalIp exec
05-28 15:38:11.173 E/mali_gralloc( 1946): Attempt to call unlock*() on an buffer locked with invalid write locks buffer (0xf470a4c0)
05-28 15:38:11.188 E/mali_gralloc( 1946): Attempt to call unlock*() on an buffer locked with invalid write locks buffer (0xf470a4c0)
05-28 15:38:11.193 E/mali_gralloc( 1946): Attempt to call unlock*() on an buffer locked with invalid write locks buffer (0xf470a4c0)
05-28 15:38:11.196 D/nStackXCoAP( 2823): IsInSameNetwork:[276] :IsInSameNetwork exec
05-28 15:38:11.196 I/nStackXDFinder( 2823): GetLocalInterfaceDetail:[461] :GetLocalInterfaceDetail in
05-28 15:38:11.196 E/nStackXCoAP( 2823): IsInSameNetwork:[281] :IsInSameNetwork: not priority process
05-28 15:38:11.196 D/nStackXCoAP( 2823): ParseServiceDiscover:[330] :new device join
05-28 15:38:11.196 E/nStackXDFinder( 2823): GetLocalIp:[401] :GetLocalIp exec
05-28 15:38:11.224 D/nStackXCoAP( 2823): IsInSameNetwork:[276] :IsInSameNetwork exec
05-28 15:38:11.224 I/nStackXDFinder( 2823): GetLocalInterfaceDetail:[461] :GetLocalInterfaceDetail in
05-28 15:38:11.224 E/nStackXCoAP( 2823): IsInSameNetwork:[281] :IsInSameNetwork: not priority process
05-28 15:38:11.224 D/nStackXCoAP( 2823): ParseServiceDiscover:[330] :new device join
05-28 15:38:11.224 E/nStackXDFinder( 2823): GetLocalIp:[401] :GetLocalIp exec
05-28 15:38:11.240 E/mali_gralloc( 1946): Attempt to call unlock*() on an buffer locked with invalid write locks buffer (0xf470a4c0)
05-28 15:38:11.248 D/nStackXCoAP( 2823): IsInSameNetwork:[276] :IsInSameNetwork exec
05-28 15:38:11.249 I/nStackXDFinder( 2823): GetLocalInterfaceDetail:[461] :GetLocalInterfaceDetail in
05-28 15:38:11.249 E/nStackXCoAP( 2823): IsInSameNetwork:[281] :IsInSameNetwork: not priority process
05-28 15:38:11.249 D/nStackXCoAP( 2823): ParseServiceDiscover:[330] :new device join
05-28 15:38:11.249 E/nStackXDFinder( 2823): GetLocalIp:[401] :GetLocalIp exec
05-28 15:38:11.250 E/mali_gralloc( 1946): Attempt to call unlock*() on an buffer locked with invalid write locks buffer (0xf470a4c0)
05-28 15:38:11.256 E/mali_gralloc( 1946): Attempt to call unlock*() on an buffer locked with invalid write locks buffer (0xf470a4c0)
05-28 15:38:11.278 D/nStackXCoAP( 2823): CoapMessageHandler:[133] :2.01
05-28 15:38:11.278 D/nStackXCoAP( 2823): CoapMessageHandler:[133] :2.01
05-28 15:38:11.278 D/nStackXCoAP( 2823): CoapMessageHandler:[133] :2.01
05-28 15:38:11.278 D/nStackXCoAP( 2823): CoapMessageHandler:[133] :2.01
05-28 15:38:11.283 D/nStackXCoAP( 2823): CoapMessageHandler:[133] :2.01
05-28 15:38:11.304 E/mali_gralloc( 1946): Attempt to call unlock*() on an buffer locked with invalid write locks buffer (0xf470a4c0)
05-28 15:38:11.314 E/mali_gralloc( 1946): Attempt to call unlock*() on an buffer locked with invalid write locks buffer (0xf470a4c0)
05-28 15:38:11.321 E/mali_gralloc( 1946): Attempt to call unlock*() on an buffer locked with invalid write locks buffer (0xf470a4c0)
05-28 15:38:11.354 E/mali_gralloc( 1946): Attempt to call unlock*() on an buffer locked with invalid write locks buffer (0xf470a4c0)
05-28 15:38:11.364 E/mali_gralloc( 1946): Attempt to call unlock*() on an buffer locked with invalid write locks buffer (0xf470a4c0)
05-28 15:38:11.371 E/mali_gralloc( 1946): Attempt to call unlock*() on an buffer locked with invalid write locks buffer (0xf470a4c0)
05-28 15:38:11.421 E/mali_gralloc( 1946): Attempt to call unlock*() on an buffer locked with invalid write locks buffer (0xf470a4c0)
05-28 15:38:11.431 E/mali_gralloc( 1946): Attempt to call unlock*() on an buffer locked with invalid write locks buffer (0xf470a4c0)
05-28 15:38:11.437 E/mali_gralloc( 1946): Attempt to call unlock*() on an buffer locked with invalid write locks buffer (0xf470a4c0)
05-28 15:38:11.473 E/mali_gralloc( 1946): Attempt to call unlock*() on an buffer locked with invalid write locks buffer (0xf470a4c0)
05-28 15:38:11.473 D/nStackXCoAP( 2823): IsInSameNetwork:[276] :IsInSameNetwork exec
05-28 15:38:11.473 I/nStackXDFinder( 2823): GetLocalInterfaceDetail:[461] :GetLocalInterfaceDetail in
05-28 15:38:11.473 E/nStackXCoAP( 2823): IsInSameNetwork:[281] :IsInSameNetwork: not priority process
05-28 15:38:11.473 D/nStackXCoAP( 2823): ParseServiceDiscover:[330] :new device join
05-28 15:38:11.473 E/nStackXDFinder( 2823): GetLocalIp:[401] :GetLocalIp exec
05-28 15:38:11.487 E/mali_gralloc( 1946): Attempt to call unlock*() on an buffer locked with invalid write locks buffer (0xf470a4c0)
05-28 15:38:11.492 E/mali_gralloc( 1946): Attempt to call unlock*() on an buffer locked with invalid write locks buffer (0xf470a4c0)
05-28 15:38:11.539 E/mali_gralloc( 1946): Attempt to call unlock*() on an buffer locked with invalid write locks buffer (0xf470a4c0)
05-28 15:38:11.549 E/mali_gralloc( 1946): Attempt to call unlock*() on an buffer locked with invalid write locks buffer (0xf470a4c0)
05-28 15:38:11.573 E/mali_gralloc( 1946): Attempt to call unlock*() on an buffer locked with invalid write locks buffer (0xf470a4c0)
05-28 15:38:11.605 E/mali_gralloc( 1946): Attempt to call unlock*() on an buffer locked with invalid write locks buffer (0xf470a4c0)
05-28 15:38:11.615 E/mali_gralloc( 1946): Attempt to call unlock*() on an buffer locked with invalid write locks buffer (0xf470a4c0)
05-28 15:38:11.621 E/mali_gralloc( 1946): Attempt to call unlock*() on an buffer locked with invalid write locks buffer (0xf470a4c0)
05-28 15:38:11.672 E/mali_gralloc( 1946): Attempt to call unlock*() on an buffer locked with invalid write locks buffer (0xf470a4c0)
05-28 15:38:11.684 D/nStackXCoAP( 2823): CoapMessageHandler:[133] :2.01
05-28 15:38:11.685 D/nStackXCoAP( 2823): CoapMessageHandler:[133] :2.01
05-28 15:38:11.685 D/nStackXCoAP( 2823): CoapMessageHandler:[133] :2.01
05-28 15:38:11.685 D/nStackXCoAP( 2823): CoapMessageHandler:[133] :2.01
05-28 15:38:11.685 D/nStackXCoAP( 2823): CoapMessageHandler:[133] :2.01
05-28 15:38:11.686 E/mali_gralloc( 1946): Attempt to call unlock*() on an buffer locked with invalid write locks buffer (0xf470a4c0)
05-28 15:38:11.693 E/mali_gralloc( 1946): Attempt to call unlock*() on an buffer locked with invalid write locks buffer (0xf470a4c0)
05-28 15:38:11.714 D/nStackXCoAP( 2823): IsInSameNetwork:[276] :IsInSameNetwork exec
05-28 15:38:11.714 I/nStackXDFinder( 2823): GetLocalInterfaceDetail:[461] :GetLocalInterfaceDetail in
05-28 15:38:11.714 E/nStackXCoAP( 2823): IsInSameNetwork:[281] :IsInSameNetwork: not priority process
05-28 15:38:11.714 D/nStackXCoAP( 2823): ParseServiceDiscover:[330] :new device join
05-28 15:38:11.714 E/nStackXDFinder( 2823): GetLocalIp:[401] :GetLocalIp exec
05-28 15:38:11.757 E/mali_gralloc( 1946): Attempt to call unlock*() on an buffer locked with invalid write locks buffer (0xf470a4c0)
05-28 15:38:11.775 E/mali_gralloc( 1946): Attempt to call unlock*() on an buffer locked with invalid write locks buffer (0xf470a4c0)
05-28 15:38:11.788 E/mali_gralloc( 1946): Attempt to call unlock*() on an buffer locked with invalid write locks buffer (0xf470a4c0)
05-28 15:38:11.798 D/nStackXCoAP( 2823): CoapMessageHandler:[133] :2.01
05-28 15:38:11.810 D/nStackXCoAP( 2823): CoapMessageHandler:[133] :2.01
05-28 15:38:11.810 D/nStackXCoAP( 2823): CoapMessageHandler:[133] :2.01
05-28 15:38:11.811 I/okhttp.OkHttpClient( 1946): <-- 200 OK http://tymsgapi.qun7.com/v1/core/rom (3098ms, unknown-length body)
05-28 15:38:11.815 D/nStackXCoAP( 2823): CoapMessageHandler:[133] :2.01
05-28 15:38:11.843 E/mali_gralloc( 1946): Attempt to call unlock*() on an buffer locked with invalid write locks buffer (0xf470a4c0)
05-28 15:38:11.854 E/mali_gralloc( 1946): Attempt to call unlock*() on an buffer locked with invalid write locks buffer (0xf470a4c0)
05-28 15:38:11.889 E/mali_gralloc( 1946): Attempt to call unlock*() on an buffer locked with invalid write locks buffer (0xf470a4c0)
05-28 15:38:11.938 E/mali_gralloc( 1946): Attempt to call unlock*() on an buffer locked with invalid write locks buffer (0xf470a4c0)
05-28 15:38:11.948 E/mali_gralloc( 1946): Attempt to call unlock*() on an buffer locked with invalid write locks buffer (0xf470a4c0)
05-28 15:38:11.955 E/mali_gralloc( 1946): Attempt to call unlock*() on an buffer locked with invalid write locks buffer (0xf470a4c0)
05-28 15:38:11.986 D/nStackXCoAP( 2823): IsInSameNetwork:[276] :IsInSameNetwork exec
05-28 15:38:11.986 I/nStackXDFinder( 2823): GetLocalInterfaceDetail:[461] :GetLocalInterfaceDetail in
05-28 15:38:11.986 E/nStackXCoAP( 2823): IsInSameNetwork:[281] :IsInSameNetwork: not priority process
05-28 15:38:11.986 D/nStackXCoAP( 2823): ParseServiceDiscover:[330] :new device join
05-28 15:38:11.986 E/nStackXDFinder( 2823): GetLocalIp:[401] :GetLocalIp exec
05-28 15:38:12.008 E/mali_gralloc( 1946): Attempt to call unlock*() on an buffer locked with invalid write locks buffer (0xf470a4c0)
05-28 15:38:12.017 E/mali_gralloc( 1946): Attempt to call unlock*() on an buffer locked with invalid write locks buffer (0xf470a4c0)
05-28 15:38:12.039 E/mali_gralloc( 1946): Attempt to call unlock*() on an buffer locked with invalid write locks buffer (0xf470a4c0)
05-28 15:38:12.078 E/mali_gralloc( 1946): Attempt to call unlock*() on an buffer locked with invalid write locks buffer (0xf470a4c0)
05-28 15:38:12.091 E/mali_gralloc( 1946): Attempt to call unlock*() on an buffer locked with invalid write locks buffer (0xf470a4c0)
05-28 15:38:12.105 E/mali_gralloc( 1946): Attempt to call unlock*() on an buffer locked with invalid write locks buffer (0xf470a4c0)
05-28 15:38:12.158 E/mali_gralloc( 1946): Attempt to call unlock*() on an buffer locked with invalid write locks buffer (0xf470a4c0)
05-28 15:38:12.168 E/mali_gralloc( 1946): Attempt to call unlock*() on an buffer locked with invalid write locks buffer (0xf470a4c0)
05-28 15:38:12.177 E/mali_gralloc( 1946): Attempt to call unlock*() on an buffer locked with invalid write locks buffer (0xf470a4c0)
05-28 15:38:12.211 D/nStackXCoAP( 2823): IsInSameNetwork:[276] :IsInSameNetwork exec
05-28 15:38:12.211 I/nStackXDFinder( 2823): GetLocalInterfaceDetail:[461] :GetLocalInterfaceDetail in
05-28 15:38:12.211 E/nStackXCoAP( 2823): IsInSameNetwork:[281] :IsInSameNetwork: not priority process
05-28 15:38:12.211 D/nStackXCoAP( 2823): ParseServiceDiscover:[330] :new device join
05-28 15:38:12.211 E/nStackXDFinder( 2823): GetLocalIp:[401] :GetLocalIp exec
05-28 15:38:12.226 E/mali_gralloc( 1946): Attempt to call unlock*() on an buffer locked with invalid write locks buffer (0xf470a4c0)
05-28 15:38:12.238 E/mali_gralloc( 1946): Attempt to call unlock*() on an buffer locked with invalid write locks buffer (0xf470a4c0)
05-28 15:38:12.239 D/nStackXCoAP( 2823): IsInSameNetwork:[276] :IsInSameNetwork exec
05-28 15:38:12.239 I/nStackXDFinder( 2823): GetLocalInterfaceDetail:[461] :GetLocalInterfaceDetail in
05-28 15:38:12.239 E/nStackXCoAP( 2823): IsInSameNetwork:[281] :IsInSameNetwork: not priority process
05-28 15:38:12.239 D/nStackXCoAP( 2823): ParseServiceDiscover:[330] :new device join
05-28 15:38:12.239 E/nStackXDFinder( 2823): GetLocalIp:[401] :GetLocalIp exec
05-28 15:38:12.242 D/nStackXCoAP( 2823): IsInSameNetwork:[276] :IsInSameNetwork exec
05-28 15:38:12.242 I/nStackXDFinder( 2823): GetLocalInterfaceDetail:[461] :GetLocalInterfaceDetail in
05-28 15:38:12.242 E/nStackXCoAP( 2823): IsInSameNetwork:[281] :IsInSameNetwork: not priority process
05-28 15:38:12.242 D/nStackXCoAP( 2823): ParseServiceDiscover:[330] :new device join
05-28 15:38:12.242 E/nStackXDFinder( 2823): GetLocalIp:[401] :GetLocalIp exec
05-28 15:38:12.246 E/mali_gralloc( 1946): Attempt to call unlock*() on an buffer locked with invalid write locks buffer (0xf470a4c0)
05-28 15:38:12.297 E/mali_gralloc( 1946): Attempt to call unlock*() on an buffer locked with invalid write locks buffer (0xf470a4c0)
05-28 15:38:12.310 E/mali_gralloc( 1946): Attempt to call unlock*() on an buffer locked with invalid write locks buffer (0xf470a4c0)
05-28 15:38:12.322 E/mali_gralloc( 1946): Attempt to call unlock*() on an buffer locked with invalid write locks buffer (0xf470a4c0)
05-28 15:38:12.359 E/mali_gralloc( 1946): Attempt to call unlock*() on an buffer locked with invalid write locks buffer (0xf470a4c0)
05-28 15:38:12.369 E/mali_gralloc( 1946): Attempt to call unlock*() on an buffer locked with invalid write locks buffer (0xf470a4c0)
05-28 15:38:12.391 E/mali_gralloc( 1946): Attempt to call unlock*() on an buffer locked with invalid write locks buffer (0xf470a4c0)
05-28 15:38:12.422 E/mali_gralloc( 1946): Attempt to call unlock*() on an buffer locked with invalid write locks buffer (0xf470a4c0)
05-28 15:38:12.432 D/nStackXCoAP( 2823): CoapMessageHandler:[133] :2.01
05-28 15:38:12.432 D/nStackXCoAP( 2823): CoapMessageHandler:[133] :2.01
05-28 15:38:12.432 D/nStackXCoAP( 2823): CoapMessageHandler:[133] :2.01
05-28 15:38:12.432 D/nStackXCoAP( 2823): CoapMessageHandler:[133] :2.01
05-28 15:38:12.432 E/mali_gralloc( 1946): Attempt to call unlock*() on an buffer locked with invalid write locks buffer (0xf470a4c0)
05-28 15:38:12.437 D/nStackXCoAP( 2823): CoapMessageHandler:[133] :2.01
05-28 15:38:12.442 E/mali_gralloc( 1946): Attempt to call unlock*() on an buffer locked with invalid write locks buffer (0xf470a4c0)
05-28 15:38:12.457 E/ccc ( 1946): cccccc requestOtaInfo result BaseResponse{message='success', data=OtaUpdateBean{downloadId='3859', updateType=1, romVersionName='5.0.0.6', romCode=5007, current=0, romMd5v='43d7bfe42bb8a7a6d17c00e11b28c3c5', romLength=1107099960, romSize='1.0 GB', downUrl='http://dl.qun7.com/H5/H5Pro/5.0.0.5-20250528xiawu/user_H5P_S905X5M_20250528-ota.zip', reUrl='http://dl.v5tv.com/H5/H5Pro/5.0.0.5-20250528xiawu/user_H5P_S905X5M_20250528-ota.zip', reUrl2='http://dl.tymcdn.com/H5/H5Pro/5.0.0.5-20250528xiawu/user_H5P_S905X5M_20250528-ota.zip', tempUrl='null', remark='20250528下午3点半
05-28 15:38:12.457 E/ccc ( 1946):
05-28 15:38:12.457 E/ccc ( 1946): user_H5P_S905X5M_20250528
05-28 15:38:12.457 E/ccc ( 1946): 链接: https://pan.baidu.com/s/14G34uxemxx8jlSemrYkJzg?pwd=4zsr 提取码: 4zsr
05-28 15:38:12.457 E/ccc ( 1946): 1.更新app
05-28 15:38:12.457 E/ccc ( 1946): 2.更改版本号
05-28 15:38:12.457 E/ccc ( 1946): 3.修复修复OTA升级后不能恢复出厂设置(目前测试了4次是正常的)
05-28 15:38:12.457 E/ccc ( 1946): 权哥找了好几次了', status=idle, progress=0.0, filterMac=[], localPath='null', popup=1, isPaused=false, cancelled=false, extraInfo='null'}, code=0}
05-28 15:38:12.458 E/ccc ( 2296): cccccc notifyUpdateChanged {"code":1,"data":{"hasUpdate":true,"what":3,"why":-1},"message":"更新状态变化"}
05-28 15:38:12.459 E/ccc ( 1946): cccccc updateHelper 通知更新
05-28 15:38:12.459 E/ccc ( 1946): cccccc OtaUpdateHelper 普通更新 1
05-28 15:38:12.461 E/ccc ( 1946): cccccc onRequestCoreInfo 22222222222222
05-28 15:38:12.461 E/ccc ( 1946): cccccc SystemUpdateHelper systemUpdate {"launcherCodeLocal":0,"launcherCodeNet":0,"otaCodeLocal":5006,"otaCodeNet":5007,"otaVersionLocal":"5.0.0.6","otaVersionNet":"5.0.0.6","remoteNeedUpdate":false}
05-28 15:38:12.455 I/lerad.etna.haqu( 1946): type=1400 audit(0.0:3326): avc: denied { read } for name="cache" dev="dm-8" ino=95 scontext=u:r:system_app:s0 tcontext=u:object_r:cache_file:s0 tclass=lnk_file permissive=1
05-28 15:38:12.502 I/DefaultIMS( 3119): onStartInput attribute=android.view.inputmethod.EditorInfo@222405b restarting=false inputType: 0
05-28 15:38:12.591 E/mali_gralloc( 1946): Attempt to call unlock*() on an buffer locked with invalid write locks buffer (0xf470a4c0)
05-28 15:38:12.594 I/DefaultIMS( 3119): onStartInput attribute=android.view.inputmethod.EditorInfo@99350f8 restarting=false inputType: 0
05-28 15:38:12.716 D/nStackXCoAP( 2823): CoapMessageHandler:[133] :2.01
05-28 15:38:12.717 D/nStackXCoAP( 2823): CoapMessageHandler:[133] :2.01
05-28 15:38:12.720 D/nStackXCoAP( 2823): CoapMessageHandler:[133] :2.01
05-28 15:38:12.751 D/nStackXCoAP( 2823): CoapMessageHandler:[133] :2.01
05-28 15:38:13.315 I/WifiService( 742): startScan uid=1000
05-28 15:38:13.316 E/ccc ( 2296): cccccc i will start scan
05-28 15:38:13.324 D/InstantWifi( 742): Drop, size: 1
05-28 15:38:13.689 I/WifiHAL ( 558): call wifi_get_link_stats handler
05-28 15:38:13.689 I/WifiHAL ( 558): Creating message to get link statistics; iface = 16
05-28 15:38:13.689 D/WifiHAL ( 558): error code -95 mapped to -3
05-28 15:38:13.690 E/WifiStaIfaceAidlImpl( 742): getLinkLayerStats failed with service-specific exception: android.os.ServiceSpecificException: (code 4)
05-28 15:38:13.889 D/XM_HIDREAD( 2292): poll ret=1, event=1
05-28 15:38:13.889 D/XM_HIDREAD( 2292): [9 bytes]:01 00 00 52 00 00 00 00 00
05-28 15:38:13.891 I/SogouIME( 3119): onKeyDown: keyoCode=19
05-28 15:38:13.892 I/DefaultIMS( 3119): onKeyDown: keyoCode=19
05-28 15:38:14.009 D/XM_HIDREAD( 2292): poll ret=1, event=1
05-28 15:38:14.009 D/XM_HIDREAD( 2292): [9 bytes]:01 00 00 00 00 00 00 00 00
05-28 15:38:14.011 I/SogouIME( 3119): onKeyUp: keyoCode=19
05-28 15:38:14.011 I/DefaultIMS( 3119): onKeyUp: keyoCode=19
05-28 15:38:14.109 E/mali_gralloc( 1946): Attempt to call unlock*() on an buffer locked with invalid write locks buffer (0xf470a4c0)
05-28 15:38:14.163 E/mali_gralloc( 1946): Attempt to call unlock*() on an buffer locked with invalid write locks buffer (0xf470a4c0)
05-28 15:38:14.165 E/mali_gralloc( 1946): Attempt to call unlock*() on an buffer locked with invalid write locks buffer (0xf470a4c0)
05-28 15:38:14.181 E/mali_gralloc( 1946): Attempt to call unlock*() on an buffer locked with invalid write locks buffer (0xf470a4c0)
05-28 15:38:14.214 E/mali_gralloc( 1946): Attempt to call unlock*() on an buffer locked with invalid write locks buffer (0xf470a4c0)
05-28 15:38:14.216 E/mali_gralloc( 1946): Attempt to call unlock*() on an buffer locked with invalid write locks buffer (0xf470a4c0)
05-28 15:38:14.229 E/mali_gralloc( 1946): Attempt to call unlock*() on an buffer locked with invalid write locks buffer (0xf470a4c0)
05-28 15:38:14.263 E/mali_gralloc( 1946): Attempt to call unlock*() on an buffer locked with invalid write locks buffer (0xf470a4c0)
05-28 15:38:14.265 E/mali_gralloc( 1946): Attempt to call unlock*() on an buffer locked with invalid write locks buffer (0xf470a4c0)
05-28 15:38:14.279 E/mali_gralloc( 1946): Attempt to call unlock*() on an buffer locked with invalid write locks buffer (0xf470a4c0)
05-28 15:38:14.311 E/mali_gralloc( 1946): Attempt to call unlock*() on an buffer locked with invalid write locks buffer (0xf470a4c0)
05-28 15:38:14.314 E/mali_gralloc( 1946): Attempt to call unlock*() on an buffer locked with invalid write locks buffer (0xf470a4c0)
05-28 15:38:14.328 E/mali_gralloc( 1946): Attempt to call unlock*() on an buffer locked with invalid write locks buffer (0xf470a4c0)
05-28 15:38:14.365 E/mali_gralloc( 1946): Attempt to call unlock*() on an buffer locked with invalid write locks buffer (0xf470a4c0)
05-28 15:38:14.368 E/mali_gralloc( 1946): Attempt to call unlock*() on an buffer locked with invalid write locks buffer (0xf470a4c0)
05-28 15:38:14.378 E/mali_gralloc( 1946): Attempt to call unlock*() on an buffer locked with invalid write locks buffer (0xf470a4c0)
05-28 15:38:14.789 D/XM_HIDREAD( 2292): poll ret=1, event=1
05-28 15:38:14.789 D/XM_HIDREAD( 2292): [9 bytes]:01 00 00 51 00 00 00 00 00
05-28 15:38:14.793 I/SogouIME( 3119): onKeyDown: keyoCode=20
05-28 15:38:14.793 I/DefaultIMS( 3119): onKeyDown: keyoCode=20
05-28 15:38:14.836 E/mali_gralloc( 1946): Attempt to call unlock*() on an buffer locked with invalid write locks buffer (0xf470a4c0)
05-28 15:38:14.858 E/mali_gralloc( 1946): Attempt to call unlock*() on an buffer locked with invalid write locks buffer (0xf470a4c0)
05-28 15:38:14.865 E/mali_gralloc( 1946): Attempt to call unlock*() on an buffer locked with invalid write locks buffer (0xf470a4c0)
05-28 15:38:14.916 E/mali_gralloc( 1946): Attempt to call unlock*() on an buffer locked with invalid write locks buffer (0xf470a4c0)
05-28 15:38:14.930 E/mali_gralloc( 1946): Attempt to call unlock*() on an buffer locked with invalid write locks buffer (0xf470a4c0)
05-28 15:38:14.943 E/mali_gralloc( 1946): Attempt to call unlock*() on an buffer locked with invalid write locks buffer (0xf470a4c0)
05-28 15:38:14.949 D/XM_HIDREAD( 2292): poll ret=1, event=1
05-28 15:38:14.949 D/XM_HIDREAD( 2292): [9 bytes]:01 00 00 00 00 00 00 00 00
05-28 15:38:14.957 I/SogouIME( 3119): onKeyUp: keyoCode=20
05-28 15:38:14.957 I/DefaultIMS( 3119): onKeyUp: keyoCode=20
05-28 15:38:14.993 E/mali_gralloc( 1946): Attempt to call unlock*() on an buffer locked with invalid write locks buffer (0xf470a4c0)
05-28 15:38:15.004 E/mali_gralloc( 1946): Attempt to call unlock*() on an buffer locked with invalid write locks buffer (0xf470a4c0)
05-28 15:38:15.012 E/mali_gralloc( 1946): Attempt to call unlock*() on an buffer locked with invalid write locks buffer (0xf470a4c0)
05-28 15:38:15.058 E/mali_gralloc( 1946): Attempt to call unlock*() on an buffer locked with invalid write locks buffer (0xf470a4c0)
05-28 15:38:15.070 E/mali_gralloc( 1946): Attempt to call unlock*() on an buffer locked with invalid write locks buffer (0xf470a4c0)
05-28 15:38:15.079 E/mali_gralloc( 1946): Attempt to call unlock*() on an buffer locked with invalid write locks buffer (0xf470a4c0)
05-28 15:38:15.149 D/XM_HIDREAD( 2292): poll ret=1, event=1
05-28 15:38:15.149 D/XM_HIDREAD( 2292): [9 bytes]:01 00 00 51 00 00 00 00 00
05-28 15:38:15.150 I/SogouIME( 3119): onKeyDown: keyoCode=20
05-28 15:38:15.150 I/DefaultIMS( 3119): onKeyDown: keyoCode=20
05-28 15:38:15.289 D/XM_HIDREAD( 2292): poll ret=1, event=1
05-28 15:38:15.289 D/XM_HIDREAD( 2292): [9 bytes]:01 00 00 00 00 00 00 00 00
05-28 15:38:15.291 I/SogouIME( 3119): onKeyUp: keyoCode=20
05-28 15:38:15.291 I/DefaultIMS( 3119): onKeyUp: keyoCode=20
05-28 15:38:15.478 E/mali_gralloc( 1946): Attempt to call unlock*() on an buffer locked with invalid write locks buffer (0xf470a4c0)
05-28 15:38:15.499 E/mali_gralloc( 1946): Attempt to call unlock*() on an buffer locked with invalid write locks buffer (0xf470a4c0)
05-28 15:38:15.514 E/mali_gralloc( 1946): Attempt to call unlock*() on an buffer locked with invalid write locks buffer (0xf470a4c0)
05-28 15:38:15.548 E/mali_gralloc( 1946): Attempt to call unlock*() on an buffer locked with invalid write locks buffer (0xf470a4c0)
05-28 15:38:15.550 E/mali_gralloc( 1946): Attempt to call unlock*() on an buffer locked with invalid write locks buffer (0xf470a4c0)
05-28 15:38:15.564 E/mali_gralloc( 1946): Attempt to call unlock*() on an buffer locked with invalid write locks buffer (0xf470a4c0)
05-28 15:38:15.596 E/mali_gralloc( 1946): Attempt to call unlock*() on an buffer locked with invalid write locks buffer (0xf470a4c0)
05-28 15:38:15.599 E/mali_gralloc( 1946): Attempt to call unlock*() on an buffer locked with invalid write locks buffer (0xf470a4c0)
05-28 15:38:15.613 E/mali_gralloc( 1946): Attempt to call unlock*() on an buffer locked with invalid write locks buffer (0xf470a4c0)
05-28 15:38:15.647 E/mali_gralloc( 1946): Attempt to call unlock*() on an buffer locked with invalid write locks buffer (0xf470a4c0)
05-28 15:38:15.649 E/mali_gralloc( 1946): Attempt to call unlock*() on an buffer locked with invalid write locks buffer (0xf470a4c0)
05-28 15:38:15.663 E/mali_gralloc( 1946): Attempt to call unlock*() on an buffer locked with invalid write locks buffer (0xf470a4c0)
05-28 15:38:15.696 E/mali_gralloc( 1946): Attempt to call unlock*() on an buffer locked with invalid write locks buffer (0xf470a4c0)
05-28 15:38:15.699 E/mali_gralloc( 1946): Attempt to call unlock*() on an buffer locked with invalid write locks buffer (0xf470a4c0)
05-28 15:38:15.714 E/mali_gralloc( 1946): Attempt to call unlock*() on an buffer locked with invalid write locks buffer (0xf470a4c0)
05-28 15:38:16.019 D/WifiNl80211Manager( 742): Scan result ready event
05-28 15:38:16.019 D/WifiNative( 742): Scan result ready event
05-28 15:38:16.032 D/WificondScannerImpl( 742): Filtering out 3 scan results.
05-28 15:38:16.068 E/hq ( 2316): NetWorkStateReceiver:::NetWorkStateReceiver onReceive: 网络变化广播 >>>> intent.action=android.net.wifi.SCAN_RESULTS
05-28 15:38:16.068 E/ccc ( 2296): cccccc SCAN_RESULTS_AVAILABLE_ACTION hhhh
05-28 15:38:16.074 I/WifiHAL ( 558): call wifi_get_link_stats handler
05-28 15:38:16.074 I/WifiHAL ( 558): Creating message to get link statistics; iface = 16
05-28 15:38:16.074 D/WifiHAL ( 558): error code -95 mapped to -3
05-28 15:38:16.074 E/WifiStaIfaceAidlImpl( 742): getLinkLayerStats failed with service-specific exception: android.os.ServiceSpecificException: (code 4)
05-28 15:38:16.082 W/eventbuscore( 2316): post Event:com.dangbei.leard.base.entity.event.NetWifiRssiEvent
05-28 15:38:16.090 E/ccc ( 2296): cccccc result is not empty call back
05-28 15:38:16.090 E/ccc ( 2296): cccccc 666666666666666
05-28 15:38:16.101 E/ccc ( 2296): cccccc sort 2 40
05-28 15:38:16.694 I/WifiHAL ( 558): call wifi_get_link_stats handler
05-28 15:38:16.694 I/WifiHAL ( 558): Creating message to get link statistics; iface = 16
05-28 15:38:16.694 D/WifiHAL ( 558): error code -95 mapped to -3
05-28 15:38:16.694 E/WifiStaIfaceAidlImpl( 742): getLinkLayerStats failed with service-specific exception: android.os.ServiceSpecificException: (code 4)
05-28 15:38:19.701 I/WifiHAL ( 558): call wifi_get_link_stats handler
05-28 15:38:19.701 I/WifiHAL ( 558): Creating message to get link statistics; iface = 16
05-28 15:38:19.701 D/WifiHAL ( 558): error code -95 mapped to -3
05-28 15:38:19.702 E/WifiStaIfaceAidlImpl( 742): getLinkLayerStats failed with service-specific exception: android.os.ServiceSpecificException: (code 4)
05-28 15:38:19.720 W/System ( 742): A resource failed to call release.
05-28 15:38:19.720 W/System ( 742): A resource failed to call release.
05-28 15:38:20.129 D/XM_HIDREAD( 2292): poll ret=1, event=1
05-28 15:38:20.129 D/XM_HIDREAD( 2292): [9 bytes]:01 00 00 52 00 00 00 00 00
05-28 15:38:20.132 I/SogouIME( 3119): onKeyDown: keyoCode=19
05-28 15:38:20.132 I/DefaultIMS( 3119): onKeyDown: keyoCode=19
05-28 15:38:20.149 E/mali_gralloc( 1946): Attempt to call unlock*() on an buffer locked with invalid write locks buffer (0xf470a4c0)
05-28 15:38:20.170 E/mali_gralloc( 1946): Attempt to call unlock*() on an buffer locked with invalid write locks buffer (0xf470a4c0)
05-28 15:38:20.176 E/mali_gralloc( 1946): Attempt to call unlock*() on an buffer locked with invalid write locks buffer (0xf470a4c0)
05-28 15:38:20.232 E/mali_gralloc( 1946): Attempt to call unlock*() on an buffer locked with invalid write locks buffer (0xf470a4c0)
05-28 15:38:20.248 E/mali_gralloc( 1946): Attempt to call unlock*() on an buffer locked with invalid write locks buffer (0xf470a4c0)
05-28 15:38:20.254 E/mali_gralloc( 1946): Attempt to call unlock*() on an buffer locked with invalid write locks buffer (0xf470a4c0)
05-28 15:38:20.289 D/XM_HIDREAD( 2292): poll ret=1, event=1
05-28 15:38:20.289 D/XM_HIDREAD( 2292): [9 bytes]:01 00 00 00 00 00 00 00 00
05-28 15:38:20.297 I/SogouIME( 3119): onKeyUp: keyoCode=19
05-28 15:38:20.297 I/DefaultIMS( 3119): onKeyUp: keyoCode=19
05-28 15:38:20.301 E/mali_gralloc( 1946): Attempt to call unlock*() on an buffer locked with invalid write locks buffer (0xf470a4c0)
05-28 15:38:20.316 E/mali_gralloc( 1946): Attempt to call unlock*() on an buffer locked with invalid write locks buffer (0xf470a4c0)
05-28 15:38:20.330 E/mali_gralloc( 1946): Attempt to call unlock*() on an buffer locked with invalid write locks buffer (0xf470a4c0)
05-28 15:38:20.365 E/mali_gralloc( 1946): Attempt to call unlock*() on an buffer locked with invalid write locks buffer (0xf470a4c0)
05-28 15:38:20.376 E/mali_gralloc( 1946): Attempt to call unlock*() on an buffer locked with invalid write locks buffer (0xf470a4c0)
05-28 15:38:20.397 E/mali_gralloc( 1946): Attempt to call unlock*() on an buffer locked with invalid write locks buffer (0xf470a4c0)
05-28 15:38:20.432 E/mali_gralloc( 1946): Attempt to call unlock*() on an buffer locked with invalid write locks buffer (0xf470a4c0)
05-28 15:38:20.445 E/mali_gralloc( 1946): Attempt to call unlock*() on an buffer locked with invalid write locks buffer (0xf470a4c0)
05-28 15:38:20.809 D/XM_HIDREAD( 2292): poll ret=1, event=1
05-28 15:38:20.809 D/XM_HIDREAD( 2292): [9 bytes]:01 00 00 52 00 00 00 00 00
05-28 15:38:20.811 I/SogouIME( 3119): onKeyDown: keyoCode=19
