05-28 15:36:45.726 E/Scheduler( 263): trackPendingFrame: Invalid present fence
05-28 15:36:45.759 E/Scheduler( 263): trackPendingFrame: Invalid present fence
05-28 15:36:45.793 E/Scheduler( 263): trackPendingFrame: Invalid present fence
05-28 15:36:45.826 E/Scheduler( 263): trackPendingFrame: Invalid present fence
05-28 15:36:45.859 E/Scheduler( 263): trackPendingFrame: Invalid present fence
05-28 15:36:45.893 E/Scheduler( 263): trackPendingFrame: Invalid present fence
05-28 15:36:45.927 E/Scheduler( 263): trackPendingFrame: Invalid present fence
05-28 15:36:45.960 E/Scheduler( 263): trackPendingFrame: Invalid present fence
05-28 15:36:45.993 E/Scheduler( 263): trackPendingFrame: Invalid present fence
05-28 15:36:46.026 E/Scheduler( 263): trackPendingFrame: Invalid present fence
05-28 15:36:46.060 E/Scheduler( 263): trackPendingFrame: Invalid present fence
05-28 15:36:46.093 E/Scheduler( 263): trackPendingFrame: Invalid present fence
05-28 15:36:46.127 E/Scheduler( 263): trackPendingFrame: Invalid present fence
05-28 15:36:46.160 E/Scheduler( 263): trackPendingFrame: Invalid present fence
05-28 15:36:46.193 E/Scheduler( 263): trackPendingFrame: Invalid present fence
05-28 15:36:46.226 E/Scheduler( 263): trackPendingFrame: Invalid present fence
05-28 15:36:46.243 E/Scheduler( 263): trackPendingFrame: Invalid present fence
05-28 15:36:46.293 E/Scheduler( 263): trackPendingFrame: Invalid present fence
05-28 15:36:46.327 E/Scheduler( 263): trackPendingFrame: Invalid present fence
05-28 15:36:46.360 E/Scheduler( 263): trackPendingFrame: Invalid present fence
05-28 15:36:46.393 E/Scheduler( 263): trackPendingFrame: Invalid present fence
05-28 15:36:46.410 E/Scheduler( 263): trackPendingFrame: Invalid present fence
05-28 15:36:46.444 E/Scheduler( 263): trackPendingFrame: Invalid present fence
05-28 15:36:46.454 I/VDA ( 527): [0##99]"ServiceDeviceTask INs=905/912, OUTs=903/908"" {IN=7/8, OUT=8/13[kAtAccelerator(0) kAtDevice(5) kAtClient(8)]}"
05-28 15:36:46.493 E/Scheduler( 263): trackPendingFrame: Invalid present fence
05-28 15:36:46.503 I/WifiHAL ( 558): call wifi_get_link_stats handler
05-28 15:36:46.503 I/WifiHAL ( 558): Creating message to get link statistics; iface = 16
05-28 15:36:46.503 D/WifiHAL ( 558): error code -95 mapped to -3
05-28 15:36:46.504 E/WifiStaIfaceAidlImpl( 742): getLinkLayerStats failed with service-specific exception: android.os.ServiceSpecificException: (code 4)
05-28 15:36:46.527 E/Scheduler( 263): trackPendingFrame: Invalid present fence
05-28 15:36:46.540 I/DebugUtil( 527): [0##99]in/out status {INS/OUTS=917(1)/906(0)}, pipeline status {IN=8/8, OUT=9/13[Component(0) Accelerator(4) Client(9)]}
05-28 15:36:46.560 E/Scheduler( 263): trackPendingFrame: Invalid present fence
05-28 15:36:46.594 E/Scheduler( 263): trackPendingFrame: Invalid present fence
05-28 15:36:46.627 E/Scheduler( 263): trackPendingFrame: Invalid present fence
05-28 15:36:46.661 E/Scheduler( 263): trackPendingFrame: Invalid present fence
05-28 15:36:46.694 E/Scheduler( 263): trackPendingFrame: Invalid present fence
05-28 15:36:46.727 E/Scheduler( 263): trackPendingFrame: Invalid present fence
05-28 15:36:46.761 E/Scheduler( 263): trackPendingFrame: Invalid present fence
05-28 15:36:46.795 E/Scheduler( 263): trackPendingFrame: Invalid present fence
05-28 15:36:46.827 E/Scheduler( 263): trackPendingFrame: Invalid present fence
05-28 15:36:46.861 E/Scheduler( 263): trackPendingFrame: Invalid present fence
05-28 15:36:46.894 E/Scheduler( 263): trackPendingFrame: Invalid present fence
05-28 15:36:46.927 E/Scheduler( 263): trackPendingFrame: Invalid present fence
05-28 15:36:46.944 E/Scheduler( 263): trackPendingFrame: Invalid present fence
05-28 15:36:46.977 E/Scheduler( 263): trackPendingFrame: Invalid present fence
05-28 15:36:47.011 E/Scheduler( 263): trackPendingFrame: Invalid present fence
05-28 15:36:47.044 E/Scheduler( 263): trackPendingFrame: Invalid present fence
05-28 15:36:47.077 E/Scheduler( 263): trackPendingFrame: Invalid present fence
05-28 15:36:47.111 E/Scheduler( 263): trackPendingFrame: Invalid present fence
05-28 15:36:47.144 E/Scheduler( 263): trackPendingFrame: Invalid present fence
05-28 15:36:47.177 E/Scheduler( 263): trackPendingFrame: Invalid present fence
05-28 15:36:47.211 E/Scheduler( 263): trackPendingFrame: Invalid present fence
05-28 15:36:47.261 E/Scheduler( 263): trackPendingFrame: Invalid present fence
05-28 15:36:47.278 E/Scheduler( 263): trackPendingFrame: Invalid present fence
05-28 15:36:47.311 E/Scheduler( 263): trackPendingFrame: Invalid present fence
05-28 15:36:47.361 E/Scheduler( 263): trackPendingFrame: Invalid present fence
05-28 15:36:47.379 E/Scheduler( 263): trackPendingFrame: Invalid present fence
05-28 15:36:47.380 D/BufferPoolAccessor2.0(14565): bufferpool2 0xece33e68 : 8(12582912 size) total buffers - 8(12582912 size) used buffers - 0/9 (recycle/alloc) - 9/943 (fetch/transfer)
05-28 15:36:47.416 I/virtual Data FFDemuxer::read()(14565): read frame ret: End of file latestReceivedTime: 184092 getTotalTimeMillis: 6666 is exit: 0
05-28 15:36:47.416 I/virtual Data FFDemuxer::read()(14565): list smooth loop
05-28 15:36:47.422 I/virtual StreamInfo FFDemuxer::getVideoStreamInfo()(14565): video width: 1920 video height: 1080 video pixelFormat: 0 fps: 30
05-28 15:36:47.422 D/virtual Data FFDemuxer::read()(14565): open next url: /data/user/0/com.dangbei.lerad.screensaver/files/download/61/city_1.mp4
05-28 15:36:47.428 E/Scheduler( 263): trackPendingFrame: Invalid present fence
05-28 15:36:47.461 E/Scheduler( 263): trackPendingFrame: Invalid present fence
05-28 15:36:47.484 I/VDA ( 527): [0##99]"ServiceDeviceTask INs=938/945, OUTs=936/939"" {IN=7/8, OUT=10/13[kAtAccelerator(0) kAtDevice(3) kAtClient(10)]}"
05-28 15:36:47.494 E/Scheduler( 263): trackPendingFrame: Invalid present fence
05-28 15:36:47.528 E/Scheduler( 263): trackPendingFrame: Invalid present fence
05-28 15:36:47.561 E/Scheduler( 263): trackPendingFrame: Invalid present fence
05-28 15:36:47.578 E/Scheduler( 263): trackPendingFrame: Invalid present fence
05-28 15:36:47.628 E/Scheduler( 263): trackPendingFrame: Invalid present fence
05-28 15:36:47.644 E/Scheduler( 263): trackPendingFrame: Invalid present fence
05-28 15:36:47.678 E/Scheduler( 263): trackPendingFrame: Invalid present fence
05-28 15:36:47.711 E/Scheduler( 263): trackPendingFrame: Invalid present fence
05-28 15:36:47.745 E/Scheduler( 263): trackPendingFrame: Invalid present fence
05-28 15:36:47.778 E/Scheduler( 263): trackPendingFrame: Invalid present fence
05-28 15:36:47.811 E/Scheduler( 263): trackPendingFrame: Invalid present fence
05-28 15:36:47.862 E/Scheduler( 263): trackPendingFrame: Invalid present fence
05-28 15:36:47.895 E/Scheduler( 263): trackPendingFrame: Invalid present fence
05-28 15:36:47.912 E/Scheduler( 263): trackPendingFrame: Invalid present fence
05-28 15:36:47.962 E/Scheduler( 263): trackPendingFrame: Invalid present fence
05-28 15:36:47.979 E/Scheduler( 263): trackPendingFrame: Invalid present fence
05-28 15:36:48.028 E/Scheduler( 263): trackPendingFrame: Invalid present fence
05-28 15:36:48.045 E/Scheduler( 263): trackPendingFrame: Invalid present fence
05-28 15:36:48.079 E/Scheduler( 263): trackPendingFrame: Invalid present fence
05-28 15:36:48.111 E/Scheduler( 263): trackPendingFrame: Invalid present fence
05-28 15:36:48.145 E/Scheduler( 263): trackPendingFrame: Invalid present fence
05-28 15:36:48.178 E/Scheduler( 263): trackPendingFrame: Invalid present fence
05-28 15:36:48.212 E/Scheduler( 263): trackPendingFrame: Invalid present fence
05-28 15:36:48.245 E/Scheduler( 263): trackPendingFrame: Invalid present fence
05-28 15:36:48.279 E/Scheduler( 263): trackPendingFrame: Invalid present fence
05-28 15:36:48.312 E/Scheduler( 263): trackPendingFrame: Invalid present fence
05-28 15:36:48.346 E/Scheduler( 263): trackPendingFrame: Invalid present fence
05-28 15:36:48.379 E/Scheduler( 263): trackPendingFrame: Invalid present fence
05-28 15:36:48.412 E/Scheduler( 263): trackPendingFrame: Invalid present fence
05-28 15:36:48.446 E/Scheduler( 263): trackPendingFrame: Invalid present fence
05-28 15:36:48.479 E/Scheduler( 263): trackPendingFrame: Invalid present fence
05-28 15:36:48.508 I/VDA ( 527): [0##99]"ServiceDeviceTask INs=969/976, OUTs=966/970"" {IN=7/8, OUT=9/13[kAtAccelerator(0) kAtDevice(4) kAtClient(9)]}"
05-28 15:36:48.512 E/Scheduler( 263): trackPendingFrame: Invalid present fence
05-28 15:36:48.545 E/Scheduler( 263): trackPendingFrame: Invalid present fence
05-28 15:36:48.579 E/Scheduler( 263): trackPendingFrame: Invalid present fence
05-28 15:36:48.612 E/Scheduler( 263): trackPendingFrame: Invalid present fence
05-28 15:36:48.647 E/Scheduler( 263): trackPendingFrame: Invalid present fence
05-28 15:36:48.679 E/Scheduler( 263): trackPendingFrame: Invalid present fence
05-28 15:36:48.713 E/Scheduler( 263): trackPendingFrame: Invalid present fence
05-28 15:36:48.746 E/Scheduler( 263): trackPendingFrame: Invalid present fence
05-28 15:36:48.779 E/Scheduler( 263): trackPendingFrame: Invalid present fence
05-28 15:36:48.813 E/Scheduler( 263): trackPendingFrame: Invalid present fence
05-28 15:36:48.846 E/Scheduler( 263): trackPendingFrame: Invalid present fence
05-28 15:36:48.879 E/Scheduler( 263): trackPendingFrame: Invalid present fence
05-28 15:36:48.912 E/Scheduler( 263): trackPendingFrame: Invalid present fence
05-28 15:36:48.946 E/Scheduler( 263): trackPendingFrame: Invalid present fence
05-28 15:36:48.979 E/Scheduler( 263): trackPendingFrame: Invalid present fence
05-28 15:36:49.013 E/Scheduler( 263): trackPendingFrame: Invalid present fence
05-28 15:36:49.046 E/Scheduler( 263): trackPendingFrame: Invalid present fence
05-28 15:36:49.079 E/Scheduler( 263): trackPendingFrame: Invalid present fence
05-28 15:36:49.113 E/Scheduler( 263): trackPendingFrame: Invalid present fence
05-28 15:36:49.146 E/Scheduler( 263): trackPendingFrame: Invalid present fence
05-28 15:36:49.179 E/Scheduler( 263): trackPendingFrame: Invalid present fence
05-28 15:36:49.213 E/Scheduler( 263): trackPendingFrame: Invalid present fence
05-28 15:36:49.246 E/Scheduler( 263): trackPendingFrame: Invalid present fence
05-28 15:36:49.280 E/Scheduler( 263): trackPendingFrame: Invalid present fence
05-28 15:36:49.313 E/Scheduler( 263): trackPendingFrame: Invalid present fence
05-28 15:36:49.346 E/Scheduler( 263): trackPendingFrame: Invalid present fence
05-28 15:36:49.380 E/Scheduler( 263): trackPendingFrame: Invalid present fence
05-28 15:36:49.413 E/Scheduler( 263): trackPendingFrame: Invalid present fence
05-28 15:36:49.447 E/Scheduler( 263): trackPendingFrame: Invalid present fence
05-28 15:36:49.480 E/Scheduler( 263): trackPendingFrame: Invalid present fence
05-28 15:36:49.508 I/WifiHAL ( 558): call wifi_get_link_stats handler
05-28 15:36:49.508 I/WifiHAL ( 558): Creating message to get link statistics; iface = 16
05-28 15:36:49.508 D/WifiHAL ( 558): error code -95 mapped to -3
05-28 15:36:49.509 E/WifiStaIfaceAidlImpl( 742): getLinkLayerStats failed with service-specific exception: android.os.ServiceSpecificException: (code 4)
05-28 15:36:49.514 E/Scheduler( 263): trackPendingFrame: Invalid present fence
05-28 15:36:49.518 D/InstantWifi( 742): Receive Wifi is connected, freq = 5745 and currentNetworkId : 0, wifiinfo = SSID: , BSSID: 02:00:00:00:00:00, MAC: 02:00:00:00:00:00, IP: /192.168.3.246, Security type: 2, Supplicant state: COMPLETED, Wi-Fi standard: 6, RSSI: -54, Link speed: 1200Mbps, Tx Link speed: 1200Mbps, Max Supported Tx Link speed: 1200Mbps, Rx Link speed: 6Mbps, Max Supported Rx Link speed: 1200Mbps, Frequency: 5745MHz, Net ID: -1, Metered hint: false, score: 60, isUsable: true, CarrierMerged: false, SubscriptionId: -1, IsPrimary: 1, Trusted: true, Restricted: false, Ephemeral: false, OEM paid: false, OEM private: false, OSU AP: false, FQDN: , Provider friendly name: , Requesting package name: MLO Information: , Is TID-To-Link negotiation supported by the AP: false, AP MLD Address: , AP MLO Link Id: , AP MLO Affiliated links:
05-28 15:36:49.539 I/VDA ( 527): [0##99]"ServiceDeviceTask INs=1000/1007, OUTs=998/1001"" {IN=7/8, OUT=10/13[kAtAccelerator(0) kAtDevice(3) kAtClient(10)]}"
05-28 15:36:49.547 E/Scheduler( 263): trackPendingFrame: Invalid present fence
05-28 15:36:49.580 E/Scheduler( 263): trackPendingFrame: Invalid present fence
05-28 15:36:49.613 E/Scheduler( 263): trackPendingFrame: Invalid present fence
05-28 15:36:49.646 E/Scheduler( 263): trackPendingFrame: Invalid present fence
05-28 15:36:49.680 E/Scheduler( 263): trackPendingFrame: Invalid present fence
05-28 15:36:49.713 E/Scheduler( 263): trackPendingFrame: Invalid present fence
05-28 15:36:49.747 E/Scheduler( 263): trackPendingFrame: Invalid present fence
05-28 15:36:49.780 E/Scheduler( 263): trackPendingFrame: Invalid present fence
05-28 15:36:49.813 E/Scheduler( 263): trackPendingFrame: Invalid present fence
05-28 15:36:49.847 E/Scheduler( 263): trackPendingFrame: Invalid present fence
05-28 15:36:49.880 E/Scheduler( 263): trackPendingFrame: Invalid present fence
05-28 15:36:49.914 E/Scheduler( 263): trackPendingFrame: Invalid present fence
05-28 15:36:49.947 E/Scheduler( 263): trackPendingFrame: Invalid present fence
05-28 15:36:49.980 E/Scheduler( 263): trackPendingFrame: Invalid present fence
05-28 15:36:50.014 E/Scheduler( 263): trackPendingFrame: Invalid present fence
05-28 15:36:50.048 E/Scheduler( 263): trackPendingFrame: Invalid present fence
05-28 15:36:50.081 E/Scheduler( 263): trackPendingFrame: Invalid present fence
05-28 15:36:50.114 E/Scheduler( 263): trackPendingFrame: Invalid present fence
05-28 15:36:50.147 E/Scheduler( 263): trackPendingFrame: Invalid present fence
05-28 15:36:50.180 E/Scheduler( 263): trackPendingFrame: Invalid present fence
05-28 15:36:50.214 E/Scheduler( 263): trackPendingFrame: Invalid present fence
05-28 15:36:50.247 E/Scheduler( 263): trackPendingFrame: Invalid present fence
05-28 15:36:50.280 E/Scheduler( 263): trackPendingFrame: Invalid present fence
05-28 15:36:50.314 E/Scheduler( 263): trackPendingFrame: Invalid present fence
05-28 15:36:50.347 E/Scheduler( 263): trackPendingFrame: Invalid present fence
05-28 15:36:50.381 E/Scheduler( 263): trackPendingFrame: Invalid present fence
05-28 15:36:50.414 E/Scheduler( 263): trackPendingFrame: Invalid present fence
05-28 15:36:50.447 E/Scheduler( 263): trackPendingFrame: Invalid present fence
05-28 15:36:50.481 E/Scheduler( 263): trackPendingFrame: Invalid present fence
05-28 15:36:50.514 E/Scheduler( 263): trackPendingFrame: Invalid present fence
05-28 15:36:50.548 E/Scheduler( 263): trackPendingFrame: Invalid present fence
05-28 15:36:50.559 I/VDA ( 527): [0##99]"ServiceDeviceTask INs=1030/1037, OUTs=1027/1031"" {IN=7/8, OUT=9/13[kAtAccelerator(0) kAtDevice(4) kAtClient(9)]}"
05-28 15:36:50.581 E/Scheduler( 263): trackPendingFrame: Invalid present fence
05-28 15:36:50.614 E/Scheduler( 263): trackPendingFrame: Invalid present fence
05-28 15:36:50.648 E/Scheduler( 263): trackPendingFrame: Invalid present fence
05-28 15:36:50.681 E/Scheduler( 263): trackPendingFrame: Invalid present fence
05-28 15:36:50.714 E/Scheduler( 263): trackPendingFrame: Invalid present fence
05-28 15:36:50.748 E/Scheduler( 263): trackPendingFrame: Invalid present fence
05-28 15:36:50.781 E/Scheduler( 263): trackPendingFrame: Invalid present fence
05-28 15:36:50.815 E/Scheduler( 263): trackPendingFrame: Invalid present fence
05-28 15:36:50.848 E/Scheduler( 263): trackPendingFrame: Invalid present fence
05-28 15:36:50.881 E/Scheduler( 263): trackPendingFrame: Invalid present fence
05-28 15:36:50.914 E/Scheduler( 263): trackPendingFrame: Invalid present fence
05-28 15:36:50.948 E/Scheduler( 263): trackPendingFrame: Invalid present fence
05-28 15:36:50.981 E/Scheduler( 263): trackPendingFrame: Invalid present fence
05-28 15:36:51.014 E/Scheduler( 263): trackPendingFrame: Invalid present fence
05-28 15:36:51.048 E/Scheduler( 263): trackPendingFrame: Invalid present fence
05-28 15:36:51.081 E/Scheduler( 263): trackPendingFrame: Invalid present fence
05-28 15:36:51.115 E/Scheduler( 263): trackPendingFrame: Invalid present fence
05-28 15:36:51.135 D/TrafficStats( 2644): tagSocket(157) with statsTag=0xffffffff, statsUid=-1
05-28 15:36:51.148 E/Scheduler( 263): trackPendingFrame: Invalid present fence
05-28 15:36:51.182 E/Scheduler( 263): trackPendingFrame: Invalid present fence
05-28 15:36:51.215 E/Scheduler( 263): trackPendingFrame: Invalid present fence
05-28 15:36:51.248 E/Scheduler( 263): trackPendingFrame: Invalid present fence
05-28 15:36:51.282 E/Scheduler( 263): trackPendingFrame: Invalid present fence
05-28 15:36:51.316 E/Scheduler( 263): trackPendingFrame: Invalid present fence
05-28 15:36:51.349 E/Scheduler( 263): trackPendingFrame: Invalid present fence
05-28 15:36:51.382 E/Scheduler( 263): trackPendingFrame: Invalid present fence
05-28 15:36:51.415 E/Scheduler( 263): trackPendingFrame: Invalid present fence
05-28 15:36:51.448 E/Scheduler( 263): trackPendingFrame: Invalid present fence
05-28 15:36:51.482 E/Scheduler( 263): trackPendingFrame: Invalid present fence
05-28 15:36:51.515 E/Scheduler( 263): trackPendingFrame: Invalid present fence
05-28 15:36:51.541 I/DebugUtil( 527): [0##99]in/out status {INS/OUTS=1068(1)/1057(0)}, pipeline status {IN=8/8, OUT=10/13[Component(0) Accelerator(3) Client(10)]}
05-28 15:36:51.549 E/Scheduler( 263): trackPendingFrame: Invalid present fence
05-28 15:36:51.582 E/Scheduler( 263): trackPendingFrame: Invalid present fence
05-28 15:36:51.588 I/VDA ( 527): [0##99]"ServiceDeviceTask INs=1061/1068, OUTs=1059/1062"" {IN=7/8, OUT=10/13[kAtAccelerator(0) kAtDevice(3) kAtClient(10)]}"
05-28 15:36:51.615 E/Scheduler( 263): trackPendingFrame: Invalid present fence
05-28 15:36:51.648 E/Scheduler( 263): trackPendingFrame: Invalid present fence
05-28 15:36:51.682 E/Scheduler( 263): trackPendingFrame: Invalid present fence
05-28 15:36:51.715 E/Scheduler( 263): trackPendingFrame: Invalid present fence
05-28 15:36:51.749 E/Scheduler( 263): trackPendingFrame: Invalid present fence
05-28 15:36:51.782 E/Scheduler( 263): trackPendingFrame: Invalid present fence
05-28 15:36:51.798 I/virtual void MediaDecoder::run()(14565): notify decode next url: /data/user/0/com.dangbei.lerad.screensaver/files/download/61/city_2.mp4
05-28 15:36:51.798 E/screen_saver2(14565): onDecodeNextStream: 1
05-28 15:36:51.799 D/AdManager(14565): advertisementNum: 5
05-28 15:36:51.815 E/Scheduler( 263): trackPendingFrame: Invalid present fence
05-28 15:36:51.849 E/Scheduler( 263): trackPendingFrame: Invalid present fence
05-28 15:36:51.882 E/Scheduler( 263): trackPendingFrame: Invalid present fence
05-28 15:36:51.915 E/Scheduler( 263): trackPendingFrame: Invalid present fence
05-28 15:36:51.949 E/Scheduler( 263): trackPendingFrame: Invalid present fence
05-28 15:36:51.982 E/Scheduler( 263): trackPendingFrame: Invalid present fence
05-28 15:36:52.016 E/Scheduler( 263): trackPendingFrame: Invalid present fence
05-28 15:36:52.049 E/Scheduler( 263): trackPendingFrame: Invalid present fence
05-28 15:36:52.082 E/Scheduler( 263): trackPendingFrame: Invalid present fence
05-28 15:36:52.116 E/Scheduler( 263): trackPendingFrame: Invalid present fence
05-28 15:36:52.149 E/Scheduler( 263): trackPendingFrame: Invalid present fence
05-28 15:36:52.182 E/Scheduler( 263): trackPendingFrame: Invalid present fence
05-28 15:36:52.216 E/Scheduler( 263): trackPendingFrame: Invalid present fence
05-28 15:36:52.249 E/Scheduler( 263): trackPendingFrame: Invalid present fence
05-28 15:36:52.282 E/Scheduler( 263): trackPendingFrame: Invalid present fence
05-28 15:36:52.316 E/Scheduler( 263): trackPendingFrame: Invalid present fence
05-28 15:36:52.349 E/Scheduler( 263): trackPendingFrame: Invalid present fence
05-28 15:36:52.383 E/Scheduler( 263): trackPendingFrame: Invalid present fence
05-28 15:36:52.416 E/Scheduler( 263): trackPendingFrame: Invalid present fence
05-28 15:36:52.450 E/Scheduler( 263): trackPendingFrame: Invalid present fence
05-28 15:36:52.483 E/Scheduler( 263): trackPendingFrame: Invalid present fence
05-28 15:36:52.516 E/Scheduler( 263): trackPendingFrame: Invalid present fence
05-28 15:36:52.518 I/WifiHAL ( 558): call wifi_get_link_stats handler
05-28 15:36:52.518 I/WifiHAL ( 558): Creating message to get link statistics; iface = 16
05-28 15:36:52.518 D/WifiHAL ( 558): error code -95 mapped to -3
05-28 15:36:52.518 E/WifiStaIfaceAidlImpl( 742): getLinkLayerStats failed with service-specific exception: android.os.ServiceSpecificException: (code 4)
05-28 15:36:52.534 D/InstantWifi( 742): Receive Wifi is connected, freq = 5745 and currentNetworkId : 0, wifiinfo = SSID: , BSSID: 02:00:00:00:00:00, MAC: 02:00:00:00:00:00, IP: /192.168.3.246, Security type: 2, Supplicant state: COMPLETED, Wi-Fi standard: 6, RSSI: -56, Link speed: 1200Mbps, Tx Link speed: 1200Mbps, Max Supported Tx Link speed: 1200Mbps, Rx Link speed: 6Mbps, Max Supported Rx Link speed: 1200Mbps, Frequency: 5745MHz, Net ID: -1, Metered hint: false, score: 60, isUsable: true, CarrierMerged: false, SubscriptionId: -1, IsPrimary: 1, Trusted: true, Restricted: false, Ephemeral: false, OEM paid: false, OEM private: false, OSU AP: false, FQDN: , Provider friendly name: , Requesting package name: MLO Information: , Is TID-To-Link negotiation supported by the AP: false, AP MLD Address: , AP MLO Link Id: , AP MLO Affiliated links:
05-28 15:36:52.550 E/Scheduler( 263): trackPendingFrame: Invalid present fence
05-28 15:36:52.583 E/Scheduler( 263): trackPendingFrame: Invalid present fence
05-28 15:36:52.585 D/BufferPoolAccessor2.0(14565): bufferpool2 0xece33e68 : 8(12582912 size) total buffers - 8(12582912 size) used buffers - 0/9 (recycle/alloc) - 9/1100 (fetch/transfer)
05-28 15:36:52.616 E/Scheduler( 263): trackPendingFrame: Invalid present fence
05-28 15:36:52.650 E/Scheduler( 263): trackPendingFrame: Invalid present fence
05-28 15:36:52.652 I/VDA ( 527): [0##99]"ServiceDeviceTask INs=1092/1099, OUTs=1090/1094"" {IN=7/8, OUT=9/13[kAtAccelerator(0) kAtDevice(4) kAtClient(9)]}"
05-28 15:36:52.683 E/Scheduler( 263): trackPendingFrame: Invalid present fence
05-28 15:36:52.712 D/nStackXCoAP( 2823): IsInSameNetwork:[276] :IsInSameNetwork exec
05-28 15:36:52.712 I/nStackXDFinder( 2823): GetLocalInterfaceDetail:[461] :GetLocalInterfaceDetail in
05-28 15:36:52.712 E/nStackXCoAP( 2823): IsInSameNetwork:[281] :IsInSameNetwork: not priority process
05-28 15:36:52.712 D/nStackXCoAP( 2823): ParseServiceDiscover:[330] :new device join
05-28 15:36:52.712 E/nStackXDFinder( 2823): GetLocalIp:[401] :GetLocalIp exec
05-28 15:36:52.717 E/Scheduler( 263): trackPendingFrame: Invalid present fence
05-28 15:36:52.750 E/Scheduler( 263): trackPendingFrame: Invalid present fence
05-28 15:36:52.751 D/nStackXCoAP( 2823): IsInSameNetwork:[276] :IsInSameNetwork exec
05-28 15:36:52.751 I/nStackXDFinder( 2823): GetLocalInterfaceDetail:[461] :GetLocalInterfaceDetail in
05-28 15:36:52.751 E/nStackXCoAP( 2823): IsInSameNetwork:[281] :IsInSameNetwork: not priority process
05-28 15:36:52.751 D/nStackXCoAP( 2823): ParseServiceDiscover:[330] :new device join
05-28 15:36:52.751 E/nStackXDFinder( 2823): GetLocalIp:[401] :GetLocalIp exec
05-28 15:36:52.783 E/Scheduler( 263): trackPendingFrame: Invalid present fence
05-28 15:36:52.817 E/Scheduler( 263): trackPendingFrame: Invalid present fence
05-28 15:36:52.850 E/Scheduler( 263): trackPendingFrame: Invalid present fence
05-28 15:36:52.883 E/Scheduler( 263): trackPendingFrame: Invalid present fence
05-28 15:36:52.917 E/Scheduler( 263): trackPendingFrame: Invalid present fence
05-28 15:36:52.950 E/Scheduler( 263): trackPendingFrame: Invalid present fence
05-28 15:36:52.983 E/Scheduler( 263): trackPendingFrame: Invalid present fence
05-28 15:36:52.987 D/nStackXCoAP( 2823): IsInSameNetwork:[276] :IsInSameNetwork exec
05-28 15:36:52.987 I/nStackXDFinder( 2823): GetLocalInterfaceDetail:[461] :GetLocalInterfaceDetail in
05-28 15:36:52.987 E/nStackXCoAP( 2823): IsInSameNetwork:[281] :IsInSameNetwork: not priority process
05-28 15:36:52.987 D/nStackXCoAP( 2823): ParseServiceDiscover:[330] :new device join
05-28 15:36:52.987 E/nStackXDFinder( 2823): GetLocalIp:[401] :GetLocalIp exec
05-28 15:36:53.017 E/Scheduler( 263): trackPendingFrame: Invalid present fence
05-28 15:36:53.050 E/Scheduler( 263): trackPendingFrame: Invalid present fence
05-28 15:36:53.076 D/nStackXCoAP( 2823): CoapMessageHandler:[133] :2.01
05-28 15:36:53.079 D/nStackXCoAP( 2823): CoapMessageHandler:[133] :2.01
05-28 15:36:53.084 E/Scheduler( 263): trackPendingFrame: Invalid present fence
05-28 15:36:53.088 D/nStackXCoAP( 2823): IsInSameNetwork:[276] :IsInSameNetwork exec
05-28 15:36:53.089 I/nStackXDFinder( 2823): GetLocalInterfaceDetail:[461] :GetLocalInterfaceDetail in
05-28 15:36:53.089 E/nStackXCoAP( 2823): IsInSameNetwork:[281] :IsInSameNetwork: not priority process
05-28 15:36:53.089 D/nStackXCoAP( 2823): ParseServiceDiscover:[330] :new device join
05-28 15:36:53.089 E/nStackXDFinder( 2823): GetLocalIp:[401] :GetLocalIp exec
05-28 15:36:53.090 D/nStackXCoAP( 2823): IsInSameNetwork:[276] :IsInSameNetwork exec
05-28 15:36:53.091 I/nStackXDFinder( 2823): GetLocalInterfaceDetail:[461] :GetLocalInterfaceDetail in
05-28 15:36:53.091 E/nStackXCoAP( 2823): IsInSameNetwork:[281] :IsInSameNetwork: not priority process
05-28 15:36:53.091 D/nStackXCoAP( 2823): ParseServiceDiscover:[330] :new device join
05-28 15:36:53.091 E/nStackXDFinder( 2823): GetLocalIp:[401] :GetLocalIp exec
05-28 15:36:53.115 D/nStackXCoAP( 2823): CoapMessageHandler:[133] :2.01
05-28 15:36:53.115 D/nStackXCoAP( 2823): CoapMessageHandler:[133] :2.01
05-28 15:36:53.117 E/Scheduler( 263): trackPendingFrame: Invalid present fence
05-28 15:36:53.150 E/Scheduler( 263): trackPendingFrame: Invalid present fence
05-28 15:36:53.184 E/Scheduler( 263): trackPendingFrame: Invalid present fence
05-28 15:36:53.217 E/Scheduler( 263): trackPendingFrame: Invalid present fence
05-28 15:36:53.250 E/Scheduler( 263): trackPendingFrame: Invalid present fence
05-28 15:36:53.283 E/Scheduler( 263): trackPendingFrame: Invalid present fence
05-28 15:36:53.317 E/Scheduler( 263): trackPendingFrame: Invalid present fence
05-28 15:36:53.350 E/Scheduler( 263): trackPendingFrame: Invalid present fence
05-28 15:36:53.384 E/Scheduler( 263): trackPendingFrame: Invalid present fence
05-28 15:36:53.401 D/nStackXCoAP( 2823): IsInSameNetwork:[276] :IsInSameNetwork exec
05-28 15:36:53.401 I/nStackXDFinder( 2823): GetLocalInterfaceDetail:[461] :GetLocalInterfaceDetail in
05-28 15:36:53.401 E/nStackXCoAP( 2823): IsInSameNetwork:[281] :IsInSameNetwork: not priority process
05-28 15:36:53.401 D/nStackXCoAP( 2823): ParseServiceDiscover:[330] :new device join
05-28 15:36:53.401 E/nStackXDFinder( 2823): GetLocalIp:[401] :GetLocalIp exec
05-28 15:36:53.417 E/Scheduler( 263): trackPendingFrame: Invalid present fence
05-28 15:36:53.450 E/Scheduler( 263): trackPendingFrame: Invalid present fence
05-28 15:36:53.484 E/Scheduler( 263): trackPendingFrame: Invalid present fence
05-28 15:36:53.517 E/Scheduler( 263): trackPendingFrame: Invalid present fence
05-28 15:36:53.550 E/Scheduler( 263): trackPendingFrame: Invalid present fence
05-28 15:36:53.583 D/nStackXCoAP( 2823): IsInSameNetwork:[276] :IsInSameNetwork exec
05-28 15:36:53.583 I/nStackXDFinder( 2823): GetLocalInterfaceDetail:[461] :GetLocalInterfaceDetail in
05-28 15:36:53.583 E/nStackXCoAP( 2823): IsInSameNetwork:[281] :IsInSameNetwork: not priority process
05-28 15:36:53.584 D/nStackXCoAP( 2823): ParseServiceDiscover:[330] :new device join
05-28 15:36:53.584 E/nStackXDFinder( 2823): GetLocalIp:[401] :GetLocalIp exec
05-28 15:36:53.584 E/Scheduler( 263): trackPendingFrame: Invalid present fence
05-28 15:36:53.617 E/Scheduler( 263): trackPendingFrame: Invalid present fence
05-28 15:36:53.651 E/Scheduler( 263): trackPendingFrame: Invalid present fence
05-28 15:36:53.678 I/VDA ( 527): [0##99]"ServiceDeviceTask INs=1124/1131, OUTs=1122/1125"" {IN=7/8, OUT=10/13[kAtAccelerator(0) kAtDevice(3) kAtClient(10)]}"
05-28 15:36:53.684 E/Scheduler( 263): trackPendingFrame: Invalid present fence
05-28 15:36:53.696 D/nStackXCoAP( 2823): CoapMessageHandler:[133] :2.01
05-28 15:36:53.716 D/nStackXCoAP( 2823): IsInSameNetwork:[276] :IsInSameNetwork exec
05-28 15:36:53.716 I/nStackXDFinder( 2823): GetLocalInterfaceDetail:[461] :GetLocalInterfaceDetail in
05-28 15:36:53.716 E/nStackXCoAP( 2823): IsInSameNetwork:[281] :IsInSameNetwork: not priority process
05-28 15:36:53.716 D/nStackXCoAP( 2823): ParseServiceDiscover:[330] :new device join
05-28 15:36:53.716 E/nStackXDFinder( 2823): GetLocalIp:[401] :GetLocalIp exec
05-28 15:36:53.717 E/Scheduler( 263): trackPendingFrame: Invalid present fence
05-28 15:36:53.751 E/Scheduler( 263): trackPendingFrame: Invalid present fence
05-28 15:36:53.784 E/Scheduler( 263): trackPendingFrame: Invalid present fence
05-28 15:36:53.818 E/Scheduler( 263): trackPendingFrame: Invalid present fence
05-28 15:36:53.851 E/Scheduler( 263): trackPendingFrame: Invalid present fence
05-28 15:36:53.884 E/Scheduler( 263): trackPendingFrame: Invalid present fence
05-28 15:36:53.918 E/Scheduler( 263): trackPendingFrame: Invalid present fence
05-28 15:36:53.952 E/Scheduler( 263): trackPendingFrame: Invalid present fence
05-28 15:36:53.985 E/Scheduler( 263): trackPendingFrame: Invalid present fence
05-28 15:36:54.018 E/Scheduler( 263): trackPendingFrame: Invalid present fence
05-28 15:36:54.023 I/virtual Data FFDemuxer::read()(14565): read frame ret: End of file latestReceivedTime: 191591 getTotalTimeMillis: 7500 is exit: 0
05-28 15:36:54.023 I/virtual Data FFDemuxer::read()(14565): list smooth loop
05-28 15:36:54.030 I/virtual StreamInfo FFDemuxer::getVideoStreamInfo()(14565): video width: 1920 video height: 1080 video pixelFormat: 0 fps: 30
05-28 15:36:54.030 D/virtual Data FFDemuxer::read()(14565): open next url: /data/user/0/com.dangbei.lerad.screensaver/files/download/61/city_2.mp4
05-28 15:36:54.043 D/nStackXCoAP( 2823): IsInSameNetwork:[276] :IsInSameNetwork exec
05-28 15:36:54.043 I/nStackXDFinder( 2823): GetLocalInterfaceDetail:[461] :GetLocalInterfaceDetail in
05-28 15:36:54.043 E/nStackXCoAP( 2823): IsInSameNetwork:[281] :IsInSameNetwork: not priority process
05-28 15:36:54.043 D/nStackXCoAP( 2823): ParseServiceDiscover:[330] :new device join
05-28 15:36:54.043 E/nStackXDFinder( 2823): GetLocalIp:[401] :GetLocalIp exec
05-28 15:36:54.051 E/Scheduler( 263): trackPendingFrame: Invalid present fence
05-28 15:36:54.084 E/Scheduler( 263): trackPendingFrame: Invalid present fence
05-28 15:36:54.112 D/nStackXCoAP( 2823): IsInSameNetwork:[276] :IsInSameNetwork exec
05-28 15:36:54.112 I/nStackXDFinder( 2823): GetLocalInterfaceDetail:[461] :GetLocalInterfaceDetail in
05-28 15:36:54.112 E/nStackXCoAP( 2823): IsInSameNetwork:[281] :IsInSameNetwork: not priority process
05-28 15:36:54.112 D/nStackXCoAP( 2823): ParseServiceDiscover:[330] :new device join
05-28 15:36:54.112 E/nStackXDFinder( 2823): GetLocalIp:[401] :GetLocalIp exec
05-28 15:36:54.118 E/Scheduler( 263): trackPendingFrame: Invalid present fence
05-28 15:36:54.151 E/Scheduler( 263): trackPendingFrame: Invalid present fence
05-28 15:36:54.161 D/nStackXCoAP( 2823): CoapMessageHandler:[133] :2.01
05-28 15:36:54.184 E/Scheduler( 263): trackPendingFrame: Invalid present fence
05-28 15:36:54.218 E/Scheduler( 263): trackPendingFrame: Invalid present fence
05-28 15:36:54.251 E/Scheduler( 263): trackPendingFrame: Invalid present fence
05-28 15:36:54.284 E/Scheduler( 263): trackPendingFrame: Invalid present fence
05-28 15:36:54.318 E/Scheduler( 263): trackPendingFrame: Invalid present fence
05-28 15:36:54.351 E/Scheduler( 263): trackPendingFrame: Invalid present fence
05-28 15:36:54.385 E/Scheduler( 263): trackPendingFrame: Invalid present fence
05-28 15:36:54.418 E/Scheduler( 263): trackPendingFrame: Invalid present fence
05-28 15:36:54.451 E/Scheduler( 263): trackPendingFrame: Invalid present fence
05-28 15:36:54.485 E/Scheduler( 263): trackPendingFrame: Invalid present fence
05-28 15:36:54.518 E/Scheduler( 263): trackPendingFrame: Invalid present fence
05-28 15:36:54.529 D/nStackXCoAP( 2823): IsInSameNetwork:[276] :IsInSameNetwork exec
05-28 15:36:54.529 I/nStackXDFinder( 2823): GetLocalInterfaceDetail:[461] :GetLocalInterfaceDetail in
05-28 15:36:54.529 E/nStackXCoAP( 2823): IsInSameNetwork:[281] :IsInSameNetwork: not priority process
05-28 15:36:54.530 D/nStackXCoAP( 2823): ParseServiceDiscover:[330] :new device join
05-28 15:36:54.530 E/nStackXDFinder( 2823): GetLocalIp:[401] :GetLocalIp exec
05-28 15:36:54.551 E/Scheduler( 263): trackPendingFrame: Invalid present fence
05-28 15:36:54.585 E/Scheduler( 263): trackPendingFrame: Invalid present fence
05-28 15:36:54.618 E/Scheduler( 263): trackPendingFrame: Invalid present fence
05-28 15:36:54.652 E/Scheduler( 263): trackPendingFrame: Invalid present fence
05-28 15:36:54.685 E/Scheduler( 263): trackPendingFrame: Invalid present fence
05-28 15:36:54.706 I/VDA ( 527): [0##99]"ServiceDeviceTask INs=1155/1162, OUTs=1152/1156"" {IN=7/8, OUT=9/13[kAtAccelerator(0) kAtDevice(4) kAtClient(9)]}"
05-28 15:36:54.718 E/Scheduler( 263): trackPendingFrame: Invalid present fence
05-28 15:36:54.752 E/Scheduler( 263): trackPendingFrame: Invalid present fence
05-28 15:36:54.785 E/Scheduler( 263): trackPendingFrame: Invalid present fence
05-28 15:36:54.819 E/Scheduler( 263): trackPendingFrame: Invalid present fence
05-28 15:36:54.852 E/Scheduler( 263): trackPendingFrame: Invalid present fence
05-28 15:36:54.885 E/Scheduler( 263): trackPendingFrame: Invalid present fence
05-28 15:36:54.918 E/Scheduler( 263): trackPendingFrame: Invalid present fence
05-28 15:36:54.952 E/Scheduler( 263): trackPendingFrame: Invalid present fence
05-28 15:36:54.985 E/Scheduler( 263): trackPendingFrame: Invalid present fence
05-28 15:36:55.019 E/Scheduler( 263): trackPendingFrame: Invalid present fence
05-28 15:36:55.052 E/Scheduler( 263): trackPendingFrame: Invalid present fence
05-28 15:36:55.085 E/Scheduler( 263): trackPendingFrame: Invalid present fence
05-28 15:36:55.119 E/Scheduler( 263): trackPendingFrame: Invalid present fence
05-28 15:36:55.153 E/Scheduler( 263): trackPendingFrame: Invalid present fence
05-28 15:36:55.161 D/nStackXCoAP( 2823): IsInSameNetwork:[276] :IsInSameNetwork exec
05-28 15:36:55.161 I/nStackXDFinder( 2823): GetLocalInterfaceDetail:[461] :GetLocalInterfaceDetail in
05-28 15:36:55.161 E/nStackXCoAP( 2823): IsInSameNetwork:[281] :IsInSameNetwork: not priority process
05-28 15:36:55.161 D/nStackXCoAP( 2823): ParseServiceDiscover:[330] :new device join
05-28 15:36:55.161 E/nStackXDFinder( 2823): GetLocalIp:[401] :GetLocalIp exec
05-28 15:36:55.186 D/nStackXCoAP( 2823): IsInSameNetwork:[276] :IsInSameNetwork exec
05-28 15:36:55.186 I/nStackXDFinder( 2823): GetLocalInterfaceDetail:[461] :GetLocalInterfaceDetail in
05-28 15:36:55.186 E/nStackXCoAP( 2823): IsInSameNetwork:[281] :IsInSameNetwork: not priority process
05-28 15:36:55.186 D/nStackXCoAP( 2823): ParseServiceDiscover:[330] :new device join
05-28 15:36:55.186 E/nStackXDFinder( 2823): GetLocalIp:[401] :GetLocalIp exec
05-28 15:36:55.186 E/Scheduler( 263): trackPendingFrame: Invalid present fence
05-28 15:36:55.199 D/nStackXCoAP( 2823): CoapMessageHandler:[133] :2.01
05-28 15:36:55.219 E/Scheduler( 263): trackPendingFrame: Invalid present fence
05-28 15:36:55.253 E/Scheduler( 263): trackPendingFrame: Invalid present fence
05-28 15:36:55.287 E/Scheduler( 263): trackPendingFrame: Invalid present fence
05-28 15:36:55.319 E/Scheduler( 263): trackPendingFrame: Invalid present fence
05-28 15:36:55.352 E/Scheduler( 263): trackPendingFrame: Invalid present fence
05-28 15:36:55.386 E/Scheduler( 263): trackPendingFrame: Invalid present fence
05-28 15:36:55.419 E/Scheduler( 263): trackPendingFrame: Invalid present fence
05-28 15:36:55.452 E/Scheduler( 263): trackPendingFrame: Invalid present fence
05-28 15:36:55.486 E/Scheduler( 263): trackPendingFrame: Invalid present fence
05-28 15:36:55.519 E/Scheduler( 263): trackPendingFrame: Invalid present fence
05-28 15:36:55.527 I/WifiHAL ( 558): call wifi_get_link_stats handler
05-28 15:36:55.527 I/WifiHAL ( 558): Creating message to get link statistics; iface = 16
05-28 15:36:55.527 D/WifiHAL ( 558): error code -95 mapped to -3
05-28 15:36:55.528 E/WifiStaIfaceAidlImpl( 742): getLinkLayerStats failed with service-specific exception: android.os.ServiceSpecificException: (code 4)
05-28 15:36:55.552 E/Scheduler( 263): trackPendingFrame: Invalid present fence
05-28 15:36:55.586 E/Scheduler( 263): trackPendingFrame: Invalid present fence
05-28 15:36:55.619 E/Scheduler( 263): trackPendingFrame: Invalid present fence
05-28 15:36:55.653 E/Scheduler( 263): trackPendingFrame: Invalid present fence
05-28 15:36:55.686 E/Scheduler( 263): trackPendingFrame: Invalid present fence
05-28 15:36:55.719 E/Scheduler( 263): trackPendingFrame: Invalid present fence
05-28 15:36:55.753 E/Scheduler( 263): trackPendingFrame: Invalid present fence
05-28 15:36:55.766 I/VDA ( 527): [0##99]"ServiceDeviceTask INs=1185/1192, OUTs=1182/1187"" {IN=7/8, OUT=8/13[kAtAccelerator(0) kAtDevice(5) kAtClient(8)]}"
05-28 15:36:55.786 E/Scheduler( 263): trackPendingFrame: Invalid present fence
05-28 15:36:55.820 E/Scheduler( 263): trackPendingFrame: Invalid present fence
05-28 15:36:55.853 E/Scheduler( 263): trackPendingFrame: Invalid present fence
05-28 15:36:55.886 E/Scheduler( 263): trackPendingFrame: Invalid present fence
05-28 15:36:55.920 E/Scheduler( 263): trackPendingFrame: Invalid present fence
05-28 15:36:55.953 E/Scheduler( 263): trackPendingFrame: Invalid present fence
05-28 15:36:55.986 E/Scheduler( 263): trackPendingFrame: Invalid present fence
05-28 15:36:56.019 E/Scheduler( 263): trackPendingFrame: Invalid present fence
05-28 15:36:56.053 E/Scheduler( 263): trackPendingFrame: Invalid present fence
05-28 15:36:56.072 D/nStackXCoAP( 2823): IsInSameNetwork:[276] :IsInSameNetwork exec
05-28 15:36:56.073 I/nStackXDFinder( 2823): GetLocalInterfaceDetail:[461] :GetLocalInterfaceDetail in
05-28 15:36:56.073 E/nStackXCoAP( 2823): IsInSameNetwork:[281] :IsInSameNetwork: not priority process
05-28 15:36:56.073 D/nStackXCoAP( 2823): ParseServiceDiscover:[330] :new device join
05-28 15:36:56.073 E/nStackXDFinder( 2823): GetLocalIp:[401] :GetLocalIp exec
05-28 15:36:56.075 D/nStackXCoAP( 2823): IsInSameNetwork:[276] :IsInSameNetwork exec
05-28 15:36:56.075 I/nStackXDFinder( 2823): GetLocalInterfaceDetail:[461] :GetLocalInterfaceDetail in
05-28 15:36:56.075 E/nStackXCoAP( 2823): IsInSameNetwork:[281] :IsInSameNetwork: not priority process
05-28 15:36:56.075 D/nStackXCoAP( 2823): ParseServiceDiscover:[330] :new device join
05-28 15:36:56.075 E/nStackXDFinder( 2823): GetLocalIp:[401] :GetLocalIp exec
05-28 15:36:56.086 E/Scheduler( 263): trackPendingFrame: Invalid present fence
05-28 15:36:56.109 D/nStackXCoAP( 2823): CoapMessageHandler:[133] :2.01
05-28 15:36:56.120 E/Scheduler( 263): trackPendingFrame: Invalid present fence
05-28 15:36:56.153 E/Scheduler( 263): trackPendingFrame: Invalid present fence
05-28 15:36:56.186 E/Scheduler( 263): trackPendingFrame: Invalid present fence
05-28 15:36:56.220 E/Scheduler( 263): trackPendingFrame: Invalid present fence
05-28 15:36:56.253 E/Scheduler( 263): trackPendingFrame: Invalid present fence
05-28 15:36:56.287 E/Scheduler( 263): trackPendingFrame: Invalid present fence
05-28 15:36:56.320 E/Scheduler( 263): trackPendingFrame: Invalid present fence
05-28 15:36:56.353 E/Scheduler( 263): trackPendingFrame: Invalid present fence
05-28 15:36:56.387 E/Scheduler( 263): trackPendingFrame: Invalid present fence
05-28 15:36:56.420 E/Scheduler( 263): trackPendingFrame: Invalid present fence
05-28 15:36:56.453 E/Scheduler( 263): trackPendingFrame: Invalid present fence
05-28 15:36:56.487 E/Scheduler( 263): trackPendingFrame: Invalid present fence
05-28 15:36:56.521 E/Scheduler( 263): trackPendingFrame: Invalid present fence
05-28 15:36:56.541 I/DebugUtil( 527): [0##99]in/out status {INS/OUTS=1218(1)/1207(0)}, pipeline status {IN=8/8, OUT=10/13[Component(0) Accelerator(3) Client(10)]}
05-28 15:36:56.554 E/Scheduler( 263): trackPendingFrame: Invalid present fence
05-28 15:36:56.587 E/Scheduler( 263): trackPendingFrame: Invalid present fence
05-28 15:36:56.620 E/Scheduler( 263): trackPendingFrame: Invalid present fence
05-28 15:36:56.654 E/Scheduler( 263): trackPendingFrame: Invalid present fence
05-28 15:36:56.663 D/nStackXCoAP( 2823): IsInSameNetwork:[276] :IsInSameNetwork exec
05-28 15:36:56.663 I/nStackXDFinder( 2823): GetLocalInterfaceDetail:[461] :GetLocalInterfaceDetail in
05-28 15:36:56.663 E/nStackXCoAP( 2823): IsInSameNetwork:[281] :IsInSameNetwork: not priority process
05-28 15:36:56.663 D/nStackXCoAP( 2823): ParseServiceDiscover:[330] :new device join
05-28 15:36:56.663 E/nStackXDFinder( 2823): GetLocalIp:[401] :GetLocalIp exec
05-28 15:36:56.665 D/nStackXCoAP( 2823): IsInSameNetwork:[276] :IsInSameNetwork exec
05-28 15:36:56.665 I/nStackXDFinder( 2823): GetLocalInterfaceDetail:[461] :GetLocalInterfaceDetail in
05-28 15:36:56.665 E/nStackXCoAP( 2823): IsInSameNetwork:[281] :IsInSameNetwork: not priority process
05-28 15:36:56.665 D/nStackXCoAP( 2823): ParseServiceDiscover:[330] :new device join
05-28 15:36:56.665 E/nStackXDFinder( 2823): GetLocalIp:[401] :GetLocalIp exec
05-28 15:36:56.687 E/Scheduler( 263): trackPendingFrame: Invalid present fence
05-28 15:36:56.720 E/Scheduler( 263): trackPendingFrame: Invalid present fence
05-28 15:36:56.754 E/Scheduler( 263): trackPendingFrame: Invalid present fence
05-28 15:36:56.787 E/Scheduler( 263): trackPendingFrame: Invalid present fence
05-28 15:36:56.794 I/VDA ( 527): [0##99]"ServiceDeviceTask INs=1217/1224, OUTs=1215/1218"" {IN=7/8, OUT=10/13[kAtAccelerator(0) kAtDevice(3) kAtClient(10)]}"
05-28 15:36:56.802 D/nStackXCoAP( 2823): CoapMessageHandler:[133] :2.01
05-28 15:36:56.820 E/Scheduler( 263): trackPendingFrame: Invalid present fence
05-28 15:36:56.854 E/Scheduler( 263): trackPendingFrame: Invalid present fence
05-28 15:36:56.887 E/Scheduler( 263): trackPendingFrame: Invalid present fence
05-28 15:36:56.921 E/Scheduler( 263): trackPendingFrame: Invalid present fence
05-28 15:36:56.954 E/Scheduler( 263): trackPendingFrame: Invalid present fence
05-28 15:36:56.987 E/Scheduler( 263): trackPendingFrame: Invalid present fence
05-28 15:36:57.021 E/Scheduler( 263): trackPendingFrame: Invalid present fence
05-28 15:36:57.054 E/Scheduler( 263): trackPendingFrame: Invalid present fence
05-28 15:36:57.088 E/Scheduler( 263): trackPendingFrame: Invalid present fence
05-28 15:36:57.121 E/Scheduler( 263): trackPendingFrame: Invalid present fence
05-28 15:36:57.154 E/Scheduler( 263): trackPendingFrame: Invalid present fence
05-28 15:36:57.187 E/Scheduler( 263): trackPendingFrame: Invalid present fence
05-28 15:36:57.221 E/Scheduler( 263): trackPendingFrame: Invalid present fence
05-28 15:36:57.254 E/Scheduler( 263): trackPendingFrame: Invalid present fence
05-28 15:36:57.287 E/Scheduler( 263): trackPendingFrame: Invalid present fence
05-28 15:36:57.321 E/Scheduler( 263): trackPendingFrame: Invalid present fence
05-28 15:36:57.354 E/Scheduler( 263): trackPendingFrame: Invalid present fence
05-28 15:36:57.388 E/Scheduler( 263): trackPendingFrame: Invalid present fence
05-28 15:36:57.421 E/Scheduler( 263): trackPendingFrame: Invalid present fence
05-28 15:36:57.454 E/Scheduler( 263): trackPendingFrame: Invalid present fence
05-28 15:36:57.488 E/Scheduler( 263): trackPendingFrame: Invalid present fence
05-28 15:36:57.521 E/Scheduler( 263): trackPendingFrame: Invalid present fence
05-28 15:36:57.555 E/Scheduler( 263): trackPendingFrame: Invalid present fence
05-28 15:36:57.588 E/Scheduler( 263): trackPendingFrame: Invalid present fence
05-28 15:36:57.603 D/nStackXCoAP( 2823): IsInSameNetwork:[276] :IsInSameNetwork exec
05-28 15:36:57.604 I/nStackXDFinder( 2823): GetLocalInterfaceDetail:[461] :GetLocalInterfaceDetail in
05-28 15:36:57.604 E/nStackXCoAP( 2823): IsInSameNetwork:[281] :IsInSameNetwork: not priority process
05-28 15:36:57.604 D/nStackXCoAP( 2823): ParseServiceDiscover:[330] :new device join
05-28 15:36:57.604 E/nStackXDFinder( 2823): GetLocalIp:[401] :GetLocalIp exec
05-28 15:36:57.621 E/Scheduler( 263): trackPendingFrame: Invalid present fence
05-28 15:36:57.654 E/Scheduler( 263): trackPendingFrame: Invalid present fence
05-28 15:36:57.688 E/Scheduler( 263): trackPendingFrame: Invalid present fence
05-28 15:36:57.719 D/BufferPoolAccessor2.0(14565): bufferpool2 0xece33e68 : 8(12582912 size) total buffers - 8(12582912 size) used buffers - 0/9 (recycle/alloc) - 9/1254 (fetch/transfer)
05-28 15:36:57.721 E/Scheduler( 263): trackPendingFrame: Invalid present fence
05-28 15:36:57.755 E/Scheduler( 263): trackPendingFrame: Invalid present fence
05-28 15:36:57.788 E/Scheduler( 263): trackPendingFrame: Invalid present fence
05-28 15:36:57.821 I/VDA ( 527): [0##99]"ServiceDeviceTask INs=1248/1255, OUTs=1246/1249"" {IN=7/8, OUT=10/13[kAtAccelerator(0) kAtDevice(3) kAtClient(10)]}"
05-28 15:36:57.821 E/Scheduler( 263): trackPendingFrame: Invalid present fence
05-28 15:36:57.855 E/Scheduler( 263): trackPendingFrame: Invalid present fence
05-28 15:36:57.888 E/Scheduler( 263): trackPendingFrame: Invalid present fence
05-28 15:36:57.922 E/Scheduler( 263): trackPendingFrame: Invalid present fence
05-28 15:36:57.955 E/Scheduler( 263): trackPendingFrame: Invalid present fence
05-28 15:36:57.988 E/Scheduler( 263): trackPendingFrame: Invalid present fence
05-28 15:36:58.022 E/Scheduler( 263): trackPendingFrame: Invalid present fence
05-28 15:36:58.055 E/Scheduler( 263): trackPendingFrame: Invalid present fence
05-28 15:36:58.088 E/Scheduler( 263): trackPendingFrame: Invalid present fence
05-28 15:36:58.122 E/Scheduler( 263): trackPendingFrame: Invalid present fence
05-28 15:36:58.155 E/Scheduler( 263): trackPendingFrame: Invalid present fence
05-28 15:36:58.189 E/Scheduler( 263): trackPendingFrame: Invalid present fence
05-28 15:36:58.222 E/Scheduler( 263): trackPendingFrame: Invalid present fence
05-28 15:36:58.255 E/Scheduler( 263): trackPendingFrame: Invalid present fence
05-28 15:36:58.289 E/Scheduler( 263): trackPendingFrame: Invalid present fence
05-28 15:36:58.322 E/Scheduler( 263): trackPendingFrame: Invalid present fence
05-28 15:36:58.355 E/Scheduler( 263): trackPendingFrame: Invalid present fence
05-28 15:36:58.389 E/Scheduler( 263): trackPendingFrame: Invalid present fence
05-28 15:36:58.422 E/Scheduler( 263): trackPendingFrame: Invalid present fence
05-28 15:36:58.449 I/virtual void MediaDecoder::run()(14565): notify decode next url: /data/user/0/com.dangbei.lerad.screensaver/files/download/61/city_1.mp4
05-28 15:36:58.449 E/screen_saver2(14565): onDecodeNextStream: 0
05-28 15:36:58.449 E/screen_saver2(14565): 本地记录index和回调的不一致
05-28 15:36:58.449 D/AdManager(14565): advertisementNum: 4
05-28 15:36:58.455 E/Scheduler( 263): trackPendingFrame: Invalid present fence
05-28 15:36:58.488 E/Scheduler( 263): trackPendingFrame: Invalid present fence
05-28 15:36:58.522 E/Scheduler( 263): trackPendingFrame: Invalid present fence
05-28 15:36:58.532 I/WifiHAL ( 558): call wifi_get_link_stats handler
05-28 15:36:58.532 I/WifiHAL ( 558): Creating message to get link statistics; iface = 16
05-28 15:36:58.532 D/WifiHAL ( 558): error code -95 mapped to -3
05-28 15:36:58.532 E/WifiStaIfaceAidlImpl( 742): getLinkLayerStats failed with service-specific exception: android.os.ServiceSpecificException: (code 4)
05-28 15:36:58.555 E/Scheduler( 263): trackPendingFrame: Invalid present fence
05-28 15:36:58.589 E/Scheduler( 263): trackPendingFrame: Invalid present fence
05-28 15:36:58.622 E/Scheduler( 263): trackPendingFrame: Invalid present fence
05-28 15:36:58.655 E/Scheduler( 263): trackPendingFrame: Invalid present fence
05-28 15:36:58.689 E/Scheduler( 263): trackPendingFrame: Invalid present fence
05-28 15:36:58.722 E/Scheduler( 263): trackPendingFrame: Invalid present fence
05-28 15:36:58.756 E/Scheduler( 263): trackPendingFrame: Invalid present fence
05-28 15:36:58.789 E/Scheduler( 263): trackPendingFrame: Invalid present fence
05-28 15:36:58.822 E/Scheduler( 263): trackPendingFrame: Invalid present fence
05-28 15:36:58.850 I/VDA ( 527): [0##99]"ServiceDeviceTask INs=1279/1286, OUTs=1276/1280"" {IN=7/8, OUT=9/13[kAtAccelerator(0) kAtDevice(4) kAtClient(9)]}"
05-28 15:36:58.856 E/Scheduler( 263): trackPendingFrame: Invalid present fence
05-28 15:36:58.889 E/Scheduler( 263): trackPendingFrame: Invalid present fence
05-28 15:36:58.923 E/Scheduler( 263): trackPendingFrame: Invalid present fence
05-28 15:36:58.956 E/Scheduler( 263): trackPendingFrame: Invalid present fence
05-28 15:36:58.989 E/Scheduler( 263): trackPendingFrame: Invalid present fence
05-28 15:36:59.023 E/Scheduler( 263): trackPendingFrame: Invalid present fence
05-28 15:36:59.057 E/Scheduler( 263): trackPendingFrame: Invalid present fence
05-28 15:36:59.090 E/Scheduler( 263): trackPendingFrame: Invalid present fence
05-28 15:36:59.123 E/Scheduler( 263): trackPendingFrame: Invalid present fence
05-28 15:36:59.156 E/Scheduler( 263): trackPendingFrame: Invalid present fence
05-28 15:36:59.190 E/Scheduler( 263): trackPendingFrame: Invalid present fence
05-28 15:36:59.223 E/Scheduler( 263): trackPendingFrame: Invalid present fence
05-28 15:36:59.256 E/Scheduler( 263): trackPendingFrame: Invalid present fence
05-28 15:36:59.289 E/Scheduler( 263): trackPendingFrame: Invalid present fence
05-28 15:36:59.323 E/Scheduler( 263): trackPendingFrame: Invalid present fence
05-28 15:36:59.356 E/Scheduler( 263): trackPendingFrame: Invalid present fence
05-28 15:36:59.390 E/Scheduler( 263): trackPendingFrame: Invalid present fence
05-28 15:36:59.423 E/Scheduler( 263): trackPendingFrame: Invalid present fence
05-28 15:36:59.456 E/Scheduler( 263): trackPendingFrame: Invalid present fence
05-28 15:36:59.490 E/Scheduler( 263): trackPendingFrame: Invalid present fence
05-28 15:36:59.523 E/Scheduler( 263): trackPendingFrame: Invalid present fence
