05-28 10:54:44.699 D/SystemServerTimingAsync( 742): ssm.onUnlockingUser-0_com.android.server.power.hint.HintManagerService
05-28 10:54:44.699 D/SystemServerTimingAsync( 742): ssm.onUnlockingUser-0_com.android.server.recoverysystem.RecoverySystemService$Lifecycle
05-28 10:54:44.699 D/SystemServerTimingAsync( 742): ssm.onUnlockingUser-0_com.android.server.lights.LightsService
05-28 10:54:44.699 D/SystemServerTimingAsync( 742): ssm.onUnlockingUser-0_com.android.server.display.DisplayManagerService
05-28 10:54:44.699 D/SystemServerTimingAsync( 742): ssm.onUnlockingUser-0_com.android.server.pm.verify.domain.DomainVerificationService
05-28 10:54:44.699 D/SystemServerTimingAsync( 742): ssm.onUnlockingUser-0_com.android.server.pm.PackageInstallerService$Lifecycle
05-28 10:54:44.699 D/SystemServerTimingAsync( 742): ssm.onUnlockingUser-0_com.android.server.pm.UserManagerService$LifeCycle
05-28 10:54:44.699 D/SystemServerTimingAsync( 742): ssm.onUnlockingUser-0_com.android.server.om.OverlayManagerService
05-28 10:54:44.699 D/SystemServerTimingAsync( 742): ssm.onUnlockingUser-0_com.android.server.resources.ResourcesManagerService
05-28 10:54:44.699 D/SystemServerTimingAsync( 742): ssm.onUnlockingUser-0_com.android.server.sensorprivacy.SensorPrivacyService
05-28 10:54:44.699 D/SystemServerTimingAsync( 742): ssm.onUnlockingUser-0_com.android.server.sensors.SensorService
05-28 10:54:44.699 D/SystemServerTimingAsync( 742): ssm.onUnlockingUser-0_com.android.server.SystemConfigService
05-28 10:54:44.699 D/SystemServerTimingAsync( 742): ssm.onUnlockingUser-0_com.android.server.BatteryService
05-28 10:54:44.699 D/SystemServerTimingAsync( 742): ssm.onUnlockingUser-0_com.android.server.usage.UsageStatsService
05-28 10:54:44.699 D/SystemServerTimingAsync( 742): ssm.onUnlockingUser-0_com.android.server.webkit.WebViewUpdateService
05-28 10:54:44.700 I/BroadcastQueue( 742): BOOT_COMPLETED_BROADCAST_COMPLETION_LATENCY_REPORTED action:android.intent.action.LOCKED_BOOT_COMPLETED dispatchLatency:15 completeLatency:744 dispatchRealLatency:15 completeRealLatency:744 receiversSize:4 userId:0 userType:android.os.usertype.full.SYSTEM
05-28 10:54:44.700 D/SystemServerTimingAsync( 742): ssm.onUnlockingUser-0_com.android.server.CachedDeviceStateService
05-28 10:54:44.700 D/SystemServerTimingAsync( 742): ssm.onUnlockingUser-0_com.android.server.BinderCallsStatsService$LifeCycle
05-28 10:54:44.700 D/SystemServerTimingAsync( 742): ssm.onUnlockingUser-0_com.android.server.LooperStatsService$Lifecycle
05-28 10:54:44.700 D/SystemServerTimingAsync( 742): ssm.onUnlockingUser-0_com.android.server.rollback.RollbackManagerService
05-28 10:54:44.700 W/Looper ( 742): Drained
05-28 10:54:44.700 D/SystemServerTimingAsync( 742): ssm.onUnlockingUser-0_com.android.server.os.NativeTombstoneManagerService
05-28 10:54:44.700 D/SystemServerTimingAsync( 742): ssm.onUnlockingUser-0_com.android.server.os.BugreportManagerService
05-28 10:54:44.700 D/SystemServerTimingAsync( 742): ssm.onUnlockingUser-0_com.android.server.gpu.GpuService
05-28 10:54:44.700 D/SystemServerTimingAsync( 742): ssm.onUnlockingUser-0_com.android.server.security.rkp.RemoteProvisioningService
05-28 10:54:44.700 D/SystemServerTimingAsync( 742): ssm.onUnlockingUser-0_com.android.server.security.KeyChainSystemService
05-28 10:54:44.700 D/SystemServerTimingAsync( 742): ssm.onUnlockingUser-0_com.android.server.BinaryTransparencyService
05-28 10:54:44.701 D/SystemServerTimingAsync( 742): ssm.onUnlockingUser-0_com.android.server.accounts.AccountManagerService$Lifecycle
05-28 10:54:44.701 D/SystemServerTimingAsync( 742): ssm.onUnlockingUser-0_com.android.server.content.ContentService$Lifecycle
05-28 10:54:44.701 D/SystemServerTimingAsync( 742): ssm.onUnlockingUser-0_com.android.server.deviceconfig.DeviceConfigInit$Lifecycle
05-28 10:54:44.701 D/SystemServerTimingAsync( 742): ssm.onUnlockingUser-0_com.android.server.DropBoxManagerService
05-28 10:54:44.701 D/SystemServerTimingAsync( 742): ssm.onUnlockingUser-0_com.android.role.RoleService
05-28 10:54:44.701 D/SystemServerTimingAsync( 742): ssm.onUnlockingUser-0_com.android.server.vibrator.VibratorManagerService$Lifecycle
05-28 10:54:44.701 D/SystemServerTimingAsync( 742): ssm.onUnlockingUser-0_com.android.server.tare.InternalResourceService
05-28 10:54:44.701 D/SystemServerTimingAsync( 742): ssm.onUnlockingUser-0_com.android.server.alarm.AlarmManagerService
05-28 10:54:44.701 D/SystemServerTimingAsync( 742): ssm.onUnlockingUser-0_com.android.server.devicestate.DeviceStateManagerService
05-28 10:54:44.701 D/SystemServerTimingAsync( 742): ssm.onUnlockingUser-0_com.android.server.camera.CameraServiceProxy
05-28 10:54:44.701 D/SystemServerTimingAsync( 742): ssm.onUnlockingUser-0_com.android.server.bluetooth.BluetoothService
05-28 10:54:44.701 D/SystemServerTimingAsync( 742): ssm.onUnlockingUser-0_com.android.server.connectivity.IpConnectivityMetrics
05-28 10:54:44.701 D/SystemServerTimingAsync( 742): ssm.onUnlockingUser-0_com.android.server.net.watchlist.NetworkWatchlistService$Lifecycle
05-28 10:54:44.701 D/SystemServerTimingAsync( 742): ssm.onUnlockingUser-0_com.android.server.PinnerService
05-28 10:54:44.701 D/SystemServerTimingAsync( 742): ssm.onUnlockingUser-0_com.android.server.integrity.AppIntegrityManagerService
05-28 10:54:44.701 D/SystemServerTimingAsync( 742): ssm.onUnlockingUser-0_com.android.server.logcat.LogcatManagerService
05-28 10:54:44.701 D/SystemServerTimingAsync( 742): ssm.onUnlockingUser-0_com.android.server.inputmethod.InputMethodManagerService$Lifecycle
05-28 10:54:44.701 D/SystemServerTimingAsync( 742): ssm.onUnlockingUser-0_com.android.server.accessibility.AccessibilityManagerService$Lifecycle
05-28 10:54:44.701 D/SystemServerTimingAsync( 742): ssm.onUnlockingUser-0_com.android.server.StorageManagerService$Lifecycle
05-28 10:54:44.701 D/StorageManagerService( 742): onUnlockUser 0
05-28 10:54:44.702 I/StorageSessionController( 742): On user unlock 0
05-28 10:54:44.702 I/StorageSessionController( 742): Initialialising...
05-28 10:54:44.707 I/vold ( 247): onUserStarted: 0
05-28 10:54:44.708 D/CompatibilityChangeReporter( 742): Compat change id reported: 253665015; UID 1000; state: ENABLED
05-28 10:54:44.708 D/SystemServerTimingAsync( 742): ssm.onUnlockingUser-0_com.android.server.usage.StorageStatsService$Lifecycle
05-28 10:54:44.708 D/SystemServerTimingAsync( 742): ssm.onUnlockingUser-0_com.android.server.UiModeManagerService
05-28 10:54:44.708 D/SystemServerTimingAsync( 742): ssm.onUnlockingUser-0_com.android.server.locales.LocaleManagerService
05-28 10:54:44.708 D/CompatibilityChangeReporter( 742): Compat change id reported: 253665015; UID 1000; state: DISABLED
05-28 10:54:44.708 D/SystemServerTimingAsync( 742): ssm.onUnlockingUser-0_com.android.server.grammaticalinflection.GrammaticalInflectionService
05-28 10:54:44.708 D/SystemServerTimingAsync( 742): ssm.onUnlockingUser-0_com.android.server.apphibernation.AppHibernationService
05-28 10:54:44.709 D/SystemServerTimingAsync( 742): ssm.onUnlockingUser-0_com.android.server.locksettings.LockSettingsService$Lifecycle
05-28 10:54:44.709 D/SystemServerTimingAsync( 742): ssm.onUnlockingUser-0_com.android.server.PersistentDataBlockService
05-28 10:54:44.709 D/SystemServerTimingAsync( 742): ssm.onUnlockingUser-0_com.android.server.testharness.TestHarnessModeService
05-28 10:54:44.709 D/SystemServerTimingAsync( 742): ssm.onUnlockingUser-0_com.android.server.oemlock.OemLockService
05-28 10:54:44.709 D/SystemServerTimingAsync( 742): ssm.onUnlockingUser-0_com.android.server.DeviceIdleController
05-28 10:54:44.709 D/SystemServerTimingAsync( 742): ssm.onUnlockingUser-0_com.android.server.devicepolicy.DevicePolicyManagerService$Lifecycle
05-28 10:54:44.710 D/SystemServerTimingAsync( 742): ssm.onUnlockingUser-0_com.android.server.texttospeech.TextToSpeechManagerService
05-28 10:54:44.710 V/StorageManagerService( 742): Found primary storage at VolumeInfo{emulated;0}:
05-28 10:54:44.710 V/StorageManagerService( 742): type=EMULATED diskId=null partGuid= mountFlags=0 mountUserId=0
05-28 10:54:44.710 V/StorageManagerService( 742): state=UNMOUNTED
05-28 10:54:44.710 V/StorageManagerService( 742): fsType=null fsUuid=null fsLabel=null
05-28 10:54:44.710 V/StorageManagerService( 742): path=null internalPath=null
05-28 10:54:44.710 D/SystemServerTimingAsync( 742): ssm.onUnlockingUser-0_com.android.server.ambientcontext.AmbientContextManagerService
05-28 10:54:44.711 I/AmbientContextManagerService( 742): serviceNames sent in newServiceListLocked is null, or empty
05-28 10:54:44.711 D/SystemServerTimingAsync( 742): ssm.onUnlockingUser-0_com.android.server.wearable.WearableSensingManagerService
05-28 10:54:44.711 D/WearableSensingManagerService( 742): onServiceRemoved
05-28 10:54:44.711 D/WearableSensingManagerPerUserService( 742): Trying to cancel the remote request. Reason: Service destroyed.
05-28 10:54:44.711 D/SystemServerTimingAsync( 742): ssm.onUnlockingUser-0_com.android.server.speech.SpeechRecognitionManagerService
05-28 10:54:44.711 I/StorageManagerService( 742): Mounting volume VolumeInfo{emulated;0}:
05-28 10:54:44.711 I/StorageManagerService( 742): type=EMULATED diskId=null partGuid= mountFlags=PRIMARY|VISIBLE_FOR_WRITE
05-28 10:54:44.711 I/StorageManagerService( 742): mountUserId=0 state=UNMOUNTED
05-28 10:54:44.711 I/StorageManagerService( 742): fsType=null fsUuid=null fsLabel=null
05-28 10:54:44.711 I/StorageManagerService( 742): path=null internalPath=null
05-28 10:54:44.711 D/SystemServerTimingAsync( 742): ssm.onUnlockingUser-0_com.android.server.searchui.SearchUiManagerService
05-28 10:54:44.712 D/SystemServerTimingAsync( 742): ssm.onUnlockingUser-0_com.android.server.smartspace.SmartspaceManagerService
05-28 10:54:44.712 D/SystemServerTimingAsync( 742): ssm.onUnlockingUser-0_com.android.server.graphics.fonts.FontManagerService$Lifecycle
05-28 10:54:44.712 D/SystemServerTimingAsync( 742): ssm.onUnlockingUser-0_com.android.server.textservices.TextServicesManagerService$Lifecycle
05-28 10:54:44.712 W/TextServicesManagerService( 742): no available spell checker services found
05-28 10:54:44.713 D/SystemServerTimingAsync( 742): ssm.onUnlockingUser-0_com.android.server.textclassifier.TextClassificationManagerService$Lifecycle
05-28 10:54:44.713 D/SystemServerTimingAsync( 742): ssm.onUnlockingUser-0_com.android.server.NetworkScoreService$Lifecycle
05-28 10:54:44.713 D/SystemServerTimingAsync( 742): ssm.onUnlockingUser-0_com.android.server.NetworkStatsServiceInitializer
05-28 10:54:44.713 D/SystemServerTimingAsync( 742): ssm.onUnlockingUser-0_com.android.server.wifi.WifiService
05-28 10:54:44.714 D/SystemServerTimingAsync( 742): ssm.onUnlockingUser-0_com.android.server.wifi.scanner.WifiScanningService
05-28 10:54:44.714 D/SystemServerTimingAsync( 742): ssm.onUnlockingUser-0_com.android.server.wifi.p2p.WifiP2pService
05-28 10:54:44.714 D/SystemServerTimingAsync( 742): ssm.onUnlockingUser-0_com.android.server.ConnectivityServiceInitializer
05-28 10:54:44.714 D/SystemServerTimingAsync( 742): ssm.onUnlockingUser-0_com.android.server.notification.NotificationManagerService
05-28 10:54:44.714 D/SystemServerTimingAsync( 742): ssm.onUnlockingUser-0_com.android.server.storage.DeviceStorageMonitorService
05-28 10:54:44.714 D/SystemServerTimingAsync( 742): ssm.onUnlockingUser-0_com.android.server.timedetector.TimeDetectorService$Lifecycle
05-28 10:54:44.714 D/SystemServerTimingAsync( 742): ssm.onUnlockingUser-0_com.android.server.location.LocationManagerService$Lifecycle
05-28 10:54:44.714 D/SystemServerTimingAsync( 742): ssm.onUnlockingUser-0_com.android.server.timezonedetector.TimeZoneDetectorService$Lifecycle
05-28 10:54:44.714 D/SystemServerTimingAsync( 742): ssm.onUnlockingUser-0_com.android.server.location.altitude.AltitudeService$Lifecycle
05-28 10:54:44.714 D/SystemServerTimingAsync( 742): ssm.onUnlockingUser-0_com.android.server.timezonedetector.location.LocationTimeZoneManagerService$Lifecycle
05-28 10:54:44.714 D/SystemServerTimingAsync( 742): ssm.onUnlockingUser-0_com.android.server.search.SearchManagerService$Lifecycle
05-28 10:54:44.714 I/vold ( 247): Mounting emulated fuse volume
05-28 10:54:44.714 I/HibernationStateDiskStore( 742): No hibernation file on disk for file /data/system_ce/0/hibernation/states
05-28 10:54:44.715 D/SystemServerTimingAsync( 742): ssm.onUnlockingUser-0_com.android.server.wallpaper.WallpaperManagerService$Lifecycle
05-28 10:54:44.715 D/SystemServerTimingAsync( 742): ssm.onUnlockingUser-0_com.android.server.wallpapereffectsgeneration.WallpaperEffectsGenerationManagerService
05-28 10:54:44.716 D/SystemServerTimingAsync( 742): ssm.onUnlockingUser-0_com.android.server.audio.AudioService$Lifecycle
05-28 10:54:44.716 D/SystemServerTimingAsync( 742): ssm.onUnlockingUser-0_com.android.server.soundtrigger_middleware.SoundTriggerMiddlewareService$Lifecycle
05-28 10:54:44.716 D/SystemServerTimingAsync( 742): ssm.onUnlockingUser-0_com.android.server.adb.AdbService$Lifecycle
05-28 10:54:44.716 D/SystemServerTimingAsync( 742): ssm.onUnlockingUser-0_com.android.server.usb.UsbService$Lifecycle
05-28 10:54:44.717 W/InputMethodInfoUtils( 742): Found no fallback locale. imis=[InputMethodInfo{com.sohu.inputmethod.sogou.tv/.SogouIME, settings: com.sohu.inputmethod.sogou.SogouIMESettingsLauncher}]
05-28 10:54:44.718 D/CompatibilityChangeReporter( 742): Compat change id reported: 194532703; UID 1000; state: ENABLED
05-28 10:54:44.719 W/BatteryExternalStatsWorker( 742): error reading modem stats:ERROR_PHONE_NOT_AVAILABLE
05-28 10:54:44.719 W/InputMethodInfoUtils( 742): No software keyboard is found. imis=[InputMethodInfo{com.sohu.inputmethod.sogou.tv/.SogouIME, settings: com.sohu.inputmethod.sogou.SogouIMESettingsLauncher}] systemLocale=zh_CN fallbackLocale=null
05-28 10:54:44.719 D/SystemServerTimingAsync( 742): ssm.onUnlockingUser-0_com.android.server.twilight.TwilightService
05-28 10:54:44.720 D/SystemServerTimingAsync( 742): ssm.onUnlockingUser-0_com.android.server.display.color.ColorDisplayService
05-28 10:54:44.720 D/SystemServerTimingAsync( 742): ssm.onUnlockingUser-0_com.android.server.job.JobSchedulerService
05-28 10:54:44.720 D/SystemServerTimingAsync( 742): ssm.onUnlockingUser-0_com.android.server.soundtrigger.SoundTriggerService
05-28 10:54:44.720 D/SystemServerTimingAsync( 742): ssm.onUnlockingUser-0_com.android.server.trust.TrustManagerService
05-28 10:54:44.720 D/SystemServerTimingAsync( 742): ssm.onUnlockingUser-0_com.android.server.backup.BackupManagerService$Lifecycle
05-28 10:54:44.720 W/BatteryExternalStatsWorker( 742): error reading Bluetooth stats: 11
05-28 10:54:44.720 D/SystemServerTimingAsync( 742): ssm.onUnlockingUser-0_com.android.server.appwidget.AppWidgetService
05-28 10:54:44.720 D/SystemServerTimingAsync( 742): ssm.onUnlockingUser-0_com.android.server.voiceinteraction.VoiceInteractionManagerService
05-28 10:54:44.720 W/VoiceInteractionManager( 742): no available voice recognition services found for user 0
05-28 10:54:44.721 I/BackupManagerService( 742): Starting service for user: 0
05-28 10:54:44.721 D/SystemServerTimingAsync( 742): ssm.onUnlockingUser-0_com.android.server.GestureLauncherService
05-28 10:54:44.721 D/SystemServerTimingAsync( 742): ssm.onUnlockingUser-0_com.android.server.SensorNotificationService
05-28 10:54:44.721 D/SystemServerTimingAsync( 742): ssm.onUnlockingUser-0_com.android.server.emergency.EmergencyAffordanceService
05-28 10:54:44.721 D/SystemServerTimingAsync( 742): ssm.onUnlockingUser-0_com.android.server.blob.BlobStoreManagerService
05-28 10:54:44.721 D/SystemServerTimingAsync( 742): ssm.onUnlockingUser-0_com.android.server.dreams.DreamManagerService
05-28 10:54:44.721 D/SystemServerTimingAsync( 742): ssm.onUnlockingUser-0_com.android.server.security.AttestationVerificationManagerService
05-28 10:54:44.721 D/SystemServerTimingAsync( 742): ssm.onUnlockingUser-0_com.android.server.restrictions.RestrictionsManagerService
05-28 10:54:44.721 D/SystemServerTimingAsync( 742): ssm.onUnlockingUser-0_com.android.server.media.MediaSessionService
05-28 10:54:44.721 D/SystemServerTimingAsync( 742): ssm.onUnlockingUser-0_com.android.server.hdmi.HdmiControlService
05-28 10:54:44.721 D/SystemServerTimingAsync( 742): ssm.onUnlockingUser-0_com.android.server.tv.interactive.TvInteractiveAppManagerService
05-28 10:54:44.721 D/SystemServerTimingAsync( 742): ssm.onUnlockingUser-0_com.android.server.tv.TvInputManagerService
05-28 10:54:44.722 D/SystemServerTimingAsync( 742): ssm.onUnlockingUser-0_com.android.server.media.MediaResourceMonitorService
05-28 10:54:44.722 D/SystemServerTimingAsync( 742): ssm.onUnlockingUser-0_com.android.server.tv.TvRemoteService
05-28 10:54:44.722 D/SystemServerTimingAsync( 742): ssm.onUnlockingUser-0_com.android.server.biometrics.BiometricService
05-28 10:54:44.722 V/BackupManagerService( 742): [UserID:0] Starting with transport com.android.localtransport/.LocalTransport
05-28 10:54:44.722 D/SystemServerTimingAsync( 742): ssm.onUnlockingUser-0_com.android.server.biometrics.AuthService
05-28 10:54:44.722 D/SystemServerTimingAsync( 742): ssm.onUnlockingUser-0_com.android.server.pm.ShortcutService$Lifecycle
05-28 10:54:44.722 D/SystemServerTimingAsync( 742): ssm.onUnlockingUser-0_com.android.server.pm.LauncherAppsService
05-28 10:54:44.722 D/SystemServerTimingAsync( 742): ssm.onUnlockingUser-0_com.android.server.pm.CrossProfileAppsService
05-28 10:54:44.722 D/SystemServerTimingAsync( 742): ssm.onUnlockingUser-0_com.android.server.people.PeopleService
05-28 10:54:44.722 D/SystemServerTimingAsync( 742): ssm.onUnlockingUser-0_com.android.server.media.metrics.MediaMetricsManagerService
05-28 10:54:44.722 D/SystemServerTimingAsync( 742): ssm.onUnlockingUser-0_com.android.server.pm.BackgroundInstallControlService
05-28 10:54:44.722 D/SystemServerTimingAsync( 742): ssm.onUnlockingUser-0_com.android.server.media.projection.MediaProjectionManagerService
05-28 10:54:44.722 D/SystemServerTimingAsync( 742): ssm.onUnlockingUser-0_com.android.server.slice.SliceManagerService$Lifecycle
05-28 10:54:44.722 D/SystemServerTimingAsync( 742): ssm.onUnlockingUser-0_com.android.server.stats.StatsCompanion$Lifecycle
05-28 10:54:44.722 D/LockSettingsService( 742): Hiding encryption notification for user 0
05-28 10:54:44.723 D/CompatibilityChangeReporter( 742): Compat change id reported: 194532703; UID 1000; state: DISABLED
05-28 10:54:44.723 D/SystemServerTimingAsync( 742): ssm.onUnlockingUser-0_com.android.server.scheduling.RebootReadinessManagerService$Lifecycle
05-28 10:54:44.723 D/SystemServerTimingAsync( 742): ssm.onUnlockingUser-0_com.android.server.stats.pull.StatsPullAtomService
05-28 10:54:44.723 D/SystemServerTimingAsync( 742): ssm.onUnlockingUser-0_com.android.server.stats.bootstrap.StatsBootstrapAtomService$Lifecycle
05-28 10:54:44.723 D/SystemServerTimingAsync( 742): ssm.onUnlockingUser-0_com.android.server.incident.IncidentCompanionService
05-28 10:54:44.723 D/SystemServerTimingAsync( 742): ssm.onUnlockingUser-0_com.android.server.sdksandbox.SdkSandboxManagerService$Lifecycle
05-28 10:54:44.724 D/SystemServerTimingAsync( 742): ssm.onUnlockingUser-0_com.android.server.adservices.AdServicesManagerService$Lifecycle
05-28 10:54:44.724 D/SystemServerTimingAsync( 742): ssm.onUnlockingUser-0_com.android.server.ondevicepersonalization.OnDevicePersonalizationSystemService$Lifecycle
05-28 10:54:44.724 D/SystemServerTimingAsync( 742): ssm.onUnlockingUser-0_com.android.server.autofill.AutofillManagerService
05-28 10:54:44.724 D/BackupManagerService( 742): [UserID:0] Started thread backup-0
05-28 10:54:44.729 D/SystemServerTimingAsync( 742): ssm.onUnlockingUser-0_com.android.server.clipboard.ClipboardService
05-28 10:54:44.729 D/SystemServerTimingAsync( 742): ssm.onUnlockingUser-0_com.android.server.appbinding.AppBindingService$Lifecycle
05-28 10:54:44.731 W/AppBindingService( 742): [Default SMS app] u0 Target package not found
05-28 10:54:44.732 V/ActivityThread( 1847): getPackageInfo() caused update to cached ApplicationInfo for package android.ext.services
05-28 10:54:44.731 D/SystemServerTimingAsync( 742): ssm.onUnlockingUser-0_com.android.server.tracing.TracingServiceProxy
05-28 10:54:44.735 D/SystemServerTimingAsync( 742): ssm.onUnlockingUser-0_com.android.server.policy.PermissionPolicyService
05-28 10:54:44.735 D/SystemServerTimingAsync( 742): ssm.onUnlockingUser-0_com.android.server.pm.StagingManager$Lifecycle
05-28 10:54:44.735 D/SystemServerTimingAsync( 742): ssm.onUnlockingUser-0_com.android.server.app.GameManagerService$Lifecycle
05-28 10:54:44.735 D/SystemServerTimingAsync( 742): ssm.onUnlockingUser-0_com.android.safetycenter.SafetyCenterService
05-28 10:54:44.735 D/SystemServerTimingAsync( 742): ssm.onUnlockingUser-0_com.android.server.appsearch.AppSearchModule$Lifecycle
05-28 10:54:44.738 I/vold ( 247): Bind mounting /data/media to /mnt/pass_through/0/emulated
05-28 10:54:44.740 I/StorageSessionController( 742): On volume mount VolumeInfo{emulated;0}:
05-28 10:54:44.740 I/StorageSessionController( 742): type=EMULATED diskId=null partGuid= mountFlags=PRIMARY|VISIBLE_FOR_WRITE
05-28 10:54:44.740 I/StorageSessionController( 742): mountUserId=0 state=CHECKING
05-28 10:54:44.740 I/StorageSessionController( 742): fsType=null fsUuid=null fsLabel=null
05-28 10:54:44.740 I/StorageSessionController( 742): path=/storage/emulated internalPath=/data/media
05-28 10:54:44.741 I/StorageSessionController( 742): Creating connection for user: 0
05-28 10:54:44.741 I/StorageSessionController( 742): Creating and starting session with id: emulated;0
05-28 10:54:44.742 I/StorageUserConnection( 742): Binding to the ExternalStorageService for user 0
05-28 10:54:44.745 D/CompatibilityChangeReporter( 742): Compat change id reported: 135634846; UID 10055; state: DISABLED
05-28 10:54:44.746 D/CompatibilityChangeReporter( 742): Compat change id reported: 143937733; UID 10055; state: ENABLED
05-28 10:54:44.746 I/StorageUserConnection( 742): Bound to the ExternalStorageService for user 0
05-28 10:54:44.749 D/SystemServerTimingAsync( 742): ssm.onUnlockingUser-0_com.android.server.media.MediaCommunicationService
05-28 10:54:44.749 D/SystemServerTimingAsync( 742): ssm.onUnlockingUser-0_com.android.server.compat.overrides.AppCompatOverridesService$Lifecycle
05-28 10:54:44.749 D/SystemServerTimingAsync( 742): ssm.onUnlockingUser-0_com.android.server.healthconnect.HealthConnectManagerService
05-28 10:54:44.749 D/SystemServerTimingAsync( 742): ssm.onUnlockingUser-0_com.android.server.devicelock.DeviceLockService
05-28 10:54:44.749 D/DeviceLockService( 742): onUserUnlocking
05-28 10:54:44.750 I/ActivityTaskManager( 742): Loading recents for user 0 into memory.
05-28 10:54:44.750 E/TaskPersister( 742): restoreTasksForUserLocked: Unable to list files from /data/system_ce/0/recent_tasks
05-28 10:54:44.751 V/PackageConfigPersister( 742): loadPackages: empty list files from /data/system_ce/0/package_configs
05-28 10:54:44.753 D/SystemServerTiming( 742): finishUserUnlocked-0
05-28 10:54:44.753 I/ActivityManager( 742): User 0 state changed from RUNNING_UNLOCKING to RUNNING_UNLOCKED
05-28 10:54:44.754 V/SystemServerTiming( 742): SystemUserUnlock took to complete: 796ms
05-28 10:54:44.757 I/ActivityManager( 742): com.dangbei.lerad.etna.haqu is exempt from freezer
05-28 10:54:44.757 D/CompatibilityChangeReporter( 742): Compat change id reported: 135634846; UID 1000; state: DISABLED
05-28 10:54:44.758 E/BackupPasswordManager( 742): Unable to read backup pw version
05-28 10:54:44.759 W/BroadcastLoopers( 742): Found previously unknown looper Thread[ActivityManager,5,main]
05-28 10:54:44.761 E/BackupPasswordManager( 742): Unable to read saved backup pw hash
05-28 10:54:44.763 I/PreBootBroadcaster( 742): Pre-boot of {com.droidlogic/com.droidlogic.BootComplete} for user 0
05-28 10:54:44.764 D/CompatibilityChangeReporter( 742): Compat change id reported: 161145287; UID 1000; state: ENABLED
05-28 10:54:44.765 D/CompatibilityChangeReporter( 742): Compat change id reported: 161145287; UID 1000; state: DISABLED
05-28 10:54:44.766 I/UsageStatsService( 742): Starting migration to system CE for user 0
05-28 10:54:44.779 V/NotificationAssistants( 742): disabling notification assistant for user 0: ComponentInfo{android.ext.services/android.ext.services.notification.Assistant}
05-28 10:54:44.779 D/NotificationListeners( 742): Removing active service ComponentInfo{android.ext.services/android.ext.services.notification.Assistant}
05-28 10:54:44.781 I/UsageStatsService( 742): Finished migration to system CE for user 0
05-28 10:54:44.797 V/NotificationAssistants( 742): enabling notification assistant for 0: ComponentInfo{android.ext.services/android.ext.services.notification.Assistant}
05-28 10:54:44.798 V/NotificationAssistants( 742): binding: Intent { act=android.service.notification.NotificationAssistantService cmp=android.ext.services/.notification.Assistant (has extras) }
05-28 10:54:44.802 I/UsageStatsDatabase( 742): Upgrading from version 0 to 5
05-28 10:54:44.804 I/UsageStatsDatabase( 742): Deleting all usage stats files
05-28 10:54:44.807 W/ActivityManager( 742): Slow operation: 63ms so far, now at startProcess: done updating battery stats
05-28 10:54:44.807 I/Watchdog( 742): Interesting Java process com.android.providers.media.module started. Pid 1941
05-28 10:54:44.807 W/ActivityManager( 742): Slow operation: 63ms so far, now at startProcess: building log message
05-28 10:54:44.807 I/ActivityManager( 742): Start proc 1941:com.android.providers.media.module/u0a55 for service {com.android.providers.media.module/com.android.providers.media.fuse.ExternalStorageServiceImpl}
05-28 10:54:44.807 W/ActivityManager( 742): Slow operation: 63ms so far, now at startProcess: starting to update pids map
05-28 10:54:44.808 W/ActivityManager( 742): Slow operation: 63ms so far, now at startProcess: done updating pids map
05-28 10:54:44.808 W/ActivityManager( 742): Slow operation: 52ms so far, now at startProcess: asking zygote to start proc
05-28 10:54:44.810 D/CompatibilityChangeReporter( 742): Compat change id reported: 261072174; UID 1002; state: ENABLED
05-28 10:54:44.810 I/UsageStatsService( 742): User[0] Rollover scheduled @ 2025-05-29 10:54:44(1748487284782)
05-28 10:54:44.810 D/AppStandbyController( 742): Initializing defaults for system apps on user 0, appIdleEnabled=true
05-28 10:54:44.811 D/CompatibilityChangeReporter( 742): Compat change id reported: 161252188; UID 1000; state: DISABLED
05-28 10:54:44.812 I/ActivityManager( 742): com.android.keychain is exempt from freezer
05-28 10:54:44.815 D/CompatibilityChangeReporter( 742): Compat change id reported: 161252188; UID 10049; state: DISABLED
05-28 10:54:44.823 D/CompatibilityChangeReporter( 742): Compat change id reported: 135634846; UID 10049; state: DISABLED
05-28 10:54:44.824 D/CompatibilityChangeReporter( 742): Compat change id reported: 177438394; UID 10049; state: DISABLED
05-28 10:54:44.824 D/CompatibilityChangeReporter( 742): Compat change id reported: 135772972; UID 10049; state: DISABLED
05-28 10:54:44.824 D/CompatibilityChangeReporter( 742): Compat change id reported: 135754954; UID 10049; state: ENABLED
05-28 10:54:44.827 D/SystemServerTiming( 742): getUserSwitchability-0
05-28 10:54:44.827 D/SystemServerTiming( 742): TM.isInCall
05-28 10:54:44.831 D/SystemServerTiming( 742): hasUserRestriction-DISALLOW_USER_SWITCH
05-28 10:54:44.831 D/SystemServerTiming( 742): getInt-ALLOW_USER_SWITCHING_WHEN_SYSTEM_USER_LOCKED
05-28 10:54:44.831 D/SystemServerTiming( 742): isUserUnlocked-USER_SYSTEM
05-28 10:54:44.838 D/SystemServerTiming( 742): getUserSwitchability-0
05-28 10:54:44.838 D/SystemServerTiming( 742): TM.isInCall
05-28 10:54:44.838 D/SystemServerTiming( 742): hasUserRestriction-DISALLOW_USER_SWITCH
05-28 10:54:44.838 D/SystemServerTiming( 742): getInt-ALLOW_USER_SWITCHING_WHEN_SYSTEM_USER_LOCKED
05-28 10:54:44.838 D/SystemServerTiming( 742): isUserUnlocked-USER_SYSTEM
05-28 10:54:44.841 D/SystemServerTiming( 742): getUserSwitchability-0
05-28 10:54:44.841 D/SystemServerTiming( 742): TM.isInCall
05-28 10:54:44.842 W/ActivityManager( 742): Slow operation: 86ms so far, now at startProcess: returned from zygote!
05-28 10:54:44.842 W/ActivityManager( 742): Slow operation: 87ms so far, now at startProcess: done updating battery stats
05-28 10:54:44.842 W/ActivityManager( 742): Slow operation: 87ms so far, now at startProcess: building log message
05-28 10:54:44.842 I/ActivityManager( 742): Start proc 1946:com.dangbei.lerad.etna.haqu/1000 for added application com.dangbei.lerad.etna.haqu
05-28 10:54:44.842 W/ActivityManager( 742): Slow operation: 87ms so far, now at startProcess: starting to update pids map
05-28 10:54:44.842 W/ActivityManager( 742): Slow operation: 87ms so far, now at startProcess: done updating pids map
05-28 10:54:44.842 D/SystemServerTiming( 742): hasUserRestriction-DISALLOW_USER_SWITCH
05-28 10:54:44.843 D/SystemServerTiming( 742): getInt-ALLOW_USER_SWITCHING_WHEN_SYSTEM_USER_LOCKED
05-28 10:54:44.843 D/SystemServerTiming( 742): isUserUnlocked-USER_SYSTEM
05-28 10:54:44.847 D/SystemServerTiming( 742): getUserSwitchability-0
05-28 10:54:44.847 D/SystemServerTiming( 742): TM.isInCall
05-28 10:54:44.849 D/SystemServerTiming( 742): hasUserRestriction-DISALLOW_USER_SWITCH
05-28 10:54:44.850 D/SystemServerTiming( 742): getInt-ALLOW_USER_SWITCHING_WHEN_SYSTEM_USER_LOCKED
05-28 10:54:44.850 D/SystemServerTiming( 742): isUserUnlocked-USER_SYSTEM
05-28 10:54:44.854 D/CompatibilityChangeReporter( 742): Compat change id reported: 218533173; UID 10073; state: ENABLED
05-28 10:54:44.854 D/CompatibilityChangeReporter( 742): Compat change id reported: 262645982; UID 10073; state: ENABLED
05-28 10:54:44.861 D/SystemServerTiming( 742): getUserSwitchability-0
05-28 10:54:44.861 D/SystemServerTiming( 742): TM.isInCall
05-28 10:54:44.862 D/SystemServerTiming( 742): hasUserRestriction-DISALLOW_USER_SWITCH
05-28 10:54:44.862 D/SystemServerTiming( 742): getInt-ALLOW_USER_SWITCHING_WHEN_SYSTEM_USER_LOCKED
05-28 10:54:44.862 D/SystemServerTiming( 742): isUserUnlocked-USER_SYSTEM
05-28 10:54:44.869 V/BackupManagerService( 742): [UserID:0] No ancestral data
05-28 10:54:44.869 D/SystemServerTiming( 742): getUserSwitchability-0
05-28 10:54:44.869 D/SystemServerTiming( 742): TM.isInCall
05-28 10:54:44.870 D/SystemServerTiming( 742): hasUserRestriction-DISALLOW_USER_SWITCH
05-28 10:54:44.870 D/SystemServerTiming( 742): getInt-ALLOW_USER_SWITCHING_WHEN_SYSTEM_USER_LOCKED
05-28 10:54:44.870 D/SystemServerTiming( 742): isUserUnlocked-USER_SYSTEM
05-28 10:54:44.871 I/MediaSessionStack( 742): addSession to bottom of stack | record: com.android.bluetooth/BluetoothMediaBrowserService (userId=0)
05-28 10:54:44.871 D/CompatibilityChangeReporter( 742): Compat change id reported: 168419799; UID 10055; state: DISABLED
05-28 10:54:44.872 D/CompatibilityChangeReporter( 742): Compat change id reported: 273564678; UID 10055; state: DISABLED
05-28 10:54:44.873 D/CompatibilityChangeReporter( 742): Compat change id reported: 218533173; UID 10055; state: ENABLED
05-28 10:54:44.874 D/CompatibilityChangeReporter( 742): Compat change id reported: 262645982; UID 10055; state: ENABLED
05-28 10:54:44.885 D/CompatibilityChangeReporter( 742): Compat change id reported: 170503758; UID 10055; state: ENABLED
05-28 10:54:44.887 D/CompatibilityChangeReporter( 742): Compat change id reported: 265195908; UID 10055; state: ENABLED
05-28 10:54:44.889 W/ActivityManager( 742): Slow operation: 77ms so far, now at startProcess: returned from zygote!
05-28 10:54:44.889 W/ActivityManager( 742): Slow operation: 78ms so far, now at startProcess: done updating battery stats
05-28 10:54:44.889 W/ActivityManager( 742): Slow operation: 78ms so far, now at startProcess: building log message
05-28 10:54:44.889 D/SystemServerTiming( 742): getUserSwitchability-0
05-28 10:54:44.889 I/ActivityManager( 742): Start proc 1957:com.android.keychain/1000 for service {com.android.keychain/com.android.keychain.KeyChainService}
05-28 10:54:44.889 W/ActivityManager( 742): Slow operation: 78ms so far, now at startProcess: starting to update pids map
05-28 10:54:44.889 W/ActivityManager( 742): Slow operation: 78ms so far, now at startProcess: done updating pids map
05-28 10:54:44.889 W/ActivityManager( 742): Slow operation: 67ms so far, now at startProcess: asking zygote to start proc
05-28 10:54:44.890 D/CompatibilityChangeReporter( 742): Compat change id reported: 143937733; UID 10049; state: ENABLED
05-28 10:54:44.890 D/SystemServerTiming( 742): TM.isInCall
05-28 10:54:44.891 D/SystemServerTiming( 742): hasUserRestriction-DISALLOW_USER_SWITCH
05-28 10:54:44.892 D/SystemServerTiming( 742): getInt-ALLOW_USER_SWITCHING_WHEN_SYSTEM_USER_LOCKED
05-28 10:54:44.892 D/SystemServerTiming( 742): isUserUnlocked-USER_SYSTEM
05-28 10:54:44.893 V/BackupManagerConstants( 742): getKeyValueBackupIntervalMilliseconds(...) returns 14400000
05-28 10:54:44.893 V/BackupManagerConstants( 742): getKeyValueBackupFuzzMilliseconds(...) returns 600000
05-28 10:54:44.893 V/BackupManagerConstants( 742): getKeyValueBackupRequiredNetworkType(...) returns 1
05-28 10:54:44.893 V/BackupManagerConstants( 742): getKeyValueBackupRequireCharging(...) returns true
05-28 10:54:44.893 V/KeyValueBackupJob( 742): Scheduling k/v pass in 248 minutes
05-28 10:54:44.913 W/ActivityManager( 742): Slow operation: 90ms so far, now at startProcess: returned from zygote!
05-28 10:54:44.913 W/ActivityManager( 742): Slow operation: 91ms so far, now at startProcess: done updating battery stats
05-28 10:54:44.913 W/ActivityManager( 742): Slow operation: 91ms so far, now at startProcess: building log message
05-28 10:54:44.913 I/ActivityManager( 742): Start proc 1985:com.android.music/u0a49 for service {com.android.music/com.android.music.MediaPlaybackService}
05-28 10:54:44.913 W/ActivityManager( 742): Slow operation: 91ms so far, now at startProcess: starting to update pids map
05-28 10:54:44.913 W/ActivityManager( 742): Slow operation: 91ms so far, now at startProcess: done updating pids map
05-28 10:54:44.914 D/CompatibilityChangeReporter( 742): Compat change id reported: 168419799; UID 1000; state: DISABLED
05-28 10:54:44.915 D/CompatibilityChangeReporter( 742): Compat change id reported: 273564678; UID 1000; state: DISABLED
05-28 10:54:44.923 D/CompatibilityChangeReporter( 742): Compat change id reported: 168419799; UID 1000; state: DISABLED
05-28 10:54:44.923 W/Looper ( 742): Slow dispatch took 104ms main h=android.app.ActivityThread$H c=android.app.LoadedApk$ReceiverDispatcher$Args$$ExternalSyntheticLambda0@1a77847 m=0
05-28 10:54:44.923 D/CompatibilityChangeReporter( 742): Compat change id reported: 273564678; UID 1000; state: DISABLED
05-28 10:54:44.923 V/NotificationAssistants( 742): 0 notification assistant service connected: ComponentInfo{android.ext.services/android.ext.services.notification.Assistant}
05-28 10:54:44.928 I/SyncManager( 742): Loaded persisted syncs: 0 periodic syncs, 0 oneshot syncs, 0 total system server jobs, JobStats: FirstLoad: 0/0/0 LastSave: 1/1/0
05-28 10:54:44.932 D/SystemServerTiming( 742): getUserSwitchability-0
05-28 10:54:44.932 D/SystemServerTiming( 742): TM.isInCall
05-28 10:54:44.933 D/SystemServerTiming( 742): hasUserRestriction-DISALLOW_USER_SWITCH
05-28 10:54:44.933 D/SystemServerTiming( 742): getInt-ALLOW_USER_SWITCHING_WHEN_SYSTEM_USER_LOCKED
05-28 10:54:44.934 D/SystemServerTiming( 742): isUserUnlocked-USER_SYSTEM
05-28 10:54:44.935 I/UsageStatsService( 742): User[0] Flushing usage stats to disk
05-28 10:54:44.940 D/CompatibilityChangeReporter( 742): Compat change id reported: 271850009; UID 1000; state: ENABLED
05-28 10:54:44.941 D/CompatibilityChangeReporter( 742): Compat change id reported: 271850009; UID 1000; state: DISABLED
05-28 10:54:44.942 W/ContextImpl( 1379): Calling a method in the system process without a qualified user: android.app.ContextImpl.startService:1899 android.content.ContextWrapper.startService:825 android.content.ContextWrapper.startService:825 com.droidlogic.BootComplete.onReceive:116 android.app.ActivityThread.handleReceiver:4494
05-28 10:54:44.948 W/ContextImpl( 1379): Calling a method in the system process without a qualified user: android.app.ContextImpl.startForegroundService:1905 android.content.ContextWrapper.startForegroundService:830 android.content.ContextWrapper.startForegroundService:830 com.droidlogic.BootComplete.onReceive:125 android.app.ActivityThread.handleReceiver:4494
05-28 10:54:44.949 W/ActivityManager( 742): Unable to start service Intent { cmp=com.android.tv.mdnsoffloadcmd/.MdnsOffloadCmdService } U=0: not found
05-28 10:54:44.953 D/CompatibilityChangeReporter( 742): Compat change id reported: 261072174; UID 1000; state: ENABLED
05-28 10:54:44.956 W/ContextImpl( 1379): Calling a method in the system process without a qualified user: android.app.ContextImpl.startService:1899 android.content.ContextWrapper.startService:825 android.content.ContextWrapper.startService:825 com.droidlogic.BootComplete.onReceive:127 android.app.ActivityThread.handleReceiver:4494
05-28 10:54:44.971 I/BackupManagerService( 742): isBackupEnabled() => false due to absent settings file
05-28 10:54:44.971 D/BackupManagerService( 742): user:0 readBackupEnableState enabled:false
05-28 10:54:44.971 I/BackupManagerService( 742): [UserID:0] Backup enabled => false
05-28 10:54:44.971 D/CompatibilityChangeReporter( 742): Compat change id reported: 168419799; UID 10049; state: DISABLED
05-28 10:54:44.971 D/CompatibilityChangeReporter( 742): Compat change id reported: 273564678; UID 10049; state: DISABLED
05-28 10:54:44.972 W/NotificationHistory( 742): Attempted to add notif for locked/gone/disabled user 0
05-28 10:54:44.986 W/ContextImpl( 1379): Calling a method in the system process without a qualified user: android.app.ContextImpl.startService:1899 android.content.ContextWrapper.startService:825 android.content.ContextWrapper.startService:825 com.droidlogic.BootComplete.onReceive:128 android.app.ActivityThread.handleReceiver:4494
05-28 10:54:44.987 D/CompatibilityChangeReporter( 742): Compat change id reported: 265195908; UID 10049; state: ENABLED
05-28 10:54:44.991 I/MediaSessionStack( 742): addSession to bottom of stack | record: com.android.bluetooth/BluetoothMediaBrowserService (userId=0)
05-28 10:54:44.992 D/CompatibilityChangeReporter( 742): Compat change id reported: 253665015; UID 1000; state: ENABLED
05-28 10:54:44.993 W/ContextImpl( 1379): Calling a method in the system process without a qualified user: android.app.ContextImpl.stopService:1911 android.content.ContextWrapper.stopService:835 android.content.ContextWrapper.stopService:835 com.droidlogic.BootComplete$2.onChange:276 com.droidlogic.BootComplete.updateDeveloperOptionsWatcher:283
05-28 10:54:44.995 D/CompatibilityChangeReporter( 742): Compat change id reported: 253665015; UID 1000; state: DISABLED
05-28 10:54:44.995 D/HDMI ( 742): AVR did not respond to
05-28 10:54:44.999 D/CompatibilityChangeReporter( 742): Compat change id reported: 170503758; UID 10049; state: DISABLED
05-28 10:54:45.001 D/HdmiControlService( 742): Switching to full volume behavior
05-28 10:54:45.003 W/ContextImpl( 1379): Calling a method in the system process without a qualified user: android.app.ContextImpl.startService:1899 android.content.ContextWrapper.startService:825 android.content.ContextWrapper.startService:825 com.droidlogic.BootComplete.onReceive:173 android.app.ActivityThread.handleReceiver:4494
05-28 10:54:45.015 D/CompatibilityChangeReporter( 742): Compat change id reported: 194532703; UID 1000; state: ENABLED
05-28 10:54:45.015 D/CompatibilityChangeReporter( 742): Compat change id reported: 194532703; UID 1000; state: DISABLED
05-28 10:54:45.017 I/PreBootBroadcaster( 742): Pre-boot of {com.droidlogic.mictoggle/com.droidlogic.mictoggle.AssistantMicMuteReceiver} for user 0
05-28 10:54:45.019 I/ActivityManager( 742): com.droidlogic.mictoggle is exempt from freezer
05-28 10:54:45.019 D/CompatibilityChangeReporter( 742): Compat change id reported: 135634846; UID 1000; state: DISABLED
05-28 10:54:45.035 D/HDMI ( 742): addVendorCommandListener 1877008
05-28 10:54:45.054 I/ActivityManager( 742): Start proc 2008:com.droidlogic.mictoggle/1000 for broadcast {com.droidlogic.mictoggle/com.droidlogic.mictoggle.AssistantMicMuteReceiver}
05-28 10:54:45.094 D/HDMI ( 742): [S]: 40:47:44:42:42:4F:58:2D:41:33
05-28 10:54:45.101 D/CompatibilityChangeReporter( 742): Compat change id reported: 168419799; UID 1000; state: DISABLED
05-28 10:54:45.101 D/CompatibilityChangeReporter( 742): Compat change id reported: 273564678; UID 1000; state: DISABLED
05-28 10:54:45.108 I/MediaSessionStack( 742): addSession to bottom of stack | record: com.android.music/MediaPlaybackService (userId=0)
05-28 10:54:45.112 V/BackupManagerConstants( 742): getKeyValueBackupIntervalMilliseconds(...) returns 14400000
05-28 10:54:45.112 V/BackupManagerConstants( 742): getKeyValueBackupFuzzMilliseconds(...) returns 600000
05-28 10:54:45.112 V/BackupManagerConstants( 742): getKeyValueBackupRequiredNetworkType(...) returns 1
05-28 10:54:45.122 V/BackupManagerConstants( 742): getKeyValueBackupRequireCharging(...) returns true
05-28 10:54:45.122 V/KeyValueBackupJob( 742): Scheduling k/v pass in 244 minutes
05-28 10:54:45.153 D/CompatibilityChangeReporter( 742): Compat change id reported: 261072174; UID 10052; state: ENABLED
05-28 10:54:45.254 W/ContextImpl( 2008): Calling a method in the system process without a qualified user: android.app.ContextImpl.startService:1899 android.content.ContextWrapper.startService:825 android.content.ContextWrapper.startService:825 com.droidlogic.mictoggle.AssistantMicMuteReceiver.onReceive:48 android.app.ActivityThread.handleReceiver:4494
05-28 10:54:45.274 I/PreBootBroadcaster( 742): Pre-boot of {com.android.managedprovisioning/com.android.managedprovisioning.ota.PreBootListener} for user 0
05-28 10:54:45.276 I/ActivityManager( 742): com.android.managedprovisioning is exempt from freezer
05-28 10:54:45.276 D/CompatibilityChangeReporter( 742): Compat change id reported: 135634846; UID 10022; state: DISABLED
05-28 10:54:45.276 D/CompatibilityChangeReporter( 742): Compat change id reported: 177438394; UID 10022; state: DISABLED
05-28 10:54:45.276 D/CompatibilityChangeReporter( 742): Compat change id reported: 135772972; UID 10022; state: DISABLED
05-28 10:54:45.277 D/CompatibilityChangeReporter( 742): Compat change id reported: 135754954; UID 10022; state: ENABLED
05-28 10:54:45.277 D/CompatibilityChangeReporter( 742): Compat change id reported: 143937733; UID 10022; state: ENABLED
05-28 10:54:45.283 I/AppsFilter( 742): interaction: PackageSetting{64ecfc7 com.dangbei.hqguide/10029} -> PackageSetting{dc749f4 com.android.camera2/10048} BLOCKED
05-28 10:54:45.306 W/AppWidgetServiceImpl( 742): Failed to read state: java.io.FileNotFoundException: /data/system/users/0/appwidgets.xml: open failed: ENOENT (No such file or directory)
05-28 10:54:45.306 V/AppWidgetServiceImpl( 742): Upgrading widget database from 0 to 1
05-28 10:54:45.318 I/ActivityManager( 742): Start proc 2043:com.android.managedprovisioning/u0a22 for broadcast {com.android.managedprovisioning/com.android.managedprovisioning.ota.PreBootListener}
05-28 10:54:45.415 D/CompatibilityChangeReporter( 742): Compat change id reported: 168419799; UID 10022; state: DISABLED
05-28 10:54:45.415 D/CompatibilityChangeReporter( 742): Compat change id reported: 273564678; UID 10022; state: DISABLED
05-28 10:54:45.425 D/CompatibilityChangeReporter( 742): Compat change id reported: 265195908; UID 10022; state: ENABLED
05-28 10:54:45.450 D/CompatibilityChangeReporter( 742): Compat change id reported: 170503758; UID 10022; state: ENABLED
05-28 10:54:45.465 D/CompatibilityChangeReporter( 742): Compat change id reported: 161145287; UID 10055; state: ENABLED
05-28 10:54:45.513 D/HDMI ( 742): [S]: 4F:87:1C:A4:10
05-28 10:54:45.664 D/CompatibilityChangeReporter( 742): Compat change id reported: 135634846; UID 10018; state: DISABLED
05-28 10:54:45.664 D/CompatibilityChangeReporter( 742): Compat change id reported: 177438394; UID 10018; state: DISABLED
05-28 10:54:45.664 D/CompatibilityChangeReporter( 742): Compat change id reported: 135772972; UID 10018; state: DISABLED
05-28 10:54:45.665 D/CompatibilityChangeReporter( 742): Compat change id reported: 135754954; UID 10018; state: ENABLED
05-28 10:54:45.665 D/CompatibilityChangeReporter( 742): Compat change id reported: 143937733; UID 10018; state: ENABLED
05-28 10:54:45.667 I/StorageUserConnection( 742): Service: [ComponentInfo{com.android.providers.media.module/com.android.providers.media.fuse.ExternalStorageServiceImpl}] connected. User [0]
05-28 10:54:45.690 I/ActivityManager( 742): Start proc 2079:android.process.acore/u0a18 for content provider {com.android.providers.contacts/com.android.providers.contacts.ContactsProvider2}
05-28 10:54:45.756 D/CompatibilityChangeReporter( 742): Compat change id reported: 168419799; UID 10018; state: DISABLED
05-28 10:54:45.756 D/CompatibilityChangeReporter( 742): Compat change id reported: 273564678; UID 10018; state: DISABLED
05-28 10:54:45.762 D/CompatibilityChangeReporter( 742): Compat change id reported: 265195908; UID 10018; state: ENABLED
05-28 10:54:45.777 D/CompatibilityChangeReporter( 742): Compat change id reported: 135634846; UID 10017; state: DISABLED
05-28 10:54:45.778 D/CompatibilityChangeReporter( 742): Compat change id reported: 177438394; UID 10017; state: DISABLED
05-28 10:54:45.778 D/CompatibilityChangeReporter( 742): Compat change id reported: 135772972; UID 10017; state: DISABLED
05-28 10:54:45.778 D/CompatibilityChangeReporter( 742): Compat change id reported: 135754954; UID 10017; state: ENABLED
05-28 10:54:45.779 D/CompatibilityChangeReporter( 742): Compat change id reported: 143937733; UID 10017; state: ENABLED
05-28 10:54:45.787 D/CompatibilityChangeReporter( 742): Compat change id reported: 170503758; UID 10018; state: ENABLED
05-28 10:54:45.794 I/PreBootBroadcaster( 742): Pre-boot of {com.android.providers.calendar/com.android.providers.calendar.CalendarUpgradeReceiver} for user 0
05-28 10:54:45.796 D/CompatibilityChangeReporter( 742): Compat change id reported: 135634846; UID 10016; state: DISABLED
05-28 10:54:45.796 D/CompatibilityChangeReporter( 742): Compat change id reported: 177438394; UID 10016; state: DISABLED
05-28 10:54:45.796 D/CompatibilityChangeReporter( 742): Compat change id reported: 135772972; UID 10016; state: DISABLED
05-28 10:54:45.796 D/CompatibilityChangeReporter( 742): Compat change id reported: 135754954; UID 10016; state: ENABLED
05-28 10:54:45.801 I/ActivityManager( 742): Start proc 2097:android.process.media/u0a17 for content provider {com.android.providers.media/com.android.providers.media.LegacyMediaProvider}
05-28 10:54:45.801 D/CompatibilityChangeReporter( 742): Compat change id reported: 143937733; UID 10016; state: ENABLED
05-28 10:54:45.823 I/ActivityManager( 742): Start proc 2105:com.android.providers.calendar/u0a16 for broadcast {com.android.providers.calendar/com.android.providers.calendar.CalendarUpgradeReceiver}
05-28 10:54:45.835 D/CompatibilityChangeReporter( 742): Compat change id reported: 168419799; UID 10017; state: DISABLED
05-28 10:54:45.835 D/CompatibilityChangeReporter( 742): Compat change id reported: 273564678; UID 10017; state: DISABLED
05-28 10:54:45.842 D/CompatibilityChangeReporter( 742): Compat change id reported: 265195908; UID 10017; state: ENABLED
05-28 10:54:45.847 D/CompatibilityChangeReporter( 742): Compat change id reported: 170503758; UID 10017; state: ENABLED
05-28 10:54:45.868 D/CompatibilityChangeReporter( 742): Compat change id reported: 161145287; UID 10018; state: ENABLED
05-28 10:54:45.869 D/CompatibilityChangeReporter( 742): Compat change id reported: 168419799; UID 10016; state: DISABLED
05-28 10:54:45.870 D/CompatibilityChangeReporter( 742): Compat change id reported: 273564678; UID 10016; state: DISABLED
05-28 10:54:45.873 D/CompatibilityChangeReporter( 742): Compat change id reported: 265195908; UID 10016; state: ENABLED
05-28 10:54:45.880 D/CompatibilityChangeReporter( 742): Compat change id reported: 170503758; UID 10016; state: ENABLED
05-28 10:54:45.915 D/CountryDetector( 742): The first listener is added
05-28 10:54:45.974 D/CompatibilityChangeReporter( 742): Compat change id reported: 207133734; UID 10016; state: ENABLED
05-28 10:54:45.984 D/CompatibilityChangeReporter( 742): Compat change id reported: 161145287; UID 10016; state: ENABLED
05-28 10:54:46.002 I/PreBootBroadcaster( 742): Pre-boot of {com.android.providers.contacts/com.android.providers.contacts.ContactsUpgradeReceiver} for user 0
05-28 10:54:46.006 D/HdmiCecController( 742): [P]:AllocatedAddress=[0]
05-28 10:54:46.006 W/HDMI ( 742): [1]:onPollingFinished but action has been removed com.android.server.hdmi.DeviceDiscoveryAction$1@79d0e5c
05-28 10:54:46.020 D/CompatibilityChangeReporter( 742): Compat change id reported: 253665015; UID 10017; state: ENABLED
05-28 10:54:46.021 D/CompatibilityChangeReporter( 742): Compat change id reported: 194532703; UID 10017; state: ENABLED
05-28 10:54:46.027 D/CompatibilityChangeReporter( 742): Compat change id reported: 143231523; UID 10016; state: DISABLED
05-28 10:54:46.034 D/CompatibilityChangeReporter( 742): Compat change id reported: 207133734; UID 10018; state: ENABLED
05-28 10:54:46.135 D/WallpaperManagerService( 742): Wallpaper_selinux_restorecon-0
05-28 10:54:46.159 W/VoiceInteractionManager( 742): no available voice recognition services found for user 0
05-28 10:54:46.165 W/VoiceInteractionManager( 742): no available voice recognition services found for user 0
05-28 10:54:46.170 W/VoiceInteractionManager( 742): no available voice recognition services found for user 0
05-28 10:54:46.172 D/AppWidgetServiceImpl( 742): Provider info from ComponentInfo{com.android.deskclock/com.android.alarmclock.AnalogAppWidgetProvider} won't be persisted.
