05-28 15:39:00.407 W/SQLiteLog( 2316): (28) double-quoted string literal: "
05-28 15:39:00.407 W/SQLiteLog( 2316): (28) double-quoted string literal: "0A62B1380751D614751CD3ED1E2F69EF"
05-28 15:39:00.428 E/ccc ( 1946): cccccc UpdateHelper onMessageReceived com.dangbei.haqusetting com.dangbei.etna.update {"action":"get","functionTag":"leaf_controller_function_controller_dangbei_update","value":0} com.dangbei.lerad.etna.aidl.IEtnaAidlCallback$Stub$Proxy@8e47dba
05-28 15:39:00.429 E/ccc ( 1946): cccccc 缓存获取遥控器版本 DB-15B-H5-R0111
05-28 15:39:00.429 E/ccc ( 1946): cccccc 请求电量缓存 78
05-28 15:39:00.430 W/WindowManager( 742): [addWindow] title:com.dangbei.haqusetting/com.dangbei.haqusetting.ui.HomeActivity
05-28 15:39:00.448 D/CoreBackPreview( 742): Window{fd8c10c u0 com.dangbei.haqusetting/com.dangbei.haqusetting.ui.HomeActivity}: Setting back callback OnBackInvokedCallbackInfo{mCallback=android.window.IOnBackInvokedCallback$Stub$Proxy@97c7c6a, mPriority=0, mIsAnimationCallback=false}
05-28 15:39:00.459 E/OpenGLRenderer( 2296): Unable to match the desired swap behavior.
05-28 15:39:00.478 W/RecyclerView( 2296): No adapter attached; skipping layout
05-28 15:39:00.485 V/WindowManagerShell( 1176): onTransitionReady android.os.BinderProxy@25667c6: {id=52 t=OPEN f=0x0 trk=0 r=[0@Point(0, 0)] c=[{WCT{android.window.IWindowContainerToken$Stub$Proxy@5965620} m=OPEN f=TRANSLUCENT leash=Surface(name=Task=33)/@0xdfeeedd sb=Rect(0, 0 - 1920, 1080) eb=Rect(0, 0 - 1920, 1080) d=0}]}
05-28 15:39:00.485 V/WindowManagerShell( 1176): Playing animation for (#52)android.os.BinderProxy@25667c6@0
05-28 15:39:00.485 V/WindowManagerShell( 1176): try handler com.android.wm.shell.keyguard.KeyguardTransitionHandler@d57b599
05-28 15:39:00.485 V/WindowManagerShell( 1176): try handler com.android.wm.shell.pip.tv.TvPipTransition@503205e
05-28 15:39:00.486 V/WindowManagerShell( 1176): try handler com.android.wm.shell.activityembedding.ActivityEmbeddingController@ce59c3f
05-28 15:39:00.486 V/WindowManagerShell( 1176): try handler com.android.wm.shell.transition.RemoteTransitionHandler@b18e90c
05-28 15:39:00.486 V/WindowManagerShell( 1176): Transition doesn't have explicit remote, search filters for match for {id=52 t=OPEN f=0x0 trk=0 r=[0@Point(0, 0)] c=[{WCT{android.window.IWindowContainerToken$Stub$Proxy@5965620} m=OPEN f=TRANSLUCENT leash=Surface(name=Task=33)/@0xdfeeedd sb=Rect(0, 0 - 1920, 1080) eb=Rect(0, 0 - 1920, 1080) d=0}]}
05-28 15:39:00.486 V/WindowManagerShell( 1176): Delegate animation for #52 to null
05-28 15:39:00.486 V/WindowManagerShell( 1176): try handler com.android.wm.shell.transition.DefaultTransitionHandler@be51255
05-28 15:39:00.486 V/WindowManagerShell( 1176): start default transition animation, info = {id=52 t=OPEN f=0x0 trk=0 r=[0@Point(0, 0)] c=[{WCT{android.window.IWindowContainerToken$Stub$Proxy@5965620} m=OPEN f=TRANSLUCENT leash=Surface(name=Task=33)/@0xdfeeedd sb=Rect(0, 0 - 1920, 1080) eb=Rect(0, 0 - 1920, 1080) d=0}]}
05-28 15:39:00.486 V/WindowManagerShell( 1176): loadAnimation: anim=android.view.animation.AlphaAnimation@c009bd9 animAttr=0x4 type=OPEN isEntrance=true
05-28 15:39:00.487 I/ActivityTaskManager( 742): Displayed com.dangbei.haqusetting/.ui.HomeActivity for user 0: +100ms
05-28 15:39:00.489 V/WindowManagerShell( 1176): animated by com.android.wm.shell.transition.DefaultTransitionHandler@be51255
05-28 15:39:00.491 V/WindowManager( 742): Sent Transition #52 createdAt=05-28 15:39:00.377 via request=TransitionRequestInfo { type = 1, triggerTask = TaskInfo{userId=0 taskId=33 displayId=0 isRunning=true baseIntent=Intent { dat=haqu://setting:8080/... flg=0x10000000 pkg=com.dangbei.haqusetting cmp=com.dangbei.haqusetting/.ui.HomeActivity } baseActivity=ComponentInfo{com.dangbei.haqusetting/com.dangbei.haqusetting.ui.HomeActivity} topActivity=ComponentInfo{com.dangbei.haqusetting/com.dangbei.haqusetting.ui.HomeActivity} origActivity=null realActivity=ComponentInfo{com.dangbei.haqusetting/com.dangbei.haqusetting.ui.HomeActivity} numActivities=1 lastActiveTime=5210855 supportsMultiWindow=true resizeMode=1 isResizeable=true minWidth=-1 minHeight=-1 defaultMinSize=220 token=WCT{RemoteToken{fddf536 Task{a572d99 #33 type=standard A=1000:com.dangbei.haqusetting}}} topActivityType=1 pictureInPictureParams=null shouldDockBigOverlays=true launchIntoPipHostTaskId=-1 lastParentTaskIdBeforePip=-1 displayCutoutSafeInsets=null topActivityInfo=ActivityInfo{ffc0c37 com.dangbei.haqusetting.ui.HomeActivity} launchCookies=[] positionInParent=Point(0, 0) parentTaskId=-1 isFocused=false isVisible=false isVisibleRequested=false isSleeping=false topActivityInSizeCompat=false topActivityEligibleForLetterboxEducation= false isLetterboxDoubleTapEnabled= false topActivityEligibleForUserAspectRatioButton= false topActivityBoundsLetterboxed= false isFromLetterboxDoubleTap= false topActivityLetterboxVerticalPosition= -1 topActivityLetterboxHorizontalPosition= -1 topActivityLetterboxWidth=-1 topActivityLetterboxHeight=-1 isUserFullscreenOverrideEnabled=false isTopActivityTransparent=true locusId=null displayAreaFeatureId=1 cameraCompatControlState=hidden}, remoteTransition = null, displayChange = null, flags = 0 }
05-28 15:39:00.492 V/WindowManager( 742): startWCT=WindowContainerTransaction { changes = {} hops = [] errorCallbackToken=null taskFragmentOrganizer=null }
05-28 15:39:00.492 V/WindowManager( 742): info={id=52 t=OPEN f=0x0 trk=0 r=[0@Point(0, 0)] c=[{WCT{RemoteToken{fddf536 Task{a572d99 #33 type=standard A=1000:com.dangbei.haqusetting}}} m=OPEN f=TRANSLUCENT leash=Surface(name=Task=33)/@0xbe5755b sb=Rect(0, 0 - 1920, 1080) eb=Rect(0, 0 - 1920, 1080) d=0}]}
05-28 15:39:00.503 D/WindowManagerShell( 1176): TvPipController: onTaskStackChanged()
05-28 15:39:00.506 E/db_okhttp( 8961): POST url:http://otysdktj.tvfuwu.com/util-servlet/clientservice
05-28 15:39:00.506 E/db_okhttp( 8961): Request: topic=dbsc_init&message={"list":"%5B%22%257B%2522action%2522%253A%2522%2522%252C%2522insertTime%2522%253A%25221748417940503%2522%252C%2522content%2522%253A%2522%25257B%252522create_time%252522%25253A%2525221748417940503%252522%25252C%252522function%252522%25253A%252522init%252522%25252C%252522devboot_id%252522%25253A%252522174841445459487%252522%25252C%252522init_ispause%252522%25253A%2525222%252522%25257D%2522%257D%22%5D","mode":"1","mac":"g/tNESpYG9/PwHTF3VhpwDk/T+Cy+qdeKwoSjimoU+Q=","wifimac":"q9MCMMcNlOCXpWwv1qdeYQ==","ip":"Fvuptjwx8oU6BDodh2IUcQ==","channel":"+uL1c5z1z7lZFZqvGVRkHQ==","deviceid":"HYW6A0RpORlEbwTfmhSa4ALk+KpIFJJkXD05AYjGwxzDMNTUA1Q+x0Bd609R6rdh","dev_uuid":"Wvul+Vc+nCobEd58umDMooPBejhZHq0SXslKSFEz0/7rNjNYcegbeZ/oqmU96vJB","uuid":"lkm2UxCCS6pUo0VM2hOh6kLHB5/gO8ZIxN5zfVGthUTvAgWOqVQi5iy53wVF0IzI","packagename":"4u7INlRctM+acvVJ1H8eFWhLT5oSUdIcuUT4JfTX7WI=","appname":"UbS086E9JOT+vRwzW0lFjA==","packagelist":"StYQ8VSaxno+sBFpzoW/MFP7p+RUJlFeCI0OTRHyCbqOiFITq2vTqkORUvk1LNhryFJGE26gmrCn3jkSXLqusUyDV5j43BDOc/rPTtfchbQ=","vname":"EEnPqQlWue6z1AGyQn9bHw==","vcode":"6X4bRW8AOLb6xahW1AOqXA==","brand":"TDkI4ikohcctSvValz6Lqg==","cpuserial":"E75ahJxR4Nm1GULbpKtJHg==","bluetoothmac":"q9MCMMcNlOCXpWwv1qdeYQ==","osversion":"eM2RQ/CyeWNEcjPYjEPAVg==","oscode":"c0NKRmy9YUIw3GmzbJld0g==","rommodel":"ABjPdzCJylEmN2GZQZkNHA==","is_write":"PGkmCK6GzMtvR1UYLLYopw==","is_updated":"PGkmCK6GzMtvR1UYLLYopw==","session_id":"nQpl+61uEwx7OAo8KazdxU4ychKV5w3qaH0bCeYgX6F1SFjk1bveNrOTAXDqePrQ","romvername":"","romvercode":"","boxfactory":"","sn":"","settle_mode":"1"}&requestSourceType=statistics&
05-28 15:39:00.544 I/ImeTracker( 742): com.dangbei.haqusetting:e974d96d: onRequestHide at ORIGIN_SERVER_HIDE_INPUT reason HIDE_UNSPECIFIED_WINDOW
05-28 15:39:00.545 I/ImeTracker( 742): com.dangbei.haqusetting:e974d96d: onCancelled at PHASE_SERVER_SHOULD_HIDE
05-28 15:39:00.547 I/DefaultIMS( 3119): onStartInput attribute=android.view.inputmethod.EditorInfo@ced7c36 restarting=false inputType: 0
05-28 15:39:00.554 W/ContextImpl( 742): Calling a method in the system process without a qualified user: android.app.ContextImpl.startService:1899 com.android.server.wm.DisplayPolicy.lambda$focusChangedLw$5:2126 com.android.server.wm.DisplayPolicy.$r8$lambda$Znxk63oh-WzVnzo_WQefN7uxV48:0 com.android.server.wm.DisplayPolicy$$ExternalSyntheticLambda13.run:0 android.os.Handler.handleCallback:958
05-28 15:39:00.560 D/aaa ( 2151): LedStatusService onStartCommand begin
05-28 15:39:00.561 D/aaa ( 2151): topPkg is -------------- :com.dangbei.haqusetting
05-28 15:39:00.562 E/db_okhttp( 8961): POST_res url:http://otysdktj.tvfuwu.com/util-servlet/clientservice
05-28 15:39:00.562 E/db_okhttp( 8961): response:
05-28 15:39:00.749 E/ccc ( 1946): cccccc UpdateHelper onMessageReceived com.dangbei.haqusetting com.dangbei.etna.update {"action":"get","functionTag":"leaf_controller_function_controller_dangbei_update","value":0} com.dangbei.lerad.etna.aidl.IEtnaAidlCallback$Stub$Proxy@f74646b
05-28 15:39:00.750 E/ccc ( 1946): cccccc 请求电量缓存 78
05-28 15:39:00.750 E/ccc ( 1946): cccccc 缓存获取遥控器版本 DB-15B-H5-R0111
05-28 15:39:00.811 D/ConnectivityService( 742): requestNetwork for uid/pid:1000/2296 activeRequest: null callbackRequest: 83 [NetworkRequest [ REQUEST id=84, [ Capabilities: INTERNET&NOT_RESTRICTED&TRUSTED&NOT_VCN_MANAGED Uid: 1000 RequestorUid: 1000 RequestorPkg: com.dangbei.haqusetting UnderlyingNetworks: Null] ]] callback flags: 0 order: 2147483647
05-28 15:39:00.813 D/WifiNetworkFactory( 742): got request NetworkRequest [ REQUEST id=84, [ Capabilities: INTERNET&NOT_RESTRICTED&TRUSTED&NOT_VCN_MANAGED Uid: 1000 RequestorUid: 1000 RequestorPkg: com.dangbei.haqusetting UnderlyingNetworks: Null] ]
05-28 15:39:00.814 D/UntrustedWifiNetworkFactory( 742): got request NetworkRequest [ REQUEST id=84, [ Capabilities: INTERNET&NOT_RESTRICTED&TRUSTED&NOT_VCN_MANAGED Uid: 1000 RequestorUid: 1000 RequestorPkg: com.dangbei.haqusetting UnderlyingNetworks: Null] ]
05-28 15:39:00.814 D/OemPaidWifiNetworkFactory( 742): got request NetworkRequest [ REQUEST id=84, [ Capabilities: INTERNET&NOT_RESTRICTED&TRUSTED&NOT_VCN_MANAGED Uid: 1000 RequestorUid: 1000 RequestorPkg: com.dangbei.haqusetting UnderlyingNetworks: Null] ]
05-28 15:39:00.814 D/MultiInternetWifiNetworkFactory( 742): got request NetworkRequest [ REQUEST id=84, [ Capabilities: INTERNET&NOT_RESTRICTED&TRUSTED&NOT_VCN_MANAGED Uid: 1000 RequestorUid: 1000 RequestorPkg: com.dangbei.haqusetting UnderlyingNetworks: Null] ]
05-28 15:39:00.814 D/ConnectivityService( 742): NetReassign [84 : null → 100] [c 0] [a 1] [i 2]
05-28 15:39:00.816 I/DefaultIMS( 3119): onStartInput attribute=android.view.inputmethod.EditorInfo@4ba8737 restarting=false inputType: 0
05-28 15:39:00.903 V/WindowManagerShell( 1176): Transition animation finished (aborted=false), notifying core (#52)android.os.BinderProxy@25667c6@0
05-28 15:39:00.906 V/WindowManager( 742): Finish Transition #52: created at
05-28 15:39:00.377 collect-started=0.094ms request-sent=11.321ms started=13.821ms ready=23.831ms sent=101.482ms finished=528.008ms
05-28 15:39:00.910 V/WindowManagerShell( 1176): Track 0 became idle
05-28 15:39:00.910 V/WindowManagerShell( 1176): All active transition animations finished
05-28 15:39:00.974 E/ccc ( 1946): cccccc settingHelper resetManager
05-28 15:39:00.975 V/HdmiDisplayManager( 1946): Amlogic Y5
05-28 15:39:00.984 E/ccc ( 1946): cccccc ColorFormatManager reset
05-28 15:39:00.985 D/MesonDisplayServer( 289): use connector getDisplayAttribute "HDR Priority": "268435472"
05-28 15:39:00.986 I/SystemControl( 343): [/DisplayMode.cpp, getCurrentHdrPriority, 2840] getCurrentHdrPriority is [0x10000010]
05-28 15:39:00.986 V/MesonDisplayServer( 289): GetDisplayMode:1080p60hz
05-28 15:39:00.988 D/MesonDisplayServer( 289): use connector getDisplayAttribute "HDR Priority": "268435472"
05-28 15:39:00.988 I/SystemControl( 343): [/DisplayMode.cpp, getCurrentHdrPriority, 2840] getCurrentHdrPriority is [0x10000010]
05-28 15:39:00.990 V/MesonDisplayServer( 289): GetDisplayMode:1080p60hz
05-28 15:39:00.991 D/MesonDisplayServer( 289): use connector getDisplayAttribute "HDMI Color ATTR": "422,12bit"
05-28 15:39:00.991 I/SystemControl( 343): [/DisplayMode.cpp, getDeepColorAttr, 2290] getDeepColorAttr colorspace:422,12bit
05-28 15:39:00.992 I/SystemControl( 343): get deep color attr mode 1080p60hz, value 422,12bit
05-28 15:39:00.992 E/ccc ( 1946): cccccc ColorHelper current get YCbCr 4:2:2 12-bit
05-28 15:39:00.996 D/HDMI ( 742): one touch play retry:1
05-28 15:39:00.997 D/HDMI ( 742): [S]: 40:0D
05-28 15:39:00.998 V/MesonDisplayServer( 289): GetDisplayMode:1080p60hz
05-28 15:39:01.000 D/MesonDisplayServer( 289): use connector getDisplayAttribute "HDMI Color ATTR": "422,12bit"
05-28 15:39:01.000 I/SystemControl( 343): [/DisplayMode.cpp, getDeepColorAttr, 2290] getDeepColorAttr colorspace:422,12bit
05-28 15:39:01.000 I/SystemControl( 343): get deep color attr mode 1080p60hz, value 422,12bit
05-28 15:39:01.000 E/ccc ( 1946): cccccc ColorHelper current get YCbCr 4:2:2 12-bit
05-28 15:39:01.054 D/hdmicecd( 532): [CEC]:printCecMessage, [4 -> 0] len: 1, body: 0d, result:no ack
05-28 15:39:01.081 W/WindowOnBackDispatcher( 1946): sendCancelIfRunning: isInProgress=falsecallback=android.view.ViewRootImpl$$ExternalSyntheticLambda17@78fa9f3
05-28 15:39:01.082 D/CoreBackPreview( 742): Window{8c55762 u0 Toast}: Setting back callback null
05-28 15:39:01.084 W/InputManager-JNI( 742): Input channel object '8c55762 Toast (client)' was disposed without first being removed with the input manager!
05-28 15:39:01.089 W/NotificationService( 742): Toast already killed. pkg=com.dangbei.lerad.etna.haqu token=android.os.BinderProxy@fba4b2f
05-28 15:39:01.110 D/hdmicecd( 532): [CEC]:printCecMessage, [4 -> 0] len: 1, body: 0d, result:no ack
05-28 15:39:01.111 D/ResendCecCommandAction( 742): ResendCecCommandAction started
05-28 15:39:01.111 D/HDMI ( 742): [S]: 40:8F
05-28 15:39:01.167 D/hdmicecd( 532): [CEC]:printCecMessage, [4 -> 0] len: 1, body: 8f, result:no ack
05-28 15:39:01.222 D/hdmicecd( 532): [CEC]:printCecMessage, [4 -> 0] len: 1, body: 8f, result:no ack
05-28 15:39:01.222 E/IPCThreadState( 532): binder thread pool (1 threads) starved for 111 ms
05-28 15:39:01.411 D/ResendCecCommandAction( 742): sendCommandWithoutRetries failed, retry
05-28 15:39:01.412 D/HDMI ( 742): [S]: 40:0D
05-28 15:39:01.466 D/hdmicecd( 532): [CEC]:printCecMessage, [4 -> 0] len: 1, body: 0d, result:no ack
05-28 15:39:01.522 D/hdmicecd( 532): [CEC]:printCecMessage, [4 -> 0] len: 1, body: 0d, result:no ack
05-28 15:39:01.710 D/XM_HIDREAD( 2292): poll ret=1, event=1
05-28 15:39:01.710 D/XM_HIDREAD( 2292): [9 bytes]:01 00 00 50 00 00 00 00 00
05-28 15:39:01.712 I/SogouIME( 3119): onKeyDown: keyoCode=21
05-28 15:39:01.712 I/DefaultIMS( 3119): onKeyDown: keyoCode=21
05-28 15:39:01.720 I/DefaultIMS( 3119): onStartInput attribute=android.view.inputmethod.EditorInfo@42884a4 restarting=false inputType: 0
05-28 15:39:01.791 D/XM_HIDREAD( 2292): poll ret=1, event=1
05-28 15:39:01.791 D/XM_HIDREAD( 2292): [9 bytes]:01 00 00 00 00 00 00 00 00
05-28 15:39:01.792 I/WifiHAL ( 558): call wifi_get_link_stats handler
05-28 15:39:01.792 I/WifiHAL ( 558): Creating message to get link statistics; iface = 16
05-28 15:39:01.792 D/WifiHAL ( 558): error code -95 mapped to -3
05-28 15:39:01.792 I/SogouIME( 3119): onKeyUp: keyoCode=21
05-28 15:39:01.793 I/DefaultIMS( 3119): onKeyUp: keyoCode=21
05-28 15:39:01.793 E/WifiStaIfaceAidlImpl( 742): getLinkLayerStats failed with service-specific exception: android.os.ServiceSpecificException: (code 4)
05-28 15:39:01.823 D/ResendCecCommandAction( 742): sendCommandWithoutRetries failed, retry
05-28 15:39:01.824 D/HDMI ( 742): [S]: 40:0D
05-28 15:39:01.878 D/hdmicecd( 532): [CEC]:printCecMessage, [4 -> 0] len: 1, body: 0d, result:no ack
05-28 15:39:01.934 D/hdmicecd( 532): [CEC]:printCecMessage, [4 -> 0] len: 1, body: 0d, result:no ack
05-28 15:39:02.998 D/HDMI ( 742): one touch play retry:2
05-28 15:39:02.998 D/HDMI ( 742): [S]: 40:0D
05-28 15:39:03.054 D/hdmicecd( 532): [CEC]:printCecMessage, [4 -> 0] len: 1, body: 0d, result:no ack
05-28 15:39:03.091 W/WindowManager( 742): Unable to start animation, surface is null or no children.
05-28 15:39:03.110 D/hdmicecd( 532): [CEC]:printCecMessage, [4 -> 0] len: 1, body: 0d, result:no ack
05-28 15:39:03.111 D/HDMI ( 742): [S]: 40:8F
05-28 15:39:03.111 D/ResendCecCommandAction( 742): ResendCecCommandAction started
05-28 15:39:03.170 D/hdmicecd( 532): [CEC]:printCecMessage, [4 -> 0] len: 1, body: 8f, result:no ack
05-28 15:39:03.226 D/hdmicecd( 532): [CEC]:printCecMessage, [4 -> 0] len: 1, body: 8f, result:no ack
05-28 15:39:03.411 D/ResendCecCommandAction( 742): sendCommandWithoutRetries failed, retry
05-28 15:39:03.412 D/HDMI ( 742): [S]: 40:0D
05-28 15:39:03.466 D/hdmicecd( 532): [CEC]:printCecMessage, [4 -> 0] len: 1, body: 0d, result:no ack
05-28 15:39:03.480 E/TaskPersister( 742): File error accessing recents directory (directory doesn't exist?).
05-28 15:39:03.522 D/hdmicecd( 532): [CEC]:printCecMessage, [4 -> 0] len: 1, body: 0d, result:no ack
05-28 15:39:03.823 D/ResendCecCommandAction( 742): sendCommandWithoutRetries failed, retry
05-28 15:39:03.824 D/HDMI ( 742): [S]: 40:0D
05-28 15:39:03.878 D/hdmicecd( 532): [CEC]:printCecMessage, [4 -> 0] len: 1, body: 0d, result:no ack
05-28 15:39:03.938 D/hdmicecd( 532): [CEC]:printCecMessage, [4 -> 0] len: 1, body: 0d, result:no ack
05-28 15:39:04.550 E/ccc ( 1946): cccccc onPhrikeUpdate downloading 2.021333
05-28 15:39:04.797 I/WifiHAL ( 558): call wifi_get_link_stats handler
05-28 15:39:04.798 I/WifiHAL ( 558): Creating message to get link statistics; iface = 16
05-28 15:39:04.798 D/WifiHAL ( 558): error code -95 mapped to -3
05-28 15:39:04.798 E/WifiStaIfaceAidlImpl( 742): getLinkLayerStats failed with service-specific exception: android.os.ServiceSpecificException: (code 4)
05-28 15:39:04.999 D/HDMI ( 742): one touch play retry:3
05-28 15:39:04.999 D/HDMI ( 742): [S]: 40:0D
05-28 15:39:05.054 D/hdmicecd( 532): [CEC]:printCecMessage, [4 -> 0] len: 1, body: 0d, result:no ack
05-28 15:39:05.110 D/hdmicecd( 532): [CEC]:printCecMessage, [4 -> 0] len: 1, body: 0d, result:no ack
05-28 15:39:05.111 D/HDMI ( 742): [S]: 40:8F
05-28 15:39:05.111 D/ResendCecCommandAction( 742): ResendCecCommandAction started
05-28 15:39:05.166 D/hdmicecd( 532): [CEC]:printCecMessage, [4 -> 0] len: 1, body: 8f, result:no ack
05-28 15:39:05.222 D/hdmicecd( 532): [CEC]:printCecMessage, [4 -> 0] len: 1, body: 8f, result:no ack
05-28 15:39:05.410 D/ResendCecCommandAction( 742): sendCommandWithoutRetries failed, retry
05-28 15:39:05.411 D/HDMI ( 742): [S]: 40:0D
05-28 15:39:05.466 D/hdmicecd( 532): [CEC]:printCecMessage, [4 -> 0] len: 1, body: 0d, result:no ack
05-28 15:39:05.522 D/hdmicecd( 532): [CEC]:printCecMessage, [4 -> 0] len: 1, body: 0d, result:no ack
05-28 15:39:05.823 D/ResendCecCommandAction( 742): sendCommandWithoutRetries failed, retry
05-28 15:39:05.824 D/HDMI ( 742): [S]: 40:0D
05-28 15:39:05.882 D/hdmicecd( 532): [CEC]:printCecMessage, [4 -> 0] len: 1, body: 0d, result:no ack
05-28 15:39:05.938 D/hdmicecd( 532): [CEC]:printCecMessage, [4 -> 0] len: 1, body: 0d, result:no ack
05-28 15:39:06.203 I/xm_hidread( 2292): type=1400 audit(0.0:3327): avc: denied { read } for scontext=u:r:init:s0 tcontext=u:r:init:s0 tclass=netlink_kobject_uevent_socket permissive=1
05-28 15:39:06.213 I/SystemControl( 343): [/UEventObserver.cpp, HDMITxUenventThreadLoop, 451] HDMI TX switch_name:hdmitx_current_status, switch_state: 92
05-28 15:39:06.215 V/WindowManager( 742): app ------------- force_land :0
05-28 15:39:06.219 I/hdmicecd( 552): [HdmiCecControl]:Hotplug event port:0, now:0, prevStatus:1 power:1
05-28 15:39:06.221 D/DisplayManagerService( 742): Ignore redundant display event 0/2 to 10067/1190
05-28 15:39:06.221 D/DisplayManagerService( 742): Ignore redundant display event 0/2 to 10075/6844
05-28 15:39:06.225 I/WiredAccessoryManager( 742): MSG_NEW_DEVICE_STATE
05-28 15:39:06.227 E/ccc ( 1946): cccccc hdmi plug reset
05-28 15:39:06.227 I/hdmiconnection( 552): hot plug port id 0, is connected 0
05-28 15:39:06.228 I/SystemControl( 343): [/UEventObserver.cpp, HDMITxUenventThreadLoop, 451] HDMI TX switch_name:hdmitx_hpd, switch_state: 0
05-28 15:39:06.228 I/SystemControl( 343): [/DisplayMode.cpp, onTxEvent, 3267] onTxEvent switchName:hdmitx_hpd hpdstate:0 state: 1
05-28 15:39:06.228 I/SystemControl( 343): [/SysWrite.cpp, getKernelReleaseVersion, 701] getKernelReleaseVersion: 5.15
05-28 15:39:06.228 I/AS.AudioDeviceInventory( 742): NOISY: adding 0x400
05-28 15:39:06.228 I/SystemControl( 343): [/SystemControlHal.cpp, onEvent, 72] onEvent event:2, client size:5
05-28 15:39:06.228 I/AS.AudioDeviceInventory( 742): NOISY: musicDevice changing from NONE to 0x400
05-28 15:39:06.228 I/SystemControl( 343): [/Ubootenv.cpp, get, 336] [ubootenv] get key:hdmimode envValue: none
05-28 15:39:06.228 I/SystemControl( 343): [/Ubootenv.cpp, get, 345] [ubootenv] search end and not find env:user_colorattribute
05-28 15:39:06.228 I/SystemControl( 343): [/Ubootenv.cpp, get, 345] [ubootenv] search end and not find env:hdr_force_mode
05-28 15:39:06.228 I/SystemControl( 343): [/DisplayMode.cpp, gethdrforcemode, 2742] get hdr force mode is [2]
05-28 15:39:06.228 I/SystemControl( 343): [/Ubootenv.cpp, get, 336] [ubootenv] get key:hdr_policy envValue: 0
05-28 15:39:06.228 I/SystemControl( 343): [/DisplayMode.cpp, getHdrStrategy, 2758] getHdrStrategy is [0]
05-28 15:39:06.228 I/SystemControl( 343): [/Ubootenv.cpp, get, 336] [ubootenv] get key:hdr_priority envValue: 268435472
05-28 15:39:06.228 I/SystemControl( 343): [/DisplayMode.cpp, getHdrPriority, 2891] getHdrPriority is [0x10000010]
05-28 15:39:06.228 I/SystemControl( 343): [/DisplayMode.cpp, getCommonData, 1534] isbestcolorspace:1, isbestpolicy:1, hdr_policy:0, hdr_priority :268435472, hdr_force_mode:2
05-28 15:39:06.228 I/SystemControlClient( 527): notifyCallback event type:2
05-28 15:39:06.229 I/SystemControlClient( 527): notifyCallback: listener is NULL.
05-28 15:39:06.229 I/SystemControlEvent( 1379): system control callback event: 2
05-28 15:39:06.229 I/SystemControl( 343): [/Ubootenv.cpp, get, 345] [ubootenv] search end and not find env:connector_type
05-28 15:39:06.229 I/SystemControlClient( 528): notifyCallback event type:2
05-28 15:39:06.230 I/SystemControlClient( 528): notifyCallback: listener is NULL.
05-28 15:39:06.230 I/SystemControlClient( 529): notifyCallback event type:2
05-28 15:39:06.230 I/SystemControlClient( 529): notifyCallback: listener is NULL.
05-28 15:39:06.230 I/SystemControlClient( 244): notifyCallback event type:2
05-28 15:39:06.230 I/SystemControlClient( 244): notifyCallback: listener is NULL.
05-28 15:39:06.231 E/MesonHwc( 289): DrmConnector[HDMI-A] still DISCONNECTED.
05-28 15:39:06.231 D/MesonHwc( 289): ERR: PLEASE FIX NON-IMPLEMENT FUN(update).
05-28 15:39:06.232 I/AS.AudioDeviceBroker( 742): broadcast ACTION_AUDIO_BECOMING_NOISY
05-28 15:39:06.233 I/SystemControl( 343): [/Ubootenv.cpp, get, 345] [ubootenv] search end and not find env:connector_type
05-28 15:39:06.233 D/HDMI ( 742): Hotplug event:[port:0, connected:false]
05-28 15:39:06.233 E/MesonHwc( 289): FixedDisplayPipe::getConnectorCfg 15
05-28 15:39:06.234 E/ccc ( 1946): cccccc hdmi plug reset
05-28 15:39:06.234 D/hdmicecd( 532): [HdmiCecControl]:getPhysicalAddress, physical addr: ffff, last pa: 1000, ret = 0
05-28 15:39:06.234 E/MesonHwc( 289): read screen size 0x0 from vinfo
05-28 15:39:06.234 E/MesonHwc( 289): dolby vision driver is not ready
05-28 15:39:06.234 I/SystemControl( 343): [/Ubootenv.cpp, get, 345] [ubootenv] search end and not find env:connector_type
05-28 15:39:06.234 E/MesonHwc( 289): FixedDisplayPipe::getConnectorCfg 15
05-28 15:39:06.234 D/MesonHwc( 289): ERR: PLEASE FIX NON-IMPLEMENT FUN(update).
05-28 15:39:06.235 E/MesonHwc( 289): read screen size 0x0 from vinfo
05-28 15:39:06.235 E/MesonHwc( 289): dolby vision driver is not ready
05-28 15:39:06.223 I/systemcontrol( 343): type=1400 audit(0.0:3328): avc: denied { call } for scontext=u:r:system_control:s0 tcontext=u:r:hal_oemlock_default:s0 tclass=binder permissive=1
05-28 15:39:06.239 E/xxxxxxxxxxxxxxx( 2316): onReceive:mIsHDMIPlugged = false
05-28 15:39:06.239 E/xxxxxxxxxxxxxxx( 2316): onReceive:mIsHDMIPlugged = false
05-28 15:39:06.239 E/MesonHwc( 289): Do Nothing in updateDisplayMode .
05-28 15:39:06.239 V/MesonDisplayServer( 289): GetDisplayMode:1080p60hz
05-28 15:39:06.223 I/systemcontrol( 343): type=1400 audit(0.0:3329): avc: denied { call } for scontext=u:r:system_control:s0 tcontext=u:r:hal_power_default:s0 tclass=binder permissive=1
05-28 15:39:06.244 V/MesonDisplayServer( 289): GetDisplayMode:1080p60hz
05-28 15:39:06.244 I/SystemControl( 343): [/DisplayMode.cpp, getDisplayMode, 2331] getDisplayMode mode:1080p60hz
05-28 15:39:06.245 I/SystemControl( 343): [/Ubootenv.cpp, get, 336] [ubootenv] get key:hdmimode envValue: none
05-28 15:39:06.245 I/SystemControl( 343): [/Ubootenv.cpp, get, 336] [ubootenv] get key:cvbsmode envValue: 576cvbs
05-28 15:39:06.245 I/SystemControl( 343): [/DisplayMode.cpp, getCommonData, 1542] hdmi_current_mode:1080p60hz, ubootenv hdmimode:none cvbsmode:576cvbs
05-28 15:39:06.245 D/MesonDisplayServer( 289): use connector getDisplayAttribute "HDMI Color ATTR": "422,12bit"
05-28 15:39:06.223 I/systemcontrol( 343): type=1400 audit(0.0:3330): avc: denied { call } for scontext=u:r:system_control:s0 tcontext=u:r:mediacodec:s0 tclass=binder permissive=1
05-28 15:39:06.246 I/SystemControl( 343): [/Ubootenv.cpp, get, 345] [ubootenv] search end and not find env:user_colorattribute
05-28 15:39:06.246 I/SystemControl( 343): [/DisplayMode.cpp, getCommonData, 1554] hdmi_current_attr:422,12bit, ubootenv_colorattribute:none
05-28 15:39:06.246 I/SystemControl( 343): [/Ubootenv.cpp, get, 345] [ubootenv] search end and not find env:dv_enable
05-28 15:39:06.246 I/SystemControl( 343): [/DisplayMode.cpp, getCommonData, 1567] dv_enable:0
05-28 15:39:06.246 I/SystemControl( 343): [/Ubootenv.cpp, get, 345] [ubootenv] search end and not find env:user_prefer_dv_type
05-28 15:39:06.246 I/SystemControl( 343): [/DisplayMode.cpp, getCommonData, 1578] ubootenv_dv_type:0
05-28 15:39:06.246 I/SystemControl( 343): [/DisplayMode.cpp, getHdmiData, 1721] display sink type:0 [0:none, 1:sink, 2:repeater]
05-28 15:39:06.246 I/SystemControl( 343): [/DisplayMode.cpp, filterHdmiDispcap, 1398] before filtered HdmiDispcap:
05-28 15:39:06.246 I/SystemControl( 343): [/DisplayMode.cpp, filterHdmiDispcap, 1427] after filtered HdmiDispcap:
05-28 15:39:06.251 D/MesonDisplayServer( 289): getDisplayAttribute "Dolby Vision CAP2": "The Rx don't support DolbyVision"
05-28 15:39:06.251 E/SystemControl( 343): [/DisplayMode.cpp, getHdmiDvCap, 1618] TV isn't support dolby vision: The Rx don't support DolbyVision
05-28 15:39:06.251 I/SystemControl( 343): [/DisplayMode.cpp, onTxEvent, 3294] onTxEvent boot config enable do nothing, just return
05-28 15:39:06.251 I/SystemControl( 343): [/UEventObserver.cpp, HDMITxUenventThreadLoop, 451] HDMI TX switch_name:hdmitx_audio, switch_state: 0
05-28 15:39:06.251 I/SystemControl( 343): [/DisplayMode.cpp, onTxEvent, 3267] onTxEvent switchName:hdmitx_audio hpdstate:0 state: 1
05-28 15:39:06.251 I/SystemControl( 343): [/SysWrite.cpp, getKernelReleaseVersion, 701] getKernelReleaseVersion: 5.15
05-28 15:39:06.251 I/SystemControl( 343): [/SystemControlHal.cpp, onEvent, 72] onEvent event:4, client size:5
05-28 15:39:06.252 I/SystemControlClient( 529): notifyCallback event type:4
05-28 15:39:06.252 I/SystemControlClient( 529): notifyCallback: listener is NULL.
05-28 15:39:06.252 I/SystemControlClient( 244): notifyCallback event type:4
05-28 15:39:06.252 I/SystemControlClient( 244): notifyCallback: listener is NULL.
05-28 15:39:06.252 I/SystemControlClient( 528): notifyCallback event type:4
05-28 15:39:06.252 I/SystemControlClient( 528): notifyCallback: listener is NULL.
05-28 15:39:06.252 I/SystemControlClient( 527): notifyCallback event type:4
05-28 15:39:06.252 I/SystemControlClient( 527): notifyCallback: listener is NULL.
05-28 15:39:06.252 I/SystemControlEvent( 1379): system control callback event: 4
05-28 15:39:06.345 D/MesonDisplayServer( 289): SetDisplay[CVBS] Mode to "dummy_l"
05-28 15:39:06.357 W/HWComposer( 263): Ignoring duplicate VSYNC event from HWC for display 4627013623894091019 (t=5216822170000)
05-28 15:39:06.357 E/MesonHwc( 289): waitVBlank failed crtc[63]ret[-1]
05-28 15:39:06.357 E/MesonHwc( 289): wait for hw vsync error:-1
05-28 15:39:06.358 I/SystemControl( 343): [/UEventObserver.cpp, HDMITxUenventThreadLoop, 451] HDMI TX switch_name:hdmitx_current_status, switch_state: 93
05-28 15:39:06.360 I/SystemControl( 343): [/UEventObserver.cpp, HDMITxUenventThreadLoop, 451] HDMI TX switch_name:hdmitx_current_status, switch_state: 94
05-28 15:39:06.398 D/MesonComposer3( 289): halEventcallback onHotplug client3.0
05-28 15:39:06.398 E/MesonHwc( 289): getPort 15
05-28 15:39:06.399 E/MesonHwc( 289): getPort 15
05-28 15:39:06.400 I/SurfaceFlinger( 263): Reconnecting display 4627013623894091019 (HAL ID 0)
05-28 15:39:06.401 E/MesonComposer3( 289): destroyLayer: display:0 failed to destroy layer:90
05-28 15:39:06.401 E/HwcComposer( 263): destroyLayer failed Status(-8, EX_SERVICE_SPECIFIC): '3: '
05-28 15:39:06.401 E/HWC2 ( 263): destroyLayer(0, 90) failed: BadLayer (3)
05-28 15:39:06.401 E/MesonComposer3( 289): destroyLayer: display:0 failed to destroy layer:342
05-28 15:39:06.402 E/HwcComposer( 263): destroyLayer failed Status(-8, EX_SERVICE_SPECIFIC): '3: '
05-28 15:39:06.402 E/HWC2 ( 263): destroyLayer(0, 342) failed: BadLayer (3)
05-28 15:39:06.402 E/HwcComposer( 263): setClientTargetSlotCount failed Status(-8, EX_SERVICE_SPECIFIC): '4: '
05-28 15:39:06.417 I/Scheduler( 263): Display 4627013623894091019 is the pacesetter
05-28 15:39:06.418 E/SchedulerTimer( 263): Terminated
05-28 15:39:06.418 D/SurfaceFlinger( 263): Setting power mode 2 on display 4627013623894091019
05-28 15:39:06.418 W/EventThread( 263): Failed dispatching Hotplug{displayId=4627013623894091019, connected} for Connection{0xf1c83290, VSyncRequest::None}
05-28 15:39:06.418 W/EventThread( 263): Failed dispatching Hotplug{displayId=4627013623894091019, connected} for Connection{0xf1c82c10, VSyncRequest::None}
05-28 15:39:06.418 W/EventThread( 263): Failed dispatching Hotplug{displayId=4627013623894091019, connected} for Connection{0xf1c82d10, VSyncRequest::None}
05-28 15:39:06.418 W/EventThread( 263): Failed dispatching Hotplug{displayId=4627013623894091019, connected} for Connection{0xf1c82890, VSyncRequest::None}
05-28 15:39:06.418 W/EventThread( 263): Failed dispatching Hotplug{displayId=4627013623894091019, connected} for Connection{0xf1c86910, VSyncRequest::None}
05-28 15:39:06.418 W/EventThread( 263): Failed dispatching Hotplug{displayId=4627013623894091019, connected} for Connection{0xf1c84e90, VSyncRequest::None}
05-28 15:39:06.419 D/SurfaceFlinger( 263): Finished setting power mode 2 on display 4627013623894091019
05-28 15:39:06.426 D/LocalDisplayAdapter( 742): The active mode was changed from SurfaceFlinger or the display device to {id=120, width=1920, height=1080, fps=59.94006, alternativeRefreshRates=[], supportedHdrTypes=[]}
05-28 15:39:06.426 D/LocalDisplayAdapter( 742): New display modes are added and the active mode has changed, use active mode as default mode.
05-28 15:39:06.426 W/LocalDisplayAdapter( 742): DisplayModeSpecs base mode no longer available, using currently active mode.
05-28 15:39:06.428 I/DisplayDeviceRepository( 742): Display device changed: DisplayDeviceInfo{"内置屏幕": uniqueId="local:4627013623894091019", 1920 x 1080, modeId 110, renderFrameRate 59.94006, defaultModeId 110, supportedModes [{id=110, width=1920, height=1080, fps=59.94006, alternativeRefreshRates=[], supportedHdrTypes=[2]}, {id=111, width=1920, height=1080, fps=60.000004, alternativeRefreshRates=[], supportedHdrTypes=[2]}, {id=112, width=1920, height=1080, fps=50.0, alternativeRefreshRates=[], supportedHdrTypes=[2]}, {id=113, width=1920, height=1080, fps=29.97003, alternativeRefreshRates=[], supportedHdrTypes=[2]}, {id=114, width=1920, height=1080, fps=30.000002, alternativeRefreshRates=[], supportedHdrTypes=[2]}, {id=115, width=1920, height=1080, fps=23.976025, alternativeRefreshRates=[], supportedHdrTypes=[2]}, {id=116, width=1920, height=1080, fps=24.000002, alternativeRefreshRates=[], supportedHdrTypes=[2]}, {id=117, width=1280, height=720, fps=59.94006, alternativeRefreshRates=[], supportedHdrTypes=[2]}, {id=118, width=1280, height=720, fps=60.000004, alternativeRefreshRates=[], supportedHdrTypes=[2]}, {id=119, width=1280, height=720, fps=50.0, alternativeRefreshRates=[], supportedHdrTypes=[2]}], colorMode 0, supportedColorModes [0], hdrCapabilities HdrCapabilities{mSupportedHdrTypes=[2], mMaxLuminance=500.0, mMaxAverageLuminance=500.0, mMinLuminance=0.0}, allmSupported false, gameContentTypeSupported false, density 240, 42.406 x 42.203 dpi, appVsyncOff 2000000, presDeadline 13683333, touch INTERNAL, rotation 0, type INTERNAL, address {port=11, model=0x403674603f19a5}, deviceProductInfo DeviceProductInfo{name=DBPADGO1AIR, manufacturerPnpId=DBA, productId=48, modelYear=null, manufactureDate=ManufactureDate{week=10, year=2014}, connectionToSinkType=2}, state ON, committedState ON, frameRateOverride , brightnessMinimum 0.0, brightnessMaximum 1.0, brightnessDefault 0.39763778, hdrSdrRatio NaN, FLAG_ALLOWED_TO_BE_DEFAULT_DISPLAY, FLAG_ROTATES_WITH_CONTENT, FLAG_SECURE, FLAG_SUPPORTS_PROTECTED_BUFFERS, FLAG_TRUSTED, installOrientation 0, displayShape DisplayShape{ spec=729782573 displayWidth=1920 displayHeight=1080 physicalPixelDisplaySizeRatio=1.0 rotation=0 offsetX=0 offsetY=0 scale=1.0}}
05-28 15:39:06.432 D/DisplayManagerService( 742): Ignore redundant display event 0/2 to 10067/1190
05-28 15:39:06.432 D/DisplayManagerService( 742): Ignore redundant display event 0/2 to 10075/6844
05-28 15:39:06.432 W/LocalDisplayAdapter( 742): Ignoring request for invalid base mode id 110
05-28 15:39:06.434 I/DisplayDeviceRepository( 742): Display device changed: DisplayDeviceInfo{"内置屏幕": uniqueId="local:4627013623894091019", 1920 x 1080, modeId 120, renderFrameRate 59.94006, defaultModeId 120, supportedModes [{id=120, width=1920, height=1080, fps=59.94006, alternativeRefreshRates=[], supportedHdrTypes=[]}], colorMode 0, supportedColorModes [0], hdrCapabilities HdrCapabilities{mSupportedHdrTypes=[], mMaxLuminance=500.0, mMaxAverageLuminance=500.0, mMinLuminance=0.0}, allmSupported false, gameContentTypeSupported false, density 240, 42.406 x 42.203 dpi, appVsyncOff 2000000, presDeadline 13683333, touch INTERNAL, rotation 0, type INTERNAL, address {port=11, model=0x403674603f19a5}, deviceProductInfo DeviceProductInfo{name=Linux FHD, manufacturerPnpId=LNX, productId=0, modelYear=null, manufactureDate=ManufactureDate{week=5, year=2012}, connectionToSinkType=0}, state ON, committedState ON, frameRateOverride , brightnessMinimum 0.0, brightnessMaximum 1.0, brightnessDefault 0.39763778, hdrSdrRatio NaN, FLAG_ALLOWED_TO_BE_DEFAULT_DISPLAY, FLAG_ROTATES_WITH_CONTENT, FLAG_SECURE, FLAG_SUPPORTS_PROTECTED_BUFFERS, FLAG_TRUSTED, installOrientation 0, displayShape DisplayShape{ spec=729782573 displayWidth=1920 displayHeight=1080 physicalPixelDisplaySizeRatio=1.0 rotation=0 offsetX=0 offsetY=0 scale=1.0}}
05-28 15:39:06.438 I/RefreshRateSelector( 263): Display 4627013623894091019 policy changed
05-28 15:39:06.438 I/RefreshRateSelector( 263): Previous: {defaultModeId=119, allowGroupSwitching=false, primaryRanges={physical=[0.00 Hz, 340282346638528859811704183484516925440.00 Hz], render=[0.00 Hz, 340282346638528859811704183484516925440.00 Hz]}, appRequestRanges={physical=[0.00 Hz, 340282346638528859811704183484516925440.00 Hz], render=[0.00 Hz, 340282346638528859811704183484516925440.00 Hz]}}
05-28 15:39:06.438 I/RefreshRateSelector( 263): Current: DisplayManagerPolicy{defaultModeId=119, allowGroupSwitching=false, primaryRanges={physical=[0.00 Hz, inf Hz], render=[0.00 Hz, 120.00 Hz]}, appRequestRanges={physical=[0.00 Hz, inf Hz], render=[0.00 Hz, inf Hz]}}
05-28 15:39:06.438 I/RefreshRateSelector( 263): 0 mode changes were performed under the previous policy
05-28 15:39:07.000 D/HDMI ( 742): one touch play retry:4
05-28 15:39:07.001 D/HDMI ( 742): [S]: 40:0D
05-28 15:39:07.058 D/hdmicecd( 532): [CEC]:printCecMessage, [4 -> 0] len: 1, body: 0d, result:no ack
05-28 15:39:07.118 D/hdmicecd( 532): [CEC]:printCecMessage, [4 -> 0] len: 1, body: 0d, result:no ack
05-28 15:39:07.119 D/HDMI ( 742): [S]: 40:8F
05-28 15:39:07.119 D/ResendCecCommandAction( 742): ResendCecCommandAction started
05-28 15:39:07.174 D/hdmicecd( 532): [CEC]:printCecMessage, [4 -> 0] len: 1, body: 8f, result:no ack
05-28 15:39:07.233 D/AudioService( 742): setWiredDeviceConnectionState( type:400 state:DEVICE_STATE_UNAVAILABLE addr: name:) from android
05-28 15:39:07.233 I/AS.AudioDeviceInventory( 742): handleDeviceConnection(false dev:400 address: name:)
05-28 15:39:07.233 I/AS.AudioDeviceInventory( 742): deviceKey:0x400:
05-28 15:39:07.233 I/AS.AudioDeviceInventory( 742): deviceInfo:[DeviceInfo: type:0x400 (hdmi) name: addr: codec: 0 sensorUuid: null disabled modes: {}] is(already)Connected:true
05-28 15:39:07.234 D/hdmicecd( 532): [CEC]:printCecMessage, [4 -> 0] len: 1, body: 8f, result:no ack
05-28 15:39:07.234 I/APM_AudioPolicyManager( 594): [setDeviceConnectionState:256] curForceUse:NONE(0) disconnect_forceuse:HDMI(9)
05-28 15:39:07.235 I/audio_hw_hal_primary( 509): [adev_set_device_connected_state_v7:9037] disconnected address:, num_descriptors:0, num_profiles:3
05-28 15:39:07.235 I/audio_hw_hal_primary( 509): [set_device_connect_state:4044] state:0, dev:OUT_HDMI(0x400), pre_out:0x80002, pre_in:0x4
05-28 15:39:07.235 D/audio_hw_hal_resourcemgr( 509): [set_output_device_avail:353] device:0x400 avail_out_devices:400 routed_out_devices:0x400
05-28 15:39:07.241 W/APM::Devices( 594): DeviceVector::remove device 00000400 not in
05-28 15:39:07.242 W/IPCThreadState( 594): Sending oneway calls to frozen process.
05-28 15:39:07.242 I/AS.AudioDeviceInventory( 742): sendDeviceConnectionIntent(dev:0x400 state:0x0 address: name:);
05-28 15:39:07.246 V/MediaRouter( 742): Audio routes updated: AudioRoutesInfo{ type=SPEAKER }, a2dp=false
05-28 15:39:07.246 V/MediaRouter( 742): Selecting route: RouteInfo{ name=电视, description=null, status=null, category=RouteCategory{ name=系统 types=ROUTE_TYPE_LIVE_AUDIO ROUTE_TYPE_LIVE_VIDEO groupable=false }, supportedTypes=ROUTE_TYPE_LIVE_AUDIO ROUTE_TYPE_LIVE_VIDEO , presentationDisplay=null }
05-28 15:39:07.250 V/MediaRouter( 1176): Audio routes updated: AudioRoutesInfo{ type=SPEAKER }, a2dp=false
05-28 15:39:07.250 V/MediaRouter( 1176): Selecting route: RouteInfo{ name=电视, description=null, status=null, category=RouteCategory{ name=系统 types=ROUTE_TYPE_LIVE_AUDIO ROUTE_TYPE_LIVE_VIDEO groupable=false }, supportedTypes=ROUTE_TYPE_LIVE_AUDIO ROUTE_TYPE_LIVE_VIDEO , presentationDisplay=null }
05-28 15:39:07.255 D/xm_audio( 509): adev_get_parameters
05-28 15:39:07.256 D/xm_audio( 509): adev_get_parameters
05-28 15:39:07.262 D/xm_audio( 509): adev_get_parameters
05-28 15:39:07.264 D/xm_audio( 509): adev_get_parameters
05-28 15:39:07.272 D/xm_audio( 509): adev_get_parameters
05-28 15:39:07.274 D/xm_audio( 509): adev_get_parameters
05-28 15:39:07.279 D/xm_audio( 509): adev_get_parameters
05-28 15:39:07.280 D/xm_audio( 509): adev_get_parameters
05-28 15:39:07.285 D/xm_audio( 509): adev_get_parameters
05-28 15:39:07.287 D/xm_audio( 509): adev_get_parameters
05-28 15:39:07.293 D/xm_audio( 509): adev_get_parameters
05-28 15:39:07.295 D/xm_audio( 509): adev_get_parameters
05-28 15:39:07.301 D/xm_audio( 509): adev_get_parameters
05-28 15:39:07.302 D/xm_audio( 509): adev_get_parameters
05-28 15:39:07.307 D/xm_audio( 509): adev_get_parameters
05-28 15:39:07.309 D/xm_audio( 509): adev_get_parameters
05-28 15:39:07.316 D/xm_audio( 509): adev_get_parameters
05-28 15:39:07.317 D/xm_audio( 509): adev_get_parameters
05-28 15:39:07.322 D/xm_audio( 509): adev_get_parameters
05-28 15:39:07.324 D/xm_audio( 509): adev_get_parameters
05-28 15:39:07.331 D/xm_audio( 509): adev_get_parameters
05-28 15:39:07.332 D/xm_audio( 509): adev_get_parameters
05-28 15:39:07.338 I/vol.Events( 1176): writeEvent level_changed STREAM_VOICE_CALL 100
05-28 15:39:07.340 I/vol.Events( 1176): writeEvent level_changed STREAM_SYSTEM 100
05-28 15:39:07.342 I/vol.Events( 1176): writeEvent level_changed STREAM_RING 100
05-28 15:39:07.344 I/vol.Events( 1176): writeEvent level_changed STREAM_MUSIC 20
05-28 15:39:07.347 I/vol.Events( 1176): writeEvent level_changed STREAM_ALARM 100
05-28 15:39:07.419 D/ResendCecCommandAction( 742): sendCommandWithoutRetries failed, retry
05-28 15:39:07.420 D/HDMI ( 742): [S]: 40:0D
05-28 15:39:07.474 D/hdmicecd( 532): [CEC]:printCecMessage, [4 -> 0] len: 1, body: 0d, result:no ack
05-28 15:39:07.530 D/hdmicecd( 532): [CEC]:printCecMessage, [4 -> 0] len: 1, body: 0d, result:no ack
05-28 15:39:07.543 D/nStackXCoAP( 2823): IsInSameNetwork:[276] :IsInSameNetwork exec
05-28 15:39:07.543 I/nStackXDFinder( 2823): GetLocalInterfaceDetail:[461] :GetLocalInterfaceDetail in
05-28 15:39:07.543 E/nStackXCoAP( 2823): IsInSameNetwork:[281] :IsInSameNetwork: not priority process
05-28 15:39:07.543 D/nStackXCoAP( 2823): ParseServiceDiscover:[330] :new device join
05-28 15:39:07.543 E/nStackXDFinder( 2823): GetLocalIp:[401] :GetLocalIp exec
05-28 15:39:07.659 D/nStackXCoAP( 2823): IsInSameNetwork:[276] :IsInSameNetwork exec
05-28 15:39:07.660 I/nStackXDFinder( 2823): GetLocalInterfaceDetail:[461] :GetLocalInterfaceDetail in
05-28 15:39:07.660 E/nStackXCoAP( 2823): IsInSameNetwork:[281] :IsInSameNetwork: not priority process
05-28 15:39:07.660 D/nStackXCoAP( 2823): ParseServiceDiscover:[330] :new device join
05-28 15:39:07.660 E/nStackXDFinder( 2823): GetLocalIp:[401] :GetLocalIp exec
05-28 15:39:07.794 D/nStackXCoAP( 2823): CoapMessageHandler:[133] :2.01
05-28 15:39:07.804 I/WifiHAL ( 558): call wifi_get_link_stats handler
05-28 15:39:07.804 I/WifiHAL ( 558): Creating message to get link statistics; iface = 16
05-28 15:39:07.804 D/WifiHAL ( 558): error code -95 mapped to -3
05-28 15:39:07.805 E/WifiStaIfaceAidlImpl( 742): getLinkLayerStats failed with service-specific exception: android.os.ServiceSpecificException: (code 4)
05-28 15:39:07.831 D/ResendCecCommandAction( 742): sendCommandWithoutRetries failed, retry
05-28 15:39:07.832 D/HDMI ( 742): [S]: 40:0D
05-28 15:39:07.890 D/hdmicecd( 532): [CEC]:printCecMessage, [4 -> 0] len: 1, body: 0d, result:no ack
05-28 15:39:07.939 D/nStackXCoAP( 2823): IsInSameNetwork:[276] :IsInSameNetwork exec
05-28 15:39:07.939 I/nStackXDFinder( 2823): GetLocalInterfaceDetail:[461] :GetLocalInterfaceDetail in
05-28 15:39:07.939 E/nStackXCoAP( 2823): IsInSameNetwork:[281] :IsInSameNetwork: not priority process
05-28 15:39:07.939 D/nStackXCoAP( 2823): ParseServiceDiscover:[330] :new device join
05-28 15:39:07.939 E/nStackXDFinder( 2823): GetLocalIp:[401] :GetLocalIp exec
05-28 15:39:07.946 D/hdmicecd( 532): [CEC]:printCecMessage, [4 -> 0] len: 1, body: 0d, result:no ack
05-28 15:39:07.998 D/nStackXCoAP( 2823): CoapMessageHandler:[133] :2.01
05-28 15:39:08.030 D/nStackXCoAP( 2823): IsInSameNetwork:[276] :IsInSameNetwork exec
05-28 15:39:08.030 I/nStackXDFinder( 2823): GetLocalInterfaceDetail:[461] :GetLocalInterfaceDetail in
05-28 15:39:08.030 E/nStackXCoAP( 2823): IsInSameNetwork:[281] :IsInSameNetwork: not priority process
05-28 15:39:08.030 D/nStackXCoAP( 2823): ParseServiceDiscover:[330] :new device join
05-28 15:39:08.030 E/nStackXDFinder( 2823): GetLocalIp:[401] :GetLocalIp exec
05-28 15:39:08.119 D/nStackXCoAP( 2823): CoapMessageHandler:[133] :2.01
05-28 15:39:08.183 D/nStackXCoAP( 2823): IsInSameNetwork:[276] :IsInSameNetwork exec
05-28 15:39:08.183 I/nStackXDFinder( 2823): GetLocalInterfaceDetail:[461] :GetLocalInterfaceDetail in
05-28 15:39:08.183 E/nStackXCoAP( 2823): IsInSameNetwork:[281] :IsInSameNetwork: not priority process
05-28 15:39:08.183 D/nStackXCoAP( 2823): ParseServiceDiscover:[330] :new device join
05-28 15:39:08.183 E/nStackXDFinder( 2823): GetLocalIp:[401] :GetLocalIp exec
05-28 15:39:08.223 D/nStackXCoAP( 2823): CoapMessageHandler:[133] :2.01
05-28 15:39:08.299 D/nStackXCoAP( 2823): IsInSameNetwork:[276] :IsInSameNetwork exec
05-28 15:39:08.299 I/nStackXDFinder( 2823): GetLocalInterfaceDetail:[461] :GetLocalInterfaceDetail in
05-28 15:39:08.299 E/nStackXCoAP( 2823): IsInSameNetwork:[281] :IsInSameNetwork: not priority process
05-28 15:39:08.299 D/nStackXCoAP( 2823): ParseServiceDiscover:[330] :new device join
05-28 15:39:08.299 E/nStackXDFinder( 2823): GetLocalIp:[401] :GetLocalIp exec
05-28 15:39:08.347 D/nStackXCoAP( 2823): CoapMessageHandler:[133] :2.01
05-28 15:39:08.371 I/cling--ap-167( 2644): type=1400 audit(0.0:3331): avc: denied { search } for name="net" dev="sysfs" ino=12344 scontext=u:r:untrusted_app_27:s0:c43,c256,c512,c768 tcontext=u:object_r:sysfs_net:s0 tclass=dir permissive=1 app=com.dangbei.screencast
05-28 15:39:08.428 D/nStackXCoAP( 2823): IsInSameNetwork:[276] :IsInSameNetwork exec
05-28 15:39:08.428 I/nStackXDFinder( 2823): GetLocalInterfaceDetail:[461] :GetLocalInterfaceDetail in
05-28 15:39:08.428 E/nStackXCoAP( 2823): IsInSameNetwork:[281] :IsInSameNetwork: not priority process
05-28 15:39:08.428 D/nStackXCoAP( 2823): ParseServiceDiscover:[330] :new device join
05-28 15:39:08.428 E/nStackXDFinder( 2823): GetLocalIp:[401] :GetLocalIp exec
05-28 15:39:08.564 D/nStackXCoAP( 2823): CoapMessageHandler:[133] :2.01
05-28 15:39:08.636 E/ccc ( 1946): cccccc onPhrikeUpdate downloading 2.022489
05-28 15:39:08.813 D/nStackXCoAP( 2823): IsInSameNetwork:[276] :IsInSameNetwork exec
05-28 15:39:08.813 I/nStackXDFinder( 2823): GetLocalInterfaceDetail:[461] :GetLocalInterfaceDetail in
05-28 15:39:08.813 E/nStackXCoAP( 2823): IsInSameNetwork:[281] :IsInSameNetwork: not priority process
05-28 15:39:08.813 D/nStackXCoAP( 2823): ParseServiceDiscover:[330] :new device join
05-28 15:39:08.813 E/nStackXDFinder( 2823): GetLocalIp:[401] :GetLocalIp exec
05-28 15:39:08.932 D/nStackXCoAP( 2823): CoapMessageHandler:[133] :2.01
05-28 15:39:09.003 D/HDMI ( 742): one touch play retry:5
05-28 15:39:09.004 D/HDMI ( 742): [S]: 40:0D
05-28 15:39:09.058 D/hdmicecd( 532): [CEC]:printCecMessage, [4 -> 0] len: 1, body: 0d, result:no ack
05-28 15:39:09.114 D/hdmicecd( 532): [CEC]:printCecMessage, [4 -> 0] len: 1, body: 0d, result:no ack
05-28 15:39:09.115 D/HDMI ( 742): [S]: 40:8F
05-28 15:39:09.115 D/ResendCecCommandAction( 742): ResendCecCommandAction started
05-28 15:39:09.170 D/hdmicecd( 532): [CEC]:printCecMessage, [4 -> 0] len: 1, body: 8f, result:no ack
05-28 15:39:09.226 D/hdmicecd( 532): [CEC]:printCecMessage, [4 -> 0] len: 1, body: 8f, result:no ack
05-28 15:39:09.379 D/nStackXCoAP( 2823): IsInSameNetwork:[276] :IsInSameNetwork exec
05-28 15:39:09.379 I/nStackXDFinder( 2823): GetLocalInterfaceDetail:[461] :GetLocalInterfaceDetail in
05-28 15:39:09.379 E/nStackXCoAP( 2823): IsInSameNetwork:[281] :IsInSameNetwork: not priority process
05-28 15:39:09.379 D/nStackXCoAP( 2823): ParseServiceDiscover:[330] :new device join
05-28 15:39:09.379 E/nStackXDFinder( 2823): GetLocalIp:[401] :GetLocalIp exec
05-28 15:39:09.415 D/ResendCecCommandAction( 742): sendCommandWithoutRetries failed, retry
05-28 15:39:09.416 D/HDMI ( 742): [S]: 40:0D
05-28 15:39:09.470 D/hdmicecd( 532): [CEC]:printCecMessage, [4 -> 0] len: 1, body: 0d, result:no ack
05-28 15:39:09.526 D/hdmicecd( 532): [CEC]:printCecMessage, [4 -> 0] len: 1, body: 0d, result:no ack
05-28 15:39:09.745 D/nStackXCoAP( 2823): IsInSameNetwork:[276] :IsInSameNetwork exec
05-28 15:39:09.745 I/nStackXDFinder( 2823): GetLocalInterfaceDetail:[461] :GetLocalInterfaceDetail in
05-28 15:39:09.745 E/nStackXCoAP( 2823): IsInSameNetwork:[281] :IsInSameNetwork: not priority process
05-28 15:39:09.745 D/nStackXCoAP( 2823): ParseServiceDiscover:[330] :new device join
05-28 15:39:09.745 E/nStackXDFinder( 2823): GetLocalIp:[401] :GetLocalIp exec
05-28 15:39:09.755 D/nStackXCoAP( 2823): IsInSameNetwork:[276] :IsInSameNetwork exec
05-28 15:39:09.755 I/nStackXDFinder( 2823): GetLocalInterfaceDetail:[461] :GetLocalInterfaceDetail in
05-28 15:39:09.755 E/nStackXCoAP( 2823): IsInSameNetwork:[281] :IsInSameNetwork: not priority process
05-28 15:39:09.755 D/nStackXCoAP( 2823): ParseServiceDiscover:[330] :new device join
05-28 15:39:09.756 E/nStackXDFinder( 2823): GetLocalIp:[401] :GetLocalIp exec
05-28 15:39:09.827 D/ResendCecCommandAction( 742): sendCommandWithoutRetries failed, retry
05-28 15:39:09.828 D/HDMI ( 742): [S]: 40:0D
05-28 15:39:09.881 D/nStackXCoAP( 2823): CoapMessageHandler:[133] :2.01
05-28 15:39:09.882 D/hdmicecd( 532): [CEC]:printCecMessage, [4 -> 0] len: 1, body: 0d, result:no ack
05-28 15:39:09.938 D/hdmicecd( 532): [CEC]:printCecMessage, [4 -> 0] len: 1, body: 0d, result:no ack
05-28 15:39:10.050 D/nStackXCoAP( 2823): IsInSameNetwork:[276] :IsInSameNetwork exec
05-28 15:39:10.050 I/nStackXDFinder( 2823): GetLocalInterfaceDetail:[461] :GetLocalInterfaceDetail in
05-28 15:39:10.050 E/nStackXCoAP( 2823): IsInSameNetwork:[281] :IsInSameNetwork: not priority process
05-28 15:39:10.050 D/nStackXCoAP( 2823): ParseServiceDiscover:[330] :new device join
05-28 15:39:10.050 E/nStackXDFinder( 2823): GetLocalIp:[401] :GetLocalIp exec
05-28 15:39:10.245 D/nStackXCoAP( 2823): CoapMessageHandler:[133] :2.01
05-28 15:39:10.246 D/nStackXCoAP( 2823): CoapMessageHandler:[133] :2.01
05-28 15:39:10.246 D/nStackXCoAP( 2823): CoapMessageHandler:[133] :2.01
05-28 15:39:10.306 D/nStackXCoAP( 2823): CoapMessageHandler:[133] :2.01
05-28 15:39:10.335 D/nStackXCoAP( 2823): IsInSameNetwork:[276] :IsInSameNetwork exec
05-28 15:39:10.335 I/nStackXDFinder( 2823): GetLocalInterfaceDetail:[461] :GetLocalInterfaceDetail in
05-28 15:39:10.335 E/nStackXCoAP( 2823): IsInSameNetwork:[281] :IsInSameNetwork: not priority process
05-28 15:39:10.335 D/nStackXCoAP( 2823): ParseServiceDiscover:[330] :new device join
05-28 15:39:10.335 E/nStackXDFinder( 2823): GetLocalIp:[401] :GetLocalIp exec
