05-28 14:25:42.848 V/WindowManagerShell( 1176): Transition doesn't have explicit remote, search filters for match for {id=20 t=OPEN f=0x0 trk=0 r=[0@Point(0, 0)] c=[{WCT{android.window.IWindowContainerToken$Stub$Proxy@67a3ab8} m=OPEN f=NONE leash=Surface(name=Task=12)/@0xf340dcc sb=Rect(0, 0 - 1920, 1080) eb=Rect(0, 0 - 1920, 1080) d=0},{WCT{android.window.IWindowContainerToken$Stub$Proxy@23f4091} m=TO_BACK f=NONE leash=Surface(name=Task=1)/@0xd263815 sb=Rect(0, 0 - 1920, 1080) eb=Rect(0, 0 - 1920, 1080) d=0}]}
05-28 14:25:42.848 V/WindowManagerShell( 1176): Delegate animation for #20 to null
05-28 14:25:42.848 V/WindowManagerShell( 1176): try handler com.android.wm.shell.transition.DefaultTransitionHandler@be51255
05-28 14:25:42.850 V/WindowManagerShell( 1176): start default transition animation, info = {id=20 t=OPEN f=0x0 trk=0 r=[0@Point(0, 0)] c=[{WCT{android.window.IWindowContainerToken$Stub$Proxy@67a3ab8} m=OPEN f=NONE leash=Surface(name=Task=12)/@0xf340dcc sb=Rect(0, 0 - 1920, 1080) eb=Rect(0, 0 - 1920, 1080) d=0},{WCT{android.window.IWindowContainerToken$Stub$Proxy@23f4091} m=TO_BACK f=NONE leash=Surface(name=Task=1)/@0xd263815 sb=Rect(0, 0 - 1920, 1080) eb=Rect(0, 0 - 1920, 1080) d=0}]}
05-28 14:25:42.850 V/WindowManager( 742): Sent Transition #20 createdAt=05-28 14:25:42.053 via request=TransitionRequestInfo { type = 1, triggerTask = TaskInfo{userId=0 taskId=12 displayId=0 isRunning=true baseIntent=Intent { act=android.intent.action.VIEW dat=hq://mediadetail/... flg=0x10800000 pkg=com.dangbei.hqmedia cmp=com.dangbei.hqmedia/com.dangbei.launcher.media.ui.media.film.FilmDetailActivity } baseActivity=ComponentInfo{com.dangbei.hqmedia/com.dangbei.launcher.media.ui.media.film.FilmDetailActivity} topActivity=ComponentInfo{com.dangbei.hqmedia/com.dangbei.launcher.media.ui.media.film.FilmDetailActivity} origActivity=null realActivity=ComponentInfo{com.dangbei.hqmedia/com.dangbei.launcher.media.ui.media.film.FilmDetailActivity} numActivities=1 lastActiveTime=812536 supportsMultiWindow=true resizeMode=1 isResizeable=true minWidth=-1 minHeight=-1 defaultMinSize=220 token=WCT{RemoteToken{5ed26c5 Task{b84798f #12 type=standard A=10075:com.dangbei.hqmedia}}} topActivityType=1 pictureInPictureParams=null shouldDockBigOverlays=true launchIntoPipHostTaskId=-1 lastParentTaskIdBeforePip=-1 displayCutoutSafeInsets=null topActivityInfo=ActivityInfo{927b81a com.dangbei.launcher.media.ui.media.film.FilmDetailActivity} launchCookies=[] positionInParent=Point(0, 0) parentTaskId=-1 isFocused=false isVisible=false isVisibleRequested=false isSleeping=false topActivityInSizeCompat=false topActivityEligibleForLetterboxEducation= false isLetterboxDoubleTapEnabled= false topActivityEligibleForUserAspectRatioButton= false topActivityBoundsLetterboxed= false isFromLetterboxDoubleTap= false topActivityLetterboxVerticalPosition= -1 topActivityLetterboxHorizontalPosition= -1 topActivityLetterboxWidth=-1 topActivityLetterboxHeight=-1 isUserFullscreenOverrideEnabled=false isTopActivityTransparent=false locusId=null displayAreaFeatureId=1 cameraCompatControlState=hidden}, remoteTransition = null, displayChange = null, flags = 0 }
05-28 14:25:42.850 V/WindowManager( 742): startWCT=WindowContainerTransaction { changes = {} hops = [] errorCallbackToken=null taskFragmentOrganizer=null }
05-28 14:25:42.850 V/WindowManager( 742): info={id=20 t=OPEN f=0x0 trk=0 r=[0@Point(0, 0)] c=[{WCT{RemoteToken{5ed26c5 Task{b84798f #12 type=standard A=10075:com.dangbei.hqmedia}}} m=OPEN f=NONE leash=Surface(name=Task=12)/@0xa0f190e sb=Rect(0, 0 - 1920, 1080) eb=Rect(0, 0 - 1920, 1080) d=0},{WCT{RemoteToken{44ca422 Task{a327710 #1 type=home}}} m=TO_BACK f=NONE leash=Surface(name=Task=1)/@0xd12e164 sb=Rect(0, 0 - 1920, 1080) eb=Rect(0, 0 - 1920, 1080) d=0}]}
05-28 14:25:42.850 V/WindowManagerShell( 1176): loadAnimation: anim=android.view.animation.AlphaAnimation@a66cbf7 animAttr=0x9 type=OPEN isEntrance=false
05-28 14:25:42.852 V/WindowManagerShell( 1176): loadAnimation: anim=android.view.animation.AlphaAnimation@716c182 animAttr=0x8 type=OPEN isEntrance=true
05-28 14:25:42.855 V/WindowManagerShell( 1176): animated by com.android.wm.shell.transition.DefaultTransitionHandler@be51255
05-28 14:25:42.943 D/CompatibilityChangeReporter( 742): Compat change id reported: 214016041; UID 10075; state: DISABLED
05-28 14:25:43.266 V/WindowManagerShell( 1176): Transition animation finished (aborted=false), notifying core (#20)android.os.BinderProxy@91dff59@0
05-28 14:25:43.267 V/WindowManager( 742): Finish Transition #20: created at
05-28 14:25:42.053 collect-started=0.059ms request-sent=17.449ms started=20.658ms ready=359.287ms sent=786.062ms finished=1214.287ms
05-28 14:25:43.270 V/WindowManagerShell( 1176): Track 0 became idle
05-28 14:25:43.270 V/WindowManagerShell( 1176): All active transition animations finished
05-28 14:25:43.338 D/CoreBackPreview( 742): Window{c5180a8 u0 com.dangbei.leard.leradlauncher/com.dangbei.leard.leardlauncher.install.ui.OverallDownloadDialogShowActivity}: Setting back callback null
05-28 14:25:43.480 D/CoreBackPreview( 742): Window{aafc112 u0 com.dangbei.hqmedia/com.dangbei.launcher.media.ui.media.film.FilmDetailActivity}: Setting back callback null
05-28 14:25:43.619 W/ContextImpl( 742): Calling a method in the system process without a qualified user: android.app.ContextImpl.startService:1899 com.android.server.wm.DisplayPolicy.lambda$focusChangedLw$5:2126 com.android.server.wm.DisplayPolicy.$r8$lambda$Znxk63oh-WzVnzo_WQefN7uxV48:0 com.android.server.wm.DisplayPolicy$$ExternalSyntheticLambda13.run:0 android.os.Handler.handleCallback:958
05-28 14:25:43.877 W/WindowManager( 742): [addWindow] title:Toast
05-28 14:25:43.893 D/CoreBackPreview( 742): Window{b2b4058 u0 Toast}: Setting back callback OnBackInvokedCallbackInfo{mCallback=android.window.IOnBackInvokedCallback$Stub$Proxy@ad14617, mPriority=0, mIsAnimationCallback=false}
05-28 14:25:45.607 D/CoreBackPreview( 742): Window{b2b4058 u0 Toast}: Setting back callback null
05-28 14:25:45.618 W/NotificationService( 742): Toast already killed. pkg=com.dangbei.hqmedia token=android.os.BinderProxy@39a6a5d
05-28 14:25:47.880 W/WindowManager( 742): Unable to start animation, surface is null or no children.
05-28 14:25:50.910 W/WindowManager( 742): [addWindow] title:Toast
05-28 14:25:50.926 D/CoreBackPreview( 742): Window{e22bc49 u0 Toast}: Setting back callback OnBackInvokedCallbackInfo{mCallback=android.window.IOnBackInvokedCallback$Stub$Proxy@77de37c, mPriority=0, mIsAnimationCallback=false}
05-28 14:25:52.184 W/ProcessStats( 742): Tracking association SourceState{fabe442 system/1000 ImpFg #816} whose proc state 5 is better than process ProcessState{b41584c com.android.permissioncontroller/10067 pkg=com.android.permissioncontroller} proc state 15 (10 skipped)
05-28 14:25:52.187 D/ActivityManager( 742): freezing 1585 com.android.providers.tv
05-28 14:25:52.533 I/keystore2( 279): system/security/keystore2/src/watchdog.rs:319 - Watchdog thread idle -> terminating. Have a great day.
05-28 14:25:52.891 D/CoreBackPreview( 742): Window{e22bc49 u0 Toast}: Setting back callback null
05-28 14:25:52.900 W/NotificationService( 742): Toast already killed. pkg=com.dangbei.hqmedia token=android.os.BinderProxy@734b3f3
05-28 14:25:54.914 W/WindowManager( 742): Unable to start animation, surface is null or no children.
05-28 14:25:58.863 D/CompatibilityChangeReporter( 742): Compat change id reported: 173031413; UID 1000; state: ENABLED
05-28 14:25:58.865 D/CompatibilityChangeReporter( 742): Compat change id reported: 173031413; UID 1000; state: DISABLED
05-28 14:25:59.010 D/WindowManager( 742): handleVolumeKeyInArc KeyEvent { action=ACTION_DOWN, keyCode=KEYCODE_VOLUME_DOWN, scanCode=114, metaState=0, flags=0x8, repeatCount=0, eventTime=829326769000, downTime=829326769000, deviceId=10, source=0x301, displayId=-1 }
05-28 14:25:59.010 D/WindowManager( 742): dispatchDirectAudioEvent KeyEvent { action=ACTION_DOWN, keyCode=KEYCODE_VOLUME_DOWN, scanCode=114, metaState=0, flags=0x8, repeatCount=0, eventTime=829326769000, downTime=829326769000, deviceId=10, source=0x301, displayId=-1 }
05-28 14:25:59.055 D/WindowManager( 742): handleVolumeKeyInArc KeyEvent { action=ACTION_UP, keyCode=KEYCODE_VOLUME_DOWN, scanCode=114, metaState=0, flags=0x8, repeatCount=0, eventTime=829507642000, downTime=829326769000, deviceId=10, source=0x301, displayId=-1 }
05-28 14:25:59.055 D/WindowManager( 742): dispatchDirectAudioEvent KeyEvent { action=ACTION_UP, keyCode=KEYCODE_VOLUME_DOWN, scanCode=114, metaState=0, flags=0x8, repeatCount=0, eventTime=829507642000, downTime=829326769000, deviceId=10, source=0x301, displayId=-1 }
05-28 14:25:59.101 W/WindowManager( 742): [addWindow] title:VolumeDialogImpl
05-28 14:25:59.111 D/CoreBackPreview( 742): Window{93a475e u0 VolumeDialogImpl}: Setting back callback OnBackInvokedCallbackInfo{mCallback=android.window.IOnBackInvokedCallback$Stub$Proxy@12de80c, mPriority=0, mIsAnimationCallback=false}
05-28 14:25:59.431 D/WindowManager( 742): handleVolumeKeyInArc KeyEvent { action=ACTION_DOWN, keyCode=KEYCODE_VOLUME_DOWN, scanCode=114, metaState=0, flags=0x8, repeatCount=0, eventTime=829746755000, downTime=829746755000, deviceId=10, source=0x301, displayId=-1 }
05-28 14:25:59.432 D/WindowManager( 742): dispatchDirectAudioEvent KeyEvent { action=ACTION_DOWN, keyCode=KEYCODE_VOLUME_DOWN, scanCode=114, metaState=0, flags=0x8, repeatCount=0, eventTime=829746755000, downTime=829746755000, deviceId=10, source=0x301, displayId=-1 }
05-28 14:25:59.631 V/HotPlugDetectionAction( 742): Poll all devices.
05-28 14:25:59.732 D/WindowManager( 742): handleVolumeKeyInArc KeyEvent { action=ACTION_DOWN, keyCode=KEYCODE_VOLUME_DOWN, scanCode=114, metaState=0, flags=0x8, repeatCount=2, eventTime=830198239852, downTime=829746755000, deviceId=10, source=0x301, displayId=-1 }
05-28 14:25:59.732 D/WindowManager( 742): dispatchDirectAudioEvent KeyEvent { action=ACTION_DOWN, keyCode=KEYCODE_VOLUME_DOWN, scanCode=114, metaState=0, flags=0x8, repeatCount=2, eventTime=830198239852, downTime=829746755000, deviceId=10, source=0x301, displayId=-1 }
05-28 14:25:59.833 D/WindowManager( 742): handleVolumeKeyInArc KeyEvent { action=ACTION_DOWN, keyCode=KEYCODE_VOLUME_DOWN, scanCode=114, metaState=0, flags=0x8, repeatCount=4, eventTime=830299444061, downTime=829746755000, deviceId=10, source=0x301, displayId=-1 }
05-28 14:25:59.833 D/WindowManager( 742): dispatchDirectAudioEvent KeyEvent { action=ACTION_DOWN, keyCode=KEYCODE_VOLUME_DOWN, scanCode=114, metaState=0, flags=0x8, repeatCount=4, eventTime=830299444061, downTime=829746755000, deviceId=10, source=0x301, displayId=-1 }
05-28 14:25:59.934 D/WindowManager( 742): handleVolumeKeyInArc KeyEvent { action=ACTION_DOWN, keyCode=KEYCODE_VOLUME_DOWN, scanCode=114, metaState=0, flags=0x8, repeatCount=6, eventTime=830400886186, downTime=829746755000, deviceId=10, source=0x301, displayId=-1 }
05-28 14:25:59.934 D/WindowManager( 742): dispatchDirectAudioEvent KeyEvent { action=ACTION_DOWN, keyCode=KEYCODE_VOLUME_DOWN, scanCode=114, metaState=0, flags=0x8, repeatCount=6, eventTime=830400886186, downTime=829746755000, deviceId=10, source=0x301, displayId=-1 }
05-28 14:26:00.035 D/WindowManager( 742): handleVolumeKeyInArc KeyEvent { action=ACTION_DOWN, keyCode=KEYCODE_VOLUME_DOWN, scanCode=114, metaState=0, flags=0x8, repeatCount=8, eventTime=830501516894, downTime=829746755000, deviceId=10, source=0x301, displayId=-1 }
05-28 14:26:00.035 D/WindowManager( 742): dispatchDirectAudioEvent KeyEvent { action=ACTION_DOWN, keyCode=KEYCODE_VOLUME_DOWN, scanCode=114, metaState=0, flags=0x8, repeatCount=8, eventTime=830501516894, downTime=829746755000, deviceId=10, source=0x301, displayId=-1 }
05-28 14:26:00.105 D/HdmiCecController( 742): [P]:AllocatedAddress=[0]
05-28 14:26:00.136 D/WindowManager( 742): handleVolumeKeyInArc KeyEvent { action=ACTION_DOWN, keyCode=KEYCODE_VOLUME_DOWN, scanCode=114, metaState=0, flags=0x8, repeatCount=10, eventTime=830602473894, downTime=829746755000, deviceId=10, source=0x301, displayId=-1 }
05-28 14:26:00.136 D/WindowManager( 742): dispatchDirectAudioEvent KeyEvent { action=ACTION_DOWN, keyCode=KEYCODE_VOLUME_DOWN, scanCode=114, metaState=0, flags=0x8, repeatCount=10, eventTime=830602473894, downTime=829746755000, deviceId=10, source=0x301, displayId=-1 }
05-28 14:26:00.238 D/WindowManager( 742): handleVolumeKeyInArc KeyEvent { action=ACTION_DOWN, keyCode=KEYCODE_VOLUME_DOWN, scanCode=114, metaState=0, flags=0x8, repeatCount=12, eventTime=830704757519, downTime=829746755000, deviceId=10, source=0x301, displayId=-1 }
05-28 14:26:00.238 D/WindowManager( 742): dispatchDirectAudioEvent KeyEvent { action=ACTION_DOWN, keyCode=KEYCODE_VOLUME_DOWN, scanCode=114, metaState=0, flags=0x8, repeatCount=12, eventTime=830704757519, downTime=829746755000, deviceId=10, source=0x301, displayId=-1 }
05-28 14:26:00.266 D/WindowManager( 742): handleVolumeKeyInArc KeyEvent { action=ACTION_UP, keyCode=KEYCODE_VOLUME_DOWN, scanCode=114, metaState=0, flags=0x8, repeatCount=0, eventTime=830706638000, downTime=829746755000, deviceId=10, source=0x301, displayId=-1 }
05-28 14:26:00.266 D/WindowManager( 742): dispatchDirectAudioEvent KeyEvent { action=ACTION_UP, keyCode=KEYCODE_VOLUME_DOWN, scanCode=114, metaState=0, flags=0x8, repeatCount=0, eventTime=830706638000, downTime=829746755000, deviceId=10, source=0x301, displayId=-1 }
05-28 14:26:01.301 D/WindowManager( 742): handleVolumeKeyInArc KeyEvent { action=ACTION_DOWN, keyCode=KEYCODE_VOLUME_DOWN, scanCode=114, metaState=0, flags=0x8, repeatCount=0, eventTime=831686697000, downTime=831686697000, deviceId=10, source=0x301, displayId=-1 }
05-28 14:26:01.301 D/WindowManager( 742): dispatchDirectAudioEvent KeyEvent { action=ACTION_DOWN, keyCode=KEYCODE_VOLUME_DOWN, scanCode=114, metaState=0, flags=0x8, repeatCount=0, eventTime=831686697000, downTime=831686697000, deviceId=10, source=0x301, displayId=-1 }
05-28 14:26:01.335 D/WindowManager( 742): handleVolumeKeyInArc KeyEvent { action=ACTION_UP, keyCode=KEYCODE_VOLUME_DOWN, scanCode=114, metaState=0, flags=0x8, repeatCount=0, eventTime=831766492000, downTime=831686697000, deviceId=10, source=0x301, displayId=-1 }
05-28 14:26:01.335 D/WindowManager( 742): dispatchDirectAudioEvent KeyEvent { action=ACTION_UP, keyCode=KEYCODE_VOLUME_DOWN, scanCode=114, metaState=0, flags=0x8, repeatCount=0, eventTime=831766492000, downTime=831686697000, deviceId=10, source=0x301, displayId=-1 }
05-28 14:26:01.501 D/WindowManager( 742): handleVolumeKeyInArc KeyEvent { action=ACTION_DOWN, keyCode=KEYCODE_VOLUME_DOWN, scanCode=114, metaState=0, flags=0x8, repeatCount=0, eventTime=831886288000, downTime=831886288000, deviceId=10, source=0x301, displayId=-1 }
05-28 14:26:01.501 D/WindowManager( 742): dispatchDirectAudioEvent KeyEvent { action=ACTION_DOWN, keyCode=KEYCODE_VOLUME_DOWN, scanCode=114, metaState=0, flags=0x8, repeatCount=0, eventTime=831886288000, downTime=831886288000, deviceId=10, source=0x301, displayId=-1 }
05-28 14:26:01.538 D/WindowManager( 742): handleVolumeKeyInArc KeyEvent { action=ACTION_UP, keyCode=KEYCODE_VOLUME_DOWN, scanCode=114, metaState=0, flags=0x8, repeatCount=0, eventTime=831966775000, downTime=831886288000, deviceId=10, source=0x301, displayId=-1 }
05-28 14:26:01.538 D/WindowManager( 742): dispatchDirectAudioEvent KeyEvent { action=ACTION_UP, keyCode=KEYCODE_VOLUME_DOWN, scanCode=114, metaState=0, flags=0x8, repeatCount=0, eventTime=831966775000, downTime=831886288000, deviceId=10, source=0x301, displayId=-1 }
05-28 14:26:01.721 D/WindowManager( 742): handleVolumeKeyInArc KeyEvent { action=ACTION_DOWN, keyCode=KEYCODE_VOLUME_DOWN, scanCode=114, metaState=0, flags=0x8, repeatCount=0, eventTime=832126653000, downTime=832126653000, deviceId=10, source=0x301, displayId=-1 }
05-28 14:26:01.721 D/WindowManager( 742): dispatchDirectAudioEvent KeyEvent { action=ACTION_DOWN, keyCode=KEYCODE_VOLUME_DOWN, scanCode=114, metaState=0, flags=0x8, repeatCount=0, eventTime=832126653000, downTime=832126653000, deviceId=10, source=0x301, displayId=-1 }
05-28 14:26:01.751 D/WindowManager( 742): handleVolumeKeyInArc KeyEvent { action=ACTION_UP, keyCode=KEYCODE_VOLUME_DOWN, scanCode=114, metaState=0, flags=0x8, repeatCount=0, eventTime=832186700000, downTime=832126653000, deviceId=10, source=0x301, displayId=-1 }
05-28 14:26:01.751 D/WindowManager( 742): dispatchDirectAudioEvent KeyEvent { action=ACTION_UP, keyCode=KEYCODE_VOLUME_DOWN, scanCode=114, metaState=0, flags=0x8, repeatCount=0, eventTime=832186700000, downTime=832126653000, deviceId=10, source=0x301, displayId=-1 }
05-28 14:26:02.574 W/WindowManager( 742): [addWindow] title:com.dangbei.hqmedia/com.dangbei.launcher.media.ui.media.film.FilmDetailActivity
05-28 14:26:02.575 D/CompatibilityChangeReporter( 742): Compat change id reported: 168419799; UID 10075; state: DISABLED
05-28 14:26:02.575 D/CompatibilityChangeReporter( 742): Compat change id reported: 273564678; UID 10075; state: DISABLED
05-28 14:26:02.591 D/CoreBackPreview( 742): Window{a5cb07d u0 com.dangbei.hqmedia/com.dangbei.launcher.media.ui.media.film.FilmDetailActivity}: Setting back callback OnBackInvokedCallbackInfo{mCallback=android.window.IOnBackInvokedCallback$Stub$Proxy@f25abc3, mPriority=0, mIsAnimationCallback=false}
05-28 14:26:02.679 W/ContextImpl( 742): Calling a method in the system process without a qualified user: android.app.ContextImpl.startService:1899 com.android.server.wm.DisplayPolicy.lambda$focusChangedLw$5:2126 com.android.server.wm.DisplayPolicy.$r8$lambda$Znxk63oh-WzVnzo_WQefN7uxV48:0 com.android.server.wm.DisplayPolicy$$ExternalSyntheticLambda13.run:0 android.os.Handler.handleCallback:958
05-28 14:26:04.057 D/HDMI ( 742): [R]: 04:8F
05-28 14:26:04.059 D/HDMI ( 742): [S]: 40:90:00
05-28 14:26:04.291 D/WindowManager( 742): handleVolumeKeyInArc KeyEvent { action=ACTION_DOWN, keyCode=KEYCODE_VOLUME_DOWN, scanCode=114, metaState=0, flags=0x8, repeatCount=0, eventTime=834606711000, downTime=834606711000, deviceId=10, source=0x301, displayId=-1 }
05-28 14:26:04.291 D/WindowManager( 742): dispatchDirectAudioEvent KeyEvent { action=ACTION_DOWN, keyCode=KEYCODE_VOLUME_DOWN, scanCode=114, metaState=0, flags=0x8, repeatCount=0, eventTime=834606711000, downTime=834606711000, deviceId=10, source=0x301, displayId=-1 }
05-28 14:26:04.328 D/WindowManager( 742): handleVolumeKeyInArc KeyEvent { action=ACTION_UP, keyCode=KEYCODE_VOLUME_DOWN, scanCode=114, metaState=0, flags=0x8, repeatCount=0, eventTime=834786598000, downTime=834606711000, deviceId=10, source=0x301, displayId=-1 }
05-28 14:26:04.328 D/WindowManager( 742): dispatchDirectAudioEvent KeyEvent { action=ACTION_UP, keyCode=KEYCODE_VOLUME_DOWN, scanCode=114, metaState=0, flags=0x8, repeatCount=0, eventTime=834786598000, downTime=834606711000, deviceId=10, source=0x301, displayId=-1 }
05-28 14:26:07.589 D/CoreBackPreview( 742): Window{a5cb07d u0 com.dangbei.hqmedia/com.dangbei.launcher.media.ui.media.film.FilmDetailActivity}: Setting back callback null
05-28 14:26:07.604 V/WindowManager( 742): Unknown focus tokens, dropping reportFocusChanged
05-28 14:26:07.633 D/ActivityManager( 742): freezing 1190 com.android.permissioncontroller
05-28 14:26:07.698 W/ContextImpl( 742): Calling a method in the system process without a qualified user: android.app.ContextImpl.startService:1899 com.android.server.wm.DisplayPolicy.lambda$focusChangedLw$5:2126 com.android.server.wm.DisplayPolicy.$r8$lambda$Znxk63oh-WzVnzo_WQefN7uxV48:0 com.android.server.wm.DisplayPolicy$$ExternalSyntheticLambda13.run:0 android.os.Handler.handleCallback:958
05-28 14:26:07.838 D/CoreBackPreview( 742): Window{93a475e u0 VolumeDialogImpl}: Setting back callback null
05-28 14:26:50.468 W/ProcessStats( 742): Tracking association SourceState{6b8f34f com.dangbei.leard.leradlauncher/1000 BTop #827} whose proc state 2 is better than process ProcessState{7da6cab com.android.webview:webview_service/10051 pkg=com.android.webview} proc state 15 (0 skipped)
05-28 14:26:59.632 V/HotPlugDetectionAction( 742): Poll all devices.
05-28 14:27:00.026 D/HdmiCecController( 742): [P]:AllocatedAddress=[0]
05-28 14:27:00.471 W/ProcessStats( 742): Tracking association SourceState{6b8f34f com.dangbei.leard.leradlauncher/1000 BTop #828} whose proc state 2 is better than process ProcessState{7da6cab com.android.webview:webview_service/10051 pkg=com.android.webview} proc state 15 (0 skipped)
05-28 14:27:04.066 D/HDMI ( 742): [R]: 04:8F
05-28 14:27:04.067 D/HDMI ( 742): [S]: 40:90:00
05-28 14:27:59.633 V/HotPlugDetectionAction( 742): Poll all devices.
05-28 14:28:00.031 D/HdmiCecController( 742): [P]:AllocatedAddress=[0]
05-28 14:28:04.067 D/HDMI ( 742): [R]: 04:8F
05-28 14:28:04.068 D/HDMI ( 742): [S]: 40:90:00
05-28 14:28:05.426 W/ContextImpl( 1946): Calling a method in the system process without a qualified user: android.app.ContextImpl.sendBroadcast:1220 android.content.ContextWrapper.sendBroadcast:504 com.dangbei.etna.setting.core.SettingHelper.sendCycleToProjector:246 com.dangbei.etna.setting.core.SettingHelper.sendCycleCheckBroadcast:215 com.dangbei.etna.setting.core.SettingHelper.startLoop$lambda-0:174
05-28 14:28:05.428 W/ContextImpl( 1946): Calling a method in the system process without a qualified user: android.app.ContextImpl.sendBroadcast:1220 android.content.ContextWrapper.sendBroadcast:504 com.dangbei.etna.setting.core.SettingHelper.sendCycleToVoice:231 com.dangbei.etna.setting.core.SettingHelper.sendCycleCheckBroadcast:216 com.dangbei.etna.setting.core.SettingHelper.startLoop$lambda-0:174
05-28 14:28:59.634 V/HotPlugDetectionAction( 742): Poll all devices.
05-28 14:29:00.030 D/HdmiCecController( 742): [P]:AllocatedAddress=[0]
05-28 14:29:04.072 D/HDMI ( 742): [R]: 04:8F
05-28 14:29:04.074 D/HDMI ( 742): [S]: 40:90:00
05-28 14:29:59.637 V/HotPlugDetectionAction( 742): Poll all devices.
05-28 14:30:00.034 D/HdmiCecController( 742): [P]:AllocatedAddress=[0]
05-28 14:30:04.067 D/HDMI ( 742): [R]: 04:8F
05-28 14:30:04.067 D/HDMI ( 742): [S]: 40:90:00
05-28 14:30:59.639 V/HotPlugDetectionAction( 742): Poll all devices.
05-28 14:31:00.043 D/HdmiCecController( 742): [P]:AllocatedAddress=[0]
05-28 14:31:04.070 D/HDMI ( 742): [R]: 04:8F
05-28 14:31:04.071 D/HDMI ( 742): [S]: 40:90:00
05-28 14:31:04.349 D/HdmiControlService( 742): Process pid: 742 is calling oneTouchPlay.
05-28 14:31:04.352 D/HDMI ( 742): oneTouchPlay com.android.server.hdmi.OneTouchPlayAction@d3306b7
05-28 14:31:04.353 D/HDMI ( 742): setActiveSource logical:0x04 physical:0x3000 OneTouchPlayAction#broadcastActiveSource()
05-28 14:31:04.353 D/HDMI ( 742): [S]: 40:0D
05-28 14:31:04.354 D/HDMI ( 742): ActiveSourceHistoryRecord active source=(0x04, 0x3000) isActiveSource=true from=OneTouchPlayAction#broadcastActiveSource()
05-28 14:31:04.355 D/HDMI ( 742): setActiveSource logical:0x04 physical:0x3000 ActiveSourceAction
05-28 14:31:04.356 D/HDMI ( 742): ActiveSourceHistoryRecord active source=(0x04, 0x3000) isActiveSource=true from=ActiveSourceAction
05-28 14:31:04.357 D/HdmiControlService( 742): Switching to full volume behavior
05-28 14:31:04.361 D/WindowManagerShell( 1176): TvPipMenuController: closeMenu()
05-28 14:31:04.361 I/WindowManagerShell( 1176): TvPipMenuController: switchToMenuMode: setting mCurrentMenuMode=MODE_NO_MENU, mPrevMenuMode=MODE_NO_MENU
05-28 14:31:04.366 D/HdmiControlService( 742): Switching to full volume behavior
05-28 14:31:04.378 I/ActivityTaskManager( 742): START u0 {act=android.intent.action.MAIN cat=[android.intent.category.HOME] flg=0x10000100 cmp=com.dangbei.leard.leradlauncher/com.dangbei.launcher.home.LauncherActivity (has extras)} with LAUNCH_SINGLE_TASK from uid 0 (BAL_ALLOW_ALLOWLISTED_UID) result code=2
05-28 14:31:04.379 V/WindowManagerShell( 1176): Transition requested: android.os.BinderProxy@6da6063 TransitionRequestInfo { type = 1, triggerTask = TaskInfo{userId=0 taskId=4 displayId=0 isRunning=true baseIntent=Intent { act=android.intent.action.MAIN cat=[android.intent.category.HOME] flg=0x10800100 cmp=com.dangbei.leard.leradlauncher/com.dangbei.launcher.home.LauncherActivity } baseActivity=ComponentInfo{com.dangbei.leard.leradlauncher/com.dangbei.launcher.home.LauncherActivity} topActivity=ComponentInfo{com.dangbei.leard.leradlauncher/com.dangbei.launcher.home.LauncherActivity} origActivity=null realActivity=ComponentInfo{com.dangbei.leard.leradlauncher/com.dangbei.launcher.home.LauncherActivity} numActivities=1 lastActiveTime=812535 supportsMultiWindow=true resizeMode=0 isResizeable=false minWidth=-1 minHeight=-1 defaultMinSize=220 token=WCT{android.window.IWindowContainerToken$Stub$Proxy@3eb6460} topActivityType=2 pictureInPictureParams=null shouldDockBigOverlays=true launchIntoPipHostTaskId=-1 lastParentTaskIdBeforePip=-1 displayCutoutSafeInsets=null topActivityInfo=ActivityInfo{60f2d19 com.dangbei.launcher.home.LauncherActivity} launchCookies=[] positionInParent=Point(0, 0) parentTaskId=-1 isFocused=true isVisible=false isVisibleRequested=false isSleeping=false topActivityInSizeCompat=false topActivityEligibleForLetterboxEducation= false isLetterboxDoubleTapEnabled= false topActivityEligibleForUserAspectRatioButton= false topActivityBoundsLetterboxed= false isFromLetterboxDoubleTap= false topActivityLetterboxVerticalPosition= -1 topActivityLetterboxHorizontalPosition= -1 topActivityLetterboxWidth=-1 topActivityLetterboxHeight=-1 isUserFullscreenOverrideEnabled=false isTopActivityTransparent=false locusId=null displayAreaFeatureId=1 cameraCompatControlState=hidden}, remoteTransition = null, displayChange = null, flags = 0 }
05-28 14:31:04.381 D/CompatibilityChangeReporter( 742): Compat change id reported: 197654537; UID 10075; state: DISABLED
05-28 14:31:04.385 W/ActivityTaskManager( 742): Duplicate finish request for r=ActivityRecord{7678e60 u0 com.dangbei.leard.leradlauncher/.module.vipcenter.VipCenterActivity t4 f}}
05-28 14:31:04.403 V/WindowManager( 742): app ------------- force_land :0
05-28 14:31:04.406 W/ProcessStats( 742): Tracking association SourceState{6b8f34f com.dangbei.leard.leradlauncher/1000 BTop #843} whose proc state 2 is better than process ProcessState{7da6cab com.android.webview:webview_service/10051 pkg=com.android.webview} proc state 15 (0 skipped)
05-28 14:31:04.414 D/CoreBackPreview( 742): Window{4aa51bf u0 com.dangbei.leard.leradlauncher/com.dangbei.leard.leradlauncher.module.vipcenter.VipCenterActivity}: Setting back callback null
05-28 14:31:04.443 D/HDMI ( 742): [S]: 4F:82:30:00
05-28 14:31:04.508 D/WindowManagerShell( 1176): TvPipController: onTaskStackChanged()
05-28 14:31:04.563 W/ContextImpl( 742): Calling a method in the system process without a qualified user: android.app.ContextImpl.startService:1899 com.android.server.wm.DisplayPolicy.lambda$focusChangedLw$5:2126 com.android.server.wm.DisplayPolicy.$r8$lambda$Znxk63oh-WzVnzo_WQefN7uxV48:0 com.android.server.wm.DisplayPolicy$$ExternalSyntheticLambda13.run:0 android.os.Handler.handleCallback:958
05-28 14:31:04.577 V/WindowManagerShell( 1176): onTransitionReady android.os.BinderProxy@6da6063: {id=21 t=OPEN f=0x0 trk=0 r=[0@Point(0, 0)] c=[{WCT{android.window.IWindowContainerToken$Stub$Proxy@15c81d5} m=TO_FRONT f=MOVE_TO_TOP leash=Surface(name=Task=1)/@0xe8a01de sb=Rect(0, 0 - 1920, 1080) eb=Rect(0, 0 - 1920, 1080) d=0},{WCT{android.window.IWindowContainerToken$Stub$Proxy@3b05dea} m=TO_BACK f=NONE leash=Surface(name=Task=12)/@0xd089fbf sb=Rect(0, 0 - 1920, 1080) eb=Rect(0, 0 - 1920, 1080) d=0}]}
05-28 14:31:04.577 V/WindowManagerShell( 1176): Playing animation for (#21)android.os.BinderProxy@6da6063@0
05-28 14:31:04.577 V/WindowManagerShell( 1176): try handler com.android.wm.shell.keyguard.KeyguardTransitionHandler@d57b599
05-28 14:31:04.578 V/WindowManagerShell( 1176): try handler com.android.wm.shell.pip.tv.TvPipTransition@503205e
05-28 14:31:04.578 V/WindowManagerShell( 1176): try handler com.android.wm.shell.activityembedding.ActivityEmbeddingController@ce59c3f
05-28 14:31:04.578 V/WindowManagerShell( 1176): try handler com.android.wm.shell.transition.RemoteTransitionHandler@b18e90c
05-28 14:31:04.578 V/WindowManagerShell( 1176): Transition doesn't have explicit remote, search filters for match for {id=21 t=OPEN f=0x0 trk=0 r=[0@Point(0, 0)] c=[{WCT{android.window.IWindowContainerToken$Stub$Proxy@15c81d5} m=TO_FRONT f=MOVE_TO_TOP leash=Surface(name=Task=1)/@0xe8a01de sb=Rect(0, 0 - 1920, 1080) eb=Rect(0, 0 - 1920, 1080) d=0},{WCT{android.window.IWindowContainerToken$Stub$Proxy@3b05dea} m=TO_BACK f=NONE leash=Surface(name=Task=12)/@0xd089fbf sb=Rect(0, 0 - 1920, 1080) eb=Rect(0, 0 - 1920, 1080) d=0}]}
05-28 14:31:04.578 V/WindowManagerShell( 1176): Delegate animation for #21 to null
05-28 14:31:04.578 V/WindowManagerShell( 1176): try handler com.android.wm.shell.transition.DefaultTransitionHandler@be51255
05-28 14:31:04.578 V/WindowManagerShell( 1176): start default transition animation, info = {id=21 t=OPEN f=0x0 trk=0 r=[0@Point(0, 0)] c=[{WCT{android.window.IWindowContainerToken$Stub$Proxy@15c81d5} m=TO_FRONT f=MOVE_TO_TOP leash=Surface(name=Task=1)/@0xe8a01de sb=Rect(0, 0 - 1920, 1080) eb=Rect(0, 0 - 1920, 1080) d=0},{WCT{android.window.IWindowContainerToken$Stub$Proxy@3b05dea} m=TO_BACK f=NONE leash=Surface(name=Task=12)/@0xd089fbf sb=Rect(0, 0 - 1920, 1080) eb=Rect(0, 0 - 1920, 1080) d=0}]}
05-28 14:31:04.578 D/HDMI ( 742): [S]: 40:8E:00
05-28 14:31:04.579 V/WindowManagerShell( 1176): loadAnimation: anim=android.view.animation.AlphaAnimation@2f06651 animAttr=0x9 type=OPEN isEntrance=false
05-28 14:31:04.580 V/WindowManagerShell( 1176): loadAnimation: anim=android.view.animation.AlphaAnimation@744c7b7 animAttr=0x8 type=OPEN isEntrance=true
05-28 14:31:04.583 V/WindowManagerShell( 1176): animated by com.android.wm.shell.transition.DefaultTransitionHandler@be51255
05-28 14:31:04.595 V/WindowManager( 742): Sent Transition #21 createdAt=05-28 14:31:04.367 via request=TransitionRequestInfo { type = 1, triggerTask = TaskInfo{userId=0 taskId=4 displayId=0 isRunning=true baseIntent=Intent { act=android.intent.action.MAIN cat=[android.intent.category.HOME] flg=0x10800100 cmp=com.dangbei.leard.leradlauncher/com.dangbei.launcher.home.LauncherActivity } baseActivity=ComponentInfo{com.dangbei.leard.leradlauncher/com.dangbei.launcher.home.LauncherActivity} topActivity=ComponentInfo{com.dangbei.leard.leradlauncher/com.dangbei.launcher.home.LauncherActivity} origActivity=null realActivity=ComponentInfo{com.dangbei.leard.leradlauncher/com.dangbei.launcher.home.LauncherActivity} numActivities=1 lastActiveTime=812535 supportsMultiWindow=true resizeMode=0 isResizeable=false minWidth=-1 minHeight=-1 defaultMinSize=220 token=WCT{RemoteToken{e5127f1 Task{3b89a52 #4 type=home A=1000:com.dangbei.leard.leradlauncher}}} topActivityType=2 pictureInPictureParams=null shouldDockBigOverlays=true launchIntoPipHostTaskId=-1 lastParentTaskIdBeforePip=-1 displayCutoutSafeInsets=null topActivityInfo=ActivityInfo{13016cf com.dangbei.launcher.home.LauncherActivity} launchCookies=[] positionInParent=Point(0, 0) parentTaskId=-1 isFocused=true isVisible=false isVisibleRequested=false isSleeping=false topActivityInSizeCompat=false topActivityEligibleForLetterboxEducation= false isLetterboxDoubleTapEnabled= false topActivityEligibleForUserAspectRatioButton= false topActivityBoundsLetterboxed= false isFromLetterboxDoubleTap= false topActivityLetterboxVerticalPosition= -1 topActivityLetterboxHorizontalPosition= -1 topActivityLetterboxWidth=-1 topActivityLetterboxHeight=-1 isUserFullscreenOverrideEnabled=false isTopActivityTransparent=false locusId=null displayAreaFeatureId=1 cameraCompatControlState=hidden}, remoteTransition = null, displayChange = null, flags = 0 }
05-28 14:31:04.595 V/WindowManager( 742): startWCT=WindowContainerTransaction { changes = {} hops = [] errorCallbackToken=null taskFragmentOrganizer=null }
05-28 14:31:04.595 V/WindowManager( 742): info={id=21 t=OPEN f=0x0 trk=0 r=[0@Point(0, 0)] c=[{WCT{RemoteToken{44ca422 Task{a327710 #1 type=home}}} m=TO_FRONT f=MOVE_TO_TOP leash=Surface(name=Task=1)/@0xd12e164 sb=Rect(0, 0 - 1920, 1080) eb=Rect(0, 0 - 1920, 1080) d=0},{WCT{RemoteToken{5ed26c5 Task{b84798f #12 type=standard A=10075:com.dangbei.hqmedia}}} m=TO_BACK f=NONE leash=Surface(name=Task=12)/@0xa0f190e sb=Rect(0, 0 - 1920, 1080) eb=Rect(0, 0 - 1920, 1080) d=0}]}
05-28 14:31:04.608 W/UsageStatsService( 742): Unexpected activity event reported! (com.dangbei.leard.leradlauncher/com.dangbei.leard.leradlauncher.module.vipcenter.VipCenterActivity event : 23 instanceId : 45682457)
05-28 14:31:04.688 D/HDMI ( 742): [S]: 45:70:30:00
05-28 14:31:04.799 E/HDMI ( 742): [1]:Failed to send 45:70:30:00 with errorCode=1
05-28 14:31:04.799 D/HDMI ( 742): [S]: 40:8F
05-28 14:31:04.992 D/HDMI ( 742): [R]: 04:90:00
05-28 14:31:04.993 D/HDMI ( 742): One touch play is done for TV's power is ready
05-28 14:31:04.993 D/HDMI ( 742): setActiveSource logical:0x04 physical:0x3000 ActiveSourceAction
05-28 14:31:04.994 D/HDMI ( 742): [S]: 4F:82:30:00
05-28 14:31:04.995 D/HDMI ( 742): ActiveSourceHistoryRecord active source=(0x04, 0x3000) isActiveSource=true from=ActiveSourceAction
05-28 14:31:04.996 D/HdmiControlService( 742): Switching to full volume behavior
05-28 14:31:05.004 V/WindowManagerShell( 1176): Transition animation finished (aborted=false), notifying core (#21)android.os.BinderProxy@6da6063@0
05-28 14:31:05.011 V/WindowManagerShell( 1176): Track 0 became idle
05-28 14:31:05.011 V/WindowManagerShell( 1176): All active transition animations finished
05-28 14:31:05.013 V/WindowManager( 742): Finish Transition #21: created at
05-28 14:31:04.367 collect-started=0.088ms request-sent=9.895ms started=19.258ms ready=39.784ms sent=195.987ms finished=639.831ms
05-28 14:31:05.021 D/CompatibilityChangeReporter( 742): Compat change id reported: 265195908; UID 10075; state: ENABLED
05-28 14:31:05.127 D/HDMI ( 742): [S]: 40:8E:00
05-28 14:31:05.529 W/ContextImpl( 1946): Calling a method in the system process without a qualified user: android.app.ContextImpl.sendBroadcast:1220 android.content.ContextWrapper.sendBroadcast:504 com.dangbei.etna.setting.core.SettingHelper.sendCycleToProjector:246 com.dangbei.etna.setting.core.SettingHelper.sendCycleCheckBroadcast:215 com.dangbei.etna.setting.core.SettingHelper.startLoop$lambda-0:174
05-28 14:31:05.531 W/ContextImpl( 1946): Calling a method in the system process without a qualified user: android.app.ContextImpl.sendBroadcast:1220 android.content.ContextWrapper.sendBroadcast:504 com.dangbei.etna.setting.core.SettingHelper.sendCycleToVoice:231 com.dangbei.etna.setting.core.SettingHelper.sendCycleCheckBroadcast:216 com.dangbei.etna.setting.core.SettingHelper.startLoop$lambda-0:174
05-28 14:31:59.640 V/HotPlugDetectionAction( 742): Poll all devices.
05-28 14:32:00.046 D/HdmiCecController( 742): [P]:AllocatedAddress=[0]
05-28 14:32:04.073 D/HDMI ( 742): [R]: 04:8F
05-28 14:32:04.074 D/HDMI ( 742): [S]: 40:90:00
05-28 14:32:34.489 I/UsageStatsService( 742): User[0] Flushing usage stats to disk
05-28 14:32:59.641 V/HotPlugDetectionAction( 742): Poll all devices.
05-28 14:33:00.038 D/HdmiCecController( 742): [P]:AllocatedAddress=[0]
05-28 14:33:04.076 D/HDMI ( 742): [R]: 04:8F
05-28 14:33:04.077 D/HDMI ( 742): [S]: 40:90:00
05-28 14:33:59.642 V/HotPlugDetectionAction( 742): Poll all devices.
05-28 14:34:00.042 D/HdmiCecController( 742): [P]:AllocatedAddress=[0]
05-28 14:34:04.079 D/HDMI ( 742): [R]: 04:8F
05-28 14:34:04.080 D/HDMI ( 742): [S]: 40:90:00
05-28 14:34:05.629 W/ContextImpl( 1946): Calling a method in the system process without a qualified user: android.app.ContextImpl.sendBroadcast:1220 android.content.ContextWrapper.sendBroadcast:504 com.dangbei.etna.setting.core.SettingHelper.sendCycleToProjector:246 com.dangbei.etna.setting.core.SettingHelper.sendCycleCheckBroadcast:215 com.dangbei.etna.setting.core.SettingHelper.startLoop$lambda-0:174
05-28 14:34:05.631 W/ContextImpl( 1946): Calling a method in the system process without a qualified user: android.app.ContextImpl.sendBroadcast:1220 android.content.ContextWrapper.sendBroadcast:504 com.dangbei.etna.setting.core.SettingHelper.sendCycleToVoice:231 com.dangbei.etna.setting.core.SettingHelper.sendCycleCheckBroadcast:216 com.dangbei.etna.setting.core.SettingHelper.startLoop$lambda-0:174
05-28 14:34:59.644 V/HotPlugDetectionAction( 742): Poll all devices.
05-28 14:35:00.043 D/HdmiCecController( 742): [P]:AllocatedAddress=[0]
05-28 14:35:04.081 D/HDMI ( 742): [R]: 04:8F
05-28 14:35:04.082 D/HDMI ( 742): [S]: 40:90:00
05-28 14:35:42.302 D/CompatibilityChangeReporter( 742): Compat change id reported: 218533173; UID 10075; state: DISABLED
05-28 14:35:42.302 D/CompatibilityChangeReporter( 742): Compat change id reported: 262645982; UID 10075; state: DISABLED
05-28 14:35:59.645 V/HotPlugDetectionAction( 742): Poll all devices.
05-28 14:36:00.046 D/HdmiCecController( 742): [P]:AllocatedAddress=[0]
05-28 14:36:00.070 V/DisplayPowerController2[0]( 742): Brightness [0.05] reason changing to: 'manual [ dim ]', previous reason: 'manual'.
05-28 14:36:00.070 I/DisplayPowerController2[0]( 742): BrightnessEvent: disp=0, physDisp=local:4627013623894091019, brt=0.05, initBrt=0.39763778, rcmdBrt=NaN, preBrt=NaN, lux=0.0, preLux=0.0, hbmMax=1.0, hbmMode=off, rbcStrength=0, thrmMax=1.0, powerFactor=1.0, wasShortTermModelActive=false, flags=, reason=manual [ dim ], autoBrightness=false, strategy=InvalidBrightnessStrategy
05-28 14:36:00.071 W/PowerManagerService( 742): Screen on took 680991 ms
05-28 14:36:04.087 D/HDMI ( 742): [R]: 04:8F
05-28 14:36:04.088 D/HDMI ( 742): [S]: 40:90:00
05-28 14:36:07.074 I/PowerGroup( 742): Napping power group (groupId=0, uid=1000)...
05-28 14:36:07.074 I/PowerManagerService( 742): Nap time (uid 1000)...
05-28 14:36:07.076 W/DreamManagerService( 742): Falling back to default dream ComponentInfo{com.dangbei.lerad.screensaver/com.dangbei.lerad.screensaver.service.ScreenSaverService}
05-28 14:36:07.076 I/DreamManagerService( 742): Entering dreamland.
05-28 14:36:07.077 I/PowerManagerService( 742): Dreaming...
05-28 14:36:07.078 W/ProcessStats( 742): Tracking association SourceState{6b8f34f com.dangbei.leard.leradlauncher/1000 BTop #874} whose proc state 2 is better than process ProcessState{7da6cab com.android.webview:webview_service/10051 pkg=com.android.webview} proc state 15 (4 skipped)
05-28 14:36:07.079 I/DreamController( 742): Starting dream: name=ComponentInfo{com.dangbei.lerad.screensaver/com.dangbei.lerad.screensaver.service.ScreenSaverService}, isPreviewMode=false, canDoze=false, userId=0, reason='power manager request'
05-28 14:36:07.083 D/CompatibilityChangeReporter( 742): Compat change id reported: 135634846; UID 10044; state: DISABLED
05-28 14:36:07.085 D/CompatibilityChangeReporter( 742): Compat change id reported: 143937733; UID 10044; state: ENABLED
05-28 14:36:07.091 D/WindowManagerShell( 1176): TvPipMenuController: closeMenu()
05-28 14:36:07.091 I/WindowManagerShell( 1176): TvPipMenuController: switchToMenuMode: setting mCurrentMenuMode=MODE_NO_MENU, mPrevMenuMode=MODE_NO_MENU
05-28 14:36:07.108 I/ActivityManager( 742): Start proc 8166:com.dangbei.lerad.screensaver/u0a44 for service {com.dangbei.lerad.screensaver/com.dangbei.lerad.screensaver.service.ScreenSaverService}
05-28 14:36:07.146 D/CompatibilityChangeReporter( 742): Compat change id reported: 168419799; UID 10044; state: DISABLED
05-28 14:36:07.146 D/CompatibilityChangeReporter( 742): Compat change id reported: 273564678; UID 10044; state: DISABLED
05-28 14:36:07.149 D/CompatibilityChangeReporter( 742): Compat change id reported: 265195908; UID 10044; state: ENABLED
05-28 14:36:07.157 D/CompatibilityChangeReporter( 742): Compat change id reported: 170503758; UID 10044; state: ENABLED
05-28 14:36:07.305 D/CompatibilityChangeReporter( 742): Compat change id reported: 161145287; UID 10044; state: ENABLED
05-28 14:36:07.449 W/ActivityTaskManager( 742): callingPackage for (uid=1000, pid=0) has no WPC
05-28 14:36:07.450 D/CompatibilityChangeReporter( 742): Compat change id reported: 265464455; UID 10044; state: DISABLED
05-28 14:36:07.451 D/CompatibilityChangeReporter( 742): Compat change id reported: 265452344; UID 10044; state: DISABLED
05-28 14:36:07.451 D/CompatibilityChangeReporter( 742): Compat change id reported: 266124927; UID 10044; state: DISABLED
05-28 14:36:07.451 D/CompatibilityChangeReporter( 742): Compat change id reported: 265451093; UID 10044; state: DISABLED
05-28 14:36:07.452 D/CompatibilityChangeReporter( 742): Compat change id reported: 265456536; UID 10044; state: DISABLED
05-28 14:36:07.452 D/CompatibilityChangeReporter( 742): Compat change id reported: 255940284; UID 10044; state: DISABLED
05-28 14:36:07.452 D/CompatibilityChangeReporter( 742): Compat change id reported: 236283604; UID 10044; state: DISABLED
05-28 14:36:07.452 D/CompatibilityChangeReporter( 742): Compat change id reported: 263959004; UID 10044; state: DISABLED
05-28 14:36:07.453 D/CompatibilityChangeReporter( 742): Compat change id reported: 264304459; UID 10044; state: DISABLED
05-28 14:36:07.453 D/CompatibilityChangeReporter( 742): Compat change id reported: 264301586; UID 10044; state: DISABLED
05-28 14:36:07.453 D/CompatibilityChangeReporter( 742): Compat change id reported: 254631730; UID 10044; state: DISABLED
05-28 14:36:07.453 D/CompatibilityChangeReporter( 742): Compat change id reported: 273509367; UID 10044; state: DISABLED
05-28 14:36:07.454 D/CompatibilityChangeReporter( 742): Compat change id reported: 263259275; UID 10044; state: DISABLED
05-28 14:36:07.454 D/CompatibilityChangeReporter( 742): Compat change id reported: 174042980; UID 10044; state: DISABLED
05-28 14:36:07.454 D/CompatibilityChangeReporter( 742): Compat change id reported: 174042936; UID 10044; state: DISABLED
05-28 14:36:07.454 D/CompatibilityChangeReporter( 742): Compat change id reported: 181136395; UID 10044; state: DISABLED
05-28 14:36:07.458 D/CompatibilityChangeReporter( 742): Compat change id reported: 184838306; UID 10044; state: DISABLED
05-28 14:36:07.458 D/CompatibilityChangeReporter( 742): Compat change id reported: 185004937; UID 10044; state: DISABLED
05-28 14:36:07.460 D/CompatibilityChangeReporter( 742): Compat change id reported: 194480991; UID 10044; state: ENABLED
05-28 14:36:07.471 D/CompatibilityChangeReporter( 742): Compat change id reported: 197654537; UID 10044; state: ENABLED
05-28 14:36:07.473 D/CompatibilityChangeReporter( 742): Compat change id reported: 205907456; UID 10044; state: ENABLED
05-28 14:36:07.476 V/WindowManagerShell( 1176): Transition requested: android.os.BinderProxy@fbfc73e TransitionRequestInfo { type = 1, triggerTask = TaskInfo{userId=0 taskId=14 displayId=0 isRunning=true baseIntent=Intent { flg=0x10840000 pkg=com.dangbei.lerad.screensaver cmp=com.dangbei.lerad.screensaver/android.service.dreams.DreamActivity } baseActivity=ComponentInfo{com.dangbei.lerad.screensaver/android.service.dreams.DreamActivity} topActivity=ComponentInfo{com.dangbei.lerad.screensaver/android.service.dreams.DreamActivity} origActivity=null realActivity=ComponentInfo{com.dangbei.lerad.screensaver/android.service.dreams.DreamActivity} numActivities=1 lastActiveTime=1437942 supportsMultiWindow=true resizeMode=0 isResizeable=false minWidth=-1 minHeight=-1 defaultMinSize=220 token=WCT{android.window.IWindowContainerToken$Stub$Proxy@b50e99f} topActivityType=5 pictureInPictureParams=null shouldDockBigOverlays=true launchIntoPipHostTaskId=-1 lastParentTaskIdBeforePip=-1 displayCutoutSafeInsets=null topActivityInfo=ActivityInfo{89c1aec android.service.dreams.DreamActivity} launchCookies=[] positionInParent=Point(0, 0) parentTaskId=-1 isFocused=false isVisible=false isVisibleRequested=false isSleeping=false topActivityInSizeCompat=false topActivityEligibleForLetterboxEducation= false isLetterboxDoubleTapEnabled= false topActivityEligibleForUserAspectRatioButton= false topActivityBoundsLetterboxed= false isFromLetterboxDoubleTap= false topActivityLetterboxVerticalPosition= -1 topActivityLetterboxHorizontalPosition= -1 topActivityLetterboxWidth=-1 topActivityLetterboxHeight=-1 isUserFullscreenOverrideEnabled=false isTopActivityTransparent=false locusId=null displayAreaFeatureId=1 cameraCompatControlState=hidden}, remoteTransition = null, displayChange = null, flags = 0 }
05-28 14:36:07.477 I/ActivityTaskManager( 742): START u0 {flg=0x10040000 pkg=com.dangbei.lerad.screensaver cmp=com.dangbei.lerad.screensaver/android.service.dreams.DreamActivity (has extras)} with LAUNCH_SINGLE_INSTANCE from uid 10044 (realCallingUid=1000) (BAL_ALLOW_PENDING_INTENT) result code=0
05-28 14:36:07.485 V/WindowManager( 742): app ------------- force_land :0
05-28 14:36:07.485 V/WindowManager( 742): app ------------- force_land :0
05-28 14:36:07.485 V/WindowManager( 742): app ------------- force_land :0
05-28 14:36:07.558 W/WindowManager( 742): Failed looking up window session=Session{1453712 8166:u0a10044} callers=com.android.server.wm.WindowManagerService.windowForClientLocked:6075 com.android.server.wm.Session.updateRequestedVisibleTypes:695 android.view.IWindowSession$Stub.onTransact:1034
05-28 14:36:07.558 W/WindowManager( 742): [addWindow] title:com.dangbei.lerad.screensaver/android.service.dreams.DreamActivity
05-28 14:36:07.579 D/CoreBackPreview( 742): Window{af7c63f u0 com.dangbei.lerad.screensaver/android.service.dreams.DreamActivity}: Setting back callback OnBackInvokedCallbackInfo{mCallback=android.window.IOnBackInvokedCallback$Stub$Proxy@3ac875b, mPriority=0, mIsAnimationCallback=false}
05-28 14:36:07.599 D/WindowManagerShell( 1176): TvPipController: onTaskStackChanged()
05-28 14:36:07.685 W/ContextImpl( 742): Calling a method in the system process without a qualified user: android.app.ContextImpl.startService:1899 com.android.server.wm.DisplayPolicy.lambda$focusChangedLw$5:2126 com.android.server.wm.DisplayPolicy.$r8$lambda$Znxk63oh-WzVnzo_WQefN7uxV48:0 com.android.server.wm.DisplayPolicy$$ExternalSyntheticLambda13.run:0 android.os.Handler.handleCallback:958
05-28 14:36:07.696 V/WindowManagerShell( 1176): onTransitionReady android.os.BinderProxy@fbfc73e: {id=22 t=OPEN f=0x0 trk=0 r=[0@Point(0, 0)] c=[{WCT{android.window.IWindowContainerToken$Stub$Proxy@3a5f9d8} m=TO_FRONT f=NONE leash=Surface(name=Task=13)/@0x9338eb5 sb=Rect(0, 0 - 1920, 1080) eb=Rect(0, 0 - 1920, 1080) d=0},{WCT{android.window.IWindowContainerToken$Stub$Proxy@4db6131} m=TO_BACK f=NONE leash=Surface(name=Task=1)/@0x56d194a sb=Rect(0, 0 - 1920, 1080) eb=Rect(0, 0 - 1920, 1080) d=0}]}
05-28 14:36:07.696 V/WindowManagerShell( 1176): Playing animation for (#22)android.os.BinderProxy@fbfc73e@0
05-28 14:36:07.697 V/WindowManagerShell( 1176): try handler com.android.wm.shell.keyguard.KeyguardTransitionHandler@d57b599
05-28 14:36:07.697 V/WindowManagerShell( 1176): try handler com.android.wm.shell.pip.tv.TvPipTransition@503205e
05-28 14:36:07.697 V/WindowManagerShell( 1176): try handler com.android.wm.shell.activityembedding.ActivityEmbeddingController@ce59c3f
05-28 14:36:07.697 V/WindowManagerShell( 1176): try handler com.android.wm.shell.transition.RemoteTransitionHandler@b18e90c
05-28 14:36:07.697 V/WindowManagerShell( 1176): Transition doesn't have explicit remote, search filters for match for {id=22 t=OPEN f=0x0 trk=0 r=[0@Point(0, 0)] c=[{WCT{android.window.IWindowContainerToken$Stub$Proxy@3a5f9d8} m=TO_FRONT f=NONE leash=Surface(name=Task=13)/@0x9338eb5 sb=Rect(0, 0 - 1920, 1080) eb=Rect(0, 0 - 1920, 1080) d=0},{WCT{android.window.IWindowContainerToken$Stub$Proxy@4db6131} m=TO_BACK f=NONE leash=Surface(name=Task=1)/@0x56d194a sb=Rect(0, 0 - 1920, 1080) eb=Rect(0, 0 - 1920, 1080) d=0}]}
05-28 14:36:07.697 V/WindowManagerShell( 1176): Delegate animation for #22 to null
05-28 14:36:07.697 V/WindowManagerShell( 1176): try handler com.android.wm.shell.transition.DefaultTransitionHandler@be51255
05-28 14:36:07.697 V/WindowManagerShell( 1176): start default transition animation, info = {id=22 t=OPEN f=0x0 trk=0 r=[0@Point(0, 0)] c=[{WCT{android.window.IWindowContainerToken$Stub$Proxy@3a5f9d8} m=TO_FRONT f=NONE leash=Surface(name=Task=13)/@0x9338eb5 sb=Rect(0, 0 - 1920, 1080) eb=Rect(0, 0 - 1920, 1080) d=0},{WCT{android.window.IWindowContainerToken$Stub$Proxy@4db6131} m=TO_BACK f=NONE leash=Surface(name=Task=1)/@0x56d194a sb=Rect(0, 0 - 1920, 1080) eb=Rect(0, 0 - 1920, 1080) d=0}]}
05-28 14:36:07.698 V/WindowManagerShell( 1176): loadAnimation: anim=null animAttr=0x1d type=OPEN isEntrance=false
05-28 14:36:07.698 V/WindowManagerShell( 1176): loadAnimation: anim=null animAttr=0x1c type=OPEN isEntrance=true
05-28 14:36:07.699 V/WindowManagerShell( 1176): Transition animation finished (aborted=false), notifying core (#22)android.os.BinderProxy@fbfc73e@0
