05-28 15:36:08.781 V/DisplayPowerController2[0]( 742): Brightness [0.05] reason changing to: 'manual [ dim ]', previous reason: 'manual'.
05-28 15:36:08.781 I/DisplayPowerController2[0]( 742): BrightnessEvent: disp=0, physDisp=local:4627013623894091019, brt=0.05, initBrt=0.39763778, rcmdBrt=NaN, preBrt=NaN, lux=0.0, preLux=0.0, hbmMax=1.0, hbmMode=off, rbcStrength=0, thrmMax=1.0, powerFactor=1.0, wasShortTermModelActive=false, flags=, reason=manual [ dim ], autoBrightness=false, strategy=InvalidBrightnessStrategy
05-28 15:36:08.782 W/PowerManagerService( 742): Screen on took 594145 ms
05-28 15:36:15.781 I/PowerGroup( 742): Napping power group (groupId=0, uid=1000)...
05-28 15:36:15.781 I/PowerManagerService( 742): Nap time (uid 1000)...
05-28 15:36:15.782 W/DreamManagerService( 742): Falling back to default dream ComponentInfo{com.dangbei.lerad.screensaver/com.dangbei.lerad.screensaver.service.ScreenSaverService}
05-28 15:36:15.782 I/DreamManagerService( 742): Entering dreamland.
05-28 15:36:15.783 W/ProcessStats( 742): Tracking association SourceState{6b8f34f com.dangbei.leard.leradlauncher/1000 BTop #1434} whose proc state 2 is better than process ProcessState{7da6cab com.android.webview:webview_service/10051 pkg=com.android.webview} proc state 15 (3 skipped)
05-28 15:36:15.784 I/PowerManagerService( 742): Dreaming...
05-28 15:36:15.785 I/DreamController( 742): Starting dream: name=ComponentInfo{com.dangbei.lerad.screensaver/com.dangbei.lerad.screensaver.service.ScreenSaverService}, isPreviewMode=false, canDoze=false, userId=0, reason='power manager request'
05-28 15:36:15.788 D/CompatibilityChangeReporter( 742): Compat change id reported: 135634846; UID 10044; state: DISABLED
05-28 15:36:15.789 D/CompatibilityChangeReporter( 742): Compat change id reported: 143937733; UID 10044; state: ENABLED
05-28 15:36:15.791 D/WindowManagerShell( 1176): TvPipMenuController: closeMenu()
05-28 15:36:15.792 I/WindowManagerShell( 1176): TvPipMenuController: switchToMenuMode: setting mCurrentMenuMode=MODE_NO_MENU, mPrevMenuMode=MODE_NO_MENU
05-28 15:36:15.804 V/WindowManagerShell( 1176): Transition requested: android.os.BinderProxy@c3b861 TransitionRequestInfo { type = 2, triggerTask = TaskInfo{userId=0 taskId=28 displayId=0 isRunning=false baseIntent=Intent { dat=haqu://setting:8080/... flg=0x10000000 pkg=com.dangbei.haqusetting cmp=com.dangbei.haqusetting/.ui.HomeActivity } baseActivity=null topActivity=null origActivity=null realActivity=ComponentInfo{com.dangbei.haqusetting/com.dangbei.haqusetting.ui.HomeActivity} numActivities=0 lastActiveTime=4446187 supportsMultiWindow=true resizeMode=1 isResizeable=true minWidth=-1 minHeight=-1 defaultMinSize=220 token=WCT{android.window.IWindowContainerToken$Stub$Proxy@1893f86} topActivityType=1 pictureInPictureParams=null shouldDockBigOverlays=false launchIntoPipHostTaskId=-1 lastParentTaskIdBeforePip=-1 displayCutoutSafeInsets=null topActivityInfo=null launchCookies=[] positionInParent=Point(0, 0) parentTaskId=-1 isFocused=true isVisible=true isVisibleRequested=true isSleeping=false topActivityInSizeCompat=false topActivityEligibleForLetterboxEducation= false isLetterboxDoubleTapEnabled= false topActivityEligibleForUserAspectRatioButton= false topActivityBoundsLetterboxed= false isFromLetterboxDoubleTap= false topActivityLetterboxVerticalPosition= -1 topActivityLetterboxHorizontalPosition= -1 topActivityLetterboxWidth=-1 topActivityLetterboxHeight=-1 isUserFullscreenOverrideEnabled=false isTopActivityTransparent=false locusId=null displayAreaFeatureId=1 cameraCompatControlState=hidden}, remoteTransition = null, displayChange = null, flags = 0 }
05-28 15:36:15.808 I/ActivityManager( 742): Start proc 14565:com.dangbei.lerad.screensaver/u0a44 for service {com.dangbei.lerad.screensaver/com.dangbei.lerad.screensaver.service.ScreenSaverService}
05-28 15:36:15.817 V/WindowManager( 742): app ------------- force_land :0
05-28 15:36:15.828 V/WindowManagerShell( 1176): onTransitionReady android.os.BinderProxy@c3b861: {id=46 t=CLOSE f=0x0 trk=0 r=[0@Point(0, 0)] c=[{WCT{android.window.IWindowContainerToken$Stub$Proxy@c22799d} m=CLOSE f=TRANSLUCENT leash=Surface(name=Task=28)/@0x6f1047 sb=Rect(0, 0 - 1920, 1080) eb=Rect(0, 0 - 1920, 1080) d=0}]}
05-28 15:36:15.829 V/WindowManagerShell( 1176): Playing animation for (#46)android.os.BinderProxy@c3b861@0
05-28 15:36:15.831 V/WindowManagerShell( 1176): try handler com.android.wm.shell.keyguard.KeyguardTransitionHandler@d57b599
05-28 15:36:15.831 V/WindowManagerShell( 1176): try handler com.android.wm.shell.pip.tv.TvPipTransition@503205e
05-28 15:36:15.831 V/WindowManagerShell( 1176): try handler com.android.wm.shell.activityembedding.ActivityEmbeddingController@ce59c3f
05-28 15:36:15.831 V/WindowManagerShell( 1176): try handler com.android.wm.shell.transition.RemoteTransitionHandler@b18e90c
05-28 15:36:15.831 V/WindowManagerShell( 1176): Transition doesn't have explicit remote, search filters for match for {id=46 t=CLOSE f=0x0 trk=0 r=[0@Point(0, 0)] c=[{WCT{android.window.IWindowContainerToken$Stub$Proxy@c22799d} m=CLOSE f=TRANSLUCENT leash=Surface(name=Task=28)/@0x6f1047 sb=Rect(0, 0 - 1920, 1080) eb=Rect(0, 0 - 1920, 1080) d=0}]}
05-28 15:36:15.831 V/WindowManagerShell( 1176): Delegate animation for #46 to null
05-28 15:36:15.831 V/WindowManagerShell( 1176): try handler com.android.wm.shell.transition.DefaultTransitionHandler@be51255
05-28 15:36:15.831 V/WindowManagerShell( 1176): start default transition animation, info = {id=46 t=CLOSE f=0x0 trk=0 r=[0@Point(0, 0)] c=[{WCT{android.window.IWindowContainerToken$Stub$Proxy@c22799d} m=CLOSE f=TRANSLUCENT leash=Surface(name=Task=28)/@0x6f1047 sb=Rect(0, 0 - 1920, 1080) eb=Rect(0, 0 - 1920, 1080) d=0}]}
05-28 15:36:15.832 V/WindowManagerShell( 1176): loadAnimation: anim=android.view.animation.AlphaAnimation@829ce12 animAttr=0x7 type=CLOSE isEntrance=false
05-28 15:36:15.834 V/WindowManagerShell( 1176): animated by com.android.wm.shell.transition.DefaultTransitionHandler@be51255
05-28 15:36:15.842 V/WindowManager( 742): Sent Transition #46 createdAt=05-28 15:36:15.800 via request=TransitionRequestInfo { type = 2, triggerTask = TaskInfo{userId=0 taskId=28 displayId=0 isRunning=false baseIntent=Intent { dat=haqu://setting:8080/... flg=0x10000000 pkg=com.dangbei.haqusetting cmp=com.dangbei.haqusetting/.ui.HomeActivity } baseActivity=null topActivity=null origActivity=null realActivity=ComponentInfo{com.dangbei.haqusetting/com.dangbei.haqusetting.ui.HomeActivity} numActivities=0 lastActiveTime=4446187 supportsMultiWindow=true resizeMode=1 isResizeable=true minWidth=-1 minHeight=-1 defaultMinSize=220 token=WCT{RemoteToken{94e356 Task{1294c39 #28 type=standard A=1000:com.dangbei.haqusetting}}} topActivityType=1 pictureInPictureParams=null shouldDockBigOverlays=false launchIntoPipHostTaskId=-1 lastParentTaskIdBeforePip=-1 displayCutoutSafeInsets=null topActivityInfo=null launchCookies=[] positionInParent=Point(0, 0) parentTaskId=-1 isFocused=true isVisible=true isVisibleRequested=true isSleeping=false topActivityInSizeCompat=false topActivityEligibleForLetterboxEducation= false isLetterboxDoubleTapEnabled= false topActivityEligibleForUserAspectRatioButton= false topActivityBoundsLetterboxed= false isFromLetterboxDoubleTap= false topActivityLetterboxVerticalPosition= -1 topActivityLetterboxHorizontalPosition= -1 topActivityLetterboxWidth=-1 topActivityLetterboxHeight=-1 isUserFullscreenOverrideEnabled=false isTopActivityTransparent=false locusId=null displayAreaFeatureId=1 cameraCompatControlState=hidden}, remoteTransition = null, displayChange = null, flags = 0 }
05-28 15:36:15.842 V/WindowManager( 742): startWCT=WindowContainerTransaction { changes = {} hops = [] errorCallbackToken=null taskFragmentOrganizer=null }
05-28 15:36:15.842 V/WindowManager( 742): info={id=46 t=CLOSE f=0x0 trk=0 r=[0@Point(0, 0)] c=[{WCT{RemoteToken{94e356 Task{1294c39 #28 type=standard A=1000:com.dangbei.haqusetting}}} m=CLOSE f=TRANSLUCENT leash=Surface(name=Task=28)/@0x82d9efb sb=Rect(0, 0 - 1920, 1080) eb=Rect(0, 0 - 1920, 1080) d=0}]}
05-28 15:36:15.865 D/CoreBackPreview( 742): Window{505e82c u0 com.dangbei.haqusetting/com.dangbei.haqusetting.ui.HomeActivity}: Setting back callback null
05-28 15:36:15.916 W/ContextImpl( 742): Calling a method in the system process without a qualified user: android.app.ContextImpl.startService:1899 com.android.server.wm.DisplayPolicy.lambda$focusChangedLw$5:2126 com.android.server.wm.DisplayPolicy.$r8$lambda$Znxk63oh-WzVnzo_WQefN7uxV48:0 com.android.server.wm.DisplayPolicy$$ExternalSyntheticLambda13.run:0 android.os.Handler.handleCallback:958
05-28 15:36:15.919 D/WindowManagerShell( 1176): TvPipController: onTaskStackChanged()
05-28 15:36:16.113 W/ActivityTaskManager( 742): callingPackage for (uid=1000, pid=0) has no WPC
05-28 15:36:16.127 I/ActivityTaskManager( 742): START u0 {flg=0x10040000 pkg=com.dangbei.lerad.screensaver cmp=com.dangbei.lerad.screensaver/android.service.dreams.DreamActivity (has extras)} with LAUNCH_SINGLE_INSTANCE from uid 10044 (realCallingUid=1000) (BAL_ALLOW_PENDING_INTENT) result code=0
05-28 15:36:16.128 V/WindowManagerShell( 1176): Transition requested: android.os.BinderProxy@eb21299 TransitionRequestInfo { type = 1, triggerTask = TaskInfo{userId=0 taskId=30 displayId=0 isRunning=true baseIntent=Intent { flg=0x10840000 pkg=com.dangbei.lerad.screensaver cmp=com.dangbei.lerad.screensaver/android.service.dreams.DreamActivity } baseActivity=ComponentInfo{com.dangbei.lerad.screensaver/android.service.dreams.DreamActivity} topActivity=ComponentInfo{com.dangbei.lerad.screensaver/android.service.dreams.DreamActivity} origActivity=null realActivity=ComponentInfo{com.dangbei.lerad.screensaver/android.service.dreams.DreamActivity} numActivities=1 lastActiveTime=5046592 supportsMultiWindow=true resizeMode=0 isResizeable=false minWidth=-1 minHeight=-1 defaultMinSize=220 token=WCT{android.window.IWindowContainerToken$Stub$Proxy@ed2b95e} topActivityType=5 pictureInPictureParams=null shouldDockBigOverlays=true launchIntoPipHostTaskId=-1 lastParentTaskIdBeforePip=-1 displayCutoutSafeInsets=null topActivityInfo=ActivityInfo{e7c13f android.service.dreams.DreamActivity} launchCookies=[] positionInParent=Point(0, 0) parentTaskId=-1 isFocused=false isVisible=false isVisibleRequested=false isSleeping=false topActivityInSizeCompat=false topActivityEligibleForLetterboxEducation= false isLetterboxDoubleTapEnabled= false topActivityEligibleForUserAspectRatioButton= false topActivityBoundsLetterboxed= false isFromLetterboxDoubleTap= false topActivityLetterboxVerticalPosition= -1 topActivityLetterboxHorizontalPosition= -1 topActivityLetterboxWidth=-1 topActivityLetterboxHeight=-1 isUserFullscreenOverrideEnabled=false isTopActivityTransparent=false locusId=null displayAreaFeatureId=1 cameraCompatControlState=hidden}, remoteTransition = null, displayChange = null, flags = 0 }
05-28 15:36:16.134 V/WindowManager( 742): app ------------- force_land :0
05-28 15:36:16.134 V/WindowManager( 742): app ------------- force_land :0
05-28 15:36:16.134 V/WindowManager( 742): app ------------- force_land :0
05-28 15:36:16.203 W/WindowManager( 742): [addWindow] title:com.dangbei.lerad.screensaver/android.service.dreams.DreamActivity
05-28 15:36:16.225 D/CoreBackPreview( 742): Window{48ae23c u0 com.dangbei.lerad.screensaver/android.service.dreams.DreamActivity}: Setting back callback OnBackInvokedCallbackInfo{mCallback=android.window.IOnBackInvokedCallback$Stub$Proxy@e1f5f41, mPriority=0, mIsAnimationCallback=false}
05-28 15:36:16.241 D/WindowManagerShell( 1176): TvPipController: onTaskStackChanged()
05-28 15:36:16.245 V/WindowManagerShell( 1176): Transition animation finished (aborted=false), notifying core (#46)android.os.BinderProxy@c3b861@0
05-28 15:36:16.246 V/WindowManager( 742): Finish Transition #46: created at
05-28 15:36:15.800 collect-started=0.145ms request-sent=0.314ms started=5.426ms ready=18.0ms sent=22.792ms finished=446.434ms
05-28 15:36:16.256 V/WindowManagerShell( 1176): Track 0 became idle
05-28 15:36:16.319 V/WindowManagerShell( 1176): onTransitionReady android.os.BinderProxy@eb21299: {id=47 t=OPEN f=0x0 trk=1 r=[0@Point(0, 0)] c=[{WCT{android.window.IWindowContainerToken$Stub$Proxy@821325b} m=TO_FRONT f=NONE leash=Surface(name=Task=29)/@0x548aa0c sb=Rect(0, 0 - 1920, 1080) eb=Rect(0, 0 - 1920, 1080) d=0},{WCT{android.window.IWindowContainerToken$Stub$Proxy@dc5af8} m=TO_BACK f=NONE leash=Surface(name=Task=1)/@0x5083f55 sb=Rect(0, 0 - 1920, 1080) eb=Rect(0, 0 - 1920, 1080) d=0}]}
05-28 15:36:16.319 V/WindowManagerShell( 1176): Playing animation for (#47)android.os.BinderProxy@eb21299@1
05-28 15:36:16.319 V/WindowManagerShell( 1176): try handler com.android.wm.shell.keyguard.KeyguardTransitionHandler@d57b599
05-28 15:36:16.320 V/WindowManagerShell( 1176): try handler com.android.wm.shell.pip.tv.TvPipTransition@503205e
05-28 15:36:16.320 V/WindowManagerShell( 1176): try handler com.android.wm.shell.activityembedding.ActivityEmbeddingController@ce59c3f
05-28 15:36:16.320 V/WindowManagerShell( 1176): try handler com.android.wm.shell.transition.RemoteTransitionHandler@b18e90c
05-28 15:36:16.320 V/DisplayPowerController2[0]( 742): Brightness [0.39763778] reason changing to: 'manual', previous reason: 'manual [ dim ]'.
05-28 15:36:16.320 V/WindowManagerShell( 1176): Transition doesn't have explicit remote, search filters for match for {id=47 t=OPEN f=0x0 trk=1 r=[0@Point(0, 0)] c=[{WCT{android.window.IWindowContainerToken$Stub$Proxy@821325b} m=TO_FRONT f=NONE leash=Surface(name=Task=29)/@0x548aa0c sb=Rect(0, 0 - 1920, 1080) eb=Rect(0, 0 - 1920, 1080) d=0},{WCT{android.window.IWindowContainerToken$Stub$Proxy@dc5af8} m=TO_BACK f=NONE leash=Surface(name=Task=1)/@0x5083f55 sb=Rect(0, 0 - 1920, 1080) eb=Rect(0, 0 - 1920, 1080) d=0}]}
05-28 15:36:16.320 I/DisplayPowerController2[0]( 742): BrightnessEvent: disp=0, physDisp=local:4627013623894091019, brt=0.39763778, initBrt=0.05, rcmdBrt=NaN, preBrt=NaN, lux=0.0, preLux=0.0, hbmMax=1.0, hbmMode=off, rbcStrength=0, thrmMax=1.0, powerFactor=1.0, wasShortTermModelActive=false, flags=, reason=manual, autoBrightness=false, strategy=InvalidBrightnessStrategy
05-28 15:36:16.320 V/WindowManagerShell( 1176): Delegate animation for #47 to null
05-28 15:36:16.320 V/WindowManagerShell( 1176): try handler com.android.wm.shell.transition.DefaultTransitionHandler@be51255
05-28 15:36:16.320 V/WindowManager( 742): Sent Transition #47 createdAt=05-28 15:36:16.115 via request=TransitionRequestInfo { type = 1, triggerTask = TaskInfo{userId=0 taskId=30 displayId=0 isRunning=true baseIntent=Intent { flg=0x10840000 pkg=com.dangbei.lerad.screensaver cmp=com.dangbei.lerad.screensaver/android.service.dreams.DreamActivity } baseActivity=ComponentInfo{com.dangbei.lerad.screensaver/android.service.dreams.DreamActivity} topActivity=ComponentInfo{com.dangbei.lerad.screensaver/android.service.dreams.DreamActivity} origActivity=null realActivity=ComponentInfo{com.dangbei.lerad.screensaver/android.service.dreams.DreamActivity} numActivities=1 lastActiveTime=5046592 supportsMultiWindow=true resizeMode=0 isResizeable=false minWidth=-1 minHeight=-1 defaultMinSize=220 token=WCT{RemoteToken{d3fb579 Task{ef7d386 #30 type=dream A=10044:android:com.dangbei.lerad.screensaver/dream}}} topActivityType=5 pictureInPictureParams=null shouldDockBigOverlays=true launchIntoPipHostTaskId=-1 lastParentTaskIdBeforePip=-1 displayCutoutSafeInsets=null topActivityInfo=ActivityInfo{20152be android.service.dreams.DreamActivity} launchCookies=[] positionInParent=Point(0, 0) parentTaskId=-1 isFocused=false isVisible=false isVisibleRequested=false isSleeping=false topActivityInSizeCompat=false topActivityEligibleForLetterboxEducation= false isLetterboxDoubleTapEnabled= false topActivityEligibleForUserAspectRatioButton= false topActivityBoundsLetterboxed= false isFromLetterboxDoubleTap= false topActivityLetterboxVerticalPosition= -1 topActivityLetterboxHorizontalPosition= -1 topActivityLetterboxWidth=-1 topActivityLetterboxHeight=-1 isUserFullscreenOverrideEnabled=false isTopActivityTransparent=false locusId=null displayAreaFeatureId=1 cameraCompatControlState=hidden}, remoteTransition = null, displayChange = null, flags = 0 }
05-28 15:36:16.320 V/WindowManager( 742): startWCT=WindowContainerTransaction { changes = {} hops = [] errorCallbackToken=null taskFragmentOrganizer=null }
05-28 15:36:16.320 V/WindowManagerShell( 1176): start default transition animation, info = {id=47 t=OPEN f=0x0 trk=1 r=[0@Point(0, 0)] c=[{WCT{android.window.IWindowContainerToken$Stub$Proxy@821325b} m=TO_FRONT f=NONE leash=Surface(name=Task=29)/@0x548aa0c sb=Rect(0, 0 - 1920, 1080) eb=Rect(0, 0 - 1920, 1080) d=0},{WCT{android.window.IWindowContainerToken$Stub$Proxy@dc5af8} m=TO_BACK f=NONE leash=Surface(name=Task=1)/@0x5083f55 sb=Rect(0, 0 - 1920, 1080) eb=Rect(0, 0 - 1920, 1080) d=0}]}
05-28 15:36:16.320 V/WindowManager( 742): info={id=47 t=OPEN f=0x0 trk=1 r=[0@Point(0, 0)] c=[{WCT{RemoteToken{eba4f1f Task{3401c61 #29 type=dream}}} m=TO_FRONT f=NONE leash=Surface(name=Task=29)/@0xcf9172 sb=Rect(0, 0 - 1920, 1080) eb=Rect(0, 0 - 1920, 1080) d=0},{WCT{RemoteToken{44ca422 Task{a327710 #1 type=home}}} m=TO_BACK f=NONE leash=Surface(name=Task=1)/@0xd12e164 sb=Rect(0, 0 - 1920, 1080) eb=Rect(0, 0 - 1920, 1080) d=0}]}
05-28 15:36:16.320 V/WindowManagerShell( 1176): loadAnimation: anim=null animAttr=0x1d type=OPEN isEntrance=false
05-28 15:36:16.320 V/WindowManagerShell( 1176): loadAnimation: anim=null animAttr=0x1c type=OPEN isEntrance=true
05-28 15:36:16.322 V/WindowManagerShell( 1176): Transition animation finished (aborted=false), notifying core (#47)android.os.BinderProxy@eb21299@1
05-28 15:36:16.325 D/DisplayManagerService( 742): Ignore redundant display event 0/4 to 10067/1190
05-28 15:36:16.325 D/DisplayManagerService( 742): Ignore redundant display event 0/4 to 10075/6844
05-28 15:36:16.328 V/WindowManagerShell( 1176): Track 1 became idle
05-28 15:36:16.328 V/WindowManagerShell( 1176): All active transition animations finished
05-28 15:36:16.329 V/WindowManagerShell( 1176): animated by com.android.wm.shell.transition.DefaultTransitionHandler@be51255
05-28 15:36:16.329 V/WindowManagerShell( 1176): Track 1 became idle
05-28 15:36:16.329 V/WindowManagerShell( 1176): All active transition animations finished
05-28 15:36:16.331 W/ContextImpl( 742): Calling a method in the system process without a qualified user: android.app.ContextImpl.startService:1899 com.android.server.wm.DisplayPolicy.lambda$focusChangedLw$5:2126 com.android.server.wm.DisplayPolicy.$r8$lambda$Znxk63oh-WzVnzo_WQefN7uxV48:0 com.android.server.wm.DisplayPolicy$$ExternalSyntheticLambda13.run:0 android.os.Handler.handleCallback:958
05-28 15:36:16.333 V/WindowManager( 742): Finish Transition #47: created at
05-28 15:36:16.115 collect-started=0.075ms request-sent=10.78ms started=14.965ms ready=21.882ms sent=199.22ms finished=209.876ms
05-28 15:36:16.362 D/CompatibilityChangeReporter( 742): Compat change id reported: 214016041; UID 10044; state: ENABLED --------- beginning of main
05-28 15:36:16.538 I/android.hardware.media.c2@1.2-service( 527): (null) is not set, used defaultValue = 0
05-28 15:36:16.538 I/VDA ( 527): [0##97]"sendMessagetoDecoder set AML_V4L2_SET_UEVENT_DURATION"
05-28 15:36:16.538 I/VDA ( 527): [0##97]"decoderID:97"
05-28 15:36:16.538 I/SystemControl( 343): [/UEventObserver.cpp, HDMITxUenventThreadLoop, 451] HDMI TX switch_name:3200, switch_state:
05-28 15:36:16.538 I/dmabufmanage( 527): dmabufmanage_init-105 Register dmabuf manager success 31 1
05-28 15:36:16.538 I/BufferPoolWraper( 527): [0]"BufferPoolWraper use dmabuf manager version 1"
05-28 15:36:16.538 I/VideoDecWraper( 527): [0##-1]"Query decoderID(97) success."
05-28 15:36:16.538 I/android.hardware.media.c2@1.2-service( 527): (null) is not set, used defaultValue = 1
05-28 15:36:16.538 I/BufferPoolWraper( 527): [30]"BufferPoolWraper:149"
05-28 15:36:16.538 I/android.hardware.media.c2@1.2-service( 527): (null) is not set, used defaultValue = 4194304
05-28 15:36:16.538 I/C2VdecDequeueThreadUtil( 527): [0##97][setComponent:86]
05-28 15:36:16.538 I/SystemControl-FRA( 343): [/FrameRateAutoAdaption.cpp, isFrameRateOn, 176] hdmi frame rate is on
05-28 15:36:16.538 I/C2VdecComponent( 527): [0##97]"[start] done"
05-28 15:36:16.539 W/Codec2Client(14565): query -- param skipped: index = 1342179345.
05-28 15:36:16.539 W/Codec2Client(14565): query -- param skipped: index = 2415921170.
05-28 15:36:16.539 I/BufferPoolWraper( 527): [30]"Init:190 fd:15 phyadr:0xffffffffceed2000 size:400000(400000)"
05-28 15:36:16.539 D/C2Store (14565): debug.c2.use_dmabufheaps set, forcing DMABUF Heaps
05-28 15:36:16.539 I/android.hardware.media.c2@1.2-service( 527): (null) is not set, used defaultValue = 8
05-28 15:36:16.539 I/VDA ( 527): [0##97]"CreateInputBuffers count 8 instance_num_: 0\n"
05-28 15:36:16.539 D/C2Store (14565): Using DMABUF Heaps
05-28 15:36:16.539 I/VDA ( 527): [0##97]"----create input VIDIOC_STREAMON----\n"
05-28 15:36:16.539 I/VDA ( 527): [0##97]"StartDevicePoll\n"
05-28 15:36:16.540 I/DMABUFHEAPS(14565): Using : Non-legacy ION heaps
05-28 15:36:16.540 I/android.hardware.media.c2@1.2-service( 527): (null) is not set, used defaultValue = 0
05-28 15:36:16.541 I/android.hardware.media.c2@1.2-service( 527): (null) is not set, used defaultValue = 0
05-28 15:36:16.541 D/CCodecBufferChannel(14565): [c2.amlogic.hevc.decoder#744] Created input block pool with allocatorID 16 => poolID 17 - OK (0)
05-28 15:36:16.542 I/CCodecBufferChannel(14565): [c2.amlogic.hevc.decoder#744] Created output block pool with allocatorID 18 => poolID 34 - OK
05-28 15:36:16.542 D/CCodecBufferChannel(14565): [c2.amlogic.hevc.decoder#744] Configured output block pool ids 34 => OK
05-28 15:36:16.542 D/Codec2-OutputBufferQueue(14565): C2SurfaceSyncMemory created 20(20)
05-28 15:36:16.543 D/Codec2-OutputBufferQueue(14565): remote graphic buffer migration 0/0
05-28 15:36:16.543 D/Codec2Client(14565): setOutputSurface -- generation=14914561 consumer usage=0x900 sync
05-28 15:36:16.543 D/C2BqBuffer( 527): local generation change 14914561 , bqId: 62556198666241 migrated buffers # 0
05-28 15:36:16.543 D/Codec2Client(14565): Surface configure completed
05-28 15:36:16.544 I/C2VendorComponentStore( 527): setDmaBufUsage 5
05-28 15:36:16.544 I/DMABUFHEAPS(14565): Using DMA-BUF heap named: system
05-28 15:36:16.547 W/ResourceManagerService( 659): Ignoring request to add new resource entry with value <= 0
05-28 15:36:16.548 I/virtual bool MediaDecoder::open(DecodeParam)(14565): open success: video/hevc hevc_mp4toannexb
05-28 15:36:16.548 I/virtual void IDecoder::pause(bool, bool)(14565): pause success: 0
05-28 15:36:16.548 I/void Player::setState(PLAYER_STATE)(14565): state changed newState: 2 oldState: 1
05-28 15:36:16.548 D/LeradPlayer(14565): player newState: 2 oldState: 1
05-28 15:36:16.548 D/LeradPlayer(14565): openSuccess: 1002
05-28 15:36:16.552 E/screen_saver2(14565): mute player true
05-28 15:36:16.552 I/C2VdecBlockPoolUtil( 527): vendor.media.c2.loglevels is not set used def = 1
05-28 15:36:16.552 I/C2VdecBlockPoolUtil( 527): Create block pool success, allocatorId:18 poolId:34 use surface:1
05-28 15:36:16.552 I/C2VdecBlockPoolUtil( 527): pool id:34 use surface:1
05-28 15:36:16.552 I/C2VdecComponent( 527): [0##97]"Bufferqueue-backed block pool is used. blockPool->getAllocatorId() 18, C2PlatformAllocatorStore::BUFFERQUEUE 18 "
05-28 15:36:16.552 I/VideoDecWraper( 527): [0##97]"destroy"
05-28 15:36:16.552 D/ResmanWrapper( 527): ~resManWrapper fd = 10
05-28 15:36:16.554 D/resman ( 527): release all resource, fd = 10
05-28 15:36:16.554 I/VDA ( 527): [0##97]"Destroy:1702"
05-28 15:36:16.554 I/VDA ( 527): [0##97]"DestroyTask INS=0/0, OUTS=0/0"" {IN=0/8, OUT=0/0[kAtAccelerator(0) kAtDevice(0) kAtClient(0)]}"
05-28 15:36:16.554 I/VDA ( 527): [0##97]"StopDevicePoll\n"
05-28 15:36:16.555 I/void PlayerProxy::play(long)(14565): start play
05-28 15:36:16.555 D/void Thread::start()(14565): Thread-MediaDecoder start
05-28 15:36:16.555 D/void Thread::start()(14565): Thread-FFDemuxer start
05-28 15:36:16.555 I/virtual void MediaDecoder::run()(14565): start 2
05-28 15:36:16.555 D/void Thread::start()(14565): Thread-Player start
05-28 15:36:16.555 I/void Player::play()(14565): start success
05-28 15:36:16.556 I/VDA ( 527): [0##97]"StopInputStream input_streamon 1, input_buffer_map_.size 8\n"
05-28 15:36:16.556 I/void MediaDecoder::render()(14565): start 2
05-28 15:36:16.556 I/virtual void IDemuxer::run()(14565): start
05-28 15:36:16.557 I/virtual void Player::run()(14565): start
05-28 15:36:16.560 I/VDA ( 527): [0##97]"----stop input VIDIOC_STREAMOFF----\n"
05-28 15:36:16.560 I/AmlManagePts( 527): [0]"resetPtsInfo into\n"
05-28 15:36:16.560 I/AmlManagePts( 527): [0]"resetOutPutInfo into\n"
05-28 15:36:16.560 I/VDA ( 527): [0##97]"DestroyInputBuffers:5083"
05-28 15:36:16.560 I/VDA ( 527): [0##97]"DestroyOutputBuffers:5126"
05-28 15:36:16.560 I/VDA ( 527): [0##97]"DestroyTask:4223"
05-28 15:36:16.560 I/VDA ( 527): [0##97]"DestroyTask:4225 destroy done signal."
05-28 15:36:16.560 I/BufferPoolWraper( 527): [30]"free bufferpool region memory"
05-28 15:36:16.561 I/dmabufmanage( 527): dmabufmanage_uninit-122 UnRegister dmabuf manager success 31
05-28 15:36:16.561 I/BufferPoolWraper( 527): [30]"~BufferPoolWraper:163"
05-28 15:36:16.561 I/AmlManagePts( 527): [0]"~AmlManagePts into\n"
05-28 15:36:16.561 I/VDA ( 527): [0##97]"~V4L2VideoDecodeAccelerator:679"
05-28 15:36:16.563 D/XM_HIDREAD( 2292): remove@ remove@/devices/platform/vdec/ammvdec_h265_v4l.0
05-28 15:36:16.564 I/SystemControl( 343): [/UEventObserver.cpp, HDMITxUenventThreadLoop, 451] HDMI TX switch_name:0, switch_state:
05-28 15:36:16.564 I/SystemControl-FRA( 343): [/FrameRateAutoAdaption.cpp, isFrameRateOn, 176] hdmi frame rate is on
05-28 15:36:16.566 I/C2VdecDeviceUtil( 527): [0#97]"[codecConfig:499] query frame rate:30.000000 updata mDurationUs = 33333, unstablePts :0 isAviDiscard :0"
05-28 15:36:16.566 I/C2VdecDeviceUtil( 527): [0#97]"Disable low latency mode to v4l2 decoder."
05-28 15:36:16.567 I/C2VdecDeviceUtil( 527): [codecConfig:522] clear vendor.media.llp
05-28 15:36:16.567 I/C2VdecDeviceUtil( 527): vendor.media.c2.vdec.h264_mmu_width is not set used def = 2560
05-28 15:36:16.567 I/C2VdecDeviceUtil( 527): vendor.media.c2.vdec.h264_mmu_height is not set used def = 2160
05-28 15:36:16.567 I/C2VdecDeviceUtil( 527): [0#97]"mEnableAvc4kMMU = 1, mmu open width:2560, height:2160"
05-28 15:36:16.567 I/C2VdecDeviceUtil( 527): [0#97]"configure width:1920 height:1080"
05-28 15:36:16.567 E/C2VdecCodecConfig( 527): can support 8K
05-28 15:36:16.567 I/C2VdecDeviceUtil( 527): [0#97]"[codecConfig:569] Codec is Support 8k"
05-28 15:36:16.567 I/C2VdecDeviceUtil( 527): [0#97]"DoubleWriteMode 1, margin:6 \n"
05-28 15:36:16.567 I/C2VdecDeviceUtil( 527): [0#97]"SurfaceText or noSurface unuse avbc out"
05-28 15:36:16.567 I/C2VdecDeviceUtil( 527): [0#97]"Enable DIPOST"
05-28 15:36:16.567 I/C2VdecDeviceUtil( 527): [0#97]"Buf dma mode 0x180000"
05-28 15:36:16.567 I/C2VdecDeviceUtil( 527): [0#97]"C2 need disable error policy"
05-28 15:36:16.567 I/C2VdecDeviceUtil( 527): [codecConfig] set triple write:0
05-28 15:36:16.567 I/VideoDecWraper( 527): [0##97]"initialize:mime:video/hevc secureMode is 0 flags is 0x8001"
05-28 15:36:16.567 D/ResmanWrapper( 527): resManWrapper CODEC2-0 init, fd = 10
05-28 15:36:16.567 I/AmVideoDec( 527): [No--1]-[0]"checkResource.-- mem size:60--dim:0 w:[1920]H[1080]\n"
05-28 15:36:16.570 I/virtual Data FFDemuxer::read()(14565): read frame ret: End of file latestReceivedTime: 7433 getTotalTimeMillis: 7500 is exit: 0
05-28 15:36:16.570 I/virtual Data FFDemuxer::read()(14565): list smooth loop
05-28 15:36:16.571 I/AmVideoDec( 527): [No--1]-[0]"res_status.v.query.avail 364 -mmsize: 60 -adjust 0\n"
05-28 15:36:16.571 I/resman ( 527): acquire fd:10, resid:7, preempt:1, time_out:10000, arg:
05-28 15:36:16.574 I/virtual StreamInfo FFDemuxer::getVideoStreamInfo()(14565): video width: 1920 video height: 1080 video pixelFormat: 0 fps: 30
05-28 15:36:16.574 D/virtual Data FFDemuxer::read()(14565): open next url: /data/user/0/com.dangbei.lerad.screensaver/files/download/61/city_2.mp4
05-28 15:36:16.575 I/resman ( 527): acquire fd:10, resid:5, preempt:1, time_out:10000, arg:size:60
05-28 15:36:16.575 I/V4l2Adaptor( 527): V4l2Adaptor::initialize flags is 0x8001
05-28 15:36:16.576 I/V4l2Adaptor( 527): V4l2Adaptor::onInit
05-28 15:36:16.576 I/android.hardware.media.c2@1.2-service( 527): vendor.mediahal.loglevels is not set, used defaultValue = 1
05-28 15:36:16.576 I/android.hardware.media.c2@1.2-service( 527): vendor.mediahal.loglevels is not set, used defaultValue = 1
05-28 15:36:16.576 I/VDA ( 527): [-1##-1]"open dec_stat fd -1, gloglevel 1 use_pts_id_ is 0 force dmabuf mode 0\n"
05-28 15:36:16.576 I/VDA ( 527): [-1##-1]"VDA Initialize flags is 32769\n"
05-28 15:36:16.576 I/VDA ( 527): [-1##-1]"Disabled LCEVC"
05-28 15:36:16.576 I/android.hardware.media.c2@1.2-service( 527): vendor.mediahal.loglevels is not set, used defaultValue = 1
05-28 15:36:16.576 I/VDA ( 527): [-1##-1]"Initialize codec2_mode_:1," "stream_mode_:0," "use_pts_id_:0," "force_dmabuf_mode_:0," "use_input_buffercache_:0," "use_input_bufferpool_ :1," "use_dynamic_capture_buffer_:1," "use_uvm_:1," "use_pts_calculator_:1," "use_high_prio_:1," "use_secure_vdec_hal_:1," "use_low_latency_mode_:0," "add_csd_:1"
05-28 15:36:16.579 I/virtual Data FFDemuxer::read()(14565): read frame ret: End of file latestReceivedTime: 14100 getTotalTimeMillis: 6666 is exit: 0
05-28 15:36:16.579 I/virtual Data FFDemuxer::read()(14565): list smooth loop
05-28 15:36:16.580 E/Scheduler( 263): trackPendingFrame: Invalid present fence
05-28 15:36:16.584 I/virtual StreamInfo FFDemuxer::getVideoStreamInfo()(14565): video width: 1920 video height: 1080 video pixelFormat: 0 fps: 30
05-28 15:36:16.584 D/virtual Data FFDemuxer::read()(14565): open next url: /data/user/0/com.dangbei.lerad.screensaver/files/download/61/city_1.mp4
05-28 15:36:16.588 I/virtual Data FFDemuxer::read()(14565): read frame ret: End of file latestReceivedTime: 21599 getTotalTimeMillis: 7500 is exit: 0
05-28 15:36:16.588 I/virtual Data FFDemuxer::read()(14565): list smooth loop
05-28 15:36:16.592 I/virtual StreamInfo FFDemuxer::getVideoStreamInfo()(14565): video width: 1920 video height: 1080 video pixelFormat: 0 fps: 30
05-28 15:36:16.592 D/virtual Data FFDemuxer::read()(14565): open next url: /data/user/0/com.dangbei.lerad.screensaver/files/download/61/city_2.mp4
05-28 15:36:16.592 I/VDA ( 527): [-1##99]"Initialize decoder_instance_num_ = 99"
05-28 15:36:16.592 I/VDA ( 527): [-1##99]"v4l2 private parms, magic:1437256755 len:5, adaptiveback:0 height:1920 width:1080\n"
05-28 15:36:16.592 I/android.hardware.media.c2@1.2-service( 527): vendor.media.mediahal.videodec.pts.loglevels is not set, used defaultValue = 1
05-28 15:36:16.592 I/AmlManagePts( 527): [0]"AmlManagePts into\n"
05-28 15:36:16.593 I/android.hardware.media.c2@1.2-service( 527): (null) is not set, used defaultValue = 0
05-28 15:36:16.593 I/VDA ( 527): V4l2Adaptor::postAndReplyMsg callerinstanceid : 0
05-28 15:36:16.593 I/VDA ( 527): [0##99]"InitializeTask"
05-28 15:36:16.593 I/VDA ( 527): [0##99]"not 8k use max input size\n"
05-28 15:36:16.593 I/C2VdecDeviceUtil( 527): [0#97]"into set mUnstablePts = 0 "
05-28 15:36:16.593 I/AmlManagePts( 527): [0]"setUnstablePts set unstable[0]\n"
05-28 15:36:16.593 I/C2VdecDeviceUtil( 527): [0#97]"into set mIsAviDiscard = 0 "
05-28 15:36:16.593 I/AmlManagePts( 527): [0]"setAviDiscard set avi discard[0]\n"
05-28 15:36:16.593 I/C2VdecDeviceUtil( 527): [0#97]"into set mDurationUs = 33333 afr:0 mFramerate:30.000000"
05-28 15:36:16.593 I/AmlManagePts( 527): [0]"setDuration set duration[33333]type[2]mDuration[33333]\n"
05-28 15:36:16.593 I/VDA ( 527): [0##99]"postAndReplyMsg set framerate [30.000000] afr_force_on:0"
05-28 15:36:16.593 I/VDA ( 527): [0##99]"setDurationToDecoder set [3200][30.000000]"
05-28 15:36:16.593 I/VDA ( 527): [0##99]"setDurationToDecoder set [3200]"
05-28 15:36:16.593 I/VDA ( 527): [0##99]"sendMessagetoDecoder set AML_V4L2_SET_VF_DURATION"
05-28 15:36:16.595 D/XM_HIDREAD( 2292): add@ add@/devices/platform/vdec/ammvdec_h265_v4l.0
05-28 15:36:16.599 I/VDA ( 527): [0##99]"SetupOutputFormat set outformat:NV21"
05-28 15:36:16.599 I/VDA ( 527): IsSupportedOutputFormat v4l2_format 3132564e
05-28 15:36:16.599 I/android.hardware.media.c2@1.2-service( 527): (null) is not set, used defaultValue = 0
05-28 15:36:16.599 I/VDA ( 527): [0##99]"sendMessagetoDecoder set AML_V4L2_SET_UEVENT_DURATION"
05-28 15:36:16.599 I/dmabufmanage( 527): dmabufmanage_init-105 Register dmabuf manager success 32 1
05-28 15:36:16.599 I/BufferPoolWraper( 527): [0]"BufferPoolWraper use dmabuf manager version 1"
05-28 15:36:16.599 I/android.hardware.media.c2@1.2-service( 527): (null) is not set, used defaultValue = 1
05-28 15:36:16.599 I/BufferPoolWraper( 527): [31]"BufferPoolWraper:149"
05-28 15:36:16.599 I/android.hardware.media.c2@1.2-service( 527): (null) is not set, used defaultValue = 4194304
05-28 15:36:16.599 I/VDA ( 527): [0##99]"decoderID:99"
05-28 15:36:16.599 I/VideoDecWraper( 527): [0##97]"Query decoderID(99) success."
05-28 15:36:16.599 I/SystemControl( 343): [/UEventObserver.cpp, HDMITxUenventThreadLoop, 451] HDMI TX switch_name:3200, switch_state:
05-28 15:36:16.599 I/SystemControl-FRA( 343): [/FrameRateAutoAdaption.cpp, isFrameRateOn, 176] hdmi frame rate is on
05-28 15:36:16.600 I/BufferPoolWraper( 527): [31]"Init:190 fd:43 phyadr:0xffffffffceed2000 size:400000(400000)"
05-28 15:36:16.600 I/android.hardware.media.c2@1.2-service( 527): (null) is not set, used defaultValue = 8
05-28 15:36:16.600 I/VDA ( 527): [0##99]"CreateInputBuffers count 8 instance_num_: 0\n"
05-28 15:36:16.600 I/VDA ( 527): [0##99]"----create input VIDIOC_STREAMON----\n"
05-28 15:36:16.600 I/VDA ( 527): [0##99]"StartDevicePoll\n"
05-28 15:36:16.601 I/android.hardware.media.c2@1.2-service( 527): (null) is not set, used defaultValue = 0
05-28 15:36:16.601 I/android.hardware.media.c2@1.2-service( 527): (null) is not set, used defaultValue = 0
05-28 15:36:16.601 D/CCodecBufferChannel(14565): [c2.amlogic.hevc.decoder#744] Ignoring stale input buffer done callback: last flush index = 0, frameIndex = 0
05-28 15:36:16.605 I/virtual Data FFDemuxer::read()(14565): read frame ret: End of file latestReceivedTime: 28266 getTotalTimeMillis: 6666 is exit: 0
05-28 15:36:16.605 I/virtual Data FFDemuxer::read()(14565): list smooth loop
05-28 15:36:16.608 I/VDA ( 527): [0##99]"got resolution change event.\n"
05-28 15:36:16.608 I/VDA ( 527): [0##99]"VIDIOC_G_FMT format.fmt.pix.width 1920\n"
05-28 15:36:16.608 I/VDA ( 527): [0##99]"[GetVisibleSize] visible width 1920, height 1080\n"
05-28 15:36:16.608 I/VDA ( 527): [0##99]"[NeedResolutionChange] dpb(0->13),size(0x0->1920x1080)"
05-28 15:36:16.608 I/VDA ( 527): [0##99]"StopDevicePoll\n"
05-28 15:36:16.608 I/VDA ( 527): [0##99]"DestroyOutputBuffers:5126"
05-28 15:36:16.608 I/VDA ( 527): [0##99]"[StartResolutionChange] into resolution"
05-28 15:36:16.608 I/AmlManagePts( 527): [0]"resetOutPutInfo into\n"
05-28 15:36:16.608 I/VDA ( 527): [0##99]"VIDIOC_G_FMT format.fmt.pix.width 1920\n"
05-28 15:36:16.608 I/VDA ( 527): [0##99]"[GetVisibleSize] visible width 1920, height 1080\n"
05-28 15:36:16.608 V/android.hardware.media.c2@1.2-service( 527): [0528/153616.608893:VERBOSE1:v4l2_video_decode_accelerator.cc(4614)] CheckInterlaced():
05-28 15:36:16.609 I/VDA ( 527): [0##99]"CheckInterlaced: format.fmt.pix.field 1\n"
05-28 15:36:16.609 V/android.hardware.media.c2@1.2-service( 527): [0528/153616.609078:VERBOSE1:v4l2_video_decode_accelerator.cc(4638)] NotifyEvent():
05-28 15:36:16.609 I/VideoDecWraper( 527): [0##99]"event 2, param 0x0, paramsize:0\n"
05-28 15:36:16.609 I/C2VdecComponent( 527): NotifyEvent:event:2
05-28 15:36:16.609 I/AmlManagePts( 527): [0]"setInterlace set interlace[0]\n"
05-28 15:36:16.609 I/VDA ( 527): [0##99]"output_planes_count_ 1, format.fmt.pix.width 1920\n"
05-28 15:36:16.609 I/VDA ( 527): [0##99]"[CreateOutputBuffers@5031] got widthalign:64"
05-28 15:36:16.609 I/VDA ( 527): [0##99]"output_dpb_size_ 13, output buffer 13, coded_size_ 1920 x 1088 width_align:64\n"
05-28 15:36:16.609 I/VDA ( 527): [0##99]"CreateOutputBuffers decoder_state_ change to kAwaitingPictureBuffers\n"
05-28 15:36:16.609 I/VDA ( 527): [0##99]"StartDevicePoll\n"
05-28 15:36:16.609 I/V4l2Adaptor( 527): V4l2Adaptor::ProvidePictureBuffers 13
05-28 15:36:16.609 I/VideoDecWraper( 527): [0##99]"providePictureBuffers:minNumBuffers:13, w:1920, h:1080"
05-28 15:36:16.609 I/VDA ( 527): [0##99]"bitdepth:8"
05-28 15:36:16.609 I/C2VdecDeviceUtil( 527): [0#99]"Query the stream bit depth(8) success."
05-28 15:36:16.609 E/C2VdecCodecConfig( 527): c2.amlogic.hevc.decoder can support 4K
05-28 15:36:16.609 I/C2VdecDeviceUtil( 527): setSkipReallocBufMode:0
05-28 15:36:16.609 I/android.hardware.media.c2@1.2-service( 527): (null) is not set, used defaultValue = 0
05-28 15:36:16.610 I/C2VdecComponent( 527): [0##99]"[onOutputFormatChanged:1978]New output format(pixel_format=0x11, min_num_buffers=13, coded_size=1920x1080, crop_rect=(0,0) 1920x1080)"
05-28 15:36:16.610 I/C2VdecDeviceUtil( 527): vendor.media.c2.vdec.disable_vpp_thres is not set used def = 0
05-28 15:36:16.610 E/C2VdecCodecConfig( 527): c2.amlogic.hevc.decoder can support 4K
05-28 15:36:16.610 I/C2VdecComponent( 527): [0##99]"Update dequeue buffer num: 13 -> 5 out delay buffer margin:0"
05-28 15:36:16.610 I/C2VdecComponent( 527): [0##99]"AllocateBuffersFromBlockPool(1920x1080, 0x11)"
05-28 15:36:16.610 I/C2VdecDeviceUtil( 527): setSkipReallocBufMode:0
05-28 15:36:16.610 D/CCodecConfig(14565): c2 config diff is c2::u32 output.delay.value = 5
05-28 15:36:16.611 D/Codec2-OutputBufferQueue(14565): set max dequeue count 12 from update
05-28 15:36:16.612 I/gralloc ( 527): am_gralloc_set_uvm_decoder_para: parameters:[slot_id=0,w*h(0*0),w_align=0,h_align=0,size=0]
05-28 15:36:16.612 I/C2VdecGrallocWraper( 527): [0#99 getSlotID@504]"Got SlotID:0"
05-28 15:36:16.612 I/C2VdecDeviceUtil( 527): setSkipReallocBufMode:0
05-28 15:36:16.612 I/VDA ( 527): [0##99]"[postAndReplyMsg@1913] got widthalign:64"
05-28 15:36:16.612 I/C2VdecDeviceUtil( 527): [0#99]"Query the decoder width align(64) success."
05-28 15:36:16.612 I/C2VdecGrallocWraper( 527): [0#99 setParameters@543]"setParam WxH(1920 x 1088), Align(64 : 64) for slot id:0"
05-28 15:36:16.612 I/gralloc ( 527): am_gralloc_set_uvm_decoder_para: parameters:[slot_id=0,w*h(1920*1088),w_align=64,h_align=64,size=0]
05-28 15:36:16.612 E/C2VdecCodecConfig( 527): c2.amlogic.hevc.decoder can support 4K
05-28 15:36:16.612 I/AmVideoDec( 527): [No--1]-[0]"setupOutputBufferNum 13\n"
05-28 15:36:16.612 I/V4l2Adaptor( 527): assignPictureBuffers numOutputBuffers 13
05-28 15:36:16.612 I/V4l2Adaptor( 527): onAssignPictureBuffers numOutputBuffers 13
05-28 15:36:16.612 I/VDA ( 527): [0##99]"AssignPictureBuffers buffer_count=13"
05-28 15:36:16.613 I/VDA ( 527): [0##99]"AssignPictureBuffersTask decoder_state_=kAwaitingPictureBuffers"
05-28 15:36:16.613 I/mali_gralloc( 262): am_gralloc_get_uvm_decoder_para: parameters:[slot_id=0,w*h(1920*1088),w_align=64,h_align=64,size=0]
05-28 15:36:16.613 I/mali_gralloc( 262): am_gralloc_get_uvm_decoder_para: parameters:[slot_id=0,w*h(1920*1088),w_align=64,h_align=64,size=0]
05-28 15:36:16.615 I/C2VdecBlockPoolUtil( 527): Fetch the new block(ino:35577 fd:62 dup fd:65 id:0) and append.
05-28 15:36:16.615 I/V4l2Adaptor( 527): importBufferForPicture pictureBufferId 0, dmabufFd 66, metaFd -1
05-28 15:36:16.615 I/V4l2Adaptor( 527): onImportBufferForPicture pictureBufferId 0, dmabufFd 66, metaFd -1, plane size 1
05-28 15:36:16.615 I/V4l2Adaptor( 527): onImportBufferForPicture addr 0x0, stride 0, offset 0, size 0
05-28 15:36:16.615 I/mali_gralloc( 262): am_gralloc_get_uvm_decoder_para: parameters:[slot_id=0,w*h(1920*1088),w_align=64,h_align=64,size=0]
05-28 15:36:16.615 I/VDA ( 527): [0##99]"ImportDynamicCaptureBufferForPictureTask fd=66, index=0\n"" {IN=8/8, OUT=0/1[kAtAccelerator(1) kAtDevice(0) kAtClient(0)]}"
05-28 15:36:16.615 I/mali_gralloc( 262): am_gralloc_get_uvm_decoder_para: parameters:[slot_id=0,w*h(1920*1088),w_align=64,h_align=64,size=0]
05-28 15:36:16.616 I/virtual StreamInfo FFDemuxer::getVideoStreamInfo()(14565): video width: 1920 video height: 1080 video pixelFormat: 0 fps: 30
05-28 15:36:16.616 I/VDA ( 527): [0##99]"----enqueue output STREAMON----\n"
05-28 15:36:16.616 D/virtual Data FFDemuxer::read()(14565): open next url: /data/user/0/com.dangbei.lerad.screensaver/files/download/61/city_1.mp4
05-28 15:36:16.618 I/C2VdecBlockPoolUtil( 527): Fetch the new block(ino:35579 fd:70 dup fd:73 id:1) and append.
05-28 15:36:16.618 I/V4l2Adaptor( 527): importBufferForPicture pictureBufferId 1, dmabufFd 74, metaFd -1
05-28 15:36:16.618 I/V4l2Adaptor( 527): onImportBufferForPicture pictureBufferId 1, dmabufFd 74, metaFd -1, plane size 1
05-28 15:36:16.618 I/V4l2Adaptor( 527): onImportBufferForPicture addr 0x0, stride 0, offset 0, size 0
05-28 15:36:16.618 I/VDA ( 527): [0##99]"ImportDynamicCaptureBufferForPictureTask fd=74, index=1\n"" {IN=8/8, OUT=0/2[kAtAccelerator(1) kAtDevice(1) kAtClient(0)]}"
05-28 15:36:16.618 I/mali_gralloc( 262): am_gralloc_get_uvm_decoder_para: parameters:[slot_id=0,w*h(1920*1088),w_align=64,h_align=64,size=0]
05-28 15:36:16.618 I/mali_gralloc( 262): am_gralloc_get_uvm_decoder_para: parameters:[slot_id=0,w*h(1920*1088),w_align=64,h_align=64,size=0]
05-28 15:36:16.621 I/virtual Data FFDemuxer::read()(14565): read frame ret: End of file latestReceivedTime: 35765 getTotalTimeMillis: 7500 is exit: 0
05-28 15:36:16.621 I/virtual Data FFDemuxer::read()(14565): list smooth loop
05-28 15:36:16.622 I/C2VdecBlockPoolUtil( 527): Fetch the new block(ino:35581 fd:78 dup fd:81 id:2) and append.
05-28 15:36:16.622 I/V4l2Adaptor( 527): importBufferForPicture pictureBufferId 2, dmabufFd 82, metaFd -1
05-28 15:36:16.622 I/V4l2Adaptor( 527): onImportBufferForPicture pictureBufferId 2, dmabufFd 82, metaFd -1, plane size 1
05-28 15:36:16.622 I/V4l2Adaptor( 527): onImportBufferForPicture addr 0x0, stride 0, offset 0, size 0
05-28 15:36:16.623 I/mali_gralloc( 262): am_gralloc_get_uvm_decoder_para: parameters:[slot_id=0,w*h(1920*1088),w_align=64,h_align=64,size=0]
05-28 15:36:16.623 I/mali_gralloc( 262): am_gralloc_get_uvm_decoder_para: parameters:[slot_id=0,w*h(1920*1088),w_align=64,h_align=64,size=0]
05-28 15:36:16.623 I/VDA ( 527): [0##99]"ImportDynamicCaptureBufferForPictureTask fd=82, index=2\n"" {IN=8/8, OUT=0/3[kAtAccelerator(1) kAtDevice(2) kAtClient(0)]}"
05-28 15:36:16.624 I/VDA ( 527): [0##99]"reportFrameRate set [3200] framerate[30.000000]"
05-28 15:36:16.624 V/android.hardware.media.c2@1.2-service( 527): [0528/153616.624826:VERBOSE1:v4l2_video_decode_accelerator.cc(4638)] NotifyEvent():
05-28 15:36:16.625 I/VideoDecWraper( 527): [0##99]"event 5, param 0xe6278a74, paramsize:4\n"
05-28 15:36:16.625 I/C2VdecComponent( 527): NotifyEvent:event:5
05-28 15:36:16.625 I/C2VdecBlockPoolUtil( 527): Fetch the new block(ino:35583 fd:84 dup fd:87 id:3) and append.
05-28 15:36:16.625 V/android.hardware.media.c2@1.2-service( 527): [0528/153616.625916:VERBOSE1:v4l2_video_decode_accelerator.cc(4580)] CheckInterlaced():
05-28 15:36:16.625 I/V4l2Adaptor( 527): importBufferForPicture pictureBufferId 3, dmabufFd 88, metaFd -1
05-28 15:36:16.626 I/VDA ( 527): [0##99]"VIDIOC_G_FMT format.fmt.pix.width 1920\n"
05-28 15:36:16.626 I/VDA ( 527): [0##99]"[GetVisibleSize] visible width 1920, height 1080\n"
05-28 15:36:16.626 I/VDA ( 527): [0##99]"CheckInterlaced format.fmt.pix.field 1\n"
05-28 15:36:16.626 V/android.hardware.media.c2@1.2-service( 527): [0528/153616.626040:VERBOSE1:v4l2_video_decode_accelerator.cc(4638)] NotifyEvent():
05-28 15:36:16.626 I/VideoDecWraper( 527): [0##99]"event 2, param 0x0, paramsize:0\n"
05-28 15:36:16.626 I/C2VdecDeviceUtil( 527): [0#99]"Update color aspect p:1/1, r:2/2, m:1/1, t:3/3"
05-28 15:36:16.626 I/C2VdecComponent( 527): NotifyEvent:event:2
05-28 15:36:16.626 I/AmlManagePts( 527): [0]"setInterlace set interlace[0]\n"
05-28 15:36:16.626 I/V4l2Adaptor( 527): onImportBufferForPicture pictureBufferId 3, dmabufFd 88, metaFd -1, plane size 1
05-28 15:36:16.626 I/V4l2Adaptor( 527): onImportBufferForPicture addr 0x0, stride 0, offset 0, size 0
05-28 15:36:16.626 I/VDA ( 527): [0##99]"ImportDynamicCaptureBufferForPictureTask fd=88, index=3\n"" {IN=6/8, OUT=1/4[kAtAccelerator(1) kAtDevice(2) kAtClient(1)]}"
05-28 15:36:16.626 I/mali_gralloc( 262): am_gralloc_get_uvm_decoder_para: parameters:[slot_id=0,w*h(1920*1088),w_align=64,h_align=64,size=0]
05-28 15:36:16.626 I/mali_gralloc( 262): am_gralloc_get_uvm_decoder_para: parameters:[slot_id=0,w*h(1920*1088),w_align=64,h_align=64,size=0]
05-28 15:36:16.626 I/virtual StreamInfo FFDemuxer::getVideoStreamInfo()(14565): video width: 1920 video height: 1080 video pixelFormat: 0 fps: 30
05-28 15:36:16.626 D/virtual Data FFDemuxer::read()(14565): open next url: /data/user/0/com.dangbei.lerad.screensaver/files/download/61/city_2.mp4
05-28 15:36:16.631 I/C2VdecBlockPoolUtil( 527): Fetch the new block(ino:35585 fd:58 dup fd:91 id:4) and append.
05-28 15:36:16.631 I/V4l2Adaptor( 527): importBufferForPicture pictureBufferId 4, dmabufFd 92, metaFd -1
05-28 15:36:16.631 I/V4l2Adaptor( 527): onImportBufferForPicture pictureBufferId 4, dmabufFd 92, metaFd -1, plane size 1
05-28 15:36:16.631 I/V4l2Adaptor( 527): onImportBufferForPicture addr 0x0, stride 0, offset 0, size 0
05-28 15:36:16.632 I/mali_gralloc( 262): am_gralloc_get_uvm_decoder_para: parameters:[slot_id=0,w*h(1920*1088),w_align=64,h_align=64,size=0]
05-28 15:36:16.632 I/VDA ( 527): [0##99]"ImportDynamicCaptureBufferForPictureTask fd=92, index=4\n"" {IN=5/8, OUT=1/5[kAtAccelerator(1) kAtDevice(3) kAtClient(1)]}"
05-28 15:36:16.632 I/mali_gralloc( 262): am_gralloc_get_uvm_decoder_para: parameters:[slot_id=0,w*h(1920*1088),w_align=64,h_align=64,size=0]
05-28 15:36:16.634 V/android.hardware.media.c2@1.2-service( 527): [0528/153616.633939:VERBOSE1:v4l2_video_decode_accelerator.cc(4580)] CheckInterlaced():
05-28 15:36:16.634 I/virtual Data FFDemuxer::read()(14565): read frame ret: End of file latestReceivedTime: 42432 getTotalTimeMillis: 6666 is exit: 0
05-28 15:36:16.634 I/virtual Data FFDemuxer::read()(14565): list smooth loop
05-28 15:36:16.634 I/VDA ( 527): [0##99]"VIDIOC_G_FMT format.fmt.pix.width 1920\n"
05-28 15:36:16.634 I/VDA ( 527): [0##99]"[GetVisibleSize] visible width 1920, height 1080\n"
05-28 15:36:16.634 I/VDA ( 527): [0##99]"CheckInterlaced format.fmt.pix.field 1\n"
05-28 15:36:16.634 V/android.hardware.media.c2@1.2-service( 527): [0528/153616.634314:VERBOSE1:v4l2_video_decode_accelerator.cc(4638)] NotifyEvent():
05-28 15:36:16.634 I/VideoDecWraper( 527): [0##99]"event 2, param 0x0, paramsize:0\n"
05-28 15:36:16.634 I/C2VdecComponent( 527): NotifyEvent:event:2
05-28 15:36:16.634 I/AmlManagePts( 527): [0]"setInterlace set interlace[0]\n"
05-28 15:36:16.635 I/C2VdecBlockPoolUtil( 527): Fetch the new block(ino:35587 fd:94 dup fd:97 id:5) and append.
05-28 15:36:16.635 I/V4l2Adaptor( 527): importBufferForPicture pictureBufferId 5, dmabufFd 98, metaFd -1
05-28 15:36:16.635 I/V4l2Adaptor( 527): onImportBufferForPicture pictureBufferId 5, dmabufFd 98, metaFd -1, plane size 1
05-28 15:36:16.635 I/V4l2Adaptor( 527): onImportBufferForPicture addr 0x0, stride 0, offset 0, size 0
05-28 15:36:16.635 I/VDA ( 527): [0##99]"ImportDynamicCaptureBufferForPictureTask fd=98, index=5\n"" {IN=4/8, OUT=2/6[kAtAccelerator(1) kAtDevice(3) kAtClient(2)]}"
05-28 15:36:16.637 I/mali_gralloc( 262): am_gralloc_get_uvm_decoder_para: parameters:[slot_id=0,w*h(1920*1088),w_align=64,h_align=64,size=0]
05-28 15:36:16.637 I/mali_gralloc( 262): am_gralloc_get_uvm_decoder_para: parameters:[slot_id=0,w*h(1920*1088),w_align=64,h_align=64,size=0]
05-28 15:36:16.639 I/C2VdecBlockPoolUtil( 527): Fetch the new block(ino:35589 fd:50 dup fd:101 id:6) and append.
05-28 15:36:16.639 I/V4l2Adaptor( 527): importBufferForPicture pictureBufferId 6, dmabufFd 102, metaFd -1
05-28 15:36:16.639 I/V4l2Adaptor( 527): onImportBufferForPicture pictureBufferId 6, dmabufFd 102, metaFd -1, plane size 1
05-28 15:36:16.639 I/V4l2Adaptor( 527): onImportBufferForPicture addr 0x0, stride 0, offset 0, size 0
05-28 15:36:16.639 I/VDA ( 527): [0##99]"ImportDynamicCaptureBufferForPictureTask fd=102, index=6\n"" {IN=2/8, OUT=4/7[kAtAccelerator(1) kAtDevice(2) kAtClient(4)]}"
05-28 15:36:16.639 I/virtual StreamInfo FFDemuxer::getVideoStreamInfo()(14565): video width: 1920 video height: 1080 video pixelFormat: 0 fps: 30
05-28 15:36:16.639 D/virtual Data FFDemuxer::read()(14565): open next url: /data/user/0/com.dangbei.lerad.screensaver/files/download/61/city_1.mp4
05-28 15:36:16.639 I/mali_gralloc( 262): am_gralloc_get_uvm_decoder_para: parameters:[slot_id=0,w*h(1920*1088),w_align=64,h_align=64,size=0]
05-28 15:36:16.639 I/mali_gralloc( 262): am_gralloc_get_uvm_decoder_para: parameters:[slot_id=0,w*h(1920*1088),w_align=64,h_align=64,size=0]
05-28 15:36:16.643 I/virtual Data FFDemuxer::read()(14565): read frame ret: End of file latestReceivedTime: 49931 getTotalTimeMillis: 7500 is exit: 0
05-28 15:36:16.643 I/virtual Data FFDemuxer::read()(14565): list smooth loop
05-28 15:36:16.647 I/virtual StreamInfo FFDemuxer::getVideoStreamInfo()(14565): video width: 1920 video height: 1080 video pixelFormat: 0 fps: 30
05-28 15:36:16.647 I/C2VdecBlockPoolUtil( 527): Fetch the new block(ino:35591 fd:104 dup fd:107 id:7) and append.
05-28 15:36:16.647 D/virtual Data FFDemuxer::read()(14565): open next url: /data/user/0/com.dangbei.lerad.screensaver/files/download/61/city_2.mp4
05-28 15:36:16.647 I/V4l2Adaptor( 527): importBufferForPicture pictureBufferId 7, dmabufFd 108, metaFd -1
05-28 15:36:16.647 I/V4l2Adaptor( 527): onImportBufferForPicture pictureBufferId 7, dmabufFd 108, metaFd -1, plane size 1
