05-28 15:37:56.647 D/nStackXCoAP( 2823): ParseServiceDiscover:[330] :new device join
05-28 15:37:56.647 E/nStackXDFinder( 2823): GetLocalIp:[401] :GetLocalIp exec
05-28 15:37:56.669 D/nStackXCoAP( 2823): IsInSameNetwork:[276] :IsInSameNetwork exec
05-28 15:37:56.669 I/nStackXDFinder( 2823): GetLocalInterfaceDetail:[461] :GetLocalInterfaceDetail in
05-28 15:37:56.670 E/nStackXCoAP( 2823): IsInSameNetwork:[281] :IsInSameNetwork: not priority process
05-28 15:37:56.670 D/nStackXCoAP( 2823): ParseServiceDiscover:[330] :new device join
05-28 15:37:56.670 E/nStackXDFinder( 2823): GetLocalIp:[401] :GetLocalIp exec
05-28 15:37:56.733 D/nStackXCoAP( 2823): CoapMessageHandler:[133] :2.01
05-28 15:37:56.733 D/nStackXCoAP( 2823): CoapMessageHandler:[133] :2.01
05-28 15:37:56.793 D/nStackXCoAP( 2823): IsInSameNetwork:[276] :IsInSameNetwork exec
05-28 15:37:56.793 I/nStackXDFinder( 2823): GetLocalInterfaceDetail:[461] :GetLocalInterfaceDetail in
05-28 15:37:56.793 E/nStackXCoAP( 2823): IsInSameNetwork:[281] :IsInSameNetwork: not priority process
05-28 15:37:56.793 D/nStackXCoAP( 2823): ParseServiceDiscover:[330] :new device join
05-28 15:37:56.793 E/nStackXDFinder( 2823): GetLocalIp:[401] :GetLocalIp exec
05-28 15:37:56.806 D/nStackXCoAP( 2823): IsInSameNetwork:[276] :IsInSameNetwork exec
05-28 15:37:56.806 I/nStackXDFinder( 2823): GetLocalInterfaceDetail:[461] :GetLocalInterfaceDetail in
05-28 15:37:56.806 E/nStackXCoAP( 2823): IsInSameNetwork:[281] :IsInSameNetwork: not priority process
05-28 15:37:56.806 D/nStackXCoAP( 2823): ParseServiceDiscover:[330] :new device join
05-28 15:37:56.806 E/nStackXDFinder( 2823): GetLocalIp:[401] :GetLocalIp exec
05-28 15:37:56.853 D/nStackXCoAP( 2823): CoapMessageHandler:[133] :2.01
05-28 15:37:57.005 D/nStackXCoAP( 2823): IsInSameNetwork:[276] :IsInSameNetwork exec
05-28 15:37:57.005 I/nStackXDFinder( 2823): GetLocalInterfaceDetail:[461] :GetLocalInterfaceDetail in
05-28 15:37:57.005 E/nStackXCoAP( 2823): IsInSameNetwork:[281] :IsInSameNetwork: not priority process
05-28 15:37:57.005 D/nStackXCoAP( 2823): ParseServiceDiscover:[330] :new device join
05-28 15:37:57.005 E/nStackXDFinder( 2823): GetLocalIp:[401] :GetLocalIp exec
05-28 15:37:57.048 D/nStackXCoAP( 2823): CoapMessageHandler:[133] :2.01
05-28 15:37:57.127 D/nStackXCoAP( 2823): IsInSameNetwork:[276] :IsInSameNetwork exec
05-28 15:37:57.127 I/nStackXDFinder( 2823): GetLocalInterfaceDetail:[461] :GetLocalInterfaceDetail in
05-28 15:37:57.127 E/nStackXCoAP( 2823): IsInSameNetwork:[281] :IsInSameNetwork: not priority process
05-28 15:37:57.127 D/nStackXCoAP( 2823): ParseServiceDiscover:[330] :new device join
05-28 15:37:57.127 E/nStackXDFinder( 2823): GetLocalIp:[401] :GetLocalIp exec
05-28 15:37:57.154 D/nStackXCoAP( 2823): CoapMessageHandler:[133] :2.01
05-28 15:37:57.201 D/nStackXCoAP( 2823): IsInSameNetwork:[276] :IsInSameNetwork exec
05-28 15:37:57.201 I/nStackXDFinder( 2823): GetLocalInterfaceDetail:[461] :GetLocalInterfaceDetail in
05-28 15:37:57.201 E/nStackXCoAP( 2823): IsInSameNetwork:[281] :IsInSameNetwork: not priority process
05-28 15:37:57.201 D/nStackXCoAP( 2823): ParseServiceDiscover:[330] :new device join
05-28 15:37:57.201 E/nStackXDFinder( 2823): GetLocalIp:[401] :GetLocalIp exec
05-28 15:37:57.226 D/nStackXCoAP( 2823): CoapMessageHandler:[133] :2.01
05-28 15:37:57.327 I/rainbow_flow(14883): type=1400 audit(0.0:3322): avc: denied { ioctl } for path="/dev/spidev1.0" dev="tmpfs" ino=534 ioctlcmd=0x6b00 scontext=u:r:init:s0 tcontext=u:object_r:device:s0 tclass=chr_file permissive=1
05-28 15:37:57.444 D/nStackXCoAP( 2823): IsInSameNetwork:[276] :IsInSameNetwork exec
05-28 15:37:57.444 I/nStackXDFinder( 2823): GetLocalInterfaceDetail:[461] :GetLocalInterfaceDetail in
05-28 15:37:57.444 E/nStackXCoAP( 2823): IsInSameNetwork:[281] :IsInSameNetwork: not priority process
05-28 15:37:57.444 D/nStackXCoAP( 2823): ParseServiceDiscover:[330] :new device join
05-28 15:37:57.444 E/nStackXDFinder( 2823): GetLocalIp:[401] :GetLocalIp exec
05-28 15:37:57.739 D/nStackXCoAP( 2823): IsInSameNetwork:[276] :IsInSameNetwork exec
05-28 15:37:57.739 I/nStackXDFinder( 2823): GetLocalInterfaceDetail:[461] :GetLocalInterfaceDetail in
05-28 15:37:57.739 E/nStackXCoAP( 2823): IsInSameNetwork:[281] :IsInSameNetwork: not priority process
05-28 15:37:57.739 D/nStackXCoAP( 2823): ParseServiceDiscover:[330] :new device join
05-28 15:37:57.739 E/nStackXDFinder( 2823): GetLocalIp:[401] :GetLocalIp exec
05-28 15:37:57.774 D/nStackXCoAP( 2823): CoapMessageHandler:[133] :2.01
05-28 15:37:57.774 D/nStackXCoAP( 2823): CoapMessageHandler:[133] :2.01
05-28 15:37:58.129 D/nStackXCoAP( 2823): IsInSameNetwork:[276] :IsInSameNetwork exec
05-28 15:37:58.129 I/nStackXDFinder( 2823): GetLocalInterfaceDetail:[461] :GetLocalInterfaceDetail in
05-28 15:37:58.129 E/nStackXCoAP( 2823): IsInSameNetwork:[281] :IsInSameNetwork: not priority process
05-28 15:37:58.129 D/nStackXCoAP( 2823): ParseServiceDiscover:[330] :new device join
05-28 15:37:58.129 E/nStackXDFinder( 2823): GetLocalIp:[401] :GetLocalIp exec
05-28 15:37:58.148 D/nStackXCoAP( 2823): CoapMessageHandler:[133] :2.01
05-28 15:37:58.420 D/nStackXCoAP( 2823): IsInSameNetwork:[276] :IsInSameNetwork exec
05-28 15:37:58.420 I/nStackXDFinder( 2823): GetLocalInterfaceDetail:[461] :GetLocalInterfaceDetail in
05-28 15:37:58.420 E/nStackXCoAP( 2823): IsInSameNetwork:[281] :IsInSameNetwork: not priority process
05-28 15:37:58.420 D/nStackXCoAP( 2823): ParseServiceDiscover:[330] :new device join
05-28 15:37:58.420 E/nStackXDFinder( 2823): GetLocalIp:[401] :GetLocalIp exec
05-28 15:37:58.454 D/nStackXCoAP( 2823): CoapMessageHandler:[133] :2.01
05-28 15:37:58.542 D/nStackXCoAP( 2823): IsInSameNetwork:[276] :IsInSameNetwork exec
05-28 15:37:58.542 I/nStackXDFinder( 2823): GetLocalInterfaceDetail:[461] :GetLocalInterfaceDetail in
05-28 15:37:58.542 E/nStackXCoAP( 2823): IsInSameNetwork:[281] :IsInSameNetwork: not priority process
05-28 15:37:58.542 D/nStackXCoAP( 2823): ParseServiceDiscover:[330] :new device join
05-28 15:37:58.542 E/nStackXDFinder( 2823): GetLocalIp:[401] :GetLocalIp exec
05-28 15:37:58.565 D/nStackXCoAP( 2823): CoapMessageHandler:[133] :2.01
05-28 15:37:58.575 D/nStackXCoAP( 2823): IsInSameNetwork:[276] :IsInSameNetwork exec
05-28 15:37:58.575 I/nStackXDFinder( 2823): GetLocalInterfaceDetail:[461] :GetLocalInterfaceDetail in
05-28 15:37:58.575 E/nStackXCoAP( 2823): IsInSameNetwork:[281] :IsInSameNetwork: not priority process
05-28 15:37:58.575 D/nStackXCoAP( 2823): ParseServiceDiscover:[330] :new device join
05-28 15:37:58.575 E/nStackXDFinder( 2823): GetLocalIp:[401] :GetLocalIp exec
05-28 15:37:58.587 D/nStackXCoAP( 2823): CoapMessageHandler:[133] :2.01
05-28 15:37:58.661 I/WifiHAL ( 558): call wifi_get_link_stats handler
05-28 15:37:58.661 I/WifiHAL ( 558): Creating message to get link statistics; iface = 16
05-28 15:37:58.661 D/WifiHAL ( 558): error code -95 mapped to -3
05-28 15:37:58.662 E/WifiStaIfaceAidlImpl( 742): getLinkLayerStats failed with service-specific exception: android.os.ServiceSpecificException: (code 4)
05-28 15:37:58.831 D/nStackXCoAP( 2823): IsInSameNetwork:[276] :IsInSameNetwork exec
05-28 15:37:58.832 I/nStackXDFinder( 2823): GetLocalInterfaceDetail:[461] :GetLocalInterfaceDetail in
05-28 15:37:58.832 E/nStackXCoAP( 2823): IsInSameNetwork:[281] :IsInSameNetwork: not priority process
05-28 15:37:58.832 D/nStackXCoAP( 2823): ParseServiceDiscover:[330] :new device join
05-28 15:37:58.832 E/nStackXDFinder( 2823): GetLocalIp:[401] :GetLocalIp exec
05-28 15:37:58.934 D/nStackXCoAP( 2823): IsInSameNetwork:[276] :IsInSameNetwork exec
05-28 15:37:58.934 I/nStackXDFinder( 2823): GetLocalInterfaceDetail:[461] :GetLocalInterfaceDetail in
05-28 15:37:58.934 E/nStackXCoAP( 2823): IsInSameNetwork:[281] :IsInSameNetwork: not priority process
05-28 15:37:58.934 D/nStackXCoAP( 2823): ParseServiceDiscover:[330] :new device join
05-28 15:37:58.934 E/nStackXDFinder( 2823): GetLocalIp:[401] :GetLocalIp exec
05-28 15:37:58.984 D/nStackXCoAP( 2823): IsInSameNetwork:[276] :IsInSameNetwork exec
05-28 15:37:58.984 I/nStackXDFinder( 2823): GetLocalInterfaceDetail:[461] :GetLocalInterfaceDetail in
05-28 15:37:58.984 E/nStackXCoAP( 2823): IsInSameNetwork:[281] :IsInSameNetwork: not priority process
05-28 15:37:58.984 D/nStackXCoAP( 2823): ParseServiceDiscover:[330] :new device join
05-28 15:37:58.984 E/nStackXDFinder( 2823): GetLocalIp:[401] :GetLocalIp exec
05-28 15:37:59.139 D/nStackXCoAP( 2823): IsInSameNetwork:[276] :IsInSameNetwork exec
05-28 15:37:59.139 I/nStackXDFinder( 2823): GetLocalInterfaceDetail:[461] :GetLocalInterfaceDetail in
05-28 15:37:59.139 E/nStackXCoAP( 2823): IsInSameNetwork:[281] :IsInSameNetwork: not priority process
05-28 15:37:59.139 D/nStackXCoAP( 2823): ParseServiceDiscover:[330] :new device join
05-28 15:37:59.139 E/nStackXDFinder( 2823): GetLocalIp:[401] :GetLocalIp exec
05-28 15:37:59.144 D/nStackXCoAP( 2823): CoapMessageHandler:[133] :2.01
05-28 15:37:59.144 D/nStackXCoAP( 2823): CoapMessageHandler:[133] :2.01
05-28 15:37:59.149 D/nStackXCoAP( 2823): CoapMessageHandler:[133] :2.01
05-28 15:37:59.257 D/nStackXCoAP( 2823): IsInSameNetwork:[276] :IsInSameNetwork exec
05-28 15:37:59.257 I/nStackXDFinder( 2823): GetLocalInterfaceDetail:[461] :GetLocalInterfaceDetail in
05-28 15:37:59.257 E/nStackXCoAP( 2823): IsInSameNetwork:[281] :IsInSameNetwork: not priority process
05-28 15:37:59.257 D/nStackXCoAP( 2823): ParseServiceDiscover:[330] :new device join
05-28 15:37:59.257 E/nStackXDFinder( 2823): GetLocalIp:[401] :GetLocalIp exec
05-28 15:37:59.271 D/nStackXCoAP( 2823): CoapMessageHandler:[133] :2.01
05-28 15:37:59.284 D/nStackXCoAP( 2823): IsInSameNetwork:[276] :IsInSameNetwork exec
05-28 15:37:59.284 I/nStackXDFinder( 2823): GetLocalInterfaceDetail:[461] :GetLocalInterfaceDetail in
05-28 15:37:59.284 E/nStackXCoAP( 2823): IsInSameNetwork:[281] :IsInSameNetwork: not priority process
05-28 15:37:59.284 D/nStackXCoAP( 2823): ParseServiceDiscover:[330] :new device join
05-28 15:37:59.284 E/nStackXDFinder( 2823): GetLocalIp:[401] :GetLocalIp exec
05-28 15:37:59.389 D/nStackXCoAP( 2823): IsInSameNetwork:[276] :IsInSameNetwork exec
05-28 15:37:59.389 I/nStackXDFinder( 2823): GetLocalInterfaceDetail:[461] :GetLocalInterfaceDetail in
05-28 15:37:59.389 E/nStackXCoAP( 2823): IsInSameNetwork:[281] :IsInSameNetwork: not priority process
05-28 15:37:59.389 D/nStackXCoAP( 2823): ParseServiceDiscover:[330] :new device join
05-28 15:37:59.389 E/nStackXDFinder( 2823): GetLocalIp:[401] :GetLocalIp exec
05-28 15:37:59.399 D/nStackXCoAP( 2823): CoapMessageHandler:[133] :2.01
05-28 15:37:59.594 D/nStackXCoAP( 2823): IsInSameNetwork:[276] :IsInSameNetwork exec
05-28 15:37:59.594 I/nStackXDFinder( 2823): GetLocalInterfaceDetail:[461] :GetLocalInterfaceDetail in
05-28 15:37:59.594 E/nStackXCoAP( 2823): IsInSameNetwork:[281] :IsInSameNetwork: not priority process
05-28 15:37:59.594 D/nStackXCoAP( 2823): ParseServiceDiscover:[330] :new device join
05-28 15:37:59.595 E/nStackXDFinder( 2823): GetLocalIp:[401] :GetLocalIp exec
05-28 15:37:59.621 D/nStackXCoAP( 2823): CoapMessageHandler:[133] :2.01
05-28 15:37:59.683 D/nStackXCoAP( 2823): IsInSameNetwork:[276] :IsInSameNetwork exec
05-28 15:37:59.683 I/nStackXDFinder( 2823): GetLocalInterfaceDetail:[461] :GetLocalInterfaceDetail in
05-28 15:37:59.683 E/nStackXCoAP( 2823): IsInSameNetwork:[281] :IsInSameNetwork: not priority process
05-28 15:37:59.683 D/nStackXCoAP( 2823): ParseServiceDiscover:[330] :new device join
05-28 15:37:59.683 E/nStackXDFinder( 2823): GetLocalIp:[401] :GetLocalIp exec
05-28 15:37:59.721 D/nStackXCoAP( 2823): CoapMessageHandler:[133] :2.01
05-28 15:37:59.788 V/HotPlugDetectionAction( 742): Poll all devices.
05-28 15:37:59.814 D/nStackXCoAP( 2823): IsInSameNetwork:[276] :IsInSameNetwork exec
05-28 15:37:59.814 I/nStackXDFinder( 2823): GetLocalInterfaceDetail:[461] :GetLocalInterfaceDetail in
05-28 15:37:59.814 E/nStackXCoAP( 2823): IsInSameNetwork:[281] :IsInSameNetwork: not priority process
05-28 15:37:59.814 D/nStackXCoAP( 2823): ParseServiceDiscover:[330] :new device join
05-28 15:37:59.815 E/nStackXDFinder( 2823): GetLocalIp:[401] :GetLocalIp exec
05-28 15:37:59.822 D/nStackXCoAP( 2823): CoapMessageHandler:[133] :2.01
05-28 15:37:59.846 D/hdmicecd( 532): [CEC]:printCecMessage, [4 -> 0] len: 0, body:, result:no ack
05-28 15:37:59.902 D/hdmicecd( 532): [CEC]:printCecMessage, [4 -> 1] len: 0, body:, result:no ack
05-28 15:37:59.958 D/hdmicecd( 532): [CEC]:printCecMessage, [4 -> 3] len: 0, body:, result:no ack
05-28 15:37:59.966 D/nStackXCoAP( 2823): IsInSameNetwork:[276] :IsInSameNetwork exec
05-28 15:37:59.966 I/nStackXDFinder( 2823): GetLocalInterfaceDetail:[461] :GetLocalInterfaceDetail in
05-28 15:37:59.966 E/nStackXCoAP( 2823): IsInSameNetwork:[281] :IsInSameNetwork: not priority process
05-28 15:37:59.966 D/nStackXCoAP( 2823): ParseServiceDiscover:[330] :new device join
05-28 15:37:59.966 E/nStackXDFinder( 2823): GetLocalIp:[401] :GetLocalIp exec
05-28 15:38:00.014 D/hdmicecd( 532): [CEC]:printCecMessage, [4 -> 5] len: 0, body:, result:no ack
05-28 15:38:00.070 D/hdmicecd( 532): [CEC]:printCecMessage, [4 -> 8] len: 0, body:, result:no ack
05-28 15:38:00.085 D/nStackXCoAP( 2823): CoapMessageHandler:[133] :2.01
05-28 15:38:00.093 D/nStackXCoAP( 2823): IsInSameNetwork:[276] :IsInSameNetwork exec
05-28 15:38:00.093 I/nStackXDFinder( 2823): GetLocalInterfaceDetail:[461] :GetLocalInterfaceDetail in
05-28 15:38:00.093 E/nStackXCoAP( 2823): IsInSameNetwork:[281] :IsInSameNetwork: not priority process
05-28 15:38:00.093 D/nStackXCoAP( 2823): ParseServiceDiscover:[330] :new device join
05-28 15:38:00.093 E/nStackXDFinder( 2823): GetLocalIp:[401] :GetLocalIp exec
05-28 15:38:00.117 D/nStackXCoAP( 2823): CoapMessageHandler:[133] :2.01
05-28 15:38:00.126 D/hdmicecd( 532): [CEC]:printCecMessage, [4 -> b] len: 0, body:, result:no ack
05-28 15:38:00.182 D/hdmicecd( 532): [CEC]:printCecMessage, [4 -> e] len: 0, body:, result:no ack
05-28 15:38:00.183 D/HdmiCecController( 742): [P]:AllocatedAddress=[]
05-28 15:38:00.506 E/db_okhttp( 8961): POST url:http://otysdktj.tvfuwu.com/util-servlet/clientservice
05-28 15:38:00.506 E/db_okhttp( 8961): Request: topic=dbsc_init&message={"list":"%5B%22%257B%2522action%2522%253A%2522%2522%252C%2522insertTime%2522%253A%25221748417880502%2522%252C%2522content%2522%253A%2522%25257B%252522create_time%252522%25253A%2525221748417880502%252522%25252C%252522function%252522%25253A%252522init%252522%25252C%252522devboot_id%252522%25253A%252522174841445459487%252522%25252C%252522init_ispause%252522%25253A%2525222%252522%25257D%2522%257D%22%5D","mode":"1","mac":"g/tNESpYG9/PwHTF3VhpwDk/T+Cy+qdeKwoSjimoU+Q=","wifimac":"q9MCMMcNlOCXpWwv1qdeYQ==","ip":"Fvuptjwx8oU6BDodh2IUcQ==","channel":"+uL1c5z1z7lZFZqvGVRkHQ==","deviceid":"HYW6A0RpORlEbwTfmhSa4ALk+KpIFJJkXD05AYjGwxzDMNTUA1Q+x0Bd609R6rdh","dev_uuid":"Wvul+Vc+nCobEd58umDMooPBejhZHq0SXslKSFEz0/7rNjNYcegbeZ/oqmU96vJB","uuid":"lkm2UxCCS6pUo0VM2hOh6kLHB5/gO8ZIxN5zfVGthUTvAgWOqVQi5iy53wVF0IzI","packagename":"4u7INlRctM+acvVJ1H8eFWhLT5oSUdIcuUT4JfTX7WI=","appname":"UbS086E9JOT+vRwzW0lFjA==","packagelist":"StYQ8VSaxno+sBFpzoW/MFP7p+RUJlFeCI0OTRHyCbqOiFITq2vTqkORUvk1LNhryFJGE26gmrCn3jkSXLqusUyDV5j43BDOc/rPTtfchbQ=","vname":"EEnPqQlWue6z1AGyQn9bHw==","vcode":"6X4bRW8AOLb6xahW1AOqXA==","brand":"TDkI4ikohcctSvValz6Lqg==","cpuserial":"E75ahJxR4Nm1GULbpKtJHg==","bluetoothmac":"q9MCMMcNlOCXpWwv1qdeYQ==","osversion":"eM2RQ/CyeWNEcjPYjEPAVg==","oscode":"c0NKRmy9YUIw3GmzbJld0g==","rommodel":"ABjPdzCJylEmN2GZQZkNHA==","is_write":"PGkmCK6GzMtvR1UYLLYopw==","is_updated":"PGkmCK6GzMtvR1UYLLYopw==","session_id":"nQpl+61uEwx7OAo8KazdxU4ychKV5w3qaH0bCeYgX6F1SFjk1bveNrOTAXDqePrQ","romvername":"","romvercode":"","boxfactory":"","sn":"","settle_mode":"1"}&requestSourceType=statistics&
05-28 15:38:00.527 D/nStackXCoAP( 2823): IsInSameNetwork:[276] :IsInSameNetwork exec
05-28 15:38:00.527 I/nStackXDFinder( 2823): GetLocalInterfaceDetail:[461] :GetLocalInterfaceDetail in
05-28 15:38:00.527 E/nStackXCoAP( 2823): IsInSameNetwork:[281] :IsInSameNetwork: not priority process
05-28 15:38:00.527 D/nStackXCoAP( 2823): ParseServiceDiscover:[330] :new device join
05-28 15:38:00.527 E/nStackXDFinder( 2823): GetLocalIp:[401] :GetLocalIp exec
05-28 15:38:00.538 D/nStackXCoAP( 2823): CoapMessageHandler:[133] :2.01
05-28 15:38:00.549 E/db_okhttp( 8961): POST_res url:http://otysdktj.tvfuwu.com/util-servlet/clientservice
05-28 15:38:00.549 E/db_okhttp( 8961): response:
05-28 15:38:01.523 I/cling--ap-163( 2644): type=1400 audit(0.0:3323): avc: denied { read } for name="address" dev="sysfs" ino=22126 scontext=u:r:untrusted_app_27:s0:c43,c256,c512,c768 tcontext=u:object_r:sysfs_net:s0 tclass=file permissive=1 app=com.dangbei.screencast
05-28 15:38:01.523 I/cling--ap-163( 2644): type=1400 audit(0.0:3324): avc: denied { open } for path="/sys/devices/virtual/net/dummy0/address" dev="sysfs" ino=22126 scontext=u:r:untrusted_app_27:s0:c43,c256,c512,c768 tcontext=u:object_r:sysfs_net:s0 tclass=file permissive=1 app=com.dangbei.screencast
05-28 15:38:01.523 I/cling--ap-163( 2644): type=1400 audit(0.0:3325): avc: denied { getattr } for path="/sys/devices/virtual/net/dummy0/address" dev="sysfs" ino=22126 scontext=u:r:untrusted_app_27:s0:c43,c256,c512,c768 tcontext=u:object_r:sysfs_net:s0 tclass=file permissive=1 app=com.dangbei.screencast
05-28 15:38:01.666 I/WifiHAL ( 558): call wifi_get_link_stats handler
05-28 15:38:01.666 I/WifiHAL ( 558): Creating message to get link statistics; iface = 16
05-28 15:38:01.666 D/WifiHAL ( 558): error code -95 mapped to -3
05-28 15:38:01.666 E/WifiStaIfaceAidlImpl( 742): getLinkLayerStats failed with service-specific exception: android.os.ServiceSpecificException: (code 4)
05-28 15:38:02.929 D/XM_HIDREAD( 2292): poll ret=1, event=1
05-28 15:38:02.929 D/XM_HIDREAD( 2292): [9 bytes]:01 00 00 4F 00 00 00 00 00
05-28 15:38:02.932 I/SogouIME( 3119): onKeyDown: keyoCode=22
05-28 15:38:02.932 I/DefaultIMS( 3119): onKeyDown: keyoCode=22
05-28 15:38:03.068 D/XM_HIDREAD( 2292): poll ret=1, event=1
05-28 15:38:03.068 D/XM_HIDREAD( 2292): [9 bytes]:01 00 00 00 00 00 00 00 00
05-28 15:38:03.070 I/SogouIME( 3119): onKeyUp: keyoCode=22
05-28 15:38:03.070 I/DefaultIMS( 3119): onKeyUp: keyoCode=22
05-28 15:38:03.928 D/XM_HIDREAD( 2292): poll ret=1, event=1
05-28 15:38:03.928 D/XM_HIDREAD( 2292): [9 bytes]:01 00 00 29 00 00 00 00 00
05-28 15:38:03.931 I/SogouIME( 3119): onKeyDown: keyoCode=4
05-28 15:38:03.931 I/DefaultIMS( 3119): onKeyDown: keyoCode=4
05-28 15:38:04.048 D/XM_HIDREAD( 2292): poll ret=1, event=1
05-28 15:38:04.048 D/XM_HIDREAD( 2292): [9 bytes]:01 00 00 00 00 00 00 00 00
05-28 15:38:04.052 I/SogouIME( 3119): onKeyUp: keyoCode=4
05-28 15:38:04.052 I/DefaultIMS( 3119): onKeyUp: keyoCode=4
05-28 15:38:04.671 I/WifiHAL ( 558): call wifi_get_link_stats handler
05-28 15:38:04.671 I/WifiHAL ( 558): Creating message to get link statistics; iface = 16
05-28 15:38:04.671 D/WifiHAL ( 558): error code -95 mapped to -3
05-28 15:38:04.672 E/WifiStaIfaceAidlImpl( 742): getLinkLayerStats failed with service-specific exception: android.os.ServiceSpecificException: (code 4)
05-28 15:38:04.678 D/InstantWifi( 742): Receive Wifi is connected, freq = 5745 and currentNetworkId : 0, wifiinfo = SSID: , BSSID: 02:00:00:00:00:00, MAC: 02:00:00:00:00:00, IP: /192.168.3.246, Security type: 2, Supplicant state: COMPLETED, Wi-Fi standard: 6, RSSI: -57, Link speed: 1200Mbps, Tx Link speed: 1200Mbps, Max Supported Tx Link speed: 1200Mbps, Rx Link speed: 6Mbps, Max Supported Rx Link speed: 1200Mbps, Frequency: 5745MHz, Net ID: -1, Metered hint: false, score: 60, isUsable: true, CarrierMerged: false, SubscriptionId: -1, IsPrimary: 1, Trusted: true, Restricted: false, Ephemeral: false, OEM paid: false, OEM private: false, OSU AP: false, FQDN: , Provider friendly name: , Requesting package name: MLO Information: , Is TID-To-Link negotiation supported by the AP: false, AP MLD Address: , AP MLO Link Id: , AP MLO Affiliated links:
05-28 15:38:05.188 D/XM_HIDREAD( 2292): poll ret=1, event=1
05-28 15:38:05.188 D/XM_HIDREAD( 2292): [9 bytes]:01 00 00 52 00 00 00 00 00
05-28 15:38:05.191 I/SogouIME( 3119): onKeyDown: keyoCode=19
05-28 15:38:05.191 I/DefaultIMS( 3119): onKeyDown: keyoCode=19
05-28 15:38:05.308 D/XM_HIDREAD( 2292): poll ret=1, event=1
05-28 15:38:05.308 D/XM_HIDREAD( 2292): [9 bytes]:01 00 00 00 00 00 00 00 00
05-28 15:38:05.310 I/SogouIME( 3119): onKeyUp: keyoCode=19
05-28 15:38:05.311 I/DefaultIMS( 3119): onKeyUp: keyoCode=19
05-28 15:38:05.409 D/XM_HIDREAD( 2292): poll ret=1, event=1
05-28 15:38:05.409 D/XM_HIDREAD( 2292): [9 bytes]:01 00 00 52 00 00 00 00 00
05-28 15:38:05.411 I/SogouIME( 3119): onKeyDown: keyoCode=19
05-28 15:38:05.411 I/DefaultIMS( 3119): onKeyDown: keyoCode=19
05-28 15:38:05.529 D/XM_HIDREAD( 2292): poll ret=1, event=1
05-28 15:38:05.529 D/XM_HIDREAD( 2292): [9 bytes]:01 00 00 00 00 00 00 00 00
05-28 15:38:05.532 I/SogouIME( 3119): onKeyUp: keyoCode=19
05-28 15:38:05.532 I/DefaultIMS( 3119): onKeyUp: keyoCode=19
05-28 15:38:05.728 D/XM_HIDREAD( 2292): poll ret=1, event=1
05-28 15:38:05.728 D/XM_HIDREAD( 2292): [9 bytes]:01 00 00 28 00 00 00 00 00
05-28 15:38:05.731 I/SogouIME( 3119): onKeyDown: keyoCode=23
05-28 15:38:05.731 I/DefaultIMS( 3119): onKeyDown: keyoCode=23
05-28 15:38:05.828 D/XM_HIDREAD( 2292): poll ret=1, event=1
05-28 15:38:05.829 D/XM_HIDREAD( 2292): [9 bytes]:01 00 00 00 00 00 00 00 00
05-28 15:38:05.831 I/SogouIME( 3119): onKeyUp: keyoCode=23
05-28 15:38:05.831 I/DefaultIMS( 3119): onKeyUp: keyoCode=23
05-28 15:38:05.848 E/ccc ( 1946): cccccc SystemUpdateHelper systemUpdate {"launcherCodeLocal":0,"launcherCodeNet":0,"otaCodeLocal":5006,"otaCodeNet":0,"otaVersionLocal":"5.0.0.6","otaVersionNet":"","remoteNeedUpdate":false}
05-28 15:38:05.854 E/ccc ( 1946): cccccc SystemUpdateHelper launcherUpdate {"launcherCodeLocal":102941,"launcherCodeNet":0,"launcherVersionLocal":"2.9.4.1","launcherVersionNet":"","otaCodeLocal":0,"otaCodeNet":0,"remoteNeedUpdate":false,"updateType":""}
05-28 15:38:05.888 W/View ( 2296): requestLayout() improperly called by android.widget.LinearLayout{e3e2605 V.E...... ......ID 200,0-460,100} during layout: running second layout pass
05-28 15:38:05.889 W/View ( 2296): requestLayout() improperly called by com.dangbei.haqusetting.ui.base.atom.LeafUpdateItemView{ce9e65a VFE...C.. .F....ID 0,0-480,100} during layout: running second layout pass
05-28 15:38:05.889 W/View ( 2296): requestLayout() improperly called by com.google.android.material.textview.MaterialTextView{762b08b V.ED..... ..S...ID 220,30-220,70 #7f0901e9 app:id/leaf_update_item_sub_tv} during layout: running second layout pass
05-28 15:38:06.468 D/XM_HIDREAD( 2292): poll ret=1, event=1
05-28 15:38:06.469 D/XM_HIDREAD( 2292): [9 bytes]:01 00 00 28 00 00 00 00 00
05-28 15:38:06.471 I/SogouIME( 3119): onKeyDown: keyoCode=23
05-28 15:38:06.471 I/DefaultIMS( 3119): onKeyDown: keyoCode=23
05-28 15:38:06.548 D/XM_HIDREAD( 2292): poll ret=1, event=1
05-28 15:38:06.548 D/XM_HIDREAD( 2292): [9 bytes]:01 00 00 00 00 00 00 00 00
05-28 15:38:06.550 I/SogouIME( 3119): onKeyUp: keyoCode=23
05-28 15:38:06.550 I/DefaultIMS( 3119): onKeyUp: keyoCode=23
05-28 15:38:06.552 E/ccc ( 1946): cccccc UpdateHelper onMessageReceived com.dangbei.haqusetting com.dangbei.etna.update {"action":"do","functionTag":"leaf_system_function_system_update_system","value":0} null
05-28 15:38:06.553 W/ContextImpl( 1946): Calling a method in the system process without a qualified user: android.app.ContextImpl.startActivity:1102 android.content.ContextWrapper.startActivity:436 com.dangbei.etna.update.ota.OtaUpdateHelper.startOtaUpdateActivity:389 com.dangbei.etna.update.UpdateHelper.onMessageReceived:85 com.dangbei.etna.update.UpdateEtnaClientListener.onMessageReceived:24
05-28 15:38:06.553 W/ContextImpl( 1946): Calling a method in the system process without a qualified user: android.app.ContextImpl.startActivity:1114 android.app.ContextImpl.startActivity:1103 android.content.ContextWrapper.startActivity:436 com.dangbei.etna.update.ota.OtaUpdateHelper.startOtaUpdateActivity:389 com.dangbei.etna.update.UpdateHelper.onMessageReceived:85
05-28 15:38:06.563 E/CellBroadcastUtils( 742): getDefaultCellBroadcastReceiverPackageName: no package found
05-28 15:38:06.574 I/ActivityTaskManager( 742): START u0 {flg=0x10000000 cmp=com.dangbei.lerad.etna.haqu/com.dangbei.etna.update.ota.OtaUpdateActivity} with LAUNCH_SINGLE_TASK from uid 1000 (BAL_ALLOW_ALLOWLISTED_UID) result code=0
05-28 15:38:06.575 V/WindowManagerShell( 1176): Transition requested: android.os.BinderProxy@8c3d4f7 TransitionRequestInfo { type = 1, triggerTask = TaskInfo{userId=0 taskId=32 displayId=0 isRunning=true baseIntent=Intent { flg=0x10800000 cmp=com.dangbei.lerad.etna.haqu/com.dangbei.etna.update.ota.OtaUpdateActivity } baseActivity=ComponentInfo{com.dangbei.lerad.etna.haqu/com.dangbei.etna.update.ota.OtaUpdateActivity} topActivity=ComponentInfo{com.dangbei.lerad.etna.haqu/com.dangbei.etna.update.ota.OtaUpdateActivity} origActivity=null realActivity=ComponentInfo{com.dangbei.lerad.etna.haqu/com.dangbei.etna.update.ota.OtaUpdateActivity} numActivities=1 lastActiveTime=5157039 supportsMultiWindow=true resizeMode=1 isResizeable=true minWidth=-1 minHeight=-1 defaultMinSize=220 token=WCT{android.window.IWindowContainerToken$Stub$Proxy@44f1f64} topActivityType=1 pictureInPictureParams=null shouldDockBigOverlays=true launchIntoPipHostTaskId=-1 lastParentTaskIdBeforePip=-1 displayCutoutSafeInsets=null topActivityInfo=ActivityInfo{c9905cd com.dangbei.etna.update.ota.OtaUpdateActivity} launchCookies=[] positionInParent=Point(0, 0) parentTaskId=-1 isFocused=false isVisible=false isVisibleRequested=false isSleeping=false topActivityInSizeCompat=false topActivityEligibleForLetterboxEducation= false isLetterboxDoubleTapEnabled= false topActivityEligibleForUserAspectRatioButton= false topActivityBoundsLetterboxed= false isFromLetterboxDoubleTap= false topActivityLetterboxVerticalPosition= -1 topActivityLetterboxHorizontalPosition= -1 topActivityLetterboxWidth=-1 topActivityLetterboxHeight=-1 isUserFullscreenOverrideEnabled=false isTopActivityTransparent=true locusId=null displayAreaFeatureId=1 cameraCompatControlState=hidden}, remoteTransition = null, displayChange = null, flags = 0 }
05-28 15:38:06.582 V/WindowManager( 742): app ------------- force_land :0
05-28 15:38:06.600 I/BpBinder( 263): onLastStrongRef automatically unlinking death recipients:
05-28 15:38:06.611 E/ccc ( 1946): cccccc OtaUpdateActivity i onCreate
05-28 15:38:06.650 W/WindowManager( 742): [addWindow] title:com.dangbei.lerad.etna.haqu/com.dangbei.etna.update.ota.OtaUpdateActivity
05-28 15:38:06.650 W/WindowManager( 742): Failed looking up window session=Session{8abf954 1946:1000} callers=com.android.server.wm.WindowManagerService.windowForClientLocked:6075 com.android.server.wm.Session.updateRequestedVisibleTypes:695 android.view.IWindowSession$Stub.onTransact:1034
05-28 15:38:06.671 D/CoreBackPreview( 742): Window{37803ec u0 com.dangbei.lerad.etna.haqu/com.dangbei.etna.update.ota.OtaUpdateActivity}: Setting back callback OnBackInvokedCallbackInfo{mCallback=android.window.IOnBackInvokedCallback$Stub$Proxy@5c9aa4a, mPriority=0, mIsAnimationCallback=false}
05-28 15:38:06.687 D/WindowManagerShell( 1176): TvPipController: onTaskStackChanged()
05-28 15:38:06.755 V/WindowManagerShell( 1176): onTransitionReady android.os.BinderProxy@8c3d4f7: {id=50 t=OPEN f=0x0 trk=0 r=[0@Point(0, 0)] c=[{WCT{android.window.IWindowContainerToken$Stub$Proxy@490cdd0} m=OPEN f=TRANSLUCENT leash=Surface(name=Task=32)/@0x67a1e82 sb=Rect(0, 0 - 1920, 1080) eb=Rect(0, 0 - 1920, 1080) d=0}]}
05-28 15:38:06.755 V/WindowManagerShell( 1176): Playing animation for (#50)android.os.BinderProxy@8c3d4f7@0
05-28 15:38:06.755 V/WindowManagerShell( 1176): try handler com.android.wm.shell.keyguard.KeyguardTransitionHandler@d57b599
05-28 15:38:06.755 V/WindowManagerShell( 1176): try handler com.android.wm.shell.pip.tv.TvPipTransition@503205e
05-28 15:38:06.756 V/WindowManagerShell( 1176): try handler com.android.wm.shell.activityembedding.ActivityEmbeddingController@ce59c3f
05-28 15:38:06.756 V/WindowManagerShell( 1176): try handler com.android.wm.shell.transition.RemoteTransitionHandler@b18e90c
05-28 15:38:06.757 E/mali_gralloc( 1946): Attempt to call unlock*() on an buffer locked with invalid write locks buffer (0xf470a4c0)
05-28 15:38:06.757 V/WindowManagerShell( 1176): Transition doesn't have explicit remote, search filters for match for {id=50 t=OPEN f=0x0 trk=0 r=[0@Point(0, 0)] c=[{WCT{android.window.IWindowContainerToken$Stub$Proxy@490cdd0} m=OPEN f=TRANSLUCENT leash=Surface(name=Task=32)/@0x67a1e82 sb=Rect(0, 0 - 1920, 1080) eb=Rect(0, 0 - 1920, 1080) d=0}]}
05-28 15:38:06.757 V/WindowManagerShell( 1176): Delegate animation for #50 to null
05-28 15:38:06.757 V/WindowManagerShell( 1176): try handler com.android.wm.shell.transition.DefaultTransitionHandler@be51255
05-28 15:38:06.757 V/WindowManagerShell( 1176): start default transition animation, info = {id=50 t=OPEN f=0x0 trk=0 r=[0@Point(0, 0)] c=[{WCT{android.window.IWindowContainerToken$Stub$Proxy@490cdd0} m=OPEN f=TRANSLUCENT leash=Surface(name=Task=32)/@0x67a1e82 sb=Rect(0, 0 - 1920, 1080) eb=Rect(0, 0 - 1920, 1080) d=0}]}
05-28 15:38:06.757 V/WindowManagerShell( 1176): loadAnimation: anim=android.view.animation.AlphaAnimation@f3d31c9 animAttr=0x4 type=OPEN isEntrance=true
05-28 15:38:06.759 V/WindowManagerShell( 1176): animated by com.android.wm.shell.transition.DefaultTransitionHandler@be51255
05-28 15:38:06.760 I/ActivityTaskManager( 742): Displayed com.dangbei.lerad.etna.haqu/com.dangbei.etna.update.ota.OtaUpdateActivity for user 0: +193ms
05-28 15:38:06.760 V/WindowManager( 742): Sent Transition #50 createdAt=05-28 15:38:06.562 via request=TransitionRequestInfo { type = 1, triggerTask = TaskInfo{userId=0 taskId=32 displayId=0 isRunning=true baseIntent=Intent { flg=0x10800000 cmp=com.dangbei.lerad.etna.haqu/com.dangbei.etna.update.ota.OtaUpdateActivity } baseActivity=ComponentInfo{com.dangbei.lerad.etna.haqu/com.dangbei.etna.update.ota.OtaUpdateActivity} topActivity=ComponentInfo{com.dangbei.lerad.etna.haqu/com.dangbei.etna.update.ota.OtaUpdateActivity} origActivity=null realActivity=ComponentInfo{com.dangbei.lerad.etna.haqu/com.dangbei.etna.update.ota.OtaUpdateActivity} numActivities=1 lastActiveTime=5157039 supportsMultiWindow=true resizeMode=1 isResizeable=true minWidth=-1 minHeight=-1 defaultMinSize=220 token=WCT{RemoteToken{e002116 Task{26c10f9 #32 type=standard A=1000:com.dangbei.lerad.etna.haqu}}} topActivityType=1 pictureInPictureParams=null shouldDockBigOverlays=true launchIntoPipHostTaskId=-1 lastParentTaskIdBeforePip=-1 displayCutoutSafeInsets=null topActivityInfo=ActivityInfo{d26fa97 com.dangbei.etna.update.ota.OtaUpdateActivity} launchCookies=[] positionInParent=Point(0, 0) parentTaskId=-1 isFocused=false isVisible=false isVisibleRequested=false isSleeping=false topActivityInSizeCompat=false topActivityEligibleForLetterboxEducation= false isLetterboxDoubleTapEnabled= false topActivityEligibleForUserAspectRatioButton= false topActivityBoundsLetterboxed= false isFromLetterboxDoubleTap= false topActivityLetterboxVerticalPosition= -1 topActivityLetterboxHorizontalPosition= -1 topActivityLetterboxWidth=-1 topActivityLetterboxHeight=-1 isUserFullscreenOverrideEnabled=false isTopActivityTransparent=true locusId=null displayAreaFeatureId=1 cameraCompatControlState=hidden}, remoteTransition = null, displayChange = null, flags = 0 }
05-28 15:38:06.760 V/WindowManager( 742): startWCT=WindowContainerTransaction { changes = {} hops = [] errorCallbackToken=null taskFragmentOrganizer=null }
05-28 15:38:06.760 V/WindowManager( 742): info={id=50 t=OPEN f=0x0 trk=0 r=[0@Point(0, 0)] c=[{WCT{RemoteToken{e002116 Task{26c10f9 #32 type=standard A=1000:com.dangbei.lerad.etna.haqu}}} m=OPEN f=TRANSLUCENT leash=Surface(name=Task=32)/@0x7fc3dbb sb=Rect(0, 0 - 1920, 1080) eb=Rect(0, 0 - 1920, 1080) d=0}]}
05-28 15:38:06.766 W/ProcessStats( 742): Tracking association SourceState{6b8f34f com.dangbei.leard.leradlauncher/1000 BTop #1494} whose proc state 2 is better than process ProcessState{7da6cab com.android.webview:webview_service/10051 pkg=com.android.webview} proc state 15 (11 skipped)
05-28 15:38:06.770 E/mali_gralloc( 1946): Attempt to call unlock*() on an buffer locked with invalid write locks buffer (0xf470a4c0)
05-28 15:38:06.776 W/ContextImpl( 742): Calling a method in the system process without a qualified user: android.app.ContextImpl.startService:1899 com.android.server.wm.DisplayPolicy.lambda$focusChangedLw$5:2126 com.android.server.wm.DisplayPolicy.$r8$lambda$Znxk63oh-WzVnzo_WQefN7uxV48:0 com.android.server.wm.DisplayPolicy$$ExternalSyntheticLambda13.run:0 android.os.Handler.handleCallback:958
05-28 15:38:06.780 D/aaa ( 2151): LedStatusService onStartCommand begin
05-28 15:38:06.781 E/mali_gralloc( 1946): Attempt to call unlock*() on an buffer locked with invalid write locks buffer (0xf470a4c0)
05-28 15:38:06.785 D/aaa ( 2151): topPkg is -------------- :com.dangbei.lerad.etna.haqu
05-28 15:38:06.821 E/mali_gralloc( 1946): Attempt to call unlock*() on an buffer locked with invalid write locks buffer (0xf470a4c0)
05-28 15:38:06.832 E/mali_gralloc( 1946): Attempt to call unlock*() on an buffer locked with invalid write locks buffer (0xf470a4c0)
05-28 15:38:06.836 I/ImeTracker( 742): com.dangbei.lerad.etna.haqu:fb4d6d0e: onRequestHide at ORIGIN_SERVER_HIDE_INPUT reason HIDE_UNSPECIFIED_WINDOW
05-28 15:38:06.836 I/ImeTracker( 742): com.dangbei.lerad.etna.haqu:fb4d6d0e: onCancelled at PHASE_SERVER_SHOULD_HIDE
05-28 15:38:06.839 I/DefaultIMS( 3119): onStartInput attribute=android.view.inputmethod.EditorInfo@d1936a restarting=false inputType: 0
05-28 15:38:06.843 E/mali_gralloc( 1946): Attempt to call unlock*() on an buffer locked with invalid write locks buffer (0xf470a4c0)
05-28 15:38:06.883 E/mali_gralloc( 1946): Attempt to call unlock*() on an buffer locked with invalid write locks buffer (0xf470a4c0)
05-28 15:38:06.902 E/mali_gralloc( 1946): Attempt to call unlock*() on an buffer locked with invalid write locks buffer (0xf470a4c0)
05-28 15:38:06.909 E/mali_gralloc( 1946): Attempt to call unlock*() on an buffer locked with invalid write locks buffer (0xf470a4c0)
05-28 15:38:06.949 E/mali_gralloc( 1946): Attempt to call unlock*() on an buffer locked with invalid write locks buffer (0xf470a4c0)
05-28 15:38:06.960 E/mali_gralloc( 1946): Attempt to call unlock*() on an buffer locked with invalid write locks buffer (0xf470a4c0)
05-28 15:38:06.968 E/mali_gralloc( 1946): Attempt to call unlock*() on an buffer locked with invalid write locks buffer (0xf470a4c0)
05-28 15:38:07.010 E/mali_gralloc( 1946): Attempt to call unlock*() on an buffer locked with invalid write locks buffer (0xf470a4c0)
05-28 15:38:07.019 E/mali_gralloc( 1946): Attempt to call unlock*() on an buffer locked with invalid write locks buffer (0xf470a4c0)
05-28 15:38:07.033 E/mali_gralloc( 1946): Attempt to call unlock*() on an buffer locked with invalid write locks buffer (0xf470a4c0)
05-28 15:38:07.078 E/mali_gralloc( 1946): Attempt to call unlock*() on an buffer locked with invalid write locks buffer (0xf470a4c0)
05-28 15:38:07.088 E/mali_gralloc( 1946): Attempt to call unlock*() on an buffer locked with invalid write locks buffer (0xf470a4c0)
05-28 15:38:07.100 E/mali_gralloc( 1946): Attempt to call unlock*() on an buffer locked with invalid write locks buffer (0xf470a4c0)
05-28 15:38:07.150 E/mali_gralloc( 1946): Attempt to call unlock*() on an buffer locked with invalid write locks buffer (0xf470a4c0)
05-28 15:38:07.162 E/mali_gralloc( 1946): Attempt to call unlock*() on an buffer locked with invalid write locks buffer (0xf470a4c0)
05-28 15:38:07.167 V/WindowManagerShell( 1176): Transition animation finished (aborted=false), notifying core (#50)android.os.BinderProxy@8c3d4f7@0
05-28 15:38:07.169 E/mali_gralloc( 1946): Attempt to call unlock*() on an buffer locked with invalid write locks buffer (0xf470a4c0)
05-28 15:38:07.171 V/WindowManager( 742): Finish Transition #50: created at
05-28 15:38:06.562 collect-started=0.125ms request-sent=10.755ms started=14.839ms ready=22.682ms sent=190.81ms finished=606.948ms
05-28 15:38:07.176 V/WindowManagerShell( 1176): Track 0 became idle
05-28 15:38:07.177 V/WindowManagerShell( 1176): All active transition animations finished
05-28 15:38:07.216 E/mali_gralloc( 1946): Attempt to call unlock*() on an buffer locked with invalid write locks buffer (0xf470a4c0)
05-28 15:38:07.227 E/mali_gralloc( 1946): Attempt to call unlock*() on an buffer locked with invalid write locks buffer (0xf470a4c0)
05-28 15:38:07.234 E/mali_gralloc( 1946): Attempt to call unlock*() on an buffer locked with invalid write locks buffer (0xf470a4c0)
05-28 15:38:07.271 E/mali_gralloc( 1946): Attempt to call unlock*() on an buffer locked with invalid write locks buffer (0xf470a4c0)
05-28 15:38:07.281 E/mali_gralloc( 1946): Attempt to call unlock*() on an buffer locked with invalid write locks buffer (0xf470a4c0)
05-28 15:38:07.300 E/mali_gralloc( 1946): Attempt to call unlock*() on an buffer locked with invalid write locks buffer (0xf470a4c0)
05-28 15:38:07.333 E/mali_gralloc( 1946): Attempt to call unlock*() on an buffer locked with invalid write locks buffer (0xf470a4c0)
05-28 15:38:07.343 E/mali_gralloc( 1946): Attempt to call unlock*() on an buffer locked with invalid write locks buffer (0xf470a4c0)
05-28 15:38:07.352 E/mali_gralloc( 1946): Attempt to call unlock*() on an buffer locked with invalid write locks buffer (0xf470a4c0)
05-28 15:38:07.401 E/mali_gralloc( 1946): Attempt to call unlock*() on an buffer locked with invalid write locks buffer (0xf470a4c0)
05-28 15:38:07.412 E/mali_gralloc( 1946): Attempt to call unlock*() on an buffer locked with invalid write locks buffer (0xf470a4c0)
05-28 15:38:07.417 E/mali_gralloc( 1946): Attempt to call unlock*() on an buffer locked with invalid write locks buffer (0xf470a4c0)
05-28 15:38:07.459 E/mali_gralloc( 1946): Attempt to call unlock*() on an buffer locked with invalid write locks buffer (0xf470a4c0)
05-28 15:38:07.474 E/mali_gralloc( 1946): Attempt to call unlock*() on an buffer locked with invalid write locks buffer (0xf470a4c0)
05-28 15:38:07.484 E/mali_gralloc( 1946): Attempt to call unlock*() on an buffer locked with invalid write locks buffer (0xf470a4c0)
05-28 15:38:07.534 E/mali_gralloc( 1946): Attempt to call unlock*() on an buffer locked with invalid write locks buffer (0xf470a4c0)
05-28 15:38:07.545 E/mali_gralloc( 1946): Attempt to call unlock*() on an buffer locked with invalid write locks buffer (0xf470a4c0)
05-28 15:38:07.551 E/mali_gralloc( 1946): Attempt to call unlock*() on an buffer locked with invalid write locks buffer (0xf470a4c0)
05-28 15:38:07.601 E/mali_gralloc( 1946): Attempt to call unlock*() on an buffer locked with invalid write locks buffer (0xf470a4c0)
05-28 15:38:07.611 E/mali_gralloc( 1946): Attempt to call unlock*() on an buffer locked with invalid write locks buffer (0xf470a4c0)
05-28 15:38:07.617 E/mali_gralloc( 1946): Attempt to call unlock*() on an buffer locked with invalid write locks buffer (0xf470a4c0)
05-28 15:38:07.651 E/mali_gralloc( 1946): Attempt to call unlock*() on an buffer locked with invalid write locks buffer (0xf470a4c0)
05-28 15:38:07.661 E/mali_gralloc( 1946): Attempt to call unlock*() on an buffer locked with invalid write locks buffer (0xf470a4c0)
05-28 15:38:07.668 E/mali_gralloc( 1946): Attempt to call unlock*() on an buffer locked with invalid write locks buffer (0xf470a4c0)
05-28 15:38:07.677 I/WifiHAL ( 558): call wifi_get_link_stats handler
05-28 15:38:07.678 I/WifiHAL ( 558): Creating message to get link statistics; iface = 16
05-28 15:38:07.678 D/WifiHAL ( 558): error code -95 mapped to -3
05-28 15:38:07.678 E/WifiStaIfaceAidlImpl( 742): getLinkLayerStats failed with service-specific exception: android.os.ServiceSpecificException: (code 4)
05-28 15:38:07.704 E/mali_gralloc( 1946): Attempt to call unlock*() on an buffer locked with invalid write locks buffer (0xf470a4c0)
05-28 15:38:07.714 E/mali_gralloc( 1946): Attempt to call unlock*() on an buffer locked with invalid write locks buffer (0xf470a4c0)
05-28 15:38:07.734 E/mali_gralloc( 1946): Attempt to call unlock*() on an buffer locked with invalid write locks buffer (0xf470a4c0)
05-28 15:38:07.772 E/mali_gralloc( 1946): Attempt to call unlock*() on an buffer locked with invalid write locks buffer (0xf470a4c0)
05-28 15:38:07.782 E/mali_gralloc( 1946): Attempt to call unlock*() on an buffer locked with invalid write locks buffer (0xf470a4c0)
05-28 15:38:07.801 E/mali_gralloc( 1946): Attempt to call unlock*() on an buffer locked with invalid write locks buffer (0xf470a4c0)
05-28 15:38:07.838 E/mali_gralloc( 1946): Attempt to call unlock*() on an buffer locked with invalid write locks buffer (0xf470a4c0)
05-28 15:38:07.852 E/mali_gralloc( 1946): Attempt to call unlock*() on an buffer locked with invalid write locks buffer (0xf470a4c0)
05-28 15:38:07.857 E/mali_gralloc( 1946): Attempt to call unlock*() on an buffer locked with invalid write locks buffer (0xf470a4c0)
05-28 15:38:07.903 E/mali_gralloc( 1946): Attempt to call unlock*() on an buffer locked with invalid write locks buffer (0xf470a4c0)
05-28 15:38:07.918 E/mali_gralloc( 1946): Attempt to call unlock*() on an buffer locked with invalid write locks buffer (0xf470a4c0)
05-28 15:38:07.923 E/mali_gralloc( 1946): Attempt to call unlock*() on an buffer locked with invalid write locks buffer (0xf470a4c0)
05-28 15:38:07.967 E/mali_gralloc( 1946): Attempt to call unlock*() on an buffer locked with invalid write locks buffer (0xf470a4c0)
05-28 15:38:07.987 E/mali_gralloc( 1946): Attempt to call unlock*() on an buffer locked with invalid write locks buffer (0xf470a4c0)
05-28 15:38:07.992 E/mali_gralloc( 1946): Attempt to call unlock*() on an buffer locked with invalid write locks buffer (0xf470a4c0)
05-28 15:38:08.034 E/mali_gralloc( 1946): Attempt to call unlock*() on an buffer locked with invalid write locks buffer (0xf470a4c0)
05-28 15:38:08.044 E/mali_gralloc( 1946): Attempt to call unlock*() on an buffer locked with invalid write locks buffer (0xf470a4c0)
05-28 15:38:08.051 E/mali_gralloc( 1946): Attempt to call unlock*() on an buffer locked with invalid write locks buffer (0xf470a4c0)
05-28 15:38:08.084 E/mali_gralloc( 1946): Attempt to call unlock*() on an buffer locked with invalid write locks buffer (0xf470a4c0)
05-28 15:38:08.094 E/mali_gralloc( 1946): Attempt to call unlock*() on an buffer locked with invalid write locks buffer (0xf470a4c0)
05-28 15:38:08.101 E/mali_gralloc( 1946): Attempt to call unlock*() on an buffer locked with invalid write locks buffer (0xf470a4c0)
05-28 15:38:08.134 E/mali_gralloc( 1946): Attempt to call unlock*() on an buffer locked with invalid write locks buffer (0xf470a4c0)
05-28 15:38:08.144 E/mali_gralloc( 1946): Attempt to call unlock*() on an buffer locked with invalid write locks buffer (0xf470a4c0)
05-28 15:38:08.151 E/mali_gralloc( 1946): Attempt to call unlock*() on an buffer locked with invalid write locks buffer (0xf470a4c0)
05-28 15:38:08.184 E/mali_gralloc( 1946): Attempt to call unlock*() on an buffer locked with invalid write locks buffer (0xf470a4c0)
05-28 15:38:08.195 E/mali_gralloc( 1946): Attempt to call unlock*() on an buffer locked with invalid write locks buffer (0xf470a4c0)
05-28 15:38:08.203 E/mali_gralloc( 1946): Attempt to call unlock*() on an buffer locked with invalid write locks buffer (0xf470a4c0)
05-28 15:38:08.251 E/mali_gralloc( 1946): Attempt to call unlock*() on an buffer locked with invalid write locks buffer (0xf470a4c0)
05-28 15:38:08.261 E/mali_gralloc( 1946): Attempt to call unlock*() on an buffer locked with invalid write locks buffer (0xf470a4c0)
05-28 15:38:08.268 E/mali_gralloc( 1946): Attempt to call unlock*() on an buffer locked with invalid write locks buffer (0xf470a4c0)
05-28 15:38:08.318 E/mali_gralloc( 1946): Attempt to call unlock*() on an buffer locked with invalid write locks buffer (0xf470a4c0)
05-28 15:38:08.324 D/nStackXCoAP( 2823): IsInSameNetwork:[276] :IsInSameNetwork exec
05-28 15:38:08.324 I/nStackXDFinder( 2823): GetLocalInterfaceDetail:[461] :GetLocalInterfaceDetail in
05-28 15:38:08.324 E/nStackXCoAP( 2823): IsInSameNetwork:[281] :IsInSameNetwork: not priority process
05-28 15:38:08.324 D/nStackXCoAP( 2823): ParseServiceDiscover:[330] :new device join
05-28 15:38:08.324 E/nStackXDFinder( 2823): GetLocalIp:[401] :GetLocalIp exec
05-28 15:38:08.329 E/mali_gralloc( 1946): Attempt to call unlock*() on an buffer locked with invalid write locks buffer (0xf470a4c0)
05-28 15:38:08.334 E/mali_gralloc( 1946): Attempt to call unlock*() on an buffer locked with invalid write locks buffer (0xf470a4c0)
05-28 15:38:08.368 E/mali_gralloc( 1946): Attempt to call unlock*() on an buffer locked with invalid write locks buffer (0xf470a4c0)
05-28 15:38:08.378 E/mali_gralloc( 1946): Attempt to call unlock*() on an buffer locked with invalid write locks buffer (0xf470a4c0)
05-28 15:38:08.384 E/mali_gralloc( 1946): Attempt to call unlock*() on an buffer locked with invalid write locks buffer (0xf470a4c0)
05-28 15:38:08.421 E/mali_gralloc( 1946): Attempt to call unlock*() on an buffer locked with invalid write locks buffer (0xf470a4c0)
05-28 15:38:08.435 E/mali_gralloc( 1946): Attempt to call unlock*() on an buffer locked with invalid write locks buffer (0xf470a4c0)
05-28 15:38:08.440 E/mali_gralloc( 1946): Attempt to call unlock*() on an buffer locked with invalid write locks buffer (0xf470a4c0)
05-28 15:38:08.487 E/mali_gralloc( 1946): Attempt to call unlock*() on an buffer locked with invalid write locks buffer (0xf470a4c0)
05-28 15:38:08.502 E/mali_gralloc( 1946): Attempt to call unlock*() on an buffer locked with invalid write locks buffer (0xf470a4c0)
05-28 15:38:08.507 E/mali_gralloc( 1946): Attempt to call unlock*() on an buffer locked with invalid write locks buffer (0xf470a4c0)
05-28 15:38:08.557 E/mali_gralloc( 1946): Attempt to call unlock*() on an buffer locked with invalid write locks buffer (0xf470a4c0)
05-28 15:38:08.566 E/mali_gralloc( 1946): Attempt to call unlock*() on an buffer locked with invalid write locks buffer (0xf470a4c0)
05-28 15:38:08.585 E/mali_gralloc( 1946): Attempt to call unlock*() on an buffer locked with invalid write locks buffer (0xf470a4c0)
05-28 15:38:08.619 E/mali_gralloc( 1946): Attempt to call unlock*() on an buffer locked with invalid write locks buffer (0xf470a4c0)
05-28 15:38:08.629 E/mali_gralloc( 1946): Attempt to call unlock*() on an buffer locked with invalid write locks buffer (0xf470a4c0)
05-28 15:38:08.634 D/nStackXCoAP( 2823): IsInSameNetwork:[276] :IsInSameNetwork exec
05-28 15:38:08.634 I/nStackXDFinder( 2823): GetLocalInterfaceDetail:[461] :GetLocalInterfaceDetail in
05-28 15:38:08.634 E/nStackXCoAP( 2823): IsInSameNetwork:[281] :IsInSameNetwork: not priority process
05-28 15:38:08.634 D/nStackXCoAP( 2823): ParseServiceDiscover:[330] :new device join
05-28 15:38:08.634 E/nStackXDFinder( 2823): GetLocalIp:[401] :GetLocalIp exec
05-28 15:38:08.636 E/mali_gralloc( 1946): Attempt to call unlock*() on an buffer locked with invalid write locks buffer (0xf470a4c0)
05-28 15:38:08.687 E/mali_gralloc( 1946): Attempt to call unlock*() on an buffer locked with invalid write locks buffer (0xf470a4c0)
05-28 15:38:08.699 E/mali_gralloc( 1946): Attempt to call unlock*() on an buffer locked with invalid write locks buffer (0xf470a4c0)
05-28 15:38:08.701 E/ccc ( 1946): cccccc onRequestingOtaInfo 333333333333
05-28 15:38:08.708 E/mali_gralloc( 1946): Attempt to call unlock*() on an buffer locked with invalid write locks buffer (0xf470a4c0)
05-28 15:38:08.712 I/okhttp.OkHttpClient( 1946): --> POST http://tymsgapi.qun7.com/v1/core/rom (523-byte body)
05-28 15:38:08.753 E/mali_gralloc( 1946): Attempt to call unlock*() on an buffer locked with invalid write locks buffer (0xf470a4c0)
05-28 15:38:08.759 D/nStackXCoAP( 2823): IsInSameNetwork:[276] :IsInSameNetwork exec
05-28 15:38:08.759 I/nStackXDFinder( 2823): GetLocalInterfaceDetail:[461] :GetLocalInterfaceDetail in
05-28 15:38:08.759 E/nStackXCoAP( 2823): IsInSameNetwork:[281] :IsInSameNetwork: not priority process
05-28 15:38:08.759 D/nStackXCoAP( 2823): ParseServiceDiscover:[330] :new device join
05-28 15:38:08.759 E/nStackXDFinder( 2823): GetLocalIp:[401] :GetLocalIp exec
05-28 15:38:08.763 E/mali_gralloc( 1946): Attempt to call unlock*() on an buffer locked with invalid write locks buffer (0xf470a4c0)
05-28 15:38:08.769 E/mali_gralloc( 1946): Attempt to call unlock*() on an buffer locked with invalid write locks buffer (0xf470a4c0)
05-28 15:38:08.802 E/mali_gralloc( 1946): Attempt to call unlock*() on an buffer locked with invalid write locks buffer (0xf470a4c0)
05-28 15:38:08.816 E/mali_gralloc( 1946): Attempt to call unlock*() on an buffer locked with invalid write locks buffer (0xf470a4c0)
05-28 15:38:08.824 E/mali_gralloc( 1946): Attempt to call unlock*() on an buffer locked with invalid write locks buffer (0xf470a4c0)
05-28 15:38:08.869 E/mali_gralloc( 1946): Attempt to call unlock*() on an buffer locked with invalid write locks buffer (0xf470a4c0)
05-28 15:38:08.879 E/mali_gralloc( 1946): Attempt to call unlock*() on an buffer locked with invalid write locks buffer (0xf470a4c0)
05-28 15:38:08.885 E/mali_gralloc( 1946): Attempt to call unlock*() on an buffer locked with invalid write locks buffer (0xf470a4c0)
05-28 15:38:08.920 E/mali_gralloc( 1946): Attempt to call unlock*() on an buffer locked with invalid write locks buffer (0xf470a4c0)
05-28 15:38:08.930 E/mali_gralloc( 1946): Attempt to call unlock*() on an buffer locked with invalid write locks buffer (0xf470a4c0)
05-28 15:38:08.936 E/mali_gralloc( 1946): Attempt to call unlock*() on an buffer locked with invalid write locks buffer (0xf470a4c0)
05-28 15:38:08.951 D/nStackXCoAP( 2823): IsInSameNetwork:[276] :IsInSameNetwork exec
