05-28 10:54:46.173 D/AppWidgetServiceImpl( 742): Provider info from ComponentInfo{com.android.deskclock/com.android.alarmclock.DigitalAppWidgetProvider} won't be persisted.
05-28 10:54:46.173 D/AppWidgetServiceImpl( 742): Provider info from ComponentInfo{com.android.systemui/com.android.systemui.people.widget.PeopleSpaceWidgetProvider} won't be persisted.
05-28 10:54:46.173 D/HdmiCecController( 742): [P]:AllocatedAddress=[0]
05-28 10:54:46.174 D/HDMI ( 742): [S]: 40:83
05-28 10:54:46.180 W/VoiceInteractionManager( 742): no available voice recognition services found for user 0
05-28 10:54:46.185 W/VoiceInteractionManager( 742): no available voice recognition services found for user 0
05-28 10:54:46.190 W/VoiceInteractionManager( 742): no available voice recognition services found for user 0
05-28 10:54:46.195 W/VoiceInteractionManager( 742): no available voice recognition services found for user 0
05-28 10:54:46.204 D/CompatibilityChangeReporter( 742): Compat change id reported: 171306433; UID 1000; state: ENABLED
05-28 10:54:46.282 I/PreBootBroadcaster( 742): Pre-boot of {com.android.providers.media.module/com.android.providers.media.MediaUpgradeReceiver} for user 0
05-28 10:54:46.288 I/PreBootBroadcaster( 742): Pre-boot of {com.android.providers.tv/com.android.providers.tv.TvProviderUpgradeReceiver} for user 0
05-28 10:54:46.299 I/PreBootBroadcaster( 742): Pre-boot of {com.android.tv.settings/com.android.tv.settings.PreBootCompleteReceiver} for user 0
05-28 10:54:46.312 I/ActivityManager( 742): Posting BOOT_COMPLETED user #0
05-28 10:54:46.312 D/SystemServerTimingAsync( 742): ssm.UnlockedUser-0
05-28 10:54:46.313 I/SystemServiceManager( 742): Calling onUnlockedUser 0
05-28 10:54:46.313 D/SystemServerTimingAsync( 742): ssm.onUnlockedUser-0_com.android.server.security.FileIntegrityService
05-28 10:54:46.313 D/SystemServerTimingAsync( 742): ssm.onUnlockedUser-0_com.android.server.pm.Installer
05-28 10:54:46.313 D/SystemServerTimingAsync( 742): ssm.onUnlockedUser-0_com.android.server.os.DeviceIdentifiersPolicyService
05-28 10:54:46.313 D/SystemServerTimingAsync( 742): ssm.onUnlockedUser-0_com.android.server.flags.FeatureFlagsService
05-28 10:54:46.313 D/SystemServerTimingAsync( 742): ssm.onUnlockedUser-0_com.android.server.uri.UriGrantsManagerService$Lifecycle
05-28 10:54:46.313 D/SystemServerTimingAsync( 742): ssm.onUnlockedUser-0_com.android.server.powerstats.PowerStatsService
05-28 10:54:46.313 D/SystemServerTimingAsync( 742): ssm.onUnlockedUser-0_com.android.server.permission.access.AccessCheckingService
05-28 10:54:46.313 D/SystemServerTimingAsync( 742): ssm.onUnlockedUser-0_com.android.server.wm.ActivityTaskManagerService$Lifecycle
05-28 10:54:46.313 I/AppWidgetServiceImpl( 742): Processing of handleUserUnlocked u0 took 0 ms
05-28 10:54:46.314 I/LaunchParamsPersister( 742): Didn't find launch param folder for user 0
05-28 10:54:46.314 D/SystemServerTimingAsync( 742): ssm.onUnlockedUser-0_com.android.server.am.ActivityManagerService$Lifecycle
05-28 10:54:46.314 D/SystemServerTimingAsync( 742): ssm.onUnlockedUser-0_com.android.server.pm.DataLoaderManagerService
05-28 10:54:46.314 D/SystemServerTimingAsync( 742): ssm.onUnlockedUser-0_com.android.server.power.PowerManagerService
05-28 10:54:46.314 D/SystemServerTimingAsync( 742): ssm.onUnlockedUser-0_com.android.server.power.ThermalManagerService
05-28 10:54:46.314 D/SystemServerTimingAsync( 742): ssm.onUnlockedUser-0_com.android.server.power.hint.HintManagerService
05-28 10:54:46.314 D/SystemServerTimingAsync( 742): ssm.onUnlockedUser-0_com.android.server.recoverysystem.RecoverySystemService$Lifecycle
05-28 10:54:46.314 D/SystemServerTimingAsync( 742): ssm.onUnlockedUser-0_com.android.server.lights.LightsService
05-28 10:54:46.314 D/SystemServerTimingAsync( 742): ssm.onUnlockedUser-0_com.android.server.display.DisplayManagerService
05-28 10:54:46.314 D/SystemServerTimingAsync( 742): ssm.onUnlockedUser-0_com.android.server.pm.verify.domain.DomainVerificationService
05-28 10:54:46.315 D/SystemServerTimingAsync( 742): ssm.onUnlockedUser-0_com.android.server.pm.PackageInstallerService$Lifecycle
05-28 10:54:46.315 D/SystemServerTimingAsync( 742): ssm.onUnlockedUser-0_com.android.server.pm.UserManagerService$LifeCycle
05-28 10:54:46.315 D/SystemServerTimingAsync( 742): ssm.onUnlockedUser-0_com.android.server.om.OverlayManagerService
05-28 10:54:46.315 D/SystemServerTimingAsync( 742): ssm.onUnlockedUser-0_com.android.server.resources.ResourcesManagerService
05-28 10:54:46.315 D/SystemServerTimingAsync( 742): ssm.onUnlockedUser-0_com.android.server.sensorprivacy.SensorPrivacyService
05-28 10:54:46.315 D/SystemServerTimingAsync( 742): ssm.onUnlockedUser-0_com.android.server.sensors.SensorService
05-28 10:54:46.315 D/SystemServerTimingAsync( 742): ssm.onUnlockedUser-0_com.android.server.SystemConfigService
05-28 10:54:46.315 D/SystemServerTimingAsync( 742): ssm.onUnlockedUser-0_com.android.server.BatteryService
05-28 10:54:46.315 D/SystemServerTimingAsync( 742): ssm.onUnlockedUser-0_com.android.server.usage.UsageStatsService
05-28 10:54:46.315 D/SystemServerTimingAsync( 742): ssm.onUnlockedUser-0_com.android.server.webkit.WebViewUpdateService
05-28 10:54:46.315 D/SystemServerTimingAsync( 742): ssm.onUnlockedUser-0_com.android.server.CachedDeviceStateService
05-28 10:54:46.315 D/SystemServerTimingAsync( 742): ssm.onUnlockedUser-0_com.android.server.BinderCallsStatsService$LifeCycle
05-28 10:54:46.315 D/SystemServerTimingAsync( 742): ssm.onUnlockedUser-0_com.android.server.LooperStatsService$Lifecycle
05-28 10:54:46.315 D/SystemServerTimingAsync( 742): ssm.onUnlockedUser-0_com.android.server.rollback.RollbackManagerService
05-28 10:54:46.315 D/SystemServerTimingAsync( 742): ssm.onUnlockedUser-0_com.android.server.os.NativeTombstoneManagerService
05-28 10:54:46.315 D/SystemServerTimingAsync( 742): ssm.onUnlockedUser-0_com.android.server.os.BugreportManagerService
05-28 10:54:46.315 D/SystemServerTimingAsync( 742): ssm.onUnlockedUser-0_com.android.server.gpu.GpuService
05-28 10:54:46.315 D/SystemServerTimingAsync( 742): ssm.onUnlockedUser-0_com.android.server.security.rkp.RemoteProvisioningService
05-28 10:54:46.315 D/SystemServerTimingAsync( 742): ssm.onUnlockedUser-0_com.android.server.security.KeyChainSystemService
05-28 10:54:46.315 D/SystemServerTimingAsync( 742): ssm.onUnlockedUser-0_com.android.server.BinaryTransparencyService
05-28 10:54:46.315 D/SystemServerTimingAsync( 742): ssm.onUnlockedUser-0_com.android.server.accounts.AccountManagerService$Lifecycle
05-28 10:54:46.315 D/SystemServerTimingAsync( 742): ssm.onUnlockedUser-0_com.android.server.content.ContentService$Lifecycle
05-28 10:54:46.315 D/SystemServerTimingAsync( 742): ssm.onUnlockedUser-0_com.android.server.deviceconfig.DeviceConfigInit$Lifecycle
05-28 10:54:46.315 D/SystemServerTimingAsync( 742): ssm.onUnlockedUser-0_com.android.server.DropBoxManagerService
05-28 10:54:46.315 D/SystemServerTimingAsync( 742): ssm.onUnlockedUser-0_com.android.role.RoleService
05-28 10:54:46.315 D/SystemServerTimingAsync( 742): ssm.onUnlockedUser-0_com.android.server.vibrator.VibratorManagerService$Lifecycle
05-28 10:54:46.315 D/CompatibilityChangeReporter( 742): Compat change id reported: 175319604; UID 1000; state: ENABLED
05-28 10:54:46.315 D/SystemServerTimingAsync( 742): ssm.onUnlockedUser-0_com.android.server.tare.InternalResourceService
05-28 10:54:46.315 D/SystemServerTimingAsync( 742): ssm.onUnlockedUser-0_com.android.server.alarm.AlarmManagerService
05-28 10:54:46.315 D/SystemServerTimingAsync( 742): ssm.onUnlockedUser-0_com.android.server.devicestate.DeviceStateManagerService
05-28 10:54:46.315 D/SystemServerTimingAsync( 742): ssm.onUnlockedUser-0_com.android.server.camera.CameraServiceProxy
05-28 10:54:46.315 D/SystemServerTimingAsync( 742): ssm.onUnlockedUser-0_com.android.server.bluetooth.BluetoothService
05-28 10:54:46.315 D/SystemServerTimingAsync( 742): ssm.onUnlockedUser-0_com.android.server.connectivity.IpConnectivityMetrics
05-28 10:54:46.315 D/SystemServerTimingAsync( 742): ssm.onUnlockedUser-0_com.android.server.net.watchlist.NetworkWatchlistService$Lifecycle
05-28 10:54:46.315 D/SystemServerTimingAsync( 742): ssm.onUnlockedUser-0_com.android.server.PinnerService
05-28 10:54:46.315 D/SystemServerTimingAsync( 742): ssm.onUnlockedUser-0_com.android.server.integrity.AppIntegrityManagerService
05-28 10:54:46.315 D/SystemServerTimingAsync( 742): ssm.onUnlockedUser-0_com.android.server.logcat.LogcatManagerService
05-28 10:54:46.315 D/SystemServerTimingAsync( 742): ssm.onUnlockedUser-0_com.android.server.inputmethod.InputMethodManagerService$Lifecycle
05-28 10:54:46.315 D/SystemServerTimingAsync( 742): ssm.onUnlockedUser-0_com.android.server.accessibility.AccessibilityManagerService$Lifecycle
05-28 10:54:46.315 D/SystemServerTimingAsync( 742): ssm.onUnlockedUser-0_com.android.server.StorageManagerService$Lifecycle
05-28 10:54:46.315 D/SystemServerTimingAsync( 742): ssm.onUnlockedUser-0_com.android.server.usage.StorageStatsService$Lifecycle
05-28 10:54:46.315 D/SystemServerTimingAsync( 742): ssm.onUnlockedUser-0_com.android.server.UiModeManagerService
05-28 10:54:46.315 D/SystemServerTimingAsync( 742): ssm.onUnlockedUser-0_com.android.server.locales.LocaleManagerService
05-28 10:54:46.315 D/SystemServerTimingAsync( 742): ssm.onUnlockedUser-0_com.android.server.grammaticalinflection.GrammaticalInflectionService
05-28 10:54:46.315 D/SystemServerTimingAsync( 742): ssm.onUnlockedUser-0_com.android.server.apphibernation.AppHibernationService
05-28 10:54:46.315 D/SystemServerTimingAsync( 742): ssm.onUnlockedUser-0_com.android.server.locksettings.LockSettingsService$Lifecycle
05-28 10:54:46.315 D/SystemServerTimingAsync( 742): ssm.onUnlockedUser-0_com.android.server.PersistentDataBlockService
05-28 10:54:46.315 D/SystemServerTimingAsync( 742): ssm.onUnlockedUser-0_com.android.server.testharness.TestHarnessModeService
05-28 10:54:46.315 D/SystemServerTimingAsync( 742): ssm.onUnlockedUser-0_com.android.server.oemlock.OemLockService
05-28 10:54:46.315 D/SystemServerTimingAsync( 742): ssm.onUnlockedUser-0_com.android.server.DeviceIdleController
05-28 10:54:46.315 D/SystemServerTimingAsync( 742): ssm.onUnlockedUser-0_com.android.server.devicepolicy.DevicePolicyManagerService$Lifecycle
05-28 10:54:46.315 D/SystemServerTimingAsync( 742): ssm.onUnlockedUser-0_com.android.server.texttospeech.TextToSpeechManagerService
05-28 10:54:46.316 D/SystemServerTimingAsync( 742): ssm.onUnlockedUser-0_com.android.server.ambientcontext.AmbientContextManagerService
05-28 10:54:46.316 D/CompatibilityChangeReporter( 742): Compat change id reported: 175319604; UID 1000; state: DISABLED
05-28 10:54:46.316 D/SystemServerTimingAsync( 742): ssm.onUnlockedUser-0_com.android.server.wearable.WearableSensingManagerService
05-28 10:54:46.316 D/SystemServerTimingAsync( 742): ssm.onUnlockedUser-0_com.android.server.speech.SpeechRecognitionManagerService
05-28 10:54:46.316 D/SystemServerTimingAsync( 742): ssm.onUnlockedUser-0_com.android.server.searchui.SearchUiManagerService
05-28 10:54:46.316 D/SystemServerTimingAsync( 742): ssm.onUnlockedUser-0_com.android.server.smartspace.SmartspaceManagerService
05-28 10:54:46.316 D/SystemServerTimingAsync( 742): ssm.onUnlockedUser-0_com.android.server.graphics.fonts.FontManagerService$Lifecycle
05-28 10:54:46.316 D/SystemServerTimingAsync( 742): ssm.onUnlockedUser-0_com.android.server.textservices.TextServicesManagerService$Lifecycle
05-28 10:54:46.316 D/SystemServerTimingAsync( 742): ssm.onUnlockedUser-0_com.android.server.textclassifier.TextClassificationManagerService$Lifecycle
05-28 10:54:46.316 D/SystemServerTimingAsync( 742): ssm.onUnlockedUser-0_com.android.server.NetworkScoreService$Lifecycle
05-28 10:54:46.316 D/SystemServerTimingAsync( 742): ssm.onUnlockedUser-0_com.android.server.NetworkStatsServiceInitializer
05-28 10:54:46.316 D/SystemServerTimingAsync( 742): ssm.onUnlockedUser-0_com.android.server.wifi.WifiService
05-28 10:54:46.316 D/SystemServerTimingAsync( 742): ssm.onUnlockedUser-0_com.android.server.wifi.scanner.WifiScanningService
05-28 10:54:46.316 D/SystemServerTimingAsync( 742): ssm.onUnlockedUser-0_com.android.server.wifi.p2p.WifiP2pService
05-28 10:54:46.316 D/SystemServerTimingAsync( 742): ssm.onUnlockedUser-0_com.android.server.ConnectivityServiceInitializer
05-28 10:54:46.316 D/SystemServerTimingAsync( 742): ssm.onUnlockedUser-0_com.android.server.notification.NotificationManagerService
05-28 10:54:46.316 D/SystemServerTimingAsync( 742): ssm.onUnlockedUser-0_com.android.server.storage.DeviceStorageMonitorService
05-28 10:54:46.316 D/SystemServerTimingAsync( 742): ssm.onUnlockedUser-0_com.android.server.timedetector.TimeDetectorService$Lifecycle
05-28 10:54:46.316 D/SystemServerTimingAsync( 742): ssm.onUnlockedUser-0_com.android.server.location.LocationManagerService$Lifecycle
05-28 10:54:46.316 D/SystemServerTimingAsync( 742): ssm.onUnlockedUser-0_com.android.server.timezonedetector.TimeZoneDetectorService$Lifecycle
05-28 10:54:46.316 D/SystemServerTimingAsync( 742): ssm.onUnlockedUser-0_com.android.server.location.altitude.AltitudeService$Lifecycle
05-28 10:54:46.316 D/SystemServerTimingAsync( 742): ssm.onUnlockedUser-0_com.android.server.timezonedetector.location.LocationTimeZoneManagerService$Lifecycle
05-28 10:54:46.316 D/SystemServerTimingAsync( 742): ssm.onUnlockedUser-0_com.android.server.search.SearchManagerService$Lifecycle
05-28 10:54:46.316 D/SystemServerTimingAsync( 742): ssm.onUnlockedUser-0_com.android.server.wallpaper.WallpaperManagerService$Lifecycle
05-28 10:54:46.316 D/SystemServerTimingAsync( 742): ssm.onUnlockedUser-0_com.android.server.wallpapereffectsgeneration.WallpaperEffectsGenerationManagerService
05-28 10:54:46.316 D/SystemServerTimingAsync( 742): ssm.onUnlockedUser-0_com.android.server.audio.AudioService$Lifecycle
05-28 10:54:46.316 D/SystemServerTimingAsync( 742): ssm.onUnlockedUser-0_com.android.server.soundtrigger_middleware.SoundTriggerMiddlewareService$Lifecycle
05-28 10:54:46.316 D/SystemServerTimingAsync( 742): ssm.onUnlockedUser-0_com.android.server.adb.AdbService$Lifecycle
05-28 10:54:46.316 D/SystemServerTimingAsync( 742): ssm.onUnlockedUser-0_com.android.server.usb.UsbService$Lifecycle
05-28 10:54:46.316 D/SystemServerTimingAsync( 742): ssm.onUnlockedUser-0_com.android.server.twilight.TwilightService
05-28 10:54:46.316 D/SystemServerTimingAsync( 742): ssm.onUnlockedUser-0_com.android.server.display.color.ColorDisplayService
05-28 10:54:46.316 D/SystemServerTimingAsync( 742): ssm.onUnlockedUser-0_com.android.server.job.JobSchedulerService
05-28 10:54:46.316 D/SystemServerTimingAsync( 742): ssm.onUnlockedUser-0_com.android.server.soundtrigger.SoundTriggerService
05-28 10:54:46.316 D/SystemServerTimingAsync( 742): ssm.onUnlockedUser-0_com.android.server.trust.TrustManagerService
05-28 10:54:46.316 D/SystemServerTimingAsync( 742): ssm.onUnlockedUser-0_com.android.server.backup.BackupManagerService$Lifecycle
05-28 10:54:46.316 D/SystemServerTimingAsync( 742): ssm.onUnlockedUser-0_com.android.server.appwidget.AppWidgetService
05-28 10:54:46.316 D/SystemServerTimingAsync( 742): ssm.onUnlockedUser-0_com.android.server.voiceinteraction.VoiceInteractionManagerService
05-28 10:54:46.316 D/SystemServerTimingAsync( 742): ssm.onUnlockedUser-0_com.android.server.GestureLauncherService
05-28 10:54:46.316 D/SystemServerTimingAsync( 742): ssm.onUnlockedUser-0_com.android.server.SensorNotificationService
05-28 10:54:46.316 D/SystemServerTimingAsync( 742): ssm.onUnlockedUser-0_com.android.server.emergency.EmergencyAffordanceService
05-28 10:54:46.316 D/SystemServerTimingAsync( 742): ssm.onUnlockedUser-0_com.android.server.blob.BlobStoreManagerService
05-28 10:54:46.316 D/SystemServerTimingAsync( 742): ssm.onUnlockedUser-0_com.android.server.dreams.DreamManagerService
05-28 10:54:46.316 D/SystemServerTimingAsync( 742): ssm.onUnlockedUser-0_com.android.server.security.AttestationVerificationManagerService
05-28 10:54:46.316 D/SystemServerTimingAsync( 742): ssm.onUnlockedUser-0_com.android.server.restrictions.RestrictionsManagerService
05-28 10:54:46.316 D/SystemServerTimingAsync( 742): ssm.onUnlockedUser-0_com.android.server.media.MediaSessionService
05-28 10:54:46.316 D/SystemServerTimingAsync( 742): ssm.onUnlockedUser-0_com.android.server.hdmi.HdmiControlService
05-28 10:54:46.316 D/SystemServerTimingAsync( 742): ssm.onUnlockedUser-0_com.android.server.tv.interactive.TvInteractiveAppManagerService
05-28 10:54:46.316 D/SystemServerTimingAsync( 742): ssm.onUnlockedUser-0_com.android.server.tv.TvInputManagerService
05-28 10:54:46.316 D/SystemServerTimingAsync( 742): ssm.onUnlockedUser-0_com.android.server.media.MediaResourceMonitorService
05-28 10:54:46.316 D/SystemServerTimingAsync( 742): ssm.onUnlockedUser-0_com.android.server.tv.TvRemoteService
05-28 10:54:46.317 D/SystemServerTimingAsync( 742): ssm.onUnlockedUser-0_com.android.server.biometrics.BiometricService
05-28 10:54:46.317 D/SystemServerTimingAsync( 742): ssm.onUnlockedUser-0_com.android.server.biometrics.AuthService
05-28 10:54:46.317 D/SystemServerTimingAsync( 742): ssm.onUnlockedUser-0_com.android.server.pm.ShortcutService$Lifecycle
05-28 10:54:46.317 D/SystemServerTimingAsync( 742): ssm.onUnlockedUser-0_com.android.server.pm.LauncherAppsService
05-28 10:54:46.317 D/SystemServerTimingAsync( 742): ssm.onUnlockedUser-0_com.android.server.pm.CrossProfileAppsService
05-28 10:54:46.317 D/SystemServerTimingAsync( 742): ssm.onUnlockedUser-0_com.android.server.people.PeopleService
05-28 10:54:46.317 D/CompatibilityChangeReporter( 742): Compat change id reported: 195579280; UID 1000; state: ENABLED
05-28 10:54:46.317 D/CompatibilityChangeReporter( 742): Compat change id reported: 195579280; UID 1000; state: DISABLED
05-28 10:54:46.317 D/SystemServerTimingAsync( 742): ssm.onUnlockedUser-0_com.android.server.media.metrics.MediaMetricsManagerService
05-28 10:54:46.317 D/SystemServerTimingAsync( 742): ssm.onUnlockedUser-0_com.android.server.pm.BackgroundInstallControlService
05-28 10:54:46.317 D/SystemServerTimingAsync( 742): ssm.onUnlockedUser-0_com.android.server.media.projection.MediaProjectionManagerService
05-28 10:54:46.317 D/SystemServerTimingAsync( 742): ssm.onUnlockedUser-0_com.android.server.slice.SliceManagerService$Lifecycle
05-28 10:54:46.317 D/SystemServerTimingAsync( 742): ssm.onUnlockedUser-0_com.android.server.stats.StatsCompanion$Lifecycle
05-28 10:54:46.317 D/SystemServerTimingAsync( 742): ssm.onUnlockedUser-0_com.android.server.scheduling.RebootReadinessManagerService$Lifecycle
05-28 10:54:46.317 D/SystemServerTimingAsync( 742): ssm.onUnlockedUser-0_com.android.server.stats.pull.StatsPullAtomService
05-28 10:54:46.317 D/SystemServerTimingAsync( 742): ssm.onUnlockedUser-0_com.android.server.stats.bootstrap.StatsBootstrapAtomService$Lifecycle
05-28 10:54:46.317 D/SystemServerTimingAsync( 742): ssm.onUnlockedUser-0_com.android.server.incident.IncidentCompanionService
05-28 10:54:46.317 D/SystemServerTimingAsync( 742): ssm.onUnlockedUser-0_com.android.server.sdksandbox.SdkSandboxManagerService$Lifecycle
05-28 10:54:46.317 D/SystemServerTimingAsync( 742): ssm.onUnlockedUser-0_com.android.server.adservices.AdServicesManagerService$Lifecycle
05-28 10:54:46.317 D/SystemServerTimingAsync( 742): ssm.onUnlockedUser-0_com.android.server.ondevicepersonalization.OnDevicePersonalizationSystemService$Lifecycle
05-28 10:54:46.317 D/SystemServerTimingAsync( 742): ssm.onUnlockedUser-0_com.android.server.autofill.AutofillManagerService
05-28 10:54:46.317 D/SystemServerTimingAsync( 742): ssm.onUnlockedUser-0_com.android.server.clipboard.ClipboardService
05-28 10:54:46.317 D/SystemServerTimingAsync( 742): ssm.onUnlockedUser-0_com.android.server.appbinding.AppBindingService$Lifecycle
05-28 10:54:46.317 D/SystemServerTimingAsync( 742): ssm.onUnlockedUser-0_com.android.server.tracing.TracingServiceProxy
05-28 10:54:46.317 D/SystemServerTimingAsync( 742): ssm.onUnlockedUser-0_com.android.server.policy.PermissionPolicyService
05-28 10:54:46.318 D/SystemServerTimingAsync( 742): ssm.onUnlockedUser-0_com.android.server.pm.StagingManager$Lifecycle
05-28 10:54:46.318 D/SystemServerTimingAsync( 742): ssm.onUnlockedUser-0_com.android.server.app.GameManagerService$Lifecycle
05-28 10:54:46.318 D/SystemServerTimingAsync( 742): ssm.onUnlockedUser-0_com.android.safetycenter.SafetyCenterService
05-28 10:54:46.318 D/SystemServerTimingAsync( 742): ssm.onUnlockedUser-0_com.android.server.appsearch.AppSearchModule$Lifecycle
05-28 10:54:46.319 D/SystemServerTimingAsync( 742): ssm.onUnlockedUser-0_com.android.server.media.MediaCommunicationService
05-28 10:54:46.319 D/SystemServerTimingAsync( 742): ssm.onUnlockedUser-0_com.android.server.compat.overrides.AppCompatOverridesService$Lifecycle
05-28 10:54:46.319 D/SystemServerTimingAsync( 742): ssm.onUnlockedUser-0_com.android.server.healthconnect.HealthConnectManagerService
05-28 10:54:46.319 D/HealthConnectManagerService( 742): switchToSetupForUser: UserHandle{0}
05-28 10:54:46.319 D/HealthConnectBackupRestore( 742): Performing user switch operations.
05-28 10:54:46.321 D/SystemServerTimingAsync( 742): ssm.onUnlockedUser-0_com.android.server.devicelock.DeviceLockService
05-28 10:54:46.321 D/CompatibilityChangeReporter( 742): Compat change id reported: 175319604; UID 10052; state: ENABLED
05-28 10:54:46.321 D/CompatibilityChangeReporter( 742): Compat change id reported: 195579280; UID 10052; state: ENABLED
05-28 10:54:46.322 D/CompatibilityChangeReporter( 742): Compat change id reported: 175319604; UID 10073; state: ENABLED
05-28 10:54:46.323 D/CompatibilityChangeReporter( 742): Compat change id reported: 195579280; UID 10073; state: ENABLED
05-28 10:54:46.323 I/NotificationHistory( 742): Attempted to unlock gone/disabled user 0
05-28 10:54:46.323 W/ContextImpl( 1379): Calling a method in the system process without a qualified user: android.app.ContextImpl.startService:1899 android.content.ContextWrapper.startService:825 android.content.ContextWrapper.startService:825 com.droidlogic.btpair.FastBootComplete.onReceive:20 android.app.ActivityThread.handleReceiver:4494
05-28 10:54:46.332 E/TaskPersister( 742): File error accessing recents directory (directory doesn't exist?).
05-28 10:54:46.332 E/TaskPersister( 742): File error accessing recents directory (directory doesn't exist?).
05-28 10:54:46.332 W/ContextImpl( 1379): Calling a method in the system process without a qualified user: android.app.ContextImpl.startService:1899 android.content.ContextWrapper.startService:825 android.content.ContextWrapper.startService:825 com.droidlogic.btpair.FastBootComplete.onReceive:23 android.app.ActivityThread.handleReceiver:4494
05-28 10:54:46.343 I/ActivityManager( 742): com.oranth.ledstatus is exempt from freezer
05-28 10:54:46.343 D/CompatibilityChangeReporter( 742): Compat change id reported: 135634846; UID 1000; state: DISABLED
05-28 10:54:46.365 I/ActivityManager( 742): Start proc 2151:com.oranth.ledstatus/1000 for broadcast {com.oranth.ledstatus/com.oranth.ledstatus.BootCompletedReceiver}
05-28 10:54:46.416 E/UsbDeviceManager( 742): Usb setCurrentUsbFunctionsCb failed ,functions:4 ,status:1 ,transactionId:6
05-28 10:54:46.416 I/UsbDeviceManager( 742): notifyCurrentFunction request:1 status:1
05-28 10:54:46.419 D/HDMI ( 742): [R]: 0F:84:00:00:00
05-28 10:54:46.421 D/HDMI ( 742): addCecDevice new:CEC: logical_address: 0x00 device_type: 0 cec_version: 5 vendor_id: 7173227 display_name: TV power_status: -1 physical_address: 0x0000 port_id: -1 old:CEC: logical_address: 0x00 device_type: 0 cec_version: 5 vendor_id: 7173227 display_name: TV power_status: -1 physical_address: 0xFFFF port_id: -1
05-28 10:54:46.422 D/HdmiControlService( 742): Switching to full volume behavior
05-28 10:54:46.423 D/HDMI ( 742): [S]: 40:46
05-28 10:54:46.479 I/NotificationService( 742): Cannot find enqueued record for key: 0|android|13|PreBootBroadcaster|1000
05-28 10:54:46.480 D/CompatibilityChangeReporter( 742): Compat change id reported: 168419799; UID 1000; state: DISABLED
05-28 10:54:46.480 D/CompatibilityChangeReporter( 742): Compat change id reported: 273564678; UID 1000; state: DISABLED
05-28 10:54:46.492 I/NotificationService( 742): Cannot find enqueued record for key: 0|android|13|PreBootBroadcaster|1000
05-28 10:54:46.502 I/NotificationService( 742): Cannot find enqueued record for key: 0|android|13|PreBootBroadcaster|1000
05-28 10:54:46.521 I/HealthConnectBackupRestore( 742): Attempt to schedule download timeout job with state: 0
05-28 10:54:46.521 I/HealthConnectBackupRestore( 742): Attempt to schedule staging timeout job with state: 0
05-28 10:54:46.521 I/HealthConnectBackupRestore( 742): Attempt to schedule merging timeout job with state: 0
05-28 10:54:46.585 I/ActivityManager( 742): com.oranth.storage is exempt from freezer
05-28 10:54:46.585 D/CompatibilityChangeReporter( 742): Compat change id reported: 135634846; UID 1000; state: DISABLED
05-28 10:54:46.591 W/ContextImpl( 2151): Calling a method in the system process without a qualified user: android.app.ContextImpl.startService:1899 android.content.ContextWrapper.startService:825 android.content.ContextWrapper.startService:825 com.oranth.ledstatus.BootCompletedReceiver.onReceive:15 android.app.ActivityThread.handleReceiver:4494
05-28 10:54:46.599 I/ActivityManager( 742): Start proc 2170:com.oranth.storage/1000 for broadcast {com.oranth.storage/com.oranth.storage.BootCompletedReceiver}
05-28 10:54:46.682 D/CompatibilityChangeReporter( 742): Compat change id reported: 168419799; UID 1000; state: DISABLED
05-28 10:54:46.683 I/vold ( 247): fuse-bpf is enabled because /sys/fs/fuse/features/fuse_bpf reads 'supported'
05-28 10:54:46.683 I/vold ( 247): Setting ro.fuse.bpf.is_running to true
05-28 10:54:46.683 D/CompatibilityChangeReporter( 742): Compat change id reported: 273564678; UID 1000; state: DISABLED
05-28 10:54:46.684 I/vold ( 247): Configuring read_ahead of /mnt/user/0/emulated fuse filesystem to 256kb
05-28 10:54:46.684 I/vold ( 247): Writing 256 to /sys/class/bdi/0:45/read_ahead_kb
05-28 10:54:46.684 I/vold ( 247): Configuring max_ratio of /mnt/user/0/emulated fuse filesystem to 40
05-28 10:54:46.684 I/vold ( 247): Writing 40 to /sys/class/bdi/0:45/max_ratio
05-28 10:54:46.685 I/StorageManagerService( 742): Mounted volume VolumeInfo{emulated;0}:
05-28 10:54:46.685 I/StorageManagerService( 742): type=EMULATED diskId=null partGuid= mountFlags=PRIMARY|VISIBLE_FOR_WRITE
05-28 10:54:46.685 I/StorageManagerService( 742): mountUserId=0 state=MOUNTED
05-28 10:54:46.685 I/StorageManagerService( 742): fsType=null fsUuid=null fsLabel=null
05-28 10:54:46.685 I/StorageManagerService( 742): path=/storage/emulated internalPath=/data/media
05-28 10:54:46.686 I/StorageSessionController( 742): Notifying volume state changed for session with id: emulated;0
05-28 10:54:46.694 D/CompatibilityChangeReporter( 742): Compat change id reported: 149924527; UID 1000; state: ENABLED
05-28 10:54:46.695 I/StorageSessionController( 742): Notifying volume state changed for session with id: emulated;0
05-28 10:54:46.696 D/CompatibilityChangeReporter( 742): Compat change id reported: 132649864; UID 1000; state: DISABLED
05-28 10:54:46.703 I/StorageSessionController( 742): Notifying volume state changed for session with id: emulated;0
05-28 10:54:46.712 D/CompatibilityChangeReporter( 742): Compat change id reported: 253665015; UID 10055; state: ENABLED
05-28 10:54:46.713 D/CompatibilityChangeReporter( 742): Compat change id reported: 194532703; UID 10055; state: ENABLED
05-28 10:54:46.736 W/BroadcastLoopers( 742): Found previously unknown looper Thread[StorageManagerService,5,main]
05-28 10:54:46.738 D/StorageManagerService( 742): Volume emulated;0 broadcasting checking to UserHandle{0}
05-28 10:54:46.739 D/StorageManagerService( 742): Volume emulated;0 broadcasting mounted to UserHandle{0}
05-28 10:54:46.779 D/HDMI ( 742): [R]: 04:47:44:42:58:35:53:50:4E
05-28 10:54:46.779 D/HdmiCecNetwork( 742): Updating device OSD name from TV to DBX5SPN
05-28 10:54:46.781 D/HDMI ( 742): [S]: 40:8F
05-28 10:54:46.818 D/CompatibilityChangeReporter( 742): Compat change id reported: 135634846; UID 10019; state: DISABLED
05-28 10:54:46.818 D/CompatibilityChangeReporter( 742): Compat change id reported: 177438394; UID 10019; state: DISABLED
05-28 10:54:46.818 D/CompatibilityChangeReporter( 742): Compat change id reported: 135772972; UID 10019; state: DISABLED
05-28 10:54:46.818 D/CompatibilityChangeReporter( 742): Compat change id reported: 135754954; UID 10019; state: ENABLED
05-28 10:54:46.819 D/CompatibilityChangeReporter( 742): Compat change id reported: 143937733; UID 10019; state: ENABLED
05-28 10:54:46.832 W/ContextImpl( 2170): Calling a method in the system process without a qualified user: android.app.ContextImpl.startService:1899 android.content.ContextWrapper.startService:825 android.content.ContextWrapper.startService:825 com.oranth.storage.BootCompletedReceiver.onReceive:15 android.app.ActivityThread.handleReceiver:4494
05-28 10:54:46.836 I/ActivityManager( 742): Start proc 2192:com.android.externalstorage/u0a19 for broadcast {com.android.externalstorage/com.android.externalstorage.MountReceiver}
05-28 10:54:46.848 E/BootReceiver( 742): Could not open /sys/kernel/tracing/instances/bootreceiver/trace_pipe
05-28 10:54:46.848 E/BootReceiver( 742): android.system.ErrnoException: open failed: ENOENT (No such file or directory)
05-28 10:54:46.848 E/BootReceiver( 742): at libcore.io.Linux.open(Native Method)
05-28 10:54:46.848 E/BootReceiver( 742): at libcore.io.ForwardingOs.open(ForwardingOs.java:563)
05-28 10:54:46.848 E/BootReceiver( 742): at libcore.io.BlockGuardOs.open(BlockGuardOs.java:274)
05-28 10:54:46.848 E/BootReceiver( 742): at android.system.Os.open(Os.java:494)
05-28 10:54:46.848 E/BootReceiver( 742): at com.android.server.BootReceiver.onReceive(BootReceiver.java:164)
05-28 10:54:46.848 E/BootReceiver( 742): at android.app.ActivityThread.handleReceiver(ActivityThread.java:4494)
05-28 10:54:46.848 E/BootReceiver( 742): at android.app.ActivityThread.-$$Nest$mhandleReceiver(Unknown Source:0)
05-28 10:54:46.848 E/BootReceiver( 742): at android.app.ActivityThread$H.handleMessage(ActivityThread.java:2285)
05-28 10:54:46.848 E/BootReceiver( 742): at android.os.Handler.dispatchMessage(Handler.java:106)
05-28 10:54:46.848 E/BootReceiver( 742): at android.os.Looper.loopOnce(Looper.java:205)
05-28 10:54:46.848 E/BootReceiver( 742): at android.os.Looper.loop(Looper.java:294)
05-28 10:54:46.848 E/BootReceiver( 742): at com.android.server.SystemServer.run(SystemServer.java:982)
05-28 10:54:46.848 E/BootReceiver( 742): at com.android.server.SystemServer.main(SystemServer.java:668)
05-28 10:54:46.848 E/BootReceiver( 742): at java.lang.reflect.Method.invoke(Native Method)
05-28 10:54:46.848 E/BootReceiver( 742): at com.android.internal.os.RuntimeInit$MethodAndArgsCaller.run(RuntimeInit.java:552)
05-28 10:54:46.848 E/BootReceiver( 742): at com.android.internal.os.ZygoteInit.main(ZygoteInit.java:956)
05-28 10:54:46.851 W/ContextImpl( 2008): Calling a method in the system process without a qualified user: android.app.ContextImpl.startService:1899 android.content.ContextWrapper.startService:825 android.content.ContextWrapper.startService:825 com.droidlogic.mictoggle.AssistantMicMuteReceiver.onReceive:48 android.app.ActivityThread.handleReceiver:4494
05-28 10:54:46.856 I/BootReceiver( 742): No existing last log timestamp file /data/system/log-files.xml; starting empty
05-28 10:54:46.861 I/DropBoxManagerService( 742): add tag=SYSTEM_BOOT isTagEnabled=true flags=0x2
05-28 10:54:46.868 I/BootReceiver( 742): Copying /sys/fs/pstore/console-ramoops-0 to DropBox (SYSTEM_LAST_KMSG)
05-28 10:54:46.870 I/DropBoxManagerService( 742): add tag=SYSTEM_LAST_KMSG isTagEnabled=true flags=0x6
05-28 10:54:46.875 D/CompatibilityChangeReporter( 742): Compat change id reported: 171306433; UID 1000; state: ENABLED
05-28 10:54:46.879 D/HDMI ( 742): receive android.intent.action.BOOT_COMPLETED
05-28 10:54:46.879 I/HDMI ( 742): Receive boot completed broadcast
05-28 10:54:46.880 I/BootReceiver( 742): Copying audit failures to DropBox
05-28 10:54:46.881 D/CompatibilityChangeReporter( 742): Compat change id reported: 218533173; UID 1000; state: ENABLED
05-28 10:54:46.883 W/ContextImpl( 1379): Calling a method in the system process without a qualified user: android.app.ContextImpl.startService:1899 android.content.ContextWrapper.startService:825 android.content.ContextWrapper.startService:825 com.droidlogic.AiPqReceiver.onReceive:31 android.app.ActivityThread.handleReceiver:4494
05-28 10:54:46.886 I/BootReceiver( 742): Copied 3347 worth of audits to DropBox
05-28 10:54:46.886 I/DropBoxManagerService( 742): add tag=SYSTEM_AUDIT isTagEnabled=true flags=0x2
05-28 10:54:46.886 D/CompatibilityChangeReporter( 742): Compat change id reported: 168419799; UID 10019; state: DISABLED
05-28 10:54:46.886 D/CompatibilityChangeReporter( 742): Compat change id reported: 273564678; UID 10019; state: DISABLED
05-28 10:54:46.887 W/ContextImpl( 1851): Calling a method in the system process without a qualified user: android.app.ContextImpl.startForegroundService:1905 android.content.ContextWrapper.startForegroundService:830 android.content.ContextWrapper.startForegroundService:830 com.android.tv.settings.BootReceiver.onReceive:58 android.app.ActivityThread.handleReceiver:4494
05-28 10:54:46.887 I/BootReceiver( 742): Checking for fsck errors
05-28 10:54:46.890 I/BootReceiver( 742): fs_stat, partition:param stat:0x10013
05-28 10:54:46.890 I/BootReceiver( 742): fs_stat, partition:tee stat:0x3
05-28 10:54:46.890 I/BootReceiver( 742): fs_stat, partition:factory stat:0x0
05-28 10:54:46.891 I/BootReceiver( 742): fs_stat, partition:userdata stat:0x0
05-28 10:54:46.891 D/CompatibilityChangeReporter( 742): Compat change id reported: 265195908; UID 10019; state: ENABLED
05-28 10:54:46.891 I/BootReceiver( 742): fs_stat, partition:userdata stat:0x0
05-28 10:54:46.892 W/ActivityManager( 742): Unable to start service Intent { act=android.intent.action.BOOT_COMPLETED flg=0x89000010 cmp=com.android.tv.settings/.BootReceiver (has extras) } U=0: not found
05-28 10:54:46.901 W/ContextImpl( 1946): Calling a method in the system process without a qualified user: android.app.ContextImpl.startService:1899 android.content.ContextWrapper.startService:825 com.dangbei.lerad.etna.core.EtnaManager.startService:64 com.dangbei.lerad.etna.core.EtnaManager.init:39 com.dangbei.lerad.etna.haqu.EtnaApplication.init:87
05-28 10:54:46.907 D/CompatibilityChangeReporter( 742): Compat change id reported: 170503758; UID 10019; state: ENABLED
05-28 10:54:46.909 W/ContextImpl( 1946): Calling a method in the system process without a qualified user: android.app.ContextImpl.startService:1899 android.content.ContextWrapper.startService:825 com.dangbei.andes.CoreService$Companion.start:29 com.dangbei.lerad.etna.haqu.EtnaApplication.init:88 com.dangbei.lerad.etna.haqu.EtnaApplication.onCreate:59
05-28 10:54:46.917 I/CheckInBootCompletedReceiver( 1903): Received boot completed intent
05-28 10:54:46.924 I/DlcClient( 1903): Binding com.android.devicelockcontroller/.storage.GlobalParametersService
05-28 10:54:46.936 D/CompatibilityChangeReporter( 742): Compat change id reported: 161145287; UID 10017; state: ENABLED
05-28 10:54:46.942 I/DeviceCheckInHelper( 1903): enqueueDeviceCheckInWork with delay: PT0S
05-28 10:54:46.943 D/HDMI ( 742): Process pid:1946 is calling addHotplugEventListener
05-28 10:54:46.954 D/CompatibilityChangeReporter( 742): Compat change id reported: 253665015; UID 10067; state: ENABLED
05-28 10:54:46.955 D/CompatibilityChangeReporter( 742): Compat change id reported: 194532703; UID 10067; state: ENABLED
05-28 10:54:46.972 W/ContextImpl( 1946): Calling a method in the system process without a qualified user: android.app.ContextImpl.bindService:1988 android.content.ContextWrapper.bindService:861 com.dangbei.lerad.etna.lib.client.EtnaClient.bindServer:138 com.dangbei.lerad.etna.lib.client.EtnaClient.access$600:29 com.dangbei.lerad.etna.lib.client.EtnaClient$3.call:205
05-28 10:54:46.974 D/HDMI ( 742): [R]: 04:90:00
05-28 10:54:46.977 D/HDMI ( 742): addCecDevice new:CEC: logical_address: 0x00 device_type: 0 cec_version: 5 vendor_id: 7173227 display_name: DBX5SPN power_status: 0 physical_address: 0x0000 port_id: -1 old:CEC: logical_address: 0x00 device_type: 0 cec_version: 5 vendor_id: 7173227 display_name: DBX5SPN power_status: 0 physical_address: 0x0000 port_id: -1
05-28 10:54:46.977 D/HdmiControlService( 742): Switching to full volume behavior
05-28 10:54:46.978 D/HDMI ( 742): addCecDevice new:CEC: logical_address: 0x04 device_type: 4 cec_version: 5 vendor_id: 1877008 display_name: DBBOX-A3 power_status: 0 physical_address: 0x3000 port_id: 0 old:null
05-28 10:54:46.978 D/HDMI ( 742): Hot-plug detection started.
05-28 10:54:46.981 I/ActivityManager( 742): com.android.dynsystem is exempt from freezer
05-28 10:54:46.982 D/CompatibilityChangeReporter( 742): Compat change id reported: 135634846; UID 1000; state: DISABLED
05-28 10:54:47.030 I/ActivityManager( 742): Start proc 2219:com.android.dynsystem/1000 for broadcast {com.android.dynsystem/com.android.dynsystem.BootCompletedReceiver}
05-28 10:54:47.030 D/CompatibilityChangeReporter( 742): Compat change id reported: 214016041; UID 10029; state: DISABLED
05-28 10:54:47.085 D/CompatibilityChangeReporter( 742): Compat change id reported: 168419799; UID 1000; state: DISABLED
05-28 10:54:47.085 D/CompatibilityChangeReporter( 742): Compat change id reported: 273564678; UID 1000; state: DISABLED
05-28 10:54:47.094 W/ContextImpl( 1946): Calling a method in the system process without a qualified user: android.app.ContextImpl.bindService:1988 android.content.ContextWrapper.bindService:861 com.dangbei.lerad.etna.lib.client.EtnaClient.bindServer:138 com.dangbei.lerad.etna.lib.client.EtnaClient.access$600:29 com.dangbei.lerad.etna.lib.client.EtnaClient$3.call:205
05-28 10:54:47.112 D/CompatibilityChangeReporter( 742): Compat change id reported: 182734110; UID 10055; state: ENABLED
05-28 10:54:47.128 D/CompatibilityChangeReporter( 742): Compat change id reported: 171306433; UID 10016; state: ENABLED
05-28 10:54:47.129 D/CompatibilityChangeReporter( 742): Compat change id reported: 218533173; UID 10016; state: ENABLED
05-28 10:54:47.174 I/ActivityManager( 742): com.android.packageinstaller is exempt from freezer
05-28 10:54:47.175 D/CompatibilityChangeReporter( 742): Compat change id reported: 135634846; UID 10025; state: DISABLED
05-28 10:54:47.175 D/CompatibilityChangeReporter( 742): Compat change id reported: 177438394; UID 10025; state: DISABLED
05-28 10:54:47.175 D/CompatibilityChangeReporter( 742): Compat change id reported: 135772972; UID 10025; state: DISABLED
05-28 10:54:47.175 D/CompatibilityChangeReporter( 742): Compat change id reported: 135754954; UID 10025; state: ENABLED
05-28 10:54:47.176 D/CompatibilityChangeReporter( 742): Compat change id reported: 143937733; UID 10025; state: ENABLED
05-28 10:54:47.181 I/ActivityManager( 742): com.android.dynsystem is exempt from freezer
05-28 10:54:47.182 D/CompatibilityChangeReporter( 742): Compat change id reported: 135634846; UID 1000; state: DISABLED
05-28 10:54:47.195 I/ActivityManager( 742): Start proc 2245:com.android.packageinstaller/u0a25 for broadcast {com.android.packageinstaller/com.android.packageinstaller.TemporaryFileManager}
05-28 10:54:47.223 I/ActivityManager( 742): Start proc 2258:com.android.dynsystem:dynsystem/1000 for service {com.android.dynsystem/com.android.dynsystem.DynamicSystemInstallationService}
05-28 10:54:47.231 D/CompatibilityChangeReporter( 742): Compat change id reported: 168419799; UID 10025; state: DISABLED
05-28 10:54:47.231 D/CompatibilityChangeReporter( 742): Compat change id reported: 273564678; UID 10025; state: DISABLED
05-28 10:54:47.245 D/CompatibilityChangeReporter( 742): Compat change id reported: 265195908; UID 10025; state: ENABLED
05-28 10:54:47.253 D/CompatibilityChangeReporter( 742): Compat change id reported: 170503758; UID 10025; state: ENABLED
05-28 10:54:47.277 D/CompatibilityChangeReporter( 742): Compat change id reported: 271850009; UID 10068; state: ENABLED
05-28 10:54:47.278 D/CompatibilityChangeReporter( 742): Compat change id reported: 253665015; UID 10068; state: ENABLED
05-28 10:54:47.278 D/CompatibilityChangeReporter( 742): Compat change id reported: 194532703; UID 10068; state: ENABLED
05-28 10:54:47.302 D/CompatibilityChangeReporter( 742): Compat change id reported: 261072174; UID 1000; state: DISABLED
05-28 10:54:47.304 W/Looper ( 1946): Slow dispatch took 2371ms main h=android.app.ActivityThread$H c=null m=110
05-28 10:54:47.304 W/Looper ( 1946): Slow delivery took 2150ms main h=android.app.ActivityThread$H c=null m=164
05-28 10:54:47.308 W/Looper ( 1946): Drained
05-28 10:54:47.310 W/ContextImpl( 1946): Calling a method in the system process without a qualified user: android.app.ContextImpl.sendBroadcast:1220 android.content.ContextWrapper.sendBroadcast:504 com.dangbei.lerad.etna.core.EtnaManager.sendRebootBroadcast:82 com.dangbei.lerad.etna.core.EtnaService.onStartCommand:89 android.app.ActivityThread.handleServiceArgs:4866
05-28 10:54:47.323 W/ContextImpl( 1946): Calling a method in the system process without a qualified user: android.app.ContextImpl.startService:1899 android.content.ContextWrapper.startService:825 com.dangbei.etna.setting.core.SettingHelper.startSetting:270 com.dangbei.etna.setting.core.SettingHelper.preWork:117 com.dangbei.etna.setting.core.SettingEtnaClientListener.onServerConnected:10
05-28 10:54:47.324 W/ContextImpl( 1946): Calling a method in the system process without a qualified user: android.app.ContextImpl.bindService:1988 android.content.ContextWrapper.bindService:861 com.dangbei.lerad.etna.lib.client.EtnaClient.bindServer:138 com.dangbei.lerad.etna.lib.client.EtnaClient.access$600:29 com.dangbei.lerad.etna.lib.client.EtnaClient$3.call:205
05-28 10:54:47.327 I/ActivityManager( 742): com.dangbei.haqusetting is exempt from freezer
05-28 10:54:47.328 D/CompatibilityChangeReporter( 742): Compat change id reported: 135634846; UID 1000; state: DISABLED
05-28 10:54:47.337 W/ContextImpl( 1946): Calling a method in the system process without a qualified user: android.app.ContextImpl.bindService:1988 android.content.ContextWrapper.bindService:861 com.dangbei.lerad.etna.lib.client.EtnaClient.bindServer:138 com.dangbei.lerad.etna.lib.client.EtnaClient.access$600:29 com.dangbei.lerad.etna.lib.client.EtnaClient$3.call:205
05-28 10:54:47.345 D/CompatibilityChangeReporter( 742): Compat change id reported: 135634846; UID 10058; state: DISABLED
05-28 10:54:47.346 D/CompatibilityChangeReporter( 742): Compat change id reported: 177438394; UID 10058; state: DISABLED
05-28 10:54:47.346 D/CompatibilityChangeReporter( 742): Compat change id reported: 135772972; UID 10058; state: DISABLED
05-28 10:54:47.347 D/CompatibilityChangeReporter( 742): Compat change id reported: 135754954; UID 10058; state: ENABLED
05-28 10:54:47.356 W/ContextImpl( 1946): Calling a method in the system process without a qualified user: android.app.ContextImpl.bindService:1988 android.content.ContextWrapper.bindService:861 com.dangbei.lerad.etna.lib.client.EtnaClient.bindServer:138 com.dangbei.lerad.etna.lib.client.EtnaClient.access$600:29 com.dangbei.lerad.etna.lib.client.EtnaClient$3.call:205
05-28 10:54:47.375 I/ActivityManager( 742): Start proc 2296:com.dangbei.haqusetting/1000 for service {com.dangbei.haqusetting/com.dangbei.haqusetting.service.SettingService}
05-28 10:54:47.376 D/CompatibilityChangeReporter( 742): Compat change id reported: 143937733; UID 10058; state: ENABLED
05-28 10:54:47.379 I/ActivityManager( 742): com.dangbei.leard.leradlauncher is exempt from freezer
05-28 10:54:47.412 D/CompatibilityChangeReporter( 742): Compat change id reported: 168419799; UID 1000; state: DISABLED
05-28 10:54:47.412 D/CompatibilityChangeReporter( 742): Compat change id reported: 273564678; UID 1000; state: DISABLED
05-28 10:54:47.419 W/ActivityManager( 742): Slow operation: 74ms so far, now at startProcess: returned from zygote!
05-28 10:54:47.419 W/ActivityManager( 742): Slow operation: 75ms so far, now at startProcess: done updating battery stats
05-28 10:54:47.419 W/ActivityManager( 742): Slow operation: 75ms so far, now at startProcess: building log message
05-28 10:54:47.419 I/ActivityManager( 742): Start proc 2311:com.android.rkpdapp/u0a58 for broadcast {com.android.rkpdapp/com.android.rkpdapp.BootReceiver}
05-28 10:54:47.419 W/ActivityManager( 742): Slow operation: 75ms so far, now at startProcess: starting to update pids map
05-28 10:54:47.419 W/ActivityManager( 742): Slow operation: 75ms so far, now at startProcess: done updating pids map
05-28 10:54:47.439 W/ActivityManager( 742): Slow operation: 62ms so far, now at startProcess: returned from zygote!
05-28 10:54:47.440 W/ActivityManager( 742): Slow operation: 62ms so far, now at startProcess: done updating battery stats
05-28 10:54:47.440 W/ActivityManager( 742): Slow operation: 62ms so far, now at startProcess: building log message
05-28 10:54:47.440 I/ActivityManager( 742): Start proc 2316:com.dangbei.leard.leradlauncher/1000 for content provider {com.dangbei.leard.leradlauncher/com.dangbei.leard.login.ui.login.UserInfoProvider}
05-28 10:54:47.440 W/ActivityManager( 742): Slow operation: 63ms so far, now at startProcess: starting to update pids map
05-28 10:54:47.440 W/ActivityManager( 742): Slow operation: 63ms so far, now at startProcess: done updating pids map
05-28 10:54:47.461 I/DynamicSystemService( 742): isInstalled(): false
05-28 10:54:47.479 D/CompatibilityChangeReporter( 742): Compat change id reported: 168419799; UID 10058; state: DISABLED
05-28 10:54:47.480 D/CompatibilityChangeReporter( 742): Compat change id reported: 273564678; UID 10058; state: DISABLED
05-28 10:54:47.486 D/CompatibilityChangeReporter( 742): Compat change id reported: 265195908; UID 10058; state: ENABLED
05-28 10:54:47.492 D/CompatibilityChangeReporter( 742): Compat change id reported: 170503758; UID 10058; state: ENABLED
05-28 10:54:47.493 D/CompatibilityChangeReporter( 742): Compat change id reported: 168419799; UID 1000; state: DISABLED
05-28 10:54:47.494 D/CompatibilityChangeReporter( 742): Compat change id reported: 273564678; UID 1000; state: DISABLED
05-28 10:54:47.616 I/ActivityManager( 742): com.android.shell is exempt from freezer
05-28 10:54:47.617 D/CompatibilityChangeReporter( 742): Compat change id reported: 135634846; UID 2000; state: DISABLED
05-28 10:54:47.617 D/CompatibilityChangeReporter( 742): Compat change id reported: 177438394; UID 2000; state: DISABLED
05-28 10:54:47.617 D/CompatibilityChangeReporter( 742): Compat change id reported: 135772972; UID 2000; state: DISABLED
05-28 10:54:47.617 D/CompatibilityChangeReporter( 742): Compat change id reported: 135754954; UID 2000; state: ENABLED
05-28 10:54:47.641 I/ActivityManager( 742): Start proc 2358:com.android.shell/2000 for broadcast {com.android.shell/com.android.shell.HeapDumpReceiver}
05-28 10:54:47.693 W/ContextImpl( 2296): Calling a method in the system process without a qualified user: android.app.ContextImpl.bindService:1988 android.content.ContextWrapper.bindService:861 com.dangbei.lerad.etna.lib.client.EtnaClient.bindServer:138 com.dangbei.lerad.etna.lib.client.EtnaClient.access$600:29 com.dangbei.lerad.etna.lib.client.EtnaClient$3.call:205
05-28 10:54:47.696 D/CompatibilityChangeReporter( 742): Compat change id reported: 261072174; UID 1000; state: DISABLED
05-28 10:54:47.706 D/CompatibilityChangeReporter( 742): Compat change id reported: 168419799; UID 2000; state: DISABLED
05-28 10:54:47.706 D/CompatibilityChangeReporter( 742): Compat change id reported: 273564678; UID 2000; state: DISABLED
05-28 10:54:47.710 D/CompatibilityChangeReporter( 742): Compat change id reported: 265195908; UID 2000; state: ENABLED
05-28 10:54:47.815 D/CompatibilityChangeReporter( 742): Compat change id reported: 135634846; UID 10026; state: DISABLED
05-28 10:54:47.816 D/CompatibilityChangeReporter( 742): Compat change id reported: 177438394; UID 10026; state: DISABLED
05-28 10:54:47.816 D/CompatibilityChangeReporter( 742): Compat change id reported: 135772972; UID 10026; state: DISABLED
05-28 10:54:47.817 D/CompatibilityChangeReporter( 742): Compat change id reported: 135754954; UID 10026; state: DISABLED
05-28 10:54:47.819 D/CompatibilityChangeReporter( 742): Compat change id reported: 143937733; UID 10026; state: DISABLED
05-28 10:54:47.841 I/ActivityManager( 742): com.android.localtransport is exempt from freezer
05-28 10:54:47.841 D/CompatibilityChangeReporter( 742): Compat change id reported: 135634846; UID 1000; state: DISABLED
05-28 10:54:47.843 I/ActivityManager( 742): Start proc 2393:com.android.statementservice/u0a26 for broadcast {com.android.statementservice/com.android.statementservice.domain.BootCompletedReceiver}
05-28 10:54:47.868 I/ActivityManager( 742): Start proc 2396:com.android.localtransport/1000 for service {com.android.localtransport/com.android.localtransport.LocalTransportService}
05-28 10:54:47.894 D/CompatibilityChangeReporter( 742): Compat change id reported: 168419799; UID 10026; state: DISABLED
05-28 10:54:47.896 D/CompatibilityChangeReporter( 742): Compat change id reported: 273564678; UID 10026; state: DISABLED
05-28 10:54:47.903 D/CompatibilityChangeReporter( 742): Compat change id reported: 265195908; UID 10026; state: ENABLED
05-28 10:54:47.909 D/CompatibilityChangeReporter( 742): Compat change id reported: 271850009; UID 10058; state: ENABLED
05-28 10:54:47.909 D/CompatibilityChangeReporter( 742): Compat change id reported: 253665015; UID 10058; state: ENABLED
05-28 10:54:47.910 D/CompatibilityChangeReporter( 742): Compat change id reported: 194532703; UID 10058; state: ENABLED
05-28 10:54:47.910 D/CompatibilityChangeReporter( 742): Compat change id reported: 170503758; UID 10026; state: DISABLED
