05-28 10:54:42.122 I/DisplayDeviceRepository( 742): Display device changed: DisplayDeviceInfo{"内置屏幕": uniqueId="local:4627013623894091019", 3840 x 2160, modeId 3, renderFrameRate 59.94006, defaultModeId 3, supportedModes [{id=1, width=1920, height=1080, fps=59.94006, alternativeRefreshRates=[], supportedHdrTypes=[2, 3]}, {id=2, width=1920, height=1080, fps=60.000004, alternativeRefreshRates=[], supportedHdrTypes=[2, 3]}, {id=3, width=3840, height=2160, fps=59.94006, alternativeRefreshRates=[], supportedHdrTypes=[2, 3]}, {id=4, width=3840, height=2160, fps=60.000004, alternativeRefreshRates=[], supportedHdrTypes=[2, 3]}, {id=5, width=3840, height=2160, fps=50.0, alternativeRefreshRates=[], supportedHdrTypes=[2, 3]}, {id=6, width=3840, height=2160, fps=29.97003, alternativeRefreshRates=[], supportedHdrTypes=[2, 3]}, {id=7, width=3840, height=2160, fps=30.000002, alternativeRefreshRates=[], supportedHdrTypes=[2, 3]}, {id=8, width=3840, height=2160, fps=25.0, alternativeRefreshRates=[], supportedHdrTypes=[2, 3]}, {id=9, width=3840, height=2160, fps=23.976025, alternativeRefreshRates=[], supportedHdrTypes=[2, 3]}, {id=10, width=3840, height=2160, fps=24.000002, alternativeRefreshRates=[], supportedHdrTypes=[2, 3]}, {id=11, width=1920, height=1080, fps=50.0, alternativeRefreshRates=[], supportedHdrTypes=[2, 3]}, {id=12, width=1920, height=1080, fps=29.97003, alternativeRefreshRates=[], supportedHdrTypes=[2, 3]}, {id=13, width=1920, height=1080, fps=30.000002, alternativeRefreshRates=[], supportedHdrTypes=[2, 3]}, {id=14, width=1920, height=1080, fps=23.976025, alternativeRefreshRates=[], supportedHdrTypes=[2, 3]}, {id=15, width=1920, height=1080, fps=24.000002, alternativeRefreshRates=[], supportedHdrTypes=[2, 3]}, {id=16, width=1280, height=720, fps=59.94006, alternativeRefreshRates=[], supportedHdrTypes=[2, 3]}, {id=17, width=1280, height=720, fps=60.000004, alternativeRefreshRates=[], supportedHdrTypes=[2, 3]}, {id=18, width=1280, height=720, fps=50.0, alternativeRefreshRates=[], supportedHdrTypes=[2, 3]}], colorMode 0, supportedColorModes [0], hdrCapabilities HdrCapabilities{mSupportedHdrTypes=[2, 3], mMaxLuminance=500.0, mMaxAverageLuminance=500.0, mMinLuminance=0.0}, allmSupported false, gameContentTypeSupported false, density 480, 84.813 x 84.406 dpi, appVsyncOff 2000000, presDeadline 13683333, touch INTERNAL, rotation 0, type INTERNAL, address {port=11, model=0x403674603f19a5}, deviceProductInfo DeviceProductInfo{name=Dangbei , manufacturerPnpId=MST, productId=48, modelYear=null, manufactureDate=ManufactureDate{week=10, year=2014}, connectionToSinkType=2}, state ON, committedState ON, frameRateOverride , brightnessMinimum 0.0, brightnessMaximum 1.0, brightnessDefault 0.39763778, hdrSdrRatio NaN, FLAG_ALLOWED_TO_BE_DEFAULT_DISPLAY, FLAG_ROTATES_WITH_CONTENT, FLAG_SECURE, FLAG_SUPPORTS_PROTECTED_BUFFERS, FLAG_TRUSTED, installOrientation 0, displayShape DisplayShape{ spec=-545313861 displayWidth=3840 displayHeight=2160 physicalPixelDisplaySizeRatio=1.0 rotation=0 offsetX=0 offsetY=0 scale=1.0}}
05-28 10:54:42.126 D/HDMI ( 742): receive android.intent.action.CONFIGURATION_CHANGED
05-28 10:54:42.149 D/CompatibilityChangeReporter( 742): Compat change id reported: 135634846; UID 10027; state: DISABLED
05-28 10:54:42.149 D/CompatibilityChangeReporter( 742): Compat change id reported: 177438394; UID 10027; state: DISABLED
05-28 10:54:42.149 D/CompatibilityChangeReporter( 742): Compat change id reported: 135772972; UID 10027; state: DISABLED
05-28 10:54:42.150 D/CompatibilityChangeReporter( 742): Compat change id reported: 135754954; UID 10027; state: ENABLED
05-28 10:54:42.151 D/CompatibilityChangeReporter( 742): Compat change id reported: 143937733; UID 10027; state: ENABLED
05-28 10:54:42.151 W/ActivityManager( 742): com.android.providers.tv inode == 0 (b/152760674)
05-28 10:54:42.165 W/BroadcastLoopers( 742): Found previously unknown looper Thread[android.bg,5,main]
05-28 10:54:42.167 I/ActivityManager( 742): Start proc 1585:com.android.providers.tv/u0a27 for broadcast {com.android.providers.tv/com.android.providers.tv.PackageChangedReceiver}
05-28 10:54:42.181 D/CompatibilityChangeReporter( 742): Compat change id reported: 218493289; UID 10029; state: DISABLED
05-28 10:54:42.193 D/CompatibilityChangeReporter( 742): Compat change id reported: 161145287; UID 10029; state: DISABLED
05-28 10:54:42.198 W/VoiceInteractionManager( 742): no available voice recognition services found for user 0
05-28 10:54:42.222 D/CompatibilityChangeReporter( 742): Compat change id reported: 168419799; UID 10027; state: DISABLED
05-28 10:54:42.222 D/CompatibilityChangeReporter( 742): Compat change id reported: 273564678; UID 10027; state: DISABLED
05-28 10:54:42.225 W/BroadcastLoopers( 742): Found previously unknown looper Thread[BluetoothManagerService,5,main]
05-28 10:54:42.225 D/CompatibilityChangeReporter( 742): Compat change id reported: 265195908; UID 10027; state: ENABLED
05-28 10:54:42.233 D/CompatibilityChangeReporter( 742): Compat change id reported: 170503758; UID 10027; state: ENABLED
05-28 10:54:42.373 D/HDMI ( 742): soundbar mode is changed to false
05-28 10:54:42.374 D/AudioService( 742): setWiredDeviceConnectionState( type:400 state:DEVICE_STATE_UNAVAILABLE addr: name:) from android
05-28 10:54:42.374 I/AS.AudioDeviceInventory( 742): handleDeviceConnection(false dev:400 address: name:)
05-28 10:54:42.374 I/AS.AudioDeviceInventory( 742): deviceKey:0x400:
05-28 10:54:42.374 I/AS.AudioDeviceInventory( 742): deviceInfo:[DeviceInfo: type:0x400 (hdmi) name: addr: codec: 0 sensorUuid: null disabled modes: {}] is(already)Connected:true
05-28 10:54:42.389 D/HDMI ( 742): soundbar mode is changed to false
05-28 10:54:42.389 W/HdmiControlService( 742): Device type not compatible to change soundbar mode.
05-28 10:54:42.422 I/AS.AudioDeviceInventory( 742): sendDeviceConnectionIntent(dev:0x400 state:0x0 address: name:);
05-28 10:54:42.423 D/AudioService( 742): setWiredDeviceConnectionState( type:400 state:DEVICE_STATE_AVAILABLE addr: name:) from android
05-28 10:54:42.423 I/AS.AudioDeviceInventory( 742): handleDeviceConnection(true dev:400 address: name:)
05-28 10:54:42.423 I/AS.AudioDeviceInventory( 742): deviceKey:0x400:
05-28 10:54:42.423 I/AS.AudioDeviceInventory( 742): deviceInfo:null is(already)Connected:false
05-28 10:54:42.501 W/ActivityTaskManager( 742): Activity top resumed state loss timeout for ActivityRecord{bd34baf u0 com.dangbei.hqguide/.main.MainActivity t3}
05-28 10:54:42.503 W/ActivityTaskManager( 742): Activity pause timeout for ActivityRecord{bd34baf u0 com.dangbei.hqguide/.main.MainActivity t3}
05-28 10:54:42.509 D/HDMI ( 742): [S]: 4F:87:1C:A4:10
05-28 10:54:42.565 I/ActivityManager( 742): PendingStartActivityUids startActivity to updateOomAdj delay:1019ms, uid:10029
05-28 10:54:42.576 W/Looper ( 742): Drained
05-28 10:54:42.610 D/WindowManagerShell( 1176): TvPipController: onTaskStackChanged()
05-28 10:54:42.694 W/WindowManager( 742): [addWindow] title:com.android.permissioncontroller/com.android.permissioncontroller.permission.ui.GrantPermissionsActivity
05-28 10:54:42.695 D/CompatibilityChangeReporter( 742): Compat change id reported: 168419799; UID 10067; state: DISABLED
05-28 10:54:42.695 D/CompatibilityChangeReporter( 742): Compat change id reported: 273564678; UID 10067; state: DISABLED
05-28 10:54:42.718 D/CoreBackPreview( 742): Window{71ca36d u0 com.android.permissioncontroller/com.android.permissioncontroller.permission.ui.GrantPermissionsActivity}: Setting back callback OnBackInvokedCallbackInfo{mCallback=android.window.IOnBackInvokedCallback$Stub$Proxy@eed0969, mPriority=0, mIsAnimationCallback=false}
05-28 10:54:42.823 W/ContextImpl( 742): Calling a method in the system process without a qualified user: android.app.ContextImpl.startService:1899 com.android.server.wm.DisplayPolicy.lambda$focusChangedLw$5:2126 com.android.server.wm.DisplayPolicy.$r8$lambda$Znxk63oh-WzVnzo_WQefN7uxV48:0 com.android.server.wm.DisplayPolicy$$ExternalSyntheticLambda13.run:0 android.os.Handler.handleCallback:958
05-28 10:54:42.823 W/ActivityManager( 742): Unable to start service Intent { cmp=com.oranth.ledstatus/.LedStatusService } U=0: not found
05-28 10:54:42.931 W/WindowManager( 742): Failed looking up window session=Session{b837ca1 1524:u0a10029} callers=com.android.server.wm.WindowManagerService.windowForClientLocked:6075 com.android.server.wm.Session.updateRequestedVisibleTypes:695 android.view.IWindowSession$Stub.onTransact:1034
05-28 10:54:42.931 W/WindowManager( 742): [addWindow] title:com.dangbei.hqguide/com.dangbei.hqguide.main.MainActivity
05-28 10:54:43.041 I/AS.AudioDeviceInventory( 742): sendDeviceConnectionIntent(dev:0x400 state:0x1 address: name:);
05-28 10:54:43.083 D/CoreBackPreview( 742): Window{51e81b4 u0 com.dangbei.hqguide/com.dangbei.hqguide.main.MainActivity}: Setting back callback OnBackInvokedCallbackInfo{mCallback=android.window.IOnBackInvokedCallback$Stub$Proxy@d8f709e, mPriority=0, mIsAnimationCallback=false}
05-28 10:54:43.098 D/HDMI ( 742): New logical address for device [4]: [preferred:4, assigned:4]
05-28 10:54:43.102 D/HDMI ( 742): addCecDevice new:CEC: logical_address: 0x04 device_type: 4 cec_version: 5 vendor_id: 1877008 display_name: DBBOX-A3 power_status: 0 physical_address: 0x3000 port_id: 0 old:null
05-28 10:54:43.115 D/HDMI ( 742): onAddressAllocated address:4 reason:5
05-28 10:54:43.120 I/HdmiCecLocalDevicePlayback( 742): Device Discovery Action is in progress. Restarting.
05-28 10:54:43.120 D/HDMI ( 742): DeviceDiscoveryAction start com.android.server.hdmi.DeviceDiscoveryAction@d7df8aa
05-28 10:54:43.157 D/HDMI ( 742): [S]: 4F:84:30:00:04
05-28 10:54:43.285 D/WindowManagerShell( 1176): TvPipController: onTaskStackChanged()
05-28 10:54:43.330 W/ContextImpl( 742): Calling a method in the system process without a qualified user: android.app.ContextImpl.startService:1899 com.android.server.wm.DisplayPolicy.lambda$focusChangedLw$5:2126 com.android.server.wm.DisplayPolicy.$r8$lambda$Znxk63oh-WzVnzo_WQefN7uxV48:0 com.android.server.wm.DisplayPolicy$$ExternalSyntheticLambda13.run:0 android.os.Handler.handleCallback:958
05-28 10:54:43.330 W/ActivityManager( 742): Unable to start service Intent { cmp=com.oranth.ledstatus/.LedStatusService } U=0: not found
05-28 10:54:43.355 D/ActivityThread( 1367): Loading provider com.android.bluetooth.opp: com.android.bluetooth.opp.BluetoothOppProvider
05-28 10:54:43.373 D/ActivityThread( 1367): Loading provider com.android.bluetooth.opp: com.android.bluetooth.opp.BluetoothOppProvider
05-28 10:54:43.480 D/HDMI ( 742): [S]: 4F:87:1C:A4:10
05-28 10:54:43.509 D/CompatibilityChangeReporter( 742): Compat change id reported: 197654537; UID 10029; state: ENABLED
05-28 10:54:43.513 V/WindowManager( 742): Sent Transition #0 createdAt=05-28 10:54:38.849
05-28 10:54:43.513 V/WindowManager( 742): startWCT=WindowContainerTransaction { changes = {} hops = [] errorCallbackToken=null taskFragmentOrganizer=null }
05-28 10:54:43.514 V/WindowManager( 742): info=null
05-28 10:54:43.522 V/WindowManager( 742): Finish Transition #0: created at
05-28 10:54:38.849 collect-started=0.437ms request-sent=26.95ms started=30.944ms ready=4335.761ms sent=4660.85ms finished=4670.947ms
05-28 10:54:43.563 D/CoreBackPreview( 742): Window{71ca36d u0 com.android.permissioncontroller/com.android.permissioncontroller.permission.ui.GrantPermissionsActivity}: Setting back callback null
05-28 10:54:43.635 D/HDMI ( 742): [S]: 40:8C
05-28 10:54:43.680 D/ActivityManagerTiming( 742): FinishBooting
05-28 10:54:43.682 D/WindowManager( 742): updateCecScreenStatus 0
05-28 10:54:43.682 D/HDMI ( 742): setCecSettingIntValue name:cec_screen_state, value:0
05-28 10:54:43.683 I/HDMI ( 742): screen state is changing to 0
05-28 10:54:43.688 D/OomAdjuster( 742): Not killing cached processes
05-28 10:54:43.821 D/HDMI ( 742): [R]: 04:46
05-28 10:54:43.823 D/HDMI ( 742): addCecDevice new:CEC: logical_address: 0x00 device_type: 0 cec_version: 5 vendor_id: 16777215 display_name: TV power_status: -1 physical_address: 0xFFFF port_id: -1 old:null
05-28 10:54:43.823 D/HdmiControlService( 742): Switching to full volume behavior
05-28 10:54:43.845 D/ActivityManagerTiming( 742): FinishBooting
05-28 10:54:43.849 I/ActivityManager( 742): About to commit checkpoint
05-28 10:54:43.851 I/SystemServiceManager( 742): Starting phase 1000
05-28 10:54:43.851 D/ActivityManagerTiming( 742): OnBootPhase_1000
05-28 10:54:43.851 D/ActivityManagerTiming( 742): OnBootPhase_1000_com.android.server.security.FileIntegrityService
05-28 10:54:43.851 D/ActivityManagerTiming( 742): OnBootPhase_1000_com.android.server.pm.Installer
05-28 10:54:43.851 D/ActivityManagerTiming( 742): OnBootPhase_1000_com.android.server.os.DeviceIdentifiersPolicyService
05-28 10:54:43.851 D/ActivityManagerTiming( 742): OnBootPhase_1000_com.android.server.flags.FeatureFlagsService
05-28 10:54:43.851 D/ActivityManagerTiming( 742): OnBootPhase_1000_com.android.server.uri.UriGrantsManagerService$Lifecycle
05-28 10:54:43.851 D/ActivityManagerTiming( 742): OnBootPhase_1000_com.android.server.powerstats.PowerStatsService
05-28 10:54:43.851 E/PowerStatsService( 742): Failed to start PowerStatsService loggers
05-28 10:54:43.851 D/ActivityManagerTiming( 742): OnBootPhase_1000_com.android.server.permission.access.AccessCheckingService
05-28 10:54:43.851 D/ActivityManagerTiming( 742): OnBootPhase_1000_com.android.server.wm.ActivityTaskManagerService$Lifecycle
05-28 10:54:43.851 D/ActivityManagerTiming( 742): OnBootPhase_1000_com.android.server.am.ActivityManagerService$Lifecycle
05-28 10:54:43.851 D/ActivityManagerTiming( 742): OnBootPhase_1000_com.android.server.pm.DataLoaderManagerService
05-28 10:54:43.851 D/ActivityManagerTiming( 742): OnBootPhase_1000_com.android.server.power.PowerManagerService
05-28 10:54:43.853 I/DisplayBrightnessStrategySelector( 742): Changing the DisplayBrightnessStrategy from OverrideBrightnessStrategy toInvalidBrightnessStrategy for display 0
05-28 10:54:43.854 D/ActivityManagerTiming( 742): OnBootPhase_1000_com.android.server.power.ThermalManagerService
05-28 10:54:43.854 D/ActivityManagerTiming( 742): OnBootPhase_1000_com.android.server.power.hint.HintManagerService
05-28 10:54:43.854 V/DisplayPowerController2[0]( 742): Brightness [0.39763778] reason changing to: 'manual', previous reason: 'override'.
05-28 10:54:43.854 I/DisplayPowerController2[0]( 742): BrightnessEvent: disp=0, physDisp=local:4627013623894091019, brt=0.39763778, initBrt=0.39763778, rcmdBrt=NaN, preBrt=NaN, lux=0.0, preLux=0.0, hbmMax=1.0, hbmMode=off, rbcStrength=0, thrmMax=1.0, powerFactor=1.0, wasShortTermModelActive=false, flags=, reason=manual, autoBrightness=false, strategy=InvalidBrightnessStrategy
05-28 10:54:43.854 D/ActivityManagerTiming( 742): OnBootPhase_1000_com.android.server.recoverysystem.RecoverySystemService$Lifecycle
05-28 10:54:43.854 D/ActivityManagerTiming( 742): OnBootPhase_1000_com.android.server.lights.LightsService
05-28 10:54:43.854 D/ActivityManagerTiming( 742): OnBootPhase_1000_com.android.server.display.DisplayManagerService
05-28 10:54:43.855 I/LogicalDisplayMapper( 742): Requesting Transition to state: 0, from state=-1, interactive=true, mBootCompleted=true
05-28 10:54:43.855 I/LogicalDisplayMapper( 742): Applying layout: [{dispId: 0(ON), displayGroupName: , addr: {port=11, model=0x403674603f19a5}, mThermalBrightnessThrottlingMapId: null, mRefreshRateZoneId: null, mLeadDisplayId: -1, mLeadDisplayAddress: null, mThermalRefreshRateThrottlingMapId: null}], Previous layout: [{dispId: 0(ON), displayGroupName: , addr: {port=11, model=0x403674603f19a5}, mThermalBrightnessThrottlingMapId: null, mRefreshRateZoneId: null, mLeadDisplayId: -1, mLeadDisplayAddress: null, mThermalRefreshRateThrottlingMapId: null}]
05-28 10:54:43.855 D/ActivityManagerTiming( 742): OnBootPhase_1000_com.android.server.pm.verify.domain.DomainVerificationService
05-28 10:54:43.855 D/ActivityManagerTiming( 742): OnBootPhase_1000_com.android.server.pm.PackageInstallerService$Lifecycle
05-28 10:54:43.855 D/ActivityManagerTiming( 742): OnBootPhase_1000_com.android.server.pm.UserManagerService$LifeCycle
05-28 10:54:43.855 D/ActivityManagerTiming( 742): OnBootPhase_1000_com.android.server.om.OverlayManagerService
05-28 10:54:43.855 D/ActivityManagerTiming( 742): OnBootPhase_1000_com.android.server.resources.ResourcesManagerService
05-28 10:54:43.855 D/ActivityManagerTiming( 742): OnBootPhase_1000_com.android.server.sensorprivacy.SensorPrivacyService
05-28 10:54:43.855 D/ActivityManagerTiming( 742): OnBootPhase_1000_com.android.server.sensors.SensorService
05-28 10:54:43.855 D/ActivityManagerTiming( 742): OnBootPhase_1000_com.android.server.SystemConfigService
05-28 10:54:43.855 D/ActivityManagerTiming( 742): OnBootPhase_1000_com.android.server.BatteryService
05-28 10:54:43.855 D/ActivityManagerTiming( 742): OnBootPhase_1000_com.android.server.usage.UsageStatsService
05-28 10:54:43.856 D/ActivityManagerTiming( 742): OnBootPhase_1000_com.android.server.webkit.WebViewUpdateService
05-28 10:54:43.856 D/ActivityManagerTiming( 742): OnBootPhase_1000_com.android.server.CachedDeviceStateService
05-28 10:54:43.856 D/ActivityManagerTiming( 742): OnBootPhase_1000_com.android.server.BinderCallsStatsService$LifeCycle
05-28 10:54:43.856 D/ActivityManagerTiming( 742): OnBootPhase_1000_com.android.server.LooperStatsService$Lifecycle
05-28 10:54:43.856 D/ActivityManagerTiming( 742): OnBootPhase_1000_com.android.server.rollback.RollbackManagerService
05-28 10:54:43.858 D/ActivityManagerTiming( 742): OnBootPhase_1000_com.android.server.os.NativeTombstoneManagerService
05-28 10:54:43.858 D/ActivityManagerTiming( 742): OnBootPhase_1000_com.android.server.os.BugreportManagerService
05-28 10:54:43.858 D/ActivityManagerTiming( 742): OnBootPhase_1000_com.android.server.gpu.GpuService
05-28 10:54:43.858 D/ActivityManagerTiming( 742): OnBootPhase_1000_com.android.server.security.rkp.RemoteProvisioningService
05-28 10:54:43.858 D/ActivityManagerTiming( 742): OnBootPhase_1000_com.android.server.security.KeyChainSystemService
05-28 10:54:43.858 D/ActivityManagerTiming( 742): OnBootPhase_1000_com.android.server.BinaryTransparencyService
05-28 10:54:43.858 I/TransparencyService( 742): Boot completed. Getting VBMeta Digest.
05-28 10:54:43.858 D/TransparencyService( 742): VBMeta Digest: ee7afbb4422fe60987c013fc0d32c3b99a19f6d4c46d66311c475ba5fe62c5b0
05-28 10:54:43.858 I/TransparencyService( 742): Boot completed. Collecting biometric system properties.
05-28 10:54:43.858 D/RollbackManager( 742): mRollbackLifetimeDurationInMillis=1209600000
05-28 10:54:43.859 I/TransparencyService( 742): Scheduling measurements to be taken.
05-28 10:54:43.859 I/TransparencyService( 742): Scheduling binary content-digest computation job
05-28 10:54:43.860 D/CompatibilityChangeReporter( 742): Compat change id reported: 253665015; UID 1000; state: DISABLED
05-28 10:54:43.860 D/CompatibilityChangeReporter( 742): Compat change id reported: 253665015; UID 1000; state: ENABLED
05-28 10:54:43.862 D/AppStandbyController( 742): Loaded headless system app cache in 3 ms: appIdleEnabled=true
05-28 10:54:43.862 D/CompatibilityChangeReporter( 742): Compat change id reported: 194532703; UID 1000; state: DISABLED
05-28 10:54:43.863 D/CompatibilityChangeReporter( 742): Compat change id reported: 194532703; UID 1000; state: ENABLED
05-28 10:54:43.865 D/TransparencyService( 742): Job 1740526926 to measure binaries was scheduled successfully.
05-28 10:54:43.865 D/TransparencyService( 742): Registering APK & Non-Staged APEX updates...
05-28 10:54:43.866 D/TransparencyService( 742): Registering APEX updates...
05-28 10:54:43.867 D/ActivityManagerTiming( 742): OnBootPhase_1000_com.android.server.accounts.AccountManagerService$Lifecycle
05-28 10:54:43.867 D/ActivityManagerTiming( 742): OnBootPhase_1000_com.android.server.content.ContentService$Lifecycle
05-28 10:54:43.867 D/ActivityManagerTiming( 742): OnBootPhase_1000_com.android.server.deviceconfig.DeviceConfigInit$Lifecycle
05-28 10:54:43.867 D/ActivityManagerTiming( 742): OnBootPhase_1000_com.android.server.DropBoxManagerService
05-28 10:54:43.867 D/ActivityManagerTiming( 742): OnBootPhase_1000_com.android.role.RoleService
05-28 10:54:43.867 D/ActivityManagerTiming( 742): OnBootPhase_1000_com.android.server.vibrator.VibratorManagerService$Lifecycle
05-28 10:54:43.867 D/ActivityManagerTiming( 742): OnBootPhase_1000_com.android.server.tare.InternalResourceService
05-28 10:54:43.867 D/ActivityManagerTiming( 742): OnBootPhase_1000_com.android.server.alarm.AlarmManagerService
05-28 10:54:43.867 D/ActivityManagerTiming( 742): OnBootPhase_1000_com.android.server.devicestate.DeviceStateManagerService
05-28 10:54:43.867 D/ActivityManagerTiming( 742): OnBootPhase_1000_com.android.server.camera.CameraServiceProxy
05-28 10:54:43.869 D/ActivityManagerTiming( 742): OnBootPhase_1000_com.android.server.bluetooth.BluetoothService
05-28 10:54:43.869 D/ActivityManagerTiming( 742): OnBootPhase_1000_com.android.server.connectivity.IpConnectivityMetrics
05-28 10:54:43.869 D/ActivityManagerTiming( 742): OnBootPhase_1000_com.android.server.net.watchlist.NetworkWatchlistService$Lifecycle
05-28 10:54:43.869 D/ActivityManagerTiming( 742): OnBootPhase_1000_com.android.server.PinnerService
05-28 10:54:43.869 D/ActivityManagerTiming( 742): OnBootPhase_1000_com.android.server.integrity.AppIntegrityManagerService
05-28 10:54:43.869 D/ActivityManagerTiming( 742): OnBootPhase_1000_com.android.server.logcat.LogcatManagerService
05-28 10:54:43.869 D/ActivityManagerTiming( 742): OnBootPhase_1000_com.android.server.inputmethod.InputMethodManagerService$Lifecycle
05-28 10:54:43.869 D/ActivityManagerTiming( 742): OnBootPhase_1000_com.android.server.accessibility.AccessibilityManagerService$Lifecycle
05-28 10:54:43.869 D/ActivityManagerTiming( 742): OnBootPhase_1000_com.android.server.StorageManagerService$Lifecycle
05-28 10:54:43.869 D/ActivityManagerTiming( 742): OnBootPhase_1000_com.android.server.usage.StorageStatsService$Lifecycle
05-28 10:54:43.869 D/ActivityManagerTiming( 742): OnBootPhase_1000_com.android.server.UiModeManagerService
05-28 10:54:43.869 D/ActivityManagerTiming( 742): OnBootPhase_1000_com.android.server.locales.LocaleManagerService
05-28 10:54:43.869 D/ActivityManagerTiming( 742): OnBootPhase_1000_com.android.server.grammaticalinflection.GrammaticalInflectionService
05-28 10:54:43.869 D/ActivityManagerTiming( 742): OnBootPhase_1000_com.android.server.apphibernation.AppHibernationService
05-28 10:54:43.869 D/StorageManagerService( 742): Thinking about reset, mBootCompleted=true, mDaemonConnected=true
05-28 10:54:43.869 I/StorageSessionController( 742): Started resetting external storage service...
05-28 10:54:43.869 I/StorageSessionController( 742): Finished resetting external storage service
05-28 10:54:43.869 I/StorageManagerService( 742): Resetting vold...
05-28 10:54:43.870 D/CompatibilityChangeReporter( 742): Compat change id reported: 218533173; UID 10027; state: ENABLED
05-28 10:54:43.870 D/CompatibilityChangeReporter( 742): Compat change id reported: 262645982; UID 10027; state: ENABLED
05-28 10:54:43.871 I/StorageManagerService( 742): Reset vold
05-28 10:54:43.871 I/HibernationStateDiskStore( 742): No hibernation file on disk for file /data/system/hibernation/states
05-28 10:54:43.871 I/vold ( 247): onUserAdded: 0
05-28 10:54:43.871 D/ActivityManagerTiming( 742): OnBootPhase_1000_com.android.server.locksettings.LockSettingsService$Lifecycle
05-28 10:54:43.872 D/ActivityManagerTiming( 742): OnBootPhase_1000_com.android.server.PersistentDataBlockService
05-28 10:54:43.872 D/ActivityManagerTiming( 742): OnBootPhase_1000_com.android.server.testharness.TestHarnessModeService
05-28 10:54:43.872 D/TestHarnessModeService( 742): Completing Test Harness Mode setup.
05-28 10:54:43.877 D/CompatibilityChangeReporter( 742): Compat change id reported: 218533173; UID 10029; state: DISABLED
05-28 10:54:43.878 D/CompatibilityChangeReporter( 742): Compat change id reported: 262645982; UID 10029; state: DISABLED
05-28 10:54:43.900 D/ActivityManagerTiming( 742): OnBootPhase_1000_com.android.server.oemlock.OemLockService
05-28 10:54:43.900 D/ActivityManagerTiming( 742): OnBootPhase_1000_com.android.server.DeviceIdleController
05-28 10:54:43.900 D/ActivityManagerTiming( 742): OnBootPhase_1000_com.android.server.devicepolicy.DevicePolicyManagerService$Lifecycle
05-28 10:54:43.900 D/ActivityManagerTiming( 742): OnBootPhase_1000_com.android.server.texttospeech.TextToSpeechManagerService
05-28 10:54:43.900 D/ActivityManagerTiming( 742): OnBootPhase_1000_com.android.server.ambientcontext.AmbientContextManagerService
05-28 10:54:43.900 D/ActivityManagerTiming( 742): OnBootPhase_1000_com.android.server.wearable.WearableSensingManagerService
05-28 10:54:43.900 D/ActivityManagerTiming( 742): OnBootPhase_1000_com.android.server.speech.SpeechRecognitionManagerService
05-28 10:54:43.900 D/ActivityManagerTiming( 742): OnBootPhase_1000_com.android.server.searchui.SearchUiManagerService
05-28 10:54:43.900 D/ActivityManagerTiming( 742): OnBootPhase_1000_com.android.server.smartspace.SmartspaceManagerService
05-28 10:54:43.900 D/ActivityManagerTiming( 742): OnBootPhase_1000_com.android.server.graphics.fonts.FontManagerService$Lifecycle
05-28 10:54:43.900 D/ActivityManagerTiming( 742): OnBootPhase_1000_com.android.server.textservices.TextServicesManagerService$Lifecycle
05-28 10:54:43.900 D/ActivityManagerTiming( 742): OnBootPhase_1000_com.android.server.textclassifier.TextClassificationManagerService$Lifecycle
05-28 10:54:43.900 D/ActivityManagerTiming( 742): OnBootPhase_1000_com.android.server.NetworkScoreService$Lifecycle
05-28 10:54:43.900 D/ActivityManagerTiming( 742): OnBootPhase_1000_com.android.server.NetworkStatsServiceInitializer
05-28 10:54:43.900 D/ActivityManagerTiming( 742): OnBootPhase_1000_com.android.server.wifi.WifiService
05-28 10:54:43.900 D/ActivityManagerTiming( 742): OnBootPhase_1000_com.android.server.wifi.scanner.WifiScanningService
05-28 10:54:43.901 D/ActivityManagerTiming( 742): OnBootPhase_1000_com.android.server.wifi.p2p.WifiP2pService
05-28 10:54:43.901 D/ActivityManagerTiming( 742): OnBootPhase_1000_com.android.server.ConnectivityServiceInitializer
05-28 10:54:43.904 D/ActivityManagerTiming( 742): OnBootPhase_1000_com.android.server.notification.NotificationManagerService
05-28 10:54:43.904 D/ActivityManagerTiming( 742): OnBootPhase_1000_com.android.server.storage.DeviceStorageMonitorService
05-28 10:54:43.904 D/ActivityManagerTiming( 742): OnBootPhase_1000_com.android.server.timedetector.TimeDetectorService$Lifecycle
05-28 10:54:43.904 D/ActivityManagerTiming( 742): OnBootPhase_1000_com.android.server.location.LocationManagerService$Lifecycle
05-28 10:54:43.904 D/ActivityManagerTiming( 742): OnBootPhase_1000_com.android.server.timezonedetector.TimeZoneDetectorService$Lifecycle
05-28 10:54:43.904 D/ActivityManagerTiming( 742): OnBootPhase_1000_com.android.server.location.altitude.AltitudeService$Lifecycle
05-28 10:54:43.904 D/ActivityManagerTiming( 742): OnBootPhase_1000_com.android.server.timezonedetector.location.LocationTimeZoneManagerService$Lifecycle
05-28 10:54:43.904 D/ActivityManagerTiming( 742): OnBootPhase_1000_com.android.server.search.SearchManagerService$Lifecycle
05-28 10:54:43.904 D/ActivityManagerTiming( 742): OnBootPhase_1000_com.android.server.wallpaper.WallpaperManagerService$Lifecycle
05-28 10:54:43.905 D/ActivityManagerTiming( 742): OnBootPhase_1000_com.android.server.wallpapereffectsgeneration.WallpaperEffectsGenerationManagerService
05-28 10:54:43.905 D/ActivityManagerTiming( 742): OnBootPhase_1000_com.android.server.audio.AudioService$Lifecycle
05-28 10:54:43.905 D/ActivityManagerTiming( 742): OnBootPhase_1000_com.android.server.soundtrigger_middleware.SoundTriggerMiddlewareService$Lifecycle
05-28 10:54:43.905 D/ActivityManagerTiming( 742): OnBootPhase_1000_com.android.server.adb.AdbService$Lifecycle
05-28 10:54:43.905 D/ActivityManagerTiming( 742): OnBootPhase_1000_com.android.server.usb.UsbService$Lifecycle
05-28 10:54:43.905 D/ActivityManagerTiming( 742): OnBootPhase_1000_com.android.server.twilight.TwilightService
05-28 10:54:43.907 D/ActivityManagerTiming( 742): OnBootPhase_1000_com.android.server.display.color.ColorDisplayService
05-28 10:54:43.907 D/ActivityManagerTiming( 742): OnBootPhase_1000_com.android.server.job.JobSchedulerService
05-28 10:54:43.907 D/ActivityManagerTiming( 742): OnBootPhase_1000_com.android.server.soundtrigger.SoundTriggerService
05-28 10:54:43.907 D/SoundTriggerService( 742): onBootPhase: 1000 : false
05-28 10:54:43.907 D/ActivityManagerTiming( 742): OnBootPhase_1000_com.android.server.trust.TrustManagerService
05-28 10:54:43.908 I/UsbDeviceManager( 742): Setting USB config to
05-28 10:54:43.908 D/UsbDeviceManager( 742): setUsbConfig(4) request:1
05-28 10:54:43.910 D/ActivityManagerTiming( 742): OnBootPhase_1000_com.android.server.backup.BackupManagerService$Lifecycle
05-28 10:54:43.910 D/ActivityManagerTiming( 742): OnBootPhase_1000_com.android.server.appwidget.AppWidgetService
05-28 10:54:43.910 D/ActivityManagerTiming( 742): OnBootPhase_1000_com.android.server.voiceinteraction.VoiceInteractionManagerService
05-28 10:54:43.911 D/ActivityManagerTiming( 742): OnBootPhase_1000_com.android.server.GestureLauncherService
05-28 10:54:43.911 D/ActivityManagerTiming( 742): OnBootPhase_1000_com.android.server.SensorNotificationService
05-28 10:54:43.912 D/CompatibilityChangeReporter( 742): Compat change id reported: 168936375; UID 1000; state: ENABLED
05-28 10:54:43.913 D/CompatibilityChangeReporter( 742): Compat change id reported: 168936375; UID 1000; state: DISABLED
05-28 10:54:43.922 D/CompatibilityChangeReporter( 742): Compat change id reported: 73144566; UID 1000; state: ENABLED
05-28 10:54:43.922 D/CompatibilityChangeReporter( 742): Compat change id reported: 73144566; UID 1000; state: DISABLED
05-28 10:54:43.929 D/ActivityManagerTiming( 742): OnBootPhase_1000_com.android.server.emergency.EmergencyAffordanceService
05-28 10:54:43.929 D/ActivityManagerTiming( 742): OnBootPhase_1000_com.android.server.blob.BlobStoreManagerService
05-28 10:54:43.933 D/ActivityManagerTiming( 742): OnBootPhase_1000_com.android.server.dreams.DreamManagerService
05-28 10:54:43.933 D/ActivityManagerTiming( 742): OnBootPhase_1000_com.android.server.security.AttestationVerificationManagerService
05-28 10:54:43.933 D/ActivityManagerTiming( 742): OnBootPhase_1000_com.android.server.restrictions.RestrictionsManagerService
05-28 10:54:43.933 D/ActivityManagerTiming( 742): OnBootPhase_1000_com.android.server.media.MediaSessionService
05-28 10:54:43.935 D/ActivityManagerTiming( 742): OnBootPhase_1000_com.android.server.hdmi.HdmiControlService
05-28 10:54:43.935 D/ActivityManagerTiming( 742): OnBootPhase_1000_com.android.server.tv.interactive.TvInteractiveAppManagerService
05-28 10:54:43.935 D/ActivityManagerTiming( 742): OnBootPhase_1000_com.android.server.tv.TvInputManagerService
05-28 10:54:43.935 D/ActivityManagerTiming( 742): OnBootPhase_1000_com.android.server.media.MediaResourceMonitorService
05-28 10:54:43.935 D/ActivityManagerTiming( 742): OnBootPhase_1000_com.android.server.tv.TvRemoteService
05-28 10:54:43.935 D/ActivityManagerTiming( 742): OnBootPhase_1000_com.android.server.biometrics.BiometricService
05-28 10:54:43.935 D/ActivityManagerTiming( 742): OnBootPhase_1000_com.android.server.biometrics.AuthService
05-28 10:54:43.935 D/ActivityManagerTiming( 742): OnBootPhase_1000_com.android.server.pm.ShortcutService$Lifecycle
05-28 10:54:43.935 D/ActivityManagerTiming( 742): OnBootPhase_1000_com.android.server.pm.LauncherAppsService
05-28 10:54:43.935 D/ActivityManagerTiming( 742): OnBootPhase_1000_com.android.server.pm.CrossProfileAppsService
05-28 10:54:43.935 D/ActivityManagerTiming( 742): OnBootPhase_1000_com.android.server.people.PeopleService
05-28 10:54:43.935 D/ActivityManagerTiming( 742): OnBootPhase_1000_com.android.server.media.metrics.MediaMetricsManagerService
05-28 10:54:43.935 D/ActivityManagerTiming( 742): OnBootPhase_1000_com.android.server.pm.BackgroundInstallControlService
05-28 10:54:43.935 D/ActivityManagerTiming( 742): OnBootPhase_1000_com.android.server.media.projection.MediaProjectionManagerService
05-28 10:54:43.935 D/ActivityManagerTiming( 742): OnBootPhase_1000_com.android.server.slice.SliceManagerService$Lifecycle
05-28 10:54:43.935 D/ActivityManagerTiming( 742): OnBootPhase_1000_com.android.server.stats.StatsCompanion$Lifecycle
05-28 10:54:43.935 D/ActivityManagerTiming( 742): OnBootPhase_1000_com.android.server.scheduling.RebootReadinessManagerService$Lifecycle
05-28 10:54:43.935 D/ActivityManagerTiming( 742): OnBootPhase_1000_com.android.server.stats.pull.StatsPullAtomService
05-28 10:54:43.935 I/HdmiControlService( 742): bootCompleted
05-28 10:54:43.935 D/ActivityManagerTiming( 742): OnBootPhase_1000_com.android.server.stats.bootstrap.StatsBootstrapAtomService$Lifecycle
05-28 10:54:43.935 D/ActivityManagerTiming( 742): OnBootPhase_1000_com.android.server.incident.IncidentCompanionService
05-28 10:54:43.936 D/ActivityManagerTiming( 742): OnBootPhase_1000_com.android.server.sdksandbox.SdkSandboxManagerService$Lifecycle
05-28 10:54:43.936 D/ActivityManagerTiming( 742): OnBootPhase_1000_com.android.server.adservices.AdServicesManagerService$Lifecycle
05-28 10:54:43.936 D/ActivityManagerTiming( 742): OnBootPhase_1000_com.android.server.ondevicepersonalization.OnDevicePersonalizationSystemService$Lifecycle
05-28 10:54:43.936 D/ActivityManagerTiming( 742): OnBootPhase_1000_com.android.server.autofill.AutofillManagerService
05-28 10:54:43.936 D/ActivityManagerTiming( 742): OnBootPhase_1000_com.android.server.clipboard.ClipboardService
05-28 10:54:43.936 D/ActivityManagerTiming( 742): OnBootPhase_1000_com.android.server.appbinding.AppBindingService$Lifecycle
05-28 10:54:43.936 D/ActivityManagerTiming( 742): OnBootPhase_1000_com.android.server.tracing.TracingServiceProxy
05-28 10:54:43.936 D/ActivityManagerTiming( 742): OnBootPhase_1000_com.android.server.policy.PermissionPolicyService
05-28 10:54:43.936 D/ActivityManagerTiming( 742): OnBootPhase_1000_com.android.server.pm.StagingManager$Lifecycle
05-28 10:54:43.941 D/ActivityManagerTiming( 742): OnBootPhase_1000_com.android.server.app.GameManagerService$Lifecycle
05-28 10:54:43.941 D/GameManagerService( 742): onBootCompleted
05-28 10:54:43.941 V/GameManagerService( 742): Game loading power mode OFF (game manager service start/restart)
05-28 10:54:43.942 V/GameManagerService( 742): Game power mode OFF (game manager service start/restart)
05-28 10:54:43.943 D/ActivityManagerTiming( 742): OnBootPhase_1000_com.android.safetycenter.SafetyCenterService
05-28 10:54:43.943 D/ActivityManagerTiming( 742): OnBootPhase_1000_com.android.server.appsearch.AppSearchModule$Lifecycle
05-28 10:54:43.943 D/ActivityManagerTiming( 742): OnBootPhase_1000_com.android.server.media.MediaCommunicationService
05-28 10:54:43.943 D/ActivityManagerTiming( 742): OnBootPhase_1000_com.android.server.compat.overrides.AppCompatOverridesService$Lifecycle
05-28 10:54:43.943 D/ActivityManagerTiming( 742): OnBootPhase_1000_com.android.server.healthconnect.HealthConnectManagerService
05-28 10:54:43.943 D/ActivityManagerTiming( 742): OnBootPhase_1000_com.android.server.devicelock.DeviceLockService
05-28 10:54:43.943 D/DeviceLockService( 742): onBootPhase: 1000
05-28 10:54:43.943 V/ActivityManagerTiming( 742): TotalBootTime took to complete: 27416ms
05-28 10:54:43.944 D/SystemServerInitThreadPool( 742): Shutdown requested
05-28 10:54:43.944 D/SystemServerTiming( 742): WaitInitThreadPoolShutdown
05-28 10:54:43.945 D/SystemServerInitThreadPool( 742): Shutdown successful
05-28 10:54:43.946 D/CompatibilityChangeReporter( 742): Compat change id reported: 135634846; UID 10073; state: DISABLED
05-28 10:54:43.947 D/CompatibilityChangeReporter( 742): Compat change id reported: 143937733; UID 10073; state: ENABLED
05-28 10:54:43.947 W/ActivityManager( 742): android.ext.services inode == 0 (b/152760674)
05-28 10:54:43.954 I/ActivityManager( 742): User 0 state changed from BOOTING to RUNNING_LOCKED
05-28 10:54:43.957 D/SystemServerTiming( 742): finishUserUnlocking-0
05-28 10:54:43.957 D/ActivityManager( 742): Started unlocking user 0
05-28 10:54:43.957 D/ActivityManager( 742): Unlocking user 0 progress 0
05-28 10:54:43.957 D/ActivityManager( 742): Unlocking user 0 progress 5
05-28 10:54:43.958 D/SystemServerTiming( 742): UM.onBeforeUnlockUser-0
05-28 10:54:43.958 D/SystemServerTiming( 742): prepareUserData-0
05-28 10:54:43.959 D/vold ( 247): fscrypt_prepare_user_storage for volume null, user 0, serial 0, flags 2
05-28 10:54:43.959 D/vold ( 247): Preparing: /data/system_ce/0
05-28 10:54:43.960 I/vold ( 247): Encryption policy of /data/system_ce/0 set to e4709721b5e10cadb8cfe5784bf85d14 v2 modes 1/4 flags 0xa
05-28 10:54:43.960 D/vold ( 247): Preparing: /data/vendor_ce/0
05-28 10:54:43.961 I/vold ( 247): Encryption policy of /data/vendor_ce/0 set to e4709721b5e10cadb8cfe5784bf85d14 v2 modes 1/4 flags 0xa
05-28 10:54:43.961 D/vold ( 247): Preparing: /data/media/0
05-28 10:54:43.963 I/vold ( 247): Encryption policy of /data/media/0 set to e4709721b5e10cadb8cfe5784bf85d14 v2 modes 1/4 flags 0xa
05-28 10:54:43.963 D/vold ( 247): Preparing: /data/misc_ce/0
05-28 10:54:43.964 I/vold ( 247): Encryption policy of /data/misc_ce/0 set to e4709721b5e10cadb8cfe5784bf85d14 v2 modes 1/4 flags 0xa
05-28 10:54:43.964 D/vold ( 247): Preparing: /data/user/0
05-28 10:54:43.965 I/vold ( 247): Verified that /data/user/0 has the encryption policy e4709721b5e10cadb8cfe5784bf85d14 v2 modes 1/4 flags 0xa
05-28 10:54:43.965 D/vold ( 247): Starting restorecon of /data/system_ce/0
05-28 10:54:43.969 I/ActivityManager( 742): Start proc 1847:android.ext.services/u0a73 for on-hold
05-28 10:54:43.970 D/vold ( 247): Finished restorecon of /data/system_ce/0
05-28 10:54:43.970 D/vold ( 247): Starting restorecon of /data/vendor_ce/0
05-28 10:54:43.971 V/WindowManager( 742): app ------------- force_land :0
05-28 10:54:43.974 W/NotificationHistory( 742): Attempted to add notif for locked/gone/disabled user 0
05-28 10:54:43.975 V/WindowManager( 742): app ------------- force_land :0
05-28 10:54:43.975 D/vold ( 247): Finished restorecon of /data/vendor_ce/0
05-28 10:54:43.975 D/vold ( 247): Starting restorecon of /data/misc_ce/0
05-28 10:54:43.980 I/ActivityManager( 742): com.android.tv.settings is exempt from freezer
05-28 10:54:43.983 D/vold ( 247): Finished restorecon of /data/misc_ce/0
05-28 10:54:43.983 D/vold ( 247): /system/bin/vold_prepare_subdirs
05-28 10:54:43.983 D/vold ( 247): prepare
05-28 10:54:43.983 D/vold ( 247):
05-28 10:54:43.983 D/vold ( 247): 0
05-28 10:54:43.983 D/vold ( 247): 2
05-28 10:54:43.984 D/CompatibilityChangeReporter( 742): Compat change id reported: 135634846; UID 1000; state: DISABLED
05-28 10:54:43.985 W/ActivityManager( 742): com.dangbei.haqusetting inode == 0 (b/152760674)
05-28 10:54:44.000 I/ActivityManager( 742): Start proc 1851:com.android.tv.settings/1000 for broadcast {com.android.tv.settings/com.android.tv.settings.users.UserSwitchListenerService$BootReceiver}
05-28 10:54:44.028 D/HDMI ( 742): [S]: 40:47:44:42:42:4F:58:2D:41:33
05-28 10:54:44.054 D/CompatibilityChangeReporter( 742): Compat change id reported: 168419799; UID 10073; state: DISABLED
05-28 10:54:44.054 D/CompatibilityChangeReporter( 742): Compat change id reported: 273564678; UID 10073; state: DISABLED
05-28 10:54:44.061 D/CompatibilityChangeReporter( 742): Compat change id reported: 168419799; UID 1000; state: DISABLED
05-28 10:54:44.061 D/CompatibilityChangeReporter( 742): Compat change id reported: 273564678; UID 1000; state: DISABLED
05-28 10:54:44.068 D/CompatibilityChangeReporter( 742): Compat change id reported: 170503758; UID 10073; state: ENABLED
05-28 10:54:44.140 D/CompatibilityChangeReporter( 742): Compat change id reported: 265195908; UID 10073; state: ENABLED
05-28 10:54:44.141 D/CompatibilityChangeReporter( 742): Compat change id reported: 261072174; UID 1000; state: ENABLED
05-28 10:54:44.148 W/UsageStatsService( 742): Failed to query usage stats for locked user 0
05-28 10:54:44.169 D/CompatibilityChangeReporter( 742): Compat change id reported: 161145287; UID 10073; state: ENABLED
05-28 10:54:44.176 V/NotificationAssistants( 742): 0 notification assistant service connected: ComponentInfo{android.ext.services/android.ext.services.notification.Assistant}
05-28 10:54:44.184 I/ExplicitHealthCheckController( 742): Explicit health check service is connected ComponentInfo{android.ext.services/android.ext.services.watchdog.ExplicitHealthCheckServiceImpl}
05-28 10:54:44.184 I/ExplicitHealthCheckController( 742): Service initialized, syncing requests
05-28 10:54:44.185 I/PackageWatchdog( 742): Syncing health check requests for packages: {}
05-28 10:54:44.185 D/ExplicitHealthCheckController( 742): Getting health check supported packages
05-28 10:54:44.190 I/ExplicitHealthCheckController( 742): Explicit health check supported packages [PackageConfig{com.android.networkstack, 86400000}]
05-28 10:54:44.190 D/PackageWatchdog( 742): Received supported packages [PackageConfig{com.android.networkstack, 86400000}]
05-28 10:54:44.190 D/ExplicitHealthCheckController( 742): Getting health check requested packages
05-28 10:54:44.194 I/ExplicitHealthCheckController( 742): Explicit health check requested packages []
05-28 10:54:44.194 I/ExplicitHealthCheckController( 742): No more health check requests, unbinding...
05-28 10:54:44.196 I/ExplicitHealthCheckController( 742): Explicit health check service is unbound
05-28 10:54:44.203 V/UserDataPreparer( 742): Found /data/user/0 with serial number 0
05-28 10:54:44.204 V/UserDataPreparer( 742): Found /data/system_ce/0 with serial number -1
05-28 10:54:44.204 D/UserDataPreparer( 742): Serial number missing on /data/system_ce/0; assuming current is valid
05-28 10:54:44.204 D/UserDataPreparer( 742): Setting property: sys.user.0.ce_available=true
05-28 10:54:44.229 D/SystemServerTiming( 742): reconcileAppsData-0
05-28 10:54:44.230 V/PackageManager( 742): reconcileAppsData for null u0 0x2 migrateAppData=true
05-28 10:54:44.231 W/PackageManager( 742): Skipping preparing app data for com.android.configinfrastructure
05-28 10:54:44.231 W/PackageManager( 742): Skipping preparing app data for com.android.appsearch
05-28 10:54:44.231 W/PackageManager( 742): Skipping preparing app data for com.android.adservices
05-28 10:54:44.231 W/PackageManager( 742): Skipping preparing app data for com.android.scheduling
05-28 10:54:44.231 W/PackageManager( 742): Skipping preparing app data for com.google.android.widevine.nonupdatable
05-28 10:54:44.231 W/PackageManager( 742): Skipping preparing app data for com.android.permission
05-28 10:54:44.231 W/PackageManager( 742): Skipping preparing app data for com.android.art
05-28 10:54:44.232 W/PackageManager( 742): Skipping preparing app data for com.android.uwb
05-28 10:54:44.232 W/PackageManager( 742): Skipping preparing app data for com.android.tethering
05-28 10:54:44.232 W/PackageManager( 742): Skipping preparing app data for com.android.btservices
05-28 10:54:44.232 W/PackageManager( 742): Skipping preparing app data for com.android.media.swcodec
05-28 10:54:44.232 W/PackageManager( 742): Skipping preparing app data for com.android.conscrypt
05-28 10:54:44.232 W/PackageManager( 742): Skipping preparing app data for com.android.adbd
05-28 10:54:44.232 W/PackageManager( 742): Skipping preparing app data for com.android.i18n
05-28 10:54:44.232 W/PackageManager( 742): Skipping preparing app data for com.android.rkpd
05-28 10:54:44.232 W/PackageManager( 742): Skipping preparing app data for com.android.virt
05-28 10:54:44.232 W/PackageManager( 742): Skipping preparing app data for com.android.wifi
05-28 10:54:44.232 W/PackageManager( 742): Skipping preparing app data for com.android.runtime
05-28 10:54:44.232 W/PackageManager( 742): Skipping preparing app data for com.android.devicelock
05-28 10:54:44.232 W/PackageManager( 742): Skipping preparing app data for com.android.apex.cts.shim
05-28 10:54:44.232 W/PackageManager( 742): Skipping preparing app data for com.android.neuralnetworks
05-28 10:54:44.232 W/PackageManager( 742): Skipping preparing app data for com.android.healthfitness
05-28 10:54:44.232 W/PackageManager( 742): Skipping preparing app data for com.android.resolv
05-28 10:54:44.233 W/PackageManager( 742): Skipping preparing app data for com.android.sdkext
05-28 10:54:44.233 W/PackageManager( 742): Skipping preparing app data for com.android.tzdata
05-28 10:54:44.233 W/PackageManager( 742): Skipping preparing app data for com.android.vndk.v34
05-28 10:54:44.233 W/PackageManager( 742): Skipping preparing app data for com.android.os.statsd
05-28 10:54:44.233 W/PackageManager( 742): Skipping preparing app data for com.android.extservices
05-28 10:54:44.233 W/PackageManager( 742): Skipping preparing app data for com.amlogic.mediaextractor
05-28 10:54:44.233 W/PackageManager( 742): Skipping preparing app data for com.android.ipsec
05-28 10:54:44.233 W/PackageManager( 742): Skipping preparing app data for com.android.media
05-28 10:54:44.234 W/PackageManager( 742): Skipping preparing app data for com.android.sdksandbox
05-28 10:54:44.234 W/PackageManager( 742): Skipping preparing app data for com.android.mediaprovider
05-28 10:54:44.234 W/PackageManager( 742): Skipping preparing app data for com.android.ondevicepersonalization
05-28 10:54:44.306 D/HDMI ( 742): [S]: 45:7D
05-28 10:54:44.321 I/ActivityManager( 742): com.android.devicelockcontroller is exempt from freezer
05-28 10:54:44.322 D/CompatibilityChangeReporter( 742): Compat change id reported: 135634846; UID 10068; state: DISABLED
05-28 10:54:44.322 D/CompatibilityChangeReporter( 742): Compat change id reported: 177438394; UID 10068; state: DISABLED
05-28 10:54:44.322 D/CompatibilityChangeReporter( 742): Compat change id reported: 135772972; UID 10068; state: DISABLED
05-28 10:54:44.322 D/CompatibilityChangeReporter( 742): Compat change id reported: 135754954; UID 10068; state: ENABLED
05-28 10:54:44.323 D/CompatibilityChangeReporter( 742): Compat change id reported: 143937733; UID 10068; state: ENABLED
05-28 10:54:44.323 W/ActivityManager( 742): com.android.devicelockcontroller inode == 0 (b/152760674)
05-28 10:54:44.340 I/ActivityManager( 742): Start proc 1903:com.android.devicelockcontroller/u0a68 for broadcast {com.android.devicelockcontroller/com.android.devicelockcontroller.receivers.LockedBootCompletedReceiver}
05-28 10:54:44.370 D/CompatibilityChangeReporter( 742): Compat change id reported: 168419799; UID 10068; state: DISABLED
05-28 10:54:44.371 D/CompatibilityChangeReporter( 742): Compat change id reported: 273564678; UID 10068; state: DISABLED
05-28 10:54:44.374 D/CompatibilityChangeReporter( 742): Compat change id reported: 265195908; UID 10068; state: ENABLED
05-28 10:54:44.380 D/CompatibilityChangeReporter( 742): Compat change id reported: 170503758; UID 10068; state: ENABLED
05-28 10:54:44.434 I/DeviceLockControllerApplication( 1903): onCreate
05-28 10:54:44.438 I/DeviceStateControllerImpl( 1903): Starting state is 0
05-28 10:54:44.439 I/UserRestrictionsPolicyHandler( 1903): Build type DEBUG = false
05-28 10:54:44.451 I/DlcClient( 1903): Binding com.android.devicelockcontroller/.storage.SetupParametersService
05-28 10:54:44.458 D/CompatibilityChangeReporter( 742): Compat change id reported: 261072174; UID 10068; state: ENABLED
05-28 10:54:44.477 I/DeviceLockControllerApplication( 1903): Policies enforced
05-28 10:54:44.567 D/HDMI ( 742): [R]: 0F:87:6D:74:6B
05-28 10:54:44.666 D/HDMI ( 742): [R]: 04:8C
05-28 10:54:44.697 V/PackageManager( 742): reconcileAppsData finished 142 packages
05-28 10:54:44.697 I/ActivityManager( 742): User 0 state changed from RUNNING_LOCKED to RUNNING_UNLOCKING
05-28 10:54:44.699 D/ActivityManager( 742): Unlocking user 0 progress 20
05-28 10:54:44.699 W/Looper ( 742): Slow dispatch took 740ms android.fg h=android.os.Handler c=com.android.server.am.UserController$$ExternalSyntheticLambda2@e959988 m=0
05-28 10:54:44.699 D/SystemServerTimingAsync( 742): ssm.UnlockingUser-0
05-28 10:54:44.699 I/SystemServiceManager( 742): Calling onUnlockingUser 0
05-28 10:54:44.699 W/Looper ( 742): Slow delivery took 740ms android.fg h=android.os.Handler c=com.android.server.am.UserController$$ExternalSyntheticLambda9@1a9ff21 m=0
05-28 10:54:44.699 D/SystemServerTimingAsync( 742): ssm.onUnlockingUser-0_com.android.server.security.FileIntegrityService
05-28 10:54:44.699 D/SystemServerTimingAsync( 742): ssm.onUnlockingUser-0_com.android.server.pm.Installer
05-28 10:54:44.699 D/SystemServerTimingAsync( 742): ssm.onUnlockingUser-0_com.android.server.os.DeviceIdentifiersPolicyService
05-28 10:54:44.699 D/SystemServerTimingAsync( 742): ssm.onUnlockingUser-0_com.android.server.flags.FeatureFlagsService
05-28 10:54:44.699 D/SystemServerTimingAsync( 742): ssm.onUnlockingUser-0_com.android.server.uri.UriGrantsManagerService$Lifecycle
05-28 10:54:44.699 D/SystemServerTimingAsync( 742): ssm.onUnlockingUser-0_com.android.server.powerstats.PowerStatsService
05-28 10:54:44.699 D/SystemServerTimingAsync( 742): ssm.onUnlockingUser-0_com.android.server.permission.access.AccessCheckingService
05-28 10:54:44.699 D/SystemServerTimingAsync( 742): ssm.onUnlockingUser-0_com.android.server.wm.ActivityTaskManagerService$Lifecycle
05-28 10:54:44.699 D/SystemServerTimingAsync( 742): ssm.onUnlockingUser-0_com.android.server.am.ActivityManagerService$Lifecycle
05-28 10:54:44.699 D/SystemServerTimingAsync( 742): ssm.onUnlockingUser-0_com.android.server.pm.DataLoaderManagerService
05-28 10:54:44.699 D/SystemServerTimingAsync( 742): ssm.onUnlockingUser-0_com.android.server.power.PowerManagerService
05-28 10:54:44.699 D/SystemServerTimingAsync( 742): ssm.onUnlockingUser-0_com.android.server.power.ThermalManagerService
