05-28 15:40:50.029 D/InstantWifi( 742): Receive Wifi is connected, freq = 5745 and currentNetworkId : 0, wifiinfo = SSID: , BSSID: 02:00:00:00:00:00, MAC: 02:00:00:00:00:00, IP: /192.168.3.246, Security type: 2, Supplicant state: COMPLETED, Wi-Fi standard: 6, RSSI: -56, Link speed: 1200Mbps, Tx Link speed: 1200Mbps, Max Supported Tx Link speed: 1200Mbps, Rx Link speed: 6Mbps, Max Supported Rx Link speed: 1200Mbps, Frequency: 5745MHz, Net ID: -1, Metered hint: false, score: 60, isUsable: true, CarrierMerged: false, SubscriptionId: -1, IsPrimary: 1, Trusted: true, Restricted: false, Ephemeral: false, OEM paid: false, OEM private: false, OSU AP: false, FQDN: , Provider friendly name: , Requesting package name: MLO Information: , Is TID-To-Link negotiation supported by the AP: false, AP MLD Address: , AP MLO Link Id: , AP MLO Affiliated links:
05-28 15:40:50.544 D/DhcpClient( 1338): Received packet: 98:bd:80:21:7e:4c ACK: your new IP /192.168.3.159, netmask /255.255.254.0, gateways [/192.168.3.1] DNS servers: /202.96.134.133 /202.96.128.166 , lease time 3600
05-28 15:40:53.029 I/WifiHAL ( 558): call wifi_get_link_stats handler
05-28 15:40:53.029 I/WifiHAL ( 558): Creating message to get link statistics; iface = 16
05-28 15:40:53.030 D/WifiHAL ( 558): error code -95 mapped to -3
05-28 15:40:53.030 E/WifiStaIfaceAidlImpl( 742): getLinkLayerStats failed with service-specific exception: android.os.ServiceSpecificException: (code 4)
05-28 15:40:56.035 I/WifiHAL ( 558): call wifi_get_link_stats handler
05-28 15:40:56.035 I/WifiHAL ( 558): Creating message to get link statistics; iface = 16
05-28 15:40:56.035 D/WifiHAL ( 558): error code -95 mapped to -3
05-28 15:40:56.036 E/WifiStaIfaceAidlImpl( 742): getLinkLayerStats failed with service-specific exception: android.os.ServiceSpecificException: (code 4)
05-28 15:40:56.043 D/InstantWifi( 742): Receive Wifi is connected, freq = 5745 and currentNetworkId : 0, wifiinfo = SSID: , BSSID: 02:00:00:00:00:00, MAC: 02:00:00:00:00:00, IP: /192.168.3.246, Security type: 2, Supplicant state: COMPLETED, Wi-Fi standard: 6, RSSI: -55, Link speed: 1200Mbps, Tx Link speed: 1200Mbps, Max Supported Tx Link speed: 1200Mbps, Rx Link speed: 6Mbps, Max Supported Rx Link speed: 1200Mbps, Frequency: 5745MHz, Net ID: -1, Metered hint: false, score: 60, isUsable: true, CarrierMerged: false, SubscriptionId: -1, IsPrimary: 1, Trusted: true, Restricted: false, Ephemeral: false, OEM paid: false, OEM private: false, OSU AP: false, FQDN: , Provider friendly name: , Requesting package name: MLO Information: , Is TID-To-Link negotiation supported by the AP: false, AP MLD Address: , AP MLO Link Id: , AP MLO Affiliated links:
05-28 15:40:59.042 I/WifiHAL ( 558): call wifi_get_link_stats handler
05-28 15:40:59.042 I/WifiHAL ( 558): Creating message to get link statistics; iface = 16
05-28 15:40:59.042 D/WifiHAL ( 558): error code -95 mapped to -3
05-28 15:40:59.042 E/WifiStaIfaceAidlImpl( 742): getLinkLayerStats failed with service-specific exception: android.os.ServiceSpecificException: (code 4)
05-28 15:40:59.793 V/HotPlugDetectionAction( 742): Poll all devices.
05-28 15:40:59.850 D/hdmicecd( 532): [CEC]:printCecMessage, [4 -> 0] len: 0, body:, result:no ack
05-28 15:40:59.906 D/hdmicecd( 532): [CEC]:printCecMessage, [4 -> 1] len: 0, body:, result:no ack
05-28 15:40:59.962 D/hdmicecd( 532): [CEC]:printCecMessage, [4 -> 3] len: 0, body:, result:no ack
05-28 15:41:00.018 D/hdmicecd( 532): [CEC]:printCecMessage, [4 -> 5] len: 0, body:, result:no ack
05-28 15:41:00.074 D/hdmicecd( 532): [CEC]:printCecMessage, [4 -> 8] len: 0, body:, result:no ack
05-28 15:41:00.130 D/hdmicecd( 532): [CEC]:printCecMessage, [4 -> b] len: 0, body:, result:no ack
05-28 15:41:00.186 D/hdmicecd( 532): [CEC]:printCecMessage, [4 -> e] len: 0, body:, result:no ack
05-28 15:41:00.186 D/HdmiCecController( 742): [P]:AllocatedAddress=[]
05-28 15:41:00.505 E/db_okhttp( 8961): POST url:http://otysdktj.tvfuwu.com/util-servlet/clientservice
05-28 15:41:00.505 E/db_okhttp( 8961): Request: topic=dbsc_init&message={"list":"%5B%22%257B%2522action%2522%253A%2522%2522%252C%2522insertTime%2522%253A%25221748418060502%2522%252C%2522content%2522%253A%2522%25257B%252522create_time%252522%25253A%2525221748418060502%252522%25252C%252522function%252522%25253A%252522init%252522%25252C%252522devboot_id%252522%25253A%252522174841445459487%252522%25252C%252522init_ispause%252522%25253A%2525222%252522%25257D%2522%257D%22%5D","mode":"1","mac":"g/tNESpYG9/PwHTF3VhpwDk/T+Cy+qdeKwoSjimoU+Q=","wifimac":"q9MCMMcNlOCXpWwv1qdeYQ==","ip":"Fvuptjwx8oU6BDodh2IUcQ==","channel":"+uL1c5z1z7lZFZqvGVRkHQ==","deviceid":"HYW6A0RpORlEbwTfmhSa4ALk+KpIFJJkXD05AYjGwxzDMNTUA1Q+x0Bd609R6rdh","dev_uuid":"Wvul+Vc+nCobEd58umDMooPBejhZHq0SXslKSFEz0/7rNjNYcegbeZ/oqmU96vJB","uuid":"lkm2UxCCS6pUo0VM2hOh6kLHB5/gO8ZIxN5zfVGthUTvAgWOqVQi5iy53wVF0IzI","packagename":"4u7INlRctM+acvVJ1H8eFWhLT5oSUdIcuUT4JfTX7WI=","appname":"UbS086E9JOT+vRwzW0lFjA==","packagelist":"StYQ8VSaxno+sBFpzoW/MFP7p+RUJlFeCI0OTRHyCbqOiFITq2vTqkORUvk1LNhryFJGE26gmrCn3jkSXLqusUyDV5j43BDOc/rPTtfchbQ=","vname":"EEnPqQlWue6z1AGyQn9bHw==","vcode":"6X4bRW8AOLb6xahW1AOqXA==","brand":"TDkI4ikohcctSvValz6Lqg==","cpuserial":"E75ahJxR4Nm1GULbpKtJHg==","bluetoothmac":"q9MCMMcNlOCXpWwv1qdeYQ==","osversion":"eM2RQ/CyeWNEcjPYjEPAVg==","oscode":"c0NKRmy9YUIw3GmzbJld0g==","rommodel":"ABjPdzCJylEmN2GZQZkNHA==","is_write":"PGkmCK6GzMtvR1UYLLYopw==","is_updated":"PGkmCK6GzMtvR1UYLLYopw==","session_id":"nQpl+61uEwx7OAo8KazdxU4ychKV5w3qaH0bCeYgX6F1SFjk1bveNrOTAXDqePrQ","romvername":"","romvercode":"","boxfactory":"","sn":"","settle_mode":"1"}&requestSourceType=statistics&
05-28 15:41:00.539 E/db_okhttp( 8961): POST_res url:http://otysdktj.tvfuwu.com/util-servlet/clientservice
05-28 15:41:00.539 E/db_okhttp( 8961): response:
05-28 15:41:01.102 D/TrafficStats( 8961): tagSocket(66) with statsTag=0xffffffff, statsUid=-1
05-28 15:41:02.049 I/WifiHAL ( 558): call wifi_get_link_stats handler
05-28 15:41:02.049 I/WifiHAL ( 558): Creating message to get link statistics; iface = 16
05-28 15:41:02.049 D/WifiHAL ( 558): error code -95 mapped to -3
05-28 15:41:02.050 E/WifiStaIfaceAidlImpl( 742): getLinkLayerStats failed with service-specific exception: android.os.ServiceSpecificException: (code 4)
05-28 15:41:02.360 D/DhcpClient( 1338): Received packet: 98:bd:80:21:7e:4c ACK: your new IP /192.168.3.159, netmask /255.255.254.0, gateways [/192.168.3.1] DNS servers: /202.96.134.133 /202.96.128.166 , lease time 3600
05-28 15:41:02.827 I/rainbow_flow(14883): type=1400 audit(0.0:3336): avc: denied { ioctl } for path="/dev/spidev1.0" dev="tmpfs" ino=534 ioctlcmd=0x6b00 scontext=u:r:init:s0 tcontext=u:object_r:device:s0 tclass=chr_file permissive=1
05-28 15:41:05.057 I/WifiHAL ( 558): call wifi_get_link_stats handler
05-28 15:41:05.057 I/WifiHAL ( 558): Creating message to get link statistics; iface = 16
05-28 15:41:05.057 D/WifiHAL ( 558): error code -95 mapped to -3
05-28 15:41:05.058 E/WifiStaIfaceAidlImpl( 742): getLinkLayerStats failed with service-specific exception: android.os.ServiceSpecificException: (code 4)
05-28 15:41:05.065 D/InstantWifi( 742): Receive Wifi is connected, freq = 5745 and currentNetworkId : 0, wifiinfo = SSID: , BSSID: 02:00:00:00:00:00, MAC: 02:00:00:00:00:00, IP: /192.168.3.246, Security type: 2, Supplicant state: COMPLETED, Wi-Fi standard: 6, RSSI: -57, Link speed: 1200Mbps, Tx Link speed: 1200Mbps, Max Supported Tx Link speed: 1200Mbps, Rx Link speed: 6Mbps, Max Supported Rx Link speed: 1200Mbps, Frequency: 5745MHz, Net ID: -1, Metered hint: false, score: 60, isUsable: true, CarrierMerged: false, SubscriptionId: -1, IsPrimary: 1, Trusted: true, Restricted: false, Ephemeral: false, OEM paid: false, OEM private: false, OSU AP: false, FQDN: , Provider friendly name: , Requesting package name: MLO Information: , Is TID-To-Link negotiation supported by the AP: false, AP MLD Address: , AP MLO Link Id: , AP MLO Affiliated links:
05-28 15:41:08.066 I/WifiHAL ( 558): call wifi_get_link_stats handler
05-28 15:41:08.066 I/WifiHAL ( 558): Creating message to get link statistics; iface = 16
05-28 15:41:08.066 D/WifiHAL ( 558): error code -95 mapped to -3
05-28 15:41:08.066 E/WifiStaIfaceAidlImpl( 742): getLinkLayerStats failed with service-specific exception: android.os.ServiceSpecificException: (code 4)
05-28 15:41:09.845 D/nStackXCoAP( 2823): IsInSameNetwork:[276] :IsInSameNetwork exec
05-28 15:41:09.845 I/nStackXDFinder( 2823): GetLocalInterfaceDetail:[461] :GetLocalInterfaceDetail in
05-28 15:41:09.845 E/nStackXCoAP( 2823): IsInSameNetwork:[281] :IsInSameNetwork: not priority process
05-28 15:41:09.845 D/nStackXCoAP( 2823): ParseServiceDiscover:[330] :new device join
05-28 15:41:09.845 E/nStackXDFinder( 2823): GetLocalIp:[401] :GetLocalIp exec
05-28 15:41:09.971 D/nStackXCoAP( 2823): IsInSameNetwork:[276] :IsInSameNetwork exec
05-28 15:41:09.971 I/nStackXDFinder( 2823): GetLocalInterfaceDetail:[461] :GetLocalInterfaceDetail in
05-28 15:41:09.971 E/nStackXCoAP( 2823): IsInSameNetwork:[281] :IsInSameNetwork: not priority process
05-28 15:41:09.971 D/nStackXCoAP( 2823): ParseServiceDiscover:[330] :new device join
05-28 15:41:09.971 E/nStackXDFinder( 2823): GetLocalIp:[401] :GetLocalIp exec
05-28 15:41:10.251 D/nStackXCoAP( 2823): IsInSameNetwork:[276] :IsInSameNetwork exec
05-28 15:41:10.251 I/nStackXDFinder( 2823): GetLocalInterfaceDetail:[461] :GetLocalInterfaceDetail in
05-28 15:41:10.251 E/nStackXCoAP( 2823): IsInSameNetwork:[281] :IsInSameNetwork: not priority process
05-28 15:41:10.251 D/nStackXCoAP( 2823): ParseServiceDiscover:[330] :new device join
05-28 15:41:10.251 E/nStackXDFinder( 2823): GetLocalIp:[401] :GetLocalIp exec
05-28 15:41:10.639 D/nStackXCoAP( 2823): IsInSameNetwork:[276] :IsInSameNetwork exec
05-28 15:41:10.639 I/nStackXDFinder( 2823): GetLocalInterfaceDetail:[461] :GetLocalInterfaceDetail in
05-28 15:41:10.639 E/nStackXCoAP( 2823): IsInSameNetwork:[281] :IsInSameNetwork: not priority process
05-28 15:41:10.639 D/nStackXCoAP( 2823): ParseServiceDiscover:[330] :new device join
05-28 15:41:10.639 E/nStackXDFinder( 2823): GetLocalIp:[401] :GetLocalIp exec
05-28 15:41:10.891 D/nStackXCoAP( 2823): CoapMessageHandler:[133] :2.01
05-28 15:41:11.069 I/WifiHAL ( 558): call wifi_get_link_stats handler
05-28 15:41:11.069 I/WifiHAL ( 558): Creating message to get link statistics; iface = 16
05-28 15:41:11.070 D/WifiHAL ( 558): error code -95 mapped to -3
05-28 15:41:11.070 E/WifiStaIfaceAidlImpl( 742): getLinkLayerStats failed with service-specific exception: android.os.ServiceSpecificException: (code 4)
05-28 15:41:11.256 D/nStackXCoAP( 2823): IsInSameNetwork:[276] :IsInSameNetwork exec
05-28 15:41:11.256 I/nStackXDFinder( 2823): GetLocalInterfaceDetail:[461] :GetLocalInterfaceDetail in
05-28 15:41:11.256 E/nStackXCoAP( 2823): IsInSameNetwork:[281] :IsInSameNetwork: not priority process
05-28 15:41:11.256 D/nStackXCoAP( 2823): ParseServiceDiscover:[330] :new device join
05-28 15:41:11.256 E/nStackXDFinder( 2823): GetLocalIp:[401] :GetLocalIp exec
05-28 15:41:11.334 D/nStackXCoAP( 2823): CoapMessageHandler:[133] :2.01
05-28 15:41:12.405 D/nStackXCoAP( 2823): IsInSameNetwork:[276] :IsInSameNetwork exec
05-28 15:41:12.405 I/nStackXDFinder( 2823): GetLocalInterfaceDetail:[461] :GetLocalInterfaceDetail in
05-28 15:41:12.405 E/nStackXCoAP( 2823): IsInSameNetwork:[281] :IsInSameNetwork: not priority process
05-28 15:41:12.405 D/nStackXCoAP( 2823): ParseServiceDiscover:[330] :new device join
05-28 15:41:12.405 E/nStackXDFinder( 2823): GetLocalIp:[401] :GetLocalIp exec
05-28 15:41:12.422 D/nStackXCoAP( 2823): IsInSameNetwork:[276] :IsInSameNetwork exec
05-28 15:41:12.422 I/nStackXDFinder( 2823): GetLocalInterfaceDetail:[461] :GetLocalInterfaceDetail in
05-28 15:41:12.422 E/nStackXCoAP( 2823): IsInSameNetwork:[281] :IsInSameNetwork: not priority process
05-28 15:41:12.422 D/nStackXCoAP( 2823): ParseServiceDiscover:[330] :new device join
05-28 15:41:12.422 E/nStackXDFinder( 2823): GetLocalIp:[401] :GetLocalIp exec
05-28 15:41:12.463 D/nStackXCoAP( 2823): CoapMessageHandler:[133] :2.01
05-28 15:41:13.034 D/nStackXCoAP( 2823): CoapMessageHandler:[133] :2.01
05-28 15:41:13.159 D/nStackXCoAP( 2823): IsInSameNetwork:[276] :IsInSameNetwork exec
05-28 15:41:13.159 I/nStackXDFinder( 2823): GetLocalInterfaceDetail:[461] :GetLocalInterfaceDetail in
05-28 15:41:13.159 E/nStackXCoAP( 2823): IsInSameNetwork:[281] :IsInSameNetwork: not priority process
05-28 15:41:13.159 D/nStackXCoAP( 2823): ParseServiceDiscover:[330] :new device join
05-28 15:41:13.159 E/nStackXDFinder( 2823): GetLocalIp:[401] :GetLocalIp exec
05-28 15:41:13.452 D/nStackXCoAP( 2823): IsInSameNetwork:[276] :IsInSameNetwork exec
05-28 15:41:13.452 I/nStackXDFinder( 2823): GetLocalInterfaceDetail:[461] :GetLocalInterfaceDetail in
05-28 15:41:13.452 E/nStackXCoAP( 2823): IsInSameNetwork:[281] :IsInSameNetwork: not priority process
05-28 15:41:13.452 D/nStackXCoAP( 2823): ParseServiceDiscover:[330] :new device join
05-28 15:41:13.452 E/nStackXDFinder( 2823): GetLocalIp:[401] :GetLocalIp exec
05-28 15:41:13.586 D/nStackXCoAP( 2823): CoapMessageHandler:[133] :2.01
05-28 15:41:13.587 D/nStackXCoAP( 2823): CoapMessageHandler:[133] :2.01
05-28 15:41:13.591 D/nStackXCoAP( 2823): CoapMessageHandler:[133] :2.01
05-28 15:41:14.074 I/WifiHAL ( 558): call wifi_get_link_stats handler
05-28 15:41:14.074 I/WifiHAL ( 558): Creating message to get link statistics; iface = 16
05-28 15:41:14.074 D/WifiHAL ( 558): error code -95 mapped to -3
05-28 15:41:14.075 E/WifiStaIfaceAidlImpl( 742): getLinkLayerStats failed with service-specific exception: android.os.ServiceSpecificException: (code 4)
05-28 15:41:14.215 D/nStackXCoAP( 2823): IsInSameNetwork:[276] :IsInSameNetwork exec
05-28 15:41:14.215 I/nStackXDFinder( 2823): GetLocalInterfaceDetail:[461] :GetLocalInterfaceDetail in
05-28 15:41:14.215 E/nStackXCoAP( 2823): IsInSameNetwork:[281] :IsInSameNetwork: not priority process
05-28 15:41:14.215 D/nStackXCoAP( 2823): ParseServiceDiscover:[330] :new device join
05-28 15:41:14.215 E/nStackXDFinder( 2823): GetLocalIp:[401] :GetLocalIp exec
05-28 15:41:14.522 D/nStackXCoAP( 2823): IsInSameNetwork:[276] :IsInSameNetwork exec
05-28 15:41:14.522 I/nStackXDFinder( 2823): GetLocalInterfaceDetail:[461] :GetLocalInterfaceDetail in
05-28 15:41:14.522 E/nStackXCoAP( 2823): IsInSameNetwork:[281] :IsInSameNetwork: not priority process
05-28 15:41:14.523 D/nStackXCoAP( 2823): ParseServiceDiscover:[330] :new device join
05-28 15:41:14.523 E/nStackXDFinder( 2823): GetLocalIp:[401] :GetLocalIp exec
05-28 15:41:14.558 I/audio_hw_hal_alsamgr( 509): alsa format =0x1 delay frames =768 total frames=255710720
05-28 15:41:17.081 I/WifiHAL ( 558): call wifi_get_link_stats handler
05-28 15:41:17.081 I/WifiHAL ( 558): Creating message to get link statistics; iface = 16
05-28 15:41:17.081 D/WifiHAL ( 558): error code -95 mapped to -3
05-28 15:41:17.082 E/WifiStaIfaceAidlImpl( 742): getLinkLayerStats failed with service-specific exception: android.os.ServiceSpecificException: (code 4)
05-28 15:41:18.528 D/nStackXCoAP( 2823): CoapMessageHandler:[133] :2.01
05-28 15:41:20.086 I/WifiHAL ( 558): call wifi_get_link_stats handler
05-28 15:41:20.086 I/WifiHAL ( 558): Creating message to get link statistics; iface = 16
05-28 15:41:20.086 D/WifiHAL ( 558): error code -95 mapped to -3
05-28 15:41:20.086 E/WifiStaIfaceAidlImpl( 742): getLinkLayerStats failed with service-specific exception: android.os.ServiceSpecificException: (code 4)
05-28 15:41:21.316 D/nStackXCoAP( 2823): CoapMessageHandler:[133] :2.01
05-28 15:41:23.092 I/WifiHAL ( 558): call wifi_get_link_stats handler
05-28 15:41:23.092 I/WifiHAL ( 558): Creating message to get link statistics; iface = 16
05-28 15:41:23.092 D/WifiHAL ( 558): error code -95 mapped to -3
05-28 15:41:23.092 E/WifiStaIfaceAidlImpl( 742): getLinkLayerStats failed with service-specific exception: android.os.ServiceSpecificException: (code 4)
05-28 15:41:26.099 I/WifiHAL ( 558): call wifi_get_link_stats handler
05-28 15:41:26.099 I/WifiHAL ( 558): Creating message to get link statistics; iface = 16
05-28 15:41:26.100 D/WifiHAL ( 558): error code -95 mapped to -3
05-28 15:41:26.100 E/WifiStaIfaceAidlImpl( 742): getLinkLayerStats failed with service-specific exception: android.os.ServiceSpecificException: (code 4)
05-28 15:41:26.978 D/nStackXCoAP( 2823): CoapMessageHandler:[133] :2.01
05-28 15:41:29.105 I/WifiHAL ( 558): call wifi_get_link_stats handler
05-28 15:41:29.105 I/WifiHAL ( 558): Creating message to get link statistics; iface = 16
05-28 15:41:29.106 D/WifiHAL ( 558): error code -95 mapped to -3
05-28 15:41:29.106 E/WifiStaIfaceAidlImpl( 742): getLinkLayerStats failed with service-specific exception: android.os.ServiceSpecificException: (code 4)
05-28 15:41:32.111 I/WifiHAL ( 558): call wifi_get_link_stats handler
05-28 15:41:32.111 I/WifiHAL ( 558): Creating message to get link statistics; iface = 16
05-28 15:41:32.111 D/WifiHAL ( 558): error code -95 mapped to -3
05-28 15:41:32.112 E/WifiStaIfaceAidlImpl( 742): getLinkLayerStats failed with service-specific exception: android.os.ServiceSpecificException: (code 4)
05-28 15:41:33.885 D/bbb ( 2170): onStartCommand begin !!!!!!! data分区剩余 54410MB
05-28 15:41:35.117 I/WifiHAL ( 558): call wifi_get_link_stats handler
05-28 15:41:35.118 I/WifiHAL ( 558): Creating message to get link statistics; iface = 16
05-28 15:41:35.118 D/WifiHAL ( 558): error code -95 mapped to -3
05-28 15:41:35.118 E/WifiStaIfaceAidlImpl( 742): getLinkLayerStats failed with service-specific exception: android.os.ServiceSpecificException: (code 4)
05-28 15:41:38.124 I/WifiHAL ( 558): call wifi_get_link_stats handler
05-28 15:41:38.124 I/WifiHAL ( 558): Creating message to get link statistics; iface = 16
05-28 15:41:38.125 D/WifiHAL ( 558): error code -95 mapped to -3
05-28 15:41:38.125 E/WifiStaIfaceAidlImpl( 742): getLinkLayerStats failed with service-specific exception: android.os.ServiceSpecificException: (code 4)
05-28 15:41:38.503 D/nStackXCoAP( 2823): IsInSameNetwork:[276] :IsInSameNetwork exec
05-28 15:41:38.503 I/nStackXDFinder( 2823): GetLocalInterfaceDetail:[461] :GetLocalInterfaceDetail in
05-28 15:41:38.503 E/nStackXCoAP( 2823): IsInSameNetwork:[281] :IsInSameNetwork: not priority process
05-28 15:41:38.503 D/nStackXCoAP( 2823): ParseServiceDiscover:[330] :new device join
05-28 15:41:38.503 E/nStackXDFinder( 2823): GetLocalIp:[401] :GetLocalIp exec
05-28 15:41:38.526 D/nStackXCoAP( 2823): IsInSameNetwork:[276] :IsInSameNetwork exec
05-28 15:41:38.526 I/nStackXDFinder( 2823): GetLocalInterfaceDetail:[461] :GetLocalInterfaceDetail in
05-28 15:41:38.526 E/nStackXCoAP( 2823): IsInSameNetwork:[281] :IsInSameNetwork: not priority process
05-28 15:41:38.526 D/nStackXCoAP( 2823): ParseServiceDiscover:[330] :new device join
05-28 15:41:38.526 E/nStackXDFinder( 2823): GetLocalIp:[401] :GetLocalIp exec
05-28 15:41:40.533 D/nStackXCoAP( 2823): IsInSameNetwork:[276] :IsInSameNetwork exec
05-28 15:41:40.533 I/nStackXDFinder( 2823): GetLocalInterfaceDetail:[461] :GetLocalInterfaceDetail in
05-28 15:41:40.533 E/nStackXCoAP( 2823): IsInSameNetwork:[281] :IsInSameNetwork: not priority process
05-28 15:41:40.533 D/nStackXCoAP( 2823): ParseServiceDiscover:[330] :new device join
05-28 15:41:40.533 E/nStackXDFinder( 2823): GetLocalIp:[401] :GetLocalIp exec
05-28 15:41:41.130 I/WifiHAL ( 558): call wifi_get_link_stats handler
05-28 15:41:41.130 I/WifiHAL ( 558): Creating message to get link statistics; iface = 16
05-28 15:41:41.130 D/WifiHAL ( 558): error code -95 mapped to -3
05-28 15:41:41.130 E/WifiStaIfaceAidlImpl( 742): getLinkLayerStats failed with service-specific exception: android.os.ServiceSpecificException: (code 4)
05-28 15:41:41.467 D/nStackXCoAP( 2823): IsInSameNetwork:[276] :IsInSameNetwork exec
05-28 15:41:41.467 I/nStackXDFinder( 2823): GetLocalInterfaceDetail:[461] :GetLocalInterfaceDetail in
05-28 15:41:41.467 E/nStackXCoAP( 2823): IsInSameNetwork:[281] :IsInSameNetwork: not priority process
05-28 15:41:41.467 D/nStackXCoAP( 2823): ParseServiceDiscover:[330] :new device join
05-28 15:41:41.467 E/nStackXDFinder( 2823): GetLocalIp:[401] :GetLocalIp exec
05-28 15:41:44.134 I/WifiHAL ( 558): call wifi_get_link_stats handler
05-28 15:41:44.134 I/WifiHAL ( 558): Creating message to get link statistics; iface = 16
05-28 15:41:44.134 D/WifiHAL ( 558): error code -95 mapped to -3
05-28 15:41:44.135 E/WifiStaIfaceAidlImpl( 742): getLinkLayerStats failed with service-specific exception: android.os.ServiceSpecificException: (code 4)
05-28 15:41:46.556 I/audio_hw_hal_alsamgr( 509): alsa format =0x1 delay frames =768 total frames=257246720
05-28 15:41:47.140 I/WifiHAL ( 558): call wifi_get_link_stats handler
05-28 15:41:47.141 I/WifiHAL ( 558): Creating message to get link statistics; iface = 16
05-28 15:41:47.141 D/WifiHAL ( 558): error code -95 mapped to -3
05-28 15:41:47.141 E/WifiStaIfaceAidlImpl( 742): getLinkLayerStats failed with service-specific exception: android.os.ServiceSpecificException: (code 4)
05-28 15:41:50.146 I/WifiHAL ( 558): call wifi_get_link_stats handler
05-28 15:41:50.146 I/WifiHAL ( 558): Creating message to get link statistics; iface = 16
05-28 15:41:50.146 D/WifiHAL ( 558): error code -95 mapped to -3
05-28 15:41:50.146 E/WifiStaIfaceAidlImpl( 742): getLinkLayerStats failed with service-specific exception: android.os.ServiceSpecificException: (code 4)
05-28 15:41:53.154 I/WifiHAL ( 558): call wifi_get_link_stats handler
05-28 15:41:53.154 I/WifiHAL ( 558): Creating message to get link statistics; iface = 16
05-28 15:41:53.154 D/WifiHAL ( 558): error code -95 mapped to -3
05-28 15:41:53.154 E/WifiStaIfaceAidlImpl( 742): getLinkLayerStats failed with service-specific exception: android.os.ServiceSpecificException: (code 4)
05-28 15:41:56.162 I/WifiHAL ( 558): call wifi_get_link_stats handler
05-28 15:41:56.162 I/WifiHAL ( 558): Creating message to get link statistics; iface = 16
05-28 15:41:56.162 D/WifiHAL ( 558): error code -95 mapped to -3
05-28 15:41:56.162 E/WifiStaIfaceAidlImpl( 742): getLinkLayerStats failed with service-specific exception: android.os.ServiceSpecificException: (code 4)
05-28 15:41:59.169 I/WifiHAL ( 558): call wifi_get_link_stats handler
05-28 15:41:59.169 I/WifiHAL ( 558): Creating message to get link statistics; iface = 16
05-28 15:41:59.169 D/WifiHAL ( 558): error code -95 mapped to -3
05-28 15:41:59.170 E/WifiStaIfaceAidlImpl( 742): getLinkLayerStats failed with service-specific exception: android.os.ServiceSpecificException: (code 4)
05-28 15:41:59.797 V/HotPlugDetectionAction( 742): Poll all devices.
05-28 15:41:59.854 D/hdmicecd( 532): [CEC]:printCecMessage, [4 -> 0] len: 0, body:, result:no ack
05-28 15:41:59.910 D/hdmicecd( 532): [CEC]:printCecMessage, [4 -> 1] len: 0, body:, result:no ack
05-28 15:41:59.966 D/hdmicecd( 532): [CEC]:printCecMessage, [4 -> 3] len: 0, body:, result:no ack
05-28 15:42:00.026 D/hdmicecd( 532): [CEC]:printCecMessage, [4 -> 5] len: 0, body:, result:no ack
05-28 15:42:00.082 D/hdmicecd( 532): [CEC]:printCecMessage, [4 -> 8] len: 0, body:, result:no ack
05-28 15:42:00.138 D/hdmicecd( 532): [CEC]:printCecMessage, [4 -> b] len: 0, body:, result:no ack
05-28 15:42:00.194 D/hdmicecd( 532): [CEC]:printCecMessage, [4 -> e] len: 0, body:, result:no ack
05-28 15:42:00.194 D/HdmiCecController( 742): [P]:AllocatedAddress=[]
05-28 15:42:00.506 E/db_okhttp( 8961): POST url:http://otysdktj.tvfuwu.com/util-servlet/clientservice
05-28 15:42:00.506 E/db_okhttp( 8961): Request: topic=dbsc_init&message={"list":"%5B%22%257B%2522action%2522%253A%2522%2522%252C%2522insertTime%2522%253A%25221748418120502%2522%252C%2522content%2522%253A%2522%25257B%252522create_time%252522%25253A%2525221748418120502%252522%25252C%252522function%252522%25253A%252522init%252522%25252C%252522devboot_id%252522%25253A%252522174841445459487%252522%25252C%252522init_ispause%252522%25253A%2525222%252522%25257D%2522%257D%22%5D","mode":"1","mac":"g/tNESpYG9/PwHTF3VhpwDk/T+Cy+qdeKwoSjimoU+Q=","wifimac":"q9MCMMcNlOCXpWwv1qdeYQ==","ip":"Fvuptjwx8oU6BDodh2IUcQ==","channel":"+uL1c5z1z7lZFZqvGVRkHQ==","deviceid":"HYW6A0RpORlEbwTfmhSa4ALk+KpIFJJkXD05AYjGwxzDMNTUA1Q+x0Bd609R6rdh","dev_uuid":"Wvul+Vc+nCobEd58umDMooPBejhZHq0SXslKSFEz0/7rNjNYcegbeZ/oqmU96vJB","uuid":"lkm2UxCCS6pUo0VM2hOh6kLHB5/gO8ZIxN5zfVGthUTvAgWOqVQi5iy53wVF0IzI","packagename":"4u7INlRctM+acvVJ1H8eFWhLT5oSUdIcuUT4JfTX7WI=","appname":"UbS086E9JOT+vRwzW0lFjA==","packagelist":"StYQ8VSaxno+sBFpzoW/MFP7p+RUJlFeCI0OTRHyCbqOiFITq2vTqkORUvk1LNhryFJGE26gmrCn3jkSXLqusUyDV5j43BDOc/rPTtfchbQ=","vname":"EEnPqQlWue6z1AGyQn9bHw==","vcode":"6X4bRW8AOLb6xahW1AOqXA==","brand":"TDkI4ikohcctSvValz6Lqg==","cpuserial":"E75ahJxR4Nm1GULbpKtJHg==","bluetoothmac":"q9MCMMcNlOCXpWwv1qdeYQ==","osversion":"eM2RQ/CyeWNEcjPYjEPAVg==","oscode":"c0NKRmy9YUIw3GmzbJld0g==","rommodel":"ABjPdzCJylEmN2GZQZkNHA==","is_write":"PGkmCK6GzMtvR1UYLLYopw==","is_updated":"PGkmCK6GzMtvR1UYLLYopw==","session_id":"nQpl+61uEwx7OAo8KazdxU4ychKV5w3qaH0bCeYgX6F1SFjk1bveNrOTAXDqePrQ","romvername":"","romvercode":"","boxfactory":"","sn":"","settle_mode":"1"}&requestSourceType=statistics&
05-28 15:42:00.562 E/db_okhttp( 8961): POST_res url:http://otysdktj.tvfuwu.com/util-servlet/clientservice
05-28 15:42:00.562 E/db_okhttp( 8961): response:
05-28 15:42:02.173 I/WifiHAL ( 558): call wifi_get_link_stats handler
05-28 15:42:02.173 I/WifiHAL ( 558): Creating message to get link statistics; iface = 16
05-28 15:42:02.174 D/WifiHAL ( 558): error code -95 mapped to -3
05-28 15:42:02.174 E/WifiStaIfaceAidlImpl( 742): getLinkLayerStats failed with service-specific exception: android.os.ServiceSpecificException: (code 4)
05-28 15:42:05.177 I/WifiHAL ( 558): call wifi_get_link_stats handler
05-28 15:42:05.177 I/WifiHAL ( 558): Creating message to get link statistics; iface = 16
05-28 15:42:05.178 D/WifiHAL ( 558): error code -95 mapped to -3
05-28 15:42:05.178 E/WifiStaIfaceAidlImpl( 742): getLinkLayerStats failed with service-specific exception: android.os.ServiceSpecificException: (code 4)
05-28 15:42:08.185 I/WifiHAL ( 558): call wifi_get_link_stats handler
05-28 15:42:08.185 I/WifiHAL ( 558): Creating message to get link statistics; iface = 16
05-28 15:42:08.185 D/WifiHAL ( 558): error code -95 mapped to -3
05-28 15:42:08.186 E/WifiStaIfaceAidlImpl( 742): getLinkLayerStats failed with service-specific exception: android.os.ServiceSpecificException: (code 4)
05-28 15:42:09.570 W/BatteryExternalStatsWorker( 742): error reading modem stats:ERROR_PHONE_NOT_AVAILABLE
05-28 15:42:09.570 W/BatteryExternalStatsWorker( 742): error reading Bluetooth stats: 11
05-28 15:42:11.193 I/WifiHAL ( 558): call wifi_get_link_stats handler
05-28 15:42:11.193 I/WifiHAL ( 558): Creating message to get link statistics; iface = 16
05-28 15:42:11.193 D/WifiHAL ( 558): error code -95 mapped to -3
05-28 15:42:11.194 E/WifiStaIfaceAidlImpl( 742): getLinkLayerStats failed with service-specific exception: android.os.ServiceSpecificException: (code 4)
05-28 15:42:14.197 I/WifiHAL ( 558): call wifi_get_link_stats handler
05-28 15:42:14.198 I/WifiHAL ( 558): Creating message to get link statistics; iface = 16
05-28 15:42:14.198 D/WifiHAL ( 558): error code -95 mapped to -3
05-28 15:42:14.198 E/WifiStaIfaceAidlImpl( 742): getLinkLayerStats failed with service-specific exception: android.os.ServiceSpecificException: (code 4)
05-28 15:42:17.201 I/WifiHAL ( 558): call wifi_get_link_stats handler
05-28 15:42:17.202 I/WifiHAL ( 558): Creating message to get link statistics; iface = 16
05-28 15:42:17.202 D/WifiHAL ( 558): error code -95 mapped to -3
05-28 15:42:17.202 E/WifiStaIfaceAidlImpl( 742): getLinkLayerStats failed with service-specific exception: android.os.ServiceSpecificException: (code 4)
05-28 15:42:18.555 I/audio_hw_hal_alsamgr( 509): alsa format =0x1 delay frames =768 total frames=258782720
05-28 15:42:20.208 I/WifiHAL ( 558): call wifi_get_link_stats handler
05-28 15:42:20.208 I/WifiHAL ( 558): Creating message to get link statistics; iface = 16
05-28 15:42:20.208 D/WifiHAL ( 558): error code -95 mapped to -3
05-28 15:42:20.209 E/WifiStaIfaceAidlImpl( 742): getLinkLayerStats failed with service-specific exception: android.os.ServiceSpecificException: (code 4)
05-28 15:42:23.215 I/WifiHAL ( 558): call wifi_get_link_stats handler
05-28 15:42:23.215 I/WifiHAL ( 558): Creating message to get link statistics; iface = 16
05-28 15:42:23.215 D/WifiHAL ( 558): error code -95 mapped to -3
05-28 15:42:23.216 E/WifiStaIfaceAidlImpl( 742): getLinkLayerStats failed with service-specific exception: android.os.ServiceSpecificException: (code 4)
05-28 15:42:26.221 I/WifiHAL ( 558): call wifi_get_link_stats handler
05-28 15:42:26.221 I/WifiHAL ( 558): Creating message to get link statistics; iface = 16
05-28 15:42:26.222 D/WifiHAL ( 558): error code -95 mapped to -3
05-28 15:42:26.222 E/WifiStaIfaceAidlImpl( 742): getLinkLayerStats failed with service-specific exception: android.os.ServiceSpecificException: (code 4)
05-28 15:42:29.226 I/WifiHAL ( 558): call wifi_get_link_stats handler
05-28 15:42:29.226 I/WifiHAL ( 558): Creating message to get link statistics; iface = 16
05-28 15:42:29.226 D/WifiHAL ( 558): error code -95 mapped to -3
05-28 15:42:29.227 E/WifiStaIfaceAidlImpl( 742): getLinkLayerStats failed with service-specific exception: android.os.ServiceSpecificException: (code 4)
05-28 15:42:32.232 I/WifiHAL ( 558): call wifi_get_link_stats handler
05-28 15:42:32.232 I/WifiHAL ( 558): Creating message to get link statistics; iface = 16
05-28 15:42:32.233 D/WifiHAL ( 558): error code -95 mapped to -3
05-28 15:42:32.233 E/WifiStaIfaceAidlImpl( 742): getLinkLayerStats failed with service-specific exception: android.os.ServiceSpecificException: (code 4)
05-28 15:42:33.890 D/bbb ( 2170): onStartCommand begin !!!!!!! data分区剩余 54410MB
05-28 15:42:35.238 I/WifiHAL ( 558): call wifi_get_link_stats handler
05-28 15:42:35.238 I/WifiHAL ( 558): Creating message to get link statistics; iface = 16
05-28 15:42:35.238 D/WifiHAL ( 558): error code -95 mapped to -3
05-28 15:42:35.238 E/WifiStaIfaceAidlImpl( 742): getLinkLayerStats failed with service-specific exception: android.os.ServiceSpecificException: (code 4)
05-28 15:42:38.245 I/WifiHAL ( 558): call wifi_get_link_stats handler
05-28 15:42:38.245 I/WifiHAL ( 558): Creating message to get link statistics; iface = 16
05-28 15:42:38.246 D/WifiHAL ( 558): error code -95 mapped to -3
05-28 15:42:38.246 E/WifiStaIfaceAidlImpl( 742): getLinkLayerStats failed with service-specific exception: android.os.ServiceSpecificException: (code 4)
05-28 15:42:41.251 I/WifiHAL ( 558): call wifi_get_link_stats handler
05-28 15:42:41.251 I/WifiHAL ( 558): Creating message to get link statistics; iface = 16
05-28 15:42:41.251 D/WifiHAL ( 558): error code -95 mapped to -3
05-28 15:42:41.251 E/WifiStaIfaceAidlImpl( 742): getLinkLayerStats failed with service-specific exception: android.os.ServiceSpecificException: (code 4)
05-28 15:42:44.258 I/WifiHAL ( 558): call wifi_get_link_stats handler
05-28 15:42:44.258 I/WifiHAL ( 558): Creating message to get link statistics; iface = 16
05-28 15:42:44.258 D/WifiHAL ( 558): error code -95 mapped to -3
05-28 15:42:44.258 E/WifiStaIfaceAidlImpl( 742): getLinkLayerStats failed with service-specific exception: android.os.ServiceSpecificException: (code 4)
05-28 15:42:47.265 I/WifiHAL ( 558): call wifi_get_link_stats handler
05-28 15:42:47.265 I/WifiHAL ( 558): Creating message to get link statistics; iface = 16
05-28 15:42:47.266 D/WifiHAL ( 558): error code -95 mapped to -3
05-28 15:42:47.266 E/WifiStaIfaceAidlImpl( 742): getLinkLayerStats failed with service-specific exception: android.os.ServiceSpecificException: (code 4)
05-28 15:42:50.269 I/WifiHAL ( 558): call wifi_get_link_stats handler
05-28 15:42:50.270 I/WifiHAL ( 558): Creating message to get link statistics; iface = 16
05-28 15:42:50.270 D/WifiHAL ( 558): error code -95 mapped to -3
05-28 15:42:50.270 E/WifiStaIfaceAidlImpl( 742): getLinkLayerStats failed with service-specific exception: android.os.ServiceSpecificException: (code 4)
05-28 15:42:50.557 I/audio_hw_hal_alsamgr( 509): alsa format =0x1 delay frames =768 total frames=260318720
05-28 15:42:53.274 I/WifiHAL ( 558): call wifi_get_link_stats handler
05-28 15:42:53.274 I/WifiHAL ( 558): Creating message to get link statistics; iface = 16
05-28 15:42:53.274 D/WifiHAL ( 558): error code -95 mapped to -3
05-28 15:42:53.275 E/WifiStaIfaceAidlImpl( 742): getLinkLayerStats failed with service-specific exception: android.os.ServiceSpecificException: (code 4)
05-28 15:42:56.281 I/WifiHAL ( 558): call wifi_get_link_stats handler
05-28 15:42:56.281 I/WifiHAL ( 558): Creating message to get link statistics; iface = 16
05-28 15:42:56.281 D/WifiHAL ( 558): error code -95 mapped to -3
05-28 15:42:56.282 E/WifiStaIfaceAidlImpl( 742): getLinkLayerStats failed with service-specific exception: android.os.ServiceSpecificException: (code 4)
05-28 15:42:59.289 I/WifiHAL ( 558): call wifi_get_link_stats handler
05-28 15:42:59.289 I/WifiHAL ( 558): Creating message to get link statistics; iface = 16
05-28 15:42:59.289 D/WifiHAL ( 558): error code -95 mapped to -3
05-28 15:42:59.289 E/WifiStaIfaceAidlImpl( 742): getLinkLayerStats failed with service-specific exception: android.os.ServiceSpecificException: (code 4)
05-28 15:42:59.801 V/HotPlugDetectionAction( 742): Poll all devices.
05-28 15:42:59.858 D/hdmicecd( 532): [CEC]:printCecMessage, [4 -> 0] len: 0, body:, result:no ack
05-28 15:42:59.918 D/hdmicecd( 532): [CEC]:printCecMessage, [4 -> 1] len: 0, body:, result:no ack
05-28 15:42:59.974 D/hdmicecd( 532): [CEC]:printCecMessage, [4 -> 3] len: 0, body:, result:no ack
05-28 15:43:00.030 D/hdmicecd( 532): [CEC]:printCecMessage, [4 -> 5] len: 0, body:, result:no ack
05-28 15:43:00.090 D/hdmicecd( 532): [CEC]:printCecMessage, [4 -> 8] len: 0, body:, result:no ack
05-28 15:43:00.146 D/hdmicecd( 532): [CEC]:printCecMessage, [4 -> b] len: 0, body:, result:no ack
05-28 15:43:00.202 D/hdmicecd( 532): [CEC]:printCecMessage, [4 -> e] len: 0, body:, result:no ack
05-28 15:43:00.202 D/HdmiCecController( 742): [P]:AllocatedAddress=[]
05-28 15:43:00.506 E/db_okhttp( 8961): POST url:http://otysdktj.tvfuwu.com/util-servlet/clientservice
05-28 15:43:00.506 E/db_okhttp( 8961): Request: topic=dbsc_init&message={"list":"%5B%22%257B%2522action%2522%253A%2522%2522%252C%2522insertTime%2522%253A%25221748418180502%2522%252C%2522content%2522%253A%2522%25257B%252522create_time%252522%25253A%2525221748418180502%252522%25252C%252522function%252522%25253A%252522init%252522%25252C%252522devboot_id%252522%25253A%252522174841445459487%252522%25252C%252522init_ispause%252522%25253A%2525222%252522%25257D%2522%257D%22%5D","mode":"1","mac":"g/tNESpYG9/PwHTF3VhpwDk/T+Cy+qdeKwoSjimoU+Q=","wifimac":"q9MCMMcNlOCXpWwv1qdeYQ==","ip":"Fvuptjwx8oU6BDodh2IUcQ==","channel":"+uL1c5z1z7lZFZqvGVRkHQ==","deviceid":"HYW6A0RpORlEbwTfmhSa4ALk+KpIFJJkXD05AYjGwxzDMNTUA1Q+x0Bd609R6rdh","dev_uuid":"Wvul+Vc+nCobEd58umDMooPBejhZHq0SXslKSFEz0/7rNjNYcegbeZ/oqmU96vJB","uuid":"lkm2UxCCS6pUo0VM2hOh6kLHB5/gO8ZIxN5zfVGthUTvAgWOqVQi5iy53wVF0IzI","packagename":"4u7INlRctM+acvVJ1H8eFWhLT5oSUdIcuUT4JfTX7WI=","appname":"UbS086E9JOT+vRwzW0lFjA==","packagelist":"StYQ8VSaxno+sBFpzoW/MFP7p+RUJlFeCI0OTRHyCbqOiFITq2vTqkORUvk1LNhryFJGE26gmrCn3jkSXLqusUyDV5j43BDOc/rPTtfchbQ=","vname":"EEnPqQlWue6z1AGyQn9bHw==","vcode":"6X4bRW8AOLb6xahW1AOqXA==","brand":"TDkI4ikohcctSvValz6Lqg==","cpuserial":"E75ahJxR4Nm1GULbpKtJHg==","bluetoothmac":"q9MCMMcNlOCXpWwv1qdeYQ==","osversion":"eM2RQ/CyeWNEcjPYjEPAVg==","oscode":"c0NKRmy9YUIw3GmzbJld0g==","rommodel":"ABjPdzCJylEmN2GZQZkNHA==","is_write":"PGkmCK6GzMtvR1UYLLYopw==","is_updated":"PGkmCK6GzMtvR1UYLLYopw==","session_id":"nQpl+61uEwx7OAo8KazdxU4ychKV5w3qaH0bCeYgX6F1SFjk1bveNrOTAXDqePrQ","romvername":"","romvercode":"","boxfactory":"","sn":"","settle_mode":"1"}&requestSourceType=statistics&
05-28 15:43:00.577 E/db_okhttp( 8961): POST_res url:http://otysdktj.tvfuwu.com/util-servlet/clientservice
05-28 15:43:00.577 E/db_okhttp( 8961): response:
05-28 15:43:00.943 E/dangbei111( 1946): cccccc 检查遥控器是否连接: Dangbei E4:BB:D3:57:C0:53
05-28 15:43:00.947 E/dangbei111( 1946): cccccc 检查遥控器是否连接: 蓝牙的结果 Dangbei E4:BB:D3:57:C0:53 true
05-28 15:43:00.947 E/dangbei111( 1946): cccccc 确实有遥控器 存在
05-28 15:43:00.947 E/dangbei111( 1946): cccccc rc is connected, stop scan =E4:BB:D3:57:C0:53
05-28 15:43:02.294 I/WifiHAL ( 558): call wifi_get_link_stats handler
05-28 15:43:02.294 I/WifiHAL ( 558): Creating message to get link statistics; iface = 16
05-28 15:43:02.294 D/WifiHAL ( 558): error code -95 mapped to -3
05-28 15:43:02.294 E/WifiStaIfaceAidlImpl( 742): getLinkLayerStats failed with service-specific exception: android.os.ServiceSpecificException: (code 4)
05-28 15:43:05.301 I/WifiHAL ( 558): call wifi_get_link_stats handler
05-28 15:43:05.301 I/WifiHAL ( 558): Creating message to get link statistics; iface = 16
05-28 15:43:05.301 D/WifiHAL ( 558): error code -95 mapped to -3
05-28 15:43:05.301 E/WifiStaIfaceAidlImpl( 742): getLinkLayerStats failed with service-specific exception: android.os.ServiceSpecificException: (code 4)
05-28 15:43:07.875 E/ccc ( 1946): cccccc sendCycleCheckBroadcast
05-28 15:43:07.875 W/ContextImpl( 1946): Calling a method in the system process without a qualified user: android.app.ContextImpl.sendBroadcast:1220 android.content.ContextWrapper.sendBroadcast:504 com.dangbei.etna.setting.core.SettingHelper.sendCycleToProjector:246 com.dangbei.etna.setting.core.SettingHelper.sendCycleCheckBroadcast:215 com.dangbei.etna.setting.core.SettingHelper.startLoop$lambda-0:174
05-28 15:43:07.877 W/ContextImpl( 1946): Calling a method in the system process without a qualified user: android.app.ContextImpl.sendBroadcast:1220 android.content.ContextWrapper.sendBroadcast:504 com.dangbei.etna.setting.core.SettingHelper.sendCycleToVoice:231 com.dangbei.etna.setting.core.SettingHelper.sendCycleCheckBroadcast:216 com.dangbei.etna.setting.core.SettingHelper.startLoop$lambda-0:174
05-28 15:43:07.880 W/ProcessStats( 742): Tracking association SourceState{6b8f34f com.dangbei.leard.leradlauncher/1000 BTop #1534} whose proc state 2 is better than process ProcessState{7da6cab com.android.webview:webview_service/10051 pkg=com.android.webview} proc state 15 (3 skipped)
05-28 15:43:07.880 D/RockyVoice( 2643): RestartReceiver onReceive
05-28 15:43:08.305 I/WifiHAL ( 558): call wifi_get_link_stats handler
05-28 15:43:08.305 I/WifiHAL ( 558): Creating message to get link statistics; iface = 16
05-28 15:43:08.306 D/WifiHAL ( 558): error code -95 mapped to -3
05-28 15:43:08.306 E/WifiStaIfaceAidlImpl( 742): getLinkLayerStats failed with service-specific exception: android.os.ServiceSpecificException: (code 4)
05-28 15:43:11.309 I/WifiHAL ( 558): call wifi_get_link_stats handler
05-28 15:43:11.310 I/WifiHAL ( 558): Creating message to get link statistics; iface = 16
05-28 15:43:11.310 D/WifiHAL ( 558): error code -95 mapped to -3
05-28 15:43:11.310 E/WifiStaIfaceAidlImpl( 742): getLinkLayerStats failed with service-specific exception: android.os.ServiceSpecificException: (code 4)
05-28 15:43:14.317 I/WifiHAL ( 558): call wifi_get_link_stats handler
05-28 15:43:14.317 I/WifiHAL ( 558): Creating message to get link statistics; iface = 16
05-28 15:43:14.317 D/WifiHAL ( 558): error code -95 mapped to -3
05-28 15:43:14.317 E/WifiStaIfaceAidlImpl( 742): getLinkLayerStats failed with service-specific exception: android.os.ServiceSpecificException: (code 4)
05-28 15:43:17.322 I/WifiHAL ( 558): call wifi_get_link_stats handler
05-28 15:43:17.323 I/WifiHAL ( 558): Creating message to get link statistics; iface = 16
05-28 15:43:17.323 D/WifiHAL ( 558): error code -95 mapped to -3
05-28 15:43:17.323 E/WifiStaIfaceAidlImpl( 742): getLinkLayerStats failed with service-specific exception: android.os.ServiceSpecificException: (code 4)
05-28 15:43:20.330 I/WifiHAL ( 558): call wifi_get_link_stats handler
05-28 15:43:20.330 I/WifiHAL ( 558): Creating message to get link statistics; iface = 16
05-28 15:43:20.330 D/WifiHAL ( 558): error code -95 mapped to -3
05-28 15:43:20.330 E/WifiStaIfaceAidlImpl( 742): getLinkLayerStats failed with service-specific exception: android.os.ServiceSpecificException: (code 4)
05-28 15:43:20.736 D/nStackXCoAP( 2823): IsInSameNetwork:[276] :IsInSameNetwork exec
05-28 15:43:20.736 I/nStackXDFinder( 2823): GetLocalInterfaceDetail:[461] :GetLocalInterfaceDetail in
05-28 15:43:20.736 E/nStackXCoAP( 2823): IsInSameNetwork:[281] :IsInSameNetwork: not priority process
05-28 15:43:20.736 D/nStackXCoAP( 2823): ParseServiceDiscover:[330] :new device join
05-28 15:43:20.736 E/nStackXDFinder( 2823): GetLocalIp:[401] :GetLocalIp exec
05-28 15:43:20.748 D/nStackXCoAP( 2823): CoapMessageHandler:[133] :2.01
05-28 15:43:21.003 D/nStackXCoAP( 2823): IsInSameNetwork:[276] :IsInSameNetwork exec
05-28 15:43:21.003 I/nStackXDFinder( 2823): GetLocalInterfaceDetail:[461] :GetLocalInterfaceDetail in
05-28 15:43:21.003 E/nStackXCoAP( 2823): IsInSameNetwork:[281] :IsInSameNetwork: not priority process
05-28 15:43:21.003 D/nStackXCoAP( 2823): ParseServiceDiscover:[330] :new device join
05-28 15:43:21.003 E/nStackXDFinder( 2823): GetLocalIp:[401] :GetLocalIp exec
05-28 15:43:21.040 D/nStackXCoAP( 2823): CoapMessageHandler:[133] :2.01
05-28 15:43:21.094 D/nStackXCoAP( 2823): IsInSameNetwork:[276] :IsInSameNetwork exec
05-28 15:43:21.094 I/nStackXDFinder( 2823): GetLocalInterfaceDetail:[461] :GetLocalInterfaceDetail in
05-28 15:43:21.094 E/nStackXCoAP( 2823): IsInSameNetwork:[281] :IsInSameNetwork: not priority process
05-28 15:43:21.094 D/nStackXCoAP( 2823): ParseServiceDiscover:[330] :new device join
05-28 15:43:21.094 E/nStackXDFinder( 2823): GetLocalIp:[401] :GetLocalIp exec
05-28 15:43:21.105 D/nStackXCoAP( 2823): CoapMessageHandler:[133] :2.01
05-28 15:43:21.607 D/nStackXCoAP( 2823): IsInSameNetwork:[276] :IsInSameNetwork exec
05-28 15:43:21.607 I/nStackXDFinder( 2823): GetLocalInterfaceDetail:[461] :GetLocalInterfaceDetail in
05-28 15:43:21.607 E/nStackXCoAP( 2823): IsInSameNetwork:[281] :IsInSameNetwork: not priority process
05-28 15:43:21.607 D/nStackXCoAP( 2823): ParseServiceDiscover:[330] :new device join
05-28 15:43:21.607 E/nStackXDFinder( 2823): GetLocalIp:[401] :GetLocalIp exec
05-28 15:43:21.818 D/nStackXCoAP( 2823): IsInSameNetwork:[276] :IsInSameNetwork exec
05-28 15:43:21.818 I/nStackXDFinder( 2823): GetLocalInterfaceDetail:[461] :GetLocalInterfaceDetail in
05-28 15:43:21.818 E/nStackXCoAP( 2823): IsInSameNetwork:[281] :IsInSameNetwork: not priority process
05-28 15:43:21.818 D/nStackXCoAP( 2823): ParseServiceDiscover:[330] :new device join
05-28 15:43:21.819 E/nStackXDFinder( 2823): GetLocalIp:[401] :GetLocalIp exec
05-28 15:43:21.943 D/nStackXCoAP( 2823): IsInSameNetwork:[276] :IsInSameNetwork exec
05-28 15:43:21.943 I/nStackXDFinder( 2823): GetLocalInterfaceDetail:[461] :GetLocalInterfaceDetail in
05-28 15:43:21.943 E/nStackXCoAP( 2823): IsInSameNetwork:[281] :IsInSameNetwork: not priority process
05-28 15:43:21.943 D/nStackXCoAP( 2823): ParseServiceDiscover:[330] :new device join
05-28 15:43:21.943 E/nStackXDFinder( 2823): GetLocalIp:[401] :GetLocalIp exec
05-28 15:43:22.086 D/nStackXCoAP( 2823): IsInSameNetwork:[276] :IsInSameNetwork exec
05-28 15:43:22.086 I/nStackXDFinder( 2823): GetLocalInterfaceDetail:[461] :GetLocalInterfaceDetail in
05-28 15:43:22.086 E/nStackXCoAP( 2823): IsInSameNetwork:[281] :IsInSameNetwork: not priority process
05-28 15:43:22.086 D/nStackXCoAP( 2823): ParseServiceDiscover:[330] :new device join
05-28 15:43:22.086 E/nStackXDFinder( 2823): GetLocalIp:[401] :GetLocalIp exec
05-28 15:43:22.458 D/nStackXCoAP( 2823): IsInSameNetwork:[276] :IsInSameNetwork exec
05-28 15:43:22.458 I/nStackXDFinder( 2823): GetLocalInterfaceDetail:[461] :GetLocalInterfaceDetail in
05-28 15:43:22.458 E/nStackXCoAP( 2823): IsInSameNetwork:[281] :IsInSameNetwork: not priority process
05-28 15:43:22.458 D/nStackXCoAP( 2823): ParseServiceDiscover:[330] :new device join
05-28 15:43:22.458 E/nStackXDFinder( 2823): GetLocalIp:[401] :GetLocalIp exec
05-28 15:43:22.460 D/nStackXCoAP( 2823): IsInSameNetwork:[276] :IsInSameNetwork exec
05-28 15:43:22.460 I/nStackXDFinder( 2823): GetLocalInterfaceDetail:[461] :GetLocalInterfaceDetail in
05-28 15:43:22.460 E/nStackXCoAP( 2823): IsInSameNetwork:[281] :IsInSameNetwork: not priority process
05-28 15:43:22.460 D/nStackXCoAP( 2823): ParseServiceDiscover:[330] :new device join
05-28 15:43:22.460 E/nStackXDFinder( 2823): GetLocalIp:[401] :GetLocalIp exec
05-28 15:43:22.555 I/audio_hw_hal_alsamgr( 509): alsa format =0x1 delay frames =768 total frames=261854720
05-28 15:43:22.602 D/nStackXCoAP( 2823): CoapMessageHandler:[133] :2.01
05-28 15:43:22.603 D/nStackXCoAP( 2823): CoapMessageHandler:[133] :2.01
05-28 15:43:22.603 D/nStackXCoAP( 2823): CoapMessageHandler:[133] :2.01
05-28 15:43:22.603 D/nStackXCoAP( 2823): CoapMessageHandler:[133] :2.01
05-28 15:43:22.603 D/nStackXCoAP( 2823): CoapMessageHandler:[133] :2.01
05-28 15:43:22.928 D/nStackXCoAP( 2823): IsInSameNetwork:[276] :IsInSameNetwork exec
05-28 15:43:22.928 I/nStackXDFinder( 2823): GetLocalInterfaceDetail:[461] :GetLocalInterfaceDetail in
05-28 15:43:22.928 E/nStackXCoAP( 2823): IsInSameNetwork:[281] :IsInSameNetwork: not priority process
05-28 15:43:22.928 D/nStackXCoAP( 2823): ParseServiceDiscover:[330] :new device join
05-28 15:43:22.928 E/nStackXDFinder( 2823): GetLocalIp:[401] :GetLocalIp exec
05-28 15:43:22.929 D/nStackXCoAP( 2823): IsInSameNetwork:[276] :IsInSameNetwork exec
05-28 15:43:22.930 I/nStackXDFinder( 2823): GetLocalInterfaceDetail:[461] :GetLocalInterfaceDetail in
05-28 15:43:22.930 E/nStackXCoAP( 2823): IsInSameNetwork:[281] :IsInSameNetwork: not priority process
05-28 15:43:22.930 D/nStackXCoAP( 2823): ParseServiceDiscover:[330] :new device join
05-28 15:43:22.930 E/nStackXDFinder( 2823): GetLocalIp:[401] :GetLocalIp exec
05-28 15:43:23.337 I/WifiHAL ( 558): call wifi_get_link_stats handler
05-28 15:43:23.338 I/WifiHAL ( 558): Creating message to get link statistics; iface = 16
05-28 15:43:23.338 D/WifiHAL ( 558): error code -95 mapped to -3
05-28 15:43:23.338 E/WifiStaIfaceAidlImpl( 742): getLinkLayerStats failed with service-specific exception: android.os.ServiceSpecificException: (code 4)
05-28 15:43:23.345 D/nStackXCoAP( 2823): IsInSameNetwork:[276] :IsInSameNetwork exec
05-28 15:43:23.345 I/nStackXDFinder( 2823): GetLocalInterfaceDetail:[461] :GetLocalInterfaceDetail in
05-28 15:43:23.345 E/nStackXCoAP( 2823): IsInSameNetwork:[281] :IsInSameNetwork: not priority process
05-28 15:43:23.345 D/nStackXCoAP( 2823): ParseServiceDiscover:[330] :new device join
05-28 15:43:23.345 E/nStackXDFinder( 2823): GetLocalIp:[401] :GetLocalIp exec
05-28 15:43:23.374 D/nStackXCoAP( 2823): IsInSameNetwork:[276] :IsInSameNetwork exec
05-28 15:43:23.374 I/nStackXDFinder( 2823): GetLocalInterfaceDetail:[461] :GetLocalInterfaceDetail in
05-28 15:43:23.374 E/nStackXCoAP( 2823): IsInSameNetwork:[281] :IsInSameNetwork: not priority process
05-28 15:43:23.374 D/nStackXCoAP( 2823): ParseServiceDiscover:[330] :new device join
05-28 15:43:23.374 E/nStackXDFinder( 2823): GetLocalIp:[401] :GetLocalIp exec
05-28 15:43:23.425 D/nStackXCoAP( 2823): IsInSameNetwork:[276] :IsInSameNetwork exec
05-28 15:43:23.425 I/nStackXDFinder( 2823): GetLocalInterfaceDetail:[461] :GetLocalInterfaceDetail in
05-28 15:43:23.425 E/nStackXCoAP( 2823): IsInSameNetwork:[281] :IsInSameNetwork: not priority process
05-28 15:43:23.425 D/nStackXCoAP( 2823): ParseServiceDiscover:[330] :new device join
05-28 15:43:23.425 E/nStackXDFinder( 2823): GetLocalIp:[401] :GetLocalIp exec
05-28 15:43:23.580 D/nStackXCoAP( 2823): IsInSameNetwork:[276] :IsInSameNetwork exec
05-28 15:43:23.580 I/nStackXDFinder( 2823): GetLocalInterfaceDetail:[461] :GetLocalInterfaceDetail in
05-28 15:43:23.580 E/nStackXCoAP( 2823): IsInSameNetwork:[281] :IsInSameNetwork: not priority process
05-28 15:43:23.580 D/nStackXCoAP( 2823): ParseServiceDiscover:[330] :new device join
05-28 15:43:23.580 E/nStackXDFinder( 2823): GetLocalIp:[401] :GetLocalIp exec
05-28 15:43:23.623 D/nStackXCoAP( 2823): CoapMessageHandler:[133] :2.01
05-28 15:43:23.623 D/nStackXCoAP( 2823): CoapMessageHandler:[133] :2.01
05-28 15:43:23.623 D/nStackXCoAP( 2823): CoapMessageHandler:[133] :2.01
05-28 15:43:23.623 D/nStackXCoAP( 2823): CoapMessageHandler:[133] :2.01
05-28 15:43:23.623 D/nStackXCoAP( 2823): CoapMessageHandler:[133] :2.01
05-28 15:43:23.624 D/nStackXCoAP( 2823): CoapMessageHandler:[133] :2.01
05-28 15:43:23.636 D/nStackXCoAP( 2823): IsInSameNetwork:[276] :IsInSameNetwork exec
05-28 15:43:23.636 I/nStackXDFinder( 2823): GetLocalInterfaceDetail:[461] :GetLocalInterfaceDetail in
05-28 15:43:23.636 E/nStackXCoAP( 2823): IsInSameNetwork:[281] :IsInSameNetwork: not priority process
05-28 15:43:23.636 D/nStackXCoAP( 2823): ParseServiceDiscover:[330] :new device join
05-28 15:43:23.636 E/nStackXDFinder( 2823): GetLocalIp:[401] :GetLocalIp exec
05-28 15:43:23.715 D/nStackXCoAP( 2823): CoapMessageHandler:[133] :2.01
05-28 15:43:23.770 D/nStackXCoAP( 2823): IsInSameNetwork:[276] :IsInSameNetwork exec
05-28 15:43:23.770 I/nStackXDFinder( 2823): GetLocalInterfaceDetail:[461] :GetLocalInterfaceDetail in
05-28 15:43:23.770 E/nStackXCoAP( 2823): IsInSameNetwork:[281] :IsInSameNetwork: not priority process
05-28 15:43:23.770 D/nStackXCoAP( 2823): ParseServiceDiscover:[330] :new device join
05-28 15:43:23.770 E/nStackXDFinder( 2823): GetLocalIp:[401] :GetLocalIp exec
05-28 15:43:23.823 D/nStackXCoAP( 2823): CoapMessageHandler:[133] :2.01
05-28 15:43:24.150 D/nStackXCoAP( 2823): IsInSameNetwork:[276] :IsInSameNetwork exec
05-28 15:43:24.150 I/nStackXDFinder( 2823): GetLocalInterfaceDetail:[461] :GetLocalInterfaceDetail in
05-28 15:43:24.150 E/nStackXCoAP( 2823): IsInSameNetwork:[281] :IsInSameNetwork: not priority process
05-28 15:43:24.150 D/nStackXCoAP( 2823): ParseServiceDiscover:[330] :new device join
