05-28 15:43:24.150 E/nStackXDFinder( 2823): GetLocalIp:[401] :GetLocalIp exec
05-28 15:43:24.204 D/nStackXCoAP( 2823): CoapMessageHandler:[133] :2.01
05-28 15:43:24.291 D/nStackXCoAP( 2823): IsInSameNetwork:[276] :IsInSameNetwork exec
05-28 15:43:24.292 I/nStackXDFinder( 2823): GetLocalInterfaceDetail:[461] :GetLocalInterfaceDetail in
05-28 15:43:24.292 E/nStackXCoAP( 2823): IsInSameNetwork:[281] :IsInSameNetwork: not priority process
05-28 15:43:24.292 D/nStackXCoAP( 2823): ParseServiceDiscover:[330] :new device join
05-28 15:43:24.292 E/nStackXDFinder( 2823): GetLocalIp:[401] :GetLocalIp exec
05-28 15:43:24.330 D/nStackXCoAP( 2823): CoapMessageHandler:[133] :2.01
05-28 15:43:24.447 D/nStackXCoAP( 2823): IsInSameNetwork:[276] :IsInSameNetwork exec
05-28 15:43:24.447 I/nStackXDFinder( 2823): GetLocalInterfaceDetail:[461] :GetLocalInterfaceDetail in
05-28 15:43:24.447 E/nStackXCoAP( 2823): IsInSameNetwork:[281] :IsInSameNetwork: not priority process
05-28 15:43:24.447 D/nStackXCoAP( 2823): ParseServiceDiscover:[330] :new device join
05-28 15:43:24.447 E/nStackXDFinder( 2823): GetLocalIp:[401] :GetLocalIp exec
05-28 15:43:24.496 D/nStackXCoAP( 2823): CoapMessageHandler:[133] :2.01
05-28 15:43:24.496 D/nStackXCoAP( 2823): CoapMessageHandler:[133] :2.01
05-28 15:43:24.540 D/nStackXCoAP( 2823): IsInSameNetwork:[276] :IsInSameNetwork exec
05-28 15:43:24.540 I/nStackXDFinder( 2823): GetLocalInterfaceDetail:[461] :GetLocalInterfaceDetail in
05-28 15:43:24.540 E/nStackXCoAP( 2823): IsInSameNetwork:[281] :IsInSameNetwork: not priority process
05-28 15:43:24.540 D/nStackXCoAP( 2823): ParseServiceDiscover:[330] :new device join
05-28 15:43:24.540 E/nStackXDFinder( 2823): GetLocalIp:[401] :GetLocalIp exec
05-28 15:43:24.564 D/nStackXCoAP( 2823): CoapMessageHandler:[133] :2.01
05-28 15:43:24.704 D/nStackXCoAP( 2823): IsInSameNetwork:[276] :IsInSameNetwork exec
05-28 15:43:24.704 I/nStackXDFinder( 2823): GetLocalInterfaceDetail:[461] :GetLocalInterfaceDetail in
05-28 15:43:24.704 E/nStackXCoAP( 2823): IsInSameNetwork:[281] :IsInSameNetwork: not priority process
05-28 15:43:24.704 D/nStackXCoAP( 2823): ParseServiceDiscover:[330] :new device join
05-28 15:43:24.704 E/nStackXDFinder( 2823): GetLocalIp:[401] :GetLocalIp exec
05-28 15:43:24.739 D/nStackXCoAP( 2823): CoapMessageHandler:[133] :2.01
05-28 15:43:25.031 D/nStackXCoAP( 2823): IsInSameNetwork:[276] :IsInSameNetwork exec
05-28 15:43:25.031 I/nStackXDFinder( 2823): GetLocalInterfaceDetail:[461] :GetLocalInterfaceDetail in
05-28 15:43:25.031 E/nStackXCoAP( 2823): IsInSameNetwork:[281] :IsInSameNetwork: not priority process
05-28 15:43:25.031 D/nStackXCoAP( 2823): ParseServiceDiscover:[330] :new device join
05-28 15:43:25.031 E/nStackXDFinder( 2823): GetLocalIp:[401] :GetLocalIp exec
05-28 15:43:25.054 D/nStackXCoAP( 2823): CoapMessageHandler:[133] :2.01
05-28 15:43:25.197 D/nStackXCoAP( 2823): IsInSameNetwork:[276] :IsInSameNetwork exec
05-28 15:43:25.197 I/nStackXDFinder( 2823): GetLocalInterfaceDetail:[461] :GetLocalInterfaceDetail in
05-28 15:43:25.197 E/nStackXCoAP( 2823): IsInSameNetwork:[281] :IsInSameNetwork: not priority process
05-28 15:43:25.197 D/nStackXCoAP( 2823): ParseServiceDiscover:[330] :new device join
05-28 15:43:25.197 E/nStackXDFinder( 2823): GetLocalIp:[401] :GetLocalIp exec
05-28 15:43:25.267 D/nStackXCoAP( 2823): CoapMessageHandler:[133] :2.01
05-28 15:43:25.306 D/nStackXCoAP( 2823): IsInSameNetwork:[276] :IsInSameNetwork exec
05-28 15:43:25.306 I/nStackXDFinder( 2823): GetLocalInterfaceDetail:[461] :GetLocalInterfaceDetail in
05-28 15:43:25.306 E/nStackXCoAP( 2823): IsInSameNetwork:[281] :IsInSameNetwork: not priority process
05-28 15:43:25.306 D/nStackXCoAP( 2823): ParseServiceDiscover:[330] :new device join
05-28 15:43:25.306 E/nStackXDFinder( 2823): GetLocalIp:[401] :GetLocalIp exec
05-28 15:43:25.518 D/nStackXCoAP( 2823): IsInSameNetwork:[276] :IsInSameNetwork exec
05-28 15:43:25.518 I/nStackXDFinder( 2823): GetLocalInterfaceDetail:[461] :GetLocalInterfaceDetail in
05-28 15:43:25.518 E/nStackXCoAP( 2823): IsInSameNetwork:[281] :IsInSameNetwork: not priority process
05-28 15:43:25.518 D/nStackXCoAP( 2823): ParseServiceDiscover:[330] :new device join
05-28 15:43:25.518 E/nStackXDFinder( 2823): GetLocalIp:[401] :GetLocalIp exec
05-28 15:43:25.732 D/nStackXCoAP( 2823): CoapMessageHandler:[133] :2.01
05-28 15:43:26.344 I/WifiHAL ( 558): call wifi_get_link_stats handler
05-28 15:43:26.344 I/WifiHAL ( 558): Creating message to get link statistics; iface = 16
05-28 15:43:26.344 D/WifiHAL ( 558): error code -95 mapped to -3
05-28 15:43:26.344 E/WifiStaIfaceAidlImpl( 742): getLinkLayerStats failed with service-specific exception: android.os.ServiceSpecificException: (code 4)
05-28 15:43:29.350 I/WifiHAL ( 558): call wifi_get_link_stats handler
05-28 15:43:29.350 I/WifiHAL ( 558): Creating message to get link statistics; iface = 16
05-28 15:43:29.350 D/WifiHAL ( 558): error code -95 mapped to -3
05-28 15:43:29.351 E/WifiStaIfaceAidlImpl( 742): getLinkLayerStats failed with service-specific exception: android.os.ServiceSpecificException: (code 4)
05-28 15:43:31.431 D/TrafficStats( 2316): tagSocket(126) with statsTag=0xffffffff, statsUid=-1
05-28 15:43:32.357 I/WifiHAL ( 558): call wifi_get_link_stats handler
05-28 15:43:32.358 I/WifiHAL ( 558): Creating message to get link statistics; iface = 16
05-28 15:43:32.358 D/WifiHAL ( 558): error code -95 mapped to -3
05-28 15:43:32.358 E/WifiStaIfaceAidlImpl( 742): getLinkLayerStats failed with service-specific exception: android.os.ServiceSpecificException: (code 4)
05-28 15:43:33.895 D/bbb ( 2170): onStartCommand begin !!!!!!! data分区剩余 54410MB
05-28 15:43:35.366 I/WifiHAL ( 558): call wifi_get_link_stats handler
05-28 15:43:35.366 I/WifiHAL ( 558): Creating message to get link statistics; iface = 16
05-28 15:43:35.366 D/WifiHAL ( 558): error code -95 mapped to -3
05-28 15:43:35.366 E/WifiStaIfaceAidlImpl( 742): getLinkLayerStats failed with service-specific exception: android.os.ServiceSpecificException: (code 4)
05-28 15:43:38.373 I/WifiHAL ( 558): call wifi_get_link_stats handler
05-28 15:43:38.374 I/WifiHAL ( 558): Creating message to get link statistics; iface = 16
05-28 15:43:38.374 D/WifiHAL ( 558): error code -95 mapped to -3
05-28 15:43:38.374 E/WifiStaIfaceAidlImpl( 742): getLinkLayerStats failed with service-specific exception: android.os.ServiceSpecificException: (code 4)
05-28 15:43:41.378 I/WifiHAL ( 558): call wifi_get_link_stats handler
05-28 15:43:41.378 I/WifiHAL ( 558): Creating message to get link statistics; iface = 16
05-28 15:43:41.379 D/WifiHAL ( 558): error code -95 mapped to -3
05-28 15:43:41.379 E/WifiStaIfaceAidlImpl( 742): getLinkLayerStats failed with service-specific exception: android.os.ServiceSpecificException: (code 4)
05-28 15:43:44.385 I/WifiHAL ( 558): call wifi_get_link_stats handler
05-28 15:43:44.386 I/WifiHAL ( 558): Creating message to get link statistics; iface = 16
05-28 15:43:44.386 D/WifiHAL ( 558): error code -95 mapped to -3
05-28 15:43:44.386 E/WifiStaIfaceAidlImpl( 742): getLinkLayerStats failed with service-specific exception: android.os.ServiceSpecificException: (code 4)
05-28 15:43:47.392 I/WifiHAL ( 558): call wifi_get_link_stats handler
05-28 15:43:47.393 I/WifiHAL ( 558): Creating message to get link statistics; iface = 16
05-28 15:43:47.393 D/WifiHAL ( 558): error code -95 mapped to -3
05-28 15:43:47.393 E/WifiStaIfaceAidlImpl( 742): getLinkLayerStats failed with service-specific exception: android.os.ServiceSpecificException: (code 4)
05-28 15:43:50.398 I/WifiHAL ( 558): call wifi_get_link_stats handler
05-28 15:43:50.398 I/WifiHAL ( 558): Creating message to get link statistics; iface = 16
05-28 15:43:50.398 D/WifiHAL ( 558): error code -95 mapped to -3 05-2