05-28 15:37:31.312 I/VDA ( 527): [0##105]"CreateOutputBuffers decoder_state_ change to kAwaitingPictureBuffers\n"
05-28 15:37:31.312 I/VDA ( 527): [0##105]"StartDevicePoll\n"
05-28 15:37:31.312 I/V4l2Adaptor( 527): V4l2Adaptor::ProvidePictureBuffers 13
05-28 15:37:31.312 I/VideoDecWraper( 527): [0##105]"providePictureBuffers:minNumBuffers:13, w:1920, h:1080"
05-28 15:37:31.312 I/VDA ( 527): [0##105]"bitdepth:8"
05-28 15:37:31.312 I/C2VdecDeviceUtil( 527): [0#105]"Query the stream bit depth(8) success."
05-28 15:37:31.313 E/C2VdecCodecConfig( 527): c2.amlogic.hevc.decoder can support 4K
05-28 15:37:31.313 I/C2VdecDeviceUtil( 527): setSkipReallocBufMode:0
05-28 15:37:31.313 D/VDA ( 527): [0##105]"DecodeBufferTask DecodeBufferTask early out: state=kAwaitingPictureBuffers\n"
05-28 15:37:31.313 D/VDA ( 527): [0##105]"DecodeBufferTask DecodeBufferTask early out: state=kAwaitingPictureBuffers\n"
05-28 15:37:31.313 I/android.hardware.media.c2@1.2-service( 527): (null) is not set, used defaultValue = 0
05-28 15:37:31.313 I/C2VdecComponent( 527): [0##105]"[onOutputFormatChanged:1978]New output format(pixel_format=0x11, min_num_buffers=13, coded_size=1920x1080, crop_rect=(0,0) 1920x1080)"
05-28 15:37:31.313 I/C2VdecDeviceUtil( 527): vendor.media.c2.vdec.disable_vpp_thres is not set used def = 0
05-28 15:37:31.313 E/C2VdecCodecConfig( 527): c2.amlogic.hevc.decoder can support 4K
05-28 15:37:31.313 I/C2VdecComponent( 527): [0##105]"Update dequeue buffer num: 13 -> 5 out delay buffer margin:0"
05-28 15:37:31.313 I/C2VdecComponent( 527): [0##105]"AllocateBuffersFromBlockPool(1920x1080, 0x11)"
05-28 15:37:31.313 I/C2VdecDeviceUtil( 527): setSkipReallocBufMode:0
05-28 15:37:31.314 I/gralloc ( 527): am_gralloc_set_uvm_decoder_para: parameters:[slot_id=0,w*h(0*0),w_align=0,h_align=0,size=0]
05-28 15:37:31.314 I/C2VdecGrallocWraper( 527): [0#105 getSlotID@504]"Got SlotID:0"
05-28 15:37:31.314 I/C2VdecDeviceUtil( 527): setSkipReallocBufMode:0
05-28 15:37:31.314 D/CCodecConfig(14565): c2 config diff is c2::u32 output.delay.value = 5
05-28 15:37:31.314 I/VDA ( 527): [0##105]"[postAndReplyMsg@1913] got widthalign:64"
05-28 15:37:31.314 I/C2VdecDeviceUtil( 527): [0#105]"Query the decoder width align(64) success."
05-28 15:37:31.314 I/C2VdecGrallocWraper( 527): [0#105 setParameters@543]"setParam WxH(1920 x 1088), Align(64 : 64) for slot id:0"
05-28 15:37:31.314 I/gralloc ( 527): am_gralloc_set_uvm_decoder_para: parameters:[slot_id=0,w*h(1920*1088),w_align=64,h_align=64,size=0]
05-28 15:37:31.314 E/C2VdecCodecConfig( 527): c2.amlogic.hevc.decoder can support 4K
05-28 15:37:31.314 I/AmVideoDec( 527): [No--1]-[0]"setupOutputBufferNum 13\n"
05-28 15:37:31.314 I/V4l2Adaptor( 527): assignPictureBuffers numOutputBuffers 13
05-28 15:37:31.314 I/V4l2Adaptor( 527): onAssignPictureBuffers numOutputBuffers 13
05-28 15:37:31.314 I/VDA ( 527): [0##105]"AssignPictureBuffers buffer_count=13"
05-28 15:37:31.314 I/VDA ( 527): [0##105]"AssignPictureBuffersTask decoder_state_=kAwaitingPictureBuffers"
05-28 15:37:31.315 I/mali_gralloc( 262): am_gralloc_get_uvm_decoder_para: parameters:[slot_id=0,w*h(1920*1088),w_align=64,h_align=64,size=0]
05-28 15:37:31.315 I/mali_gralloc( 262): am_gralloc_get_uvm_decoder_para: parameters:[slot_id=0,w*h(1920*1088),w_align=64,h_align=64,size=0]
05-28 15:37:31.316 D/Codec2-OutputBufferQueue(14565): set max dequeue count 12 from update
05-28 15:37:31.316 I/C2VdecBlockPoolUtil( 527): Fetch the new block(ino:37738 fd:63 dup fd:66 id:0) and append.
05-28 15:37:31.316 I/V4l2Adaptor( 527): importBufferForPicture pictureBufferId 0, dmabufFd 67, metaFd -1
05-28 15:37:31.316 I/V4l2Adaptor( 527): onImportBufferForPicture pictureBufferId 0, dmabufFd 67, metaFd -1, plane size 1
05-28 15:37:31.316 I/V4l2Adaptor( 527): onImportBufferForPicture addr 0x0, stride 0, offset 0, size 0
05-28 15:37:31.317 I/VDA ( 527): [0##105]"ImportDynamicCaptureBufferForPictureTask fd=67, index=0\n"" {IN=7/8, OUT=0/1[kAtAccelerator(1) kAtDevice(0) kAtClient(0)]}"
05-28 15:37:31.317 I/mali_gralloc( 262): am_gralloc_get_uvm_decoder_para: parameters:[slot_id=0,w*h(1920*1088),w_align=64,h_align=64,size=0]
05-28 15:37:31.317 I/mali_gralloc( 262): am_gralloc_get_uvm_decoder_para: parameters:[slot_id=0,w*h(1920*1088),w_align=64,h_align=64,size=0]
05-28 15:37:31.317 I/VDA ( 527): [0##105]"----enqueue output STREAMON----\n"
05-28 15:37:31.317 I/VDA ( 527): [0##105]"DecodeBufferTask decoder_state_ = kPictureBuffersReady -> kDecoding"
05-28 15:37:31.318 I/C2VdecBlockPoolUtil( 527): Fetch the new block(ino:37740 fd:72 dup fd:75 id:1) and append.
05-28 15:37:31.319 I/V4l2Adaptor( 527): importBufferForPicture pictureBufferId 1, dmabufFd 76, metaFd -1
05-28 15:37:31.319 I/V4l2Adaptor( 527): onImportBufferForPicture pictureBufferId 1, dmabufFd 76, metaFd -1, plane size 1
05-28 15:37:31.319 I/V4l2Adaptor( 527): onImportBufferForPicture addr 0x0, stride 0, offset 0, size 0
05-28 15:37:31.319 I/VDA ( 527): [0##105]"ImportDynamicCaptureBufferForPictureTask fd=76, index=1\n"" {IN=8/8, OUT=0/2[kAtAccelerator(1) kAtDevice(1) kAtClient(0)]}"
05-28 15:37:31.319 I/mali_gralloc( 262): am_gralloc_get_uvm_decoder_para: parameters:[slot_id=0,w*h(1920*1088),w_align=64,h_align=64,size=0]
05-28 15:37:31.319 I/mali_gralloc( 262): am_gralloc_get_uvm_decoder_para: parameters:[slot_id=0,w*h(1920*1088),w_align=64,h_align=64,size=0]
05-28 15:37:31.321 I/C2VdecBlockPoolUtil( 527): Fetch the new block(ino:37743 fd:80 dup fd:83 id:2) and append.
05-28 15:37:31.321 I/V4l2Adaptor( 527): importBufferForPicture pictureBufferId 2, dmabufFd 84, metaFd -1
05-28 15:37:31.321 I/V4l2Adaptor( 527): onImportBufferForPicture pictureBufferId 2, dmabufFd 84, metaFd -1, plane size 1
05-28 15:37:31.321 I/V4l2Adaptor( 527): onImportBufferForPicture addr 0x0, stride 0, offset 0, size 0
05-28 15:37:31.321 I/VDA ( 527): [0##105]"ImportDynamicCaptureBufferForPictureTask fd=84, index=2\n"" {IN=8/8, OUT=0/3[kAtAccelerator(1) kAtDevice(2) kAtClient(0)]}"
05-28 15:37:31.321 I/mali_gralloc( 262): am_gralloc_get_uvm_decoder_para: parameters:[slot_id=0,w*h(1920*1088),w_align=64,h_align=64,size=0]
05-28 15:37:31.321 I/mali_gralloc( 262): am_gralloc_get_uvm_decoder_para: parameters:[slot_id=0,w*h(1920*1088),w_align=64,h_align=64,size=0]
05-28 15:37:31.322 I/VDA ( 527): [0##105]"reportFrameRate set [3200] framerate[30.000000]"
05-28 15:37:31.322 V/android.hardware.media.c2@1.2-service( 527): [0528/153731.322925:VERBOSE1:v4l2_video_decode_accelerator.cc(4638)] NotifyEvent():
05-28 15:37:31.323 I/VideoDecWraper( 527): [0##105]"event 5, param 0xe6278a74, paramsize:4\n"
05-28 15:37:31.323 I/C2VdecComponent( 527): NotifyEvent:event:5
05-28 15:37:31.323 I/C2VdecDeviceUtil( 527): [0#105]"Update color aspect p:1/1, r:2/2, m:1/1, t:3/3"
05-28 15:37:31.323 V/android.hardware.media.c2@1.2-service( 527): [0528/153731.323226:VERBOSE1:v4l2_video_decode_accelerator.cc(4580)] CheckInterlaced():
05-28 15:37:31.323 I/VDA ( 527): [0##105]"VIDIOC_G_FMT format.fmt.pix.width 1920\n"
05-28 15:37:31.323 I/VDA ( 527): [0##105]"[GetVisibleSize] visible width 1920, height 1080\n"
05-28 15:37:31.323 I/VDA ( 527): [0##105]"CheckInterlaced format.fmt.pix.field 1\n"
05-28 15:37:31.323 V/android.hardware.media.c2@1.2-service( 527): [0528/153731.323354:VERBOSE1:v4l2_video_decode_accelerator.cc(4638)] NotifyEvent():
05-28 15:37:31.323 I/VideoDecWraper( 527): [0##105]"event 2, param 0x0, paramsize:0\n"
05-28 15:37:31.323 I/C2VdecComponent( 527): NotifyEvent:event:2
05-28 15:37:31.323 I/AmlManagePts( 527): [0]"setInterlace set interlace[0]\n"
05-28 15:37:31.324 I/C2VdecBlockPoolUtil( 527): Fetch the new block(ino:37745 fd:86 dup fd:89 id:3) and append.
05-28 15:37:31.324 I/V4l2Adaptor( 527): importBufferForPicture pictureBufferId 3, dmabufFd 90, metaFd -1
05-28 15:37:31.324 I/V4l2Adaptor( 527): onImportBufferForPicture pictureBufferId 3, dmabufFd 90, metaFd -1, plane size 1
05-28 15:37:31.324 I/V4l2Adaptor( 527): onImportBufferForPicture addr 0x0, stride 0, offset 0, size 0
05-28 15:37:31.324 I/VDA ( 527): [0##105]"ImportDynamicCaptureBufferForPictureTask fd=90, index=3\n"" {IN=7/8, OUT=1/4[kAtAccelerator(1) kAtDevice(2) kAtClient(1)]}"
05-28 15:37:31.325 I/mali_gralloc( 262): am_gralloc_get_uvm_decoder_para: parameters:[slot_id=0,w*h(1920*1088),w_align=64,h_align=64,size=0]
05-28 15:37:31.325 I/mali_gralloc( 262): am_gralloc_get_uvm_decoder_para: parameters:[slot_id=0,w*h(1920*1088),w_align=64,h_align=64,size=0]
05-28 15:37:31.327 I/C2VdecBlockPoolUtil( 527): Fetch the new block(ino:37747 fd:58 dup fd:93 id:4) and append.
05-28 15:37:31.327 I/V4l2Adaptor( 527): importBufferForPicture pictureBufferId 4, dmabufFd 94, metaFd -1
05-28 15:37:31.327 I/V4l2Adaptor( 527): onImportBufferForPicture pictureBufferId 4, dmabufFd 94, metaFd -1, plane size 1
05-28 15:37:31.327 I/V4l2Adaptor( 527): onImportBufferForPicture addr 0x0, stride 0, offset 0, size 0
05-28 15:37:31.327 I/VDA ( 527): [0##105]"ImportDynamicCaptureBufferForPictureTask fd=94, index=4\n"" {IN=5/8, OUT=1/5[kAtAccelerator(1) kAtDevice(3) kAtClient(1)]}"
05-28 15:37:31.328 I/mali_gralloc( 262): am_gralloc_get_uvm_decoder_para: parameters:[slot_id=0,w*h(1920*1088),w_align=64,h_align=64,size=0]
05-28 15:37:31.328 I/mali_gralloc( 262): am_gralloc_get_uvm_decoder_para: parameters:[slot_id=0,w*h(1920*1088),w_align=64,h_align=64,size=0]
05-28 15:37:31.330 V/android.hardware.media.c2@1.2-service( 527): [0528/153731.330033:VERBOSE1:v4l2_video_decode_accelerator.cc(4580)] CheckInterlaced():
05-28 15:37:31.330 I/VDA ( 527): [0##105]"VIDIOC_G_FMT format.fmt.pix.width 1920\n"
05-28 15:37:31.330 I/VDA ( 527): [0##105]"[GetVisibleSize] visible width 1920, height 1080\n"
05-28 15:37:31.330 I/VDA ( 527): [0##105]"CheckInterlaced format.fmt.pix.field 1\n"
05-28 15:37:31.330 V/android.hardware.media.c2@1.2-service( 527): [0528/153731.330434:VERBOSE1:v4l2_video_decode_accelerator.cc(4638)] NotifyEvent():
05-28 15:37:31.330 I/VideoDecWraper( 527): [0##105]"event 2, param 0x0, paramsize:0\n"
05-28 15:37:31.330 I/C2VdecComponent( 527): NotifyEvent:event:2
05-28 15:37:31.330 I/AmlManagePts( 527): [0]"setInterlace set interlace[0]\n"
05-28 15:37:31.330 I/C2VdecBlockPoolUtil( 527): Fetch the new block(ino:37749 fd:96 dup fd:99 id:5) and append.
05-28 15:37:31.330 I/V4l2Adaptor( 527): importBufferForPicture pictureBufferId 5, dmabufFd 100, metaFd -1
05-28 15:37:31.331 I/V4l2Adaptor( 527): onImportBufferForPicture pictureBufferId 5, dmabufFd 100, metaFd -1, plane size 1
05-28 15:37:31.331 I/V4l2Adaptor( 527): onImportBufferForPicture addr 0x0, stride 0, offset 0, size 0
05-28 15:37:31.331 I/VDA ( 527): [0##105]"ImportDynamicCaptureBufferForPictureTask fd=100, index=5\n"" {IN=4/8, OUT=2/6[kAtAccelerator(1) kAtDevice(3) kAtClient(2)]}"
05-28 15:37:31.331 I/mali_gralloc( 262): am_gralloc_get_uvm_decoder_para: parameters:[slot_id=0,w*h(1920*1088),w_align=64,h_align=64,size=0]
05-28 15:37:31.331 I/mali_gralloc( 262): am_gralloc_get_uvm_decoder_para: parameters:[slot_id=0,w*h(1920*1088),w_align=64,h_align=64,size=0]
05-28 15:37:31.334 I/C2VdecBlockPoolUtil( 527): Fetch the new block(ino:37751 fd:102 dup fd:105 id:6) and append.
05-28 15:37:31.334 I/V4l2Adaptor( 527): importBufferForPicture pictureBufferId 6, dmabufFd 42, metaFd -1
05-28 15:37:31.334 I/V4l2Adaptor( 527): onImportBufferForPicture pictureBufferId 6, dmabufFd 42, metaFd -1, plane size 1
05-28 15:37:31.334 I/V4l2Adaptor( 527): onImportBufferForPicture addr 0x0, stride 0, offset 0, size 0
05-28 15:37:31.334 I/VDA ( 527): [0##105]"ImportDynamicCaptureBufferForPictureTask fd=42, index=6\n"" {IN=2/8, OUT=4/7[kAtAccelerator(1) kAtDevice(2) kAtClient(4)]}"
05-28 15:37:31.334 I/mali_gralloc( 262): am_gralloc_get_uvm_decoder_para: parameters:[slot_id=0,w*h(1920*1088),w_align=64,h_align=64,size=0]
05-28 15:37:31.334 I/mali_gralloc( 262): am_gralloc_get_uvm_decoder_para: parameters:[slot_id=0,w*h(1920*1088),w_align=64,h_align=64,size=0]
05-28 15:37:31.337 I/C2VdecBlockPoolUtil( 527): Fetch the new block(ino:37753 fd:108 dup fd:111 id:7) and append.
05-28 15:37:31.337 I/V4l2Adaptor( 527): importBufferForPicture pictureBufferId 7, dmabufFd 112, metaFd -1
05-28 15:37:31.337 I/V4l2Adaptor( 527): onImportBufferForPicture pictureBufferId 7, dmabufFd 112, metaFd -1, plane size 1
05-28 15:37:31.337 I/V4l2Adaptor( 527): onImportBufferForPicture addr 0x0, stride 0, offset 0, size 0
05-28 15:37:31.337 I/VDA ( 527): [0##105]"ImportDynamicCaptureBufferForPictureTask fd=112, index=7\n"" {IN=2/8, OUT=4/8[kAtAccelerator(1) kAtDevice(3) kAtClient(4)]}"
05-28 15:37:31.337 I/mali_gralloc( 262): am_gralloc_get_uvm_decoder_para: parameters:[slot_id=0,w*h(1920*1088),w_align=64,h_align=64,size=0]
05-28 15:37:31.337 I/mali_gralloc( 262): am_gralloc_get_uvm_decoder_para: parameters:[slot_id=0,w*h(1920*1088),w_align=64,h_align=64,size=0]
05-28 15:37:31.339 I/C2VdecBlockPoolUtil( 527): Fetch the new block(ino:37755 fd:114 dup fd:117 id:8) and append.
05-28 15:37:31.340 I/V4l2Adaptor( 527): importBufferForPicture pictureBufferId 8, dmabufFd 118, metaFd -1
05-28 15:37:31.340 I/V4l2Adaptor( 527): onImportBufferForPicture pictureBufferId 8, dmabufFd 118, metaFd -1, plane size 1
05-28 15:37:31.340 I/V4l2Adaptor( 527): onImportBufferForPicture addr 0x0, stride 0, offset 0, size 0
05-28 15:37:31.340 I/VDA ( 527): [0##105]"ImportDynamicCaptureBufferForPictureTask fd=118, index=8\n"" {IN=1/8, OUT=5/9[kAtAccelerator(1) kAtDevice(3) kAtClient(5)]}"
05-28 15:37:31.340 I/mali_gralloc( 262): am_gralloc_get_uvm_decoder_para: parameters:[slot_id=0,w*h(1920*1088),w_align=64,h_align=64,size=0]
05-28 15:37:31.340 I/mali_gralloc( 262): am_gralloc_get_uvm_decoder_para: parameters:[slot_id=0,w*h(1920*1088),w_align=64,h_align=64,size=0]
05-28 15:37:31.342 I/C2VdecBlockPoolUtil( 527): Fetch the new block(ino:37757 fd:120 dup fd:123 id:9) and append.
05-28 15:37:31.342 I/V4l2Adaptor( 527): importBufferForPicture pictureBufferId 9, dmabufFd 124, metaFd -1
05-28 15:37:31.342 I/C2VdecComponent( 527): [0##105]"Update dequeue buffer num: 13 -> 5 out delay buffer margin:0"
05-28 15:37:31.342 I/V4l2Adaptor( 527): onImportBufferForPicture pictureBufferId 9, dmabufFd 124, metaFd -1, plane size 1
05-28 15:37:31.342 I/V4l2Adaptor( 527): onImportBufferForPicture addr 0x0, stride 0, offset 0, size 0
05-28 15:37:31.342 I/VDA ( 527): [0##105]"ImportDynamicCaptureBufferForPictureTask fd=124, index=9\n"" {IN=0/8, OUT=5/10[kAtAccelerator(1) kAtDevice(4) kAtClient(5)]}"
05-28 15:37:31.342 D/Codec2-OutputBufferQueue(14565): set max dequeue count 12 from update
05-28 15:37:31.342 I/C2VdecDequeueThreadUtil( 527): [0##105]"StartRunDequeueTask task loop:1 alloc loop:0 duration:33333 minfetchinterval:8333"
05-28 15:37:31.342 I/C2VdecComponentIntfImpl( 527): [20##0]config picture w:1920 h:1080
05-28 15:37:31.342 I/C2VdecComponent( 527): video size changed
05-28 15:37:31.343 I/C2VdecDequeueThreadUtil( 527): debug.vendor.media.c2.vdec.priority is not set used def = 0
05-28 15:37:31.344 I/mali_gralloc( 262): am_gralloc_get_uvm_decoder_para: parameters:[slot_id=0,w*h(1920*1088),w_align=64,h_align=64,size=0]
05-28 15:37:31.344 I/mali_gralloc( 262): am_gralloc_get_uvm_decoder_para: parameters:[slot_id=0,w*h(1920*1088),w_align=64,h_align=64,size=0]
05-28 15:37:31.347 D/CCodecConfig(14565): c2 config diff is c2::u32 raw.color.matrix = 1
05-28 15:37:31.347 D/CCodecConfig(14565): c2::u32 raw.color.primaries = 1
05-28 15:37:31.347 D/CCodecConfig(14565): c2::u32 raw.color.range = 2
05-28 15:37:31.347 D/CCodecConfig(14565): c2::u32 raw.color.transfer = 3
05-28 15:37:31.347 D/CCodecConfig(14565): c2::u32 raw.crop.height = 1080
05-28 15:37:31.347 D/CCodecConfig(14565): c2::u32 raw.crop.left = 0
05-28 15:37:31.347 D/CCodecConfig(14565): c2::u32 raw.crop.top = 0
05-28 15:37:31.347 D/CCodecConfig(14565): c2::u32 raw.crop.width = 1920
05-28 15:37:31.348 I/C2VdecBlockPoolUtil( 527): Fetch the new block(ino:37759 fd:32 dup fd:49 id:10) and append.
05-28 15:37:31.348 I/V4l2Adaptor( 527): importBufferForPicture pictureBufferId 10, dmabufFd 11, metaFd -1
05-28 15:37:31.348 I/V4l2Adaptor( 527): onImportBufferForPicture pictureBufferId 10, dmabufFd 11, metaFd -1, plane size 1
05-28 15:37:31.348 I/V4l2Adaptor( 527): onImportBufferForPicture addr 0x0, stride 0, offset 0, size 0
05-28 15:37:31.348 I/mali_gralloc( 262): am_gralloc_get_uvm_decoder_para: parameters:[slot_id=0,w*h(1920*1088),w_align=64,h_align=64,size=0]
05-28 15:37:31.348 I/mali_gralloc( 262): am_gralloc_get_uvm_decoder_para: parameters:[slot_id=0,w*h(1920*1088),w_align=64,h_align=64,size=0]
05-28 15:37:31.348 I/VDA ( 527): [0##105]"ImportDynamicCaptureBufferForPictureTask fd=11, index=10\n"" {IN=0/8, OUT=6/11[kAtAccelerator(1) kAtDevice(4) kAtClient(6)]}"
05-28 15:37:31.351 I/void Player::setState(PLAYER_STATE)(14565): state changed newState: 3 oldState: 2
05-28 15:37:31.352 D/LeradPlayer(14565): player newState: 3 oldState: 2
05-28 15:37:31.352 I/C2VdecBlockPoolUtil( 527): Fetch the new block(ino:37762 fd:133 dup fd:136 id:11) and append.
05-28 15:37:31.353 I/V4l2Adaptor( 527): importBufferForPicture pictureBufferId 11, dmabufFd 127, metaFd -1
05-28 15:37:31.353 I/V4l2Adaptor( 527): onImportBufferForPicture pictureBufferId 11, dmabufFd 127, metaFd -1, plane size 1
05-28 15:37:31.353 I/V4l2Adaptor( 527): onImportBufferForPicture addr 0x0, stride 0, offset 0, size 0
05-28 15:37:31.353 I/mali_gralloc( 262): am_gralloc_get_uvm_decoder_para: parameters:[slot_id=0,w*h(1920*1088),w_align=64,h_align=64,size=0]
05-28 15:37:31.354 I/mali_gralloc( 262): am_gralloc_get_uvm_decoder_para: parameters:[slot_id=0,w*h(1920*1088),w_align=64,h_align=64,size=0]
05-28 15:37:31.358 I/VDA ( 527): [0##105]"ImportDynamicCaptureBufferForPictureTask fd=127, index=11\n"" {IN=1/8, OUT=7/12[kAtAccelerator(1) kAtDevice(4) kAtClient(7)]}"
05-28 15:37:31.360 I/C2VdecBlockPoolUtil( 527): Fetch the new block(ino:37765 fd:144 dup fd:147 id:12) and append.
05-28 15:37:31.360 I/V4l2Adaptor( 527): importBufferForPicture pictureBufferId 12, dmabufFd 148, metaFd -1
05-28 15:37:31.360 I/V4l2Adaptor( 527): onImportBufferForPicture pictureBufferId 12, dmabufFd 148, metaFd -1, plane size 1
05-28 15:37:31.360 I/V4l2Adaptor( 527): onImportBufferForPicture addr 0x0, stride 0, offset 0, size 0
05-28 15:37:31.362 I/VDA ( 527): [0##105]"ImportDynamicCaptureBufferForPictureTask fd=148, index=12\n"" {IN=1/8, OUT=7/13[kAtAccelerator(1) kAtDevice(5) kAtClient(7)]}"
05-28 15:37:31.371 E/Scheduler( 263): trackPendingFrame: Invalid present fence
05-28 15:37:31.388 E/Scheduler( 263): trackPendingFrame: Invalid present fence
05-28 15:37:31.405 E/Scheduler( 263): trackPendingFrame: Invalid present fence
05-28 15:37:31.421 E/Scheduler( 263): trackPendingFrame: Invalid present fence
05-28 15:37:31.455 E/Scheduler( 263): trackPendingFrame: Invalid present fence
05-28 15:37:31.488 E/Scheduler( 263): trackPendingFrame: Invalid present fence
05-28 15:37:31.507 I/cling--ap-165( 2644): type=1400 audit(0.0:3298): avc: denied { read } for name="address" dev="sysfs" ino=22126 scontext=u:r:untrusted_app_27:s0:c43,c256,c512,c768 tcontext=u:object_r:sysfs_net:s0 tclass=file permissive=1 app=com.dangbei.screencast
05-28 15:37:31.507 I/cling--ap-165( 2644): type=1400 audit(0.0:3299): avc: denied { open } for path="/sys/devices/virtual/net/dummy0/address" dev="sysfs" ino=22126 scontext=u:r:untrusted_app_27:s0:c43,c256,c512,c768 tcontext=u:object_r:sysfs_net:s0 tclass=file permissive=1 app=com.dangbei.screencast
05-28 15:37:31.507 I/cling--ap-165( 2644): type=1400 audit(0.0:3300): avc: denied { getattr } for path="/sys/devices/virtual/net/dummy0/address" dev="sysfs" ino=22126 scontext=u:r:untrusted_app_27:s0:c43,c256,c512,c768 tcontext=u:object_r:sysfs_net:s0 tclass=file permissive=1 app=com.dangbei.screencast
05-28 15:37:31.522 E/Scheduler( 263): trackPendingFrame: Invalid present fence
05-28 15:37:31.555 E/Scheduler( 263): trackPendingFrame: Invalid present fence
05-28 15:37:31.589 E/Scheduler( 263): trackPendingFrame: Invalid present fence
05-28 15:37:31.599 I/WifiHAL ( 558): call wifi_get_link_stats handler
05-28 15:37:31.600 I/WifiHAL ( 558): Creating message to get link statistics; iface = 16
05-28 15:37:31.600 D/WifiHAL ( 558): error code -95 mapped to -3
05-28 15:37:31.600 E/WifiStaIfaceAidlImpl( 742): getLinkLayerStats failed with service-specific exception: android.os.ServiceSpecificException: (code 4)
05-28 15:37:31.622 E/Scheduler( 263): trackPendingFrame: Invalid present fence
05-28 15:37:31.655 E/Scheduler( 263): trackPendingFrame: Invalid present fence
05-28 15:37:31.689 E/Scheduler( 263): trackPendingFrame: Invalid present fence
05-28 15:37:31.722 E/Scheduler( 263): trackPendingFrame: Invalid present fence
05-28 15:37:31.755 E/Scheduler( 263): trackPendingFrame: Invalid present fence
05-28 15:37:31.789 E/Scheduler( 263): trackPendingFrame: Invalid present fence
05-28 15:37:31.822 E/Scheduler( 263): trackPendingFrame: Invalid present fence
05-28 15:37:31.855 E/Scheduler( 263): trackPendingFrame: Invalid present fence
05-28 15:37:31.868 D/BufferPoolAccessor2.0(14565): bufferpool2 0xece33e68 : 0(0 size) total buffers - 0(0 size) used buffers - 0/9 (recycle/alloc) - 9/2126 (fetch/transfer)
05-28 15:37:31.868 D/BufferPoolAccessor2.0(14565): evictor expired: 1, evicted: 1
05-28 15:37:31.889 E/Scheduler( 263): trackPendingFrame: Invalid present fence
05-28 15:37:31.922 E/Scheduler( 263): trackPendingFrame: Invalid present fence
05-28 15:37:31.955 E/Scheduler( 263): trackPendingFrame: Invalid present fence
05-28 15:37:31.989 E/Scheduler( 263): trackPendingFrame: Invalid present fence
05-28 15:37:32.022 E/Scheduler( 263): trackPendingFrame: Invalid present fence
05-28 15:37:32.056 E/Scheduler( 263): trackPendingFrame: Invalid present fence
05-28 15:37:32.072 E/Scheduler( 263): trackPendingFrame: Invalid present fence
05-28 15:37:32.122 E/Scheduler( 263): trackPendingFrame: Invalid present fence
05-28 15:37:32.156 E/Scheduler( 263): trackPendingFrame: Invalid present fence
05-28 15:37:32.189 E/Scheduler( 263): trackPendingFrame: Invalid present fence
05-28 15:37:32.223 E/Scheduler( 263): trackPendingFrame: Invalid present fence
05-28 15:37:32.256 E/Scheduler( 263): trackPendingFrame: Invalid present fence
05-28 15:37:32.290 I/VDA ( 527): [0##105]"ServiceDeviceTask INs=40/47, OUTs=37/43"" {IN=7/8, OUT=7/13[kAtAccelerator(0) kAtDevice(6) kAtClient(7)]}"
05-28 15:37:32.290 E/Scheduler( 263): trackPendingFrame: Invalid present fence
05-28 15:37:32.323 E/Scheduler( 263): trackPendingFrame: Invalid present fence
05-28 15:37:32.356 E/Scheduler( 263): trackPendingFrame: Invalid present fence
05-28 15:37:32.389 E/Scheduler( 263): trackPendingFrame: Invalid present fence
05-28 15:37:32.423 E/Scheduler( 263): trackPendingFrame: Invalid present fence
05-28 15:37:32.456 E/Scheduler( 263): trackPendingFrame: Invalid present fence
05-28 15:37:32.490 E/Scheduler( 263): trackPendingFrame: Invalid present fence
05-28 15:37:32.523 E/Scheduler( 263): trackPendingFrame: Invalid present fence
05-28 15:37:32.556 E/Scheduler( 263): trackPendingFrame: Invalid present fence
05-28 15:37:32.590 E/Scheduler( 263): trackPendingFrame: Invalid present fence
05-28 15:37:32.623 E/Scheduler( 263): trackPendingFrame: Invalid present fence
05-28 15:37:32.656 E/Scheduler( 263): trackPendingFrame: Invalid present fence
05-28 15:37:32.689 E/Scheduler( 263): trackPendingFrame: Invalid present fence
05-28 15:37:32.723 E/Scheduler( 263): trackPendingFrame: Invalid present fence
05-28 15:37:32.757 E/Scheduler( 263): trackPendingFrame: Invalid present fence
05-28 15:37:32.790 E/Scheduler( 263): trackPendingFrame: Invalid present fence
05-28 15:37:32.823 E/Scheduler( 263): trackPendingFrame: Invalid present fence
05-28 15:37:32.856 E/Scheduler( 263): trackPendingFrame: Invalid present fence
05-28 15:37:32.890 E/Scheduler( 263): trackPendingFrame: Invalid present fence
05-28 15:37:32.923 E/Scheduler( 263): trackPendingFrame: Invalid present fence
05-28 15:37:32.957 E/Scheduler( 263): trackPendingFrame: Invalid present fence
05-28 15:37:32.990 E/Scheduler( 263): trackPendingFrame: Invalid present fence
05-28 15:37:33.023 E/Scheduler( 263): trackPendingFrame: Invalid present fence
05-28 15:37:33.057 E/Scheduler( 263): trackPendingFrame: Invalid present fence
05-28 15:37:33.073 E/Scheduler( 263): trackPendingFrame: Invalid present fence
05-28 15:37:33.123 E/Scheduler( 263): trackPendingFrame: Invalid present fence
05-28 15:37:33.157 E/Scheduler( 263): trackPendingFrame: Invalid present fence
05-28 15:37:33.190 E/Scheduler( 263): trackPendingFrame: Invalid present fence
05-28 15:37:33.223 E/Scheduler( 263): trackPendingFrame: Invalid present fence
05-28 15:37:33.257 E/Scheduler( 263): trackPendingFrame: Invalid present fence
05-28 15:37:33.290 E/Scheduler( 263): trackPendingFrame: Invalid present fence
05-28 15:37:33.320 I/VDA ( 527): [0##105]"ServiceDeviceTask INs=72/79, OUTs=70/74"" {IN=7/8, OUT=9/13[kAtAccelerator(0) kAtDevice(4) kAtClient(9)]}"
05-28 15:37:33.323 E/Scheduler( 263): trackPendingFrame: Invalid present fence
05-28 15:37:33.357 E/Scheduler( 263): trackPendingFrame: Invalid present fence
05-28 15:37:33.391 E/Scheduler( 263): trackPendingFrame: Invalid present fence
05-28 15:37:33.424 E/Scheduler( 263): trackPendingFrame: Invalid present fence
05-28 15:37:33.440 E/Scheduler( 263): trackPendingFrame: Invalid present fence
05-28 15:37:33.491 E/Scheduler( 263): trackPendingFrame: Invalid present fence
05-28 15:37:33.507 E/Scheduler( 263): trackPendingFrame: Invalid present fence
05-28 15:37:33.541 E/Scheduler( 263): trackPendingFrame: Invalid present fence
05-28 15:37:33.574 E/Scheduler( 263): trackPendingFrame: Invalid present fence
05-28 15:37:33.624 E/Scheduler( 263): trackPendingFrame: Invalid present fence
05-28 15:37:33.657 E/Scheduler( 263): trackPendingFrame: Invalid present fence
05-28 15:37:33.691 E/Scheduler( 263): trackPendingFrame: Invalid present fence
05-28 15:37:33.707 E/Scheduler( 263): trackPendingFrame: Invalid present fence
05-28 15:37:33.757 E/Scheduler( 263): trackPendingFrame: Invalid present fence
05-28 15:37:33.771 I/virtual Data FFDemuxer::read()(14565): read frame ret: End of file latestReceivedTime: 155760 getTotalTimeMillis: 6666 is exit: 0
05-28 15:37:33.771 I/virtual Data FFDemuxer::read()(14565): list smooth loop
05-28 15:37:33.774 E/Scheduler( 263): trackPendingFrame: Invalid present fence
05-28 15:37:33.777 I/virtual StreamInfo FFDemuxer::getVideoStreamInfo()(14565): video width: 1920 video height: 1080 video pixelFormat: 0 fps: 30
05-28 15:37:33.777 D/virtual Data FFDemuxer::read()(14565): open next url: /data/user/0/com.dangbei.lerad.screensaver/files/download/61/city_1.mp4
05-28 15:37:33.824 E/Scheduler( 263): trackPendingFrame: Invalid present fence
05-28 15:37:33.841 E/Scheduler( 263): trackPendingFrame: Invalid present fence
05-28 15:37:33.865 D/bbb ( 2170): onStartCommand begin !!!!!!! data分区剩余 54466MB
05-28 15:37:33.874 E/Scheduler( 263): trackPendingFrame: Invalid present fence
05-28 15:37:33.924 E/Scheduler( 263): trackPendingFrame: Invalid present fence
05-28 15:37:33.941 E/Scheduler( 263): trackPendingFrame: Invalid present fence
05-28 15:37:33.991 E/Scheduler( 263): trackPendingFrame: Invalid present fence
05-28 15:37:34.009 E/Scheduler( 263): trackPendingFrame: Invalid present fence
05-28 15:37:34.042 E/Scheduler( 263): trackPendingFrame: Invalid present fence
05-28 15:37:34.074 E/Scheduler( 263): trackPendingFrame: Invalid present fence
05-28 15:37:34.124 E/Scheduler( 263): trackPendingFrame: Invalid present fence
05-28 15:37:34.141 E/Scheduler( 263): trackPendingFrame: Invalid present fence
05-28 15:37:34.175 E/Scheduler( 263): trackPendingFrame: Invalid present fence
05-28 15:37:34.208 E/Scheduler( 263): trackPendingFrame: Invalid present fence
05-28 15:37:34.241 E/Scheduler( 263): trackPendingFrame: Invalid present fence
05-28 15:37:34.275 E/Scheduler( 263): trackPendingFrame: Invalid present fence
05-28 15:37:34.308 E/Scheduler( 263): trackPendingFrame: Invalid present fence
05-28 15:37:34.341 E/Scheduler( 263): trackPendingFrame: Invalid present fence
05-28 15:37:34.349 I/VDA ( 527): [0##105]"ServiceDeviceTask INs=104/111, OUTs=101/105"" {IN=7/8, OUT=9/13[kAtAccelerator(0) kAtDevice(4) kAtClient(9)]}"
05-28 15:37:34.375 E/Scheduler( 263): trackPendingFrame: Invalid present fence
05-28 15:37:34.425 E/Scheduler( 263): trackPendingFrame: Invalid present fence
05-28 15:37:34.458 E/Scheduler( 263): trackPendingFrame: Invalid present fence
05-28 15:37:34.475 E/Scheduler( 263): trackPendingFrame: Invalid present fence
05-28 15:37:34.508 E/Scheduler( 263): trackPendingFrame: Invalid present fence
05-28 15:37:34.541 E/Scheduler( 263): trackPendingFrame: Invalid present fence
05-28 15:37:34.592 E/Scheduler( 263): trackPendingFrame: Invalid present fence
05-28 15:37:34.608 I/WifiHAL ( 558): call wifi_get_link_stats handler
05-28 15:37:34.609 I/WifiHAL ( 558): Creating message to get link statistics; iface = 16
05-28 15:37:34.609 D/WifiHAL ( 558): error code -95 mapped to -3
05-28 15:37:34.609 E/WifiStaIfaceAidlImpl( 742): getLinkLayerStats failed with service-specific exception: android.os.ServiceSpecificException: (code 4)
05-28 15:37:34.616 D/InstantWifi( 742): Receive Wifi is connected, freq = 5745 and currentNetworkId : 0, wifiinfo = SSID: , BSSID: 02:00:00:00:00:00, MAC: 02:00:00:00:00:00, IP: /192.168.3.246, Security type: 2, Supplicant state: COMPLETED, Wi-Fi standard: 6, RSSI: -57, Link speed: 1200Mbps, Tx Link speed: 1200Mbps, Max Supported Tx Link speed: 1200Mbps, Rx Link speed: 6Mbps, Max Supported Rx Link speed: 1200Mbps, Frequency: 5745MHz, Net ID: -1, Metered hint: false, score: 60, isUsable: true, CarrierMerged: false, SubscriptionId: -1, IsPrimary: 1, Trusted: true, Restricted: false, Ephemeral: false, OEM paid: false, OEM private: false, OSU AP: false, FQDN: , Provider friendly name: , Requesting package name: MLO Information: , Is TID-To-Link negotiation supported by the AP: false, AP MLD Address: , AP MLO Link Id: , AP MLO Affiliated links:
05-28 15:37:34.625 E/Scheduler( 263): trackPendingFrame: Invalid present fence
05-28 15:37:34.659 E/Scheduler( 263): trackPendingFrame: Invalid present fence
05-28 15:37:34.692 E/Scheduler( 263): trackPendingFrame: Invalid present fence
05-28 15:37:34.726 E/Scheduler( 263): trackPendingFrame: Invalid present fence
05-28 15:37:34.759 E/Scheduler( 263): trackPendingFrame: Invalid present fence
05-28 15:37:34.775 E/Scheduler( 263): trackPendingFrame: Invalid present fence
05-28 15:37:34.808 E/Scheduler( 263): trackPendingFrame: Invalid present fence
05-28 15:37:34.842 E/Scheduler( 263): trackPendingFrame: Invalid present fence
05-28 15:37:34.875 E/Scheduler( 263): trackPendingFrame: Invalid present fence
05-28 15:37:34.909 E/Scheduler( 263): trackPendingFrame: Invalid present fence
05-28 15:37:34.942 E/Scheduler( 263): trackPendingFrame: Invalid present fence
05-28 15:37:34.975 E/Scheduler( 263): trackPendingFrame: Invalid present fence
05-28 15:37:35.008 E/Scheduler( 263): trackPendingFrame: Invalid present fence
05-28 15:37:35.042 E/Scheduler( 263): trackPendingFrame: Invalid present fence
05-28 15:37:35.075 E/Scheduler( 263): trackPendingFrame: Invalid present fence
05-28 15:37:35.109 E/Scheduler( 263): trackPendingFrame: Invalid present fence
05-28 15:37:35.142 E/Scheduler( 263): trackPendingFrame: Invalid present fence
05-28 15:37:35.176 E/Scheduler( 263): trackPendingFrame: Invalid present fence
05-28 15:37:35.209 E/Scheduler( 263): trackPendingFrame: Invalid present fence
05-28 15:37:35.242 E/Scheduler( 263): trackPendingFrame: Invalid present fence
05-28 15:37:35.276 E/Scheduler( 263): trackPendingFrame: Invalid present fence
05-28 15:37:35.326 E/Scheduler( 263): trackPendingFrame: Invalid present fence
05-28 15:37:35.343 E/Scheduler( 263): trackPendingFrame: Invalid present fence
05-28 15:37:35.376 E/Scheduler( 263): trackPendingFrame: Invalid present fence
05-28 15:37:35.377 I/VDA ( 527): [0##105]"ServiceDeviceTask INs=134/141, OUTs=132/136"" {IN=7/8, OUT=9/13[kAtAccelerator(0) kAtDevice(4) kAtClient(9)]}"
05-28 15:37:35.426 E/Scheduler( 263): trackPendingFrame: Invalid present fence
05-28 15:37:35.459 E/Scheduler( 263): trackPendingFrame: Invalid present fence
05-28 15:37:35.475 E/Scheduler( 263): trackPendingFrame: Invalid present fence
05-28 15:37:35.509 E/Scheduler( 263): trackPendingFrame: Invalid present fence
05-28 15:37:35.559 E/Scheduler( 263): trackPendingFrame: Invalid present fence
05-28 15:37:35.576 E/Scheduler( 263): trackPendingFrame: Invalid present fence
05-28 15:37:35.593 I/audio_hw_hal_alsamgr( 509): alsa format =0x1 delay frames =768 total frames=245199360
05-28 15:37:35.609 E/Scheduler( 263): trackPendingFrame: Invalid present fence
05-28 15:37:35.642 E/Scheduler( 263): trackPendingFrame: Invalid present fence
05-28 15:37:35.676 E/Scheduler( 263): trackPendingFrame: Invalid present fence
05-28 15:37:35.709 E/Scheduler( 263): trackPendingFrame: Invalid present fence
05-28 15:37:35.743 E/Scheduler( 263): trackPendingFrame: Invalid present fence
05-28 15:37:35.776 E/Scheduler( 263): trackPendingFrame: Invalid present fence
05-28 15:37:35.809 E/Scheduler( 263): trackPendingFrame: Invalid present fence
05-28 15:37:35.843 E/Scheduler( 263): trackPendingFrame: Invalid present fence
05-28 15:37:35.876 E/Scheduler( 263): trackPendingFrame: Invalid present fence
05-28 15:37:35.909 E/Scheduler( 263): trackPendingFrame: Invalid present fence
05-28 15:37:35.943 E/Scheduler( 263): trackPendingFrame: Invalid present fence
05-28 15:37:35.976 E/Scheduler( 263): trackPendingFrame: Invalid present fence
05-28 15:37:36.010 E/Scheduler( 263): trackPendingFrame: Invalid present fence
05-28 15:37:36.043 E/Scheduler( 263): trackPendingFrame: Invalid present fence
05-28 15:37:36.076 E/Scheduler( 263): trackPendingFrame: Invalid present fence
05-28 15:37:36.110 E/Scheduler( 263): trackPendingFrame: Invalid present fence
05-28 15:37:36.143 E/Scheduler( 263): trackPendingFrame: Invalid present fence
05-28 15:37:36.156 I/DebugUtil( 527): [0##105]in/out status {INS/OUTS=166(1)/155(0)}, pipeline status {IN=8/8, OUT=9/13[Component(0) Accelerator(4) Client(9)]}
05-28 15:37:36.176 E/Scheduler( 263): trackPendingFrame: Invalid present fence
05-28 15:37:36.186 I/SystemControl( 343): [/UEventObserver.cpp, HDMITxUenventThreadLoop, 451] HDMI TX switch_name:hdmitx_current_status, switch_state: 87
05-28 15:37:36.210 E/Scheduler( 263): trackPendingFrame: Invalid present fence
05-28 15:37:36.229 I/SystemControl( 343): [/UEventObserver.cpp, HDMITxUenventThreadLoop, 451] HDMI TX switch_name:hdmitx_current_status, switch_state: 88
05-28 15:37:36.236 V/WindowManager( 742): app ------------- force_land :0
05-28 15:37:36.239 I/hdmicecd( 552): [HdmiCecControl]:Hotplug event port:0, now:1, prevStatus:0 power:1
05-28 15:37:36.241 I/SystemControl( 343): [/Ubootenv.cpp, get, 345] [ubootenv] search end and not find env:connector_type
05-28 15:37:36.243 E/Scheduler( 263): trackPendingFrame: Invalid present fence
05-28 15:37:36.245 I/SystemControl( 343): [/UEventObserver.cpp, HDMITxUenventThreadLoop, 451] HDMI TX switch_name:hdmitx_hpd, switch_state: 1
05-28 15:37:36.245 I/SystemControl( 343): [/DisplayMode.cpp, onTxEvent, 3267] onTxEvent switchName:hdmitx_hpd hpdstate:1 state: 1
05-28 15:37:36.246 I/SystemControl( 343): [/SysWrite.cpp, getKernelReleaseVersion, 701] getKernelReleaseVersion: 5.15
05-28 15:37:36.246 I/SystemControl( 343): [/Ubootenv.cpp, get, 336] [ubootenv] get key:hdmimode envValue: none
05-28 15:37:36.246 I/SystemControl( 343): [/Ubootenv.cpp, get, 345] [ubootenv] search end and not find env:user_colorattribute
05-28 15:37:36.246 I/SystemControl( 343): [/Ubootenv.cpp, get, 345] [ubootenv] search end and not find env:hdr_force_mode
05-28 15:37:36.246 I/SystemControl( 343): [/DisplayMode.cpp, gethdrforcemode, 2742] get hdr force mode is [2]
05-28 15:37:36.246 I/SystemControl( 343): [/Ubootenv.cpp, get, 336] [ubootenv] get key:hdr_policy envValue: 0
05-28 15:37:36.246 I/SystemControl( 343): [/DisplayMode.cpp, getHdrStrategy, 2758] getHdrStrategy is [0]
05-28 15:37:36.246 I/SystemControl( 343): [/Ubootenv.cpp, get, 336] [ubootenv] get key:hdr_priority envValue: 268435472
05-28 15:37:36.246 I/SystemControl( 343): [/DisplayMode.cpp, getHdrPriority, 2891] getHdrPriority is [0x10000010]
05-28 15:37:36.246 I/SystemControl( 343): [/DisplayMode.cpp, getCommonData, 1534] isbestcolorspace:1, isbestpolicy:1, hdr_policy:0, hdr_priority :268435472, hdr_force_mode:2
05-28 15:37:36.249 E/MesonHwc( 289): read screen size 0x0 from vinfo
05-28 15:37:36.249 E/MesonHwc( 289): dolby vision driver is not ready
05-28 15:37:36.249 D/MesonHwc( 289): ERR: PLEASE FIX NON-IMPLEMENT FUN(update).
05-28 15:37:36.250 I/SystemControl( 343): [/Ubootenv.cpp, get, 345] [ubootenv] search end and not find env:connector_type
05-28 15:37:36.251 I/hdmiconnection( 552): hot plug port id 0, is connected 1
05-28 15:37:36.251 E/ccc ( 1946): cccccc hdmi plug reset
05-28 15:37:36.251 E/xxxxxxxxxxxxxxx( 2316): onReceive:mIsHDMIPlugged = true
05-28 15:37:36.252 E/MesonHwc( 289): FixedDisplayPipe::getConnectorCfg 11
05-28 15:37:36.253 I/WiredAccessoryManager( 742): MSG_NEW_DEVICE_STATE
05-28 15:37:36.253 E/MesonHwc( 289): dolby vision driver is not ready
05-28 15:37:36.255 I/AS.AudioDeviceInventory( 742): not sending NOISY: state=1
05-28 15:37:36.256 D/HDMI ( 742): Hotplug event:[port:0, connected:true]
05-28 15:37:36.256 D/hdmicecd( 532): [HdmiCecControl]:getPhysicalAddress, physical addr: 1000, last pa: 1000, ret = 0
05-28 15:37:36.256 D/AudioService( 742): setWiredDeviceConnectionState( type:400 state:DEVICE_STATE_AVAILABLE addr: name:) from android
05-28 15:37:36.257 I/AS.AudioDeviceInventory( 742): handleDeviceConnection(true dev:400 address: name:)
05-28 15:37:36.257 D/hdmicecd( 552): [HdmiCecControl]:total port:1
05-28 15:37:36.257 I/hdmicecd( 552): [HdmiCecControl]:portId: 0, type:output, cec support:1, arc support:1, physical address:1000
05-28 15:37:36.257 I/hdmicecd( 552): [HdmiCecControl]:arc port:0
05-28 15:37:36.258 I/AS.AudioDeviceInventory( 742): deviceKey:0x400:
05-28 15:37:36.258 I/AS.AudioDeviceInventory( 742): deviceInfo:null is(already)Connected:false
05-28 15:37:36.260 E/MesonHwc( 289): dolby vision driver is not ready
05-28 15:37:36.260 I/audio_hw_hal_primary( 509): [adev_set_parameters:4123] dev:0xeedc14a0, kv: set_ARC_hdmi=updated_sad
05-28 15:37:36.260 D/audio_hw_hal_hfp( 509): [audio_extn_hfp_set_parameters:739] audio_extn_hfp_set_parameters
05-28 15:37:36.260 I/SystemControl( 343): [/Ubootenv.cpp, get, 345] [ubootenv] search end and not find env:connector_type
05-28 15:37:36.260 E/MesonHwc( 289): FixedDisplayPipe::getConnectorCfg 11
05-28 15:37:36.260 D/MesonHwc( 289): ERR: PLEASE FIX NON-IMPLEMENT FUN(update).
05-28 15:37:36.261 E/MesonHwc( 289): dolby vision driver is not ready
05-28 15:37:36.247 I/xm_hidread( 2292): type=1400 audit(0.0:3301): avc: denied { read } for scontext=u:r:init:s0 tcontext=u:r:init:s0 tclass=netlink_kobject_uevent_socket permissive=1
05-28 15:37:36.263 I/audio_hw_hal_primary( 509): [adev_set_device_connected_state_v7:9037] connected address:, num_descriptors:0, num_profiles:0
05-28 15:37:36.263 I/audio_hw_hal_primary( 509): [set_device_connect_state:4044] state:1, dev:OUT_HDMI(0x400), pre_out:0x80002, pre_in:0x4
05-28 15:37:36.263 D/audio_hw_hal_resourcemgr( 509): [set_output_device_avail:353] device:0x400 avail_out_devices:400 routed_out_devices:0x400
05-28 15:37:36.263 D/audio_hw_hal_stream( 509): update_sink_format_after_hotplug() active stream 0xeed047f0
05-28 15:37:36.263 D/audio_hw_hal_profile( 509): get_hdmi_sink_cap_new is running...
05-28 15:37:36.263 D/audio_hw_hal_profile( 509): query hdmi format...
05-28 15:37:36.263 D/audio_hw_hal_profile( 509): get_hdmi_sink_cap_new ddp is unsupported; ddp-joc(atmos) is unsupported;
05-28 15:37:36.263 I/audio_hw_hal_profile( 509): PCM cap Max channel =8
05-28 15:37:36.263 I/audio_hw_hal_stream( 509): get_sink_capability mbox+dvb case sink_capability = 0x1
05-28 15:37:36.263 I/audio_hw_hal_stream( 509): force ddp out =0
05-28 15:37:36.263 D/audio_hw_hal_profile( 509): get_hdmi_sink_cap_new is running...
05-28 15:37:36.263 E/MesonHwc( 289): dolby vision driver is not ready
05-28 15:37:36.263 D/audio_hw_hal_profile( 509): query hdmi format...
05-28 15:37:36.263 D/audio_hw_hal_profile( 509): get_hdmi_sink_cap_new ddp is unsupported; ddp-joc(atmos) is unsupported;
05-28 15:37:36.263 I/audio_hw_hal_profile( 509): PCM cap Max channel =8
05-28 15:37:36.263 I/audio_hw_hal_stream( 509): [get_sink_dts_capability:212] mbox+dvb case sink_capability: PCM_16_BIT(0x1)
05-28 15:37:36.263 D/audio_hw_hal_profile( 509): get_hdmi_sink_cap_new is running...
05-28 15:37:36.264 D/audio_hw_hal_profile( 509): query hdmi format...
05-28 15:37:36.264 D/audio_hw_hal_profile( 509): get_hdmi_sink_cap_new ddp is unsupported; ddp-joc(atmos) is unsupported;
05-28 15:37:36.264 I/audio_hw_hal_profile( 509): PCM cap Max channel =8
05-28 15:37:36.264 I/audio_hw_hal_stream( 509): [get_sink_mpegh_capability:245] mbox+dvb case sink_capability: PCM_16_BIT(0x1)
05-28 15:37:36.264 D/audio_hw_hal_profile( 509): get_hdmi_sink_cap_new is running...
05-28 15:37:36.264 D/audio_hw_hal_profile( 509): [get_hdmi_sink_cap_new:960] query hdmi sample_rate... format: PCM_16_BIT(0x1)
05-28 15:37:36.264 I/audio_hw_hal_profile( 509): get_hdmi_sink_cap_new format =0x1 support rate =sup_sampling_rates=32000|44100|48000
05-28 15:37:36.264 I/audio_hw_hal_stream( 509): pcm_fmt support sample_rate_mask:0x7
05-28 15:37:36.264 I/audio_hw_hal_stream( 509): get_sink_dv_capability : /sys/class/amhdmitx/amhdmitx0/hdmi_hdr_status = SDR
05-28 15:37:36.264 I/audio_hw_hal_stream( 509): get_sink_dv_capability : dv enable 0
05-28 15:37:36.264 I/audio_hw_hal_stream( 509): [get_sink_format:446] out:0xeed047f0 out devices:0x80002 cur_out_devices:0x400 format:PCM_16_BIT(0x1) digital_mode(PCM) sink cap:PCM_16_BIT(0x1)
05-28 15:37:36.264 I/audio_hw_hal_stream( 509): get_sink_format() HDMI ARC or mbox + dvb case
05-28 15:37:36.264 I/audio_hw_hal_stream( 509): [get_sink_format:645] sink_format:PCM_16_BIT(0x1) max channel:8 optical_format:PCM_16_BIT(0x1) dual_output 0
05-28 15:37:36.264 I/audio_hw_hal_ms12common( 509): audiohal_send_msg_2_ms12 mesg_type:MS12_MESG_TYPE_RESET_MS12_ENCODER entry
05-28 15:37:36.264 D/audio_hw_hal_ms12common( 509): ms12_message_threadloop(), msg type: MS12_MESG_TYPE_RESET_MS12_ENCODER
05-28 15:37:36.264 I/audio_hw_hal_ms12v2( 509): +dolby_ms12_encoder_reconfig()
05-28 15:37:36.264 D/libdolbyms12( 509): mch_enable 1
05-28 15:37:36.264 D/audio_hw_hal_continuous_standby( 509): audio_continuous_standby_set, type 1, params 24
05-28 15:37:36.264 D/audio_hw_hal_ms12common( 509): ms12_message_threadloop mesg_list is empty, loop waiting......
05-28 15:37:36.264 I/audio_hw_hal_ms12common( 509): audiohal_send_msg_2_ms12 mesg_type:MS12_MESG_TYPE_RESET_MS12_ENCODER exit
05-28 15:37:36.264 D/audio_hw_hal_ms12v2( 509): set_dolby_ms12_continuous_state audio_continuous_standby_set status 0
05-28 15:37:36.264 D/audio_hw_hal_continuous_standby( 509): audio_continuous_standby_set, type 0, params 0
05-28 15:37:36.264 I/audio_hw_hal_ms12common( 509): aml_set_ms12_scheduler_state ms12_scheduler_state:0, sch_state:0 SCHEDULER_RUNNING is sent to ms12
05-28 15:37:36.266 W/DeviceHAL( 509): Error from HAL Device in function get_audio_port_v7: Function not implemented
05-28 15:37:36.267 D/libdolbyms12( 509): set runtime mch_enable 1
05-28 15:37:36.268 I/AudioFlinger( 594): openOutput() this 0xf2b07600, module 10 Device AUDIO_DEVICE_OUT_HDMI, @:, SamplingRate 44100, Format 0xe000000, Channels 0x1, flags 0x11
05-28 15:37:36.268 V/MesonDisplayServer( 289): GetDisplayMode:dummy_l
05-28 15:37:36.268 I/SystemControl( 343): [/Ubootenv.cpp, get, 336] [ubootenv] get key:hdr_preferred_policy envValue: 0
05-28 15:37:36.268 D/audio_hw_hal_primary( 509): [adev_open_output_stream_new:7868] enter: dev=0xeedc14a0 handle=2d5 devices=0x400/'HDMI,' flags=0x11/'DIRECT,COMPRESS_OFFLOAD,' config=(rt=44100 ch_mask=0x1 fmt=0xe000000) address=''
05-28 15:37:36.268 D/audio_hw_hal_primary( 509): adev_open_output_stream_new: enter
05-28 15:37:36.268 I/audio_hw_hal_primary( 509): [adev_open_output_stream:3285] io 725: out:0xeed00e70 dev:OUT_HDMI(0x400) addr:
05-28 15:37:36.268 I/audio_hw_hal_primary( 509): [adev_open_output_stream:3287] ch_mask:0x1 rate:44100 format:DOLBY_TRUEHD(0xe000000) flags:0x11
05-28 15:37:36.268 I/audio_hw_hal_primary( 509): adev_open_output_stream: for raw audio output,force alsa stereo output
05-28 15:37:36.268 I/audio_hw_hal_primary( 509): [adev_open_output_stream:3610] result profile ch_mask:0x1 rate:44100 format:DOLBY_TRUEHD(0xe000000) usecase:RAW_DIRECT
05-28 15:37:36.268 I/audio_hw_hal_utils( 509): aml_get_stream_dump_file_name line 2929 file_name /data/vendor/audiohal/stream_pid509_tid9864.mlp
05-28 15:37:36.268 I/audio_hw_hal_primary( 509): [adev_open_output_stream_new:8037] io 725: out: 0xeed00e70 card:0 alsa devices:0 exit ------
05-28 15:37:36.269 I/SystemControl( 343): [/Ubootenv.cpp, get, 336] [ubootenv] get key:user_hdr_type envValue: 3
05-28 15:37:36.270 D/MesonDisplayServer( 289): getDisplayAttribute "Dolby Vision CAP2": "The Rx don't support DolbyVision"
05-28 15:37:36.270 I/SystemControl( 343): [/Ubootenv.cpp, updateValue, 68] [ubootenv] update value name [ubootenv.var.hdr_policy]: value [0]
05-28 15:37:36.270 I/SystemControl( 343): [/Ubootenv.cpp, get, 336] [ubootenv] get key:hdr_policy envValue: 0
05-28 15:37:36.270 I/audio_hw_hal_primary( 509): [out_get_buffer_size:552] out:0xeed00e70 config.rate=44100, format:DOLBY_TRUEHD(0xe000000), stream format:DOLBY_TRUEHD(0xe000000)
05-28 15:37:36.271 I/SystemControl( 343): [/Ubootenv.cpp, updateValue, 68] [ubootenv] update value name [ubootenv.var.hdr_priority]: value [268435472]
05-28 15:37:36.271 I/AudioFlinger( 594): HAL output buffer size 16384 frames, normal sink buffer size 16384 frames
05-28 15:37:36.271 I/SystemControl( 343): [/Ubootenv.cpp, get, 336] [ubootenv] get key:hdr_priority envValue: 268435472
05-28 15:37:36.271 I/audio_hw_hal_primary( 509): [audiohal_get_latency:1333] io 725: out:0xeed00e70 frames:1024 rate:44100 whole_latency:23 alsa_latency:23
05-28 15:37:36.271 I/audio_hw_hal_primary( 509): [out_set_event_callback:3158] io 725: out:0xeed00e70, callback:0xf0dfc91d cookie:0xf14c1150
05-28 15:37:36.271 D/hdmiconnection( 552): port id:0 physical:1000
05-28 15:37:36.272 I/AudioFlinger( 594): AudioFlinger's thread 0xecf20490 tid=14835 ready to run
05-28 15:37:36.272 I/audio_hw_hal_primary( 509): [audiohal_get_latency:1333] io 725: out:0xeed00e70 frames:1024 rate:44100 whole_latency:23 alsa_latency:23
05-28 15:37:36.272 I/SystemControl( 343): [/Ubootenv.cpp, get, 345] [ubootenv] search end and not find env:user_colorattribute
05-28 15:37:36.272 D/HDMI ( 742): initPortInfo port info:port_id: 0, type: HDMI_OUT, address: 0x1000, cec: true, arc: true, mhl: false, earc: false
05-28 15:37:36.273 I/hdmicecd( 532): [HdmiCecControl]:clearLogicaladdress
05-28 15:37:36.273 I/audio_hw_hal_primary( 509): [audiohal_get_latency:1333] io 725: out:0xeed00e70 frames:1152 rate:44100 whole_latency:26 alsa_latency:26
05-28 15:37:36.274 W/IPCThreadState( 594): Sending oneway calls to frozen process.
05-28 15:37:36.274 D/AudioFlinger( 594): ro.audio.silent is ignored since no output device is set
05-28 15:37:36.274 V/MesonDisplayServer( 289): GetDisplayMode:dummy_l
05-28 15:37:36.275 I/SystemControl( 343): [/Ubootenv.cpp, get, 336] [ubootenv] get key:hdmimode envValue: none
05-28 15:37:36.275 I/SystemControl( 343): [/Ubootenv.cpp, get, 336] [ubootenv] get key:cvbsmode envValue: 576cvbs
05-28 15:37:36.276 I/SystemControl( 343): [/Ubootenv.cpp, get, 345] [ubootenv] search end and not find env:user_colorattribute
05-28 15:37:36.276 I/SystemControl( 343): [/Ubootenv.cpp, get, 345] [ubootenv] search end and not find env:dv_enable
05-28 15:37:36.277 E/MesonHwc( 289): dolby vision driver is not ready
05-28 15:37:36.277 I/SystemControl( 343): [/Ubootenv.cpp, get, 345] [ubootenv] search end and not find env:user_prefer_dv_type
05-28 15:37:36.277 E/MesonHwc( 289): dolby vision driver is not ready
05-28 15:37:36.277 D/MesonDisplayServer( 289): getDisplayAttribute "Dolby Vision CAP2": "The Rx don't support DolbyVision"
05-28 15:37:36.277 E/MesonHwc( 289): TV isn't support dv: The Rx don't support DolbyVision
05-28 15:37:36.277 I/SystemControl( 343): [/Ubootenv.cpp, get, 345] [ubootenv] search end and not find env:hdr_force_mode
05-28 15:37:36.278 D/AudioFlinger( 594): ro.audio.silent is ignored since no output device is set
05-28 15:37:36.282 I/SystemControl( 343): [/Ubootenv.cpp, get, 336] [ubootenv] get key:hdr_policy envValue: 0
05-28 15:37:36.282 V/MesonDisplayServer( 289): GetDisplayMode:dummy_l
05-28 15:37:36.283 I/SystemControl( 343): [/DisplayMode.cpp, getDisplayMode, 2331] getDisplayMode mode:dummy_l
05-28 15:37:36.275 I/breathe (14667): type=1400 audit(0.0:3302): avc: denied { ioctl } for path="/dev/spidev1.0" dev="tmpfs" ino=534 ioctlcmd=0x6b00 scontext=u:r:init:s0 tcontext=u:object_r:device:s0 tclass=chr_file permissive=1
05-28 15:37:36.283 I/SystemControl( 343): [/Ubootenv.cpp, get, 336] [ubootenv] get key:hdmimode envValue: none
05-28 15:37:36.283 I/SystemControl( 343): [/Ubootenv.cpp, get, 336] [ubootenv] get key:cvbsmode envValue: 576cvbs
05-28 15:37:36.283 I/SystemControl( 343): [/DisplayMode.cpp, getCommonData, 1542] hdmi_current_mode:dummy_l, ubootenv hdmimode:none cvbsmode:576cvbs
05-28 15:37:36.283 I/SystemControl( 343): [/Ubootenv.cpp, get, 336] [ubootenv] get key:hdr_priority envValue: 268435472
05-28 15:37:36.284 E/MesonHwc( 289): dolby vision driver is not ready
05-28 15:37:36.284 D/MesonDisplayServer( 289): getDisplayAttribute "Dolby Vision CAP2": "The Rx don't support DolbyVision"
05-28 15:37:36.285 I/SystemControl( 343): [/Ubootenv.cpp, get, 345] [ubootenv] search end and not find env:hdr_resolution_priority
05-28 15:37:36.286 I/SystemControl( 343): [/Ubootenv.cpp, get, 345] [ubootenv] search end and not find env:user_prefer_dv_type
