05-28 15:39:45.222 E/Scheduler( 263): trackPendingFrame: Invalid present fence
05-28 15:39:45.239 E/Scheduler( 263): trackPendingFrame: Invalid present fence
05-28 15:39:45.255 E/Scheduler( 263): trackPendingFrame: Invalid present fence
05-28 15:39:45.272 E/Scheduler( 263): trackPendingFrame: Invalid present fence
05-28 15:39:45.289 E/Scheduler( 263): trackPendingFrame: Invalid present fence
05-28 15:39:45.306 E/Scheduler( 263): trackPendingFrame: Invalid present fence
05-28 15:39:45.322 E/Scheduler( 263): trackPendingFrame: Invalid present fence
05-28 15:39:45.339 E/Scheduler( 263): trackPendingFrame: Invalid present fence
05-28 15:39:45.355 E/Scheduler( 263): trackPendingFrame: Invalid present fence
05-28 15:39:46.885 I/WifiHAL ( 558): call wifi_get_link_stats handler
05-28 15:39:46.886 I/WifiHAL ( 558): Creating message to get link statistics; iface = 16
05-28 15:39:46.886 D/WifiHAL ( 558): error code -95 mapped to -3
05-28 15:39:46.886 E/WifiStaIfaceAidlImpl( 742): getLinkLayerStats failed with service-specific exception: android.os.ServiceSpecificException: (code 4)
05-28 15:39:47.758 E/Scheduler( 263): trackPendingFrame: Invalid present fence
05-28 15:39:47.775 E/Scheduler( 263): trackPendingFrame: Invalid present fence
05-28 15:39:47.791 E/Scheduler( 263): trackPendingFrame: Invalid present fence
05-28 15:39:47.808 E/Scheduler( 263): trackPendingFrame: Invalid present fence
05-28 15:39:47.825 E/Scheduler( 263): trackPendingFrame: Invalid present fence
05-28 15:39:47.841 E/Scheduler( 263): trackPendingFrame: Invalid present fence
05-28 15:39:47.858 E/Scheduler( 263): trackPendingFrame: Invalid present fence
05-28 15:39:47.875 E/Scheduler( 263): trackPendingFrame: Invalid present fence
05-28 15:39:47.892 E/Scheduler( 263): trackPendingFrame: Invalid present fence
05-28 15:39:47.908 E/Scheduler( 263): trackPendingFrame: Invalid present fence
05-28 15:39:47.925 E/Scheduler( 263): trackPendingFrame: Invalid present fence
05-28 15:39:47.941 E/Scheduler( 263): trackPendingFrame: Invalid present fence
05-28 15:39:47.958 E/Scheduler( 263): trackPendingFrame: Invalid present fence
05-28 15:39:47.975 E/Scheduler( 263): trackPendingFrame: Invalid present fence
05-28 15:39:47.991 E/Scheduler( 263): trackPendingFrame: Invalid present fence
05-28 15:39:48.008 E/Scheduler( 263): trackPendingFrame: Invalid present fence
05-28 15:39:48.025 E/Scheduler( 263): trackPendingFrame: Invalid present fence
05-28 15:39:48.042 E/Scheduler( 263): trackPendingFrame: Invalid present fence
05-28 15:39:48.058 E/Scheduler( 263): trackPendingFrame: Invalid present fence
05-28 15:39:48.075 E/Scheduler( 263): trackPendingFrame: Invalid present fence
05-28 15:39:48.092 E/Scheduler( 263): trackPendingFrame: Invalid present fence
05-28 15:39:48.108 E/Scheduler( 263): trackPendingFrame: Invalid present fence
05-28 15:39:48.125 E/Scheduler( 263): trackPendingFrame: Invalid present fence
05-28 15:39:48.141 E/Scheduler( 263): trackPendingFrame: Invalid present fence
05-28 15:39:48.158 E/Scheduler( 263): trackPendingFrame: Invalid present fence
05-28 15:39:48.175 E/Scheduler( 263): trackPendingFrame: Invalid present fence
05-28 15:39:48.192 E/Scheduler( 263): trackPendingFrame: Invalid present fence
05-28 15:39:48.209 E/Scheduler( 263): trackPendingFrame: Invalid present fence
05-28 15:39:48.225 E/Scheduler( 263): trackPendingFrame: Invalid present fence
05-28 15:39:48.242 E/Scheduler( 263): trackPendingFrame: Invalid present fence
05-28 15:39:48.258 E/Scheduler( 263): trackPendingFrame: Invalid present fence
05-28 15:39:48.275 E/Scheduler( 263): trackPendingFrame: Invalid present fence
05-28 15:39:48.292 E/Scheduler( 263): trackPendingFrame: Invalid present fence
05-28 15:39:48.309 E/Scheduler( 263): trackPendingFrame: Invalid present fence
05-28 15:39:48.325 E/Scheduler( 263): trackPendingFrame: Invalid present fence
05-28 15:39:48.342 E/Scheduler( 263): trackPendingFrame: Invalid present fence
05-28 15:39:48.358 E/Scheduler( 263): trackPendingFrame: Invalid present fence
05-28 15:39:48.409 D/DhcpClient( 1338): Received packet: b0:dc:ef:00:ef:38 OFFER, ip /192.168.3.220, mask /255.255.254.0, DNS servers: /202.96.134.133 /202.96.128.166 , gateways [/192.168.3.1], lease time 3600, domain null
05-28 15:39:49.692 D/nStackXCoAP( 2823): IsInSameNetwork:[276] :IsInSameNetwork exec
05-28 15:39:49.692 I/nStackXDFinder( 2823): GetLocalInterfaceDetail:[461] :GetLocalInterfaceDetail in
05-28 15:39:49.692 E/nStackXCoAP( 2823): IsInSameNetwork:[281] :IsInSameNetwork: not priority process
05-28 15:39:49.692 D/nStackXCoAP( 2823): ParseServiceDiscover:[330] :new device join
05-28 15:39:49.692 E/nStackXDFinder( 2823): GetLocalIp:[401] :GetLocalIp exec
05-28 15:39:49.893 I/WifiHAL ( 558): call wifi_get_link_stats handler
05-28 15:39:49.893 I/WifiHAL ( 558): Creating message to get link statistics; iface = 16
05-28 15:39:49.893 D/WifiHAL ( 558): error code -95 mapped to -3
05-28 15:39:49.893 E/WifiStaIfaceAidlImpl( 742): getLinkLayerStats failed with service-specific exception: android.os.ServiceSpecificException: (code 4)
05-28 15:39:50.056 D/nStackXCoAP( 2823): IsInSameNetwork:[276] :IsInSameNetwork exec
05-28 15:39:50.056 I/nStackXDFinder( 2823): GetLocalInterfaceDetail:[461] :GetLocalInterfaceDetail in
05-28 15:39:50.056 E/nStackXCoAP( 2823): IsInSameNetwork:[281] :IsInSameNetwork: not priority process
05-28 15:39:50.056 D/nStackXCoAP( 2823): ParseServiceDiscover:[330] :new device join
05-28 15:39:50.056 E/nStackXDFinder( 2823): GetLocalIp:[401] :GetLocalIp exec
05-28 15:39:50.072 D/nStackXCoAP( 2823): CoapMessageHandler:[133] :2.01
05-28 15:39:50.083 E/ccc ( 1946): cccccc onPhrikeUpdate downloading 4.919514
05-28 15:39:50.222 D/nStackXCoAP( 2823): CoapMessageHandler:[133] :2.01
05-28 15:39:50.668 D/nStackXCoAP( 2823): IsInSameNetwork:[276] :IsInSameNetwork exec
05-28 15:39:50.668 I/nStackXDFinder( 2823): GetLocalInterfaceDetail:[461] :GetLocalInterfaceDetail in
05-28 15:39:50.668 E/nStackXCoAP( 2823): IsInSameNetwork:[281] :IsInSameNetwork: not priority process
05-28 15:39:50.668 D/nStackXCoAP( 2823): ParseServiceDiscover:[330] :new device join
05-28 15:39:50.668 E/nStackXDFinder( 2823): GetLocalIp:[401] :GetLocalIp exec
05-28 15:39:50.761 E/Scheduler( 263): trackPendingFrame: Invalid present fence
05-28 15:39:50.778 E/Scheduler( 263): trackPendingFrame: Invalid present fence
05-28 15:39:50.807 D/nStackXCoAP( 2823): CoapMessageHandler:[133] :2.01
05-28 15:39:50.811 E/Scheduler( 263): trackPendingFrame: Invalid present fence
05-28 15:39:50.828 E/Scheduler( 263): trackPendingFrame: Invalid present fence
05-28 15:39:50.845 E/Scheduler( 263): trackPendingFrame: Invalid present fence
05-28 15:39:50.861 E/Scheduler( 263): trackPendingFrame: Invalid present fence
05-28 15:39:50.878 E/Scheduler( 263): trackPendingFrame: Invalid present fence
05-28 15:39:50.894 E/Scheduler( 263): trackPendingFrame: Invalid present fence
05-28 15:39:50.911 E/Scheduler( 263): trackPendingFrame: Invalid present fence
05-28 15:39:50.928 E/Scheduler( 263): trackPendingFrame: Invalid present fence
05-28 15:39:50.945 E/Scheduler( 263): trackPendingFrame: Invalid present fence
05-28 15:39:50.961 E/Scheduler( 263): trackPendingFrame: Invalid present fence
05-28 15:39:50.978 E/Scheduler( 263): trackPendingFrame: Invalid present fence
05-28 15:39:50.994 E/Scheduler( 263): trackPendingFrame: Invalid present fence
05-28 15:39:51.011 E/Scheduler( 263): trackPendingFrame: Invalid present fence
05-28 15:39:51.028 E/Scheduler( 263): trackPendingFrame: Invalid present fence
05-28 15:39:51.044 E/Scheduler( 263): trackPendingFrame: Invalid present fence
05-28 15:39:51.061 E/Scheduler( 263): trackPendingFrame: Invalid present fence
05-28 15:39:51.078 E/Scheduler( 263): trackPendingFrame: Invalid present fence
05-28 15:39:51.095 E/Scheduler( 263): trackPendingFrame: Invalid present fence
05-28 15:39:51.109 D/nStackXCoAP( 2823): IsInSameNetwork:[276] :IsInSameNetwork exec
05-28 15:39:51.110 I/nStackXDFinder( 2823): GetLocalInterfaceDetail:[461] :GetLocalInterfaceDetail in
05-28 15:39:51.110 E/nStackXCoAP( 2823): IsInSameNetwork:[281] :IsInSameNetwork: not priority process
05-28 15:39:51.110 D/nStackXCoAP( 2823): ParseServiceDiscover:[330] :new device join
05-28 15:39:51.110 E/nStackXDFinder( 2823): GetLocalIp:[401] :GetLocalIp exec
05-28 15:39:51.111 E/Scheduler( 263): trackPendingFrame: Invalid present fence
05-28 15:39:51.128 E/Scheduler( 263): trackPendingFrame: Invalid present fence
05-28 15:39:51.145 E/Scheduler( 263): trackPendingFrame: Invalid present fence
05-28 15:39:51.152 D/nStackXCoAP( 2823): CoapMessageHandler:[133] :2.01
05-28 15:39:51.161 E/Scheduler( 263): trackPendingFrame: Invalid present fence
05-28 15:39:51.178 E/Scheduler( 263): trackPendingFrame: Invalid present fence
05-28 15:39:51.195 E/Scheduler( 263): trackPendingFrame: Invalid present fence
05-28 15:39:51.211 E/Scheduler( 263): trackPendingFrame: Invalid present fence
05-28 15:39:51.228 E/Scheduler( 263): trackPendingFrame: Invalid present fence
05-28 15:39:51.245 E/Scheduler( 263): trackPendingFrame: Invalid present fence
05-28 15:39:51.262 E/Scheduler( 263): trackPendingFrame: Invalid present fence
05-28 15:39:51.278 E/Scheduler( 263): trackPendingFrame: Invalid present fence
05-28 15:39:51.295 E/Scheduler( 263): trackPendingFrame: Invalid present fence
05-28 15:39:51.311 E/Scheduler( 263): trackPendingFrame: Invalid present fence
05-28 15:39:51.328 E/Scheduler( 263): trackPendingFrame: Invalid present fence
05-28 15:39:51.345 E/Scheduler( 263): trackPendingFrame: Invalid present fence
05-28 15:39:51.362 E/Scheduler( 263): trackPendingFrame: Invalid present fence
05-28 15:39:51.378 E/Scheduler( 263): trackPendingFrame: Invalid present fence
05-28 15:39:52.731 D/nStackXCoAP( 2823): IsInSameNetwork:[276] :IsInSameNetwork exec
05-28 15:39:52.731 I/nStackXDFinder( 2823): GetLocalInterfaceDetail:[461] :GetLocalInterfaceDetail in
05-28 15:39:52.731 E/nStackXCoAP( 2823): IsInSameNetwork:[281] :IsInSameNetwork: not priority process
05-28 15:39:52.731 D/nStackXCoAP( 2823): ParseServiceDiscover:[330] :new device join
05-28 15:39:52.731 E/nStackXDFinder( 2823): GetLocalIp:[401] :GetLocalIp exec
05-28 15:39:52.897 I/WifiHAL ( 558): call wifi_get_link_stats handler
05-28 15:39:52.898 I/WifiHAL ( 558): Creating message to get link statistics; iface = 16
05-28 15:39:52.898 D/WifiHAL ( 558): error code -95 mapped to -3
05-28 15:39:52.898 E/WifiStaIfaceAidlImpl( 742): getLinkLayerStats failed with service-specific exception: android.os.ServiceSpecificException: (code 4)
05-28 15:39:53.265 D/nStackXCoAP( 2823): IsInSameNetwork:[276] :IsInSameNetwork exec
05-28 15:39:53.266 I/nStackXDFinder( 2823): GetLocalInterfaceDetail:[461] :GetLocalInterfaceDetail in
05-28 15:39:53.266 E/nStackXCoAP( 2823): IsInSameNetwork:[281] :IsInSameNetwork: not priority process
05-28 15:39:53.266 D/nStackXCoAP( 2823): ParseServiceDiscover:[330] :new device join
05-28 15:39:53.266 E/nStackXDFinder( 2823): GetLocalIp:[401] :GetLocalIp exec
05-28 15:39:53.480 D/nStackXCoAP( 2823): CoapMessageHandler:[133] :2.01
05-28 15:39:53.605 D/nStackXCoAP( 2823): IsInSameNetwork:[276] :IsInSameNetwork exec
05-28 15:39:53.605 I/nStackXDFinder( 2823): GetLocalInterfaceDetail:[461] :GetLocalInterfaceDetail in
05-28 15:39:53.605 E/nStackXCoAP( 2823): IsInSameNetwork:[281] :IsInSameNetwork: not priority process
05-28 15:39:53.605 D/nStackXCoAP( 2823): ParseServiceDiscover:[330] :new device join
05-28 15:39:53.605 E/nStackXDFinder( 2823): GetLocalIp:[401] :GetLocalIp exec
05-28 15:39:53.764 E/Scheduler( 263): trackPendingFrame: Invalid present fence
05-28 15:39:53.781 E/Scheduler( 263): trackPendingFrame: Invalid present fence
05-28 15:39:53.797 E/Scheduler( 263): trackPendingFrame: Invalid present fence
05-28 15:39:53.814 E/Scheduler( 263): trackPendingFrame: Invalid present fence
05-28 15:39:53.831 E/Scheduler( 263): trackPendingFrame: Invalid present fence
05-28 15:39:53.847 E/Scheduler( 263): trackPendingFrame: Invalid present fence
05-28 15:39:53.864 E/Scheduler( 263): trackPendingFrame: Invalid present fence
05-28 15:39:53.880 E/Scheduler( 263): trackPendingFrame: Invalid present fence
05-28 15:39:53.897 E/Scheduler( 263): trackPendingFrame: Invalid present fence
05-28 15:39:53.905 D/nStackXCoAP( 2823): CoapMessageHandler:[133] :2.01
05-28 15:39:53.914 E/Scheduler( 263): trackPendingFrame: Invalid present fence
05-28 15:39:53.931 E/Scheduler( 263): trackPendingFrame: Invalid present fence
05-28 15:39:53.947 E/Scheduler( 263): trackPendingFrame: Invalid present fence
05-28 15:39:53.964 E/Scheduler( 263): trackPendingFrame: Invalid present fence
05-28 15:39:53.981 E/Scheduler( 263): trackPendingFrame: Invalid present fence
05-28 15:39:53.998 E/Scheduler( 263): trackPendingFrame: Invalid present fence
05-28 15:39:54.014 E/Scheduler( 263): trackPendingFrame: Invalid present fence
05-28 15:39:54.031 E/Scheduler( 263): trackPendingFrame: Invalid present fence
05-28 15:39:54.047 E/Scheduler( 263): trackPendingFrame: Invalid present fence
05-28 15:39:54.064 E/Scheduler( 263): trackPendingFrame: Invalid present fence
05-28 15:39:54.081 E/Scheduler( 263): trackPendingFrame: Invalid present fence
05-28 15:39:54.098 E/Scheduler( 263): trackPendingFrame: Invalid present fence
05-28 15:39:54.114 E/Scheduler( 263): trackPendingFrame: Invalid present fence
05-28 15:39:54.131 E/Scheduler( 263): trackPendingFrame: Invalid present fence
05-28 15:39:54.148 E/Scheduler( 263): trackPendingFrame: Invalid present fence
05-28 15:39:54.164 E/Scheduler( 263): trackPendingFrame: Invalid present fence
05-28 15:39:54.181 E/Scheduler( 263): trackPendingFrame: Invalid present fence
05-28 15:39:54.198 E/Scheduler( 263): trackPendingFrame: Invalid present fence
05-28 15:39:54.214 E/Scheduler( 263): trackPendingFrame: Invalid present fence
05-28 15:39:54.231 E/Scheduler( 263): trackPendingFrame: Invalid present fence
05-28 15:39:54.248 E/Scheduler( 263): trackPendingFrame: Invalid present fence
05-28 15:39:54.264 E/Scheduler( 263): trackPendingFrame: Invalid present fence
05-28 15:39:54.281 E/Scheduler( 263): trackPendingFrame: Invalid present fence
05-28 15:39:54.298 E/Scheduler( 263): trackPendingFrame: Invalid present fence
05-28 15:39:54.315 E/Scheduler( 263): trackPendingFrame: Invalid present fence
05-28 15:39:54.331 E/Scheduler( 263): trackPendingFrame: Invalid present fence
05-28 15:39:54.348 E/Scheduler( 263): trackPendingFrame: Invalid present fence
05-28 15:39:54.364 E/Scheduler( 263): trackPendingFrame: Invalid present fence
05-28 15:39:54.626 E/ccc ( 1946): cccccc onPhrikeUpdate downloading 5.0562897
05-28 15:39:55.903 I/WifiHAL ( 558): call wifi_get_link_stats handler
05-28 15:39:55.903 I/WifiHAL ( 558): Creating message to get link statistics; iface = 16
05-28 15:39:55.903 D/WifiHAL ( 558): error code -95 mapped to -3
05-28 15:39:55.903 E/WifiStaIfaceAidlImpl( 742): getLinkLayerStats failed with service-specific exception: android.os.ServiceSpecificException: (code 4)
05-28 15:39:56.317 D/nStackXCoAP( 2823): CoapMessageHandler:[133] :2.01
05-28 15:39:56.475 I/binder:495_1( 495): type=1400 audit(0.0:3332): avc: denied { add_name } for name="globalAlert" scontext=u:r:netd:s0 tcontext=u:object_r:proc_net:s0 tclass=dir permissive=1
05-28 15:39:56.767 E/Scheduler( 263): trackPendingFrame: Invalid present fence
05-28 15:39:56.784 E/Scheduler( 263): trackPendingFrame: Invalid present fence
05-28 15:39:56.800 E/Scheduler( 263): trackPendingFrame: Invalid present fence
05-28 15:39:56.834 E/Scheduler( 263): trackPendingFrame: Invalid present fence
05-28 15:39:56.850 E/Scheduler( 263): trackPendingFrame: Invalid present fence
05-28 15:39:56.867 E/Scheduler( 263): trackPendingFrame: Invalid present fence
05-28 15:39:56.882 I/audio_hw_hal_alsamgr( 509): alsa format =0x1 delay frames =768 total frames=251982080
05-28 15:39:56.884 E/Scheduler( 263): trackPendingFrame: Invalid present fence
05-28 15:39:56.900 E/Scheduler( 263): trackPendingFrame: Invalid present fence
05-28 15:39:56.917 E/Scheduler( 263): trackPendingFrame: Invalid present fence
05-28 15:39:56.934 E/Scheduler( 263): trackPendingFrame: Invalid present fence
05-28 15:39:56.951 E/Scheduler( 263): trackPendingFrame: Invalid present fence
05-28 15:39:56.967 E/Scheduler( 263): trackPendingFrame: Invalid present fence
05-28 15:39:56.984 E/Scheduler( 263): trackPendingFrame: Invalid present fence
05-28 15:39:57.001 E/Scheduler( 263): trackPendingFrame: Invalid present fence
05-28 15:39:57.017 E/Scheduler( 263): trackPendingFrame: Invalid present fence
05-28 15:39:57.034 E/Scheduler( 263): trackPendingFrame: Invalid present fence
05-28 15:39:57.051 E/Scheduler( 263): trackPendingFrame: Invalid present fence
05-28 15:39:57.067 E/Scheduler( 263): trackPendingFrame: Invalid present fence
05-28 15:39:57.084 E/Scheduler( 263): trackPendingFrame: Invalid present fence
05-28 15:39:57.101 E/Scheduler( 263): trackPendingFrame: Invalid present fence
05-28 15:39:57.118 E/Scheduler( 263): trackPendingFrame: Invalid present fence
05-28 15:39:57.134 E/Scheduler( 263): trackPendingFrame: Invalid present fence
05-28 15:39:57.150 D/DhcpClient( 1338): Received packet: b0:dc:ef:00:ef:38 OFFER, ip /192.168.3.220, mask /255.255.254.0, DNS servers: /202.96.134.133 /202.96.128.166 , gateways [/192.168.3.1], lease time 3600, domain null
05-28 15:39:57.151 E/Scheduler( 263): trackPendingFrame: Invalid present fence
05-28 15:39:57.167 E/Scheduler( 263): trackPendingFrame: Invalid present fence
05-28 15:39:57.184 E/Scheduler( 263): trackPendingFrame: Invalid present fence
05-28 15:39:57.201 E/Scheduler( 263): trackPendingFrame: Invalid present fence
05-28 15:39:57.212 D/DhcpClient( 1338): Received packet: b0:dc:ef:00:ef:38 ACK: your new IP /192.168.3.220, netmask /255.255.254.0, gateways [/192.168.3.1] DNS servers: /202.96.134.133 /202.96.128.166 , lease time 3600
05-28 15:39:57.218 E/Scheduler( 263): trackPendingFrame: Invalid present fence
05-28 15:39:57.234 E/Scheduler( 263): trackPendingFrame: Invalid present fence
05-28 15:39:57.250 E/Scheduler( 263): trackPendingFrame: Invalid present fence
05-28 15:39:57.268 E/Scheduler( 263): trackPendingFrame: Invalid present fence
05-28 15:39:57.284 E/Scheduler( 263): trackPendingFrame: Invalid present fence
05-28 15:39:57.301 E/Scheduler( 263): trackPendingFrame: Invalid present fence
05-28 15:39:57.317 E/Scheduler( 263): trackPendingFrame: Invalid present fence
05-28 15:39:57.334 E/Scheduler( 263): trackPendingFrame: Invalid present fence
05-28 15:39:57.351 E/Scheduler( 263): trackPendingFrame: Invalid present fence
05-28 15:39:57.368 E/Scheduler( 263): trackPendingFrame: Invalid present fence
05-28 15:39:57.384 E/Scheduler( 263): trackPendingFrame: Invalid present fence
05-28 15:39:58.910 I/WifiHAL ( 558): call wifi_get_link_stats handler
05-28 15:39:58.910 I/WifiHAL ( 558): Creating message to get link statistics; iface = 16
05-28 15:39:58.910 D/WifiHAL ( 558): error code -95 mapped to -3
05-28 15:39:58.910 E/WifiStaIfaceAidlImpl( 742): getLinkLayerStats failed with service-specific exception: android.os.ServiceSpecificException: (code 4)
05-28 15:39:59.770 E/Scheduler( 263): trackPendingFrame: Invalid present fence
05-28 15:39:59.787 E/Scheduler( 263): trackPendingFrame: Invalid present fence
05-28 15:39:59.789 V/HotPlugDetectionAction( 742): Poll all devices.
05-28 15:39:59.803 E/Scheduler( 263): trackPendingFrame: Invalid present fence
05-28 15:39:59.837 E/Scheduler( 263): trackPendingFrame: Invalid present fence
05-28 15:39:59.846 D/hdmicecd( 532): [CEC]:printCecMessage, [4 -> 0] len: 0, body:, result:no ack
05-28 15:39:59.853 E/Scheduler( 263): trackPendingFrame: Invalid present fence
05-28 15:39:59.870 E/Scheduler( 263): trackPendingFrame: Invalid present fence
05-28 15:39:59.887 E/Scheduler( 263): trackPendingFrame: Invalid present fence
05-28 15:39:59.902 D/hdmicecd( 532): [CEC]:printCecMessage, [4 -> 1] len: 0, body:, result:no ack
05-28 15:39:59.903 E/Scheduler( 263): trackPendingFrame: Invalid present fence
05-28 15:39:59.920 E/Scheduler( 263): trackPendingFrame: Invalid present fence
05-28 15:39:59.937 E/Scheduler( 263): trackPendingFrame: Invalid present fence
05-28 15:39:59.954 E/Scheduler( 263): trackPendingFrame: Invalid present fence
05-28 15:39:59.958 D/hdmicecd( 532): [CEC]:printCecMessage, [4 -> 3] len: 0, body:, result:no ack
05-28 15:39:59.962 E/ccc ( 1946): cccccc onPhrikeUpdate downloading 5.0820026
05-28 15:39:59.970 E/Scheduler( 263): trackPendingFrame: Invalid present fence
05-28 15:39:59.987 E/Scheduler( 263): trackPendingFrame: Invalid present fence
05-28 15:40:00.004 E/Scheduler( 263): trackPendingFrame: Invalid present fence
05-28 15:40:00.014 D/hdmicecd( 532): [CEC]:printCecMessage, [4 -> 5] len: 0, body:, result:no ack
05-28 15:40:00.020 E/Scheduler( 263): trackPendingFrame: Invalid present fence
05-28 15:40:00.037 E/Scheduler( 263): trackPendingFrame: Invalid present fence
05-28 15:40:00.054 E/Scheduler( 263): trackPendingFrame: Invalid present fence
05-28 15:40:00.070 E/Scheduler( 263): trackPendingFrame: Invalid present fence
05-28 15:40:00.074 D/hdmicecd( 532): [CEC]:printCecMessage, [4 -> 8] len: 0, body:, result:no ack
05-28 15:40:00.087 E/Scheduler( 263): trackPendingFrame: Invalid present fence
05-28 15:40:00.104 E/Scheduler( 263): trackPendingFrame: Invalid present fence
05-28 15:40:00.120 E/Scheduler( 263): trackPendingFrame: Invalid present fence
05-28 15:40:00.130 D/hdmicecd( 532): [CEC]:printCecMessage, [4 -> b] len: 0, body:, result:no ack
05-28 15:40:00.137 E/Scheduler( 263): trackPendingFrame: Invalid present fence
05-28 15:40:00.153 E/Scheduler( 263): trackPendingFrame: Invalid present fence
05-28 15:40:00.170 E/Scheduler( 263): trackPendingFrame: Invalid present fence
05-28 15:40:00.186 D/hdmicecd( 532): [CEC]:printCecMessage, [4 -> e] len: 0, body:, result:no ack
05-28 15:40:00.186 D/HdmiCecController( 742): [P]:AllocatedAddress=[]
05-28 15:40:00.187 E/Scheduler( 263): trackPendingFrame: Invalid present fence
05-28 15:40:00.204 E/Scheduler( 263): trackPendingFrame: Invalid present fence
05-28 15:40:00.220 E/Scheduler( 263): trackPendingFrame: Invalid present fence
05-28 15:40:00.237 E/Scheduler( 263): trackPendingFrame: Invalid present fence
05-28 15:40:00.254 E/Scheduler( 263): trackPendingFrame: Invalid present fence
05-28 15:40:00.270 E/Scheduler( 263): trackPendingFrame: Invalid present fence
05-28 15:40:00.288 E/Scheduler( 263): trackPendingFrame: Invalid present fence
05-28 15:40:00.304 E/Scheduler( 263): trackPendingFrame: Invalid present fence
05-28 15:40:00.320 E/Scheduler( 263): trackPendingFrame: Invalid present fence
05-28 15:40:00.337 E/Scheduler( 263): trackPendingFrame: Invalid present fence
05-28 15:40:00.354 E/Scheduler( 263): trackPendingFrame: Invalid present fence
05-28 15:40:00.370 E/Scheduler( 263): trackPendingFrame: Invalid present fence
05-28 15:40:00.387 E/Scheduler( 263): trackPendingFrame: Invalid present fence
05-28 15:40:00.507 E/db_okhttp( 8961): POST url:http://otysdktj.tvfuwu.com/util-servlet/clientservice
05-28 15:40:00.507 E/db_okhttp( 8961): Request: topic=dbsc_init&message={"list":"%5B%22%257B%2522action%2522%253A%2522%2522%252C%2522insertTime%2522%253A%25221748418000503%2522%252C%2522content%2522%253A%2522%25257B%252522create_time%252522%25253A%2525221748418000503%252522%25252C%252522function%252522%25253A%252522init%252522%25252C%252522devboot_id%252522%25253A%252522174841445459487%252522%25252C%252522init_ispause%252522%25253A%2525222%252522%25257D%2522%257D%22%5D","mode":"1","mac":"g/tNESpYG9/PwHTF3VhpwDk/T+Cy+qdeKwoSjimoU+Q=","wifimac":"q9MCMMcNlOCXpWwv1qdeYQ==","ip":"Fvuptjwx8oU6BDodh2IUcQ==","channel":"+uL1c5z1z7lZFZqvGVRkHQ==","deviceid":"HYW6A0RpORlEbwTfmhSa4ALk+KpIFJJkXD05AYjGwxzDMNTUA1Q+x0Bd609R6rdh","dev_uuid":"Wvul+Vc+nCobEd58umDMooPBejhZHq0SXslKSFEz0/7rNjNYcegbeZ/oqmU96vJB","uuid":"lkm2UxCCS6pUo0VM2hOh6kLHB5/gO8ZIxN5zfVGthUTvAgWOqVQi5iy53wVF0IzI","packagename":"4u7INlRctM+acvVJ1H8eFWhLT5oSUdIcuUT4JfTX7WI=","appname":"UbS086E9JOT+vRwzW0lFjA==","packagelist":"StYQ8VSaxno+sBFpzoW/MFP7p+RUJlFeCI0OTRHyCbqOiFITq2vTqkORUvk1LNhryFJGE26gmrCn3jkSXLqusUyDV5j43BDOc/rPTtfchbQ=","vname":"EEnPqQlWue6z1AGyQn9bHw==","vcode":"6X4bRW8AOLb6xahW1AOqXA==","brand":"TDkI4ikohcctSvValz6Lqg==","cpuserial":"E75ahJxR4Nm1GULbpKtJHg==","bluetoothmac":"q9MCMMcNlOCXpWwv1qdeYQ==","osversion":"eM2RQ/CyeWNEcjPYjEPAVg==","oscode":"c0NKRmy9YUIw3GmzbJld0g==","rommodel":"ABjPdzCJylEmN2GZQZkNHA==","is_write":"PGkmCK6GzMtvR1UYLLYopw==","is_updated":"PGkmCK6GzMtvR1UYLLYopw==","session_id":"nQpl+61uEwx7OAo8KazdxU4ychKV5w3qaH0bCeYgX6F1SFjk1bveNrOTAXDqePrQ","romvername":"","romvercode":"","boxfactory":"","sn":"","settle_mode":"1"}&requestSourceType=statistics&
05-28 15:40:00.550 E/db_okhttp( 8961): POST_res url:http://otysdktj.tvfuwu.com/util-servlet/clientservice
05-28 15:40:00.550 E/db_okhttp( 8961): response:
05-28 15:40:00.943 E/dangbei111( 1946): cccccc 检查遥控器是否连接: Dangbei E4:BB:D3:57:C0:53
05-28 15:40:00.947 E/dangbei111( 1946): cccccc 检查遥控器是否连接: 蓝牙的结果 Dangbei E4:BB:D3:57:C0:53 true
05-28 15:40:00.947 E/dangbei111( 1946): cccccc 确实有遥控器 存在
05-28 15:40:00.947 E/dangbei111( 1946): cccccc rc is connected, stop scan =E4:BB:D3:57:C0:53
05-28 15:40:01.913 I/WifiHAL ( 558): call wifi_get_link_stats handler
05-28 15:40:01.914 I/WifiHAL ( 558): Creating message to get link statistics; iface = 16
05-28 15:40:01.914 D/WifiHAL ( 558): error code -95 mapped to -3
05-28 15:40:01.914 E/WifiStaIfaceAidlImpl( 742): getLinkLayerStats failed with service-specific exception: android.os.ServiceSpecificException: (code 4)
05-28 15:40:02.773 E/Scheduler( 263): trackPendingFrame: Invalid present fence
05-28 15:40:02.790 E/Scheduler( 263): trackPendingFrame: Invalid present fence
05-28 15:40:02.806 E/Scheduler( 263): trackPendingFrame: Invalid present fence
05-28 15:40:02.823 E/Scheduler( 263): trackPendingFrame: Invalid present fence
05-28 15:40:02.840 E/Scheduler( 263): trackPendingFrame: Invalid present fence
05-28 15:40:02.856 E/Scheduler( 263): trackPendingFrame: Invalid present fence
05-28 15:40:02.873 E/Scheduler( 263): trackPendingFrame: Invalid present fence
05-28 15:40:02.890 E/Scheduler( 263): trackPendingFrame: Invalid present fence
05-28 15:40:02.906 E/Scheduler( 263): trackPendingFrame: Invalid present fence
05-28 15:40:02.923 E/Scheduler( 263): trackPendingFrame: Invalid present fence
05-28 15:40:02.940 E/Scheduler( 263): trackPendingFrame: Invalid present fence
05-28 15:40:02.957 E/Scheduler( 263): trackPendingFrame: Invalid present fence
05-28 15:40:02.973 E/Scheduler( 263): trackPendingFrame: Invalid present fence
05-28 15:40:02.990 E/Scheduler( 263): trackPendingFrame: Invalid present fence
05-28 15:40:03.007 E/Scheduler( 263): trackPendingFrame: Invalid present fence
05-28 15:40:03.023 E/Scheduler( 263): trackPendingFrame: Invalid present fence
05-28 15:40:03.040 E/Scheduler( 263): trackPendingFrame: Invalid present fence
05-28 15:40:03.056 E/Scheduler( 263): trackPendingFrame: Invalid present fence
05-28 15:40:03.073 E/Scheduler( 263): trackPendingFrame: Invalid present fence
05-28 15:40:03.090 E/Scheduler( 263): trackPendingFrame: Invalid present fence
05-28 15:40:03.107 E/Scheduler( 263): trackPendingFrame: Invalid present fence
05-28 15:40:03.123 E/Scheduler( 263): trackPendingFrame: Invalid present fence
05-28 15:40:03.140 E/Scheduler( 263): trackPendingFrame: Invalid present fence
05-28 15:40:03.157 E/Scheduler( 263): trackPendingFrame: Invalid present fence
05-28 15:40:03.173 E/Scheduler( 263): trackPendingFrame: Invalid present fence
05-28 15:40:03.190 E/Scheduler( 263): trackPendingFrame: Invalid present fence
05-28 15:40:03.207 E/Scheduler( 263): trackPendingFrame: Invalid present fence
05-28 15:40:03.223 E/Scheduler( 263): trackPendingFrame: Invalid present fence
05-28 15:40:03.240 E/Scheduler( 263): trackPendingFrame: Invalid present fence
05-28 15:40:03.257 E/Scheduler( 263): trackPendingFrame: Invalid present fence
05-28 15:40:03.273 E/Scheduler( 263): trackPendingFrame: Invalid present fence
05-28 15:40:03.290 E/Scheduler( 263): trackPendingFrame: Invalid present fence
05-28 15:40:03.307 E/Scheduler( 263): trackPendingFrame: Invalid present fence
05-28 15:40:03.324 E/Scheduler( 263): trackPendingFrame: Invalid present fence
05-28 15:40:03.340 E/Scheduler( 263): trackPendingFrame: Invalid present fence
05-28 15:40:03.357 E/Scheduler( 263): trackPendingFrame: Invalid present fence
05-28 15:40:03.374 E/Scheduler( 263): trackPendingFrame: Invalid present fence
05-28 15:40:03.966 E/ccc ( 1946): cccccc onPhrikeUpdate downloading 5.1266313
05-28 15:40:04.921 I/WifiHAL ( 558): call wifi_get_link_stats handler
05-28 15:40:04.922 I/WifiHAL ( 558): Creating message to get link statistics; iface = 16
05-28 15:40:04.922 D/WifiHAL ( 558): error code -95 mapped to -3
05-28 15:40:04.922 E/WifiStaIfaceAidlImpl( 742): getLinkLayerStats failed with service-specific exception: android.os.ServiceSpecificException: (code 4)
05-28 15:40:05.276 E/Scheduler( 263): trackPendingFrame: Invalid present fence
05-28 15:40:05.776 E/Scheduler( 263): trackPendingFrame: Invalid present fence
05-28 15:40:05.793 E/Scheduler( 263): trackPendingFrame: Invalid present fence
05-28 15:40:05.809 E/Scheduler( 263): trackPendingFrame: Invalid present fence
05-28 15:40:05.826 E/Scheduler( 263): trackPendingFrame: Invalid present fence
05-28 15:40:05.859 E/Scheduler( 263): trackPendingFrame: Invalid present fence
05-28 15:40:05.876 E/Scheduler( 263): trackPendingFrame: Invalid present fence
05-28 15:40:05.893 E/Scheduler( 263): trackPendingFrame: Invalid present fence
05-28 15:40:05.909 E/Scheduler( 263): trackPendingFrame: Invalid present fence
05-28 15:40:05.926 E/Scheduler( 263): trackPendingFrame: Invalid present fence
05-28 15:40:05.943 E/Scheduler( 263): trackPendingFrame: Invalid present fence
05-28 15:40:05.959 E/Scheduler( 263): trackPendingFrame: Invalid present fence
05-28 15:40:05.976 E/Scheduler( 263): trackPendingFrame: Invalid present fence
05-28 15:40:05.993 E/Scheduler( 263): trackPendingFrame: Invalid present fence
05-28 15:40:06.009 E/Scheduler( 263): trackPendingFrame: Invalid present fence
05-28 15:40:06.026 E/Scheduler( 263): trackPendingFrame: Invalid present fence
05-28 15:40:06.043 E/Scheduler( 263): trackPendingFrame: Invalid present fence
05-28 15:40:06.059 E/Scheduler( 263): trackPendingFrame: Invalid present fence
05-28 15:40:06.076 E/Scheduler( 263): trackPendingFrame: Invalid present fence
05-28 15:40:06.093 E/Scheduler( 263): trackPendingFrame: Invalid present fence
05-28 15:40:06.110 E/Scheduler( 263): trackPendingFrame: Invalid present fence
05-28 15:40:06.126 E/Scheduler( 263): trackPendingFrame: Invalid present fence
05-28 15:40:06.143 E/Scheduler( 263): trackPendingFrame: Invalid present fence
05-28 15:40:06.160 E/Scheduler( 263): trackPendingFrame: Invalid present fence
05-28 15:40:06.176 E/Scheduler( 263): trackPendingFrame: Invalid present fence
05-28 15:40:06.193 E/Scheduler( 263): trackPendingFrame: Invalid present fence
05-28 15:40:06.210 E/Scheduler( 263): trackPendingFrame: Invalid present fence
05-28 15:40:06.226 E/Scheduler( 263): trackPendingFrame: Invalid present fence
05-28 15:40:06.243 E/Scheduler( 263): trackPendingFrame: Invalid present fence
05-28 15:40:06.260 E/Scheduler( 263): trackPendingFrame: Invalid present fence
05-28 15:40:06.276 E/Scheduler( 263): trackPendingFrame: Invalid present fence
05-28 15:40:06.293 E/Scheduler( 263): trackPendingFrame: Invalid present fence
05-28 15:40:06.310 E/Scheduler( 263): trackPendingFrame: Invalid present fence
05-28 15:40:06.326 E/Scheduler( 263): trackPendingFrame: Invalid present fence
05-28 15:40:06.343 E/Scheduler( 263): trackPendingFrame: Invalid present fence
05-28 15:40:06.360 E/Scheduler( 263): trackPendingFrame: Invalid present fence
05-28 15:40:06.376 E/Scheduler( 263): trackPendingFrame: Invalid present fence
05-28 15:40:06.393 E/Scheduler( 263): trackPendingFrame: Invalid present fence
05-28 15:40:06.460 D/DhcpClient( 1338): Received packet: c8:5e:a9:7a:90:04 OFFER, ip /192.168.3.71, mask /255.255.254.0, DNS servers: /202.96.134.133 /202.96.128.166 , gateways [/192.168.3.1], lease time 3600, domain null
05-28 15:40:07.775 E/ccc ( 1946): cccccc sendCycleCheckBroadcast
05-28 15:40:07.776 W/ContextImpl( 1946): Calling a method in the system process without a qualified user: android.app.ContextImpl.sendBroadcast:1220 android.content.ContextWrapper.sendBroadcast:504 com.dangbei.etna.setting.core.SettingHelper.sendCycleToProjector:246 com.dangbei.etna.setting.core.SettingHelper.sendCycleCheckBroadcast:215 com.dangbei.etna.setting.core.SettingHelper.startLoop$lambda-0:174
05-28 15:40:07.778 W/ContextImpl( 1946): Calling a method in the system process without a qualified user: android.app.ContextImpl.sendBroadcast:1220 android.content.ContextWrapper.sendBroadcast:504 com.dangbei.etna.setting.core.SettingHelper.sendCycleToVoice:231 com.dangbei.etna.setting.core.SettingHelper.sendCycleCheckBroadcast:216 com.dangbei.etna.setting.core.SettingHelper.startLoop$lambda-0:174
05-28 15:40:07.781 W/ProcessStats( 742): Tracking association SourceState{6b8f34f com.dangbei.leard.leradlauncher/1000 BTop #1522} whose proc state 2 is better than process ProcessState{7da6cab com.android.webview:webview_service/10051 pkg=com.android.webview} proc state 15 (3 skipped)
05-28 15:40:07.782 D/RockyVoice( 2643): RestartReceiver onReceive
05-28 15:40:07.880 D/DhcpClient( 1338): Received packet: c8:5e:a9:7a:90:04 ACK: your new IP /192.168.3.71, netmask /255.255.254.0, gateways [/192.168.3.1] DNS servers: /202.96.134.133 /202.96.128.166 , lease time 3600
05-28 15:40:07.925 I/WifiHAL ( 558): call wifi_get_link_stats handler
05-28 15:40:07.925 I/WifiHAL ( 558): Creating message to get link statistics; iface = 16
05-28 15:40:07.926 D/WifiHAL ( 558): error code -95 mapped to -3
05-28 15:40:07.926 E/WifiStaIfaceAidlImpl( 742): getLinkLayerStats failed with service-specific exception: android.os.ServiceSpecificException: (code 4)
05-28 15:40:08.779 E/Scheduler( 263): trackPendingFrame: Invalid present fence
05-28 15:40:08.796 E/Scheduler( 263): trackPendingFrame: Invalid present fence
05-28 15:40:08.812 E/Scheduler( 263): trackPendingFrame: Invalid present fence
05-28 15:40:08.845 E/Scheduler( 263): trackPendingFrame: Invalid present fence
05-28 15:40:08.862 E/Scheduler( 263): trackPendingFrame: Invalid present fence
05-28 15:40:08.879 E/Scheduler( 263): trackPendingFrame: Invalid present fence
05-28 15:40:08.896 E/Scheduler( 263): trackPendingFrame: Invalid present fence
05-28 15:40:08.912 E/Scheduler( 263): trackPendingFrame: Invalid present fence
05-28 15:40:08.929 E/Scheduler( 263): trackPendingFrame: Invalid present fence
05-28 15:40:08.946 E/Scheduler( 263): trackPendingFrame: Invalid present fence
05-28 15:40:08.963 E/Scheduler( 263): trackPendingFrame: Invalid present fence
05-28 15:40:08.979 E/Scheduler( 263): trackPendingFrame: Invalid present fence
05-28 15:40:08.996 E/Scheduler( 263): trackPendingFrame: Invalid present fence
05-28 15:40:09.012 E/Scheduler( 263): trackPendingFrame: Invalid present fence
05-28 15:40:09.029 E/Scheduler( 263): trackPendingFrame: Invalid present fence
05-28 15:40:09.046 E/Scheduler( 263): trackPendingFrame: Invalid present fence
05-28 15:40:09.062 E/Scheduler( 263): trackPendingFrame: Invalid present fence
05-28 15:40:09.079 E/Scheduler( 263): trackPendingFrame: Invalid present fence
05-28 15:40:09.096 E/Scheduler( 263): trackPendingFrame: Invalid present fence
05-28 15:40:09.113 E/Scheduler( 263): trackPendingFrame: Invalid present fence
05-28 15:40:09.129 E/Scheduler( 263): trackPendingFrame: Invalid present fence
05-28 15:40:09.146 E/Scheduler( 263): trackPendingFrame: Invalid present fence
05-28 15:40:09.163 E/Scheduler( 263): trackPendingFrame: Invalid present fence
05-28 15:40:09.179 E/Scheduler( 263): trackPendingFrame: Invalid present fence
05-28 15:40:09.196 E/Scheduler( 263): trackPendingFrame: Invalid present fence
05-28 15:40:09.212 E/Scheduler( 263): trackPendingFrame: Invalid present fence
05-28 15:40:09.229 E/Scheduler( 263): trackPendingFrame: Invalid present fence
05-28 15:40:09.246 E/Scheduler( 263): trackPendingFrame: Invalid present fence
05-28 15:40:09.263 E/Scheduler( 263): trackPendingFrame: Invalid present fence
05-28 15:40:09.279 E/Scheduler( 263): trackPendingFrame: Invalid present fence
05-28 15:40:09.296 E/Scheduler( 263): trackPendingFrame: Invalid present fence
05-28 15:40:09.313 E/Scheduler( 263): trackPendingFrame: Invalid present fence
05-28 15:40:09.330 E/Scheduler( 263): trackPendingFrame: Invalid present fence
05-28 15:40:09.346 E/Scheduler( 263): trackPendingFrame: Invalid present fence
05-28 15:40:09.363 E/Scheduler( 263): trackPendingFrame: Invalid present fence
05-28 15:40:09.380 E/Scheduler( 263): trackPendingFrame: Invalid present fence
05-28 15:40:09.396 E/Scheduler( 263): trackPendingFrame: Invalid present fence
05-28 15:40:10.397 D/DownloadThread( 1946): DownloadEntry DownloadThread IOException timeout
05-28 15:40:10.397 W/System.err( 1946): java.net.SocketTimeoutException: timeout
05-28 15:40:10.397 W/System.err( 1946): at com.android.okhttp.okio.Okio$3.newTimeoutException(Okio.java:214)
05-28 15:40:10.397 W/System.err( 1946): at com.android.okhttp.okio.AsyncTimeout.exit(AsyncTimeout.java:263)
05-28 15:40:10.397 W/System.err( 1946): at com.android.okhttp.okio.AsyncTimeout$2.read(AsyncTimeout.java:217)
05-28 15:40:10.397 W/System.err( 1946): at com.android.okhttp.okio.RealBufferedSource.read(RealBufferedSource.java:51)
05-28 15:40:10.397 W/System.err( 1946): at com.android.okhttp.internal.http.Http1xStream$FixedLengthSource.read(Http1xStream.java:395)
05-28 15:40:10.397 W/System.err( 1946): at com.android.okhttp.okio.RealBufferedSource$1.read(RealBufferedSource.java:372)
05-28 15:40:10.397 W/System.err( 1946): at java.io.InputStream.read(InputStream.java:218)
05-28 15:40:10.397 W/System.err( 1946): at com.dangbei.phrike.core.SingleDownloadThread.writeFileByRandomAccessFile(SingleDownloadThread.java:469)
05-28 15:40:10.397 W/System.err( 1946): at com.dangbei.phrike.core.SingleDownloadThread.download(SingleDownloadThread.java:257)
05-28 15:40:10.397 W/System.err( 1946): at com.dangbei.phrike.core.SingleDownloadThread.run(SingleDownloadThread.java:77)
05-28 15:40:10.398 W/System.err( 1946): at java.util.concurrent.ThreadPoolExecutor.runWorker(ThreadPoolExecutor.java:1145)
05-28 15:40:10.398 W/System.err( 1946): at java.util.concurrent.ThreadPoolExecutor$Worker.run(ThreadPoolExecutor.java:644)
05-28 15:40:10.398 W/System.err( 1946): at java.lang.Thread.run(Thread.java:1012)
05-28 15:40:10.398 W/System.err( 1946): Caused by: java.net.SocketException: Socket closed
05-28 15:40:10.398 W/System.err( 1946): at java.net.SocketInputStream.read(SocketInputStream.java:188)
05-28 15:40:10.398 W/System.err( 1946): at java.net.SocketInputStream.read(SocketInputStream.java:143)
05-28 15:40:10.398 W/System.err( 1946): at com.android.okhttp.okio.Okio$2.read(Okio.java:138)
05-28 15:40:10.398 W/System.err( 1946): at com.android.okhttp.okio.AsyncTimeout$2.read(AsyncTimeout.java:213)
05-28 15:40:10.398 W/System.err( 1946): ... 10 more
05-28 15:40:10.398 E/ccc ( 1946): cccccc onPhrikeIOException java.net.SocketTimeoutException: timeout
05-28 15:40:10.398 E/ccc ( 1946): cccccc onPhrikeTrace downloading IO Exception: java.net.SocketTimeoutException: timeout
05-28 15:40:10.398 D/DownloadThread( 1946): DownloadEntry DownloadThread finally
05-28 15:40:10.398 D/DownloadThread( 1946): DownloadEntry DownloadThread finally 56756927/1107099960
05-28 15:40:10.398 D/DownloadThread( 1946): downloading
05-28 15:40:10.411 E/ccc ( 1946): cccccc onPhrikeTrace download start:
05-28 15:40:10.411 E/ccc ( 1946): TRY_TIMES: 1
05-28 15:40:10.411 E/ccc ( 1946): cccccc ota-download-connect
05-28 15:40:10.415 D/DownloadThread( 1946): DownloadEntry try-begin
05-28 15:40:10.415 D/DownloadThread( 1946): /cache/recovery/3859
05-28 15:40:10.415 E/ccc ( 1946): cccccc onPhrikeTrace /cache/recovery/3859
05-28 15:40:10.415 D/DownloadEntry( 1946): DownloadEntry startPos : 56756927 totalLength: 1107099960
05-28 15:40:10.415 D/DownloadEntry( 1946): DownloadEntry again startPos : 56756927 totalLength: 1107099960
05-28 15:40:10.416 D/DownloadEntry( 1946): DownloadEntry setInstanceFollowRedirects false
05-28 15:40:10.674 D/TrafficStats( 1946): tagSocket(85) with statsTag=0xffffffff, statsUid=-1
05-28 15:40:10.772 D/DhcpClient( 1338): Received packet: c8:5e:a9:7a:90:04 ACK: your new IP /192.168.3.71, netmask /255.255.254.0, gateways [/192.168.3.1] DNS servers: /202.96.134.133 /202.96.128.166 , lease time 3600
05-28 15:40:10.930 I/WifiHAL ( 558): call wifi_get_link_stats handler
05-28 15:40:10.930 I/WifiHAL ( 558): Creating message to get link statistics; iface = 16
05-28 15:40:10.930 D/WifiHAL ( 558): error code -95 mapped to -3
05-28 15:40:10.930 E/WifiStaIfaceAidlImpl( 742): getLinkLayerStats failed with service-specific exception: android.os.ServiceSpecificException: (code 4)
05-28 15:40:11.045 D/DownloadThread( 1946): DownloadEntry getSdcardRoot : /data/etna_download/remote/114.zip
05-28 15:40:11.045 D/DownloadThread( 1946): DownloadEntry getDownloadFolderPath : /data/etna_download
05-28 15:40:11.045 D/DownloadThread( 1946): DownloadEntry streamLength : 1050343033
05-28 15:40:11.045 D/DownloadEntry( 1946): DownloadEntry length finish begin writeFileByRandomAccessFile begin
05-28 15:40:11.045 D/DownloadEntry( 1946): DownloadEntry length finish begin while before position 56756927
05-28 15:40:11.765 E/Scheduler( 263): trackPendingFrame: Invalid present fence
05-28 15:40:11.782 E/Scheduler( 263): trackPendingFrame: Invalid present fence
05-28 15:40:11.799 E/Scheduler( 263): trackPendingFrame: Invalid present fence
05-28 15:40:11.832 E/Scheduler( 263): trackPendingFrame: Invalid present fence
05-28 15:40:11.849 E/Scheduler( 263): trackPendingFrame: Invalid present fence
05-28 15:40:11.865 E/Scheduler( 263): trackPendingFrame: Invalid present fence
05-28 15:40:11.882 E/Scheduler( 263): trackPendingFrame: Invalid present fence
05-28 15:40:11.899 E/Scheduler( 263): trackPendingFrame: Invalid present fence
05-28 15:40:11.915 E/Scheduler( 263): trackPendingFrame: Invalid present fence
05-28 15:40:11.932 E/Scheduler( 263): trackPendingFrame: Invalid present fence
05-28 15:40:11.949 E/Scheduler( 263): trackPendingFrame: Invalid present fence
05-28 15:40:11.965 E/Scheduler( 263): trackPendingFrame: Invalid present fence
05-28 15:40:11.982 E/Scheduler( 263): trackPendingFrame: Invalid present fence
05-28 15:40:11.999 E/Scheduler( 263): trackPendingFrame: Invalid present fence
05-28 15:40:12.015 E/Scheduler( 263): trackPendingFrame: Invalid present fence
05-28 15:40:12.032 E/Scheduler( 263): trackPendingFrame: Invalid present fence
05-28 15:40:12.049 E/Scheduler( 263): trackPendingFrame: Invalid present fence
05-28 15:40:12.066 E/Scheduler( 263): trackPendingFrame: Invalid present fence
05-28 15:40:12.082 E/Scheduler( 263): trackPendingFrame: Invalid present fence
05-28 15:40:12.099 E/Scheduler( 263): trackPendingFrame: Invalid present fence
05-28 15:40:12.116 E/Scheduler( 263): trackPendingFrame: Invalid present fence
05-28 15:40:12.132 E/Scheduler( 263): trackPendingFrame: Invalid present fence
05-28 15:40:12.149 E/Scheduler( 263): trackPendingFrame: Invalid present fence
05-28 15:40:12.166 E/Scheduler( 263): trackPendingFrame: Invalid present fence
05-28 15:40:12.183 E/Scheduler( 263): trackPendingFrame: Invalid present fence
05-28 15:40:12.199 E/Scheduler( 263): trackPendingFrame: Invalid present fence
05-28 15:40:12.215 E/Scheduler( 263): trackPendingFrame: Invalid present fence
05-28 15:40:12.232 E/Scheduler( 263): trackPendingFrame: Invalid present fence
05-28 15:40:12.249 E/Scheduler( 263): trackPendingFrame: Invalid present fence
05-28 15:40:12.266 E/Scheduler( 263): trackPendingFrame: Invalid present fence
05-28 15:40:12.282 E/Scheduler( 263): trackPendingFrame: Invalid present fence
05-28 15:40:12.299 E/Scheduler( 263): trackPendingFrame: Invalid present fence
05-28 15:40:12.316 E/Scheduler( 263): trackPendingFrame: Invalid present fence
05-28 15:40:12.333 E/Scheduler( 263): trackPendingFrame: Invalid present fence
05-28 15:40:12.349 E/Scheduler( 263): trackPendingFrame: Invalid present fence
05-28 15:40:12.366 E/Scheduler( 263): trackPendingFrame: Invalid present fence
05-28 15:40:12.382 E/Scheduler( 263): trackPendingFrame: Invalid present fence
05-28 15:40:13.596 D/nStackXCoAP( 2823): IsInSameNetwork:[276] :IsInSameNetwork exec
05-28 15:40:13.596 I/nStackXDFinder( 2823): GetLocalInterfaceDetail:[461] :GetLocalInterfaceDetail in
05-28 15:40:13.596 E/nStackXCoAP( 2823): IsInSameNetwork:[281] :IsInSameNetwork: not priority process
05-28 15:40:13.596 D/nStackXCoAP( 2823): ParseServiceDiscover:[330] :new device join
05-28 15:40:13.597 E/nStackXDFinder( 2823): GetLocalIp:[401] :GetLocalIp exec
05-28 15:40:13.797 D/nStackXCoAP( 2823): IsInSameNetwork:[276] :IsInSameNetwork exec
05-28 15:40:13.797 I/nStackXDFinder( 2823): GetLocalInterfaceDetail:[461] :GetLocalInterfaceDetail in
05-28 15:40:13.797 E/nStackXCoAP( 2823): IsInSameNetwork:[281] :IsInSameNetwork: not priority process
05-28 15:40:13.797 D/nStackXCoAP( 2823): ParseServiceDiscover:[330] :new device join
05-28 15:40:13.797 E/nStackXDFinder( 2823): GetLocalIp:[401] :GetLocalIp exec
05-28 15:40:13.937 I/WifiHAL ( 558): call wifi_get_link_stats handler
05-28 15:40:13.937 I/WifiHAL ( 558): Creating message to get link statistics; iface = 16
05-28 15:40:13.938 D/WifiHAL ( 558): error code -95 mapped to -3
05-28 15:40:13.938 E/WifiStaIfaceAidlImpl( 742): getLinkLayerStats failed with service-specific exception: android.os.ServiceSpecificException: (code 4)
05-28 15:40:14.013 D/nStackXCoAP( 2823): IsInSameNetwork:[276] :IsInSameNetwork exec
05-28 15:40:14.013 I/nStackXDFinder( 2823): GetLocalInterfaceDetail:[461] :GetLocalInterfaceDetail in
05-28 15:40:14.013 E/nStackXCoAP( 2823): IsInSameNetwork:[281] :IsInSameNetwork: not priority process
05-28 15:40:14.013 D/nStackXCoAP( 2823): ParseServiceDiscover:[330] :new device join
05-28 15:40:14.013 E/nStackXDFinder( 2823): GetLocalIp:[401] :GetLocalIp exec
05-28 15:40:14.515 D/nStackXCoAP( 2823): IsInSameNetwork:[276] :IsInSameNetwork exec
05-28 15:40:14.515 I/nStackXDFinder( 2823): GetLocalInterfaceDetail:[461] :GetLocalInterfaceDetail in
05-28 15:40:14.515 E/nStackXCoAP( 2823): IsInSameNetwork:[281] :IsInSameNetwork: not priority process
05-28 15:40:14.515 D/nStackXCoAP( 2823): ParseServiceDiscover:[330] :new device join
05-28 15:40:14.515 E/nStackXDFinder( 2823): GetLocalIp:[401] :GetLocalIp exec
05-28 15:40:14.785 E/Scheduler( 263): trackPendingFrame: Invalid present fence
05-28 15:40:14.802 E/Scheduler( 263): trackPendingFrame: Invalid present fence
05-28 15:40:14.818 E/Scheduler( 263): trackPendingFrame: Invalid present fence
05-28 15:40:14.851 E/Scheduler( 263): trackPendingFrame: Invalid present fence
05-28 15:40:14.868 E/Scheduler( 263): trackPendingFrame: Invalid present fence
05-28 15:40:14.885 E/Scheduler( 263): trackPendingFrame: Invalid present fence
05-28 15:40:14.902 E/Scheduler( 263): trackPendingFrame: Invalid present fence
05-28 15:40:14.918 E/Scheduler( 263): trackPendingFrame: Invalid present fence
05-28 15:40:14.935 E/Scheduler( 263): trackPendingFrame: Invalid present fence
05-28 15:40:14.952 E/Scheduler( 263): trackPendingFrame: Invalid present fence
05-28 15:40:14.969 E/Scheduler( 263): trackPendingFrame: Invalid present fence
05-28 15:40:14.985 E/Scheduler( 263): trackPendingFrame: Invalid present fence
05-28 15:40:15.002 E/Scheduler( 263): trackPendingFrame: Invalid present fence
05-28 15:40:15.018 E/Scheduler( 263): trackPendingFrame: Invalid present fence
05-28 15:40:15.035 E/Scheduler( 263): trackPendingFrame: Invalid present fence
05-28 15:40:15.052 E/Scheduler( 263): trackPendingFrame: Invalid present fence
05-28 15:40:15.069 E/Scheduler( 263): trackPendingFrame: Invalid present fence
05-28 15:40:15.085 E/Scheduler( 263): trackPendingFrame: Invalid present fence
05-28 15:40:15.102 E/Scheduler( 263): trackPendingFrame: Invalid present fence
05-28 15:40:15.119 E/Scheduler( 263): trackPendingFrame: Invalid present fence
05-28 15:40:15.135 E/Scheduler( 263): trackPendingFrame: Invalid present fence
05-28 15:40:15.139 D/nStackXCoAP( 2823): IsInSameNetwork:[276] :IsInSameNetwork exec
05-28 15:40:15.139 I/nStackXDFinder( 2823): GetLocalInterfaceDetail:[461] :GetLocalInterfaceDetail in
05-28 15:40:15.140 E/nStackXCoAP( 2823): IsInSameNetwork:[281] :IsInSameNetwork: not priority process
05-28 15:40:15.140 D/nStackXCoAP( 2823): ParseServiceDiscover:[330] :new device join
05-28 15:40:15.140 E/nStackXDFinder( 2823): GetLocalIp:[401] :GetLocalIp exec
05-28 15:40:15.152 E/Scheduler( 263): trackPendingFrame: Invalid present fence
05-28 15:40:15.169 E/Scheduler( 263): trackPendingFrame: Invalid present fence
05-28 15:40:15.185 E/Scheduler( 263): trackPendingFrame: Invalid present fence
05-28 15:40:15.202 E/Scheduler( 263): trackPendingFrame: Invalid present fence
05-28 15:40:15.219 E/Scheduler( 263): trackPendingFrame: Invalid present fence
05-28 15:40:15.235 E/Scheduler( 263): trackPendingFrame: Invalid present fence
05-28 15:40:15.252 E/Scheduler( 263): trackPendingFrame: Invalid present fence
05-28 15:40:15.269 E/Scheduler( 263): trackPendingFrame: Invalid present fence
05-28 15:40:15.285 E/Scheduler( 263): trackPendingFrame: Invalid present fence
05-28 15:40:15.302 E/Scheduler( 263): trackPendingFrame: Invalid present fence
05-28 15:40:15.319 E/Scheduler( 263): trackPendingFrame: Invalid present fence
05-28 15:40:15.335 E/Scheduler( 263): trackPendingFrame: Invalid present fence
05-28 15:40:15.352 E/Scheduler( 263): trackPendingFrame: Invalid present fence
05-28 15:40:15.369 E/Scheduler( 263): trackPendingFrame: Invalid present fence
05-28 15:40:15.385 E/Scheduler( 263): trackPendingFrame: Invalid present fence
05-28 15:40:15.402 E/Scheduler( 263): trackPendingFrame: Invalid present fence
