05-28 15:40:16.046 D/DownloadThread( 1946): DownloadEntry DownloadThread IOException timeout
05-28 15:40:16.047 W/System.err( 1946): java.net.SocketTimeoutException: timeout
05-28 15:40:16.047 W/System.err( 1946): at com.android.okhttp.okio.Okio$3.newTimeoutException(Okio.java:214)
05-28 15:40:16.047 W/System.err( 1946): at com.android.okhttp.okio.AsyncTimeout.exit(AsyncTimeout.java:263)
05-28 15:40:16.047 W/System.err( 1946): at com.android.okhttp.okio.AsyncTimeout$2.read(AsyncTimeout.java:217)
05-28 15:40:16.047 W/System.err( 1946): at com.android.okhttp.okio.RealBufferedSource.read(RealBufferedSource.java:51)
05-28 15:40:16.047 W/System.err( 1946): at com.android.okhttp.internal.http.Http1xStream$FixedLengthSource.read(Http1xStream.java:395)
05-28 15:40:16.047 W/System.err( 1946): at com.android.okhttp.okio.RealBufferedSource$1.read(RealBufferedSource.java:372)
05-28 15:40:16.047 W/System.err( 1946): at java.io.InputStream.read(InputStream.java:218)
05-28 15:40:16.047 W/System.err( 1946): at com.dangbei.phrike.core.SingleDownloadThread.writeFileByRandomAccessFile(SingleDownloadThread.java:469)
05-28 15:40:16.047 W/System.err( 1946): at com.dangbei.phrike.core.SingleDownloadThread.download(SingleDownloadThread.java:257)
05-28 15:40:16.047 W/System.err( 1946): at com.dangbei.phrike.core.SingleDownloadThread.run(SingleDownloadThread.java:77)
05-28 15:40:16.047 W/System.err( 1946): at java.util.concurrent.ThreadPoolExecutor.runWorker(ThreadPoolExecutor.java:1145)
05-28 15:40:16.047 W/System.err( 1946): at java.util.concurrent.ThreadPoolExecutor$Worker.run(ThreadPoolExecutor.java:644)
05-28 15:40:16.047 W/System.err( 1946): at java.lang.Thread.run(Thread.java:1012)
05-28 15:40:16.047 W/System.err( 1946): Caused by: java.net.SocketTimeoutException: Read timed out
05-28 15:40:16.047 W/System.err( 1946): at java.net.SocketInputStream.socketRead0(Native Method)
05-28 15:40:16.047 W/System.err( 1946): at java.net.SocketInputStream.socketRead(SocketInputStream.java:118)
05-28 15:40:16.047 W/System.err( 1946): at java.net.SocketInputStream.read(SocketInputStream.java:173)
05-28 15:40:16.047 W/System.err( 1946): at java.net.SocketInputStream.read(SocketInputStream.java:143)
05-28 15:40:16.047 W/System.err( 1946): at com.android.okhttp.okio.Okio$2.read(Okio.java:138)
05-28 15:40:16.047 W/System.err( 1946): at com.android.okhttp.okio.AsyncTimeout$2.read(AsyncTimeout.java:213)
05-28 15:40:16.047 W/System.err( 1946): ... 10 more
05-28 15:40:16.047 E/ccc ( 1946): cccccc onPhrikeIOException java.net.SocketTimeoutException: timeout
05-28 15:40:16.047 E/ccc ( 1946): cccccc onPhrikeTrace downloading IO Exception: java.net.SocketTimeoutException: timeout
05-28 15:40:16.048 D/DownloadThread( 1946): DownloadEntry DownloadThread finally
05-28 15:40:16.048 D/DownloadThread( 1946): DownloadEntry DownloadThread finally 56756927/1107099960
05-28 15:40:16.048 D/DownloadThread( 1946): downloading
05-28 15:40:16.056 E/ccc ( 1946): cccccc onPhrikeTrace download start:
05-28 15:40:16.056 E/ccc ( 1946): TRY_TIMES: 2
05-28 15:40:16.056 E/ccc ( 1946): cccccc ota-download-connect
05-28 15:40:16.059 D/DownloadThread( 1946): DownloadEntry try-begin
05-28 15:40:16.059 D/DownloadThread( 1946): /cache/recovery/3859
05-28 15:40:16.059 E/ccc ( 1946): cccccc onPhrikeTrace /cache/recovery/3859
05-28 15:40:16.059 D/DownloadEntry( 1946): DownloadEntry startPos : 56756927 totalLength: 1107099960
05-28 15:40:16.059 D/DownloadEntry( 1946): DownloadEntry again startPos : 56756927 totalLength: 1107099960
05-28 15:40:16.059 D/DownloadEntry( 1946): DownloadEntry setInstanceFollowRedirects false
05-28 15:40:16.945 I/WifiHAL ( 558): call wifi_get_link_stats handler
05-28 15:40:16.946 I/WifiHAL ( 558): Creating message to get link statistics; iface = 16
05-28 15:40:16.946 D/WifiHAL ( 558): error code -95 mapped to -3
05-28 15:40:16.946 E/WifiStaIfaceAidlImpl( 742): getLinkLayerStats failed with service-specific exception: android.os.ServiceSpecificException: (code 4)
05-28 15:40:17.021 D/nStackXCoAP( 2823): IsInSameNetwork:[276] :IsInSameNetwork exec
05-28 15:40:17.021 I/nStackXDFinder( 2823): GetLocalInterfaceDetail:[461] :GetLocalInterfaceDetail in
05-28 15:40:17.021 E/nStackXCoAP( 2823): IsInSameNetwork:[281] :IsInSameNetwork: not priority process
05-28 15:40:17.021 D/nStackXCoAP( 2823): ParseServiceDiscover:[330] :new device join
05-28 15:40:17.021 E/nStackXDFinder( 2823): GetLocalIp:[401] :GetLocalIp exec
05-28 15:40:17.508 D/nStackXCoAP( 2823): IsInSameNetwork:[276] :IsInSameNetwork exec
05-28 15:40:17.508 I/nStackXDFinder( 2823): GetLocalInterfaceDetail:[461] :GetLocalInterfaceDetail in
05-28 15:40:17.508 E/nStackXCoAP( 2823): IsInSameNetwork:[281] :IsInSameNetwork: not priority process
05-28 15:40:17.508 D/nStackXCoAP( 2823): ParseServiceDiscover:[330] :new device join
05-28 15:40:17.508 E/nStackXDFinder( 2823): GetLocalIp:[401] :GetLocalIp exec
05-28 15:40:17.771 E/Scheduler( 263): trackPendingFrame: Invalid present fence
05-28 15:40:17.788 E/Scheduler( 263): trackPendingFrame: Invalid present fence
05-28 15:40:17.821 E/Scheduler( 263): trackPendingFrame: Invalid present fence
05-28 15:40:17.838 E/Scheduler( 263): trackPendingFrame: Invalid present fence
05-28 15:40:17.855 E/Scheduler( 263): trackPendingFrame: Invalid present fence
05-28 15:40:17.871 E/Scheduler( 263): trackPendingFrame: Invalid present fence
05-28 15:40:17.888 E/Scheduler( 263): trackPendingFrame: Invalid present fence
05-28 15:40:17.905 E/Scheduler( 263): trackPendingFrame: Invalid present fence
05-28 15:40:17.922 E/Scheduler( 263): trackPendingFrame: Invalid present fence
05-28 15:40:17.938 E/Scheduler( 263): trackPendingFrame: Invalid present fence
05-28 15:40:17.955 E/Scheduler( 263): trackPendingFrame: Invalid present fence
05-28 15:40:17.971 E/Scheduler( 263): trackPendingFrame: Invalid present fence
05-28 15:40:17.988 E/Scheduler( 263): trackPendingFrame: Invalid present fence
05-28 15:40:18.005 E/Scheduler( 263): trackPendingFrame: Invalid present fence
05-28 15:40:18.021 E/Scheduler( 263): trackPendingFrame: Invalid present fence
05-28 15:40:18.038 E/Scheduler( 263): trackPendingFrame: Invalid present fence
05-28 15:40:18.055 E/Scheduler( 263): trackPendingFrame: Invalid present fence
05-28 15:40:18.071 E/Scheduler( 263): trackPendingFrame: Invalid present fence
05-28 15:40:18.088 E/Scheduler( 263): trackPendingFrame: Invalid present fence
05-28 15:40:18.105 E/Scheduler( 263): trackPendingFrame: Invalid present fence
05-28 15:40:18.121 E/Scheduler( 263): trackPendingFrame: Invalid present fence
05-28 15:40:18.138 E/Scheduler( 263): trackPendingFrame: Invalid present fence
05-28 15:40:18.155 E/Scheduler( 263): trackPendingFrame: Invalid present fence
05-28 15:40:18.172 E/Scheduler( 263): trackPendingFrame: Invalid present fence
05-28 15:40:18.188 E/Scheduler( 263): trackPendingFrame: Invalid present fence
05-28 15:40:18.205 E/Scheduler( 263): trackPendingFrame: Invalid present fence
05-28 15:40:18.222 E/Scheduler( 263): trackPendingFrame: Invalid present fence
05-28 15:40:18.238 E/Scheduler( 263): trackPendingFrame: Invalid present fence
05-28 15:40:18.255 E/Scheduler( 263): trackPendingFrame: Invalid present fence
05-28 15:40:18.272 E/Scheduler( 263): trackPendingFrame: Invalid present fence
05-28 15:40:18.289 E/Scheduler( 263): trackPendingFrame: Invalid present fence
05-28 15:40:18.305 E/Scheduler( 263): trackPendingFrame: Invalid present fence
05-28 15:40:18.322 E/Scheduler( 263): trackPendingFrame: Invalid present fence
05-28 15:40:18.338 E/Scheduler( 263): trackPendingFrame: Invalid present fence
05-28 15:40:18.355 E/Scheduler( 263): trackPendingFrame: Invalid present fence
05-28 15:40:18.372 E/Scheduler( 263): trackPendingFrame: Invalid present fence
05-28 15:40:18.389 E/Scheduler( 263): trackPendingFrame: Invalid present fence
05-28 15:40:19.951 I/WifiHAL ( 558): call wifi_get_link_stats handler
05-28 15:40:19.952 I/WifiHAL ( 558): Creating message to get link statistics; iface = 16
05-28 15:40:19.952 D/WifiHAL ( 558): error code -95 mapped to -3
05-28 15:40:19.952 E/WifiStaIfaceAidlImpl( 742): getLinkLayerStats failed with service-specific exception: android.os.ServiceSpecificException: (code 4)
05-28 15:40:20.774 E/Scheduler( 263): trackPendingFrame: Invalid present fence
05-28 15:40:20.791 E/Scheduler( 263): trackPendingFrame: Invalid present fence
05-28 15:40:20.808 E/Scheduler( 263): trackPendingFrame: Invalid present fence
05-28 15:40:20.841 E/Scheduler( 263): trackPendingFrame: Invalid present fence
05-28 15:40:20.858 E/Scheduler( 263): trackPendingFrame: Invalid present fence
05-28 15:40:20.875 E/Scheduler( 263): trackPendingFrame: Invalid present fence
05-28 15:40:20.891 E/Scheduler( 263): trackPendingFrame: Invalid present fence
05-28 15:40:20.908 E/Scheduler( 263): trackPendingFrame: Invalid present fence
05-28 15:40:20.924 E/Scheduler( 263): trackPendingFrame: Invalid present fence
05-28 15:40:20.941 E/Scheduler( 263): trackPendingFrame: Invalid present fence
05-28 15:40:20.958 E/Scheduler( 263): trackPendingFrame: Invalid present fence
05-28 15:40:20.974 E/Scheduler( 263): trackPendingFrame: Invalid present fence
05-28 15:40:20.991 E/Scheduler( 263): trackPendingFrame: Invalid present fence
05-28 15:40:21.008 E/Scheduler( 263): trackPendingFrame: Invalid present fence
05-28 15:40:21.025 E/Scheduler( 263): trackPendingFrame: Invalid present fence
05-28 15:40:21.041 E/Scheduler( 263): trackPendingFrame: Invalid present fence
05-28 15:40:21.058 E/Scheduler( 263): trackPendingFrame: Invalid present fence
05-28 15:40:21.075 E/Scheduler( 263): trackPendingFrame: Invalid present fence
05-28 15:40:21.091 E/Scheduler( 263): trackPendingFrame: Invalid present fence
05-28 15:40:21.108 E/Scheduler( 263): trackPendingFrame: Invalid present fence
05-28 15:40:21.125 E/Scheduler( 263): trackPendingFrame: Invalid present fence
05-28 15:40:21.141 E/Scheduler( 263): trackPendingFrame: Invalid present fence
05-28 15:40:21.158 E/Scheduler( 263): trackPendingFrame: Invalid present fence
05-28 15:40:21.175 E/Scheduler( 263): trackPendingFrame: Invalid present fence
05-28 15:40:21.191 E/Scheduler( 263): trackPendingFrame: Invalid present fence
05-28 15:40:21.208 E/Scheduler( 263): trackPendingFrame: Invalid present fence
05-28 15:40:21.219 D/TrafficStats( 1946): tagSocket(85) with statsTag=0xffffffff, statsUid=-1
05-28 15:40:21.225 E/Scheduler( 263): trackPendingFrame: Invalid present fence
05-28 15:40:21.242 E/Scheduler( 263): trackPendingFrame: Invalid present fence
05-28 15:40:21.258 E/Scheduler( 263): trackPendingFrame: Invalid present fence
05-28 15:40:21.275 E/Scheduler( 263): trackPendingFrame: Invalid present fence
05-28 15:40:21.292 E/Scheduler( 263): trackPendingFrame: Invalid present fence
05-28 15:40:21.309 E/Scheduler( 263): trackPendingFrame: Invalid present fence
05-28 15:40:21.325 E/Scheduler( 263): trackPendingFrame: Invalid present fence
05-28 15:40:21.341 E/Scheduler( 263): trackPendingFrame: Invalid present fence
05-28 15:40:21.358 E/Scheduler( 263): trackPendingFrame: Invalid present fence
05-28 15:40:21.375 E/Scheduler( 263): trackPendingFrame: Invalid present fence
05-28 15:40:21.392 E/Scheduler( 263): trackPendingFrame: Invalid present fence
05-28 15:40:21.563 D/DownloadThread( 1946): DownloadEntry getSdcardRoot : /data/etna_download/remote/114.zip
05-28 15:40:21.563 D/DownloadThread( 1946): DownloadEntry getDownloadFolderPath : /data/etna_download
05-28 15:40:21.563 D/DownloadThread( 1946): DownloadEntry streamLength : 1050343033
05-28 15:40:21.563 D/DownloadEntry( 1946): DownloadEntry length finish begin writeFileByRandomAccessFile begin
05-28 15:40:21.563 D/DownloadEntry( 1946): DownloadEntry length finish begin while before position 56756927
05-28 15:40:21.642 E/ccc ( 1946): cccccc onPhrikeUpdate downloading 5.1267467
05-28 15:40:22.958 I/WifiHAL ( 558): call wifi_get_link_stats handler
05-28 15:40:22.958 I/WifiHAL ( 558): Creating message to get link statistics; iface = 16
05-28 15:40:22.959 D/WifiHAL ( 558): error code -95 mapped to -3
05-28 15:40:22.959 E/WifiStaIfaceAidlImpl( 742): getLinkLayerStats failed with service-specific exception: android.os.ServiceSpecificException: (code 4)
05-28 15:40:23.777 E/Scheduler( 263): trackPendingFrame: Invalid present fence
05-28 15:40:23.794 E/Scheduler( 263): trackPendingFrame: Invalid present fence
05-28 15:40:23.811 E/Scheduler( 263): trackPendingFrame: Invalid present fence
05-28 15:40:23.844 E/Scheduler( 263): trackPendingFrame: Invalid present fence
05-28 15:40:23.861 E/Scheduler( 263): trackPendingFrame: Invalid present fence
05-28 15:40:23.877 E/Scheduler( 263): trackPendingFrame: Invalid present fence
05-28 15:40:23.894 E/Scheduler( 263): trackPendingFrame: Invalid present fence
05-28 15:40:23.911 E/Scheduler( 263): trackPendingFrame: Invalid present fence
05-28 15:40:23.928 E/Scheduler( 263): trackPendingFrame: Invalid present fence
05-28 15:40:23.944 E/Scheduler( 263): trackPendingFrame: Invalid present fence
05-28 15:40:23.961 E/Scheduler( 263): trackPendingFrame: Invalid present fence
05-28 15:40:23.977 E/Scheduler( 263): trackPendingFrame: Invalid present fence
05-28 15:40:23.994 E/Scheduler( 263): trackPendingFrame: Invalid present fence
05-28 15:40:24.011 E/Scheduler( 263): trackPendingFrame: Invalid present fence
05-28 15:40:24.027 E/Scheduler( 263): trackPendingFrame: Invalid present fence
05-28 15:40:24.044 E/Scheduler( 263): trackPendingFrame: Invalid present fence
05-28 15:40:24.061 E/Scheduler( 263): trackPendingFrame: Invalid present fence
05-28 15:40:24.078 E/Scheduler( 263): trackPendingFrame: Invalid present fence
05-28 15:40:24.094 E/Scheduler( 263): trackPendingFrame: Invalid present fence
05-28 15:40:24.111 E/Scheduler( 263): trackPendingFrame: Invalid present fence
05-28 15:40:24.128 E/Scheduler( 263): trackPendingFrame: Invalid present fence
05-28 15:40:24.144 E/Scheduler( 263): trackPendingFrame: Invalid present fence
05-28 15:40:24.161 E/Scheduler( 263): trackPendingFrame: Invalid present fence
05-28 15:40:24.178 E/Scheduler( 263): trackPendingFrame: Invalid present fence
05-28 15:40:24.194 E/Scheduler( 263): trackPendingFrame: Invalid present fence
05-28 15:40:24.211 E/Scheduler( 263): trackPendingFrame: Invalid present fence
05-28 15:40:24.228 E/Scheduler( 263): trackPendingFrame: Invalid present fence
05-28 15:40:24.244 E/Scheduler( 263): trackPendingFrame: Invalid present fence
05-28 15:40:24.261 E/Scheduler( 263): trackPendingFrame: Invalid present fence
05-28 15:40:24.278 E/Scheduler( 263): trackPendingFrame: Invalid present fence
05-28 15:40:24.294 E/Scheduler( 263): trackPendingFrame: Invalid present fence
05-28 15:40:24.311 E/Scheduler( 263): trackPendingFrame: Invalid present fence
05-28 15:40:24.328 E/Scheduler( 263): trackPendingFrame: Invalid present fence
05-28 15:40:24.344 E/Scheduler( 263): trackPendingFrame: Invalid present fence
05-28 15:40:24.361 E/Scheduler( 263): trackPendingFrame: Invalid present fence
05-28 15:40:24.378 E/Scheduler( 263): trackPendingFrame: Invalid present fence
05-28 15:40:24.395 E/Scheduler( 263): trackPendingFrame: Invalid present fence
05-28 15:40:25.677 E/ccc ( 1946): cccccc onPhrikeUpdate downloading 5.1361465
05-28 15:40:25.965 I/WifiHAL ( 558): call wifi_get_link_stats handler
05-28 15:40:25.965 I/WifiHAL ( 558): Creating message to get link statistics; iface = 16
05-28 15:40:25.965 D/WifiHAL ( 558): error code -95 mapped to -3
05-28 15:40:25.966 E/WifiStaIfaceAidlImpl( 742): getLinkLayerStats failed with service-specific exception: android.os.ServiceSpecificException: (code 4)
05-28 15:40:26.780 E/Scheduler( 263): trackPendingFrame: Invalid present fence
05-28 15:40:26.797 E/Scheduler( 263): trackPendingFrame: Invalid present fence
05-28 15:40:26.813 E/Scheduler( 263): trackPendingFrame: Invalid present fence
05-28 15:40:26.830 E/Scheduler( 263): trackPendingFrame: Invalid present fence
05-28 15:40:26.847 E/Scheduler( 263): trackPendingFrame: Invalid present fence
05-28 15:40:26.864 E/Scheduler( 263): trackPendingFrame: Invalid present fence
05-28 15:40:26.880 E/Scheduler( 263): trackPendingFrame: Invalid present fence
05-28 15:40:26.897 E/Scheduler( 263): trackPendingFrame: Invalid present fence
05-28 15:40:26.914 E/Scheduler( 263): trackPendingFrame: Invalid present fence
05-28 15:40:26.930 E/Scheduler( 263): trackPendingFrame: Invalid present fence
05-28 15:40:26.947 E/Scheduler( 263): trackPendingFrame: Invalid present fence
05-28 15:40:26.964 E/Scheduler( 263): trackPendingFrame: Invalid present fence
05-28 15:40:26.981 E/Scheduler( 263): trackPendingFrame: Invalid present fence
05-28 15:40:26.997 E/Scheduler( 263): trackPendingFrame: Invalid present fence
05-28 15:40:27.014 E/Scheduler( 263): trackPendingFrame: Invalid present fence
05-28 15:40:27.030 E/Scheduler( 263): trackPendingFrame: Invalid present fence
05-28 15:40:27.047 E/Scheduler( 263): trackPendingFrame: Invalid present fence
05-28 15:40:27.064 E/Scheduler( 263): trackPendingFrame: Invalid present fence
05-28 15:40:27.081 E/Scheduler( 263): trackPendingFrame: Invalid present fence
05-28 15:40:27.097 E/Scheduler( 263): trackPendingFrame: Invalid present fence
05-28 15:40:27.114 E/Scheduler( 263): trackPendingFrame: Invalid present fence
05-28 15:40:27.131 E/Scheduler( 263): trackPendingFrame: Invalid present fence
05-28 15:40:27.144 D/nStackXCoAP( 2823): IsInSameNetwork:[276] :IsInSameNetwork exec
05-28 15:40:27.144 I/nStackXDFinder( 2823): GetLocalInterfaceDetail:[461] :GetLocalInterfaceDetail in
05-28 15:40:27.145 E/nStackXCoAP( 2823): IsInSameNetwork:[281] :IsInSameNetwork: not priority process
05-28 15:40:27.145 D/nStackXCoAP( 2823): ParseServiceDiscover:[330] :new device join
05-28 15:40:27.145 E/nStackXDFinder( 2823): GetLocalIp:[401] :GetLocalIp exec
05-28 15:40:27.147 E/Scheduler( 263): trackPendingFrame: Invalid present fence
05-28 15:40:27.164 E/Scheduler( 263): trackPendingFrame: Invalid present fence
05-28 15:40:27.180 E/Scheduler( 263): trackPendingFrame: Invalid present fence
05-28 15:40:27.197 E/Scheduler( 263): trackPendingFrame: Invalid present fence
05-28 15:40:27.214 E/Scheduler( 263): trackPendingFrame: Invalid present fence
05-28 15:40:27.231 E/Scheduler( 263): trackPendingFrame: Invalid present fence
05-28 15:40:27.247 E/Scheduler( 263): trackPendingFrame: Invalid present fence
05-28 15:40:27.264 E/Scheduler( 263): trackPendingFrame: Invalid present fence
05-28 15:40:27.272 D/nStackXCoAP( 2823): IsInSameNetwork:[276] :IsInSameNetwork exec
05-28 15:40:27.272 I/nStackXDFinder( 2823): GetLocalInterfaceDetail:[461] :GetLocalInterfaceDetail in
05-28 15:40:27.272 E/nStackXCoAP( 2823): IsInSameNetwork:[281] :IsInSameNetwork: not priority process
05-28 15:40:27.272 D/nStackXCoAP( 2823): ParseServiceDiscover:[330] :new device join
05-28 15:40:27.272 E/nStackXDFinder( 2823): GetLocalIp:[401] :GetLocalIp exec
05-28 15:40:27.281 E/Scheduler( 263): trackPendingFrame: Invalid present fence
05-28 15:40:27.297 E/Scheduler( 263): trackPendingFrame: Invalid present fence
05-28 15:40:27.314 E/Scheduler( 263): trackPendingFrame: Invalid present fence
05-28 15:40:27.331 E/Scheduler( 263): trackPendingFrame: Invalid present fence
05-28 15:40:27.347 E/Scheduler( 263): trackPendingFrame: Invalid present fence
05-28 15:40:27.364 E/Scheduler( 263): trackPendingFrame: Invalid present fence
05-28 15:40:27.381 E/Scheduler( 263): trackPendingFrame: Invalid present fence
05-28 15:40:27.417 D/nStackXCoAP( 2823): IsInSameNetwork:[276] :IsInSameNetwork exec
05-28 15:40:27.417 I/nStackXDFinder( 2823): GetLocalInterfaceDetail:[461] :GetLocalInterfaceDetail in
05-28 15:40:27.417 E/nStackXCoAP( 2823): IsInSameNetwork:[281] :IsInSameNetwork: not priority process
05-28 15:40:27.417 D/nStackXCoAP( 2823): ParseServiceDiscover:[330] :new device join
05-28 15:40:27.417 E/nStackXDFinder( 2823): GetLocalIp:[401] :GetLocalIp exec
05-28 15:40:27.458 D/nStackXCoAP( 2823): IsInSameNetwork:[276] :IsInSameNetwork exec
05-28 15:40:27.458 I/nStackXDFinder( 2823): GetLocalInterfaceDetail:[461] :GetLocalInterfaceDetail in
05-28 15:40:27.458 E/nStackXCoAP( 2823): IsInSameNetwork:[281] :IsInSameNetwork: not priority process
05-28 15:40:27.458 D/nStackXCoAP( 2823): ParseServiceDiscover:[330] :new device join
05-28 15:40:27.459 E/nStackXDFinder( 2823): GetLocalIp:[401] :GetLocalIp exec
05-28 15:40:27.488 D/nStackXCoAP( 2823): IsInSameNetwork:[276] :IsInSameNetwork exec
05-28 15:40:27.488 I/nStackXDFinder( 2823): GetLocalInterfaceDetail:[461] :GetLocalInterfaceDetail in
05-28 15:40:27.488 E/nStackXCoAP( 2823): IsInSameNetwork:[281] :IsInSameNetwork: not priority process
05-28 15:40:27.488 D/nStackXCoAP( 2823): ParseServiceDiscover:[330] :new device join
05-28 15:40:27.488 E/nStackXDFinder( 2823): GetLocalIp:[401] :GetLocalIp exec
05-28 15:40:27.629 D/nStackXCoAP( 2823): IsInSameNetwork:[276] :IsInSameNetwork exec
05-28 15:40:27.629 I/nStackXDFinder( 2823): GetLocalInterfaceDetail:[461] :GetLocalInterfaceDetail in
05-28 15:40:27.629 E/nStackXCoAP( 2823): IsInSameNetwork:[281] :IsInSameNetwork: not priority process
05-28 15:40:27.629 D/nStackXCoAP( 2823): ParseServiceDiscover:[330] :new device join
05-28 15:40:27.629 E/nStackXDFinder( 2823): GetLocalIp:[401] :GetLocalIp exec
05-28 15:40:27.981 D/nStackXCoAP( 2823): IsInSameNetwork:[276] :IsInSameNetwork exec
05-28 15:40:27.981 I/nStackXDFinder( 2823): GetLocalInterfaceDetail:[461] :GetLocalInterfaceDetail in
05-28 15:40:27.981 E/nStackXCoAP( 2823): IsInSameNetwork:[281] :IsInSameNetwork: not priority process
05-28 15:40:27.981 D/nStackXCoAP( 2823): ParseServiceDiscover:[330] :new device join
05-28 15:40:27.981 E/nStackXDFinder( 2823): GetLocalIp:[401] :GetLocalIp exec
05-28 15:40:28.104 D/nStackXCoAP( 2823): CoapMessageHandler:[133] :2.01
05-28 15:40:28.115 D/nStackXCoAP( 2823): CoapMessageHandler:[133] :2.01
05-28 15:40:28.144 D/nStackXCoAP( 2823): IsInSameNetwork:[276] :IsInSameNetwork exec
05-28 15:40:28.144 I/nStackXDFinder( 2823): GetLocalInterfaceDetail:[461] :GetLocalInterfaceDetail in
05-28 15:40:28.144 E/nStackXCoAP( 2823): IsInSameNetwork:[281] :IsInSameNetwork: not priority process
05-28 15:40:28.145 D/nStackXCoAP( 2823): ParseServiceDiscover:[330] :new device join
05-28 15:40:28.145 E/nStackXDFinder( 2823): GetLocalIp:[401] :GetLocalIp exec
05-28 15:40:28.194 D/nStackXCoAP( 2823): IsInSameNetwork:[276] :IsInSameNetwork exec
05-28 15:40:28.194 I/nStackXDFinder( 2823): GetLocalInterfaceDetail:[461] :GetLocalInterfaceDetail in
05-28 15:40:28.194 E/nStackXCoAP( 2823): IsInSameNetwork:[281] :IsInSameNetwork: not priority process
05-28 15:40:28.194 D/nStackXCoAP( 2823): ParseServiceDiscover:[330] :new device join
05-28 15:40:28.194 E/nStackXDFinder( 2823): GetLocalIp:[401] :GetLocalIp exec
05-28 15:40:28.217 D/nStackXCoAP( 2823): CoapMessageHandler:[133] :2.01
05-28 15:40:28.548 D/nStackXCoAP( 2823): CoapMessageHandler:[133] :2.01
05-28 15:40:28.548 D/nStackXCoAP( 2823): CoapMessageHandler:[133] :2.01
05-28 15:40:28.606 D/nStackXCoAP( 2823): IsInSameNetwork:[276] :IsInSameNetwork exec
05-28 15:40:28.606 I/nStackXDFinder( 2823): GetLocalInterfaceDetail:[461] :GetLocalInterfaceDetail in
05-28 15:40:28.606 E/nStackXCoAP( 2823): IsInSameNetwork:[281] :IsInSameNetwork: not priority process
05-28 15:40:28.606 D/nStackXCoAP( 2823): ParseServiceDiscover:[330] :new device join
05-28 15:40:28.606 E/nStackXDFinder( 2823): GetLocalIp:[401] :GetLocalIp exec
05-28 15:40:28.750 D/nStackXCoAP( 2823): IsInSameNetwork:[276] :IsInSameNetwork exec
05-28 15:40:28.750 I/nStackXDFinder( 2823): GetLocalInterfaceDetail:[461] :GetLocalInterfaceDetail in
05-28 15:40:28.750 E/nStackXCoAP( 2823): IsInSameNetwork:[281] :IsInSameNetwork: not priority process
05-28 15:40:28.750 D/nStackXCoAP( 2823): ParseServiceDiscover:[330] :new device join
05-28 15:40:28.750 E/nStackXDFinder( 2823): GetLocalIp:[401] :GetLocalIp exec
05-28 15:40:28.752 D/nStackXCoAP( 2823): CoapMessageHandler:[133] :2.01
05-28 15:40:28.882 I/audio_hw_hal_alsamgr( 509): alsa format =0x1 delay frames =768 total frames=253518080
05-28 15:40:28.969 I/WifiHAL ( 558): call wifi_get_link_stats handler
05-28 15:40:28.970 I/WifiHAL ( 558): Creating message to get link statistics; iface = 16
05-28 15:40:28.970 D/WifiHAL ( 558): error code -95 mapped to -3
05-28 15:40:28.970 E/WifiStaIfaceAidlImpl( 742): getLinkLayerStats failed with service-specific exception: android.os.ServiceSpecificException: (code 4)
05-28 15:40:28.977 D/InstantWifi( 742): Receive Wifi is connected, freq = 5745 and currentNetworkId : 0, wifiinfo = SSID: , BSSID: 02:00:00:00:00:00, MAC: 02:00:00:00:00:00, IP: /192.168.3.246, Security type: 2, Supplicant state: COMPLETED, Wi-Fi standard: 6, RSSI: -55, Link speed: 1200Mbps, Tx Link speed: 1200Mbps, Max Supported Tx Link speed: 1200Mbps, Rx Link speed: 6Mbps, Max Supported Rx Link speed: 1200Mbps, Frequency: 5745MHz, Net ID: -1, Metered hint: false, score: 60, isUsable: true, CarrierMerged: false, SubscriptionId: -1, IsPrimary: 1, Trusted: true, Restricted: false, Ephemeral: false, OEM paid: false, OEM private: false, OSU AP: false, FQDN: , Provider friendly name: , Requesting package name: MLO Information: , Is TID-To-Link negotiation supported by the AP: false, AP MLD Address: , AP MLO Link Id: , AP MLO Affiliated links:
05-28 15:40:29.011 D/nStackXCoAP( 2823): IsInSameNetwork:[276] :IsInSameNetwork exec
05-28 15:40:29.011 I/nStackXDFinder( 2823): GetLocalInterfaceDetail:[461] :GetLocalInterfaceDetail in
05-28 15:40:29.012 E/nStackXCoAP( 2823): IsInSameNetwork:[281] :IsInSameNetwork: not priority process
05-28 15:40:29.012 D/nStackXCoAP( 2823): ParseServiceDiscover:[330] :new device join
05-28 15:40:29.012 E/nStackXDFinder( 2823): GetLocalIp:[401] :GetLocalIp exec
05-28 15:40:29.158 D/nStackXCoAP( 2823): IsInSameNetwork:[276] :IsInSameNetwork exec
05-28 15:40:29.158 I/nStackXDFinder( 2823): GetLocalInterfaceDetail:[461] :GetLocalInterfaceDetail in
05-28 15:40:29.158 E/nStackXCoAP( 2823): IsInSameNetwork:[281] :IsInSameNetwork: not priority process
05-28 15:40:29.158 D/nStackXCoAP( 2823): ParseServiceDiscover:[330] :new device join
05-28 15:40:29.158 E/nStackXDFinder( 2823): GetLocalIp:[401] :GetLocalIp exec
05-28 15:40:29.317 D/nStackXCoAP( 2823): CoapMessageHandler:[133] :2.01
05-28 15:40:29.318 D/nStackXCoAP( 2823): CoapMessageHandler:[133] :2.01
05-28 15:40:29.428 D/nStackXCoAP( 2823): CoapMessageHandler:[133] :2.01
05-28 15:40:29.783 E/Scheduler( 263): trackPendingFrame: Invalid present fence
05-28 15:40:29.800 E/Scheduler( 263): trackPendingFrame: Invalid present fence
05-28 15:40:29.805 D/nStackXCoAP( 2823): IsInSameNetwork:[276] :IsInSameNetwork exec
05-28 15:40:29.806 I/nStackXDFinder( 2823): GetLocalInterfaceDetail:[461] :GetLocalInterfaceDetail in
05-28 15:40:29.806 E/nStackXCoAP( 2823): IsInSameNetwork:[281] :IsInSameNetwork: not priority process
05-28 15:40:29.806 D/nStackXCoAP( 2823): ParseServiceDiscover:[330] :new device join
05-28 15:40:29.806 E/nStackXDFinder( 2823): GetLocalIp:[401] :GetLocalIp exec
05-28 15:40:29.817 E/Scheduler( 263): trackPendingFrame: Invalid present fence
05-28 15:40:29.850 E/Scheduler( 263): trackPendingFrame: Invalid present fence
05-28 15:40:29.867 E/Scheduler( 263): trackPendingFrame: Invalid present fence
05-28 15:40:29.883 E/Scheduler( 263): trackPendingFrame: Invalid present fence
05-28 15:40:29.900 E/Scheduler( 263): trackPendingFrame: Invalid present fence
05-28 15:40:29.917 E/Scheduler( 263): trackPendingFrame: Invalid present fence
05-28 15:40:29.933 E/Scheduler( 263): trackPendingFrame: Invalid present fence
05-28 15:40:29.950 E/Scheduler( 263): trackPendingFrame: Invalid present fence
05-28 15:40:29.967 E/Scheduler( 263): trackPendingFrame: Invalid present fence
05-28 15:40:29.983 E/Scheduler( 263): trackPendingFrame: Invalid present fence
05-28 15:40:30.000 E/Scheduler( 263): trackPendingFrame: Invalid present fence
05-28 15:40:30.017 E/Scheduler( 263): trackPendingFrame: Invalid present fence
05-28 15:40:30.033 E/Scheduler( 263): trackPendingFrame: Invalid present fence
05-28 15:40:30.036 D/nStackXCoAP( 2823): CoapMessageHandler:[133] :2.01
05-28 15:40:30.050 E/Scheduler( 263): trackPendingFrame: Invalid present fence
05-28 15:40:30.067 E/Scheduler( 263): trackPendingFrame: Invalid present fence
05-28 15:40:30.083 E/Scheduler( 263): trackPendingFrame: Invalid present fence
05-28 15:40:30.100 E/Scheduler( 263): trackPendingFrame: Invalid present fence
05-28 15:40:30.117 E/Scheduler( 263): trackPendingFrame: Invalid present fence
05-28 15:40:30.134 E/Scheduler( 263): trackPendingFrame: Invalid present fence
05-28 15:40:30.150 E/Scheduler( 263): trackPendingFrame: Invalid present fence
05-28 15:40:30.167 E/Scheduler( 263): trackPendingFrame: Invalid present fence
05-28 15:40:30.183 E/Scheduler( 263): trackPendingFrame: Invalid present fence
05-28 15:40:30.200 E/Scheduler( 263): trackPendingFrame: Invalid present fence
05-28 15:40:30.217 E/Scheduler( 263): trackPendingFrame: Invalid present fence
05-28 15:40:30.234 E/Scheduler( 263): trackPendingFrame: Invalid present fence
05-28 15:40:30.250 E/Scheduler( 263): trackPendingFrame: Invalid present fence
05-28 15:40:30.267 E/Scheduler( 263): trackPendingFrame: Invalid present fence
05-28 15:40:30.284 E/Scheduler( 263): trackPendingFrame: Invalid present fence
05-28 15:40:30.300 E/Scheduler( 263): trackPendingFrame: Invalid present fence
05-28 15:40:30.317 E/Scheduler( 263): trackPendingFrame: Invalid present fence
05-28 15:40:30.334 E/Scheduler( 263): trackPendingFrame: Invalid present fence
05-28 15:40:30.350 E/Scheduler( 263): trackPendingFrame: Invalid present fence
05-28 15:40:30.367 E/Scheduler( 263): trackPendingFrame: Invalid present fence
05-28 15:40:30.384 E/Scheduler( 263): trackPendingFrame: Invalid present fence
05-28 15:40:30.400 E/Scheduler( 263): trackPendingFrame: Invalid present fence
05-28 15:40:30.416 D/nStackXCoAP( 2823): IsInSameNetwork:[276] :IsInSameNetwork exec
05-28 15:40:30.416 I/nStackXDFinder( 2823): GetLocalInterfaceDetail:[461] :GetLocalInterfaceDetail in
05-28 15:40:30.416 E/nStackXCoAP( 2823): IsInSameNetwork:[281] :IsInSameNetwork: not priority process
05-28 15:40:30.416 D/nStackXCoAP( 2823): ParseServiceDiscover:[330] :new device join
05-28 15:40:30.416 E/nStackXDFinder( 2823): GetLocalIp:[401] :GetLocalIp exec
05-28 15:40:30.444 D/nStackXCoAP( 2823): IsInSameNetwork:[276] :IsInSameNetwork exec
05-28 15:40:30.444 I/nStackXDFinder( 2823): GetLocalInterfaceDetail:[461] :GetLocalInterfaceDetail in
05-28 15:40:30.444 E/nStackXCoAP( 2823): IsInSameNetwork:[281] :IsInSameNetwork: not priority process
05-28 15:40:30.444 D/nStackXCoAP( 2823): ParseServiceDiscover:[330] :new device join
05-28 15:40:30.444 E/nStackXDFinder( 2823): GetLocalIp:[401] :GetLocalIp exec
05-28 15:40:30.467 E/ccc ( 1946): cccccc onPhrikeUpdate downloading 5.1393843
05-28 15:40:30.469 D/nStackXCoAP( 2823): CoapMessageHandler:[133] :2.01
05-28 15:40:30.592 D/nStackXCoAP( 2823): IsInSameNetwork:[276] :IsInSameNetwork exec
05-28 15:40:30.592 I/nStackXDFinder( 2823): GetLocalInterfaceDetail:[461] :GetLocalInterfaceDetail in
05-28 15:40:30.592 E/nStackXCoAP( 2823): IsInSameNetwork:[281] :IsInSameNetwork: not priority process
05-28 15:40:30.592 D/nStackXCoAP( 2823): ParseServiceDiscover:[330] :new device join
05-28 15:40:30.592 E/nStackXDFinder( 2823): GetLocalIp:[401] :GetLocalIp exec
05-28 15:40:30.705 D/nStackXCoAP( 2823): IsInSameNetwork:[276] :IsInSameNetwork exec
05-28 15:40:30.705 I/nStackXDFinder( 2823): GetLocalInterfaceDetail:[461] :GetLocalInterfaceDetail in
05-28 15:40:30.705 E/nStackXCoAP( 2823): IsInSameNetwork:[281] :IsInSameNetwork: not priority process
05-28 15:40:30.705 D/nStackXCoAP( 2823): ParseServiceDiscover:[330] :new device join
05-28 15:40:30.706 E/nStackXDFinder( 2823): GetLocalIp:[401] :GetLocalIp exec
05-28 15:40:30.887 D/nStackXCoAP( 2823): CoapMessageHandler:[133] :2.01
05-28 15:40:30.894 D/nStackXCoAP( 2823): CoapMessageHandler:[133] :2.01
05-28 15:40:30.903 D/nStackXCoAP( 2823): IsInSameNetwork:[276] :IsInSameNetwork exec
05-28 15:40:30.903 I/nStackXDFinder( 2823): GetLocalInterfaceDetail:[461] :GetLocalInterfaceDetail in
05-28 15:40:30.903 E/nStackXCoAP( 2823): IsInSameNetwork:[281] :IsInSameNetwork: not priority process
05-28 15:40:30.903 D/nStackXCoAP( 2823): ParseServiceDiscover:[330] :new device join
05-28 15:40:30.903 E/nStackXDFinder( 2823): GetLocalIp:[401] :GetLocalIp exec
05-28 15:40:31.048 D/nStackXCoAP( 2823): CoapMessageHandler:[133] :2.01
05-28 15:40:31.089 D/nStackXCoAP( 2823): CoapMessageHandler:[133] :2.01
05-28 15:40:31.098 D/nStackXCoAP( 2823): CoapMessageHandler:[133] :2.01
05-28 15:40:31.101 D/nStackXCoAP( 2823): CoapMessageHandler:[133] :2.01
05-28 15:40:31.116 D/nStackXCoAP( 2823): IsInSameNetwork:[276] :IsInSameNetwork exec
05-28 15:40:31.116 I/nStackXDFinder( 2823): GetLocalInterfaceDetail:[461] :GetLocalInterfaceDetail in
05-28 15:40:31.116 E/nStackXCoAP( 2823): IsInSameNetwork:[281] :IsInSameNetwork: not priority process
05-28 15:40:31.116 D/nStackXCoAP( 2823): ParseServiceDiscover:[330] :new device join
05-28 15:40:31.117 E/nStackXDFinder( 2823): GetLocalIp:[401] :GetLocalIp exec
05-28 15:40:31.183 D/nStackXCoAP( 2823): IsInSameNetwork:[276] :IsInSameNetwork exec
05-28 15:40:31.183 I/nStackXDFinder( 2823): GetLocalInterfaceDetail:[461] :GetLocalInterfaceDetail in
05-28 15:40:31.183 E/nStackXCoAP( 2823): IsInSameNetwork:[281] :IsInSameNetwork: not priority process
05-28 15:40:31.183 D/nStackXCoAP( 2823): ParseServiceDiscover:[330] :new device join
05-28 15:40:31.183 E/nStackXDFinder( 2823): GetLocalIp:[401] :GetLocalIp exec
05-28 15:40:31.194 D/nStackXCoAP( 2823): CoapMessageHandler:[133] :2.01
05-28 15:40:31.219 D/nStackXCoAP( 2823): CoapMessageHandler:[133] :2.01
05-28 15:40:31.279 D/nStackXCoAP( 2823): CoapMessageHandler:[133] :2.01
05-28 15:40:31.290 D/nStackXCoAP( 2823): CoapMessageHandler:[133] :2.01
05-28 15:40:31.309 D/nStackXCoAP( 2823): IsInSameNetwork:[276] :IsInSameNetwork exec
05-28 15:40:31.309 I/nStackXDFinder( 2823): GetLocalInterfaceDetail:[461] :GetLocalInterfaceDetail in
05-28 15:40:31.309 E/nStackXCoAP( 2823): IsInSameNetwork:[281] :IsInSameNetwork: not priority process
05-28 15:40:31.309 D/nStackXCoAP( 2823): ParseServiceDiscover:[330] :new device join
05-28 15:40:31.310 E/nStackXDFinder( 2823): GetLocalIp:[401] :GetLocalIp exec
05-28 15:40:31.842 D/nStackXCoAP( 2823): IsInSameNetwork:[276] :IsInSameNetwork exec
05-28 15:40:31.842 I/nStackXDFinder( 2823): GetLocalInterfaceDetail:[461] :GetLocalInterfaceDetail in
05-28 15:40:31.843 E/nStackXCoAP( 2823): IsInSameNetwork:[281] :IsInSameNetwork: not priority process
05-28 15:40:31.843 D/nStackXCoAP( 2823): ParseServiceDiscover:[330] :new device join
05-28 15:40:31.843 E/nStackXDFinder( 2823): GetLocalIp:[401] :GetLocalIp exec
05-28 15:40:31.978 I/WifiHAL ( 558): call wifi_get_link_stats handler
05-28 15:40:31.978 I/WifiHAL ( 558): Creating message to get link statistics; iface = 16
05-28 15:40:31.978 D/WifiHAL ( 558): error code -95 mapped to -3
05-28 15:40:31.978 E/WifiStaIfaceAidlImpl( 742): getLinkLayerStats failed with service-specific exception: android.os.ServiceSpecificException: (code 4)
05-28 15:40:31.986 D/InstantWifi( 742): Receive Wifi is connected, freq = 5745 and currentNetworkId : 0, wifiinfo = SSID: , BSSID: 02:00:00:00:00:00, MAC: 02:00:00:00:00:00, IP: /192.168.3.246, Security type: 2, Supplicant state: COMPLETED, Wi-Fi standard: 6, RSSI: -57, Link speed: 1200Mbps, Tx Link speed: 1200Mbps, Max Supported Tx Link speed: 1200Mbps, Rx Link speed: 408Mbps, Max Supported Rx Link speed: 1200Mbps, Frequency: 5745MHz, Net ID: -1, Metered hint: false, score: 60, isUsable: true, CarrierMerged: false, SubscriptionId: -1, IsPrimary: 1, Trusted: true, Restricted: false, Ephemeral: false, OEM paid: false, OEM private: false, OSU AP: false, FQDN: , Provider friendly name: , Requesting package name: MLO Information: , Is TID-To-Link negotiation supported by the AP: false, AP MLD Address: , AP MLO Link Id: , AP MLO Affiliated links:
05-28 15:40:32.001 D/nStackXCoAP( 2823): CoapMessageHandler:[133] :2.01
05-28 15:40:32.041 D/nStackXCoAP( 2823): IsInSameNetwork:[276] :IsInSameNetwork exec
05-28 15:40:32.041 I/nStackXDFinder( 2823): GetLocalInterfaceDetail:[461] :GetLocalInterfaceDetail in
05-28 15:40:32.041 E/nStackXCoAP( 2823): IsInSameNetwork:[281] :IsInSameNetwork: not priority process
05-28 15:40:32.041 D/nStackXCoAP( 2823): ParseServiceDiscover:[330] :new device join
05-28 15:40:32.041 E/nStackXDFinder( 2823): GetLocalIp:[401] :GetLocalIp exec
05-28 15:40:32.044 W/System ( 1176): A resource failed to call release.
05-28 15:40:32.044 W/System ( 1176): A resource failed to call release.
05-28 15:40:32.044 W/System ( 1176): A resource failed to call release.
05-28 15:40:32.044 W/System ( 1176): A resource failed to call release.
05-28 15:40:32.044 W/System ( 1176): A resource failed to call release.
05-28 15:40:32.044 W/System ( 1176): A resource failed to call release.
05-28 15:40:32.121 D/nStackXCoAP( 2823): CoapMessageHandler:[133] :2.01
05-28 15:40:32.166 D/nStackXCoAP( 2823): CoapMessageHandler:[133] :2.01
05-28 15:40:32.786 E/Scheduler( 263): trackPendingFrame: Invalid present fence
05-28 15:40:32.794 D/nStackXCoAP( 2823): IsInSameNetwork:[276] :IsInSameNetwork exec
05-28 15:40:32.794 I/nStackXDFinder( 2823): GetLocalInterfaceDetail:[461] :GetLocalInterfaceDetail in
05-28 15:40:32.794 E/nStackXCoAP( 2823): IsInSameNetwork:[281] :IsInSameNetwork: not priority process
05-28 15:40:32.794 D/nStackXCoAP( 2823): ParseServiceDiscover:[330] :new device join
05-28 15:40:32.794 E/nStackXDFinder( 2823): GetLocalIp:[401] :GetLocalIp exec
05-28 15:40:32.803 E/Scheduler( 263): trackPendingFrame: Invalid present fence
05-28 15:40:32.836 E/Scheduler( 263): trackPendingFrame: Invalid present fence
05-28 15:40:32.853 E/Scheduler( 263): trackPendingFrame: Invalid present fence
05-28 15:40:32.870 E/Scheduler( 263): trackPendingFrame: Invalid present fence
05-28 15:40:32.886 E/Scheduler( 263): trackPendingFrame: Invalid present fence
05-28 15:40:32.903 E/Scheduler( 263): trackPendingFrame: Invalid present fence
05-28 15:40:32.920 E/Scheduler( 263): trackPendingFrame: Invalid present fence
05-28 15:40:32.937 E/Scheduler( 263): trackPendingFrame: Invalid present fence
05-28 15:40:32.953 E/Scheduler( 263): trackPendingFrame: Invalid present fence
05-28 15:40:32.970 E/Scheduler( 263): trackPendingFrame: Invalid present fence
05-28 15:40:32.987 E/Scheduler( 263): trackPendingFrame: Invalid present fence
05-28 15:40:33.003 E/Scheduler( 263): trackPendingFrame: Invalid present fence
05-28 15:40:33.020 E/Scheduler( 263): trackPendingFrame: Invalid present fence
05-28 15:40:33.036 E/Scheduler( 263): trackPendingFrame: Invalid present fence
05-28 15:40:33.053 E/Scheduler( 263): trackPendingFrame: Invalid present fence
05-28 15:40:33.070 E/Scheduler( 263): trackPendingFrame: Invalid present fence
05-28 15:40:33.087 E/Scheduler( 263): trackPendingFrame: Invalid present fence
05-28 15:40:33.103 E/Scheduler( 263): trackPendingFrame: Invalid present fence
05-28 15:40:33.120 E/Scheduler( 263): trackPendingFrame: Invalid present fence
05-28 15:40:33.137 E/Scheduler( 263): trackPendingFrame: Invalid present fence
05-28 15:40:33.153 E/Scheduler( 263): trackPendingFrame: Invalid present fence
05-28 15:40:33.170 E/Scheduler( 263): trackPendingFrame: Invalid present fence
05-28 15:40:33.186 E/Scheduler( 263): trackPendingFrame: Invalid present fence
05-28 15:40:33.203 E/Scheduler( 263): trackPendingFrame: Invalid present fence
05-28 15:40:33.220 E/Scheduler( 263): trackPendingFrame: Invalid present fence
05-28 15:40:33.237 E/Scheduler( 263): trackPendingFrame: Invalid present fence
05-28 15:40:33.253 E/Scheduler( 263): trackPendingFrame: Invalid present fence
05-28 15:40:33.270 E/Scheduler( 263): trackPendingFrame: Invalid present fence
05-28 15:40:33.287 E/Scheduler( 263): trackPendingFrame: Invalid present fence
05-28 15:40:33.303 E/Scheduler( 263): trackPendingFrame: Invalid present fence
05-28 15:40:33.320 E/Scheduler( 263): trackPendingFrame: Invalid present fence
05-28 15:40:33.337 E/Scheduler( 263): trackPendingFrame: Invalid present fence
05-28 15:40:33.353 E/Scheduler( 263): trackPendingFrame: Invalid present fence
05-28 15:40:33.365 D/nStackXCoAP( 2823): IsInSameNetwork:[276] :IsInSameNetwork exec
05-28 15:40:33.365 I/nStackXDFinder( 2823): GetLocalInterfaceDetail:[461] :GetLocalInterfaceDetail in
05-28 15:40:33.365 E/nStackXCoAP( 2823): IsInSameNetwork:[281] :IsInSameNetwork: not priority process
05-28 15:40:33.365 D/nStackXCoAP( 2823): ParseServiceDiscover:[330] :new device join
05-28 15:40:33.365 E/nStackXDFinder( 2823): GetLocalIp:[401] :GetLocalIp exec
05-28 15:40:33.371 E/Scheduler( 263): trackPendingFrame: Invalid present fence
05-28 15:40:33.387 E/Scheduler( 263): trackPendingFrame: Invalid present fence
05-28 15:40:33.404 E/Scheduler( 263): trackPendingFrame: Invalid present fence
05-28 15:40:33.532 D/DownloadThread( 1946): DownloadEntry DownloadThread IOException Connection reset
05-28 15:40:33.532 W/System.err( 1946): java.net.SocketException: Connection reset
05-28 15:40:33.532 W/System.err( 1946): at java.net.SocketInputStream.read(SocketInputStream.java:191)
05-28 15:40:33.532 W/System.err( 1946): at java.net.SocketInputStream.read(SocketInputStream.java:143)
05-28 15:40:33.532 W/System.err( 1946): at com.android.okhttp.okio.Okio$2.read(Okio.java:138)
05-28 15:40:33.532 W/System.err( 1946): at com.android.okhttp.okio.AsyncTimeout$2.read(AsyncTimeout.java:213)
05-28 15:40:33.532 W/System.err( 1946): at com.android.okhttp.okio.RealBufferedSource.read(RealBufferedSource.java:51)
05-28 15:40:33.532 W/System.err( 1946): at com.android.okhttp.internal.http.Http1xStream$FixedLengthSource.read(Http1xStream.java:395)
05-28 15:40:33.532 W/System.err( 1946): at com.android.okhttp.okio.RealBufferedSource$1.read(RealBufferedSource.java:372)
05-28 15:40:33.532 W/System.err( 1946): at java.io.InputStream.read(InputStream.java:218)
05-28 15:40:33.532 W/System.err( 1946): at com.dangbei.phrike.core.SingleDownloadThread.writeFileByRandomAccessFile(SingleDownloadThread.java:469)
05-28 15:40:33.532 W/System.err( 1946): at com.dangbei.phrike.core.SingleDownloadThread.download(SingleDownloadThread.java:257)
05-28 15:40:33.532 W/System.err( 1946): at com.dangbei.phrike.core.SingleDownloadThread.run(SingleDownloadThread.java:77)
05-28 15:40:33.533 W/System.err( 1946): at java.util.concurrent.ThreadPoolExecutor.runWorker(ThreadPoolExecutor.java:1145)
05-28 15:40:33.533 W/System.err( 1946): at java.util.concurrent.ThreadPoolExecutor$Worker.run(ThreadPoolExecutor.java:644)
05-28 15:40:33.533 W/System.err( 1946): at java.lang.Thread.run(Thread.java:1012)
05-28 15:40:33.533 E/ccc ( 1946): cccccc onPhrikeIOException java.net.SocketException: Connection reset
05-28 15:40:33.533 E/ccc ( 1946): cccccc onPhrikeTrace downloading IO Exception: java.net.SocketException: Connection reset
05-28 15:40:33.533 D/DownloadThread( 1946): DownloadEntry DownloadThread finally
05-28 15:40:33.533 D/DownloadThread( 1946): DownloadEntry DownloadThread finally 56898116/1107099960
05-28 15:40:33.533 D/DownloadThread( 1946): paused
05-28 15:40:33.533 D/DownloadEntry( 1946): DownloadEntry aaaaaaaaaaaaaaaaaaa pauseDownload
05-28 15:40:33.533 E/ccc ( 1946): cccccc onPhrikeUpdate paused 5.1393843
05-28 15:40:33.881 D/bbb ( 2170): onStartCommand begin !!!!!!! data分区剩余 54410MB
05-28 15:40:34.170 I/SystemControl( 343): [/UEventObserver.cpp, HDMITxUenventThreadLoop, 451] HDMI TX switch_name:hdmitx_current_status, switch_state: 95
05-28 15:40:34.218 I/SystemControl( 343): [/UEventObserver.cpp, HDMITxUenventThreadLoop, 451] HDMI TX switch_name:hdmitx_current_status, switch_state: 96
05-28 15:40:34.219 V/WindowManager( 742): app ------------- force_land :0
05-28 15:40:34.219 I/hdmicecd( 552): [HdmiCecControl]:Hotplug event port:0, now:1, prevStatus:0 power:1
05-28 15:40:34.220 I/SystemControl( 343): [/Ubootenv.cpp, get, 345] [ubootenv] search end and not find env:connector_type
05-28 15:40:34.220 E/MesonHwc( 289): read screen size 0x0 from vinfo
05-28 15:40:34.220 E/MesonHwc( 289): dolby vision driver is not ready
05-28 15:40:34.221 D/MesonHwc( 289): ERR: PLEASE FIX NON-IMPLEMENT FUN(update).
05-28 15:40:34.221 I/SystemControl( 343): [/Ubootenv.cpp, get, 345] [ubootenv] search end and not find env:connector_type
05-28 15:40:34.221 E/MesonHwc( 289): FixedDisplayPipe::getConnectorCfg 11
05-28 15:40:34.222 E/MesonHwc( 289): dolby vision driver is not ready
05-28 15:40:34.223 E/MesonHwc( 289): dolby vision driver is not ready
05-28 15:40:34.224 I/SystemControl( 343): [/Ubootenv.cpp, get, 345] [ubootenv] search end and not find env:connector_type
05-28 15:40:34.224 E/MesonHwc( 289): FixedDisplayPipe::getConnectorCfg 11
05-28 15:40:34.224 D/MesonHwc( 289): ERR: PLEASE FIX NON-IMPLEMENT FUN(update).
05-28 15:40:34.220 I/SystemControl( 343): [/UEventObserver.cpp, HDMITxUenventThreadLoop, 451] HDMI TX switch_name:hdmitx_hpd, switch_state: 1
05-28 15:40:34.225 I/SystemControl( 343): [/DisplayMode.cpp, onTxEvent, 3267] onTxEvent switchName:hdmitx_hpd hpdstate:1 state: 1
05-28 15:40:34.225 I/SystemControl( 343): [/SysWrite.cpp, getKernelReleaseVersion, 701] getKernelReleaseVersion: 5.15
05-28 15:40:34.225 E/MesonHwc( 289): dolby vision driver is not ready
05-28 15:40:34.226 D/DisplayManagerService( 742): Ignore redundant display event 0/2 to 10067/1190
05-28 15:40:34.226 I/SystemControl( 343): [/Ubootenv.cpp, get, 336] [ubootenv] get key:hdmimode envValue: none
05-28 15:40:34.226 I/SystemControl( 343): [/Ubootenv.cpp, get, 345] [ubootenv] search end and not find env:user_colorattribute
05-28 15:40:34.226 I/SystemControl( 343): [/Ubootenv.cpp, get, 345] [ubootenv] search end and not find env:hdr_force_mode
05-28 15:40:34.226 I/SystemControl( 343): [/DisplayMode.cpp, gethdrforcemode, 2742] get hdr force mode is [2]
05-28 15:40:34.226 E/MesonHwc( 289): dolby vision driver is not ready
05-28 15:40:34.226 I/SystemControl( 343): [/Ubootenv.cpp, get, 336] [ubootenv] get key:hdr_policy envValue: 0
05-28 15:40:34.226 I/SystemControl( 343): [/DisplayMode.cpp, getHdrStrategy, 2758] getHdrStrategy is [0]
05-28 15:40:34.226 I/SystemControl( 343): [/Ubootenv.cpp, get, 336] [ubootenv] get key:hdr_priority envValue: 268435472
05-28 15:40:34.226 I/SystemControl( 343): [/DisplayMode.cpp, getHdrPriority, 2891] getHdrPriority is [0x10000010]
05-28 15:40:34.226 I/SystemControl( 343): [/DisplayMode.cpp, getCommonData, 1534] isbestcolorspace:1, isbestpolicy:1, hdr_policy:0, hdr_priority :268435472, hdr_force_mode:2
05-28 15:40:34.226 D/DisplayManagerService( 742): Ignore redundant display event 0/2 to 10075/6844
05-28 15:40:34.228 V/MesonDisplayServer( 289): GetDisplayMode:dummy_l
05-28 15:40:34.232 I/WiredAccessoryManager( 742): MSG_NEW_DEVICE_STATE
05-28 15:40:34.233 I/hdmiconnection( 552): hot plug port id 0, is connected 1
05-28 15:40:34.233 I/AS.AudioDeviceInventory( 742): not sending NOISY: state=1
05-28 15:40:34.234 V/MesonDisplayServer( 289): GetDisplayMode:dummy_l
05-28 15:40:34.234 D/HDMI ( 742): Hotplug event:[port:0, connected:true]
05-28 15:40:34.234 I/SystemControl( 343): [/DisplayMode.cpp, getDisplayMode, 2331] getDisplayMode mode:dummy_l
05-28 15:40:34.234 I/SystemControl( 343): [/Ubootenv.cpp, get, 336] [ubootenv] get key:hdmimode envValue: none
05-28 15:40:34.234 I/SystemControl( 343): [/Ubootenv.cpp, get, 336] [ubootenv] get key:cvbsmode envValue: 576cvbs
05-28 15:40:34.234 I/SystemControl( 343): [/DisplayMode.cpp, getCommonData, 1542] hdmi_current_mode:dummy_l, ubootenv hdmimode:none cvbsmode:576cvbs
05-28 15:40:34.235 D/AudioService( 742): setWiredDeviceConnectionState( type:400 state:DEVICE_STATE_AVAILABLE addr: name:) from android
05-28 15:40:34.236 I/AS.AudioDeviceInventory( 742): handleDeviceConnection(true dev:400 address: name:)
05-28 15:40:34.236 I/AS.AudioDeviceInventory( 742): deviceKey:0x400:
05-28 15:40:34.236 I/AS.AudioDeviceInventory( 742): deviceInfo:null is(already)Connected:false
05-28 15:40:34.236 D/nStackXCoAP( 2823): IsInSameNetwork:[276] :IsInSameNetwork exec
05-28 15:40:34.236 I/nStackXDFinder( 2823): GetLocalInterfaceDetail:[461] :GetLocalInterfaceDetail in
05-28 15:40:34.236 E/nStackXCoAP( 2823): IsInSameNetwork:[281] :IsInSameNetwork: not priority process
05-28 15:40:34.236 D/nStackXCoAP( 2823): ParseServiceDiscover:[330] :new device join
05-28 15:40:34.236 E/nStackXDFinder( 2823): GetLocalIp:[401] :GetLocalIp exec
05-28 15:40:34.237 E/ccc ( 1946): cccccc hdmi plug reset
05-28 15:40:34.231 E/xxxxxxxxxxxxxxx( 2316): onReceive:mIsHDMIPlugged = true
05-28 15:40:34.238 D/hdmicecd( 532): [HdmiCecControl]:getPhysicalAddress, physical addr: 1000, last pa: 1000, ret = 0
05-28 15:40:34.238 I/audio_hw_hal_primary( 509): [adev_set_parameters:4123] dev:0xeedc14a0, kv: set_ARC_hdmi=updated_sad
05-28 15:40:34.238 D/audio_hw_hal_hfp( 509): [audio_extn_hfp_set_parameters:739] audio_extn_hfp_set_parameters
05-28 15:40:34.239 I/SystemControl( 343): [/Ubootenv.cpp, get, 336] [ubootenv] get key:hdr_preferred_policy envValue: 0
05-28 15:40:34.240 D/hdmicecd( 552): [HdmiCecControl]:total port:1
05-28 15:40:34.240 I/hdmicecd( 552): [HdmiCecControl]:portId: 0, type:output, cec support:1, arc support:1, physical address:1000
05-28 15:40:34.240 I/hdmicecd( 552): [HdmiCecControl]:arc port:0
05-28 15:40:34.240 I/SystemControl( 343): [/Ubootenv.cpp, get, 336] [ubootenv] get key:user_hdr_type envValue: 3
05-28 15:40:34.240 D/MesonDisplayServer( 289): use connector getDisplayAttribute "HDMI Color ATTR": "422,12bit"
05-28 15:40:34.240 D/MesonDisplayServer( 289): getDisplayAttribute "Dolby Vision CAP2": "The Rx don't support DolbyVision"
05-28 15:40:34.241 I/SystemControl( 343): [/Ubootenv.cpp, updateValue, 68] [ubootenv] update value name [ubootenv.var.hdr_policy]: value [0]
05-28 15:40:34.241 I/SystemControl( 343): [/Ubootenv.cpp, get, 336] [ubootenv] get key:hdr_policy envValue: 0
