05-30 10:21:18.361 I/MediaSessionStack( 745): addSession to bottom of stack | record: com.android.bluetooth/BluetoothMediaBrowserService (userId=0)
05-30 10:21:18.362 D/SystemServerTiming( 745): getInt-ALLOW_USER_SWITCHING_WHEN_SYSTEM_USER_LOCKED
05-30 10:21:18.362 D/SystemServerTiming( 745): isUserUnlocked-USER_SYSTEM
05-30 10:21:18.363 I/ActivityManager( 745): Start proc 1971:com.android.keychain/1000 for service {com.android.keychain/com.android.keychain.KeyChainService}
05-30 10:21:18.418 D/CompatibilityChangeReporter( 745): Compat change id reported: 168419799; UID 1000; state: DISABLED
05-30 10:21:18.418 D/CompatibilityChangeReporter( 745): Compat change id reported: 273564678; UID 1000; state: DISABLED
05-30 10:21:18.440 I/MediaSessionStack( 745): addSession to bottom of stack | record: com.android.music/MediaPlaybackService (userId=0)
05-30 10:21:18.477 I/AppsFilter( 745): interaction: PackageSetting{553d0ec com.dangbei.hqguide/10029} -> PackageSetting{e00cb5 com.android.camera2/10048} BLOCKED
05-30 10:21:18.490 W/AppWidgetServiceImpl( 745): Failed to read state: java.io.FileNotFoundException: /data/system/users/0/appwidgets.xml: open failed: ENOENT (No such file or directory)
05-30 10:21:18.490 V/AppWidgetServiceImpl( 745): Upgrading widget database from 0 to 1
05-30 10:21:18.630 D/CompatibilityChangeReporter( 745): Compat change id reported: 161145287; UID 10060; state: ENABLED
05-30 10:21:18.650 D/CompatibilityChangeReporter( 745): Compat change id reported: 261072174; UID 10052; state: ENABLED
05-30 10:21:18.789 W/ContextImpl( 1948): Calling a method in the system process without a qualified user: android.app.ContextImpl.startService:1899 android.content.ContextWrapper.startService:825 android.content.ContextWrapper.startService:825 com.droidlogic.mictoggle.AssistantMicMuteReceiver.onReceive:48 android.app.ActivityThread.handleReceiver:4494
05-30 10:21:18.797 I/PreBootBroadcaster( 745): Pre-boot of {com.android.managedprovisioning/com.android.managedprovisioning.ota.PreBootListener} for user 0
05-30 10:21:18.799 I/ActivityManager( 745): com.android.managedprovisioning is exempt from freezer
05-30 10:21:18.800 D/CompatibilityChangeReporter( 745): Compat change id reported: 253665015; UID 1000; state: ENABLED
05-30 10:21:18.800 D/CompatibilityChangeReporter( 745): Compat change id reported: 253665015; UID 1000; state: DISABLED
05-30 10:21:18.801 D/CompatibilityChangeReporter( 745): Compat change id reported: 135634846; UID 10021; state: DISABLED
05-30 10:21:18.801 D/CompatibilityChangeReporter( 745): Compat change id reported: 194532703; UID 1000; state: ENABLED
05-30 10:21:18.801 D/CompatibilityChangeReporter( 745): Compat change id reported: 177438394; UID 10021; state: DISABLED
05-30 10:21:18.801 D/CompatibilityChangeReporter( 745): Compat change id reported: 194532703; UID 1000; state: DISABLED
05-30 10:21:18.801 D/CompatibilityChangeReporter( 745): Compat change id reported: 135772972; UID 10021; state: DISABLED
05-30 10:21:18.802 D/CompatibilityChangeReporter( 745): Compat change id reported: 135754954; UID 10021; state: ENABLED
05-30 10:21:18.802 D/CompatibilityChangeReporter( 745): Compat change id reported: 143937733; UID 10021; state: ENABLED
05-30 10:21:18.806 D/CompatibilityChangeReporter( 745): Compat change id reported: 135634846; UID 10018; state: DISABLED
05-30 10:21:18.806 D/CompatibilityChangeReporter( 745): Compat change id reported: 177438394; UID 10018; state: DISABLED
05-30 10:21:18.806 D/CompatibilityChangeReporter( 745): Compat change id reported: 135772972; UID 10018; state: DISABLED
05-30 10:21:18.806 D/CompatibilityChangeReporter( 745): Compat change id reported: 135754954; UID 10018; state: ENABLED
05-30 10:21:18.842 I/ActivityManager( 745): Start proc 2019:com.android.managedprovisioning/u0a21 for broadcast {com.android.managedprovisioning/com.android.managedprovisioning.ota.PreBootListener}
05-30 10:21:18.842 D/CompatibilityChangeReporter( 745): Compat change id reported: 143937733; UID 10018; state: ENABLED
05-30 10:21:18.845 I/StorageUserConnection( 745): Service: [ComponentInfo{com.android.providers.media.module/com.android.providers.media.fuse.ExternalStorageServiceImpl}] connected. User [0]
05-30 10:21:18.869 V/BackupManagerConstants( 745): getKeyValueBackupIntervalMilliseconds(...) returns 14400000
05-30 10:21:18.873 W/ActivityManager( 745): Slow operation: 67ms so far, now at startProcess: returned from zygote!
05-30 10:21:18.873 W/ActivityManager( 745): Slow operation: 68ms so far, now at startProcess: done updating battery stats
05-30 10:21:18.873 W/ActivityManager( 745): Slow operation: 68ms so far, now at startProcess: building log message
05-30 10:21:18.873 I/ActivityManager( 745): Start proc 2021:android.process.acore/u0a18 for content provider {com.android.providers.contacts/com.android.providers.contacts.ContactsProvider2}
05-30 10:21:18.873 W/ActivityManager( 745): Slow operation: 68ms so far, now at startProcess: starting to update pids map
05-30 10:21:18.873 W/ActivityManager( 745): Slow operation: 68ms so far, now at startProcess: done updating pids map
05-30 10:21:18.874 V/BackupManagerConstants( 745): getKeyValueBackupFuzzMilliseconds(...) returns 600000
05-30 10:21:18.874 V/BackupManagerConstants( 745): getKeyValueBackupRequiredNetworkType(...) returns 1
05-30 10:21:18.874 V/BackupManagerConstants( 745): getKeyValueBackupRequireCharging(...) returns true
05-30 10:21:18.874 V/KeyValueBackupJob( 745): Scheduling k/v pass in 249 minutes
05-30 10:21:18.875 D/CompatibilityChangeReporter( 745): Compat change id reported: 271850009; UID 1000; state: ENABLED
05-30 10:21:18.875 D/CompatibilityChangeReporter( 745): Compat change id reported: 271850009; UID 1000; state: DISABLED
05-30 10:21:18.910 D/CompatibilityChangeReporter( 745): Compat change id reported: 168419799; UID 10021; state: DISABLED
05-30 10:21:18.911 D/CompatibilityChangeReporter( 745): Compat change id reported: 273564678; UID 10021; state: DISABLED
05-30 10:21:18.915 D/CompatibilityChangeReporter( 745): Compat change id reported: 265195908; UID 10021; state: ENABLED
05-30 10:21:18.923 D/CompatibilityChangeReporter( 745): Compat change id reported: 168419799; UID 10018; state: DISABLED
05-30 10:21:18.924 D/CompatibilityChangeReporter( 745): Compat change id reported: 273564678; UID 10018; state: DISABLED
05-30 10:21:18.924 D/CompatibilityChangeReporter( 745): Compat change id reported: 170503758; UID 10021; state: ENABLED
05-30 10:21:18.927 D/CompatibilityChangeReporter( 745): Compat change id reported: 265195908; UID 10018; state: ENABLED
05-30 10:21:18.942 D/CompatibilityChangeReporter( 745): Compat change id reported: 170503758; UID 10018; state: ENABLED
05-30 10:21:18.959 D/CompatibilityChangeReporter( 745): Compat change id reported: 135634846; UID 10017; state: DISABLED
05-30 10:21:18.959 D/CompatibilityChangeReporter( 745): Compat change id reported: 177438394; UID 10017; state: DISABLED
05-30 10:21:18.959 D/CompatibilityChangeReporter( 745): Compat change id reported: 135772972; UID 10017; state: DISABLED
05-30 10:21:18.960 D/CompatibilityChangeReporter( 745): Compat change id reported: 135754954; UID 10017; state: ENABLED
05-30 10:21:18.960 D/CompatibilityChangeReporter( 745): Compat change id reported: 143937733; UID 10017; state: ENABLED
05-30 10:21:18.995 I/ActivityManager( 745): Start proc 2058:android.process.media/u0a17 for content provider {com.android.providers.media/com.android.providers.media.LegacyMediaProvider}
05-30 10:21:19.008 D/CompatibilityChangeReporter( 745): Compat change id reported: 265195908; UID 10017; state: ENABLED
05-30 10:21:19.037 D/CompatibilityChangeReporter( 745): Compat change id reported: 168419799; UID 10017; state: DISABLED
05-30 10:21:19.038 D/CompatibilityChangeReporter( 745): Compat change id reported: 273564678; UID 10017; state: DISABLED
05-30 10:21:19.054 D/CompatibilityChangeReporter( 745): Compat change id reported: 170503758; UID 10017; state: ENABLED
05-30 10:21:19.068 D/CompatibilityChangeReporter( 745): Compat change id reported: 161145287; UID 10018; state: ENABLED
05-30 10:21:19.122 D/CountryDetector( 745): The first listener is added
05-30 10:21:19.208 I/PreBootBroadcaster( 745): Pre-boot of {com.android.providers.calendar/com.android.providers.calendar.CalendarUpgradeReceiver} for user 0
05-30 10:21:19.212 D/CompatibilityChangeReporter( 745): Compat change id reported: 135634846; UID 10015; state: DISABLED
05-30 10:21:19.212 D/CompatibilityChangeReporter( 745): Compat change id reported: 177438394; UID 10015; state: DISABLED
05-30 10:21:19.212 D/CompatibilityChangeReporter( 745): Compat change id reported: 135772972; UID 10015; state: DISABLED
05-30 10:21:19.212 D/CompatibilityChangeReporter( 745): Compat change id reported: 135754954; UID 10015; state: ENABLED
05-30 10:21:19.213 D/CompatibilityChangeReporter( 745): Compat change id reported: 143937733; UID 10015; state: ENABLED
05-30 10:21:19.228 D/CompatibilityChangeReporter( 745): Compat change id reported: 253665015; UID 10017; state: ENABLED
05-30 10:21:19.229 I/ActivityManager( 745): Start proc 2086:com.android.providers.calendar/u0a15 for broadcast {com.android.providers.calendar/com.android.providers.calendar.CalendarUpgradeReceiver}
05-30 10:21:19.230 D/CompatibilityChangeReporter( 745): Compat change id reported: 194532703; UID 10017; state: ENABLED
05-30 10:21:19.273 D/CompatibilityChangeReporter( 745): Compat change id reported: 207133734; UID 10018; state: ENABLED
05-30 10:21:19.279 D/CompatibilityChangeReporter( 745): Compat change id reported: 168419799; UID 10015; state: DISABLED
05-30 10:21:19.279 D/CompatibilityChangeReporter( 745): Compat change id reported: 273564678; UID 10015; state: DISABLED
05-30 10:21:19.283 D/CompatibilityChangeReporter( 745): Compat change id reported: 265195908; UID 10015; state: ENABLED
05-30 10:21:19.297 D/CompatibilityChangeReporter( 745): Compat change id reported: 170503758; UID 10015; state: ENABLED
05-30 10:21:19.400 D/CompatibilityChangeReporter( 745): Compat change id reported: 207133734; UID 10015; state: ENABLED
05-30 10:21:19.408 D/CompatibilityChangeReporter( 745): Compat change id reported: 161145287; UID 10015; state: ENABLED
05-30 10:21:19.428 I/PreBootBroadcaster( 745): Pre-boot of {com.android.providers.contacts/com.android.providers.contacts.ContactsUpgradeReceiver} for user 0
05-30 10:21:19.443 D/CompatibilityChangeReporter( 745): Compat change id reported: 143231523; UID 10015; state: DISABLED
05-30 10:21:19.511 D/WallpaperManagerService( 745): Wallpaper_selinux_restorecon-0
05-30 10:21:19.539 W/VoiceInteractionManager( 745): no available voice recognition services found for user 0
05-30 10:21:19.546 W/VoiceInteractionManager( 745): no available voice recognition services found for user 0
05-30 10:21:19.551 W/VoiceInteractionManager( 745): no available voice recognition services found for user 0
05-30 10:21:19.555 D/AppWidgetServiceImpl( 745): Provider info from ComponentInfo{com.android.deskclock/com.android.alarmclock.AnalogAppWidgetProvider} won't be persisted.
05-30 10:21:19.555 D/AppWidgetServiceImpl( 745): Provider info from ComponentInfo{com.android.deskclock/com.android.alarmclock.DigitalAppWidgetProvider} won't be persisted.
05-30 10:21:19.555 D/AppWidgetServiceImpl( 745): Provider info from ComponentInfo{com.android.systemui/com.android.systemui.people.widget.PeopleSpaceWidgetProvider} won't be persisted.
05-30 10:21:19.564 W/VoiceInteractionManager( 745): no available voice recognition services found for user 0
05-30 10:21:19.575 W/VoiceInteractionManager( 745): no available voice recognition services found for user 0
05-30 10:21:19.581 W/VoiceInteractionManager( 745): no available voice recognition services found for user 0
05-30 10:21:19.594 W/VoiceInteractionManager( 745): no available voice recognition services found for user 0
05-30 10:21:19.603 D/CompatibilityChangeReporter( 745): Compat change id reported: 171306433; UID 1000; state: ENABLED
05-30 10:21:19.644 I/PreBootBroadcaster( 745): Pre-boot of {com.android.providers.media.module/com.android.providers.media.MediaUpgradeReceiver} for user 0
05-30 10:21:19.654 I/PreBootBroadcaster( 745): Pre-boot of {com.android.providers.tv/com.android.providers.tv.TvProviderUpgradeReceiver} for user 0
05-30 10:21:19.665 I/PreBootBroadcaster( 745): Pre-boot of {com.android.tv.settings/com.android.tv.settings.PreBootCompleteReceiver} for user 0
05-30 10:21:19.675 I/ActivityManager( 745): Posting BOOT_COMPLETED user #0
05-30 10:21:19.675 D/SystemServerTimingAsync( 745): ssm.UnlockedUser-0
05-30 10:21:19.675 I/SystemServiceManager( 745): Calling onUnlockedUser 0
05-30 10:21:19.675 D/SystemServerTimingAsync( 745): ssm.onUnlockedUser-0_com.android.server.security.FileIntegrityService
05-30 10:21:19.675 D/SystemServerTimingAsync( 745): ssm.onUnlockedUser-0_com.android.server.pm.Installer
05-30 10:21:19.675 D/SystemServerTimingAsync( 745): ssm.onUnlockedUser-0_com.android.server.os.DeviceIdentifiersPolicyService
05-30 10:21:19.675 D/SystemServerTimingAsync( 745): ssm.onUnlockedUser-0_com.android.server.flags.FeatureFlagsService
05-30 10:21:19.675 D/SystemServerTimingAsync( 745): ssm.onUnlockedUser-0_com.android.server.uri.UriGrantsManagerService$Lifecycle
05-30 10:21:19.675 D/SystemServerTimingAsync( 745): ssm.onUnlockedUser-0_com.android.server.powerstats.PowerStatsService
05-30 10:21:19.675 D/SystemServerTimingAsync( 745): ssm.onUnlockedUser-0_com.android.server.permission.access.AccessCheckingService
05-30 10:21:19.675 D/SystemServerTimingAsync( 745): ssm.onUnlockedUser-0_com.android.server.wm.ActivityTaskManagerService$Lifecycle
05-30 10:21:19.676 I/AppWidgetServiceImpl( 745): Processing of handleUserUnlocked u0 took 0 ms
05-30 10:21:19.676 I/LaunchParamsPersister( 745): Didn't find launch param folder for user 0
05-30 10:21:19.676 D/SystemServerTimingAsync( 745): ssm.onUnlockedUser-0_com.android.server.am.ActivityManagerService$Lifecycle
05-30 10:21:19.676 D/SystemServerTimingAsync( 745): ssm.onUnlockedUser-0_com.android.server.pm.DataLoaderManagerService
05-30 10:21:19.676 D/SystemServerTimingAsync( 745): ssm.onUnlockedUser-0_com.android.server.power.PowerManagerService
05-30 10:21:19.676 D/SystemServerTimingAsync( 745): ssm.onUnlockedUser-0_com.android.server.power.ThermalManagerService
05-30 10:21:19.676 D/SystemServerTimingAsync( 745): ssm.onUnlockedUser-0_com.android.server.power.hint.HintManagerService
05-30 10:21:19.676 D/SystemServerTimingAsync( 745): ssm.onUnlockedUser-0_com.android.server.recoverysystem.RecoverySystemService$Lifecycle
05-30 10:21:19.676 D/SystemServerTimingAsync( 745): ssm.onUnlockedUser-0_com.android.server.lights.LightsService
05-30 10:21:19.676 D/SystemServerTimingAsync( 745): ssm.onUnlockedUser-0_com.android.server.display.DisplayManagerService
05-30 10:21:19.676 D/SystemServerTimingAsync( 745): ssm.onUnlockedUser-0_com.android.server.pm.verify.domain.DomainVerificationService
05-30 10:21:19.676 D/SystemServerTimingAsync( 745): ssm.onUnlockedUser-0_com.android.server.pm.PackageInstallerService$Lifecycle
05-30 10:21:19.676 D/SystemServerTimingAsync( 745): ssm.onUnlockedUser-0_com.android.server.pm.UserManagerService$LifeCycle
05-30 10:21:19.676 D/SystemServerTimingAsync( 745): ssm.onUnlockedUser-0_com.android.server.om.OverlayManagerService
05-30 10:21:19.676 D/SystemServerTimingAsync( 745): ssm.onUnlockedUser-0_com.android.server.resources.ResourcesManagerService
05-30 10:21:19.676 D/SystemServerTimingAsync( 745): ssm.onUnlockedUser-0_com.android.server.sensorprivacy.SensorPrivacyService
05-30 10:21:19.676 D/SystemServerTimingAsync( 745): ssm.onUnlockedUser-0_com.android.server.sensors.SensorService
05-30 10:21:19.676 D/SystemServerTimingAsync( 745): ssm.onUnlockedUser-0_com.android.server.SystemConfigService
05-30 10:21:19.676 D/SystemServerTimingAsync( 745): ssm.onUnlockedUser-0_com.android.server.BatteryService
05-30 10:21:19.676 D/SystemServerTimingAsync( 745): ssm.onUnlockedUser-0_com.android.server.usage.UsageStatsService
05-30 10:21:19.677 D/SystemServerTimingAsync( 745): ssm.onUnlockedUser-0_com.android.server.webkit.WebViewUpdateService
05-30 10:21:19.677 D/SystemServerTimingAsync( 745): ssm.onUnlockedUser-0_com.android.server.CachedDeviceStateService
05-30 10:21:19.677 D/SystemServerTimingAsync( 745): ssm.onUnlockedUser-0_com.android.server.BinderCallsStatsService$LifeCycle
05-30 10:21:19.677 D/SystemServerTimingAsync( 745): ssm.onUnlockedUser-0_com.android.server.LooperStatsService$Lifecycle
05-30 10:21:19.677 E/TaskPersister( 745): File error accessing recents directory (directory doesn't exist?).
05-30 10:21:19.677 D/SystemServerTimingAsync( 745): ssm.onUnlockedUser-0_com.android.server.rollback.RollbackManagerService
05-30 10:21:19.677 D/SystemServerTimingAsync( 745): ssm.onUnlockedUser-0_com.android.server.os.NativeTombstoneManagerService
05-30 10:21:19.677 D/SystemServerTimingAsync( 745): ssm.onUnlockedUser-0_com.android.server.os.BugreportManagerService
05-30 10:21:19.677 E/TaskPersister( 745): File error accessing recents directory (directory doesn't exist?).
05-30 10:21:19.677 D/SystemServerTimingAsync( 745): ssm.onUnlockedUser-0_com.android.server.gpu.GpuService
05-30 10:21:19.677 D/SystemServerTimingAsync( 745): ssm.onUnlockedUser-0_com.android.server.security.rkp.RemoteProvisioningService
05-30 10:21:19.677 D/SystemServerTimingAsync( 745): ssm.onUnlockedUser-0_com.android.server.security.KeyChainSystemService
05-30 10:21:19.677 D/SystemServerTimingAsync( 745): ssm.onUnlockedUser-0_com.android.server.BinaryTransparencyService
05-30 10:21:19.677 D/SystemServerTimingAsync( 745): ssm.onUnlockedUser-0_com.android.server.accounts.AccountManagerService$Lifecycle
05-30 10:21:19.677 D/SystemServerTimingAsync( 745): ssm.onUnlockedUser-0_com.android.server.content.ContentService$Lifecycle
05-30 10:21:19.677 D/SystemServerTimingAsync( 745): ssm.onUnlockedUser-0_com.android.server.deviceconfig.DeviceConfigInit$Lifecycle
05-30 10:21:19.677 D/SystemServerTimingAsync( 745): ssm.onUnlockedUser-0_com.android.server.DropBoxManagerService
05-30 10:21:19.677 D/SystemServerTimingAsync( 745): ssm.onUnlockedUser-0_com.android.role.RoleService
05-30 10:21:19.677 D/SystemServerTimingAsync( 745): ssm.onUnlockedUser-0_com.android.server.vibrator.VibratorManagerService$Lifecycle
05-30 10:21:19.677 D/SystemServerTimingAsync( 745): ssm.onUnlockedUser-0_com.android.server.tare.InternalResourceService
05-30 10:21:19.677 D/SystemServerTimingAsync( 745): ssm.onUnlockedUser-0_com.android.server.alarm.AlarmManagerService
05-30 10:21:19.677 D/SystemServerTimingAsync( 745): ssm.onUnlockedUser-0_com.android.server.devicestate.DeviceStateManagerService
05-30 10:21:19.677 D/SystemServerTimingAsync( 745): ssm.onUnlockedUser-0_com.android.server.camera.CameraServiceProxy
05-30 10:21:19.677 D/SystemServerTimingAsync( 745): ssm.onUnlockedUser-0_com.android.server.bluetooth.BluetoothService
05-30 10:21:19.677 D/SystemServerTimingAsync( 745): ssm.onUnlockedUser-0_com.android.server.connectivity.IpConnectivityMetrics
05-30 10:21:19.677 D/SystemServerTimingAsync( 745): ssm.onUnlockedUser-0_com.android.server.net.watchlist.NetworkWatchlistService$Lifecycle
05-30 10:21:19.677 D/SystemServerTimingAsync( 745): ssm.onUnlockedUser-0_com.android.server.PinnerService
05-30 10:21:19.677 D/SystemServerTimingAsync( 745): ssm.onUnlockedUser-0_com.android.server.integrity.AppIntegrityManagerService
05-30 10:21:19.677 D/SystemServerTimingAsync( 745): ssm.onUnlockedUser-0_com.android.server.logcat.LogcatManagerService
05-30 10:21:19.677 D/SystemServerTimingAsync( 745): ssm.onUnlockedUser-0_com.android.server.inputmethod.InputMethodManagerService$Lifecycle
05-30 10:21:19.677 D/SystemServerTimingAsync( 745): ssm.onUnlockedUser-0_com.android.server.accessibility.AccessibilityManagerService$Lifecycle
05-30 10:21:19.677 D/SystemServerTimingAsync( 745): ssm.onUnlockedUser-0_com.android.server.StorageManagerService$Lifecycle
05-30 10:21:19.677 D/SystemServerTimingAsync( 745): ssm.onUnlockedUser-0_com.android.server.usage.StorageStatsService$Lifecycle
05-30 10:21:19.677 D/SystemServerTimingAsync( 745): ssm.onUnlockedUser-0_com.android.server.UiModeManagerService
05-30 10:21:19.677 D/SystemServerTimingAsync( 745): ssm.onUnlockedUser-0_com.android.server.locales.LocaleManagerService
05-30 10:21:19.677 D/SystemServerTimingAsync( 745): ssm.onUnlockedUser-0_com.android.server.grammaticalinflection.GrammaticalInflectionService
05-30 10:21:19.677 D/SystemServerTimingAsync( 745): ssm.onUnlockedUser-0_com.android.server.apphibernation.AppHibernationService
05-30 10:21:19.677 D/SystemServerTimingAsync( 745): ssm.onUnlockedUser-0_com.android.server.locksettings.LockSettingsService$Lifecycle
05-30 10:21:19.677 D/SystemServerTimingAsync( 745): ssm.onUnlockedUser-0_com.android.server.PersistentDataBlockService
05-30 10:21:19.677 D/SystemServerTimingAsync( 745): ssm.onUnlockedUser-0_com.android.server.testharness.TestHarnessModeService
05-30 10:21:19.677 D/SystemServerTimingAsync( 745): ssm.onUnlockedUser-0_com.android.server.oemlock.OemLockService
05-30 10:21:19.677 D/SystemServerTimingAsync( 745): ssm.onUnlockedUser-0_com.android.server.DeviceIdleController
05-30 10:21:19.677 D/SystemServerTimingAsync( 745): ssm.onUnlockedUser-0_com.android.server.devicepolicy.DevicePolicyManagerService$Lifecycle
05-30 10:21:19.677 D/SystemServerTimingAsync( 745): ssm.onUnlockedUser-0_com.android.server.texttospeech.TextToSpeechManagerService
05-30 10:21:19.677 D/SystemServerTimingAsync( 745): ssm.onUnlockedUser-0_com.android.server.ambientcontext.AmbientContextManagerService
05-30 10:21:19.677 D/SystemServerTimingAsync( 745): ssm.onUnlockedUser-0_com.android.server.wearable.WearableSensingManagerService
05-30 10:21:19.677 D/SystemServerTimingAsync( 745): ssm.onUnlockedUser-0_com.android.server.speech.SpeechRecognitionManagerService
05-30 10:21:19.677 D/SystemServerTimingAsync( 745): ssm.onUnlockedUser-0_com.android.server.searchui.SearchUiManagerService
05-30 10:21:19.677 D/SystemServerTimingAsync( 745): ssm.onUnlockedUser-0_com.android.server.smartspace.SmartspaceManagerService
05-30 10:21:19.677 D/SystemServerTimingAsync( 745): ssm.onUnlockedUser-0_com.android.server.graphics.fonts.FontManagerService$Lifecycle
05-30 10:21:19.677 D/SystemServerTimingAsync( 745): ssm.onUnlockedUser-0_com.android.server.textservices.TextServicesManagerService$Lifecycle
05-30 10:21:19.677 D/SystemServerTimingAsync( 745): ssm.onUnlockedUser-0_com.android.server.textclassifier.TextClassificationManagerService$Lifecycle
05-30 10:21:19.677 D/SystemServerTimingAsync( 745): ssm.onUnlockedUser-0_com.android.server.NetworkScoreService$Lifecycle
05-30 10:21:19.677 D/SystemServerTimingAsync( 745): ssm.onUnlockedUser-0_com.android.server.NetworkStatsServiceInitializer
05-30 10:21:19.677 D/SystemServerTimingAsync( 745): ssm.onUnlockedUser-0_com.android.server.wifi.WifiService
05-30 10:21:19.677 D/SystemServerTimingAsync( 745): ssm.onUnlockedUser-0_com.android.server.wifi.scanner.WifiScanningService
05-30 10:21:19.677 D/SystemServerTimingAsync( 745): ssm.onUnlockedUser-0_com.android.server.wifi.p2p.WifiP2pService
05-30 10:21:19.677 D/SystemServerTimingAsync( 745): ssm.onUnlockedUser-0_com.android.server.ConnectivityServiceInitializer
05-30 10:21:19.678 D/SystemServerTimingAsync( 745): ssm.onUnlockedUser-0_com.android.server.notification.NotificationManagerService
05-30 10:21:19.678 D/CompatibilityChangeReporter( 745): Compat change id reported: 175319604; UID 1000; state: ENABLED
05-30 10:21:19.678 D/SystemServerTimingAsync( 745): ssm.onUnlockedUser-0_com.android.server.storage.DeviceStorageMonitorService
05-30 10:21:19.678 D/SystemServerTimingAsync( 745): ssm.onUnlockedUser-0_com.android.server.timedetector.TimeDetectorService$Lifecycle
05-30 10:21:19.678 D/SystemServerTimingAsync( 745): ssm.onUnlockedUser-0_com.android.server.location.LocationManagerService$Lifecycle
05-30 10:21:19.678 D/CompatibilityChangeReporter( 745): Compat change id reported: 175319604; UID 1000; state: DISABLED
05-30 10:21:19.678 D/SystemServerTimingAsync( 745): ssm.onUnlockedUser-0_com.android.server.timezonedetector.TimeZoneDetectorService$Lifecycle
05-30 10:21:19.678 D/SystemServerTimingAsync( 745): ssm.onUnlockedUser-0_com.android.server.location.altitude.AltitudeService$Lifecycle
05-30 10:21:19.678 D/SystemServerTimingAsync( 745): ssm.onUnlockedUser-0_com.android.server.timezonedetector.location.LocationTimeZoneManagerService$Lifecycle
05-30 10:21:19.678 D/SystemServerTimingAsync( 745): ssm.onUnlockedUser-0_com.android.server.search.SearchManagerService$Lifecycle
05-30 10:21:19.678 D/SystemServerTimingAsync( 745): ssm.onUnlockedUser-0_com.android.server.wallpaper.WallpaperManagerService$Lifecycle
05-30 10:21:19.678 D/SystemServerTimingAsync( 745): ssm.onUnlockedUser-0_com.android.server.wallpapereffectsgeneration.WallpaperEffectsGenerationManagerService
05-30 10:21:19.678 D/SystemServerTimingAsync( 745): ssm.onUnlockedUser-0_com.android.server.audio.AudioService$Lifecycle
05-30 10:21:19.678 D/SystemServerTimingAsync( 745): ssm.onUnlockedUser-0_com.android.server.soundtrigger_middleware.SoundTriggerMiddlewareService$Lifecycle
05-30 10:21:19.678 D/SystemServerTimingAsync( 745): ssm.onUnlockedUser-0_com.android.server.adb.AdbService$Lifecycle
05-30 10:21:19.678 D/SystemServerTimingAsync( 745): ssm.onUnlockedUser-0_com.android.server.usb.UsbService$Lifecycle
05-30 10:21:19.678 D/SystemServerTimingAsync( 745): ssm.onUnlockedUser-0_com.android.server.twilight.TwilightService
05-30 10:21:19.678 D/SystemServerTimingAsync( 745): ssm.onUnlockedUser-0_com.android.server.display.color.ColorDisplayService
05-30 10:21:19.678 D/SystemServerTimingAsync( 745): ssm.onUnlockedUser-0_com.android.server.job.JobSchedulerService
05-30 10:21:19.678 D/SystemServerTimingAsync( 745): ssm.onUnlockedUser-0_com.android.server.soundtrigger.SoundTriggerService
05-30 10:21:19.678 D/SystemServerTimingAsync( 745): ssm.onUnlockedUser-0_com.android.server.trust.TrustManagerService
05-30 10:21:19.678 D/SystemServerTimingAsync( 745): ssm.onUnlockedUser-0_com.android.server.backup.BackupManagerService$Lifecycle
05-30 10:21:19.678 D/SystemServerTimingAsync( 745): ssm.onUnlockedUser-0_com.android.server.appwidget.AppWidgetService
05-30 10:21:19.678 D/SystemServerTimingAsync( 745): ssm.onUnlockedUser-0_com.android.server.voiceinteraction.VoiceInteractionManagerService
05-30 10:21:19.678 D/SystemServerTimingAsync( 745): ssm.onUnlockedUser-0_com.android.server.GestureLauncherService
05-30 10:21:19.678 D/SystemServerTimingAsync( 745): ssm.onUnlockedUser-0_com.android.server.SensorNotificationService
05-30 10:21:19.678 D/SystemServerTimingAsync( 745): ssm.onUnlockedUser-0_com.android.server.emergency.EmergencyAffordanceService
05-30 10:21:19.678 D/SystemServerTimingAsync( 745): ssm.onUnlockedUser-0_com.android.server.blob.BlobStoreManagerService
05-30 10:21:19.679 D/SystemServerTimingAsync( 745): ssm.onUnlockedUser-0_com.android.server.dreams.DreamManagerService
05-30 10:21:19.679 D/SystemServerTimingAsync( 745): ssm.onUnlockedUser-0_com.android.server.security.AttestationVerificationManagerService
05-30 10:21:19.679 D/SystemServerTimingAsync( 745): ssm.onUnlockedUser-0_com.android.server.restrictions.RestrictionsManagerService
05-30 10:21:19.679 D/SystemServerTimingAsync( 745): ssm.onUnlockedUser-0_com.android.server.media.MediaSessionService
05-30 10:21:19.679 D/SystemServerTimingAsync( 745): ssm.onUnlockedUser-0_com.android.server.hdmi.HdmiControlService
05-30 10:21:19.679 D/SystemServerTimingAsync( 745): ssm.onUnlockedUser-0_com.android.server.tv.interactive.TvInteractiveAppManagerService
05-30 10:21:19.679 D/SystemServerTimingAsync( 745): ssm.onUnlockedUser-0_com.android.server.tv.TvInputManagerService
05-30 10:21:19.679 D/SystemServerTimingAsync( 745): ssm.onUnlockedUser-0_com.android.server.media.MediaResourceMonitorService
05-30 10:21:19.679 D/SystemServerTimingAsync( 745): ssm.onUnlockedUser-0_com.android.server.tv.TvRemoteService
05-30 10:21:19.679 D/SystemServerTimingAsync( 745): ssm.onUnlockedUser-0_com.android.server.biometrics.BiometricService
05-30 10:21:19.679 D/SystemServerTimingAsync( 745): ssm.onUnlockedUser-0_com.android.server.biometrics.AuthService
05-30 10:21:19.679 D/CompatibilityChangeReporter( 745): Compat change id reported: 195579280; UID 1000; state: ENABLED
05-30 10:21:19.679 D/CompatibilityChangeReporter( 745): Compat change id reported: 195579280; UID 1000; state: DISABLED
05-30 10:21:19.679 D/SystemServerTimingAsync( 745): ssm.onUnlockedUser-0_com.android.server.pm.ShortcutService$Lifecycle
05-30 10:21:19.679 D/SystemServerTimingAsync( 745): ssm.onUnlockedUser-0_com.android.server.pm.LauncherAppsService
05-30 10:21:19.679 D/SystemServerTimingAsync( 745): ssm.onUnlockedUser-0_com.android.server.pm.CrossProfileAppsService
05-30 10:21:19.679 D/SystemServerTimingAsync( 745): ssm.onUnlockedUser-0_com.android.server.people.PeopleService
05-30 10:21:19.680 D/SystemServerTimingAsync( 745): ssm.onUnlockedUser-0_com.android.server.media.metrics.MediaMetricsManagerService
05-30 10:21:19.680 D/SystemServerTimingAsync( 745): ssm.onUnlockedUser-0_com.android.server.pm.BackgroundInstallControlService
05-30 10:21:19.680 D/SystemServerTimingAsync( 745): ssm.onUnlockedUser-0_com.android.server.media.projection.MediaProjectionManagerService
05-30 10:21:19.680 D/SystemServerTimingAsync( 745): ssm.onUnlockedUser-0_com.android.server.slice.SliceManagerService$Lifecycle
05-30 10:21:19.680 D/SystemServerTimingAsync( 745): ssm.onUnlockedUser-0_com.android.server.stats.StatsCompanion$Lifecycle
05-30 10:21:19.680 D/SystemServerTimingAsync( 745): ssm.onUnlockedUser-0_com.android.server.scheduling.RebootReadinessManagerService$Lifecycle
05-30 10:21:19.680 D/SystemServerTimingAsync( 745): ssm.onUnlockedUser-0_com.android.server.stats.pull.StatsPullAtomService
05-30 10:21:19.680 D/SystemServerTimingAsync( 745): ssm.onUnlockedUser-0_com.android.server.stats.bootstrap.StatsBootstrapAtomService$Lifecycle
05-30 10:21:19.680 D/SystemServerTimingAsync( 745): ssm.onUnlockedUser-0_com.android.server.incident.IncidentCompanionService
05-30 10:21:19.680 D/SystemServerTimingAsync( 745): ssm.onUnlockedUser-0_com.android.server.sdksandbox.SdkSandboxManagerService$Lifecycle
05-30 10:21:19.680 D/SystemServerTimingAsync( 745): ssm.onUnlockedUser-0_com.android.server.adservices.AdServicesManagerService$Lifecycle
05-30 10:21:19.680 D/SystemServerTimingAsync( 745): ssm.onUnlockedUser-0_com.android.server.ondevicepersonalization.OnDevicePersonalizationSystemService$Lifecycle
05-30 10:21:19.680 D/SystemServerTimingAsync( 745): ssm.onUnlockedUser-0_com.android.server.autofill.AutofillManagerService
05-30 10:21:19.680 D/CompatibilityChangeReporter( 745): Compat change id reported: 175319604; UID 10052; state: ENABLED
05-30 10:21:19.681 D/SystemServerTimingAsync( 745): ssm.onUnlockedUser-0_com.android.server.clipboard.ClipboardService
05-30 10:21:19.681 D/SystemServerTimingAsync( 745): ssm.onUnlockedUser-0_com.android.server.appbinding.AppBindingService$Lifecycle
05-30 10:21:19.681 D/SystemServerTimingAsync( 745): ssm.onUnlockedUser-0_com.android.server.tracing.TracingServiceProxy
05-30 10:21:19.681 D/SystemServerTimingAsync( 745): ssm.onUnlockedUser-0_com.android.server.policy.PermissionPolicyService
05-30 10:21:19.681 D/SystemServerTimingAsync( 745): ssm.onUnlockedUser-0_com.android.server.pm.StagingManager$Lifecycle
05-30 10:21:19.681 D/SystemServerTimingAsync( 745): ssm.onUnlockedUser-0_com.android.server.app.GameManagerService$Lifecycle
05-30 10:21:19.681 D/SystemServerTimingAsync( 745): ssm.onUnlockedUser-0_com.android.safetycenter.SafetyCenterService
05-30 10:21:19.681 D/SystemServerTimingAsync( 745): ssm.onUnlockedUser-0_com.android.server.appsearch.AppSearchModule$Lifecycle
05-30 10:21:19.681 D/SystemServerTimingAsync( 745): ssm.onUnlockedUser-0_com.android.server.media.MediaCommunicationService
05-30 10:21:19.681 D/SystemServerTimingAsync( 745): ssm.onUnlockedUser-0_com.android.server.compat.overrides.AppCompatOverridesService$Lifecycle
05-30 10:21:19.681 D/SystemServerTimingAsync( 745): ssm.onUnlockedUser-0_com.android.server.healthconnect.HealthConnectManagerService
05-30 10:21:19.681 D/HealthConnectManagerService( 745): switchToSetupForUser: UserHandle{0}
05-30 10:21:19.681 D/HealthConnectBackupRestore( 745): Performing user switch operations.
05-30 10:21:19.681 D/CompatibilityChangeReporter( 745): Compat change id reported: 195579280; UID 10052; state: ENABLED
05-30 10:21:19.682 D/CompatibilityChangeReporter( 745): Compat change id reported: 175319604; UID 10058; state: ENABLED
05-30 10:21:19.683 D/CompatibilityChangeReporter( 745): Compat change id reported: 195579280; UID 10058; state: ENABLED
05-30 10:21:19.684 D/SystemServerTimingAsync( 745): ssm.onUnlockedUser-0_com.android.server.devicelock.DeviceLockService
05-30 10:21:19.684 I/NotificationHistory( 745): Attempted to unlock gone/disabled user 0
05-30 10:21:19.688 W/ContextImpl( 1332): Calling a method in the system process without a qualified user: android.app.ContextImpl.startService:1899 android.content.ContextWrapper.startService:825 android.content.ContextWrapper.startService:825 com.droidlogic.btpair.FastBootComplete.onReceive:20 android.app.ActivityThread.handleReceiver:4494
05-30 10:21:19.693 W/ContextImpl( 1332): Calling a method in the system process without a qualified user: android.app.ContextImpl.startService:1899 android.content.ContextWrapper.startService:825 android.content.ContextWrapper.startService:825 com.droidlogic.btpair.FastBootComplete.onReceive:23 android.app.ActivityThread.handleReceiver:4494
05-30 10:21:19.700 I/ActivityManager( 745): com.oranth.ledstatus is exempt from freezer
05-30 10:21:19.700 D/CompatibilityChangeReporter( 745): Compat change id reported: 135634846; UID 1000; state: DISABLED
05-30 10:21:19.722 I/ActivityManager( 745): Start proc 2118:com.oranth.ledstatus/1000 for broadcast {com.oranth.ledstatus/com.oranth.ledstatus.BootCompletedReceiver}
05-30 10:21:19.827 D/CompatibilityChangeReporter( 745): Compat change id reported: 168419799; UID 1000; state: DISABLED
05-30 10:21:19.828 D/CompatibilityChangeReporter( 745): Compat change id reported: 273564678; UID 1000; state: DISABLED
05-30 10:21:19.848 E/UsbDeviceManager( 745): Usb setCurrentUsbFunctionsCb failed ,functions:4 ,status:1 ,transactionId:6
05-30 10:21:19.849 I/UsbDeviceManager( 745): notifyCurrentFunction request:1 status:1
05-30 10:21:19.849 I/NotificationService( 745): Cannot find enqueued record for key: 0|android|13|PreBootBroadcaster|1000
05-30 10:21:19.852 I/vold ( 248): fuse-bpf is enabled because /sys/fs/fuse/features/fuse_bpf reads 'supported'
05-30 10:21:19.852 I/vold ( 248): Setting ro.fuse.bpf.is_running to true
05-30 10:21:19.853 I/vold ( 248): Configuring read_ahead of /mnt/user/0/emulated fuse filesystem to 256kb
05-30 10:21:19.853 I/vold ( 248): Writing 256 to /sys/class/bdi/0:45/read_ahead_kb
05-30 10:21:19.853 I/vold ( 248): Configuring max_ratio of /mnt/user/0/emulated fuse filesystem to 40
05-30 10:21:19.853 I/vold ( 248): Writing 40 to /sys/class/bdi/0:45/max_ratio
05-30 10:21:19.856 I/StorageManagerService( 745): Mounted volume VolumeInfo{emulated;0}:
05-30 10:21:19.856 I/StorageManagerService( 745): type=EMULATED diskId=null partGuid= mountFlags=PRIMARY|VISIBLE_FOR_WRITE
05-30 10:21:19.856 I/StorageManagerService( 745): mountUserId=0 state=MOUNTED
05-30 10:21:19.856 I/StorageManagerService( 745): fsType=null fsUuid=null fsLabel=null
05-30 10:21:19.856 I/StorageManagerService( 745): path=/storage/emulated internalPath=/data/media
05-30 10:21:19.856 I/NotificationService( 745): Cannot find enqueued record for key: 0|android|13|PreBootBroadcaster|1000
05-30 10:21:19.857 I/StorageSessionController( 745): Notifying volume state changed for session with id: emulated;0
05-30 10:21:19.865 I/NotificationService( 745): Cannot find enqueued record for key: 0|android|13|PreBootBroadcaster|1000
05-30 10:21:19.866 D/CompatibilityChangeReporter( 745): Compat change id reported: 149924527; UID 1000; state: ENABLED
05-30 10:21:19.867 D/CompatibilityChangeReporter( 745): Compat change id reported: 132649864; UID 1000; state: DISABLED
05-30 10:21:19.872 I/StorageSessionController( 745): Notifying volume state changed for session with id: emulated;0
05-30 10:21:19.874 I/HealthConnectBackupRestore( 745): Attempt to schedule download timeout job with state: 0
05-30 10:21:19.874 I/HealthConnectBackupRestore( 745): Attempt to schedule staging timeout job with state: 0
05-30 10:21:19.874 I/HealthConnectBackupRestore( 745): Attempt to schedule merging timeout job with state: 0
05-30 10:21:19.889 I/StorageSessionController( 745): Notifying volume state changed for session with id: emulated;0
05-30 10:21:19.896 D/CompatibilityChangeReporter( 745): Compat change id reported: 253665015; UID 10060; state: ENABLED
05-30 10:21:19.896 D/CompatibilityChangeReporter( 745): Compat change id reported: 194532703; UID 10060; state: ENABLED
05-30 10:21:19.925 W/BroadcastLoopers( 745): Found previously unknown looper Thread[StorageManagerService,5,main]
05-30 10:21:19.928 D/StorageManagerService( 745): Volume emulated;0 broadcasting checking to UserHandle{0}
05-30 10:21:19.930 D/StorageManagerService( 745): Volume emulated;0 broadcasting mounted to UserHandle{0}
05-30 10:21:19.950 I/ActivityManager( 745): com.oranth.storage is exempt from freezer
05-30 10:21:19.951 D/CompatibilityChangeReporter( 745): Compat change id reported: 135634846; UID 1000; state: DISABLED
05-30 10:21:19.959 W/ContextImpl( 2118): Calling a method in the system process without a qualified user: android.app.ContextImpl.startService:1899 android.content.ContextWrapper.startService:825 android.content.ContextWrapper.startService:825 com.oranth.ledstatus.BootCompletedReceiver.onReceive:15 android.app.ActivityThread.handleReceiver:4494
05-30 10:21:19.979 I/ActivityManager( 745): Start proc 2139:com.oranth.storage/1000 for broadcast {com.oranth.storage/com.oranth.storage.BootCompletedReceiver}
05-30 10:21:20.030 W/ContextImpl( 1911): Calling a method in the system process without a qualified user: android.app.ContextImpl.startService:1899 android.content.ContextWrapper.startService:825 com.dangbei.lerad.etna.core.EtnaManager.startService:64 com.dangbei.lerad.etna.core.EtnaManager.init:39 com.dangbei.lerad.etna.haqu.EtnaApplication.init:87
05-30 10:21:20.034 W/ContextImpl( 1911): Calling a method in the system process without a qualified user: android.app.ContextImpl.startService:1899 android.content.ContextWrapper.startService:825 com.dangbei.andes.CoreService$Companion.start:29 com.dangbei.lerad.etna.haqu.EtnaApplication.init:88 com.dangbei.lerad.etna.haqu.EtnaApplication.onCreate:59
05-30 10:21:20.052 D/HDMI ( 745): Process pid:1911 is calling addHotplugEventListener
05-30 10:21:20.069 W/ContextImpl( 1911): Calling a method in the system process without a qualified user: android.app.ContextImpl.bindService:1988 android.content.ContextWrapper.bindService:861 com.dangbei.lerad.etna.lib.client.EtnaClient.bindServer:138 com.dangbei.lerad.etna.lib.client.EtnaClient.access$600:29 com.dangbei.lerad.etna.lib.client.EtnaClient$3.call:205
05-30 10:21:20.075 D/CompatibilityChangeReporter( 745): Compat change id reported: 168419799; UID 1000; state: DISABLED
05-30 10:21:20.075 D/CompatibilityChangeReporter( 745): Compat change id reported: 273564678; UID 1000; state: DISABLED
05-30 10:21:20.102 W/ContextImpl( 1911): Calling a method in the system process without a qualified user: android.app.ContextImpl.bindService:1988 android.content.ContextWrapper.bindService:861 com.dangbei.lerad.etna.lib.client.EtnaClient.bindServer:138 com.dangbei.lerad.etna.lib.client.EtnaClient.access$600:29 com.dangbei.lerad.etna.lib.client.EtnaClient$3.call:205
05-30 10:21:20.143 D/CompatibilityChangeReporter( 745): Compat change id reported: 182734110; UID 10060; state: ENABLED
05-30 10:21:20.163 D/CompatibilityChangeReporter( 745): Compat change id reported: 135634846; UID 10019; state: DISABLED
05-30 10:21:20.163 D/CompatibilityChangeReporter( 745): Compat change id reported: 177438394; UID 10019; state: DISABLED
05-30 10:21:20.165 D/CompatibilityChangeReporter( 745): Compat change id reported: 135772972; UID 10019; state: DISABLED
05-30 10:21:20.166 D/CompatibilityChangeReporter( 745): Compat change id reported: 135754954; UID 10019; state: ENABLED
05-30 10:21:20.166 D/CompatibilityChangeReporter( 745): Compat change id reported: 143937733; UID 10019; state: ENABLED
05-30 10:21:20.174 W/ContextImpl( 2139): Calling a method in the system process without a qualified user: android.app.ContextImpl.startService:1899 android.content.ContextWrapper.startService:825 android.content.ContextWrapper.startService:825 com.oranth.storage.BootCompletedReceiver.onReceive:15 android.app.ActivityThread.handleReceiver:4494
05-30 10:21:20.189 I/ActivityManager( 745): Start proc 2167:com.android.externalstorage/u0a19 for broadcast {com.android.externalstorage/com.android.externalstorage.MountReceiver}
05-30 10:21:20.194 E/BootReceiver( 745): Could not open /sys/kernel/tracing/instances/bootreceiver/trace_pipe
05-30 10:21:20.194 E/BootReceiver( 745): android.system.ErrnoException: open failed: ENOENT (No such file or directory)
05-30 10:21:20.194 E/BootReceiver( 745): at libcore.io.Linux.open(Native Method)
05-30 10:21:20.194 E/BootReceiver( 745): at libcore.io.ForwardingOs.open(ForwardingOs.java:563)
05-30 10:21:20.194 E/BootReceiver( 745): at libcore.io.BlockGuardOs.open(BlockGuardOs.java:274)
05-30 10:21:20.194 E/BootReceiver( 745): at android.system.Os.open(Os.java:494)
05-30 10:21:20.194 E/BootReceiver( 745): at com.android.server.BootReceiver.onReceive(BootReceiver.java:164)
05-30 10:21:20.194 E/BootReceiver( 745): at android.app.ActivityThread.handleReceiver(ActivityThread.java:4494)
05-30 10:21:20.194 E/BootReceiver( 745): at android.app.ActivityThread.-$$Nest$mhandleReceiver(Unknown Source:0)
05-30 10:21:20.194 E/BootReceiver( 745): at android.app.ActivityThread$H.handleMessage(ActivityThread.java:2285)
05-30 10:21:20.194 E/BootReceiver( 745): at android.os.Handler.dispatchMessage(Handler.java:106)
05-30 10:21:20.194 E/BootReceiver( 745): at android.os.Looper.loopOnce(Looper.java:205)
05-30 10:21:20.194 E/BootReceiver( 745): at android.os.Looper.loop(Looper.java:294)
05-30 10:21:20.194 E/BootReceiver( 745): at com.android.server.SystemServer.run(SystemServer.java:982)
05-30 10:21:20.194 E/BootReceiver( 745): at com.android.server.SystemServer.main(SystemServer.java:668)
05-30 10:21:20.194 E/BootReceiver( 745): at java.lang.reflect.Method.invoke(Native Method)
05-30 10:21:20.194 E/BootReceiver( 745): at com.android.internal.os.RuntimeInit$MethodAndArgsCaller.run(RuntimeInit.java:552)
05-30 10:21:20.194 E/BootReceiver( 745): at com.android.internal.os.ZygoteInit.main(ZygoteInit.java:956)
05-30 10:21:20.211 I/BootReceiver( 745): No existing last log timestamp file /data/system/log-files.xml; starting empty
05-30 10:21:20.214 I/DropBoxManagerService( 745): add tag=SYSTEM_BOOT isTagEnabled=true flags=0x2
05-30 10:21:20.217 W/ContextImpl( 1948): Calling a method in the system process without a qualified user: android.app.ContextImpl.startService:1899 android.content.ContextWrapper.startService:825 android.content.ContextWrapper.startService:825 com.droidlogic.mictoggle.AssistantMicMuteReceiver.onReceive:48 android.app.ActivityThread.handleReceiver:4494
05-30 10:21:20.224 I/BootReceiver( 745): Copying /sys/fs/pstore/console-ramoops-0 to DropBox (SYSTEM_LAST_KMSG)
05-30 10:21:20.224 I/DropBoxManagerService( 745): add tag=SYSTEM_LAST_KMSG isTagEnabled=true flags=0x6
05-30 10:21:20.225 D/CompatibilityChangeReporter( 745): Compat change id reported: 214016041; UID 10029; state: DISABLED
05-30 10:21:20.237 D/CompatibilityChangeReporter( 745): Compat change id reported: 171306433; UID 1000; state: ENABLED
05-30 10:21:20.237 D/CompatibilityChangeReporter( 745): Compat change id reported: 218533173; UID 1000; state: ENABLED
05-30 10:21:20.248 I/BootReceiver( 745): Copying audit failures to DropBox
05-30 10:21:20.251 I/BootReceiver( 745): Copied 2996 worth of audits to DropBox
05-30 10:21:20.252 I/DropBoxManagerService( 745): add tag=SYSTEM_AUDIT isTagEnabled=true flags=0x2
05-30 10:21:20.258 I/BootReceiver( 745): Checking for fsck errors
05-30 10:21:20.259 I/BootReceiver( 745): fs_stat, partition:param stat:0x10013
05-30 10:21:20.260 I/BootReceiver( 745): fs_stat, partition:tee stat:0x3
05-30 10:21:20.260 I/BootReceiver( 745): fs_stat, partition:factory stat:0x0
05-30 10:21:20.260 I/BootReceiver( 745): fs_stat, partition:userdata stat:0x0
05-30 10:21:20.260 I/BootReceiver( 745): fs_stat, partition:userdata stat:0x0
05-30 10:21:20.267 W/ContextImpl( 1827): Calling a method in the system process without a qualified user: android.app.ContextImpl.startForegroundService:1905 android.content.ContextWrapper.startForegroundService:830 android.content.ContextWrapper.startForegroundService:830 com.android.tv.settings.BootReceiver.onReceive:58 android.app.ActivityThread.handleReceiver:4494
05-30 10:21:20.276 D/CompatibilityChangeReporter( 745): Compat change id reported: 168419799; UID 10019; state: DISABLED
05-30 10:21:20.276 D/CompatibilityChangeReporter( 745): Compat change id reported: 273564678; UID 10019; state: DISABLED
05-30 10:21:20.278 D/HDMI ( 745): receive android.intent.action.BOOT_COMPLETED
05-30 10:21:20.278 I/HDMI ( 745): Receive boot completed broadcast
05-30 10:21:20.281 W/ActivityManager( 745): Unable to start service Intent { act=android.intent.action.BOOT_COMPLETED flg=0x89000010 cmp=com.android.tv.settings/.BootReceiver (has extras) } U=0: not found
05-30 10:21:20.287 W/ContextImpl( 1332): Calling a method in the system process without a qualified user: android.app.ContextImpl.startService:1899 android.content.ContextWrapper.startService:825 android.content.ContextWrapper.startService:825 com.droidlogic.AiPqReceiver.onReceive:31 android.app.ActivityThread.handleReceiver:4494
05-30 10:21:20.289 D/CompatibilityChangeReporter( 745): Compat change id reported: 265195908; UID 10019; state: ENABLED
05-30 10:21:20.296 D/CompatibilityChangeReporter( 745): Compat change id reported: 170503758; UID 10019; state: ENABLED
05-30 10:21:20.299 I/CheckInBootCompletedReceiver( 1874): Received boot completed intent
05-30 10:21:20.321 D/CompatibilityChangeReporter( 745): Compat change id reported: 261072174; UID 1000; state: DISABLED
05-30 10:21:20.322 I/DlcClient( 1874): Binding com.android.devicelockcontroller/.storage.GlobalParametersService
05-30 10:21:20.323 D/CompatibilityChangeReporter( 745): Compat change id reported: 161145287; UID 10017; state: ENABLED
05-30 10:21:20.324 I/DeviceCheckInHelper( 1874): enqueueDeviceCheckInWork with delay: PT0S
05-30 10:21:20.338 W/ContextImpl( 1911): Calling a method in the system process without a qualified user: android.app.ContextImpl.sendBroadcast:1220 android.content.ContextWrapper.sendBroadcast:504 com.dangbei.lerad.etna.core.EtnaManager.sendRebootBroadcast:82 com.dangbei.lerad.etna.core.EtnaService.onStartCommand:89 android.app.ActivityThread.handleServiceArgs:4866
05-30 10:21:20.345 W/ContextImpl( 1911): Calling a method in the system process without a qualified user: android.app.ContextImpl.bindService:1988 android.content.ContextWrapper.bindService:861 com.dangbei.lerad.etna.lib.client.EtnaClient.bindServer:138 com.dangbei.lerad.etna.lib.client.EtnaClient.access$600:29 com.dangbei.lerad.etna.lib.client.EtnaClient$3.call:205
05-30 10:21:20.347 D/CompatibilityChangeReporter( 745): Compat change id reported: 253665015; UID 10071; state: ENABLED
05-30 10:21:20.348 D/CompatibilityChangeReporter( 745): Compat change id reported: 194532703; UID 10071; state: ENABLED
05-30 10:21:20.351 W/ContextImpl( 1911): Calling a method in the system process without a qualified user: android.app.ContextImpl.startService:1899 android.content.ContextWrapper.startService:825 com.dangbei.etna.setting.core.SettingHelper.startSetting:281 com.dangbei.etna.setting.core.SettingHelper.preWork:117 com.dangbei.etna.setting.core.SettingEtnaClientListener.onServerConnected:10
05-30 10:21:20.359 I/ActivityManager( 745): com.dangbei.haqusetting is exempt from freezer
05-30 10:21:20.360 D/CompatibilityChangeReporter( 745): Compat change id reported: 135634846; UID 1000; state: DISABLED
05-30 10:21:20.374 W/ContextImpl( 1911): Calling a method in the system process without a qualified user: android.app.ContextImpl.bindService:1988 android.content.ContextWrapper.bindService:861 com.dangbei.lerad.etna.lib.client.EtnaClient.bindServer:138 com.dangbei.lerad.etna.lib.client.EtnaClient.access$600:29 com.dangbei.lerad.etna.lib.client.EtnaClient$3.call:205
05-30 10:21:20.375 W/ContextImpl( 1911): Calling a method in the system process without a qualified user: android.app.ContextImpl.bindService:1988 android.content.ContextWrapper.bindService:861 com.dangbei.lerad.etna.lib.client.EtnaClient.bindServer:138 com.dangbei.lerad.etna.lib.client.EtnaClient.access$600:29 com.dangbei.lerad.etna.lib.client.EtnaClient$3.call:205
05-30 10:21:20.385 D/CompatibilityChangeReporter( 745): Compat change id reported: 171306433; UID 10015; state: ENABLED
05-30 10:21:20.386 D/CompatibilityChangeReporter( 745): Compat change id reported: 218533173; UID 10015; state: ENABLED
05-30 10:21:20.398 I/ActivityManager( 745): com.dangbei.leard.leradlauncher is exempt from freezer
05-30 10:21:20.413 W/ActivityManager( 745): Slow operation: 55ms so far, now at startProcess: returned from zygote!
05-30 10:21:20.414 W/ActivityManager( 745): Slow operation: 55ms so far, now at startProcess: done updating battery stats
05-30 10:21:20.414 W/ActivityManager( 745): Slow operation: 55ms so far, now at startProcess: building log message
05-30 10:21:20.414 I/ActivityManager( 745): Start proc 2199:com.dangbei.haqusetting/1000 for service {com.dangbei.haqusetting/com.dangbei.haqusetting.service.SettingService}
