05-30 10:22:39.831 I/bluetooth( 1324): packages/modules/Bluetooth/system/bta/dm/bta_dm_main.cc:96 bta_dm_search_sm_execute: state:BTA_DM_SEARCH_IDLE, event:BTA_DM_API_SEARCH_CANCEL_EVT[0x201]
05-30 10:22:39.833 I/BluetoothBondStateMachine( 1324): Bond address is:XX:XX:XX:XX:C0:69
05-30 10:22:39.834 E/dangbei111( 1911): cccccc 配对结果 true Dangbei E4:BB:D3:57:C0:69
05-30 10:22:39.835 I/bt_btif_dm( 1324): packages/modules/Bluetooth/system/btif/src/btif_dm.cc:489 get_cod: get_cod remote_cod = 0x0000050c
05-30 10:22:39.835 I/bt_btif_dm( 1324): packages/modules/Bluetooth/system/btif/src/btif_dm.cc:489 get_cod: get_cod remote_cod = 0x0000050c
05-30 10:22:39.835 I/bt_btif_dm( 1324): packages/modules/Bluetooth/system/btif/src/btif_dm.cc:489 get_cod: get_cod remote_cod = 0x0000050c
05-30 10:22:39.835 I/bt_btif_dm( 1324): packages/modules/Bluetooth/system/btif/src/btif_dm.cc:571 bond_state_changed: Bond state changed to state=1 [0:none, 1:bonding, 2:bonded], prev_state=0, sdp_attempts = 0
05-30 10:22:39.836 I/bluetooth( 1324): packages/modules/Bluetooth/system/stack/btm/btm_dev.cc:174 BTM_SecDeleteDevice: Remove device xx:xx:xx:xx:c0:69 from filter accept list before delete record
05-30 10:22:39.836 I/BluetoothBondStateMachine( 1324): bondStateChangeCallback: Status: 0 Address: XX:XX:XX:XX:C0:69 newState: 1 hciReason: 0
05-30 10:22:39.836 I/bluetooth( 1324): packages/modules/Bluetooth/system/stack/btm/btm_dev.cc:192 BTM_SecDeleteDevice: BTM_SecDeleteDevice xx:xx:xx:xx:c0:69 complete
05-30 10:22:39.836 I/bt_btif_dm( 1324): packages/modules/Bluetooth/system/btif/src/btif_dm.cc:489 get_cod: get_cod remote_cod = 0x0000050c
05-30 10:22:39.836 I/bt_btif_dm( 1324): packages/modules/Bluetooth/system/btif/src/btif_dm.cc:489 get_cod: get_cod remote_cod = 0x0000050c
05-30 10:22:39.836 I/bt_btif_dm( 1324): packages/modules/Bluetooth/system/btif/src/btif_dm.cc:571 bond_state_changed: Bond state changed to state=0 [0:none, 1:bonding, 2:bonded], prev_state=1, sdp_attempts = 0
05-30 10:22:39.836 E/BluetoothMetricIdManager( 1324): packages/modules/Bluetooth/system/gd/common/metric_id_manager.cc:190 ForgetDevice: Failed to remove device from paired_device_cache_
05-30 10:22:39.836 I/bt_btif_dm( 1324): packages/modules/Bluetooth/system/btif/src/btif_dm.cc:620 bond_state_changed: clearing btif pairing_cb
05-30 10:22:39.836 E/bt_stack( 1324): [ERROR:bta_gattc_utils.cc(576)] bta_gattc_mark_bg_conn unable to find the bg connection mask for bd_addr=xx:xx:xx:xx:c0:69
05-30 10:22:39.836 W/bluetooth( 1324): packages/modules/Bluetooth/system/main/shim/acl.cc:189 Remove: Unknown device being removed from acceptlist:e4:bb:d3:57:c0:69[PUBLIC_DEVICE_ADDRESS]
05-30 10:22:39.836 W/bluetooth( 1324): packages/modules/Bluetooth/system/gd/hci/acl_manager/le_impl.h:821 remove_device_from_connect_list: Device not in acceptlist and cannot be removed:e4:bb:d3:57:c0:69[PUBLIC_DEVICE_ADDRESS]
05-30 10:22:39.836 I/BluetoothBondStateMachine( 1324): bondStateChangeCallback: Status: 1 Address: XX:XX:XX:XX:C0:69 newState: 0 hciReason: 1
05-30 10:22:39.839 I/BluetoothBondStateMachine( 1324): Entering PendingCommandState State
05-30 10:22:39.844 D/BluetoothCompanionManager( 1324): register metadata listener: XX:XX:XX:XX:C0:69
05-30 10:22:39.844 D/BluetoothAdapter( 1324): addOnMetadataChangedListener()
05-30 10:22:39.851 I/BluetoothBondStateMachine( 1324): Bond State Change Intent:XX:XX:XX:XX:C0:69 BOND_NONE => BOND_BONDING
05-30 10:22:39.852 D/FastPairService( 745): onReceive: ACTION_BOND_STATE_CHANGED
05-30 10:22:39.855 D/BluetoothDatabase( 1324): updateDatabase XX:XX:XX:XX:C0:69
05-30 10:22:39.855 D/AdapterProperties( 1324): Failed to remove device: XX:XX:XX:XX:C0:69
05-30 10:22:39.855 D/BluetoothRemoteDevices( 1324): removeDualDevicesMapXX:XX:XX:XX:C0:69
05-30 10:22:39.856 D/BluetoothRemoteDevices( 1324): mDualDevicesMap not have E4:BB:D3:57:C0:69
05-30 10:22:39.857 I/dangbei111( 1911): cccccc on receiver=android.bluetooth.device.action.BOND_STATE_CHANGED,mac=E4:BB:D3:57:C0:69
05-30 10:22:39.857 I/dangbei111( 1911): Wait for auto connection, processBondStateChange: bondState: 10 --> 11
05-30 10:22:39.858 D/BluetoothCompanionManager( 1324): remove metadata listener: XX:XX:XX:XX:C0:69
05-30 10:22:39.858 D/BluetoothAdapter( 1324): removeOnMetadataChangedListener()
05-30 10:22:39.859 I/BLE_Service( 1332): BOND STATE CHANGED [Dangbei] - was 10, now is 11
05-30 10:22:39.862 D/A2dpService( 1324): Bond state changed for device: XX:XX:XX:XX:C0:69 state: 11
05-30 10:22:39.862 D/HearingAidService( 1324): Bond state changed for device: XX:XX:XX:XX:C0:69 state: 11
05-30 10:22:39.864 I/BluetoothBondStateMachine( 1324): Bond State Change Intent:XX:XX:XX:XX:C0:69 BOND_BONDING => BOND_NONE
05-30 10:22:39.865 W/HeadsetClientService( 1324): getHeadsetClientService(): service is null
05-30 10:22:39.865 W/PbapClientService( 1324): getPbapClientService(): service is null
05-30 10:22:39.865 V/BluetoothDatabase( 1324): setProfileConnectionPolicy connection policy not changed.
05-30 10:22:39.865 D/A2dpService( 1324): Saved connectionPolicy XX:XX:XX:XX:C0:69 = -1
05-30 10:22:39.865 V/BluetoothDatabase( 1324): setProfileConnectionPolicy connection policy not changed.
05-30 10:22:39.865 I/HeadsetService( 1324): setConnectionPolicy: device=XX:XX:XX:XX:C0:69, connectionPolicy=-1, uid/pid=1002/1324
05-30 10:22:39.865 V/BluetoothDatabase( 1324): setProfileConnectionPolicy connection policy not changed.
05-30 10:22:39.865 I/BluetoothBondStateMachine( 1324): StableState(): Entering Off State
05-30 10:22:39.866 D/FastPairService( 745): onReceive: ACTION_BOND_STATE_CHANGED
05-30 10:22:39.866 D/FastPairService( 745): Forget device detect
05-30 10:22:39.868 D/BluetoothDatabase( 1324): getCustomMeta: device XX:XX:XX:XX:C0:69 is not in cache
05-30 10:22:39.870 E/dangbei111( 1911): cccccc 开始扫描
05-30 10:22:39.870 D/BluetoothAdapter( 1911): isLeEnabled(): ON
05-30 10:22:39.870 D/A2dpService( 1324): Bond state changed for device: XX:XX:XX:XX:C0:69 state: 10
05-30 10:22:39.871 D/HearingAidService( 1324): Bond state changed for device: XX:XX:XX:XX:C0:69 state: 10
05-30 10:22:39.874 D/BluetoothDatabase( 1324): getCustomMeta: device XX:XX:XX:XX:C0:69 is not in cache
05-30 10:22:39.874 I/bt_stack( 1324): [INFO:le_scanning_manager.cc(155)] RegisterScanner in shim layer
05-30 10:22:39.874 D/BluetoothLeScanner( 1911): onScannerRegistered() - status=0 scannerId=1 mScannerId=0
05-30 10:22:39.875 D/BluetoothDatabase( 1324): getCustomMeta: device XX:XX:XX:XX:C0:69 is not in cache
05-30 10:22:39.877 I/bt_stack( 1324): [INFO:le_scanning_manager.cc(168)] Scan in shim layer started
05-30 10:22:39.877 I/bluetooth( 1324): packages/modules/Bluetooth/system/gd/hci/le_scanning_manager.cc:588 stop_scan: Scanning already stopped, return!
05-30 10:22:39.878 I/bt_stack( 1324): [INFO:le_scanning_manager.cc(168)] Scan in shim layer stopped
05-30 10:22:39.878 I/bt_stack( 1324): [INFO:le_scanning_manager.cc(346)] SetScanParameters in shim layer
05-30 10:22:39.878 I/bt_stack( 1324): [INFO:le_scanning_manager.cc(168)] Scan in shim layer started
05-30 10:22:39.878 I/bluetooth( 1324): packages/modules/Bluetooth/system/gd/hci/le_address_manager.cc:178 register_client: Client registered
05-30 10:22:39.878 D/ActivityAttributionService( 1324): notifyActivityAttributionInfo UID=1002 packageName=com.android.bluetooth deviceAddress=no_active_device_address
05-30 10:22:39.878 I/bluetooth( 1324): packages/modules/Bluetooth/system/gd/hci/le_address_manager.cc:193 unregister_client: Client unregistered
05-30 10:22:39.878 I/bluetooth( 1324): packages/modules/Bluetooth/system/gd/hci/le_scanning_manager.cc:588 stop_scan: Scanning already stopped, return!
05-30 10:22:39.878 I/bt_btif ( 1324): packages/modules/Bluetooth/system/btif/src/bluetooth.cc:829 get_profile_interface: get_profile_interface: id = activity_attribution
05-30 10:22:39.878 I/bluetooth( 1324): packages/modules/Bluetooth/system/gd/hci/le_address_manager.cc:178 register_client: Client registered
05-30 10:22:39.883 I/BLE_Service( 1332): BOND STATE CHANGED [Dangbei] - was 11, now is 10
05-30 10:22:39.885 I/dangbei111( 1911): cccccc on receiver=android.bluetooth.device.action.BOND_STATE_CHANGED,mac=E4:BB:D3:57:C0:69
05-30 10:22:39.885 I/dangbei111( 1911): Wait for auto connection, processBondStateChange: bondState: 11 --> 10
05-30 10:22:39.887 D/BluetoothAdapter( 1493): isLeEnabled(): ON
05-30 10:22:39.890 I/bt_stack( 1324): [INFO:le_scanning_manager.cc(155)] RegisterScanner in shim layer
05-30 10:22:39.890 D/BluetoothLeScanner( 1493): onScannerRegistered() - status=0 scannerId=2 mScannerId=0
05-30 10:22:39.891 E/dangbei111( 1911): cccccc 开始扫描
05-30 10:22:39.891 D/BluetoothAdapter( 1911): isLeEnabled(): ON
05-30 10:22:39.893 D/ActivityAttributionService( 1324): notifyActivityAttributionInfo UID=1002 packageName=com.android.bluetooth deviceAddress=no_active_device_address
05-30 10:22:39.893 I/bt_btif ( 1324): packages/modules/Bluetooth/system/btif/src/bluetooth.cc:829 get_profile_interface: get_profile_interface: id = activity_attribution
05-30 10:22:39.898 D/BluetoothDatabase( 1324): getCustomMeta: device XX:XX:XX:XX:C0:69 is not in cache
05-30 10:22:39.901 I/bt_btif_dm( 1324): packages/modules/Bluetooth/system/btif/src/btif_dm.cc:695 btif_update_remote_properties: class of device (cod) is 0x00050c
05-30 10:22:39.903 W/BluetoothEventManager( 1124): showUnbondMessage: Not displaying any message for reason: 9
05-30 10:22:39.904 D/BluetoothDatabase( 1324): getCustomMeta: device XX:XX:XX:XX:C0:69 is not in cache
05-30 10:22:39.910 D/BluetoothAdapter( 1493): isLeEnabled(): ON
05-30 10:22:39.912 D/BluetoothDatabase( 1324): getCustomMeta: device XX:XX:XX:XX:C0:69 is not in cache
05-30 10:22:39.913 E/dangbei111( 1911): cccccc scan 得到的设备和状态 Dangbei E4:BB:D3:57:C0:69 10
05-30 10:22:39.915 D/BluetoothAdapter( 1493): isLeEnabled(): ON
05-30 10:22:39.917 W/BluetoothEventManager( 1332): showUnbondMessage: Not displaying any message for reason: 9
05-30 10:22:39.917 D/ActivityAttributionService( 1324): notifyActivityAttributionInfo UID=1002 packageName=com.android.bluetooth deviceAddress=no_active_device_address
05-30 10:22:39.917 I/bt_btif ( 1324): packages/modules/Bluetooth/system/btif/src/bluetooth.cc:829 get_profile_interface: get_profile_interface: id = activity_attribution
05-30 10:22:39.918 D/BluetoothDatabase( 1324): getCustomMeta: device XX:XX:XX:XX:C0:69 is not in cache
05-30 10:22:39.919 E/dangbei111( 1911): cccccc 扫描到了设备 Dangbei E4:BB:D3:57:C0:69
05-30 10:22:39.919 I/bt_stack( 1324): [INFO:le_scanning_manager.cc(162)] Unregister in shim layer, scanner_id:2
05-30 10:22:39.921 E/dangbei111( 1911): cccccc cancelDiscovery begin
05-30 10:22:39.922 E/dangbei111( 1911): cccccc 停止扫描,开始配对或者连接
05-30 10:22:39.922 D/BluetoothAdapter( 1911): isLeEnabled(): ON
05-30 10:22:39.923 D/ActivityAttributionService( 1324): notifyActivityAttributionInfo UID=1002 packageName=com.android.bluetooth deviceAddress=no_active_device_address
05-30 10:22:39.923 I/bt_btif ( 1324): packages/modules/Bluetooth/system/btif/src/bluetooth.cc:829 get_profile_interface: get_profile_interface: id = activity_attribution
05-30 10:22:39.923 I/bt_stack( 1324): [INFO:le_scanning_manager.cc(168)] Scan in shim layer stopped
05-30 10:22:39.924 I/bluetooth( 1324): packages/modules/Bluetooth/system/gd/hci/le_address_manager.cc:193 unregister_client: Client unregistered
05-30 10:22:39.925 I/bt_stack( 1324): [INFO:le_scanning_manager.cc(162)] Unregister in shim layer, scanner_id:1
05-30 10:22:39.925 E/dangbei111( 1911): bondOrConnect state=10
05-30 10:22:39.927 E/dangbei111( 1911): cccccc 开始配对 Dangbei E4:BB:D3:57:C0:69
05-30 10:22:39.930 I/bt_btif_dm( 1324): packages/modules/Bluetooth/system/btif/src/btif_dm.cc:2470 btif_dm_cancel_discovery: Cancel search
05-30 10:22:39.930 I/bluetooth( 1324): packages/modules/Bluetooth/system/bta/dm/bta_dm_main.cc:96 bta_dm_search_sm_execute: state:BTA_DM_SEARCH_IDLE, event:BTA_DM_API_SEARCH_CANCEL_EVT[0x201]
05-30 10:22:39.931 I/BluetoothBondStateMachine( 1324): Bond address is:XX:XX:XX:XX:C0:69
05-30 10:22:39.932 E/dangbei111( 1911): cccccc 配对结果 true Dangbei E4:BB:D3:57:C0:69
05-30 10:22:39.933 I/bt_btif_dm( 1324): packages/modules/Bluetooth/system/btif/src/btif_dm.cc:489 get_cod: get_cod remote_cod = 0x0000050c
05-30 10:22:39.933 I/bt_btif_dm( 1324): packages/modules/Bluetooth/system/btif/src/btif_dm.cc:489 get_cod: get_cod remote_cod = 0x0000050c
05-30 10:22:39.933 I/bt_btif_dm( 1324): packages/modules/Bluetooth/system/btif/src/btif_dm.cc:489 get_cod: get_cod remote_cod = 0x0000050c
05-30 10:22:39.933 I/bt_btif_dm( 1324): packages/modules/Bluetooth/system/btif/src/btif_dm.cc:571 bond_state_changed: Bond state changed to state=1 [0:none, 1:bonding, 2:bonded], prev_state=0, sdp_attempts = 0
05-30 10:22:39.933 I/bluetooth( 1324): packages/modules/Bluetooth/system/stack/btm/btm_dev.cc:174 BTM_SecDeleteDevice: Remove device xx:xx:xx:xx:c0:69 from filter accept list before delete record
05-30 10:22:39.933 I/bluetooth( 1324): packages/modules/Bluetooth/system/stack/btm/btm_dev.cc:192 BTM_SecDeleteDevice: BTM_SecDeleteDevice xx:xx:xx:xx:c0:69 complete
05-30 10:22:39.933 I/bt_btif_dm( 1324): packages/modules/Bluetooth/system/btif/src/btif_dm.cc:489 get_cod: get_cod remote_cod = 0x0000050c
05-30 10:22:39.933 I/bt_btif_dm( 1324): packages/modules/Bluetooth/system/btif/src/btif_dm.cc:489 get_cod: get_cod remote_cod = 0x0000050c
05-30 10:22:39.933 I/bt_btif_dm( 1324): packages/modules/Bluetooth/system/btif/src/btif_dm.cc:571 bond_state_changed: Bond state changed to state=0 [0:none, 1:bonding, 2:bonded], prev_state=1, sdp_attempts = 0
05-30 10:22:39.933 E/BluetoothMetricIdManager( 1324): packages/modules/Bluetooth/system/gd/common/metric_id_manager.cc:190 ForgetDevice: Failed to remove device from paired_device_cache_
05-30 10:22:39.933 I/bt_btif_dm( 1324): packages/modules/Bluetooth/system/btif/src/btif_dm.cc:620 bond_state_changed: clearing btif pairing_cb
05-30 10:22:39.933 E/bt_stack( 1324): [ERROR:bta_gattc_utils.cc(576)] bta_gattc_mark_bg_conn unable to find the bg connection mask for bd_addr=xx:xx:xx:xx:c0:69
05-30 10:22:39.933 W/bluetooth( 1324): packages/modules/Bluetooth/system/main/shim/acl.cc:189 Remove: Unknown device being removed from acceptlist:e4:bb:d3:57:c0:69[PUBLIC_DEVICE_ADDRESS]
05-30 10:22:39.933 W/bluetooth( 1324): packages/modules/Bluetooth/system/gd/hci/acl_manager/le_impl.h:821 remove_device_from_connect_list: Device not in acceptlist and cannot be removed:e4:bb:d3:57:c0:69[PUBLIC_DEVICE_ADDRESS]
05-30 10:22:39.934 I/BluetoothBondStateMachine( 1324): bondStateChangeCallback: Status: 0 Address: XX:XX:XX:XX:C0:69 newState: 1 hciReason: 0
05-30 10:22:39.934 I/BluetoothBondStateMachine( 1324): bondStateChangeCallback: Status: 1 Address: XX:XX:XX:XX:C0:69 newState: 0 hciReason: 1
05-30 10:22:39.936 I/BluetoothBondStateMachine( 1324): Entering PendingCommandState State
05-30 10:22:39.939 D/BluetoothCompanionManager( 1324): register metadata listener: XX:XX:XX:XX:C0:69
05-30 10:22:39.939 D/BluetoothAdapter( 1324): addOnMetadataChangedListener()
05-30 10:22:39.942 I/BluetoothBondStateMachine( 1324): Bond State Change Intent:XX:XX:XX:XX:C0:69 BOND_NONE => BOND_BONDING
05-30 10:22:39.943 D/FastPairService( 745): onReceive: ACTION_BOND_STATE_CHANGED
05-30 10:22:39.946 D/AdapterProperties( 1324): Failed to remove device: XX:XX:XX:XX:C0:69
05-30 10:22:39.946 D/BluetoothRemoteDevices( 1324): removeDualDevicesMapXX:XX:XX:XX:C0:69
05-30 10:22:39.947 I/BLE_Service( 1332): BOND STATE CHANGED [Dangbei] - was 10, now is 11
05-30 10:22:39.947 D/BluetoothRemoteDevices( 1324): mDualDevicesMap not have E4:BB:D3:57:C0:69
05-30 10:22:39.950 D/BluetoothDatabase( 1324): updateDatabase XX:XX:XX:XX:C0:69
05-30 10:22:39.951 D/A2dpService( 1324): Bond state changed for device: XX:XX:XX:XX:C0:69 state: 11
05-30 10:22:39.951 D/HearingAidService( 1324): Bond state changed for device: XX:XX:XX:XX:C0:69 state: 11
05-30 10:22:39.952 D/BluetoothCompanionManager( 1324): remove metadata listener: XX:XX:XX:XX:C0:69
05-30 10:22:39.952 D/BluetoothAdapter( 1324): removeOnMetadataChangedListener()
05-30 10:22:39.956 I/dangbei111( 1911): cccccc on receiver=android.bluetooth.device.action.BOND_STATE_CHANGED,mac=E4:BB:D3:57:C0:69
05-30 10:22:39.956 I/dangbei111( 1911): Wait for auto connection, processBondStateChange: bondState: 10 --> 11
05-30 10:22:39.958 I/BluetoothBondStateMachine( 1324): Bond State Change Intent:XX:XX:XX:XX:C0:69 BOND_BONDING => BOND_NONE
05-30 10:22:39.958 W/HeadsetClientService( 1324): getHeadsetClientService(): service is null
05-30 10:22:39.958 W/PbapClientService( 1324): getPbapClientService(): service is null
05-30 10:22:39.958 V/BluetoothDatabase( 1324): setProfileConnectionPolicy connection policy not changed.
05-30 10:22:39.958 D/A2dpService( 1324): Saved connectionPolicy XX:XX:XX:XX:C0:69 = -1
05-30 10:22:39.958 V/BluetoothDatabase( 1324): setProfileConnectionPolicy connection policy not changed.
05-30 10:22:39.958 I/HeadsetService( 1324): setConnectionPolicy: device=XX:XX:XX:XX:C0:69, connectionPolicy=-1, uid/pid=1002/1324
05-30 10:22:39.958 V/BluetoothDatabase( 1324): setProfileConnectionPolicy connection policy not changed.
05-30 10:22:39.958 I/BluetoothBondStateMachine( 1324): StableState(): Entering Off State
05-30 10:22:39.959 E/dangbei111( 1911): cccccc 开始扫描
05-30 10:22:39.959 D/BluetoothAdapter( 1911): isLeEnabled(): ON
05-30 10:22:39.959 D/FastPairService( 745): onReceive: ACTION_BOND_STATE_CHANGED
05-30 10:22:39.959 D/FastPairService( 745): Forget device detect
05-30 10:22:39.961 I/bt_stack( 1324): [INFO:le_scanning_manager.cc(155)] RegisterScanner in shim layer
05-30 10:22:39.962 D/BluetoothLeScanner( 1911): onScannerRegistered() - status=0 scannerId=1 mScannerId=0
05-30 10:22:39.965 I/BLE_Service( 1332): BOND STATE CHANGED [Dangbei] - was 11, now is 10
05-30 10:22:39.970 D/A2dpService( 1324): Bond state changed for device: XX:XX:XX:XX:C0:69 state: 10
05-30 10:22:39.970 D/HearingAidService( 1324): Bond state changed for device: XX:XX:XX:XX:C0:69 state: 10
05-30 10:22:39.971 D/ActivityAttributionService( 1324): notifyActivityAttributionInfo UID=1002 packageName=com.android.bluetooth deviceAddress=no_active_device_address
05-30 10:22:39.971 I/bt_btif ( 1324): packages/modules/Bluetooth/system/btif/src/bluetooth.cc:829 get_profile_interface: get_profile_interface: id = activity_attribution
05-30 10:22:39.971 I/bt_stack( 1324): [INFO:le_scanning_manager.cc(168)] Scan in shim layer started
05-30 10:22:39.971 I/bluetooth( 1324): packages/modules/Bluetooth/system/gd/hci/le_scanning_manager.cc:588 stop_scan: Scanning already stopped, return!
05-30 10:22:39.972 I/bluetooth( 1324): packages/modules/Bluetooth/system/gd/hci/le_address_manager.cc:178 register_client: Client registered
05-30 10:22:39.973 I/bt_stack( 1324): [INFO:le_scanning_manager.cc(168)] Scan in shim layer stopped
05-30 10:22:39.973 I/bluetooth( 1324): packages/modules/Bluetooth/system/gd/hci/le_address_manager.cc:193 unregister_client: Client unregistered
05-30 10:22:39.973 I/bt_stack( 1324): [INFO:le_scanning_manager.cc(346)] SetScanParameters in shim layer
05-30 10:22:39.973 I/bt_stack( 1324): [INFO:le_scanning_manager.cc(168)] Scan in shim layer started
05-30 10:22:39.973 I/bluetooth( 1324): packages/modules/Bluetooth/system/gd/hci/le_scanning_manager.cc:588 stop_scan: Scanning already stopped, return!
05-30 10:22:39.973 I/bluetooth( 1324): packages/modules/Bluetooth/system/gd/hci/le_address_manager.cc:178 register_client: Client registered
05-30 10:22:39.979 I/dangbei111( 1911): cccccc on receiver=android.bluetooth.device.action.BOND_STATE_CHANGED,mac=E4:BB:D3:57:C0:69
05-30 10:22:39.979 I/dangbei111( 1911): Wait for auto connection, processBondStateChange: bondState: 11 --> 10
05-30 10:22:39.985 E/dangbei111( 1911): cccccc 开始扫描
05-30 10:22:39.985 D/BluetoothAdapter( 1911): isLeEnabled(): ON
05-30 10:22:39.986 D/BluetoothAdapter( 1493): isLeEnabled(): ON
05-30 10:22:39.987 D/BluetoothDatabase( 1324): getCustomMeta: device XX:XX:XX:XX:C0:69 is not in cache
05-30 10:22:39.988 I/bt_stack( 1324): [INFO:le_scanning_manager.cc(155)] RegisterScanner in shim layer
05-30 10:22:39.989 D/BluetoothLeScanner( 1493): onScannerRegistered() - status=0 scannerId=2 mScannerId=0
05-30 10:22:39.991 D/BluetoothDatabase( 1324): getCustomMeta: device XX:XX:XX:XX:C0:69 is not in cache
05-30 10:22:39.992 D/ActivityAttributionService( 1324): notifyActivityAttributionInfo UID=1002 packageName=com.android.bluetooth deviceAddress=no_active_device_address
05-30 10:22:39.992 I/bt_btif ( 1324): packages/modules/Bluetooth/system/btif/src/bluetooth.cc:829 get_profile_interface: get_profile_interface: id = activity_attribution
05-30 10:22:39.992 D/BluetoothDatabase( 1324): getCustomMeta: device XX:XX:XX:XX:C0:69 is not in cache
05-30 10:22:39.995 I/bt_btif_dm( 1324): packages/modules/Bluetooth/system/btif/src/btif_dm.cc:695 btif_update_remote_properties: class of device (cod) is 0x00050c
05-30 10:22:39.997 W/BluetoothEventManager( 1124): showUnbondMessage: Not displaying any message for reason: 9
05-30 10:22:40.000 W/BluetoothEventManager( 1332): showUnbondMessage: Not displaying any message for reason: 9
05-30 10:22:40.001 D/BluetoothDatabase( 1324): getCustomMeta: device XX:XX:XX:XX:C0:69 is not in cache
05-30 10:22:40.004 E/dangbei111( 1911): cccccc scan 得到的设备和状态 Dangbei E4:BB:D3:57:C0:69 10
05-30 10:22:40.006 E/dangbei111( 1911): cccccc 扫描到了设备 Dangbei E4:BB:D3:57:C0:69
05-30 10:22:40.008 D/BluetoothAdapter( 1493): isLeEnabled(): ON
05-30 10:22:40.010 E/dangbei111( 1911): cccccc cancelDiscovery begin
05-30 10:22:40.011 E/dangbei111( 1911): cccccc 停止扫描,开始配对或者连接
05-30 10:22:40.011 D/BluetoothAdapter( 1911): isLeEnabled(): ON
05-30 10:22:40.014 D/ActivityAttributionService( 1324): notifyActivityAttributionInfo UID=1002 packageName=com.android.bluetooth deviceAddress=no_active_device_address
05-30 10:22:40.014 I/bt_btif ( 1324): packages/modules/Bluetooth/system/btif/src/bluetooth.cc:829 get_profile_interface: get_profile_interface: id = activity_attribution
05-30 10:22:40.015 I/bt_stack( 1324): [INFO:le_scanning_manager.cc(162)] Unregister in shim layer, scanner_id:1
05-30 10:22:40.016 E/dangbei111( 1911): bondOrConnect state=10
05-30 10:22:40.016 D/BluetoothAdapter( 1493): isLeEnabled(): ON
05-30 10:22:40.017 E/dangbei111( 1911): cccccc 开始配对 Dangbei E4:BB:D3:57:C0:69
05-30 10:22:40.019 D/ActivityAttributionService( 1324): notifyActivityAttributionInfo UID=1002 packageName=com.android.bluetooth deviceAddress=no_active_device_address
05-30 10:22:40.019 I/bt_btif ( 1324): packages/modules/Bluetooth/system/btif/src/bluetooth.cc:829 get_profile_interface: get_profile_interface: id = activity_attribution
05-30 10:22:40.019 I/bt_stack( 1324): [INFO:le_scanning_manager.cc(168)] Scan in shim layer stopped
05-30 10:22:40.019 I/bluetooth( 1324): packages/modules/Bluetooth/system/gd/hci/le_address_manager.cc:193 unregister_client: Client unregistered
05-30 10:22:40.021 I/bt_stack( 1324): [INFO:le_scanning_manager.cc(162)] Unregister in shim layer, scanner_id:2
05-30 10:22:40.022 I/bt_btif_dm( 1324): packages/modules/Bluetooth/system/btif/src/btif_dm.cc:2470 btif_dm_cancel_discovery: Cancel search
05-30 10:22:40.022 I/bluetooth( 1324): packages/modules/Bluetooth/system/bta/dm/bta_dm_main.cc:96 bta_dm_search_sm_execute: state:BTA_DM_SEARCH_IDLE, event:BTA_DM_API_SEARCH_CANCEL_EVT[0x201]
05-30 10:22:40.023 I/BluetoothBondStateMachine( 1324): Bond address is:XX:XX:XX:XX:C0:69
05-30 10:22:40.024 E/dangbei111( 1911): cccccc 配对结果 true Dangbei E4:BB:D3:57:C0:69
05-30 10:22:40.024 I/bt_btif_dm( 1324): packages/modules/Bluetooth/system/btif/src/btif_dm.cc:489 get_cod: get_cod remote_cod = 0x0000050c
05-30 10:22:40.024 I/bt_btif_dm( 1324): packages/modules/Bluetooth/system/btif/src/btif_dm.cc:489 get_cod: get_cod remote_cod = 0x0000050c
05-30 10:22:40.024 I/bt_btif_dm( 1324): packages/modules/Bluetooth/system/btif/src/btif_dm.cc:489 get_cod: get_cod remote_cod = 0x0000050c
05-30 10:22:40.024 I/bt_btif_dm( 1324): packages/modules/Bluetooth/system/btif/src/btif_dm.cc:571 bond_state_changed: Bond state changed to state=1 [0:none, 1:bonding, 2:bonded], prev_state=0, sdp_attempts = 0
05-30 10:22:40.025 I/bluetooth( 1324): packages/modules/Bluetooth/system/stack/btm/btm_dev.cc:174 BTM_SecDeleteDevice: Remove device xx:xx:xx:xx:c0:69 from filter accept list before delete record
05-30 10:22:40.025 I/BluetoothBondStateMachine( 1324): bondStateChangeCallback: Status: 0 Address: XX:XX:XX:XX:C0:69 newState: 1 hciReason: 0
05-30 10:22:40.025 I/bluetooth( 1324): packages/modules/Bluetooth/system/stack/btm/btm_dev.cc:192 BTM_SecDeleteDevice: BTM_SecDeleteDevice xx:xx:xx:xx:c0:69 complete
05-30 10:22:40.025 I/bt_btif_dm( 1324): packages/modules/Bluetooth/system/btif/src/btif_dm.cc:489 get_cod: get_cod remote_cod = 0x0000050c
05-30 10:22:40.025 I/bt_btif_dm( 1324): packages/modules/Bluetooth/system/btif/src/btif_dm.cc:489 get_cod: get_cod remote_cod = 0x0000050c
05-30 10:22:40.025 I/bt_btif_dm( 1324): packages/modules/Bluetooth/system/btif/src/btif_dm.cc:571 bond_state_changed: Bond state changed to state=0 [0:none, 1:bonding, 2:bonded], prev_state=1, sdp_attempts = 0
05-30 10:22:40.025 E/BluetoothMetricIdManager( 1324): packages/modules/Bluetooth/system/gd/common/metric_id_manager.cc:190 ForgetDevice: Failed to remove device from paired_device_cache_
05-30 10:22:40.025 I/bt_btif_dm( 1324): packages/modules/Bluetooth/system/btif/src/btif_dm.cc:620 bond_state_changed: clearing btif pairing_cb
05-30 10:22:40.025 E/bt_stack( 1324): [ERROR:bta_gattc_utils.cc(576)] bta_gattc_mark_bg_conn unable to find the bg connection mask for bd_addr=xx:xx:xx:xx:c0:69
05-30 10:22:40.025 W/bluetooth( 1324): packages/modules/Bluetooth/system/main/shim/acl.cc:189 Remove: Unknown device being removed from acceptlist:e4:bb:d3:57:c0:69[PUBLIC_DEVICE_ADDRESS]
05-30 10:22:40.025 W/bluetooth( 1324): packages/modules/Bluetooth/system/gd/hci/acl_manager/le_impl.h:821 remove_device_from_connect_list: Device not in acceptlist and cannot be removed:e4:bb:d3:57:c0:69[PUBLIC_DEVICE_ADDRESS]
05-30 10:22:40.025 I/BluetoothBondStateMachine( 1324): bondStateChangeCallback: Status: 1 Address: XX:XX:XX:XX:C0:69 newState: 0 hciReason: 1
05-30 10:22:40.029 I/BluetoothBondStateMachine( 1324): Entering PendingCommandState State
05-30 10:22:40.034 D/BluetoothCompanionManager( 1324): register metadata listener: XX:XX:XX:XX:C0:69
05-30 10:22:40.034 D/BluetoothAdapter( 1324): addOnMetadataChangedListener()
05-30 10:22:40.038 I/BluetoothBondStateMachine( 1324): Bond State Change Intent:XX:XX:XX:XX:C0:69 BOND_NONE => BOND_BONDING
05-30 10:22:40.038 D/FastPairService( 745): onReceive: ACTION_BOND_STATE_CHANGED
05-30 10:22:40.040 D/BluetoothDatabase( 1324): updateDatabase XX:XX:XX:XX:C0:69
05-30 10:22:40.041 D/A2dpService( 1324): Bond state changed for device: XX:XX:XX:XX:C0:69 state: 11
05-30 10:22:40.041 D/AdapterProperties( 1324): Failed to remove device: XX:XX:XX:XX:C0:69
05-30 10:22:40.041 D/BluetoothRemoteDevices( 1324): removeDualDevicesMapXX:XX:XX:XX:C0:69
05-30 10:22:40.043 D/BluetoothRemoteDevices( 1324): mDualDevicesMap not have E4:BB:D3:57:C0:69
05-30 10:22:40.044 D/BluetoothCompanionManager( 1324): remove metadata listener: XX:XX:XX:XX:C0:69
05-30 10:22:40.044 D/BluetoothAdapter( 1324): removeOnMetadataChangedListener()
05-30 10:22:40.045 D/HearingAidService( 1324): Bond state changed for device: XX:XX:XX:XX:C0:69 state: 11
05-30 10:22:40.045 I/dangbei111( 1911): cccccc on receiver=android.bluetooth.device.action.BOND_STATE_CHANGED,mac=E4:BB:D3:57:C0:69
05-30 10:22:40.045 I/dangbei111( 1911): Wait for auto connection, processBondStateChange: bondState: 10 --> 11
05-30 10:22:40.046 I/BLE_Service( 1332): BOND STATE CHANGED [Dangbei] - was 10, now is 11
05-30 10:22:40.050 I/BluetoothBondStateMachine( 1324): Bond State Change Intent:XX:XX:XX:XX:C0:69 BOND_BONDING => BOND_NONE
05-30 10:22:40.050 D/FastPairService( 745): onReceive: ACTION_BOND_STATE_CHANGED
05-30 10:22:40.050 D/FastPairService( 745): Forget device detect
05-30 10:22:40.051 W/HeadsetClientService( 1324): getHeadsetClientService(): service is null
05-30 10:22:40.051 W/PbapClientService( 1324): getPbapClientService(): service is null
05-30 10:22:40.051 V/BluetoothDatabase( 1324): setProfileConnectionPolicy connection policy not changed.
05-30 10:22:40.051 D/A2dpService( 1324): Saved connectionPolicy XX:XX:XX:XX:C0:69 = -1
05-30 10:22:40.051 V/BluetoothDatabase( 1324): setProfileConnectionPolicy connection policy not changed.
05-30 10:22:40.051 I/HeadsetService( 1324): setConnectionPolicy: device=XX:XX:XX:XX:C0:69, connectionPolicy=-1, uid/pid=1002/1324
05-30 10:22:40.051 V/BluetoothDatabase( 1324): setProfileConnectionPolicy connection policy not changed.
05-30 10:22:40.051 I/BluetoothBondStateMachine( 1324): StableState(): Entering Off State
05-30 10:22:40.054 D/A2dpService( 1324): Bond state changed for device: XX:XX:XX:XX:C0:69 state: 10
05-30 10:22:40.055 D/BluetoothDatabase( 1324): getCustomMeta: device XX:XX:XX:XX:C0:69 is not in cache
05-30 10:22:40.056 D/HearingAidService( 1324): Bond state changed for device: XX:XX:XX:XX:C0:69 state: 10
05-30 10:22:40.060 D/BluetoothDatabase( 1324): getCustomMeta: device XX:XX:XX:XX:C0:69 is not in cache
05-30 10:22:40.061 E/dangbei111( 1911): cccccc 开始扫描
05-30 10:22:40.061 D/BluetoothAdapter( 1911): isLeEnabled(): ON
05-30 10:22:40.063 I/bt_stack( 1324): [INFO:le_scanning_manager.cc(155)] RegisterScanner in shim layer
05-30 10:22:40.063 D/BluetoothLeScanner( 1911): onScannerRegistered() - status=0 scannerId=1 mScannerId=0
05-30 10:22:40.064 D/BluetoothDatabase( 1324): getCustomMeta: device XX:XX:XX:XX:C0:69 is not in cache
05-30 10:22:40.067 I/BLE_Service( 1332): BOND STATE CHANGED [Dangbei] - was 11, now is 10
05-30 10:22:40.067 D/ActivityAttributionService( 1324): notifyActivityAttributionInfo UID=1002 packageName=com.android.bluetooth deviceAddress=no_active_device_address
05-30 10:22:40.067 I/bt_btif ( 1324): packages/modules/Bluetooth/system/btif/src/bluetooth.cc:829 get_profile_interface: get_profile_interface: id = activity_attribution
05-30 10:22:40.068 I/bt_stack( 1324): [INFO:le_scanning_manager.cc(168)] Scan in shim layer started
05-30 10:22:40.068 I/bluetooth( 1324): packages/modules/Bluetooth/system/gd/hci/le_scanning_manager.cc:588 stop_scan: Scanning already stopped, return!
05-30 10:22:40.068 I/bt_stack( 1324): [INFO:le_scanning_manager.cc(168)] Scan in shim layer stopped
05-30 10:22:40.068 I/bt_stack( 1324): [INFO:le_scanning_manager.cc(346)] SetScanParameters in shim layer
05-30 10:22:40.068 I/bt_stack( 1324): [INFO:le_scanning_manager.cc(168)] Scan in shim layer started
05-30 10:22:40.068 I/bluetooth( 1324): packages/modules/Bluetooth/system/gd/hci/le_address_manager.cc:178 register_client: Client registered
05-30 10:22:40.068 I/bluetooth( 1324): packages/modules/Bluetooth/system/gd/hci/le_address_manager.cc:193 unregister_client: Client unregistered
05-30 10:22:40.068 I/bluetooth( 1324): packages/modules/Bluetooth/system/gd/hci/le_scanning_manager.cc:588 stop_scan: Scanning already stopped, return!
05-30 10:22:40.068 I/bluetooth( 1324): packages/modules/Bluetooth/system/gd/hci/le_address_manager.cc:178 register_client: Client registered
05-30 10:22:40.069 D/BluetoothDatabase( 1324): getCustomMeta: device XX:XX:XX:XX:C0:69 is not in cache
05-30 10:22:40.071 D/BluetoothAdapter( 1493): isLeEnabled(): ON
05-30 10:22:40.073 I/bt_stack( 1324): [INFO:le_scanning_manager.cc(155)] RegisterScanner in shim layer
05-30 10:22:40.074 I/dangbei111( 1911): cccccc on receiver=android.bluetooth.device.action.BOND_STATE_CHANGED,mac=E4:BB:D3:57:C0:69
05-30 10:22:40.074 I/dangbei111( 1911): Wait for auto connection, processBondStateChange: bondState: 11 --> 10
05-30 10:22:40.074 D/BluetoothLeScanner( 1493): onScannerRegistered() - status=0 scannerId=2 mScannerId=0
05-30 10:22:40.077 D/ActivityAttributionService( 1324): notifyActivityAttributionInfo UID=1002 packageName=com.android.bluetooth deviceAddress=no_active_device_address
05-30 10:22:40.077 I/bt_btif ( 1324): packages/modules/Bluetooth/system/btif/src/bluetooth.cc:829 get_profile_interface: get_profile_interface: id = activity_attribution
05-30 10:22:40.079 E/dangbei111( 1911): cccccc 开始扫描
05-30 10:22:40.079 D/BluetoothAdapter( 1911): isLeEnabled(): ON
05-30 10:22:40.082 D/BluetoothDatabase( 1324): getCustomMeta: device XX:XX:XX:XX:C0:69 is not in cache
05-30 10:22:40.084 W/BluetoothEventManager( 1124): showUnbondMessage: Not displaying any message for reason: 9
05-30 10:22:40.086 D/BluetoothDatabase( 1324): getCustomMeta: device XX:XX:XX:XX:C0:69 is not in cache
05-30 10:22:40.089 D/BluetoothAdapter( 1493): isLeEnabled(): ON
05-30 10:22:40.091 D/BluetoothDatabase( 1324): getCustomMeta: device XX:XX:XX:XX:C0:69 is not in cache
05-30 10:22:40.092 W/BluetoothEventManager( 1332): showUnbondMessage: Not displaying any message for reason: 9
05-30 10:22:40.093 D/BluetoothDatabase( 1324): getCustomMeta: device XX:XX:XX:XX:C0:69 is not in cache
05-30 10:22:40.126 I/bt_btif_dm( 1324): packages/modules/Bluetooth/system/btif/src/btif_dm.cc:695 btif_update_remote_properties: class of device (cod) is 0x00050c
05-30 10:22:40.130 E/dangbei111( 1911): cccccc scan 得到的设备和状态 Dangbei E4:BB:D3:57:C0:69 10
05-30 10:22:40.134 E/dangbei111( 1911): cccccc 扫描到了设备 Dangbei E4:BB:D3:57:C0:69
05-30 10:22:40.135 D/BluetoothAdapter( 1493): isLeEnabled(): ON
05-30 10:22:40.136 E/dangbei111( 1911): cccccc cancelDiscovery begin
05-30 10:22:40.136 D/ActivityAttributionService( 1324): notifyActivityAttributionInfo UID=1002 packageName=com.android.bluetooth deviceAddress=no_active_device_address
05-30 10:22:40.137 I/bt_btif ( 1324): packages/modules/Bluetooth/system/btif/src/bluetooth.cc:829 get_profile_interface: get_profile_interface: id = activity_attribution
05-30 10:22:40.137 E/dangbei111( 1911): cccccc 停止扫描,开始配对或者连接
05-30 10:22:40.137 D/BluetoothAdapter( 1911): isLeEnabled(): ON
05-30 10:22:40.139 D/ActivityAttributionService( 1324): notifyActivityAttributionInfo UID=1002 packageName=com.android.bluetooth deviceAddress=no_active_device_address
05-30 10:22:40.139 I/bt_btif ( 1324): packages/modules/Bluetooth/system/btif/src/bluetooth.cc:829 get_profile_interface: get_profile_interface: id = activity_attribution
05-30 10:22:40.139 I/bt_stack( 1324): [INFO:le_scanning_manager.cc(168)] Scan in shim layer stopped
05-30 10:22:40.139 I/bluetooth( 1324): packages/modules/Bluetooth/system/gd/hci/le_address_manager.cc:193 unregister_client: Client unregistered
05-30 10:22:40.140 I/bt_stack( 1324): [INFO:le_scanning_manager.cc(162)] Unregister in shim layer, scanner_id:2
05-30 10:22:40.142 I/bt_stack( 1324): [INFO:le_scanning_manager.cc(162)] Unregister in shim layer, scanner_id:1
05-30 10:22:40.142 E/dangbei111( 1911): bondOrConnect state=10
05-30 10:22:40.145 E/dangbei111( 1911): cccccc 开始配对 Dangbei E4:BB:D3:57:C0:69
05-30 10:22:40.149 I/bt_btif_dm( 1324): packages/modules/Bluetooth/system/btif/src/btif_dm.cc:2470 btif_dm_cancel_discovery: Cancel search
05-30 10:22:40.149 I/bluetooth( 1324): packages/modules/Bluetooth/system/bta/dm/bta_dm_main.cc:96 bta_dm_search_sm_execute: state:BTA_DM_SEARCH_IDLE, event:BTA_DM_API_SEARCH_CANCEL_EVT[0x201]
05-30 10:22:40.151 I/BluetoothBondStateMachine( 1324): Bond address is:XX:XX:XX:XX:C0:69
05-30 10:22:40.152 E/dangbei111( 1911): cccccc 配对结果 true Dangbei E4:BB:D3:57:C0:69
05-30 10:22:40.153 I/bt_btif_dm( 1324): packages/modules/Bluetooth/system/btif/src/btif_dm.cc:489 get_cod: get_cod remote_cod = 0x0000050c
05-30 10:22:40.153 I/bt_btif_dm( 1324): packages/modules/Bluetooth/system/btif/src/btif_dm.cc:489 get_cod: get_cod remote_cod = 0x0000050c
05-30 10:22:40.153 I/bt_btif_dm( 1324): packages/modules/Bluetooth/system/btif/src/btif_dm.cc:489 get_cod: get_cod remote_cod = 0x0000050c
05-30 10:22:40.153 I/bt_btif_dm( 1324): packages/modules/Bluetooth/system/btif/src/btif_dm.cc:571 bond_state_changed: Bond state changed to state=1 [0:none, 1:bonding, 2:bonded], prev_state=0, sdp_attempts = 0
05-30 10:22:40.153 I/bluetooth( 1324): packages/modules/Bluetooth/system/stack/btm/btm_dev.cc:174 BTM_SecDeleteDevice: Remove device xx:xx:xx:xx:c0:69 from filter accept list before delete record
05-30 10:22:40.153 I/bluetooth( 1324): packages/modules/Bluetooth/system/stack/btm/btm_dev.cc:192 BTM_SecDeleteDevice: BTM_SecDeleteDevice xx:xx:xx:xx:c0:69 complete
05-30 10:22:40.153 I/BluetoothBondStateMachine( 1324): bondStateChangeCallback: Status: 0 Address: XX:XX:XX:XX:C0:69 newState: 1 hciReason: 0
05-30 10:22:40.153 I/bt_btif_dm( 1324): packages/modules/Bluetooth/system/btif/src/btif_dm.cc:489 get_cod: get_cod remote_cod = 0x0000050c
05-30 10:22:40.153 I/bt_btif_dm( 1324): packages/modules/Bluetooth/system/btif/src/btif_dm.cc:489 get_cod: get_cod remote_cod = 0x0000050c
05-30 10:22:40.153 I/bt_btif_dm( 1324): packages/modules/Bluetooth/system/btif/src/btif_dm.cc:571 bond_state_changed: Bond state changed to state=0 [0:none, 1:bonding, 2:bonded], prev_state=1, sdp_attempts = 0
05-30 10:22:40.153 E/BluetoothMetricIdManager( 1324): packages/modules/Bluetooth/system/gd/common/metric_id_manager.cc:190 ForgetDevice: Failed to remove device from paired_device_cache_
05-30 10:22:40.153 I/bt_btif_dm( 1324): packages/modules/Bluetooth/system/btif/src/btif_dm.cc:620 bond_state_changed: clearing btif pairing_cb
05-30 10:22:40.153 E/bt_stack( 1324): [ERROR:bta_gattc_utils.cc(576)] bta_gattc_mark_bg_conn unable to find the bg connection mask for bd_addr=xx:xx:xx:xx:c0:69
05-30 10:22:40.153 W/bluetooth( 1324): packages/modules/Bluetooth/system/main/shim/acl.cc:189 Remove: Unknown device being removed from acceptlist:e4:bb:d3:57:c0:69[PUBLIC_DEVICE_ADDRESS]
05-30 10:22:40.153 W/bluetooth( 1324): packages/modules/Bluetooth/system/gd/hci/acl_manager/le_impl.h:821 remove_device_from_connect_list: Device not in acceptlist and cannot be removed:e4:bb:d3:57:c0:69[PUBLIC_DEVICE_ADDRESS]
05-30 10:22:40.154 I/BluetoothBondStateMachine( 1324): bondStateChangeCallback: Status: 1 Address: XX:XX:XX:XX:C0:69 newState: 0 hciReason: 1
05-30 10:22:40.156 I/BluetoothBondStateMachine( 1324): Entering PendingCommandState State
05-30 10:22:40.160 D/BluetoothCompanionManager( 1324): register metadata listener: XX:XX:XX:XX:C0:69
05-30 10:22:40.160 D/BluetoothAdapter( 1324): addOnMetadataChangedListener()
05-30 10:22:40.164 I/BluetoothBondStateMachine( 1324): Bond State Change Intent:XX:XX:XX:XX:C0:69 BOND_NONE => BOND_BONDING
05-30 10:22:40.167 D/BluetoothDatabase( 1324): updateDatabase XX:XX:XX:XX:C0:69
05-30 10:22:40.167 D/AdapterProperties( 1324): Failed to remove device: XX:XX:XX:XX:C0:69
05-30 10:22:40.167 D/BluetoothRemoteDevices( 1324): removeDualDevicesMapXX:XX:XX:XX:C0:69
05-30 10:22:40.169 D/A2dpService( 1324): Bond state changed for device: XX:XX:XX:XX:C0:69 state: 11
05-30 10:22:40.169 D/HearingAidService( 1324): Bond state changed for device: XX:XX:XX:XX:C0:69 state: 11
05-30 10:22:40.169 D/BluetoothRemoteDevices( 1324): mDualDevicesMap not have E4:BB:D3:57:C0:69
05-30 10:22:40.170 D/FastPairService( 745): onReceive: ACTION_BOND_STATE_CHANGED
05-30 10:22:40.171 D/BluetoothCompanionManager( 1324): remove metadata listener: XX:XX:XX:XX:C0:69
05-30 10:22:40.171 D/BluetoothAdapter( 1324): removeOnMetadataChangedListener()
05-30 10:22:40.175 I/dangbei111( 1911): cccccc on receiver=android.bluetooth.device.action.BOND_STATE_CHANGED,mac=E4:BB:D3:57:C0:69
05-30 10:22:40.175 I/dangbei111( 1911): Wait for auto connection, processBondStateChange: bondState: 10 --> 11
05-30 10:22:40.176 I/BluetoothBondStateMachine( 1324): Bond State Change Intent:XX:XX:XX:XX:C0:69 BOND_BONDING => BOND_NONE
05-30 10:22:40.176 I/BLE_Service( 1332): BOND STATE CHANGED [Dangbei] - was 10, now is 11
05-30 10:22:40.176 W/HeadsetClientService( 1324): getHeadsetClientService(): service is null
05-30 10:22:40.176 W/PbapClientService( 1324): getPbapClientService(): service is null
05-30 10:22:40.176 V/BluetoothDatabase( 1324): setProfileConnectionPolicy connection policy not changed.
05-30 10:22:40.176 D/A2dpService( 1324): Saved connectionPolicy XX:XX:XX:XX:C0:69 = -1
05-30 10:22:40.176 V/BluetoothDatabase( 1324): setProfileConnectionPolicy connection policy not changed.
05-30 10:22:40.176 I/HeadsetService( 1324): setConnectionPolicy: device=XX:XX:XX:XX:C0:69, connectionPolicy=-1, uid/pid=1002/1324
05-30 10:22:40.176 V/BluetoothDatabase( 1324): setProfileConnectionPolicy connection policy not changed.
05-30 10:22:40.176 I/BluetoothBondStateMachine( 1324): StableState(): Entering Off State
05-30 10:22:40.177 D/FastPairService( 745): onReceive: ACTION_BOND_STATE_CHANGED
05-30 10:22:40.177 D/FastPairService( 745): Forget device detect
05-30 10:22:40.181 E/dangbei111( 1911): cccccc 开始扫描
05-30 10:22:40.181 D/BluetoothAdapter( 1911): isLeEnabled(): ON
05-30 10:22:40.185 D/A2dpService( 1324): Bond state changed for device: XX:XX:XX:XX:C0:69 state: 10
05-30 10:22:40.185 D/HearingAidService( 1324): Bond state changed for device: XX:XX:XX:XX:C0:69 state: 10
05-30 10:22:40.186 I/bt_stack( 1324): [INFO:le_scanning_manager.cc(155)] RegisterScanner in shim layer
05-30 10:22:40.186 D/BluetoothLeScanner( 1911): onScannerRegistered() - status=0 scannerId=1 mScannerId=0
05-30 10:22:40.188 D/BluetoothDatabase( 1324): getCustomMeta: device XX:XX:XX:XX:C0:69 is not in cache
05-30 10:22:40.190 D/ActivityAttributionService( 1324): notifyActivityAttributionInfo UID=1002 packageName=com.android.bluetooth deviceAddress=no_active_device_address
05-30 10:22:40.190 I/bt_btif ( 1324): packages/modules/Bluetooth/system/btif/src/bluetooth.cc:829 get_profile_interface: get_profile_interface: id = activity_attribution
05-30 10:22:40.191 I/bt_stack( 1324): [INFO:le_scanning_manager.cc(168)] Scan in shim layer started
05-30 10:22:40.191 I/bluetooth( 1324): packages/modules/Bluetooth/system/gd/hci/le_scanning_manager.cc:588 stop_scan: Scanning already stopped, return!
05-30 10:22:40.191 D/BluetoothDatabase( 1324): getCustomMeta: device XX:XX:XX:XX:C0:69 is not in cache
05-30 10:22:40.191 I/bluetooth( 1324): packages/modules/Bluetooth/system/gd/hci/le_address_manager.cc:178 register_client: Client registered
05-30 10:22:40.191 I/bt_stack( 1324): [INFO:le_scanning_manager.cc(168)] Scan in shim layer stopped
05-30 10:22:40.192 I/bluetooth( 1324): packages/modules/Bluetooth/system/gd/hci/le_address_manager.cc:193 unregister_client: Client unregistered
05-30 10:22:40.192 I/bt_stack( 1324): [INFO:le_scanning_manager.cc(346)] SetScanParameters in shim layer
05-30 10:22:40.192 I/bt_stack( 1324): [INFO:le_scanning_manager.cc(168)] Scan in shim layer started
05-30 10:22:40.192 I/bluetooth( 1324): packages/modules/Bluetooth/system/gd/hci/le_scanning_manager.cc:588 stop_scan: Scanning already stopped, return!
05-30 10:22:40.192 I/bluetooth( 1324): packages/modules/Bluetooth/system/gd/hci/le_address_manager.cc:178 register_client: Client registered
05-30 10:22:40.195 I/BLE_Service( 1332): BOND STATE CHANGED [Dangbei] - was 11, now is 10
05-30 10:22:40.196 I/dangbei111( 1911): cccccc on receiver=android.bluetooth.device.action.BOND_STATE_CHANGED,mac=E4:BB:D3:57:C0:69
05-30 10:22:40.196 I/dangbei111( 1911): Wait for auto connection, processBondStateChange: bondState: 11 --> 10
05-30 10:22:40.200 D/BluetoothAdapter( 1493): isLeEnabled(): ON
05-30 10:22:40.202 I/bt_stack( 1324): [INFO:le_scanning_manager.cc(155)] RegisterScanner in shim layer
05-30 10:22:40.202 E/dangbei111( 1911): cccccc 开始扫描
05-30 10:22:40.202 D/BluetoothAdapter( 1911): isLeEnabled(): ON
05-30 10:22:40.203 D/BluetoothLeScanner( 1493): onScannerRegistered() - status=0 scannerId=2 mScannerId=0
05-30 10:22:40.205 D/ActivityAttributionService( 1324): notifyActivityAttributionInfo UID=1002 packageName=com.android.bluetooth deviceAddress=no_active_device_address
05-30 10:22:40.205 I/bt_btif ( 1324): packages/modules/Bluetooth/system/btif/src/bluetooth.cc:829 get_profile_interface: get_profile_interface: id = activity_attribution
05-30 10:22:40.206 D/BluetoothDatabase( 1324): getCustomMeta: device XX:XX:XX:XX:C0:69 is not in cache
05-30 10:22:40.210 D/BluetoothDatabase( 1324): getCustomMeta: device XX:XX:XX:XX:C0:69 is not in cache
05-30 10:22:40.212 W/BluetoothEventManager( 1124): showUnbondMessage: Not displaying any message for reason: 9
05-30 10:22:40.216 D/BluetoothDatabase( 1324): getCustomMeta: device XX:XX:XX:XX:C0:69 is not in cache
05-30 10:22:40.218 D/BluetoothAdapter( 1493): isLeEnabled(): ON
05-30 10:22:40.219 W/BluetoothEventManager( 1332): showUnbondMessage: Not displaying any message for reason: 9
05-30 10:22:40.220 D/BluetoothDatabase( 1324): getCustomMeta: device XX:XX:XX:XX:C0:69 is not in cache
05-30 10:22:40.517 I/bt_btif_dm( 1324): packages/modules/Bluetooth/system/btif/src/btif_dm.cc:695 btif_update_remote_properties: class of device (cod) is 0x00050c
05-30 10:22:40.521 E/dangbei111( 1911): cccccc scan 得到的设备和状态 Dangbei E4:BB:D3:57:C0:69 10
05-30 10:22:40.522 E/dangbei111( 1911): cccccc 扫描到了设备 Dangbei E4:BB:D3:57:C0:69
05-30 10:22:40.524 E/dangbei111( 1911): cccccc cancelDiscovery begin
05-30 10:22:40.525 E/dangbei111( 1911): cccccc 停止扫描,开始配对或者连接
05-30 10:22:40.526 D/BluetoothAdapter( 1911): isLeEnabled(): ON
05-30 10:22:40.527 D/ActivityAttributionService( 1324): notifyActivityAttributionInfo UID=1002 packageName=com.android.bluetooth deviceAddress=no_active_device_address
05-30 10:22:40.527 I/bt_btif ( 1324): packages/modules/Bluetooth/system/btif/src/bluetooth.cc:829 get_profile_interface: get_profile_interface: id = activity_attribution
05-30 10:22:40.529 I/bt_stack( 1324): [INFO:le_scanning_manager.cc(162)] Unregister in shim layer, scanner_id:1
05-30 10:22:40.529 E/dangbei111( 1911): bondOrConnect state=10
05-30 10:22:40.531 E/dangbei111( 1911): cccccc 开始配对 Dangbei E4:BB:D3:57:C0:69
05-30 10:22:40.532 D/BluetoothAdapter( 1493): isLeEnabled(): ON
05-30 10:22:40.535 I/bt_btif_dm( 1324): packages/modules/Bluetooth/system/btif/src/btif_dm.cc:2470 btif_dm_cancel_discovery: Cancel search
05-30 10:22:40.535 I/bluetooth( 1324): packages/modules/Bluetooth/system/bta/dm/bta_dm_main.cc:96 bta_dm_search_sm_execute: state:BTA_DM_SEARCH_IDLE, event:BTA_DM_API_SEARCH_CANCEL_EVT[0x201]
05-30 10:22:40.536 D/ActivityAttributionService( 1324): notifyActivityAttributionInfo UID=1002 packageName=com.android.bluetooth deviceAddress=no_active_device_address
05-30 10:22:40.536 I/bt_btif ( 1324): packages/modules/Bluetooth/system/btif/src/bluetooth.cc:829 get_profile_interface: get_profile_interface: id = activity_attribution
05-30 10:22:40.537 I/BluetoothBondStateMachine( 1324): Bond address is:XX:XX:XX:XX:C0:69
05-30 10:22:40.538 E/dangbei111( 1911): cccccc 配对结果 true Dangbei E4:BB:D3:57:C0:69
05-30 10:22:40.538 I/bt_stack( 1324): [INFO:le_scanning_manager.cc(168)] Scan in shim layer stopped
05-30 10:22:40.538 I/bluetooth( 1324): packages/modules/Bluetooth/system/gd/hci/le_address_manager.cc:193 unregister_client: Client unregistered
05-30 10:22:40.539 I/bt_stack( 1324): [INFO:le_scanning_manager.cc(162)] Unregister in shim layer, scanner_id:2
05-30 10:22:40.539 I/bt_btif_dm( 1324): packages/modules/Bluetooth/system/btif/src/btif_dm.cc:489 get_cod: get_cod remote_cod = 0x0000050c
05-30 10:22:40.539 I/bt_btif_dm( 1324): packages/modules/Bluetooth/system/btif/src/btif_dm.cc:489 get_cod: get_cod remote_cod = 0x0000050c
05-30 10:22:40.539 I/bt_btif_dm( 1324): packages/modules/Bluetooth/system/btif/src/btif_dm.cc:489 get_cod: get_cod remote_cod = 0x0000050c
05-30 10:22:40.539 I/bt_btif_dm( 1324): packages/modules/Bluetooth/system/btif/src/btif_dm.cc:571 bond_state_changed: Bond state changed to state=1 [0:none, 1:bonding, 2:bonded], prev_state=0, sdp_attempts = 0
05-30 10:22:40.539 I/bluetooth( 1324): packages/modules/Bluetooth/system/stack/btm/btm_dev.cc:174 BTM_SecDeleteDevice: Remove device xx:xx:xx:xx:c0:69 from filter accept list before delete record
05-30 10:22:40.540 I/BluetoothBondStateMachine( 1324): bondStateChangeCallback: Status: 0 Address: XX:XX:XX:XX:C0:69 newState: 1 hciReason: 0
05-30 10:22:40.540 I/bluetooth( 1324): packages/modules/Bluetooth/system/stack/btm/btm_dev.cc:192 BTM_SecDeleteDevice: BTM_SecDeleteDevice xx:xx:xx:xx:c0:69 complete
05-30 10:22:40.540 W/bluetooth( 1324): packages/modules/Bluetooth/system/main/shim/acl.cc:189 Remove: Unknown device being removed from acceptlist:e4:bb:d3:57:c0:69[PUBLIC_DEVICE_ADDRESS]
05-30 10:22:40.540 I/bt_btif_dm( 1324): packages/modules/Bluetooth/system/btif/src/btif_dm.cc:489 get_cod: get_cod remote_cod = 0x0000050c
05-30 10:22:40.540 I/bt_btif_dm( 1324): packages/modules/Bluetooth/system/btif/src/btif_dm.cc:489 get_cod: get_cod remote_cod = 0x0000050c
05-30 10:22:40.540 W/bluetooth( 1324): packages/modules/Bluetooth/system/gd/hci/acl_manager/le_impl.h:821 remove_device_from_connect_list: Device not in acceptlist and cannot be removed:e4:bb:d3:57:c0:69[PUBLIC_DEVICE_ADDRESS]
05-30 10:22:40.540 I/bt_btif_dm( 1324): packages/modules/Bluetooth/system/btif/src/btif_dm.cc:571 bond_state_changed: Bond state changed to state=0 [0:none, 1:bonding, 2:bonded], prev_state=1, sdp_attempts = 0
05-30 10:22:40.540 E/BluetoothMetricIdManager( 1324): packages/modules/Bluetooth/system/gd/common/metric_id_manager.cc:190 ForgetDevice: Failed to remove device from paired_device_cache_
05-30 10:22:40.540 I/bt_btif_dm( 1324): packages/modules/Bluetooth/system/btif/src/btif_dm.cc:620 bond_state_changed: clearing btif pairing_cb
05-30 10:22:40.540 E/bt_stack( 1324): [ERROR:bta_gattc_utils.cc(576)] bta_gattc_mark_bg_conn unable to find the bg connection mask for bd_addr=xx:xx:xx:xx:c0:69
05-30 10:22:40.540 I/BluetoothBondStateMachine( 1324): bondStateChangeCallback: Status: 1 Address: XX:XX:XX:XX:C0:69 newState: 0 hciReason: 1
05-30 10:22:40.544 I/BluetoothBondStateMachine( 1324): Entering PendingCommandState State
05-30 10:22:40.550 D/BluetoothCompanionManager( 1324): register metadata listener: XX:XX:XX:XX:C0:69
05-30 10:22:40.550 D/BluetoothAdapter( 1324): addOnMetadataChangedListener()
