05-30 10:22:41.734 I/bluetooth( 1324): packages/modules/Bluetooth/system/gd/hci/le_scanning_manager.cc:588 stop_scan: Scanning already stopped, return!
05-30 10:22:41.734 I/bt_stack( 1324): [INFO:le_scanning_manager.cc(168)] Scan in shim layer stopped
05-30 10:22:41.734 I/bt_stack( 1324): [INFO:le_scanning_manager.cc(346)] SetScanParameters in shim layer
05-30 10:22:41.735 I/bt_stack( 1324): [INFO:le_scanning_manager.cc(168)] Scan in shim layer started
05-30 10:22:41.735 I/bluetooth( 1324): packages/modules/Bluetooth/system/gd/hci/le_address_manager.cc:178 register_client: Client registered
05-30 10:22:41.735 I/bluetooth( 1324): packages/modules/Bluetooth/system/gd/hci/le_address_manager.cc:193 unregister_client: Client unregistered
05-30 10:22:41.735 I/bluetooth( 1324): packages/modules/Bluetooth/system/gd/hci/le_scanning_manager.cc:588 stop_scan: Scanning already stopped, return!
05-30 10:22:41.735 D/ActivityAttributionService( 1324): notifyActivityAttributionInfo UID=1002 packageName=com.android.bluetooth deviceAddress=no_active_device_address
05-30 10:22:41.735 I/bluetooth( 1324): packages/modules/Bluetooth/system/gd/hci/le_address_manager.cc:178 register_client: Client registered
05-30 10:22:41.735 I/BLE_Service( 1332): BOND STATE CHANGED [Dangbei] - was 11, now is 10
05-30 10:22:41.735 I/bt_btif ( 1324): packages/modules/Bluetooth/system/btif/src/bluetooth.cc:829 get_profile_interface: get_profile_interface: id = activity_attribution
05-30 10:22:41.741 I/dangbei111( 1911): cccccc on receiver=android.bluetooth.device.action.BOND_STATE_CHANGED,mac=E4:BB:D3:57:C0:69
05-30 10:22:41.741 I/dangbei111( 1911): Wait for auto connection, processBondStateChange: bondState: 11 --> 10
05-30 10:22:41.746 D/BluetoothAdapter( 1493): isLeEnabled(): ON
05-30 10:22:41.748 E/dangbei111( 1911): cccccc 开始扫描
05-30 10:22:41.748 D/BluetoothAdapter( 1911): isLeEnabled(): ON
05-30 10:22:41.748 I/bt_stack( 1324): [INFO:le_scanning_manager.cc(155)] RegisterScanner in shim layer
05-30 10:22:41.749 D/BluetoothLeScanner( 1493): onScannerRegistered() - status=0 scannerId=2 mScannerId=0
05-30 10:22:41.750 D/BluetoothDatabase( 1324): getCustomMeta: device XX:XX:XX:XX:C0:69 is not in cache
05-30 10:22:41.751 D/ActivityAttributionService( 1324): notifyActivityAttributionInfo UID=1002 packageName=com.android.bluetooth deviceAddress=no_active_device_address
05-30 10:22:41.751 I/bt_btif ( 1324): packages/modules/Bluetooth/system/btif/src/bluetooth.cc:829 get_profile_interface: get_profile_interface: id = activity_attribution
05-30 10:22:41.753 W/BluetoothEventManager( 1124): showUnbondMessage: Not displaying any message for reason: 9
05-30 10:22:41.754 D/BluetoothDatabase( 1324): getCustomMeta: device XX:XX:XX:XX:C0:69 is not in cache
05-30 10:22:41.763 D/BluetoothDatabase( 1324): getCustomMeta: device XX:XX:XX:XX:C0:69 is not in cache
05-30 10:22:41.765 W/BluetoothEventManager( 1332): showUnbondMessage: Not displaying any message for reason: 9
05-30 10:22:41.766 D/BluetoothDatabase( 1324): getCustomMeta: device XX:XX:XX:XX:C0:69 is not in cache
05-30 10:22:41.767 D/BluetoothAdapter( 1493): isLeEnabled(): ON
05-30 10:22:43.085 D/hq ( 2214): NetWorkStateReceiver:::检查网络,并且持续更新 isConnect=false
05-30 10:22:45.086 D/hq ( 2214): NetWorkStateReceiver:::检查网络,并且持续更新 isConnect=false
05-30 10:22:46.281 I/efs.send_log( 2616): log cann't be send because net status is disconnected
05-30 10:22:47.088 D/hq ( 2214): NetWorkStateReceiver:::检查网络,并且持续更新 isConnect=false
05-30 10:22:49.091 D/hq ( 2214): NetWorkStateReceiver:::检查网络,并且持续更新 isConnect=false
05-30 10:22:51.092 D/hq ( 2214): NetWorkStateReceiver:::检查网络,并且持续更新 isConnect=false
05-30 10:22:51.871 I/audio_hw_hal_alsamgr( 523): alsa format =0x1 delay frames =768 total frames=5940480
05-30 10:22:53.095 D/hq ( 2214): NetWorkStateReceiver:::检查网络,并且持续更新 isConnect=false
05-30 10:22:53.813 I/WifiService( 745): startScan uid=10029
05-30 10:22:53.820 D/InstantWifi( 745): Drop, size: 0
05-30 10:22:55.097 D/hq ( 2214): NetWorkStateReceiver:::检查网络,并且持续更新 isConnect=false
05-30 10:22:55.887 D/XM_HIDREAD( 2291): add@ add@/devices/platform/soc/fe350000.crgdrd/xhci-hcd-meson.1.auto/usb3/3-1
05-30 10:22:55.884 I/xm_hidread( 2291): type=1400 audit(0.0:2166): avc: denied { read } for scontext=u:r:init:s0 tcontext=u:r:init:s0 tclass=netlink_kobject_uevent_socket permissive=1
05-30 10:22:55.892 D/XM_HIDREAD( 2291): add@ add@/devices/platform/soc/fe350000.crgdrd/xhci-hcd-meson.1.auto/usb3/3-1/3-1:1.0
05-30 10:22:55.909 D/XM_HIDREAD( 2291): add@ add@/devices/platform/soc/fe350000.crgdrd/xhci-hcd-meson.1.auto/usb3/3-1/3-1:1.0/0003:2A7A:9597.0001
05-30 10:22:55.922 D/XM_HIDREAD( 2291): add@ add@/devices/platform/soc/fe350000.crgdrd/xhci-hcd-meson.1.auto/usb3/3-1/wakeup/wakeup32
05-30 10:22:55.935 D/XM_HIDREAD( 2291): add@ add@/devices/platform/soc/fe350000.crgdrd/xhci-hcd-meson.1.auto/usb3/3-1/3-1:1.0/0003:2A7A:9597.0001/input/input9
05-30 10:22:56.001 D/XM_HIDREAD( 2291): add@ add@/devices/platform/soc/fe350000.crgdrd/xhci-hcd-meson.1.auto/usb3/3-1/3-1:1.0/0003:2A7A:9597.0001/input/input9/input9::numlock
05-30 10:22:56.000 I/xm_hidread( 2291): type=1400 audit(0.0:2167): avc: denied { read } for scontext=u:r:init:s0 tcontext=u:r:init:s0 tclass=netlink_kobject_uevent_socket permissive=1
05-30 10:22:56.005 D/XM_HIDREAD( 2291): add@ add@/devices/platform/soc/fe350000.crgdrd/xhci-hcd-meson.1.auto/usb3/3-1/3-1:1.0/0003:2A7A:9597.0001/input/input9/input9::capslock
05-30 10:22:56.005 D/XM_HIDREAD( 2291): add@ add@/devices/platform/soc/fe350000.crgdrd/xhci-hcd-meson.1.auto/usb3/3-1/3-1:1.0/0003:2A7A:9597.0001/input/input9/input9::scrolllock
05-30 10:22:56.005 D/XM_HIDREAD( 2291): add@ add@/devices/platform/soc/fe350000.crgdrd/xhci-hcd-meson.1.auto/usb3/3-1/3-1:1.0/0003:2A7A:9597.0001/input/input9/input9::compose
05-30 10:22:56.005 D/XM_HIDREAD( 2291): add@ add@/devices/platform/soc/fe350000.crgdrd/xhci-hcd-meson.1.auto/usb3/3-1/3-1:1.0/0003:2A7A:9597.0001/input/input9/input9::kana
05-30 10:22:56.005 D/XM_HIDREAD( 2291): add@ add@/devices/platform/soc/fe350000.crgdrd/xhci-hcd-meson.1.auto/usb3/3-1/3-1:1.0/0003:2A7A:9597.0001/input/input9/event9
05-30 10:22:56.005 D/XM_HIDREAD( 2291): add@ add@/devices/platform/soc/fe350000.crgdrd/xhci-hcd-meson.1.auto/usb3/3-1/3-1:1.0/0003:2A7A:9597.0001/hidraw/hidraw0
05-30 10:22:56.005 D/XM_HIDREAD( 2291): ready open:/dev/hidraw0
05-30 10:22:56.005 D/XM_HIDREAD( 2291): open:/dev/hidraw0 resultFD:-1
05-30 10:22:56.005 E/XM_HIDREAD( 2291): open hidraw error: No such file or directory, wait to retry...
05-30 10:22:56.041 D/EventHub( 745): No input device configuration file found for device 'CASUE USB KB'.
05-30 10:22:56.036 I/InputReader( 745): type=1400 audit(0.0:2168): avc: denied { read } for name="country" dev="sysfs" ino=60015 scontext=u:r:system_server:s0 tcontext=u:object_r:sysfs:s0 tclass=file permissive=1
05-30 10:22:56.044 I/EventHub( 745): usingClockIoctl=true
05-30 10:22:56.044 I/EventHub( 745): New device: id=10, fd=439, path='/dev/input/event9', name='CASUE USB KB', classes=KEYBOARD | ALPHAKEY | DPAD | EXTERNAL, configuration='', keyLayout='/vendor/usr/keylayout/Generic.kl', keyCharacterMap='/system/usr/keychars/Generic.kcm', builtinKeyboard=false,
05-30 10:22:56.036 I/InputReader( 745): type=1400 audit(0.0:2169): avc: denied { open } for path="/sys/devices/platform/soc/fe350000.crgdrd/xhci-hcd-meson.1.auto/usb3/3-1/3-1:1.0/0003:2A7A:9597.0001/country" dev="sysfs" ino=60015 scontext=u:r:system_server:s0 tcontext=u:object_r:sysfs:s0 tclass=file permissive=1
05-30 10:22:56.045 I/InputReader( 745): Device added: id=10, eventHubId=10, name='CASUE USB KB', descriptor='4a8c62be1b96c80bee060c2530574822e856a3a5',sources=KEYBOARD | DPAD
05-30 10:22:56.050 I/ActivityTaskManager( 745): Config changes=30 {1.0 ?mcc0mnc [zh_CN] ldltr sw720dp w1280dp h720dp 240dpi xlrg long land television -touch qwerty/v/v dpad/v winConfig={ mBounds=Rect(0, 0 - 1920, 1080) mAppBounds=Rect(0, 0 - 1920, 1080) mMaxBounds=Rect(0, 0 - 1920, 1080) mDisplayRotation=ROTATION_0 mWindowingMode=fullscreen mDisplayWindowingMode=fullscreen mActivityType=undefined mAlwaysOnTop=undefined mRotation=ROTATION_0} as.2 s.52 fontWeightAdjustment=0}
05-30 10:22:56.055 I/WindowManager( 745): Override config changes=30 {1.0 ?mcc0mnc [zh_CN] ldltr sw720dp w1280dp h720dp 240dpi xlrg long land television -touch qwerty/v/v dpad/v winConfig={ mBounds=Rect(0, 0 - 1920, 1080) mAppBounds=Rect(0, 0 - 1920, 1080) mMaxBounds=Rect(0, 0 - 1920, 1080) mDisplayRotation=ROTATION_0 mWindowingMode=fullscreen mDisplayWindowingMode=fullscreen mActivityType=undefined mAlwaysOnTop=undefined mRotation=ROTATION_0} as.2 s.52 fontWeightAdjustment=0} for displayId=0
05-30 10:22:56.055 D/AndroidAutoSize( 2616): initScaledDensity = 1.5 on ConfigurationChanged
05-30 10:22:56.057 E/AppAppAppApp( 2214): onConfigurationChanged {1.0 ?mcc0mnc [zh_CN] ldltr sw720dp w1280dp h720dp 240dpi xlrg long land television -touch qwerty/v/v dpad/v winConfig={ mBounds=Rect(0, 0 - 1920, 1080) mAppBounds=Rect(0, 0 - 1920, 1080) mMaxBounds=Rect(0, 0 - 1920, 1080) mDisplayRotation=ROTATION_0 mWindowingMode=fullscreen mDisplayWindowingMode=fullscreen mActivityType=undefined mAlwaysOnTop=undefined mRotation=ROTATION_0} as.2 s.65 fontWeightAdjustment=0}
05-30 10:22:56.061 V/WindowManagerShell( 1124): Transition requested: android.os.BinderProxy@880c001 TransitionRequestInfo { type = 6, triggerTask = null, remoteTransition = null, displayChange = null, flags = 0 }
05-30 10:22:56.080 I/SogouIME( 3087): onFinishInputView:
05-30 10:22:56.087 W/ActivityManager( 745): Receiver with filter android.content.IntentFilter@1ddd40a already registered for pid 3087, callerPackage is com.sohu.inputmethod.sogou.tv
05-30 10:22:56.088 I/DefaultIMS( 3087): onInitializeInterface:
05-30 10:22:56.089 I/DefaultIMS( 3087): onStartInput attribute=android.view.inputmethod.EditorInfo@8798daa restarting=true inputType: 0
05-30 10:22:56.101 D/WindowManagerShell( 1124): TvPipController: onConfigurationChanged(), state=NO_PIP
05-30 10:22:56.103 V/ShellDragAndDrop( 1124): Display changed: 0
05-30 10:22:56.106 E/XM_HIDREAD( 2291): trying to reopen hidraw: /dev/hidraw0
05-30 10:22:56.106 D/XM_HIDREAD( 2291): ready open:/dev/hidraw0
05-30 10:22:56.106 D/XM_HIDREAD( 2291): open:/dev/hidraw0 resultFD:-1
05-30 10:22:56.106 E/XM_HIDREAD( 2291): open hidraw error: No such file or directory, wait to retry...
05-30 10:22:56.109 D/HDMI ( 745): receive android.intent.action.CONFIGURATION_CHANGED
05-30 10:22:56.113 I/BpBinder( 264): onLastStrongRef automatically unlinking death recipients:
05-30 10:22:56.114 D/UsbHostManager( 745): USB device attached: vidpid 2a7a:9597 mfg/product/ver/serial null/CASUE USB KB/0.01/null hasAudio/HID/Storage: false/true/false
05-30 10:22:56.122 D/UsbDeviceDescriptor( 745): 1 configs
05-30 10:22:56.124 D/UsbHostManager( 745): Added device UsbDevice[mName=/dev/bus/usb/003/002,mVendorId=10874,mProductId=38295,mClass=0,mSubclass=0,mProtocol=0,mManufacturerName=null,mProductName=CASUE USB KB,mVersion=0.01,mSerialNumberReader=com.android.server.usb.UsbSerialReader@b72ed57, mHasAudioPlayback=false, mHasAudioCapture=false, mHasMidi=false, mHasVideoCapture=false, mHasVideoPlayback=false, mConfigurations=[
05-30 10:22:56.124 D/UsbHostManager( 745): UsbConfiguration[mId=1,mName=null,mAttributes=160,mMaxPower=50,mInterfaces=[
05-30 10:22:56.124 D/UsbHostManager( 745): UsbInterface[mId=0,mAlternateSetting=0,mName=null,mClass=3,mSubclass=1,mProtocol=1,mEndpoints=[
05-30 10:22:56.124 D/UsbHostManager( 745): UsbEndpoint[mAddress=129,mAttributes=3,mMaxPacketSize=8,mInterval=10]]
05-30 10:22:56.124 D/UsbHostManager( 745): UsbInterface[mId=1,mAlternateSetting=0,mName=null,mClass=3,mSubclass=0,mProtocol=0,mEndpoints=[
05-30 10:22:56.124 D/UsbHostManager( 745): UsbEndpoint[mAddress=130,mAttributes=3,mMaxPacketSize=4,mInterval=10]]]]
05-30 10:22:56.127 D/ActivityManager( 745): sync unfroze 2058 android.process.media for 3
05-30 10:22:56.130 D/OomAdjuster( 745): Not killing cached processes
05-30 10:22:56.134 E/UsbEventBroadcastReceiver( 2616): onReceive: android.hardware.usb.action.USB_DEVICE_ATTACHED
05-30 10:22:56.135 I/UsbCameraReceiver( 1332): action: android.hardware.usb.action.USB_DEVICE_ATTACHED
05-30 10:22:56.136 E/z ( 2616): isUsbCastSupport getModel:DBBOX-A3
05-30 10:22:56.136 E/UsbEventBroadcastReceiver( 2616): return USB_CAST_SWITCH false
05-30 10:22:56.143 E/UsbAlsaManager( 745): usbDeviceAdded(): cannot find sound card for /dev/bus/usb/003/002
05-30 10:22:56.152 W/WindowOnBackDispatcher( 1493): sendCancelIfRunning: isInProgress=falsecallback=android.view.ViewRootImpl$$ExternalSyntheticLambda17@50dced1
05-30 10:22:56.152 D/CoreBackPreview( 745): Window{39f3377 u0 com.dangbei.hqguide/com.dangbei.hqguide.main.MainActivity}: Setting back callback null
05-30 10:22:56.176 W/InputManager-JNI( 745): Input channel object '39f3377 com.dangbei.hqguide/com.dangbei.hqguide.main.MainActivity (client)' was disposed without first being removed with the input manager!
05-30 10:22:56.197 V/WindowManager( 745): Unknown focus tokens, dropping reportFocusChanged
05-30 10:22:56.206 E/XM_HIDREAD( 2291): trying to reopen hidraw: /dev/hidraw0
05-30 10:22:56.206 D/XM_HIDREAD( 2291): ready open:/dev/hidraw0
05-30 10:22:56.204 I/xm_hidread( 2291): type=1400 audit(0.0:2170): avc: denied { read write } for name="hidraw0" dev="tmpfs" ino=885 scontext=u:r:init:s0 tcontext=u:object_r:hidraw_audio_device:s0 tclass=chr_file permissive=1
05-30 10:22:56.211 D/XM_HIDREAD( 2291): open:/dev/hidraw0 resultFD:8
05-30 10:22:56.211 D/XM_HIDREAD( 2291): 1 ready ioctl hidrawFD 8
05-30 10:22:56.211 D/XM_HIDREAD( 2291): 2 ready ioctl hidrawFD 8
05-30 10:22:56.211 D/XM_HIDREAD( 2291): 3 ready ioctl hidrawFD 8
05-30 10:22:56.211 D/XM_HIDREAD( 2291): 4 ready ioctl hidrawFD 8
05-30 10:22:56.211 D/XM_HIDREAD( 2291): ioctl hidrawFD HIDIOCGRDESC ret 0
05-30 10:22:56.211 D/XM_HIDREAD( 2291): dinfo.vendor:10874,dinfo.product:38295
05-30 10:22:56.211 E/XM_HIDREAD( 2291): : /dev/hidraw0
05-30 10:22:56.211 D/XM_HIDREAD( 2291): add@ add@/devices/platform/soc/fe350000.crgdrd/xhci-hcd-meson.1.auto/usb3/3-1/3-1:1.1
05-30 10:22:56.211 D/XM_HIDREAD( 2291): add@ add@/devices/platform/soc/fe350000.crgdrd/xhci-hcd-meson.1.auto/usb3/3-1/3-1:1.1/0003:2A7A:9597.0002
05-30 10:22:56.211 D/XM_HIDREAD( 2291): add@ add@/devices/platform/soc/fe350000.crgdrd/xhci-hcd-meson.1.auto/usb3/3-1/3-1:1.1/0003:2A7A:9597.0002/input/input10
05-30 10:22:56.211 D/XM_HIDREAD( 2291): add@ add@/devices/platform/soc/fe350000.crgdrd/xhci-hcd-meson.1.auto/usb3/3-1/3-1:1.1/0003:2A7A:9597.0002/input/input10/event10
05-30 10:22:56.211 D/XM_HIDREAD( 2291): add@ add@/devices/platform/soc/fe350000.crgdrd/xhci-hcd-meson.1.auto/usb3/3-1/3-1:1.1/0003:2A7A:9597.0002/input/input11
05-30 10:22:56.211 D/XM_HIDREAD( 2291): add@ add@/devices/virtual/wakeup/wakeup33
05-30 10:22:56.211 D/XM_HIDREAD( 2291): add@ add@/devices/platform/soc/fe350000.crgdrd/xhci-hcd-meson.1.auto/usb3/3-1/3-1:1.1/0003:2A7A:9597.0002/input/input11/event11
05-30 10:22:56.211 D/XM_HIDREAD( 2291): add@ add@/devices/platform/soc/fe350000.crgdrd/xhci-hcd-meson.1.auto/usb3/3-1/3-1:1.1/0003:2A7A:9597.0002/hidraw/hidraw1
05-30 10:22:56.211 D/XM_HIDREAD( 2291): ready open:/dev/hidraw1
05-30 10:22:56.211 D/XM_HIDREAD( 2291): open:/dev/hidraw1 resultFD:-1
05-30 10:22:56.211 E/XM_HIDREAD( 2291): open hidraw error: No such file or directory, wait to retry...
05-30 10:22:56.285 W/NotificationHistory( 745): Attempted to add notif for locked/gone/disabled user 0
05-30 10:22:56.311 E/XM_HIDREAD( 2291): trying to reopen hidraw: /dev/hidraw1
05-30 10:22:56.311 D/XM_HIDREAD( 2291): ready open:/dev/hidraw1
05-30 10:22:56.311 D/XM_HIDREAD( 2291): open:/dev/hidraw1 resultFD:-1
05-30 10:22:56.311 E/XM_HIDREAD( 2291): open hidraw error: No such file or directory, wait to retry...
05-30 10:22:56.332 I/efs.send_log( 2616): log cann't be send because net status is disconnected
05-30 10:22:56.337 V/MediaPlayer( 1493): resetDrmState: mDrmInfo=null mDrmProvisioningThread=null mPrepareDrmInProgress=false mActiveDrmScheme=false
05-30 10:22:56.337 V/MediaPlayer( 1493): cleanDrmObj: mDrmObj=null mDrmSessionId=null
05-30 10:22:56.351 D/WifiNl80211Manager( 745): Scan result ready event
05-30 10:22:56.352 D/WifiNative( 745): Scan result ready event
05-30 10:22:56.362 D/EventHub( 745): No input device configuration file found for device 'CASUE USB KB Consumer Control'.
05-30 10:22:56.365 W/EventHub( 745): Unable to disable kernel key repeat for /dev/input/event10: Function not implemented
05-30 10:22:56.365 I/EventHub( 745): usingClockIoctl=true
05-30 10:22:56.365 I/EventHub( 745): New device: id=11, fd=404, path='/dev/input/event10', name='CASUE USB KB Consumer Control', classes=KEYBOARD | EXTERNAL, configuration='', keyLayout='/vendor/usr/keylayout/Generic.kl', keyCharacterMap='/system/usr/keychars/Generic.kcm', builtinKeyboard=false,
05-30 10:22:56.366 I/InputReader( 745): Device added: id=11, eventHubId=11, name='CASUE USB KB Consumer Control', descriptor='610096e63ec47ece2938b39895572fce9a9ec801',sources=KEYBOARD
05-30 10:22:56.369 D/EventHub( 745): No input device configuration file found for device 'CASUE USB KB System Control'.
05-30 10:22:56.373 W/EventHub( 745): Unable to disable kernel key repeat for /dev/input/event11: Function not implemented
05-30 10:22:56.373 I/EventHub( 745): usingClockIoctl=true
05-30 10:22:56.373 I/EventHub( 745): New device: id=12, fd=430, path='/dev/input/event11', name='CASUE USB KB System Control', classes=KEYBOARD | EXTERNAL, configuration='', keyLayout='/vendor/usr/keylayout/Generic.kl', keyCharacterMap='/system/usr/keychars/Generic.kcm', builtinKeyboard=false,
05-30 10:22:56.373 I/InputReader( 745): Device added: id=11, eventHubId=12, name='CASUE USB KB System Control', descriptor='1b53842f622c037f422cb7bcfc88aa5e7fa581ea',sources=KEYBOARD
05-30 10:22:56.386 V/AmlogicNuPlayerFactoryInit( 659): create AmNuPlayer
05-30 10:22:56.386 I/AmlPlayerTimer( 659): AmlPlayerTimer
05-30 10:22:56.387 I/MessageMonitor( 659): NU-AmNuPlayer MessageMonitor mDebugLevel 0, poll message us 30000000
05-30 10:22:56.387 I/NU-AmNuPlayer( 659): [#2] mPlayerInstanceId = 2
05-30 10:22:56.387 E/hq ( 2214): NetWorkStateReceiver:::NetWorkStateReceiver onReceive: 网络变化广播 >>>> intent.action=android.net.wifi.SCAN_RESULTS
05-30 10:22:56.387 D/AmlPlayerTimer( 659): func:_timer_create create timer.1 success.
05-30 10:22:56.387 D/NU-AmNuPlayerDriver( 659): [#2] AmNuPlayerDriver(0xf1b00550) created, clientPid(1493), mPlayerInstanceId(2)
05-30 10:22:56.387 I/NU-AmNuPlayerDriver( 659): [#2]
05-30 10:22:56.387 I/NU-AmNuPlayerDriver( 659): --------------------------------
05-30 10:22:56.387 I/NU-AmNuPlayerDriver( 659): ARCH = arm
05-30 10:22:56.387 I/NU-AmNuPlayerDriver( 659): branch name: from
05-30 10:22:56.387 I/NU-AmNuPlayerDriver( 659): git version: 6e56b7326ee6d173be366a46d99e68ce5c8268f0
05-30 10:22:56.387 I/NU-AmNuPlayerDriver( 659): change id: Change-Id: I91714fae1b836472af4f4042cd497867bdf0004d
05-30 10:22:56.387 I/NU-AmNuPlayerDriver( 659): ID : PD#SWPL-193937
05-30 10:22:56.387 I/NU-AmNuPlayerDriver( 659): last changed: Date: Fri Nov 22 10:58:40 2024 +0000
05-30 10:22:56.387 I/NU-AmNuPlayerDriver( 659): build-time: Fri Dec 6 12:54:08 CST 2024
05-30 10:22:56.387 I/NU-AmNuPlayerDriver( 659): build-name: drm.autobuild
05-30 10:22:56.387 I/NU-AmNuPlayerDriver( 659): uncommitted-file-num:1
05-30 10:22:56.387 I/NU-AmNuPlayerDriver( 659): BaseCommitMsg: commit 6e56b7326ee6d173be366a46d99e68ce5c8268f0 PD#SWPL-193937 Change-Id: I91714fae1b836472af4f4042cd497867bdf0004d
05-30 10:22:56.387 I/NU-AmNuPlayerDriver( 659): PathesOnBase:
05-30 10:22:56.387 I/NU-AmNuPlayerDriver( 659):
05-30 10:22:56.387 I/NU-AmNuPlayerDriver( 659): MM-module-name:AmNuPlayer,Version:4.1.26-g6e56b73(build:6483)
05-30 10:22:56.387 I/NU-AmNuPlayerDriver( 659):
05-30 10:22:56.387 I/NU-AmNuPlayerDriver( 659): --------------------------------
05-30 10:22:56.387 I/NU-AmNuPlayerDriver( 659): [#2] Supported functions :
05-30 10:22:56.387 I/NU-AmNuPlayerDriver( 659): {"MM-module-name":"AmNuPlayer"{"Features":["Switchaudio/subtitletracks","HTTPlivestreamingformpegtsandmp3formats","Localplaybackforvariousformats","UDPunicastandmulticastformpegtsformat","RTP/RTSPplaybackformpegtsformat","HLSlive/vodformpegtsformat","Androidaudiooffloadmode","SupportBuilt-insubtitles","AVS3videosupportforprotocolHTTPandLocal","AC4audiosupportforprotocolHTTP,Local,HLSandUDP","DVBTelextsupport","AudioVIVIDsuportforLocal/HTTP/UDP/HLS","AVS3videosupportforprotocolHLSandUDP","ISOplaybackforlocal","libcurldownloadforprotocolHLS","dnscacheforprotocolHLS","ipv6andipv4firstplaybackforprotocolHLS","IPTVMulticasttoUnicastforprotocolRTPandUDP","IPTVcmccsoftprobeforprotocolUDPRTPHTTPHLS","SupportHLSV6bandwidthswitch","AVS2videosupportforprotocolUDP","DTSUHDP2offloadsupport"],"SupportedFormats":[{"Protocol":"UDP","FileFormats":["MPEGTS"],},{"Protocol":"HLS","FileFormats":["MPEGTS","MP4"],},{"Protocol":"HTTPLIVE","FileFormats":["MPEGTS","MP3"],},{"Protocol":"LOCAL/HTTPVOD","Fil
05-30 10:22:56.388 I/hwservicemanager( 234): getTransport: Cannot find entry android.hardware.media.omx@1.0::IOmx/default in either framework or device VINTF manifest.
05-30 10:22:56.388 D/MediaPlayerService( 659): OMX service is not available
05-30 10:22:56.391 D/PasspointManager( 745): ANQP entry not found for: 10:7c:61:1a:4b:94:<5G>
05-30 10:22:56.392 I/NU-AmNuPlayer( 659): [#2] setDataSourceAsync fd 8/18777128/13251
05-30 10:22:56.392 I/WifiHAL ( 570): call wifi_get_link_stats handler
05-30 10:22:56.392 I/WifiHAL ( 570): Creating message to get link statistics; iface = 16
05-30 10:22:56.393 D/WifiHAL ( 570): error code -95 mapped to -3
05-30 10:22:56.393 E/WifiStaIfaceAidlImpl( 745): getLinkLayerStats failed with service-specific exception: android.os.ServiceSpecificException: (code 4)
05-30 10:22:56.400 D/NU-AmNuPlayer( 659): part of md5:8a7ce561b0784f89da5d586d1190417e
05-30 10:22:56.400 I/NU-AmNuPlayer( 659): [#2] file size too small, check M3U8
05-30 10:22:56.400 I/MessageMonitor( 659): NU-GenericSource MessageMonitor mDebugLevel 0, poll message us 30000000
05-30 10:22:56.400 I/NU-GenericSource( 659): mPlayerInstanceId = 2
05-30 10:22:56.400 I/NU-GenericSource( 659): [resetDataSource 684]
05-30 10:22:56.401 I/NU-GenericSource( 659): [resetDataSource 684]
05-30 10:22:56.401 I/NU-AmNuPlayer( 659): [#2] kWhatSetAudioSink
05-30 10:22:56.403 W/eventbuscore( 2214): post Event:com.dangbei.leard.base.entity.event.NetWifiRssiEvent
05-30 10:22:56.404 I/audio_hw_hal_primary( 523): [adev_set_parameters:4123] dev:0xe6042930, kv: is_ms12_continuous=0
05-30 10:22:56.404 D/audio_hw_hal_hfp( 523): [audio_extn_hfp_set_parameters:739] audio_extn_hfp_set_parameters
05-30 10:22:56.404 I/audio_hw_hal_primary( 523): adev_set_parameters is_ms12_continuous set to 0
05-30 10:22:56.406 I/NU-GenericSource( 659): patch:
05-30 10:22:56.410 D/NU-GenericSource( 659): FileSource remote
05-30 10:22:56.411 I/NU-GenericSource( 659): >>>[initFromDataSource 1424]
05-30 10:22:56.412 E/XM_HIDREAD( 2291): trying to reopen hidraw: /dev/hidraw1
05-30 10:22:56.412 D/XM_HIDREAD( 2291): ready open:/dev/hidraw1
05-30 10:22:56.412 D/XM_HIDREAD( 2291): open:/dev/hidraw1 resultFD:9
05-30 10:22:56.412 D/XM_HIDREAD( 2291): 1 ready ioctl hidrawFD 9
05-30 10:22:56.412 D/XM_HIDREAD( 2291): 2 ready ioctl hidrawFD 9
05-30 10:22:56.412 D/XM_HIDREAD( 2291): 3 ready ioctl hidrawFD 9
05-30 10:22:56.412 D/XM_HIDREAD( 2291): 4 ready ioctl hidrawFD 9
05-30 10:22:56.412 D/XM_HIDREAD( 2291): ioctl hidrawFD HIDIOCGRDESC ret 0
05-30 10:22:56.412 D/XM_HIDREAD( 2291): dinfo.vendor:10874,dinfo.product:38295
05-30 10:22:56.412 E/XM_HIDREAD( 2291): : /dev/hidraw1
05-30 10:22:56.412 D/XM_HIDREAD( 2291): add@ add@/devices/virtual/wakeup/wakeup34
05-30 10:22:56.412 D/XM_HIDREAD( 2291): add@ add@/devices/virtual/wakeup/wakeup35
05-30 10:22:56.413 I/AmFFmpegByteIOAdapter( 655): File size : 13251
05-30 10:22:56.414 I/AmFFmpegExtractor( 655): checkInList: iswhite:0, mime:audio/mpeg, type:1, id:86017 tag:0
05-30 10:22:56.414 I/AmFFmpegExtractor( 655): checkInList: iswhite:1, mime:audio/mpeg, type:1, id:86017 tag:0
05-30 10:22:56.414 E/AmFFmpegExtractor( 655): codec_ctx->properties: 0
05-30 10:22:56.414 I/AmFFmpegExtractor( 655): checkSupportInList ret 1
05-30 10:22:56.414 I/AmFFmpegExtractor( 655): checkInList: iswhite:0, mime:audio/mpeg, type:1, id:86017 tag:0
05-30 10:22:56.414 I/AmFFmpegExtractor( 655): checkInList: iswhite:1, mime:audio/mpeg, type:1, id:86017 tag:0
05-30 10:22:56.414 E/AmFFmpegExtractor( 655): codec_ctx->properties: 0
05-30 10:22:56.414 I/AmFFmpegExtractor( 655): checkSupportInList ret 0
05-30 10:22:56.414 E/AmFFmpegExtractor( 655): vendor do not support
05-30 10:22:56.415 I/NU-GenericSource( 659): >>>MediaExtractor::Create [initFromDataSource 1471] and extractor name:MP3Extractor
05-30 10:22:56.415 D/NU-GenericSource( 659): [#2] [KPI] startup, find stream info time spent: 4314
05-30 10:22:56.416 I/NU-GenericSource( 659): initFromDataSource, mExtractor->countTracks() = 1
05-30 10:22:56.416 I/NU-GenericSource( 659): ffmpegHasAudio : 0, ffmpegHasVideo : 0
05-30 10:22:56.417 I/NU-GenericSource( 659): initFromDataSource track[0]: audio/mpeg
05-30 10:22:56.417 I/AmAnotherPacketSource( 659): (audio/mpeg)IsUdp:0 mLimitiSize:2097152, mTotalCount:1000 kLocalPlaybackMaxBufferCount 500
05-30 10:22:56.417 I/NU-AmNuPlayerDriver( 659): media.player.atrace.enable is 1
05-30 10:22:56.417 I/AmAnotherPacketSource( 659): ----->(0xecac2650)start mIsVideo:0 mIsAudio:1
05-30 10:22:56.417 I/NU-GenericSource( 659): initFromDataSource mVideoTrack.mSource:0x0, unsupportvideo:0, ffmpegHasVideo:0
05-30 10:22:56.417 I/NU-GenericSource( 659): initFromDataSource mAudioTrack.mSource:0xf1c4b820, ffmpegHasAudio:1
05-30 10:22:56.419 I/NU-GenericSource( 659): notifyPrepared 2554
05-30 10:22:56.419 I/NU-AmNuPlayer( 659): [#2] notifyPrepareCompleted
05-30 10:22:56.419 D/NU-AmNuPlayerDriver( 659): [#2] notifyListener_l(0xf1b00550), (1, 0, 0, -1), loop setting(0, 0)
05-30 10:22:56.420 I/NU-AmNuPlayerDriver( 659): [#2] [getCurrentPosition] position : 0 msec
05-30 10:22:56.424 I/NU-AmNuPlayer( 659): [#2] updateMediaInfo
05-30 10:22:56.424 I/NU-AmNuPlayer( 659): [#2] [updateMediaInfo:1241]get i=0 , mime: audio/mpeg
05-30 10:22:56.434 E/CellBroadcastUtils( 745): getDefaultCellBroadcastReceiverPackageName: no package found
05-30 10:22:56.443 I/ActivityTaskManager( 745): START u0 {act=android.content.pm.action.REQUEST_PERMISSIONS pkg=com.android.permissioncontroller cmp=com.android.permissioncontroller/.permission.ui.GrantPermissionsActivity (has extras)} with LAUNCH_MULTIPLE from uid 10029 (BAL_ALLOW_ALLOWLISTED_COMPONENT) result code=0
05-30 10:22:56.577 D/BluetoothAdapter( 1493): isLeEnabled(): ON
05-30 10:22:56.580 I/bt_stack( 1324): [INFO:le_scanning_manager.cc(155)] RegisterScanner in shim layer
05-30 10:22:56.581 D/BluetoothLeScanner( 1493): onScannerRegistered() - status=0 scannerId=3 mScannerId=0
05-30 10:22:56.585 D/ActivityAttributionService( 1324): notifyActivityAttributionInfo UID=1002 packageName=com.android.bluetooth deviceAddress=no_active_device_address
05-30 10:22:56.585 I/bt_btif ( 1324): packages/modules/Bluetooth/system/btif/src/bluetooth.cc:829 get_profile_interface: get_profile_interface: id = activity_attribution
05-30 10:22:56.939 W/ActivityTaskManager( 745): Activity top resumed state loss timeout for ActivityRecord{7e152b0 u0 com.dangbei.hqguide/.main.MainActivity t3}
05-30 10:22:56.940 W/ActivityTaskManager( 745): Activity pause timeout for ActivityRecord{7e152b0 u0 com.dangbei.hqguide/.main.MainActivity t3}
05-30 10:22:56.941 V/WindowManager( 745): app ------------- force_land :0
05-30 10:22:56.943 W/IPCThreadState( 745): Sending oneway calls to frozen process.
05-30 10:22:56.943 D/ActivityManager( 745): quick sync unfreeze 1140 for 1
05-30 10:22:56.948 D/ActivityManager( 745): sync unfroze 1140 com.android.permissioncontroller for 1
05-30 10:22:57.019 W/WindowManager( 745): [addWindow] title:com.android.permissioncontroller/com.android.permissioncontroller.permission.ui.GrantPermissionsActivity
05-30 10:22:57.032 W/WindowManager( 745): [addWindow] title:com.dangbei.hqguide/com.dangbei.hqguide.main.MainActivity
05-30 10:22:57.041 I/Choreographer( 1493): Skipped 54 frames! The application may be doing too much work on its main thread.
05-30 10:22:57.046 D/WindowManagerShell( 1124): TvPipController: onTaskStackChanged()
05-30 10:22:57.058 D/CoreBackPreview( 745): Window{d2b0a4 u0 com.dangbei.hqguide/com.dangbei.hqguide.main.MainActivity}: Setting back callback OnBackInvokedCallbackInfo{mCallback=android.window.IOnBackInvokedCallback$Stub$Proxy@5c77bd3, mPriority=0, mIsAnimationCallback=false}
05-30 10:22:57.064 I/net_disconnect.( 3734): type=1400 audit(0.0:2176): avc: denied { execute_no_trans } for path="/vendor/bin/rgb_led_ctl" dev="dm-11" ino=334364 scontext=u:r:init:s0 tcontext=u:object_r:vendor_file:s0 tclass=file permissive=1
05-30 10:22:57.078 D/CoreBackPreview( 745): Window{27e35d1 u0 com.android.permissioncontroller/com.android.permissioncontroller.permission.ui.GrantPermissionsActivity}: Setting back callback OnBackInvokedCallbackInfo{mCallback=android.window.IOnBackInvokedCallback$Stub$Proxy@4b0ce09, mPriority=0, mIsAnimationCallback=false}
05-30 10:22:57.090 E/OpenGLRenderer( 1493): Unable to match the desired swap behavior.
05-30 10:22:57.098 D/hq ( 2214): NetWorkStateReceiver:::检查网络,并且持续更新 isConnect=false
05-30 10:22:57.100 I/Thread-3( 1493): type=1400 audit(0.0:2177): avc: denied { search } for name="net" dev="sysfs" ino=12345 scontext=u:r:platform_app:s0:c512,c768 tcontext=u:object_r:sysfs_net:s0 tclass=dir permissive=1 app=com.dangbei.hqguide
05-30 10:22:57.100 I/Thread-3( 1493): type=1400 audit(0.0:2178): avc: denied { read } for name="address" dev="sysfs" ino=22127 scontext=u:r:platform_app:s0:c512,c768 tcontext=u:object_r:sysfs_net:s0 tclass=file permissive=1 app=com.dangbei.hqguide
05-30 10:22:57.118 E/OpenGLRenderer( 1140): Unable to match the desired swap behavior.
05-30 10:22:57.100 I/Thread-3( 1493): type=1400 audit(0.0:2179): avc: denied { open } for path="/sys/devices/virtual/net/dummy0/address" dev="sysfs" ino=22127 scontext=u:r:platform_app:s0:c512,c768 tcontext=u:object_r:sysfs_net:s0 tclass=file permissive=1 app=com.dangbei.hqguide
05-30 10:22:57.108 I/Thread-3( 1493): type=1400 audit(0.0:2180): avc: denied { getattr } for path="/sys/devices/virtual/net/dummy0/address" dev="sysfs" ino=22127 scontext=u:r:platform_app:s0:c512,c768 tcontext=u:object_r:sysfs_net:s0 tclass=file permissive=1 app=com.dangbei.hqguide
05-30 10:22:57.133 I/OpenGLRenderer( 1493): Davey! duration=1001ms; Flags=1, FrameTimelineVsyncId=46426, IntendedVsync=145246184334, Vsync=146147066334, InputEventId=0, HandleInputStart=146160946943, AnimationStart=146160961652, PerformTraversalsStart=146160971360, DrawStart=146235580819, FrameDeadline=145264867667, FrameInterval=146160179818, FrameStartTime=16683000, SyncQueued=146243425902, SyncStart=146243571944, IssueDrawCommandsStart=146243694319, SwapBuffers=146245353860, FrameCompleted=146247544569, DequeueBufferDuration=22584, QueueBufferDuration=711458, GpuCompleted=146247544569, SwapBuffersCompleted=146246509944, DisplayPresentTime=144727003991, CommandSubmissionCompleted=146245353860,
05-30 10:22:57.133 I/WindowManager( 745): finishDrawing of relaunch: Window{d2b0a4 u0 com.dangbei.hqguide/com.dangbei.hqguide.main.MainActivity} 1043ms
05-30 10:22:57.142 V/WindowManagerShell( 1124): onTransitionReady android.os.BinderProxy@880c001: {id=2 t=CHANGE f=0x0 trk=0 r=[0@Point(0, 0)] c=[{null m=OPEN f=TRANSLUCENT|FILLS_TASK leash=Surface(name=ActivityRecord{e24f261 u0 com.android.permissioncontroller/.permission.ui.GrantPermissionsActivity)/@0xdbd6dea sb=Rect(0, 0 - 0, 0) eb=Rect(0, 0 - 1920, 1080) d=-1->0 r=-1->0:-1},{WCT{android.window.IWindowContainerToken$Stub$Proxy@8fc7eb6} m=CHANGE f=IS_DISPLAY leash=Surface(name=WindowedMagnification:0:31)/@0xe2148db sb=Rect(0, 0 - 1920, 1080) eb=Rect(0, 0 - 1920, 1080) d=0 snapshot=Surface(name=transition snapshot: Display{#0 state=ON size=1920x1080 ROTATION_0})/@0xcc0ef78}]}
05-30 10:22:57.142 V/WindowManagerShell( 1124): Playing animation for (#2)android.os.BinderProxy@880c001@0
05-30 10:22:57.142 V/WindowManagerShell( 1124): try handler com.android.wm.shell.keyguard.KeyguardTransitionHandler@4257666
05-30 10:22:57.142 V/WindowManagerShell( 1124): try handler com.android.wm.shell.pip.tv.TvPipTransition@6eaada7
05-30 10:22:57.142 V/WindowManagerShell( 1124): try handler com.android.wm.shell.activityembedding.ActivityEmbeddingController@8ff0254
05-30 10:22:57.142 V/WindowManagerShell( 1124): try handler com.android.wm.shell.transition.RemoteTransitionHandler@841c5fd
05-30 10:22:57.143 V/WindowManagerShell( 1124): try handler com.android.wm.shell.transition.DefaultTransitionHandler@d0292f2
05-30 10:22:57.143 V/WindowManagerShell( 1124): start default transition animation, info = {id=2 t=CHANGE f=0x0 trk=0 r=[0@Point(0, 0)] c=[{null m=OPEN f=TRANSLUCENT|FILLS_TASK leash=Surface(name=ActivityRecord{e24f261 u0 com.android.permissioncontroller/.permission.ui.GrantPermissionsActivity)/@0xdbd6dea sb=Rect(0, 0 - 0, 0) eb=Rect(0, 0 - 1920, 1080) d=-1->0 r=-1->0:-1},{WCT{android.window.IWindowContainerToken$Stub$Proxy@8fc7eb6} m=CHANGE f=IS_DISPLAY leash=Surface(name=WindowedMagnification:0:31)/@0xe2148db sb=Rect(0, 0 - 1920, 1080) eb=Rect(0, 0 - 1920, 1080) d=0 snapshot=Surface(name=transition snapshot: Display{#0 state=ON size=1920x1080 ROTATION_0})/@0xcc0ef78}]}
05-30 10:22:57.143 V/WindowManagerShell( 1124): Display is changing, resolve the animation hint.
05-30 10:22:57.148 V/WindowManagerShell( 1124): loadAnimation: anim=null animAttr=0x0 type=CHANGE isEntrance=true
05-30 10:22:57.148 V/WindowManagerShell( 1124): animated by com.android.wm.shell.transition.DefaultTransitionHandler@d0292f2
05-30 10:22:57.152 I/ActivityTaskManager( 745): Displayed com.android.permissioncontroller/.permission.ui.GrantPermissionsActivity for user 0: +693ms
05-30 10:22:57.153 V/WindowManager( 745): Sent Transition #2 createdAt=05-30 10:22:56.055 via request=TransitionRequestInfo { type = 6, triggerTask = null, remoteTransition = null, displayChange = null, flags = 0 }
05-30 10:22:57.153 V/WindowManager( 745): startWCT=WindowContainerTransaction { changes = {} hops = [] errorCallbackToken=null taskFragmentOrganizer=null }
05-30 10:22:57.153 V/WindowManager( 745): info={id=2 t=CHANGE f=0x0 trk=0 r=[0@Point(0, 0)] c=[{null m=OPEN f=TRANSLUCENT|FILLS_TASK leash=Surface(name=ActivityRecord{e24f261 u0 com.android.permissioncontroller/.permission.ui.GrantPermissionsActivity)/@0x204a80e sb=Rect(0, 0 - 0, 0) eb=Rect(0, 0 - 1920, 1080) d=-1->0 r=-1->0:-1},{WCT{RemoteToken{d1957dd Display{#0 state=ON size=1920x1080 ROTATION_0}}} m=CHANGE f=IS_DISPLAY leash=Surface(name=WindowedMagnification:0:31)/@0xa6987ce sb=Rect(0, 0 - 1920, 1080) eb=Rect(0, 0 - 1920, 1080) d=0}]}
05-30 10:22:57.183 W/ContextImpl( 745): Calling a method in the system process without a qualified user: android.app.ContextImpl.startService:1899 com.android.server.wm.DisplayPolicy.lambda$focusChangedLw$5:2126 com.android.server.wm.DisplayPolicy.$r8$lambda$Znxk63oh-WzVnzo_WQefN7uxV48:0 com.android.server.wm.DisplayPolicy$$ExternalSyntheticLambda13.run:0 android.os.Handler.handleCallback:958
05-30 10:22:57.186 D/aaa ( 2118): LedStatusService onStartCommand begin
05-30 10:22:57.187 D/aaa ( 2118): topPkg is -------------- :com.android.permissioncontroller
05-30 10:22:57.189 V/WindowManagerShell( 1124): Transition requested: android.os.BinderProxy@c691abc TransitionRequestInfo { type = 2, triggerTask = null, remoteTransition = null, displayChange = null, flags = 0 }
05-30 10:22:57.191 I/NU-AmNuPlayer( 659): [#2] updateMediaInfo
05-30 10:22:57.192 I/NU-AmNuPlayer( 659): [#2] [updateMediaInfo:1241]get i=0 , mime: audio/mpeg
05-30 10:22:57.195 D/CompatibilityChangeReporter( 745): Compat change id reported: 214016041; UID 10071; state: ENABLED
05-30 10:22:57.195 I/ImeTracker( 745): com.android.permissioncontroller:dc87ebd6: onRequestHide at ORIGIN_SERVER_HIDE_INPUT reason HIDE_ALWAYS_HIDDEN_STATE
05-30 10:22:57.196 I/ImeTracker( 745): com.android.permissioncontroller:dc87ebd6: onCancelled at PHASE_SERVER_SHOULD_HIDE
05-30 10:22:57.196 D/NU-AmNuPlayerDriver( 659): [#2] start(0xf1b00550), state is 4, eos is 0
05-30 10:22:57.196 I/NU-AmNuPlayer( 659): [#2] kWhatStart
05-30 10:22:57.196 I/NU-AmNuPlayer( 659): [#2] onStart: mCrypto: 0x0 (0)
05-30 10:22:57.196 I/NU-GenericSource( 659): start
05-30 10:22:57.197 I/NU-AmNuPlayer( 659): [#2] AmNuPlayer::Source::getFormat frame-rate = failed
05-30 10:22:57.200 I/NU-AmNuPlayerRenderer( 659): getAudioDevicesForStream streamType=3, audioDevices=0x400
05-30 10:22:57.200 E/NU-AmNuPlayerRenderer( 659): Couldn't map mime "audio/mpeg" to a valid audio_format
05-30 10:22:57.200 I/MessageMonitor( 659): NU-AmNuPlayerRenderer MessageMonitor mDebugLevel 0, poll message us 30000000
05-30 10:22:57.200 I/NU-AmNuPlayerRenderer( 659): [#2] mPlayerInstanceId = 2
05-30 10:22:57.200 I/NU-AmNuPlayerRenderer( 659): mFirstSlowSync is set to True. from : 1009
05-30 10:22:57.200 I/NU-AmNuPlayerRenderer( 659): [#2] media.amnuplayer.avsync.dropmode is set to 0 us .
05-30 10:22:57.203 D/xm_audio( 523): adev_get_parameters
05-30 10:22:57.206 I/NU-AmNuPlayerDriver( 659): media.player.atrace.enable is 1
05-30 10:22:57.206 I/NU-AmNuPlayer( 659): [#2] [onStart:4128] new Renderer
05-30 10:22:57.207 I/NU-AmNuPlayer( 659): [#2] AmNuPlayer::Source::getFormat frame-rate = failed
05-30 10:22:57.208 I/NU-AmNuPlayerRenderer( 659): getAudioDevicesForStream streamType=3, audioDevices=0x400
05-30 10:22:57.208 E/NU-AmNuPlayerRenderer( 659): Couldn't map mime "audio/mpeg" to a valid audio_format
05-30 10:22:57.208 I/NU-AmNuPlayer( 659): [#2] instantiateDecoder format: AMessage(what = 0x00000000) = {
05-30 10:22:57.208 I/NU-AmNuPlayer( 659): string mime = "audio/mpeg"
05-30 10:22:57.208 I/NU-AmNuPlayer( 659): int64_t durationUs = 2124000
05-30 10:22:57.208 I/NU-AmNuPlayer( 659): int32_t bitrate = 48000
05-30 10:22:57.208 I/NU-AmNuPlayer( 659): int32_t channel-count = 1
05-30 10:22:57.208 I/NU-AmNuPlayer( 659): int32_t sample-rate = 16000
05-30 10:22:57.208 I/NU-AmNuPlayer( 659): int32_t encoder-delay = 576
05-30 10:22:57.208 I/NU-AmNuPlayer( 659): int32_t encoder-padding = 749
05-30 10:22:57.208 I/NU-AmNuPlayer( 659): int32_t priority = 0
05-30 10:22:57.208 I/NU-AmNuPlayer( 659): }
05-30 10:22:57.209 W/AString ( 659): ctor got NULL, using empty string instead
05-30 10:22:57.209 I/NU-AmNuPlayerDecoder( 659): [#2] mPlayerInstanceId = 2
05-30 10:22:57.209 I/NU-AmNuPlayerDriver( 659): media.player.atrace.enable is 1
05-30 10:22:57.209 I/DefaultIMS( 3087): onStartInput attribute=android.view.inputmethod.EditorInfo@83b350 restarting=false inputType: 0
05-30 10:22:57.209 I/MessageMonitor( 659): NU-AmNuPlayerDecoder-audN MessageMonitor mDebugLevel 0, poll message us 30000000
05-30 10:22:57.209 I/NU-AmNuPlayer( 659): [#2] instantiateDecoder audio Decoder
05-30 10:22:57.210 I/NU-AmNuPlayerDecoder( 659): [#2] onConfigure format: AMessage(what = 0x00000000) = {
05-30 10:22:57.210 I/NU-AmNuPlayerDecoder( 659): string mime = "audio/mpeg"
05-30 10:22:57.210 I/NU-AmNuPlayerDecoder( 659): int64_t durationUs = 2124000
05-30 10:22:57.210 I/NU-AmNuPlayerDecoder( 659): int32_t bitrate = 48000
05-30 10:22:57.210 I/NU-AmNuPlayerDecoder( 659): int32_t channel-count = 1
05-30 10:22:57.210 I/NU-AmNuPlayerDecoder( 659): int32_t sample-rate = 16000
05-30 10:22:57.210 I/NU-AmNuPlayerDecoder( 659): int32_t encoder-delay = 576
05-30 10:22:57.210 I/NU-AmNuPlayerDecoder( 659): int32_t encoder-padding = 749
05-30 10:22:57.210 I/NU-AmNuPlayerDecoder( 659): int32_t priority = 0
05-30 10:22:57.210 I/NU-AmNuPlayerDecoder( 659): }
05-30 10:22:57.210 I/MessageMonitor( 659): ReadDataHandler MessageMonitor mDebugLevel 0, poll message us 30000000
05-30 10:22:57.213 D/CCodec ( 659): allocate(c2.android.mp3.decoder)
05-30 10:22:57.223 V/WindowManager( 745): app ------------- force_land :0
05-30 10:22:57.229 I/CCodec ( 659): setting up 'default' as default (vendor) store
05-30 10:22:57.233 V/WindowManager( 745): Sent Transition #3 createdAt=05-30 10:22:57.188 via request=TransitionRequestInfo { type = 2, triggerTask = null, remoteTransition = null, displayChange = null, flags = 0 }
05-30 10:22:57.233 V/WindowManager( 745): startWCT=WindowContainerTransaction { changes = {} hops = [] errorCallbackToken=null taskFragmentOrganizer=null }
05-30 10:22:57.233 V/WindowManager( 745): info={id=3 t=CLOSE f=0x0 trk=0 r=[0@Point(0, 0)] c=[{null m=CLOSE f=TRANSLUCENT|FILLS_TASK|IS_OCCLUDED leash=Surface(name=ActivityRecord{e24f261 u0 com.android.permissioncontroller/.permission.ui.GrantPermissionsActivity)/@0x204a80e sb=Rect(0, 0 - 1920, 1080) eb=Rect(0, 0 - 1920, 1080) d=0}]}
05-30 10:22:57.234 V/WindowManagerShell( 1124): onTransitionReady android.os.BinderProxy@c691abc: {id=3 t=CLOSE f=0x0 trk=0 r=[0@Point(0, 0)] c=[{null m=CLOSE f=TRANSLUCENT|FILLS_TASK|IS_OCCLUDED leash=Surface(name=ActivityRecord{e24f261 u0 com.android.permissioncontroller/.permission.ui.GrantPermissionsActivity)/@0x84dda45 sb=Rect(0, 0 - 1920, 1080) eb=Rect(0, 0 - 1920, 1080) d=0}]}
05-30 10:22:57.234 V/WindowManagerShell( 1124): Transition (#3)android.os.BinderProxy@c691abc@0 ready while (#2)android.os.BinderProxy@880c001@0 is still animating. Notify the animating transition in case they can be merged
05-30 10:22:57.237 V/WindowManagerShell( 1124): Transition animation finished (aborted=false), notifying core (#2)android.os.BinderProxy@880c001@0
05-30 10:22:57.240 V/WindowManager( 745): Finish Transition #2: created at
05-30 10:22:56.055 collect-started=0.079ms request-sent=0.181ms started=42.057ms ready=890.197ms sent=1084.982ms finished=1184.555ms
05-30 10:22:57.241 V/WindowManager( 745): app ------------- force_land :0
05-30 10:22:57.241 I/CCodec ( 659): Created component [c2.android.mp3.decoder]
05-30 10:22:57.242 D/CCodecConfig( 659): read media type: audio/mpeg
05-30 10:22:57.242 V/WindowManagerShell( 1124): Playing animation for (#3)android.os.BinderProxy@c691abc@0
05-30 10:22:57.242 V/WindowManagerShell( 1124): try handler com.android.wm.shell.keyguard.KeyguardTransitionHandler@4257666
05-30 10:22:57.242 V/WindowManagerShell( 1124): try handler com.android.wm.shell.pip.tv.TvPipTransition@6eaada7
05-30 10:22:57.243 V/WindowManagerShell( 1124): try handler com.android.wm.shell.activityembedding.ActivityEmbeddingController@8ff0254
05-30 10:22:57.243 V/WindowManagerShell( 1124): try handler com.android.wm.shell.transition.RemoteTransitionHandler@841c5fd
05-30 10:22:57.243 V/WindowManagerShell( 1124): Transition doesn't have explicit remote, search filters for match for {id=3 t=CLOSE f=0x0 trk=0 r=[0@Point(0, 0)] c=[{null m=CLOSE f=TRANSLUCENT|FILLS_TASK|IS_OCCLUDED leash=Surface(name=ActivityRecord{e24f261 u0 com.android.permissioncontroller/.permission.ui.GrantPermissionsActivity)/@0x84dda45 sb=Rect(0, 0 - 1920, 1080) eb=Rect(0, 0 - 1920, 1080) d=0}]}
05-30 10:22:57.243 V/WindowManagerShell( 1124): Delegate animation for #3 to null
05-30 10:22:57.243 V/WindowManagerShell( 1124): try handler com.android.wm.shell.transition.DefaultTransitionHandler@d0292f2
05-30 10:22:57.243 V/WindowManagerShell( 1124): start default transition animation, info = {id=3 t=CLOSE f=0x0 trk=0 r=[0@Point(0, 0)] c=[{null m=CLOSE f=TRANSLUCENT|FILLS_TASK|IS_OCCLUDED leash=Surface(name=ActivityRecord{e24f261 u0 com.android.permissioncontroller/.permission.ui.GrantPermissionsActivity)/@0x84dda45 sb=Rect(0, 0 - 1920, 1080) eb=Rect(0, 0 - 1920, 1080) d=0}]}
05-30 10:22:57.255 V/WindowManagerShell( 1124): loadAnimation: anim=null animAttr=0x7 type=CLOSE isEntrance=false
05-30 10:22:57.259 V/WindowManagerShell( 1124): Transition animation finished (aborted=false), notifying core (#3)android.os.BinderProxy@c691abc@0
05-30 10:22:57.260 D/ReflectedParamUpdater( 659): extent() != 1 for single value type: algo.buffers.max-count.values
05-30 10:22:57.261 D/ReflectedParamUpdater( 659): extent() != 1 for single value type: output.subscribed-indices.values
05-30 10:22:57.261 D/ReflectedParamUpdater( 659): extent() != 1 for single value type: input.buffers.allocator-ids.values
05-30 10:22:57.262 W/WindowOnBackDispatcher( 1140): sendCancelIfRunning: isInProgress=falsecallback=android.view.ViewRootImpl$$ExternalSyntheticLambda17@62f297c
05-30 10:22:57.264 D/ReflectedParamUpdater( 659): extent() != 1 for single value type: output.buffers.allocator-ids.values
05-30 10:22:57.268 D/ReflectedParamUpdater( 659): extent() != 1 for single value type: algo.buffers.allocator-ids.values
05-30 10:22:57.269 D/ReflectedParamUpdater( 659): extent() != 1 for single value type: output.buffers.pool-ids.values
05-30 10:22:57.269 D/ReflectedParamUpdater( 659): extent() != 1 for single value type: algo.buffers.pool-ids.values
05-30 10:22:57.269 V/WindowManagerShell( 1124): Track 0 became idle
05-30 10:22:57.269 V/WindowManagerShell( 1124): All active transition animations finished
05-30 10:22:57.269 V/WindowManagerShell( 1124): animated by com.android.wm.shell.transition.DefaultTransitionHandler@d0292f2
05-30 10:22:57.269 V/WindowManagerShell( 1124): Track 0 became idle
05-30 10:22:57.269 V/WindowManagerShell( 1124): All active transition animations finished
05-30 10:22:57.270 D/CoreBackPreview( 745): Window{27e35d1 u0 com.android.permissioncontroller/com.android.permissioncontroller.permission.ui.GrantPermissionsActivity}: Setting back callback null
05-30 10:22:57.271 W/InputManager-JNI( 745): Input channel object '27e35d1 com.android.permissioncontroller/com.android.permissioncontroller.permission.ui.GrantPermissionsActivity (client)' was disposed without first being removed with the input manager!
05-30 10:22:57.272 I/CCodecConfig( 659): query failed after returning 7 values (BAD_INDEX)
05-30 10:22:57.272 D/CCodecConfig( 659): c2 config diff is Dict {
05-30 10:22:57.272 D/CCodecConfig( 659): c2::u32 coded.bitrate.value = 64000
05-30 10:22:57.272 D/CCodecConfig( 659): c2::u32 input.buffers.max-size.value = 8192
05-30 10:22:57.272 D/CCodecConfig( 659): c2::u32 input.delay.value = 0
05-30 10:22:57.272 D/CCodecConfig( 659): string input.media-type.value = "audio/mpeg"
05-30 10:22:57.272 D/CCodecConfig( 659): string output.media-type.value = "audio/raw"
05-30 10:22:57.272 D/CCodecConfig( 659): c2::u32 raw.channel-count.value = 2
05-30 10:22:57.272 D/CCodecConfig( 659): c2::u32 raw.sample-rate.value = 44100
05-30 10:22:57.272 D/CCodecConfig( 659): }
05-30 10:22:57.273 I/NU-AmNuPlayerDecoder( 659): [#2] mComponentName c2.android.mp3.decoder
05-30 10:22:57.273 I/NU-AmNuPlayerRenderer( 659): [#2] audio source format 0x1
05-30 10:22:57.273 I/NU-AmNuPlayerDecoder( 659): sampleRate:16000
05-30 10:22:57.275 I/ImeTracker( 745): com.dangbei.hqguide:81a07d1f: onRequestHide at ORIGIN_SERVER_HIDE_INPUT reason HIDE_UNSPECIFIED_WINDOW
05-30 10:22:57.275 I/ImeTracker( 745): com.dangbei.hqguide:81a07d1f: onCancelled at PHASE_SERVER_SHOULD_HIDE
05-30 10:22:57.275 I/NU-AmNuPlayerDecoder( 659): [#2] is_passthrough_enable:0
05-30 10:22:57.275 I/NU-AmNuPlayerDecoder( 659): channel-count=1
05-30 10:22:57.275 I/NU-AmNuPlayerDecoder( 659): sample-rate=16000
05-30 10:22:57.275 I/NU-AmNuPlayerDecoder( 659): is_passthrough_enable=0
05-30 10:22:57.275 I/NU-AmNuPlayerDecoder( 659): extradata-size=0
05-30 10:22:57.275 I/MediaCodec( 659): MediaCodec will operate in async mode
05-30 10:22:57.276 D/MediaCodec( 659): flushMediametrics
05-30 10:22:57.276 V/WindowManager( 745): Finish Transition #3: created at
05-30 10:22:57.188 collect-started=0.085ms request-sent=0.161ms started=5.896ms ready=35.901ms sent=43.808ms finished=72.396ms
05-30 10:22:57.276 D/CCodec ( 659): [c2.android.mp3.decoder] buffers are bound to CCodec for this session
05-30 10:22:57.276 D/CCodecConfig( 659): no c2 equivalents for durationUs
05-30 10:22:57.276 D/CCodecConfig( 659): no c2 equivalents for encoder-delay
05-30 10:22:57.276 D/CCodecConfig( 659): no c2 equivalents for encoder-padding
05-30 10:22:57.277 D/CCodecConfig( 659): no c2 equivalents for is_passthrough_enable
05-30 10:22:57.277 D/CCodecConfig( 659): no c2 equivalents for flags
05-30 10:22:57.278 D/CCodecConfig( 659): c2 config diff is c2::u32 coded.bitrate.value = 48000
05-30 10:22:57.278 D/CCodecConfig( 659): c2::u32 raw.channel-count.value = 1
05-30 10:22:57.278 D/CCodecConfig( 659): c2::u32 raw.sample-rate.value = 16000
05-30 10:22:57.279 I/DefaultIMS( 3087): onStartInput attribute=android.view.inputmethod.EditorInfo@895e949 restarting=false inputType: 0
05-30 10:22:57.279 W/Codec2Client( 659): query -- param skipped: index = 1107298332.
05-30 10:22:57.283 D/CCodec ( 659): encoding statistics level = 0
05-30 10:22:57.283 D/CCodec ( 659): setup formats input: AMessage(what = 0x00000000) = {
05-30 10:22:57.283 D/CCodec ( 659): int32_t bitrate = 48000
05-30 10:22:57.283 D/CCodec ( 659): int32_t channel-count = 1
05-30 10:22:57.283 D/CCodec ( 659): int32_t max-input-size = 8192
05-30 10:22:57.283 D/CCodec ( 659): string mime = "audio/mpeg"
05-30 10:22:57.283 D/CCodec ( 659): int32_t sample-rate = 16000
05-30 10:22:57.283 D/CCodec ( 659): }
05-30 10:22:57.283 D/CCodec ( 659): setup formats output: AMessage(what = 0x00000000) = {
05-30 10:22:57.283 D/CCodec ( 659): int32_t channel-count = 1
05-30 10:22:57.283 D/CCodec ( 659): string mime = "audio/raw"
05-30 10:22:57.283 D/CCodec ( 659): int32_t sample-rate = 16000
05-30 10:22:57.283 D/CCodec ( 659): int32_t encoder-delay = 576
05-30 10:22:57.283 D/CCodec ( 659): int32_t encoder-padding = 749
05-30 10:22:57.283 D/CCodec ( 659): int32_t android._config-pcm-encoding = 2
05-30 10:22:57.283 D/CCodec ( 659): }
05-30 10:22:57.284 I/CCodecConfig( 659): query failed after returning 7 values (BAD_INDEX)
05-30 10:22:57.285 D/MediaCodec( 659): keep callback message for reclaim
05-30 10:22:57.286 W/Codec2Client( 659): query -- param skipped: index = 1342179345.
