05-30 10:24:54.158 W/HeadsetClientService( 1324): getHeadsetClientService(): service is null
05-30 10:24:54.158 W/PbapClientService( 1324): getPbapClientService(): service is null
05-30 10:24:54.158 V/BluetoothDatabase( 1324): setProfileConnectionPolicy connection policy not changed.
05-30 10:24:54.158 D/A2dpService( 1324): Saved connectionPolicy XX:XX:XX:XX:C0:69 = -1
05-30 10:24:54.158 V/BluetoothDatabase( 1324): setProfileConnectionPolicy connection policy not changed.
05-30 10:24:54.159 I/HeadsetService( 1324): setConnectionPolicy: device=XX:XX:XX:XX:C0:69, connectionPolicy=-1, uid/pid=1002/1324
05-30 10:24:54.159 V/BluetoothDatabase( 1324): setProfileConnectionPolicy connection policy not changed.
05-30 10:24:54.159 I/BluetoothBondStateMachine( 1324): StableState(): Entering Off State
05-30 10:24:54.159 D/FastPairService( 745): onReceive: ACTION_BOND_STATE_CHANGED
05-30 10:24:54.159 D/FastPairService( 745): Forget device detect
05-30 10:24:54.162 D/BluetoothDatabase( 1324): getCustomMeta: device XX:XX:XX:XX:C0:69 is not in cache
05-30 10:24:54.162 D/A2dpService( 1324): Bond state changed for device: XX:XX:XX:XX:C0:69 state: 10
05-30 10:24:54.164 D/HearingAidService( 1324): Bond state changed for device: XX:XX:XX:XX:C0:69 state: 10
05-30 10:24:54.169 D/BluetoothAdapter( 1493): isLeEnabled(): ON
05-30 10:24:54.170 W/BluetoothEventManager( 1124): showUnbondMessage: Not displaying any message for reason: 9
05-30 10:24:54.171 D/BluetoothDatabase( 1324): getCustomMeta: device XX:XX:XX:XX:C0:69 is not in cache
05-30 10:24:54.172 I/bt_stack( 1324): [INFO:le_scanning_manager.cc(155)] RegisterScanner in shim layer
05-30 10:24:54.172 D/BluetoothLeScanner( 1493): onScannerRegistered() - status=0 scannerId=3 mScannerId=0
05-30 10:24:54.175 E/dangbei111( 1911): cccccc 开始扫描
05-30 10:24:54.175 D/BluetoothAdapter( 1911): isLeEnabled(): ON
05-30 10:24:54.176 D/ActivityAttributionService( 1324): notifyActivityAttributionInfo UID=1002 packageName=com.android.bluetooth deviceAddress=no_active_device_address
05-30 10:24:54.176 I/bt_btif ( 1324): packages/modules/Bluetooth/system/btif/src/bluetooth.cc:829 get_profile_interface: get_profile_interface: id = activity_attribution
05-30 10:24:54.176 D/BluetoothDatabase( 1324): getCustomMeta: device XX:XX:XX:XX:C0:69 is not in cache
05-30 10:24:54.178 I/bt_btif_dm( 1324): packages/modules/Bluetooth/system/btif/src/btif_dm.cc:695 btif_update_remote_properties: class of device (cod) is 0x00050c
05-30 10:24:54.182 D/BluetoothDatabase( 1324): getCustomMeta: device XX:XX:XX:XX:C0:69 is not in cache
05-30 10:24:54.184 I/dangbei111( 1911): cccccc on receiver=android.bluetooth.device.action.BOND_STATE_CHANGED,mac=E4:BB:D3:57:C0:69
05-30 10:24:54.184 I/dangbei111( 1911): Wait for auto connection, processBondStateChange: bondState: 11 --> 10
05-30 10:24:54.185 D/BluetoothDatabase( 1324): getCustomMeta: device XX:XX:XX:XX:C0:69 is not in cache
05-30 10:24:54.189 W/BluetoothEventManager( 1332): showUnbondMessage: Not displaying any message for reason: 9
05-30 10:24:54.190 D/BluetoothDatabase( 1324): getCustomMeta: device XX:XX:XX:XX:C0:69 is not in cache
05-30 10:24:54.192 E/dangbei111( 1911): cccccc 开始扫描
05-30 10:24:54.192 D/BluetoothAdapter( 1911): isLeEnabled(): ON
05-30 10:24:54.198 D/BluetoothAdapter( 1493): isLeEnabled(): ON
05-30 10:24:54.200 D/BluetoothDatabase( 1324): getCustomMeta: device XX:XX:XX:XX:C0:69 is not in cache
05-30 10:24:54.202 I/BLE_Service( 1332): BOND STATE CHANGED [Dangbei] - was 10, now is 11
05-30 10:24:54.203 E/dangbei111( 1911): cccccc scan 得到的设备和状态 Dangbei E4:BB:D3:57:C0:69 10
05-30 10:24:54.204 W/BluetoothEventManager( 1124): showUnbondMessage: Not displaying any message for reason: 9
05-30 10:24:54.206 D/BluetoothDatabase( 1324): getCustomMeta: device XX:XX:XX:XX:C0:69 is not in cache
05-30 10:24:54.208 E/dangbei111( 1911): cccccc 扫描到了设备 Dangbei E4:BB:D3:57:C0:69
05-30 10:24:54.210 D/BluetoothAdapter( 1493): isLeEnabled(): ON
05-30 10:24:54.211 D/BluetoothDatabase( 1324): getCustomMeta: device XX:XX:XX:XX:C0:69 is not in cache
05-30 10:24:54.214 I/BLE_Service( 1332): BOND STATE CHANGED [Dangbei] - was 11, now is 10
05-30 10:24:54.215 D/BluetoothDatabase( 1324): getCustomMeta: device XX:XX:XX:XX:C0:69 is not in cache
05-30 10:24:54.216 E/dangbei111( 1911): cccccc cancelDiscovery begin
05-30 10:24:54.220 D/BluetoothAdapter( 1493): isLeEnabled(): ON
05-30 10:24:54.220 E/dangbei111( 1911): cccccc 停止扫描,开始配对或者连接
05-30 10:24:54.220 D/BluetoothAdapter( 1911): isLeEnabled(): ON
05-30 10:24:54.223 D/ActivityAttributionService( 1324): notifyActivityAttributionInfo UID=1002 packageName=com.android.bluetooth deviceAddress=no_active_device_address
05-30 10:24:54.223 I/bt_btif ( 1324): packages/modules/Bluetooth/system/btif/src/bluetooth.cc:829 get_profile_interface: get_profile_interface: id = activity_attribution
05-30 10:24:54.226 I/bt_stack( 1324): [INFO:le_scanning_manager.cc(162)] Unregister in shim layer, scanner_id:1
05-30 10:24:54.228 E/dangbei111( 1911): bondOrConnect state=10
05-30 10:24:54.229 D/BluetoothAdapter( 1493): isLeEnabled(): ON
05-30 10:24:54.233 E/dangbei111( 1911): cccccc 开始配对 Dangbei E4:BB:D3:57:C0:69
05-30 10:24:54.236 D/BluetoothDatabase( 1324): getCustomMeta: device XX:XX:XX:XX:C0:69 is not in cache
05-30 10:24:54.238 I/bt_btif_dm( 1324): packages/modules/Bluetooth/system/btif/src/btif_dm.cc:2470 btif_dm_cancel_discovery: Cancel search
05-30 10:24:54.238 I/bluetooth( 1324): packages/modules/Bluetooth/system/bta/dm/bta_dm_main.cc:96 bta_dm_search_sm_execute: state:BTA_DM_SEARCH_IDLE, event:BTA_DM_API_SEARCH_CANCEL_EVT[0x201]
05-30 10:24:54.239 I/BluetoothBondStateMachine( 1324): Bond address is:XX:XX:XX:XX:C0:69
05-30 10:24:54.240 W/BluetoothEventManager( 1332): showUnbondMessage: Not displaying any message for reason: 9
05-30 10:24:54.241 I/bt_btif_dm( 1324): packages/modules/Bluetooth/system/btif/src/btif_dm.cc:489 get_cod: get_cod remote_cod = 0x0000050c
05-30 10:24:54.241 I/bt_btif_dm( 1324): packages/modules/Bluetooth/system/btif/src/btif_dm.cc:489 get_cod: get_cod remote_cod = 0x0000050c
05-30 10:24:54.241 I/bt_btif_dm( 1324): packages/modules/Bluetooth/system/btif/src/btif_dm.cc:489 get_cod: get_cod remote_cod = 0x0000050c
05-30 10:24:54.241 I/bt_btif_dm( 1324): packages/modules/Bluetooth/system/btif/src/btif_dm.cc:571 bond_state_changed: Bond state changed to state=1 [0:none, 1:bonding, 2:bonded], prev_state=0, sdp_attempts = 0
05-30 10:24:54.241 I/BluetoothBondStateMachine( 1324): bondStateChangeCallback: Status: 0 Address: XX:XX:XX:XX:C0:69 newState: 1 hciReason: 0
05-30 10:24:54.242 I/bluetooth( 1324): packages/modules/Bluetooth/system/stack/btm/btm_dev.cc:174 BTM_SecDeleteDevice: Remove device xx:xx:xx:xx:c0:69 from filter accept list before delete record
05-30 10:24:54.243 I/bluetooth( 1324): packages/modules/Bluetooth/system/stack/btm/btm_dev.cc:192 BTM_SecDeleteDevice: BTM_SecDeleteDevice xx:xx:xx:xx:c0:69 complete
05-30 10:24:54.243 I/bt_btif_dm( 1324): packages/modules/Bluetooth/system/btif/src/btif_dm.cc:489 get_cod: get_cod remote_cod = 0x0000050c
05-30 10:24:54.243 I/bt_btif_dm( 1324): packages/modules/Bluetooth/system/btif/src/btif_dm.cc:489 get_cod: get_cod remote_cod = 0x0000050c
05-30 10:24:54.243 I/bt_btif_dm( 1324): packages/modules/Bluetooth/system/btif/src/btif_dm.cc:571 bond_state_changed: Bond state changed to state=0 [0:none, 1:bonding, 2:bonded], prev_state=1, sdp_attempts = 0
05-30 10:24:54.243 E/BluetoothMetricIdManager( 1324): packages/modules/Bluetooth/system/gd/common/metric_id_manager.cc:190 ForgetDevice: Failed to remove device from paired_device_cache_
05-30 10:24:54.243 I/bt_btif_dm( 1324): packages/modules/Bluetooth/system/btif/src/btif_dm.cc:620 bond_state_changed: clearing btif pairing_cb
05-30 10:24:54.243 W/bluetooth( 1324): packages/modules/Bluetooth/system/main/shim/acl.cc:189 Remove: Unknown device being removed from acceptlist:e4:bb:d3:57:c0:69[PUBLIC_DEVICE_ADDRESS]
05-30 10:24:54.243 E/bt_stack( 1324): [ERROR:bta_gattc_utils.cc(576)] bta_gattc_mark_bg_conn unable to find the bg connection mask for bd_addr=xx:xx:xx:xx:c0:69
05-30 10:24:54.243 W/bluetooth( 1324): packages/modules/Bluetooth/system/gd/hci/acl_manager/le_impl.h:821 remove_device_from_connect_list: Device not in acceptlist and cannot be removed:e4:bb:d3:57:c0:69[PUBLIC_DEVICE_ADDRESS]
05-30 10:24:54.243 D/BluetoothAdapter( 1493): isLeEnabled(): ON
05-30 10:24:54.243 D/BluetoothDatabase( 1324): getCustomMeta: device XX:XX:XX:XX:C0:69 is not in cache
05-30 10:24:54.244 I/BluetoothBondStateMachine( 1324): bondStateChangeCallback: Status: 1 Address: XX:XX:XX:XX:C0:69 newState: 0 hciReason: 1
05-30 10:24:54.246 E/dangbei111( 1911): cccccc 配对结果 true Dangbei E4:BB:D3:57:C0:69
05-30 10:24:54.247 I/BluetoothBondStateMachine( 1324): Entering PendingCommandState State
05-30 10:24:54.250 D/BluetoothCompanionManager( 1324): register metadata listener: XX:XX:XX:XX:C0:69
05-30 10:24:54.250 D/BluetoothAdapter( 1324): addOnMetadataChangedListener()
05-30 10:24:54.250 D/BluetoothAdapter( 1493): isLeEnabled(): ON
05-30 10:24:54.251 D/BluetoothAdapter( 1493): isLeEnabled(): ON
05-30 10:24:54.253 D/ActivityAttributionService( 1324): notifyActivityAttributionInfo UID=1002 packageName=com.android.bluetooth deviceAddress=no_active_device_address
05-30 10:24:54.253 I/bt_btif ( 1324): packages/modules/Bluetooth/system/btif/src/bluetooth.cc:829 get_profile_interface: get_profile_interface: id = activity_attribution
05-30 10:24:54.256 I/bt_stack( 1324): [INFO:le_scanning_manager.cc(162)] Unregister in shim layer, scanner_id:2
05-30 10:24:54.256 I/BluetoothBondStateMachine( 1324): Bond State Change Intent:XX:XX:XX:XX:C0:69 BOND_NONE => BOND_BONDING
05-30 10:24:54.256 D/FastPairService( 745): onReceive: ACTION_BOND_STATE_CHANGED
05-30 10:24:54.259 D/BluetoothDatabase( 1324): updateDatabase XX:XX:XX:XX:C0:69
05-30 10:24:54.259 D/AdapterProperties( 1324): Failed to remove device: XX:XX:XX:XX:C0:69
05-30 10:24:54.259 D/BluetoothRemoteDevices( 1324): removeDualDevicesMapXX:XX:XX:XX:C0:69
05-30 10:24:54.260 D/BluetoothRemoteDevices( 1324): mDualDevicesMap not have E4:BB:D3:57:C0:69
05-30 10:24:54.260 I/dangbei111( 1911): cccccc on receiver=android.bluetooth.device.action.BOND_STATE_CHANGED,mac=E4:BB:D3:57:C0:69
05-30 10:24:54.260 I/dangbei111( 1911): Wait for auto connection, processBondStateChange: bondState: 10 --> 11
05-30 10:24:54.261 D/BluetoothAdapter( 1493): isLeEnabled(): ON
05-30 10:24:54.265 D/A2dpService( 1324): Bond state changed for device: XX:XX:XX:XX:C0:69 state: 11
05-30 10:24:54.266 D/HearingAidService( 1324): Bond state changed for device: XX:XX:XX:XX:C0:69 state: 11
05-30 10:24:54.266 D/ActivityAttributionService( 1324): notifyActivityAttributionInfo UID=1002 packageName=com.android.bluetooth deviceAddress=no_active_device_address
05-30 10:24:54.266 D/BluetoothCompanionManager( 1324): remove metadata listener: XX:XX:XX:XX:C0:69
05-30 10:24:54.266 I/bt_btif ( 1324): packages/modules/Bluetooth/system/btif/src/bluetooth.cc:829 get_profile_interface: get_profile_interface: id = activity_attribution
05-30 10:24:54.266 D/BluetoothAdapter( 1324): removeOnMetadataChangedListener()
05-30 10:24:54.267 I/bt_stack( 1324): [INFO:le_scanning_manager.cc(168)] Scan in shim layer stopped
05-30 10:24:54.267 I/bluetooth( 1324): packages/modules/Bluetooth/system/gd/hci/le_address_manager.cc:193 unregister_client: Client unregistered
05-30 10:24:54.268 I/bt_stack( 1324): [INFO:le_scanning_manager.cc(162)] Unregister in shim layer, scanner_id:3
05-30 10:24:54.272 I/BluetoothBondStateMachine( 1324): Bond State Change Intent:XX:XX:XX:XX:C0:69 BOND_BONDING => BOND_NONE
05-30 10:24:54.272 W/HeadsetClientService( 1324): getHeadsetClientService(): service is null
05-30 10:24:54.272 W/PbapClientService( 1324): getPbapClientService(): service is null
05-30 10:24:54.272 V/BluetoothDatabase( 1324): setProfileConnectionPolicy connection policy not changed.
05-30 10:24:54.272 D/A2dpService( 1324): Saved connectionPolicy XX:XX:XX:XX:C0:69 = -1
05-30 10:24:54.272 V/BluetoothDatabase( 1324): setProfileConnectionPolicy connection policy not changed.
05-30 10:24:54.272 I/HeadsetService( 1324): setConnectionPolicy: device=XX:XX:XX:XX:C0:69, connectionPolicy=-1, uid/pid=1002/1324
05-30 10:24:54.272 V/BluetoothDatabase( 1324): setProfileConnectionPolicy connection policy not changed.
05-30 10:24:54.272 I/BluetoothBondStateMachine( 1324): StableState(): Entering Off State
05-30 10:24:54.273 I/BLE_Service( 1332): BOND STATE CHANGED [Dangbei] - was 10, now is 11
05-30 10:24:54.273 D/FastPairService( 745): onReceive: ACTION_BOND_STATE_CHANGED
05-30 10:24:54.273 D/FastPairService( 745): Forget device detect
05-30 10:24:54.278 E/dangbei111( 1911): cccccc 开始扫描
05-30 10:24:54.278 D/BluetoothAdapter( 1911): isLeEnabled(): ON
05-30 10:24:54.280 D/A2dpService( 1324): Bond state changed for device: XX:XX:XX:XX:C0:69 state: 10
05-30 10:24:54.283 D/BluetoothDatabase( 1324): getCustomMeta: device XX:XX:XX:XX:C0:69 is not in cache
05-30 10:24:54.283 D/HearingAidService( 1324): Bond state changed for device: XX:XX:XX:XX:C0:69 state: 10
05-30 10:24:54.285 I/bt_stack( 1324): [INFO:le_scanning_manager.cc(155)] RegisterScanner in shim layer
05-30 10:24:54.286 D/BluetoothLeScanner( 1911): onScannerRegistered() - status=0 scannerId=1 mScannerId=0
05-30 10:24:54.289 D/ActivityAttributionService( 1324): notifyActivityAttributionInfo UID=1002 packageName=com.android.bluetooth deviceAddress=no_active_device_address
05-30 10:24:54.289 I/bt_btif ( 1324): packages/modules/Bluetooth/system/btif/src/bluetooth.cc:829 get_profile_interface: get_profile_interface: id = activity_attribution
05-30 10:24:54.289 I/bt_stack( 1324): [INFO:le_scanning_manager.cc(168)] Scan in shim layer started
05-30 10:24:54.290 I/bluetooth( 1324): packages/modules/Bluetooth/system/gd/hci/le_scanning_manager.cc:588 stop_scan: Scanning already stopped, return!
05-30 10:24:54.290 I/bt_stack( 1324): [INFO:le_scanning_manager.cc(168)] Scan in shim layer stopped
05-30 10:24:54.290 I/bt_stack( 1324): [INFO:le_scanning_manager.cc(346)] SetScanParameters in shim layer
05-30 10:24:54.290 I/bt_stack( 1324): [INFO:le_scanning_manager.cc(168)] Scan in shim layer started
05-30 10:24:54.290 I/bluetooth( 1324): packages/modules/Bluetooth/system/gd/hci/le_address_manager.cc:178 register_client: Client registered
05-30 10:24:54.290 I/bluetooth( 1324): packages/modules/Bluetooth/system/gd/hci/le_address_manager.cc:193 unregister_client: Client unregistered
05-30 10:24:54.290 I/bluetooth( 1324): packages/modules/Bluetooth/system/gd/hci/le_scanning_manager.cc:588 stop_scan: Scanning already stopped, return!
05-30 10:24:54.290 I/bluetooth( 1324): packages/modules/Bluetooth/system/gd/hci/le_address_manager.cc:178 register_client: Client registered
05-30 10:24:54.293 D/BluetoothAdapter( 1493): isLeEnabled(): ON
05-30 10:24:54.295 D/BluetoothDatabase( 1324): getCustomMeta: device XX:XX:XX:XX:C0:69 is not in cache
05-30 10:24:54.296 I/bt_stack( 1324): [INFO:le_scanning_manager.cc(155)] RegisterScanner in shim layer
05-30 10:24:54.297 D/BluetoothLeScanner( 1493): onScannerRegistered() - status=0 scannerId=2 mScannerId=0
05-30 10:24:54.298 I/dangbei111( 1911): cccccc on receiver=android.bluetooth.device.action.BOND_STATE_CHANGED,mac=E4:BB:D3:57:C0:69
05-30 10:24:54.298 I/dangbei111( 1911): Wait for auto connection, processBondStateChange: bondState: 11 --> 10
05-30 10:24:54.299 I/BLE_Service( 1332): BOND STATE CHANGED [Dangbei] - was 11, now is 10
05-30 10:24:54.301 D/ActivityAttributionService( 1324): notifyActivityAttributionInfo UID=1002 packageName=com.android.bluetooth deviceAddress=no_active_device_address
05-30 10:24:54.301 I/bt_btif ( 1324): packages/modules/Bluetooth/system/btif/src/bluetooth.cc:829 get_profile_interface: get_profile_interface: id = activity_attribution
05-30 10:24:54.303 E/dangbei111( 1911): cccccc 开始扫描
05-30 10:24:54.303 D/BluetoothAdapter( 1911): isLeEnabled(): ON
05-30 10:24:54.310 D/BluetoothAdapter( 1493): isLeEnabled(): ON
05-30 10:24:54.312 I/bt_stack( 1324): [INFO:le_scanning_manager.cc(155)] RegisterScanner in shim layer
05-30 10:24:54.312 D/BluetoothLeScanner( 1493): onScannerRegistered() - status=0 scannerId=3 mScannerId=0
05-30 10:24:54.314 D/BluetoothDatabase( 1324): getCustomMeta: device XX:XX:XX:XX:C0:69 is not in cache
05-30 10:24:54.317 D/ActivityAttributionService( 1324): notifyActivityAttributionInfo UID=1002 packageName=com.android.bluetooth deviceAddress=no_active_device_address
05-30 10:24:54.317 I/bt_btif ( 1324): packages/modules/Bluetooth/system/btif/src/bluetooth.cc:829 get_profile_interface: get_profile_interface: id = activity_attribution
05-30 10:24:54.319 W/BluetoothEventManager( 1124): showUnbondMessage: Not displaying any message for reason: 9
05-30 10:24:54.320 D/BluetoothDatabase( 1324): getCustomMeta: device XX:XX:XX:XX:C0:69 is not in cache
05-30 10:24:54.326 D/BluetoothDatabase( 1324): getCustomMeta: device XX:XX:XX:XX:C0:69 is not in cache
05-30 10:24:54.328 D/BluetoothAdapter( 1493): isLeEnabled(): ON
05-30 10:24:54.330 W/BluetoothEventManager( 1332): showUnbondMessage: Not displaying any message for reason: 9
05-30 10:24:54.331 D/BluetoothDatabase( 1324): getCustomMeta: device XX:XX:XX:XX:C0:69 is not in cache
05-30 10:24:54.336 D/BluetoothAdapter( 1493): isLeEnabled(): ON
05-30 10:24:54.350 I/bt_btif_dm( 1324): packages/modules/Bluetooth/system/btif/src/btif_dm.cc:695 btif_update_remote_properties: class of device (cod) is 0x00050c
05-30 10:24:54.351 D/BluetoothAdapter( 1493): isLeEnabled(): ON
05-30 10:24:54.354 D/ActivityAttributionService( 1324): notifyActivityAttributionInfo UID=1002 packageName=com.android.bluetooth deviceAddress=no_active_device_address
05-30 10:24:54.354 I/bt_btif ( 1324): packages/modules/Bluetooth/system/btif/src/bluetooth.cc:829 get_profile_interface: get_profile_interface: id = activity_attribution
05-30 10:24:54.355 E/dangbei111( 1911): cccccc scan 得到的设备和状态 Dangbei E4:BB:D3:57:C0:69 10
05-30 10:24:54.356 I/bt_stack( 1324): [INFO:le_scanning_manager.cc(162)] Unregister in shim layer, scanner_id:2
05-30 10:24:54.357 D/BluetoothAdapter( 1493): isLeEnabled(): ON
05-30 10:24:54.359 D/ActivityAttributionService( 1324): notifyActivityAttributionInfo UID=1002 packageName=com.android.bluetooth deviceAddress=no_active_device_address
05-30 10:24:54.359 I/bt_btif ( 1324): packages/modules/Bluetooth/system/btif/src/bluetooth.cc:829 get_profile_interface: get_profile_interface: id = activity_attribution
05-30 10:24:54.360 E/dangbei111( 1911): cccccc 扫描到了设备 Dangbei E4:BB:D3:57:C0:69
05-30 10:24:54.360 I/bt_stack( 1324): [INFO:le_scanning_manager.cc(162)] Unregister in shim layer, scanner_id:3
05-30 10:24:54.364 E/dangbei111( 1911): cccccc cancelDiscovery begin
05-30 10:24:54.366 E/dangbei111( 1911): cccccc 停止扫描,开始配对或者连接
05-30 10:24:54.366 D/BluetoothAdapter( 1911): isLeEnabled(): ON
05-30 10:24:54.368 D/ActivityAttributionService( 1324): notifyActivityAttributionInfo UID=1002 packageName=com.android.bluetooth deviceAddress=no_active_device_address
05-30 10:24:54.368 I/bt_btif ( 1324): packages/modules/Bluetooth/system/btif/src/bluetooth.cc:829 get_profile_interface: get_profile_interface: id = activity_attribution
05-30 10:24:54.368 I/bt_stack( 1324): [INFO:le_scanning_manager.cc(168)] Scan in shim layer stopped
05-30 10:24:54.368 I/bluetooth( 1324): packages/modules/Bluetooth/system/gd/hci/le_address_manager.cc:193 unregister_client: Client unregistered
05-30 10:24:54.371 I/bt_stack( 1324): [INFO:le_scanning_manager.cc(162)] Unregister in shim layer, scanner_id:1
05-30 10:24:54.371 E/dangbei111( 1911): bondOrConnect state=10
05-30 10:24:54.373 E/dangbei111( 1911): cccccc 开始配对 Dangbei E4:BB:D3:57:C0:69
05-30 10:24:54.376 I/bt_btif_dm( 1324): packages/modules/Bluetooth/system/btif/src/btif_dm.cc:2470 btif_dm_cancel_discovery: Cancel search
05-30 10:24:54.376 I/bluetooth( 1324): packages/modules/Bluetooth/system/bta/dm/bta_dm_main.cc:96 bta_dm_search_sm_execute: state:BTA_DM_SEARCH_IDLE, event:BTA_DM_API_SEARCH_CANCEL_EVT[0x201]
05-30 10:24:54.377 I/BluetoothBondStateMachine( 1324): Bond address is:XX:XX:XX:XX:C0:69
05-30 10:24:54.378 E/dangbei111( 1911): cccccc 配对结果 true Dangbei E4:BB:D3:57:C0:69
05-30 10:24:54.379 I/bt_btif_dm( 1324): packages/modules/Bluetooth/system/btif/src/btif_dm.cc:489 get_cod: get_cod remote_cod = 0x0000050c
05-30 10:24:54.380 I/bt_btif_dm( 1324): packages/modules/Bluetooth/system/btif/src/btif_dm.cc:489 get_cod: get_cod remote_cod = 0x0000050c
05-30 10:24:54.380 I/bt_btif_dm( 1324): packages/modules/Bluetooth/system/btif/src/btif_dm.cc:489 get_cod: get_cod remote_cod = 0x0000050c
05-30 10:24:54.380 I/bt_btif_dm( 1324): packages/modules/Bluetooth/system/btif/src/btif_dm.cc:571 bond_state_changed: Bond state changed to state=1 [0:none, 1:bonding, 2:bonded], prev_state=0, sdp_attempts = 0
05-30 10:24:54.380 I/bluetooth( 1324): packages/modules/Bluetooth/system/stack/btm/btm_dev.cc:174 BTM_SecDeleteDevice: Remove device xx:xx:xx:xx:c0:69 from filter accept list before delete record
05-30 10:24:54.380 I/bluetooth( 1324): packages/modules/Bluetooth/system/stack/btm/btm_dev.cc:192 BTM_SecDeleteDevice: BTM_SecDeleteDevice xx:xx:xx:xx:c0:69 complete
05-30 10:24:54.380 I/bt_btif_dm( 1324): packages/modules/Bluetooth/system/btif/src/btif_dm.cc:489 get_cod: get_cod remote_cod = 0x0000050c
05-30 10:24:54.380 I/bt_btif_dm( 1324): packages/modules/Bluetooth/system/btif/src/btif_dm.cc:489 get_cod: get_cod remote_cod = 0x0000050c
05-30 10:24:54.380 I/bt_btif_dm( 1324): packages/modules/Bluetooth/system/btif/src/btif_dm.cc:571 bond_state_changed: Bond state changed to state=0 [0:none, 1:bonding, 2:bonded], prev_state=1, sdp_attempts = 0
05-30 10:24:54.380 E/BluetoothMetricIdManager( 1324): packages/modules/Bluetooth/system/gd/common/metric_id_manager.cc:190 ForgetDevice: Failed to remove device from paired_device_cache_
05-30 10:24:54.380 I/bt_btif_dm( 1324): packages/modules/Bluetooth/system/btif/src/btif_dm.cc:620 bond_state_changed: clearing btif pairing_cb
05-30 10:24:54.380 E/bt_stack( 1324): [ERROR:bta_gattc_utils.cc(576)] bta_gattc_mark_bg_conn unable to find the bg connection mask for bd_addr=xx:xx:xx:xx:c0:69
05-30 10:24:54.380 W/bluetooth( 1324): packages/modules/Bluetooth/system/main/shim/acl.cc:189 Remove: Unknown device being removed from acceptlist:e4:bb:d3:57:c0:69[PUBLIC_DEVICE_ADDRESS]
05-30 10:24:54.380 W/bluetooth( 1324): packages/modules/Bluetooth/system/gd/hci/acl_manager/le_impl.h:821 remove_device_from_connect_list: Device not in acceptlist and cannot be removed:e4:bb:d3:57:c0:69[PUBLIC_DEVICE_ADDRESS]
05-30 10:24:54.381 I/BluetoothBondStateMachine( 1324): bondStateChangeCallback: Status: 0 Address: XX:XX:XX:XX:C0:69 newState: 1 hciReason: 0
05-30 10:24:54.381 I/BluetoothBondStateMachine( 1324): bondStateChangeCallback: Status: 1 Address: XX:XX:XX:XX:C0:69 newState: 0 hciReason: 1
05-30 10:24:54.385 I/BluetoothBondStateMachine( 1324): Entering PendingCommandState State
05-30 10:24:54.390 D/BluetoothCompanionManager( 1324): register metadata listener: XX:XX:XX:XX:C0:69
05-30 10:24:54.390 D/BluetoothAdapter( 1324): addOnMetadataChangedListener()
05-30 10:24:54.394 I/BluetoothBondStateMachine( 1324): Bond State Change Intent:XX:XX:XX:XX:C0:69 BOND_NONE => BOND_BONDING
05-30 10:24:54.396 D/FastPairService( 745): onReceive: ACTION_BOND_STATE_CHANGED
05-30 10:24:54.398 D/AdapterProperties( 1324): Failed to remove device: XX:XX:XX:XX:C0:69
05-30 10:24:54.398 D/BluetoothRemoteDevices( 1324): removeDualDevicesMapXX:XX:XX:XX:C0:69
05-30 10:24:54.401 D/BluetoothDatabase( 1324): updateDatabase XX:XX:XX:XX:C0:69
05-30 10:24:54.401 D/A2dpService( 1324): Bond state changed for device: XX:XX:XX:XX:C0:69 state: 11
05-30 10:24:54.401 D/HearingAidService( 1324): Bond state changed for device: XX:XX:XX:XX:C0:69 state: 11
05-30 10:24:54.403 I/dangbei111( 1911): cccccc on receiver=android.bluetooth.device.action.BOND_STATE_CHANGED,mac=E4:BB:D3:57:C0:69
05-30 10:24:54.403 I/dangbei111( 1911): Wait for auto connection, processBondStateChange: bondState: 10 --> 11
05-30 10:24:54.403 D/BluetoothRemoteDevices( 1324): mDualDevicesMap not have E4:BB:D3:57:C0:69
05-30 10:24:54.407 D/BluetoothCompanionManager( 1324): remove metadata listener: XX:XX:XX:XX:C0:69
05-30 10:24:54.407 D/BluetoothAdapter( 1324): removeOnMetadataChangedListener()
05-30 10:24:54.410 I/BLE_Service( 1332): BOND STATE CHANGED [Dangbei] - was 10, now is 11
05-30 10:24:54.415 I/BluetoothBondStateMachine( 1324): Bond State Change Intent:XX:XX:XX:XX:C0:69 BOND_BONDING => BOND_NONE
05-30 10:24:54.415 W/HeadsetClientService( 1324): getHeadsetClientService(): service is null
05-30 10:24:54.415 W/PbapClientService( 1324): getPbapClientService(): service is null
05-30 10:24:54.415 V/BluetoothDatabase( 1324): setProfileConnectionPolicy connection policy not changed.
05-30 10:24:54.415 D/A2dpService( 1324): Saved connectionPolicy XX:XX:XX:XX:C0:69 = -1
05-30 10:24:54.415 V/BluetoothDatabase( 1324): setProfileConnectionPolicy connection policy not changed.
05-30 10:24:54.415 I/HeadsetService( 1324): setConnectionPolicy: device=XX:XX:XX:XX:C0:69, connectionPolicy=-1, uid/pid=1002/1324
05-30 10:24:54.415 V/BluetoothDatabase( 1324): setProfileConnectionPolicy connection policy not changed.
05-30 10:24:54.415 I/BluetoothBondStateMachine( 1324): StableState(): Entering Off State
05-30 10:24:54.417 D/FastPairService( 745): onReceive: ACTION_BOND_STATE_CHANGED
05-30 10:24:54.417 D/FastPairService( 745): Forget device detect
05-30 10:24:54.426 D/BluetoothDatabase( 1324): getCustomMeta: device XX:XX:XX:XX:C0:69 is not in cache
05-30 10:24:54.427 D/A2dpService( 1324): Bond state changed for device: XX:XX:XX:XX:C0:69 state: 10
05-30 10:24:54.430 D/HearingAidService( 1324): Bond state changed for device: XX:XX:XX:XX:C0:69 state: 10
05-30 10:24:54.430 E/dangbei111( 1911): cccccc 开始扫描
05-30 10:24:54.430 D/BluetoothAdapter( 1911): isLeEnabled(): ON
05-30 10:24:54.432 D/BluetoothAdapter( 1493): isLeEnabled(): ON
05-30 10:24:54.434 I/bt_stack( 1324): [INFO:le_scanning_manager.cc(155)] RegisterScanner in shim layer
05-30 10:24:54.434 D/BluetoothLeScanner( 1911): onScannerRegistered() - status=0 scannerId=1 mScannerId=0
05-30 10:24:54.435 I/bt_stack( 1324): [INFO:le_scanning_manager.cc(155)] RegisterScanner in shim layer
05-30 10:24:54.437 D/BluetoothLeScanner( 1493): onScannerRegistered() - status=0 scannerId=2 mScannerId=0
05-30 10:24:54.437 D/BluetoothDatabase( 1324): getCustomMeta: device XX:XX:XX:XX:C0:69 is not in cache
05-30 10:24:54.438 I/BLE_Service( 1332): BOND STATE CHANGED [Dangbei] - was 11, now is 10
05-30 10:24:54.439 D/ActivityAttributionService( 1324): notifyActivityAttributionInfo UID=1002 packageName=com.android.bluetooth deviceAddress=no_active_device_address
05-30 10:24:54.439 I/bt_btif ( 1324): packages/modules/Bluetooth/system/btif/src/bluetooth.cc:829 get_profile_interface: get_profile_interface: id = activity_attribution
05-30 10:24:54.439 I/bt_stack( 1324): [INFO:le_scanning_manager.cc(168)] Scan in shim layer started
05-30 10:24:54.439 I/bluetooth( 1324): packages/modules/Bluetooth/system/gd/hci/le_scanning_manager.cc:588 stop_scan: Scanning already stopped, return!
05-30 10:24:54.440 I/bt_stack( 1324): [INFO:le_scanning_manager.cc(168)] Scan in shim layer stopped
05-30 10:24:54.440 I/bt_stack( 1324): [INFO:le_scanning_manager.cc(346)] SetScanParameters in shim layer
05-30 10:24:54.440 I/bt_stack( 1324): [INFO:le_scanning_manager.cc(168)] Scan in shim layer started
05-30 10:24:54.440 I/bluetooth( 1324): packages/modules/Bluetooth/system/gd/hci/le_address_manager.cc:178 register_client: Client registered
05-30 10:24:54.440 I/bluetooth( 1324): packages/modules/Bluetooth/system/gd/hci/le_address_manager.cc:193 unregister_client: Client unregistered
05-30 10:24:54.440 I/bluetooth( 1324): packages/modules/Bluetooth/system/gd/hci/le_scanning_manager.cc:588 stop_scan: Scanning already stopped, return!
05-30 10:24:54.440 I/bluetooth( 1324): packages/modules/Bluetooth/system/gd/hci/le_address_manager.cc:178 register_client: Client registered
05-30 10:24:54.443 D/ActivityAttributionService( 1324): notifyActivityAttributionInfo UID=1002 packageName=com.android.bluetooth deviceAddress=no_active_device_address
05-30 10:24:54.443 I/bt_btif ( 1324): packages/modules/Bluetooth/system/btif/src/bluetooth.cc:829 get_profile_interface: get_profile_interface: id = activity_attribution
05-30 10:24:54.447 I/dangbei111( 1911): cccccc on receiver=android.bluetooth.device.action.BOND_STATE_CHANGED,mac=E4:BB:D3:57:C0:69
05-30 10:24:54.447 I/dangbei111( 1911): Wait for auto connection, processBondStateChange: bondState: 11 --> 10
05-30 10:24:54.454 E/dangbei111( 1911): cccccc 开始扫描
05-30 10:24:54.454 D/BluetoothAdapter( 1911): isLeEnabled(): ON
05-30 10:24:54.459 D/BluetoothAdapter( 1493): isLeEnabled(): ON
05-30 10:24:54.461 I/bt_stack( 1324): [INFO:le_scanning_manager.cc(155)] RegisterScanner in shim layer
05-30 10:24:54.462 D/BluetoothDatabase( 1324): getCustomMeta: device XX:XX:XX:XX:C0:69 is not in cache
05-30 10:24:54.462 D/BluetoothLeScanner( 1493): onScannerRegistered() - status=0 scannerId=3 mScannerId=0
05-30 10:24:54.466 D/ActivityAttributionService( 1324): notifyActivityAttributionInfo UID=1002 packageName=com.android.bluetooth deviceAddress=no_active_device_address
05-30 10:24:54.467 I/bt_btif ( 1324): packages/modules/Bluetooth/system/btif/src/bluetooth.cc:829 get_profile_interface: get_profile_interface: id = activity_attribution
05-30 10:24:54.470 D/BluetoothDatabase( 1324): getCustomMeta: device XX:XX:XX:XX:C0:69 is not in cache
05-30 10:24:54.472 W/BluetoothEventManager( 1124): showUnbondMessage: Not displaying any message for reason: 9
05-30 10:24:54.475 D/BluetoothDatabase( 1324): getCustomMeta: device XX:XX:XX:XX:C0:69 is not in cache
05-30 10:24:54.477 I/bt_btif_dm( 1324): packages/modules/Bluetooth/system/btif/src/btif_dm.cc:695 btif_update_remote_properties: class of device (cod) is 0x00050c
05-30 10:24:54.480 W/BluetoothEventManager( 1332): showUnbondMessage: Not displaying any message for reason: 9
05-30 10:24:54.482 D/BluetoothDatabase( 1324): getCustomMeta: device XX:XX:XX:XX:C0:69 is not in cache
05-30 10:24:54.484 D/BluetoothAdapter( 1493): isLeEnabled(): ON
05-30 10:24:54.487 E/dangbei111( 1911): cccccc scan 得到的设备和状态 Dangbei E4:BB:D3:57:C0:69 10
05-30 10:24:54.489 E/dangbei111( 1911): cccccc 扫描到了设备 Dangbei E4:BB:D3:57:C0:69
05-30 10:24:54.491 D/BluetoothAdapter( 1493): isLeEnabled(): ON
05-30 10:24:54.491 D/BluetoothAdapter( 1493): isLeEnabled(): ON
05-30 10:24:54.493 E/dangbei111( 1911): cccccc cancelDiscovery begin
05-30 10:24:54.494 E/dangbei111( 1911): cccccc 停止扫描,开始配对或者连接
05-30 10:24:54.494 D/BluetoothAdapter( 1911): isLeEnabled(): ON
05-30 10:24:54.494 D/ActivityAttributionService( 1324): notifyActivityAttributionInfo UID=1002 packageName=com.android.bluetooth deviceAddress=no_active_device_address
05-30 10:24:54.494 I/bt_btif ( 1324): packages/modules/Bluetooth/system/btif/src/bluetooth.cc:829 get_profile_interface: get_profile_interface: id = activity_attribution
05-30 10:24:54.497 D/ActivityAttributionService( 1324): notifyActivityAttributionInfo UID=1002 packageName=com.android.bluetooth deviceAddress=no_active_device_address
05-30 10:24:54.497 I/bt_btif ( 1324): packages/modules/Bluetooth/system/btif/src/bluetooth.cc:829 get_profile_interface: get_profile_interface: id = activity_attribution
05-30 10:24:54.499 I/bt_stack( 1324): [INFO:le_scanning_manager.cc(162)] Unregister in shim layer, scanner_id:2
05-30 10:24:54.500 D/BluetoothAdapter( 1493): isLeEnabled(): ON
05-30 10:24:54.500 I/bt_btif_dm( 1324): packages/modules/Bluetooth/system/btif/src/btif_dm.cc:695 btif_update_remote_properties: class of device (cod) is 0x00050c
05-30 10:24:54.502 I/bt_stack( 1324): [INFO:le_scanning_manager.cc(162)] Unregister in shim layer, scanner_id:1
05-30 10:24:54.502 E/dangbei111( 1911): bondOrConnect state=10
05-30 10:24:54.505 E/dangbei111( 1911): cccccc 开始配对 Dangbei E4:BB:D3:57:C0:69
05-30 10:24:54.505 D/ActivityAttributionService( 1324): notifyActivityAttributionInfo UID=1002 packageName=com.android.bluetooth deviceAddress=no_active_device_address
05-30 10:24:54.506 I/bt_btif ( 1324): packages/modules/Bluetooth/system/btif/src/bluetooth.cc:829 get_profile_interface: get_profile_interface: id = activity_attribution
05-30 10:24:54.506 I/bt_stack( 1324): [INFO:le_scanning_manager.cc(168)] Scan in shim layer stopped
05-30 10:24:54.507 I/bluetooth( 1324): packages/modules/Bluetooth/system/gd/hci/le_address_manager.cc:193 unregister_client: Client unregistered
05-30 10:24:54.509 I/bt_stack( 1324): [INFO:le_scanning_manager.cc(162)] Unregister in shim layer, scanner_id:3
05-30 10:24:54.510 I/bt_btif_dm( 1324): packages/modules/Bluetooth/system/btif/src/btif_dm.cc:2470 btif_dm_cancel_discovery: Cancel search
05-30 10:24:54.511 I/bluetooth( 1324): packages/modules/Bluetooth/system/bta/dm/bta_dm_main.cc:96 bta_dm_search_sm_execute: state:BTA_DM_SEARCH_IDLE, event:BTA_DM_API_SEARCH_CANCEL_EVT[0x201]
05-30 10:24:54.513 I/BluetoothBondStateMachine( 1324): Bond address is:XX:XX:XX:XX:C0:69
05-30 10:24:54.514 E/dangbei111( 1911): cccccc 配对结果 true Dangbei E4:BB:D3:57:C0:69
05-30 10:24:54.514 I/bt_btif_dm( 1324): packages/modules/Bluetooth/system/btif/src/btif_dm.cc:489 get_cod: get_cod remote_cod = 0x0000050c
05-30 10:24:54.515 I/bt_btif_dm( 1324): packages/modules/Bluetooth/system/btif/src/btif_dm.cc:489 get_cod: get_cod remote_cod = 0x0000050c
05-30 10:24:54.515 I/bt_btif_dm( 1324): packages/modules/Bluetooth/system/btif/src/btif_dm.cc:489 get_cod: get_cod remote_cod = 0x0000050c
05-30 10:24:54.515 I/bt_btif_dm( 1324): packages/modules/Bluetooth/system/btif/src/btif_dm.cc:571 bond_state_changed: Bond state changed to state=1 [0:none, 1:bonding, 2:bonded], prev_state=0, sdp_attempts = 0
05-30 10:24:54.515 I/BluetoothBondStateMachine( 1324): bondStateChangeCallback: Status: 0 Address: XX:XX:XX:XX:C0:69 newState: 1 hciReason: 0
05-30 10:24:54.515 I/bluetooth( 1324): packages/modules/Bluetooth/system/stack/btm/btm_dev.cc:174 BTM_SecDeleteDevice: Remove device xx:xx:xx:xx:c0:69 from filter accept list before delete record
05-30 10:24:54.516 I/bluetooth( 1324): packages/modules/Bluetooth/system/stack/btm/btm_dev.cc:192 BTM_SecDeleteDevice: BTM_SecDeleteDevice xx:xx:xx:xx:c0:69 complete
05-30 10:24:54.516 I/bt_btif_dm( 1324): packages/modules/Bluetooth/system/btif/src/btif_dm.cc:489 get_cod: get_cod remote_cod = 0x0000050c
05-30 10:24:54.516 I/bt_btif_dm( 1324): packages/modules/Bluetooth/system/btif/src/btif_dm.cc:489 get_cod: get_cod remote_cod = 0x0000050c
05-30 10:24:54.516 I/bt_btif_dm( 1324): packages/modules/Bluetooth/system/btif/src/btif_dm.cc:571 bond_state_changed: Bond state changed to state=0 [0:none, 1:bonding, 2:bonded], prev_state=1, sdp_attempts = 0
05-30 10:24:54.516 E/BluetoothMetricIdManager( 1324): packages/modules/Bluetooth/system/gd/common/metric_id_manager.cc:190 ForgetDevice: Failed to remove device from paired_device_cache_
05-30 10:24:54.516 I/bt_btif_dm( 1324): packages/modules/Bluetooth/system/btif/src/btif_dm.cc:620 bond_state_changed: clearing btif pairing_cb
05-30 10:24:54.516 E/bt_stack( 1324): [ERROR:bta_gattc_utils.cc(576)] bta_gattc_mark_bg_conn unable to find the bg connection mask for bd_addr=xx:xx:xx:xx:c0:69
05-30 10:24:54.516 I/BluetoothBondStateMachine( 1324): bondStateChangeCallback: Status: 1 Address: XX:XX:XX:XX:C0:69 newState: 0 hciReason: 1
05-30 10:24:54.516 W/bluetooth( 1324): packages/modules/Bluetooth/system/main/shim/acl.cc:189 Remove: Unknown device being removed from acceptlist:e4:bb:d3:57:c0:69[PUBLIC_DEVICE_ADDRESS]
05-30 10:24:54.516 W/bluetooth( 1324): packages/modules/Bluetooth/system/gd/hci/acl_manager/le_impl.h:821 remove_device_from_connect_list: Device not in acceptlist and cannot be removed:e4:bb:d3:57:c0:69[PUBLIC_DEVICE_ADDRESS]
05-30 10:24:54.522 I/BluetoothBondStateMachine( 1324): Entering PendingCommandState State
05-30 10:24:54.526 I/system_server( 745): Background concurrent copying GC freed 302452(11MB) AllocSpace objects, 3(60KB) LOS objects, 49% free, 13MB/27MB, paused 704us,148us total 241.788ms
05-30 10:24:54.527 D/BluetoothCompanionManager( 1324): register metadata listener: XX:XX:XX:XX:C0:69
05-30 10:24:54.527 D/BluetoothAdapter( 1324): addOnMetadataChangedListener()
05-30 10:24:54.531 I/BluetoothBondStateMachine( 1324): Bond State Change Intent:XX:XX:XX:XX:C0:69 BOND_NONE => BOND_BONDING
05-30 10:24:54.531 D/FastPairService( 745): onReceive: ACTION_BOND_STATE_CHANGED
05-30 10:24:54.534 D/BluetoothDatabase( 1324): updateDatabase XX:XX:XX:XX:C0:69
05-30 10:24:54.534 D/AdapterProperties( 1324): Failed to remove device: XX:XX:XX:XX:C0:69
05-30 10:24:54.534 D/BluetoothRemoteDevices( 1324): removeDualDevicesMapXX:XX:XX:XX:C0:69
05-30 10:24:54.534 D/A2dpService( 1324): Bond state changed for device: XX:XX:XX:XX:C0:69 state: 11
05-30 10:24:54.535 D/HearingAidService( 1324): Bond state changed for device: XX:XX:XX:XX:C0:69 state: 11
05-30 10:24:54.537 D/BluetoothRemoteDevices( 1324): mDualDevicesMap not have E4:BB:D3:57:C0:69
05-30 10:24:54.538 D/BluetoothCompanionManager( 1324): remove metadata listener: XX:XX:XX:XX:C0:69
05-30 10:24:54.538 D/BluetoothAdapter( 1324): removeOnMetadataChangedListener()
05-30 10:24:54.540 I/dangbei111( 1911): cccccc on receiver=android.bluetooth.device.action.BOND_STATE_CHANGED,mac=E4:BB:D3:57:C0:69
05-30 10:24:54.540 I/dangbei111( 1911): Wait for auto connection, processBondStateChange: bondState: 10 --> 11
05-30 10:24:54.542 D/FastPairService( 745): onReceive: ACTION_BOND_STATE_CHANGED
05-30 10:24:54.542 D/FastPairService( 745): Forget device detect
05-30 10:24:54.544 I/BLE_Service( 1332): BOND STATE CHANGED [Dangbei] - was 10, now is 11
05-30 10:24:54.546 D/A2dpService( 1324): Bond state changed for device: XX:XX:XX:XX:C0:69 state: 10
05-30 10:24:54.547 I/BluetoothBondStateMachine( 1324): Bond State Change Intent:XX:XX:XX:XX:C0:69 BOND_BONDING => BOND_NONE
05-30 10:24:54.547 W/HeadsetClientService( 1324): getHeadsetClientService(): service is null
05-30 10:24:54.547 W/PbapClientService( 1324): getPbapClientService(): service is null
05-30 10:24:54.547 D/HearingAidService( 1324): Bond state changed for device: XX:XX:XX:XX:C0:69 state: 10
05-30 10:24:54.547 D/A2dpService( 1324): Saved connectionPolicy XX:XX:XX:XX:C0:69 = -1
05-30 10:24:54.548 I/HeadsetService( 1324): setConnectionPolicy: device=XX:XX:XX:XX:C0:69, connectionPolicy=-1, uid/pid=1002/1324
05-30 10:24:54.548 D/BluetoothDatabase( 1324): getCustomMeta: device XX:XX:XX:XX:C0:69 is not in cache
05-30 10:24:54.548 I/BluetoothBondStateMachine( 1324): StableState(): Entering Off State
05-30 10:24:54.552 E/dangbei111( 1911): cccccc 开始扫描
05-30 10:24:54.552 D/BluetoothAdapter( 1911): isLeEnabled(): ON
05-30 10:24:54.554 I/bt_stack( 1324): [INFO:le_scanning_manager.cc(155)] RegisterScanner in shim layer
05-30 10:24:54.555 D/BluetoothLeScanner( 1911): onScannerRegistered() - status=0 scannerId=1 mScannerId=0
05-30 10:24:54.557 D/BluetoothDatabase( 1324): getCustomMeta: device XX:XX:XX:XX:C0:69 is not in cache
05-30 10:24:54.558 D/ActivityAttributionService( 1324): notifyActivityAttributionInfo UID=1002 packageName=com.android.bluetooth deviceAddress=no_active_device_address
05-30 10:24:54.559 I/bt_btif ( 1324): packages/modules/Bluetooth/system/btif/src/bluetooth.cc:829 get_profile_interface: get_profile_interface: id = activity_attribution
05-30 10:24:54.559 I/bt_stack( 1324): [INFO:le_scanning_manager.cc(168)] Scan in shim layer started
05-30 10:24:54.559 I/bluetooth( 1324): packages/modules/Bluetooth/system/gd/hci/le_scanning_manager.cc:588 stop_scan: Scanning already stopped, return!
05-30 10:24:54.559 I/bt_stack( 1324): [INFO:le_scanning_manager.cc(168)] Scan in shim layer stopped
05-30 10:24:54.559 I/bt_stack( 1324): [INFO:le_scanning_manager.cc(346)] SetScanParameters in shim layer
05-30 10:24:54.559 I/bt_stack( 1324): [INFO:le_scanning_manager.cc(168)] Scan in shim layer started
05-30 10:24:54.559 I/bluetooth( 1324): packages/modules/Bluetooth/system/gd/hci/le_address_manager.cc:178 register_client: Client registered
05-30 10:24:54.559 I/bluetooth( 1324): packages/modules/Bluetooth/system/gd/hci/le_address_manager.cc:193 unregister_client: Client unregistered
05-30 10:24:54.559 I/bluetooth( 1324): packages/modules/Bluetooth/system/gd/hci/le_scanning_manager.cc:588 stop_scan: Scanning already stopped, return!
05-30 10:24:54.559 I/bluetooth( 1324): packages/modules/Bluetooth/system/gd/hci/le_address_manager.cc:178 register_client: Client registered
05-30 10:24:54.560 D/BluetoothAdapter( 1493): isLeEnabled(): ON
05-30 10:24:54.561 I/BLE_Service( 1332): BOND STATE CHANGED [Dangbei] - was 11, now is 10
05-30 10:24:54.562 D/BluetoothDatabase( 1324): getCustomMeta: device XX:XX:XX:XX:C0:69 is not in cache
05-30 10:24:54.563 I/bt_stack( 1324): [INFO:le_scanning_manager.cc(155)] RegisterScanner in shim layer
05-30 10:24:54.564 D/BluetoothLeScanner( 1493): onScannerRegistered() - status=0 scannerId=2 mScannerId=0
05-30 10:24:54.566 I/dangbei111( 1911): cccccc on receiver=android.bluetooth.device.action.BOND_STATE_CHANGED,mac=E4:BB:D3:57:C0:69
05-30 10:24:54.566 I/dangbei111( 1911): Wait for auto connection, processBondStateChange: bondState: 11 --> 10
05-30 10:24:54.567 D/ActivityAttributionService( 1324): notifyActivityAttributionInfo UID=1002 packageName=com.android.bluetooth deviceAddress=no_active_device_address
05-30 10:24:54.567 I/bt_btif ( 1324): packages/modules/Bluetooth/system/btif/src/bluetooth.cc:829 get_profile_interface: get_profile_interface: id = activity_attribution
05-30 10:24:54.570 D/BluetoothDatabase( 1324): getCustomMeta: device XX:XX:XX:XX:C0:69 is not in cache
05-30 10:24:54.572 E/dangbei111( 1911): cccccc 开始扫描
05-30 10:24:54.572 D/BluetoothAdapter( 1911): isLeEnabled(): ON
05-30 10:24:54.574 W/BluetoothEventManager( 1124): showUnbondMessage: Not displaying any message for reason: 9
05-30 10:24:54.575 D/BluetoothDatabase( 1324): getCustomMeta: device XX:XX:XX:XX:C0:69 is not in cache
05-30 10:24:54.578 D/BluetoothAdapter( 1493): isLeEnabled(): ON
05-30 10:24:54.581 I/bt_stack( 1324): [INFO:le_scanning_manager.cc(155)] RegisterScanner in shim layer
05-30 10:24:54.582 D/BluetoothLeScanner( 1493): onScannerRegistered() - status=0 scannerId=3 mScannerId=0
05-30 10:24:54.585 D/BluetoothDatabase( 1324): getCustomMeta: device XX:XX:XX:XX:C0:69 is not in cache
05-30 10:24:54.585 D/ActivityAttributionService( 1324): notifyActivityAttributionInfo UID=1002 packageName=com.android.bluetooth deviceAddress=no_active_device_address
05-30 10:24:54.585 I/bt_btif ( 1324): packages/modules/Bluetooth/system/btif/src/bluetooth.cc:829 get_profile_interface: get_profile_interface: id = activity_attribution
05-30 10:24:54.587 W/BluetoothEventManager( 1332): showUnbondMessage: Not displaying any message for reason: 9
05-30 10:24:54.588 D/BluetoothDatabase( 1324): getCustomMeta: device XX:XX:XX:XX:C0:69 is not in cache
05-30 10:24:54.592 D/BluetoothAdapter( 1493): isLeEnabled(): ON
05-30 10:24:54.598 D/BluetoothAdapter( 1493): isLeEnabled(): ON
05-30 10:24:54.763 I/bt_btif_dm( 1324): packages/modules/Bluetooth/system/btif/src/btif_dm.cc:695 btif_update_remote_properties: class of device (cod) is 0x00050c
05-30 10:24:54.766 D/BluetoothAdapter( 1493): isLeEnabled(): ON
05-30 10:24:54.769 E/dangbei111( 1911): cccccc scan 得到的设备和状态 Dangbei E4:BB:D3:57:C0:69 10
05-30 10:24:54.770 D/ActivityAttributionService( 1324): notifyActivityAttributionInfo UID=1002 packageName=com.android.bluetooth deviceAddress=no_active_device_address
05-30 10:24:54.770 I/bt_btif ( 1324): packages/modules/Bluetooth/system/btif/src/bluetooth.cc:829 get_profile_interface: get_profile_interface: id = activity_attribution
05-30 10:24:54.771 E/dangbei111( 1911): cccccc 扫描到了设备 Dangbei E4:BB:D3:57:C0:69
05-30 10:24:54.772 I/bt_stack( 1324): [INFO:le_scanning_manager.cc(162)] Unregister in shim layer, scanner_id:2
05-30 10:24:54.774 D/BluetoothAdapter( 1493): isLeEnabled(): ON
05-30 10:24:54.776 E/dangbei111( 1911): cccccc cancelDiscovery begin
05-30 10:24:54.778 E/dangbei111( 1911): cccccc 停止扫描,开始配对或者连接
05-30 10:24:54.778 D/BluetoothAdapter( 1911): isLeEnabled(): ON
05-30 10:24:54.778 D/ActivityAttributionService( 1324): notifyActivityAttributionInfo UID=1002 packageName=com.android.bluetooth deviceAddress=no_active_device_address
05-30 10:24:54.778 I/bt_btif ( 1324): packages/modules/Bluetooth/system/btif/src/bluetooth.cc:829 get_profile_interface: get_profile_interface: id = activity_attribution
05-30 10:24:54.781 D/ActivityAttributionService( 1324): notifyActivityAttributionInfo UID=1002 packageName=com.android.bluetooth deviceAddress=no_active_device_address
05-30 10:24:54.781 I/bt_btif ( 1324): packages/modules/Bluetooth/system/btif/src/bluetooth.cc:829 get_profile_interface: get_profile_interface: id = activity_attribution
05-30 10:24:54.781 I/bt_stack( 1324): [INFO:le_scanning_manager.cc(168)] Scan in shim layer stopped
05-30 10:24:54.782 I/bluetooth( 1324): packages/modules/Bluetooth/system/gd/hci/le_address_manager.cc:193 unregister_client: Client unregistered
05-30 10:24:54.783 I/bt_stack( 1324): [INFO:le_scanning_manager.cc(162)] Unregister in shim layer, scanner_id:3
05-30 10:24:54.785 I/bt_stack( 1324): [INFO:le_scanning_manager.cc(162)] Unregister in shim layer, scanner_id:1
05-30 10:24:54.785 E/dangbei111( 1911): bondOrConnect state=10
05-30 10:24:54.787 E/dangbei111( 1911): cccccc 开始配对 Dangbei E4:BB:D3:57:C0:69
05-30 10:24:54.790 I/bt_btif_dm( 1324): packages/modules/Bluetooth/system/btif/src/btif_dm.cc:2470 btif_dm_cancel_discovery: Cancel search
05-30 10:24:54.791 I/bluetooth( 1324): packages/modules/Bluetooth/system/bta/dm/bta_dm_main.cc:96 bta_dm_search_sm_execute: state:BTA_DM_SEARCH_IDLE, event:BTA_DM_API_SEARCH_CANCEL_EVT[0x201]
05-30 10:24:54.791 I/BluetoothBondStateMachine( 1324): Bond address is:XX:XX:XX:XX:C0:69
05-30 10:24:54.793 E/dangbei111( 1911): cccccc 配对结果 true Dangbei E4:BB:D3:57:C0:69
05-30 10:24:54.794 I/bt_btif_dm( 1324): packages/modules/Bluetooth/system/btif/src/btif_dm.cc:489 get_cod: get_cod remote_cod = 0x0000050c
05-30 10:24:54.794 I/bt_btif_dm( 1324): packages/modules/Bluetooth/system/btif/src/btif_dm.cc:489 get_cod: get_cod remote_cod = 0x0000050c
05-30 10:24:54.794 I/bt_btif_dm( 1324): packages/modules/Bluetooth/system/btif/src/btif_dm.cc:489 get_cod: get_cod remote_cod = 0x0000050c
05-30 10:24:54.794 I/bt_btif_dm( 1324): packages/modules/Bluetooth/system/btif/src/btif_dm.cc:571 bond_state_changed: Bond state changed to state=1 [0:none, 1:bonding, 2:bonded], prev_state=0, sdp_attempts = 0
05-30 10:24:54.795 I/bluetooth( 1324): packages/modules/Bluetooth/system/stack/btm/btm_dev.cc:174 BTM_SecDeleteDevice: Remove device xx:xx:xx:xx:c0:69 from filter accept list before delete record
05-30 10:24:54.795 I/bluetooth( 1324): packages/modules/Bluetooth/system/stack/btm/btm_dev.cc:192 BTM_SecDeleteDevice: BTM_SecDeleteDevice xx:xx:xx:xx:c0:69 complete
05-30 10:24:54.795 I/bt_btif_dm( 1324): packages/modules/Bluetooth/system/btif/src/btif_dm.cc:489 get_cod: get_cod remote_cod = 0x0000050c
05-30 10:24:54.795 I/bt_btif_dm( 1324): packages/modules/Bluetooth/system/btif/src/btif_dm.cc:489 get_cod: get_cod remote_cod = 0x0000050c
05-30 10:24:54.795 I/bt_btif_dm( 1324): packages/modules/Bluetooth/system/btif/src/btif_dm.cc:571 bond_state_changed: Bond state changed to state=0 [0:none, 1:bonding, 2:bonded], prev_state=1, sdp_attempts = 0
05-30 10:24:54.795 E/BluetoothMetricIdManager( 1324): packages/modules/Bluetooth/system/gd/common/metric_id_manager.cc:190 ForgetDevice: Failed to remove device from paired_device_cache_
05-30 10:24:54.795 I/bt_btif_dm( 1324): packages/modules/Bluetooth/system/btif/src/btif_dm.cc:620 bond_state_changed: clearing btif pairing_cb
05-30 10:24:54.795 E/bt_stack( 1324): [ERROR:bta_gattc_utils.cc(576)] bta_gattc_mark_bg_conn unable to find the bg connection mask for bd_addr=xx:xx:xx:xx:c0:69
05-30 10:24:54.795 W/bluetooth( 1324): packages/modules/Bluetooth/system/main/shim/acl.cc:189 Remove: Unknown device being removed from acceptlist:e4:bb:d3:57:c0:69[PUBLIC_DEVICE_ADDRESS]
05-30 10:24:54.795 W/bluetooth( 1324): packages/modules/Bluetooth/system/gd/hci/acl_manager/le_impl.h:821 remove_device_from_connect_list: Device not in acceptlist and cannot be removed:e4:bb:d3:57:c0:69[PUBLIC_DEVICE_ADDRESS]
05-30 10:24:54.796 I/BluetoothBondStateMachine( 1324): bondStateChangeCallback: Status: 0 Address: XX:XX:XX:XX:C0:69 newState: 1 hciReason: 0
05-30 10:24:54.796 I/BluetoothBondStateMachine( 1324): bondStateChangeCallback: Status: 1 Address: XX:XX:XX:XX:C0:69 newState: 0 hciReason: 1
05-30 10:24:54.799 I/BluetoothBondStateMachine( 1324): Entering PendingCommandState State
05-30 10:24:54.804 D/BluetoothCompanionManager( 1324): register metadata listener: XX:XX:XX:XX:C0:69
05-30 10:24:54.804 D/BluetoothAdapter( 1324): addOnMetadataChangedListener()
05-30 10:24:54.809 I/BluetoothBondStateMachine( 1324): Bond State Change Intent:XX:XX:XX:XX:C0:69 BOND_NONE => BOND_BONDING
05-30 10:24:54.809 D/FastPairService( 745): onReceive: ACTION_BOND_STATE_CHANGED
05-30 10:24:54.813 D/AdapterProperties( 1324): Failed to remove device: XX:XX:XX:XX:C0:69
05-30 10:24:54.813 D/BluetoothRemoteDevices( 1324): removeDualDevicesMapXX:XX:XX:XX:C0:69
05-30 10:24:54.813 D/BluetoothDatabase( 1324): updateDatabase XX:XX:XX:XX:C0:69
05-30 10:24:54.813 I/dangbei111( 1911): cccccc on receiver=android.bluetooth.device.action.BOND_STATE_CHANGED,mac=E4:BB:D3:57:C0:69
05-30 10:24:54.814 I/dangbei111( 1911): Wait for auto connection, processBondStateChange: bondState: 10 --> 11
05-30 10:24:54.814 D/A2dpService( 1324): Bond state changed for device: XX:XX:XX:XX:C0:69 state: 11
05-30 10:24:54.815 D/BluetoothRemoteDevices( 1324): mDualDevicesMap not have E4:BB:D3:57:C0:69
05-30 10:24:54.816 I/BLE_Service( 1332): BOND STATE CHANGED [Dangbei] - was 10, now is 11
