05-30 10:21:17.399 I/vold ( 248): Encryption policy of /data/media/0 set to f659be8347ab1ae1aab3e1b333aabc93 v2 modes 1/4 flags 0xa
05-30 10:21:17.399 D/vold ( 248): Preparing: /data/misc_ce/0
05-30 10:21:17.400 I/ActivityManager( 745): Start proc 1812:android.ext.services/u0a58 for on-hold
05-30 10:21:17.400 V/WindowManager( 745): app ------------- force_land :0
05-30 10:21:17.401 I/vold ( 248): Encryption policy of /data/misc_ce/0 set to f659be8347ab1ae1aab3e1b333aabc93 v2 modes 1/4 flags 0xa
05-30 10:21:17.401 D/vold ( 248): Preparing: /data/user/0
05-30 10:21:17.401 V/WindowManager( 745): app ------------- force_land :0
05-30 10:21:17.401 I/vold ( 248): Verified that /data/user/0 has the encryption policy f659be8347ab1ae1aab3e1b333aabc93 v2 modes 1/4 flags 0xa
05-30 10:21:17.402 D/vold ( 248): Starting restorecon of /data/system_ce/0
05-30 10:21:17.406 I/ActivityManager( 745): com.android.tv.settings is exempt from freezer
05-30 10:21:17.407 D/CompatibilityChangeReporter( 745): Compat change id reported: 135634846; UID 1000; state: DISABLED
05-30 10:21:17.408 W/ActivityManager( 745): com.android.location.fused inode == 0 (b/152760674)
05-30 10:21:17.410 D/vold ( 248): Finished restorecon of /data/system_ce/0
05-30 10:21:17.410 D/vold ( 248): Starting restorecon of /data/vendor_ce/0
05-30 10:21:17.414 W/NotificationHistory( 745): Attempted to add notif for locked/gone/disabled user 0
05-30 10:21:17.422 D/vold ( 248): Finished restorecon of /data/vendor_ce/0
05-30 10:21:17.422 D/vold ( 248): Starting restorecon of /data/misc_ce/0
05-30 10:21:17.427 D/vold ( 248): Finished restorecon of /data/misc_ce/0
05-30 10:21:17.427 D/vold ( 248): /system/bin/vold_prepare_subdirs
05-30 10:21:17.427 D/vold ( 248): prepare
05-30 10:21:17.427 D/vold ( 248):
05-30 10:21:17.427 D/vold ( 248): 0
05-30 10:21:17.427 D/vold ( 248): 2
05-30 10:21:17.429 I/ActivityManager( 745): Start proc 1827:com.android.tv.settings/1000 for broadcast {com.android.tv.settings/com.android.tv.settings.users.UserSwitchListenerService$BootReceiver}
05-30 10:21:17.436 D/CompatibilityChangeReporter( 745): Compat change id reported: 168419799; UID 10058; state: DISABLED
05-30 10:21:17.436 D/CompatibilityChangeReporter( 745): Compat change id reported: 273564678; UID 10058; state: DISABLED
05-30 10:21:17.447 D/CompatibilityChangeReporter( 745): Compat change id reported: 170503758; UID 10058; state: ENABLED
05-30 10:21:17.488 D/CompatibilityChangeReporter( 745): Compat change id reported: 168419799; UID 1000; state: DISABLED
05-30 10:21:17.489 D/CompatibilityChangeReporter( 745): Compat change id reported: 273564678; UID 1000; state: DISABLED
05-30 10:21:17.517 D/CompatibilityChangeReporter( 745): Compat change id reported: 261072174; UID 1000; state: ENABLED
05-30 10:21:17.518 D/CompatibilityChangeReporter( 745): Compat change id reported: 265195908; UID 10058; state: ENABLED
05-30 10:21:17.524 V/UserDataPreparer( 745): Found /data/user/0 with serial number 0
05-30 10:21:17.524 V/UserDataPreparer( 745): Found /data/system_ce/0 with serial number -1
05-30 10:21:17.524 D/UserDataPreparer( 745): Serial number missing on /data/system_ce/0; assuming current is valid
05-30 10:21:17.525 D/UserDataPreparer( 745): Setting property: sys.user.0.ce_available=true
05-30 10:21:17.527 D/SystemServerTiming( 745): reconcileAppsData-0
05-30 10:21:17.527 V/PackageManager( 745): reconcileAppsData for null u0 0x2 migrateAppData=true
05-30 10:21:17.528 W/PackageManager( 745): Skipping preparing app data for com.android.configinfrastructure
05-30 10:21:17.529 W/PackageManager( 745): Skipping preparing app data for com.android.appsearch
05-30 10:21:17.529 W/PackageManager( 745): Skipping preparing app data for com.android.adservices
05-30 10:21:17.529 W/PackageManager( 745): Skipping preparing app data for com.android.scheduling
05-30 10:21:17.529 W/PackageManager( 745): Skipping preparing app data for com.google.android.widevine.nonupdatable
05-30 10:21:17.529 W/PackageManager( 745): Skipping preparing app data for com.android.permission
05-30 10:21:17.529 W/PackageManager( 745): Skipping preparing app data for com.android.art
05-30 10:21:17.529 W/PackageManager( 745): Skipping preparing app data for com.android.uwb
05-30 10:21:17.529 W/PackageManager( 745): Skipping preparing app data for com.android.tethering
05-30 10:21:17.529 W/PackageManager( 745): Skipping preparing app data for com.android.btservices
05-30 10:21:17.529 W/PackageManager( 745): Skipping preparing app data for com.android.media.swcodec
05-30 10:21:17.529 W/PackageManager( 745): Skipping preparing app data for com.android.conscrypt
05-30 10:21:17.530 W/PackageManager( 745): Skipping preparing app data for com.android.adbd
05-30 10:21:17.530 W/PackageManager( 745): Skipping preparing app data for com.android.i18n
05-30 10:21:17.530 W/PackageManager( 745): Skipping preparing app data for com.android.rkpd
05-30 10:21:17.530 W/PackageManager( 745): Skipping preparing app data for com.android.virt
05-30 10:21:17.530 W/PackageManager( 745): Skipping preparing app data for com.android.wifi
05-30 10:21:17.530 W/PackageManager( 745): Skipping preparing app data for com.android.runtime
05-30 10:21:17.530 W/PackageManager( 745): Skipping preparing app data for com.android.devicelock
05-30 10:21:17.530 W/PackageManager( 745): Skipping preparing app data for com.android.apex.cts.shim
05-30 10:21:17.530 W/PackageManager( 745): Skipping preparing app data for com.android.neuralnetworks
05-30 10:21:17.530 W/PackageManager( 745): Skipping preparing app data for com.android.healthfitness
05-30 10:21:17.530 W/PackageManager( 745): Skipping preparing app data for com.android.resolv
05-30 10:21:17.530 W/PackageManager( 745): Skipping preparing app data for com.android.sdkext
05-30 10:21:17.530 W/PackageManager( 745): Skipping preparing app data for com.android.tzdata
05-30 10:21:17.530 W/PackageManager( 745): Skipping preparing app data for com.android.vndk.v34
05-30 10:21:17.530 W/PackageManager( 745): Skipping preparing app data for com.android.os.statsd
05-30 10:21:17.530 W/PackageManager( 745): Skipping preparing app data for com.android.extservices
05-30 10:21:17.530 W/PackageManager( 745): Skipping preparing app data for com.amlogic.mediaextractor
05-30 10:21:17.530 W/PackageManager( 745): Skipping preparing app data for com.android.ipsec
05-30 10:21:17.530 W/PackageManager( 745): Skipping preparing app data for com.android.media
05-30 10:21:17.531 W/PackageManager( 745): Skipping preparing app data for com.android.sdksandbox
05-30 10:21:17.531 W/PackageManager( 745): Skipping preparing app data for com.android.mediaprovider
05-30 10:21:17.531 W/PackageManager( 745): Skipping preparing app data for com.android.ondevicepersonalization
05-30 10:21:17.531 W/UsageStatsService( 745): Failed to query usage stats for locked user 0
05-30 10:21:17.563 D/CompatibilityChangeReporter( 745): Compat change id reported: 161145287; UID 10058; state: ENABLED
05-30 10:21:17.569 V/NotificationAssistants( 745): 0 notification assistant service connected: ComponentInfo{android.ext.services/android.ext.services.notification.Assistant}
05-30 10:21:17.574 I/ExplicitHealthCheckController( 745): Explicit health check service is connected ComponentInfo{android.ext.services/android.ext.services.watchdog.ExplicitHealthCheckServiceImpl}
05-30 10:21:17.575 I/ExplicitHealthCheckController( 745): Service initialized, syncing requests
05-30 10:21:17.576 I/PackageWatchdog( 745): Syncing health check requests for packages: {}
05-30 10:21:17.576 D/ExplicitHealthCheckController( 745): Getting health check supported packages
05-30 10:21:17.584 I/ExplicitHealthCheckController( 745): Explicit health check supported packages [PackageConfig{com.android.networkstack, 86400000}]
05-30 10:21:17.584 D/PackageWatchdog( 745): Received supported packages [PackageConfig{com.android.networkstack, 86400000}]
05-30 10:21:17.584 D/ExplicitHealthCheckController( 745): Getting health check requested packages
05-30 10:21:17.591 I/ExplicitHealthCheckController( 745): Explicit health check requested packages []
05-30 10:21:17.591 I/ExplicitHealthCheckController( 745): No more health check requests, unbinding...
05-30 10:21:17.592 I/ExplicitHealthCheckController( 745): Explicit health check service is unbound
05-30 10:21:17.706 I/ActivityManager( 745): com.android.devicelockcontroller is exempt from freezer
05-30 10:21:17.706 D/CompatibilityChangeReporter( 745): Compat change id reported: 135634846; UID 10066; state: DISABLED
05-30 10:21:17.706 D/CompatibilityChangeReporter( 745): Compat change id reported: 177438394; UID 10066; state: DISABLED
05-30 10:21:17.706 D/CompatibilityChangeReporter( 745): Compat change id reported: 135772972; UID 10066; state: DISABLED
05-30 10:21:17.706 D/CompatibilityChangeReporter( 745): Compat change id reported: 135754954; UID 10066; state: ENABLED
05-30 10:21:17.707 D/CompatibilityChangeReporter( 745): Compat change id reported: 143937733; UID 10066; state: ENABLED
05-30 10:21:17.707 W/ActivityManager( 745): com.android.devicelockcontroller inode == 0 (b/152760674)
05-30 10:21:17.720 I/ActivityManager( 745): Start proc 1874:com.android.devicelockcontroller/u0a66 for broadcast {com.android.devicelockcontroller/com.android.devicelockcontroller.receivers.LockedBootCompletedReceiver}
05-30 10:21:17.754 D/CompatibilityChangeReporter( 745): Compat change id reported: 168419799; UID 10066; state: DISABLED
05-30 10:21:17.755 D/CompatibilityChangeReporter( 745): Compat change id reported: 273564678; UID 10066; state: DISABLED
05-30 10:21:17.759 D/CompatibilityChangeReporter( 745): Compat change id reported: 265195908; UID 10066; state: ENABLED
05-30 10:21:17.799 D/CompatibilityChangeReporter( 745): Compat change id reported: 170503758; UID 10066; state: ENABLED
05-30 10:21:17.839 I/DeviceLockControllerApplication( 1874): onCreate
05-30 10:21:17.843 I/DeviceStateControllerImpl( 1874): Starting state is 0
05-30 10:21:17.845 I/UserRestrictionsPolicyHandler( 1874): Build type DEBUG = false
05-30 10:21:17.858 I/DlcClient( 1874): Binding com.android.devicelockcontroller/.storage.SetupParametersService
05-30 10:21:17.864 D/CompatibilityChangeReporter( 745): Compat change id reported: 261072174; UID 10066; state: ENABLED
05-30 10:21:17.887 I/DeviceLockControllerApplication( 1874): Policies enforced
05-30 10:21:18.027 V/PackageManager( 745): reconcileAppsData finished 142 packages
05-30 10:21:18.028 I/ActivityManager( 745): User 0 state changed from RUNNING_LOCKED to RUNNING_UNLOCKING
05-30 10:21:18.029 D/ActivityManager( 745): Unlocking user 0 progress 20
05-30 10:21:18.030 W/Looper ( 745): Slow dispatch took 634ms android.fg h=android.os.Handler c=com.android.server.am.UserController$$ExternalSyntheticLambda2@b642831 m=0
05-30 10:21:18.030 D/SystemServerTimingAsync( 745): ssm.UnlockingUser-0
05-30 10:21:18.030 I/SystemServiceManager( 745): Calling onUnlockingUser 0
05-30 10:21:18.030 W/Looper ( 745): Slow delivery took 641ms android.fg h=android.os.Handler c=com.android.server.am.UserController$$ExternalSyntheticLambda9@4ca3b16 m=0
05-30 10:21:18.030 D/SystemServerTimingAsync( 745): ssm.onUnlockingUser-0_com.android.server.security.FileIntegrityService
05-30 10:21:18.030 D/SystemServerTimingAsync( 745): ssm.onUnlockingUser-0_com.android.server.pm.Installer
05-30 10:21:18.030 D/SystemServerTimingAsync( 745): ssm.onUnlockingUser-0_com.android.server.os.DeviceIdentifiersPolicyService
05-30 10:21:18.030 D/SystemServerTimingAsync( 745): ssm.onUnlockingUser-0_com.android.server.flags.FeatureFlagsService
05-30 10:21:18.030 D/SystemServerTimingAsync( 745): ssm.onUnlockingUser-0_com.android.server.uri.UriGrantsManagerService$Lifecycle
05-30 10:21:18.030 D/SystemServerTimingAsync( 745): ssm.onUnlockingUser-0_com.android.server.powerstats.PowerStatsService
05-30 10:21:18.030 D/SystemServerTimingAsync( 745): ssm.onUnlockingUser-0_com.android.server.permission.access.AccessCheckingService
05-30 10:21:18.030 D/SystemServerTimingAsync( 745): ssm.onUnlockingUser-0_com.android.server.wm.ActivityTaskManagerService$Lifecycle
05-30 10:21:18.030 D/SystemServerTimingAsync( 745): ssm.onUnlockingUser-0_com.android.server.am.ActivityManagerService$Lifecycle
05-30 10:21:18.030 D/SystemServerTimingAsync( 745): ssm.onUnlockingUser-0_com.android.server.pm.DataLoaderManagerService
05-30 10:21:18.030 D/SystemServerTimingAsync( 745): ssm.onUnlockingUser-0_com.android.server.power.PowerManagerService
05-30 10:21:18.030 D/SystemServerTimingAsync( 745): ssm.onUnlockingUser-0_com.android.server.power.ThermalManagerService
05-30 10:21:18.030 D/SystemServerTimingAsync( 745): ssm.onUnlockingUser-0_com.android.server.power.hint.HintManagerService
05-30 10:21:18.030 D/SystemServerTimingAsync( 745): ssm.onUnlockingUser-0_com.android.server.recoverysystem.RecoverySystemService$Lifecycle
05-30 10:21:18.030 D/SystemServerTimingAsync( 745): ssm.onUnlockingUser-0_com.android.server.lights.LightsService
05-30 10:21:18.030 D/SystemServerTimingAsync( 745): ssm.onUnlockingUser-0_com.android.server.display.DisplayManagerService
05-30 10:21:18.030 D/SystemServerTimingAsync( 745): ssm.onUnlockingUser-0_com.android.server.pm.verify.domain.DomainVerificationService
05-30 10:21:18.030 D/SystemServerTimingAsync( 745): ssm.onUnlockingUser-0_com.android.server.pm.PackageInstallerService$Lifecycle
05-30 10:21:18.030 D/SystemServerTimingAsync( 745): ssm.onUnlockingUser-0_com.android.server.pm.UserManagerService$LifeCycle
05-30 10:21:18.030 D/SystemServerTimingAsync( 745): ssm.onUnlockingUser-0_com.android.server.om.OverlayManagerService
05-30 10:21:18.030 D/SystemServerTimingAsync( 745): ssm.onUnlockingUser-0_com.android.server.resources.ResourcesManagerService
05-30 10:21:18.030 D/SystemServerTimingAsync( 745): ssm.onUnlockingUser-0_com.android.server.sensorprivacy.SensorPrivacyService
05-30 10:21:18.030 D/SystemServerTimingAsync( 745): ssm.onUnlockingUser-0_com.android.server.sensors.SensorService
05-30 10:21:18.030 D/SystemServerTimingAsync( 745): ssm.onUnlockingUser-0_com.android.server.SystemConfigService
05-30 10:21:18.030 D/SystemServerTimingAsync( 745): ssm.onUnlockingUser-0_com.android.server.BatteryService
05-30 10:21:18.030 D/SystemServerTimingAsync( 745): ssm.onUnlockingUser-0_com.android.server.usage.UsageStatsService
05-30 10:21:18.030 D/SystemServerTimingAsync( 745): ssm.onUnlockingUser-0_com.android.server.webkit.WebViewUpdateService
05-30 10:21:18.030 D/SystemServerTimingAsync( 745): ssm.onUnlockingUser-0_com.android.server.CachedDeviceStateService
05-30 10:21:18.030 D/SystemServerTimingAsync( 745): ssm.onUnlockingUser-0_com.android.server.BinderCallsStatsService$LifeCycle
05-30 10:21:18.030 D/SystemServerTimingAsync( 745): ssm.onUnlockingUser-0_com.android.server.LooperStatsService$Lifecycle
05-30 10:21:18.030 D/SystemServerTimingAsync( 745): ssm.onUnlockingUser-0_com.android.server.rollback.RollbackManagerService
05-30 10:21:18.031 D/SystemServerTimingAsync( 745): ssm.onUnlockingUser-0_com.android.server.os.NativeTombstoneManagerService
05-30 10:21:18.031 D/SystemServerTimingAsync( 745): ssm.onUnlockingUser-0_com.android.server.os.BugreportManagerService
05-30 10:21:18.031 D/SystemServerTimingAsync( 745): ssm.onUnlockingUser-0_com.android.server.gpu.GpuService
05-30 10:21:18.031 D/SystemServerTimingAsync( 745): ssm.onUnlockingUser-0_com.android.server.security.rkp.RemoteProvisioningService
05-30 10:21:18.031 D/SystemServerTimingAsync( 745): ssm.onUnlockingUser-0_com.android.server.security.KeyChainSystemService
05-30 10:21:18.031 D/SystemServerTimingAsync( 745): ssm.onUnlockingUser-0_com.android.server.BinaryTransparencyService
05-30 10:21:18.031 D/SystemServerTimingAsync( 745): ssm.onUnlockingUser-0_com.android.server.accounts.AccountManagerService$Lifecycle
05-30 10:21:18.031 D/SystemServerTimingAsync( 745): ssm.onUnlockingUser-0_com.android.server.content.ContentService$Lifecycle
05-30 10:21:18.031 D/SystemServerTimingAsync( 745): ssm.onUnlockingUser-0_com.android.server.deviceconfig.DeviceConfigInit$Lifecycle
05-30 10:21:18.031 D/SystemServerTimingAsync( 745): ssm.onUnlockingUser-0_com.android.server.DropBoxManagerService
05-30 10:21:18.031 D/SystemServerTimingAsync( 745): ssm.onUnlockingUser-0_com.android.role.RoleService
05-30 10:21:18.031 D/SystemServerTimingAsync( 745): ssm.onUnlockingUser-0_com.android.server.vibrator.VibratorManagerService$Lifecycle
05-30 10:21:18.031 I/BroadcastQueue( 745): BOOT_COMPLETED_BROADCAST_COMPLETION_LATENCY_REPORTED action:android.intent.action.LOCKED_BOOT_COMPLETED dispatchLatency:5 completeLatency:645 dispatchRealLatency:5 completeRealLatency:645 receiversSize:4 userId:0 userType:android.os.usertype.full.SYSTEM
05-30 10:21:18.031 D/SystemServerTimingAsync( 745): ssm.onUnlockingUser-0_com.android.server.tare.InternalResourceService
05-30 10:21:18.031 D/SystemServerTimingAsync( 745): ssm.onUnlockingUser-0_com.android.server.alarm.AlarmManagerService
05-30 10:21:18.031 D/SystemServerTimingAsync( 745): ssm.onUnlockingUser-0_com.android.server.devicestate.DeviceStateManagerService
05-30 10:21:18.031 D/SystemServerTimingAsync( 745): ssm.onUnlockingUser-0_com.android.server.camera.CameraServiceProxy
05-30 10:21:18.031 D/SystemServerTimingAsync( 745): ssm.onUnlockingUser-0_com.android.server.bluetooth.BluetoothService
05-30 10:21:18.031 D/SystemServerTimingAsync( 745): ssm.onUnlockingUser-0_com.android.server.connectivity.IpConnectivityMetrics
05-30 10:21:18.031 D/SystemServerTimingAsync( 745): ssm.onUnlockingUser-0_com.android.server.net.watchlist.NetworkWatchlistService$Lifecycle
05-30 10:21:18.031 D/SystemServerTimingAsync( 745): ssm.onUnlockingUser-0_com.android.server.PinnerService
05-30 10:21:18.031 D/SystemServerTimingAsync( 745): ssm.onUnlockingUser-0_com.android.server.integrity.AppIntegrityManagerService
05-30 10:21:18.031 D/SystemServerTimingAsync( 745): ssm.onUnlockingUser-0_com.android.server.logcat.LogcatManagerService
05-30 10:21:18.032 D/SystemServerTimingAsync( 745): ssm.onUnlockingUser-0_com.android.server.inputmethod.InputMethodManagerService$Lifecycle
05-30 10:21:18.032 D/SystemServerTimingAsync( 745): ssm.onUnlockingUser-0_com.android.server.accessibility.AccessibilityManagerService$Lifecycle
05-30 10:21:18.032 D/SystemServerTimingAsync( 745): ssm.onUnlockingUser-0_com.android.server.StorageManagerService$Lifecycle
05-30 10:21:18.032 D/StorageManagerService( 745): onUnlockUser 0
05-30 10:21:18.032 I/StorageSessionController( 745): On user unlock 0
05-30 10:21:18.032 I/StorageSessionController( 745): Initialialising...
05-30 10:21:18.032 W/Looper ( 745): Drained
05-30 10:21:18.034 I/vold ( 248): onUserStarted: 0
05-30 10:21:18.035 D/SystemServerTimingAsync( 745): ssm.onUnlockingUser-0_com.android.server.usage.StorageStatsService$Lifecycle
05-30 10:21:18.035 D/SystemServerTimingAsync( 745): ssm.onUnlockingUser-0_com.android.server.UiModeManagerService
05-30 10:21:18.035 D/SystemServerTimingAsync( 745): ssm.onUnlockingUser-0_com.android.server.locales.LocaleManagerService
05-30 10:21:18.035 D/SystemServerTimingAsync( 745): ssm.onUnlockingUser-0_com.android.server.grammaticalinflection.GrammaticalInflectionService
05-30 10:21:18.035 D/SystemServerTimingAsync( 745): ssm.onUnlockingUser-0_com.android.server.apphibernation.AppHibernationService
05-30 10:21:18.036 D/SystemServerTimingAsync( 745): ssm.onUnlockingUser-0_com.android.server.locksettings.LockSettingsService$Lifecycle
05-30 10:21:18.036 D/SystemServerTimingAsync( 745): ssm.onUnlockingUser-0_com.android.server.PersistentDataBlockService
05-30 10:21:18.036 D/SystemServerTimingAsync( 745): ssm.onUnlockingUser-0_com.android.server.testharness.TestHarnessModeService
05-30 10:21:18.036 D/SystemServerTimingAsync( 745): ssm.onUnlockingUser-0_com.android.server.oemlock.OemLockService
05-30 10:21:18.036 D/SystemServerTimingAsync( 745): ssm.onUnlockingUser-0_com.android.server.DeviceIdleController
05-30 10:21:18.036 D/SystemServerTimingAsync( 745): ssm.onUnlockingUser-0_com.android.server.devicepolicy.DevicePolicyManagerService$Lifecycle
05-30 10:21:18.036 I/HibernationStateDiskStore( 745): No hibernation file on disk for file /data/system_ce/0/hibernation/states
05-30 10:21:18.037 V/StorageManagerService( 745): Found primary storage at VolumeInfo{emulated;0}:
05-30 10:21:18.037 V/StorageManagerService( 745): type=EMULATED diskId=null partGuid= mountFlags=0 mountUserId=0
05-30 10:21:18.037 V/StorageManagerService( 745): state=UNMOUNTED
05-30 10:21:18.037 V/StorageManagerService( 745): fsType=null fsUuid=null fsLabel=null
05-30 10:21:18.037 V/StorageManagerService( 745): path=null internalPath=null
05-30 10:21:18.037 D/CompatibilityChangeReporter( 745): Compat change id reported: 253665015; UID 1000; state: ENABLED
05-30 10:21:18.037 D/CompatibilityChangeReporter( 745): Compat change id reported: 253665015; UID 1000; state: DISABLED
05-30 10:21:18.038 D/SystemServerTimingAsync( 745): ssm.onUnlockingUser-0_com.android.server.texttospeech.TextToSpeechManagerService
05-30 10:21:18.038 D/SystemServerTimingAsync( 745): ssm.onUnlockingUser-0_com.android.server.ambientcontext.AmbientContextManagerService
05-30 10:21:18.038 I/AmbientContextManagerService( 745): serviceNames sent in newServiceListLocked is null, or empty
05-30 10:21:18.038 D/SystemServerTimingAsync( 745): ssm.onUnlockingUser-0_com.android.server.wearable.WearableSensingManagerService
05-30 10:21:18.038 D/WearableSensingManagerService( 745): onServiceRemoved
05-30 10:21:18.038 D/WearableSensingManagerPerUserService( 745): Trying to cancel the remote request. Reason: Service destroyed.
05-30 10:21:18.039 D/SystemServerTimingAsync( 745): ssm.onUnlockingUser-0_com.android.server.speech.SpeechRecognitionManagerService
05-30 10:21:18.039 D/SystemServerTimingAsync( 745): ssm.onUnlockingUser-0_com.android.server.searchui.SearchUiManagerService
05-30 10:21:18.039 D/CompatibilityChangeReporter( 745): Compat change id reported: 194532703; UID 1000; state: ENABLED
05-30 10:21:18.039 D/CompatibilityChangeReporter( 745): Compat change id reported: 194532703; UID 1000; state: DISABLED
05-30 10:21:18.039 D/LockSettingsService( 745): Hiding encryption notification for user 0
05-30 10:21:18.039 I/StorageManagerService( 745): Mounting volume VolumeInfo{emulated;0}:
05-30 10:21:18.039 I/StorageManagerService( 745): type=EMULATED diskId=null partGuid= mountFlags=PRIMARY|VISIBLE_FOR_WRITE
05-30 10:21:18.039 I/StorageManagerService( 745): mountUserId=0 state=UNMOUNTED
05-30 10:21:18.039 I/StorageManagerService( 745): fsType=null fsUuid=null fsLabel=null
05-30 10:21:18.039 I/StorageManagerService( 745): path=null internalPath=null
05-30 10:21:18.041 I/vold ( 248): Mounting emulated fuse volume
05-30 10:21:18.042 W/InputMethodInfoUtils( 745): Found no fallback locale. imis=[InputMethodInfo{com.sohu.inputmethod.sogou.tv/.SogouIME, settings: com.sohu.inputmethod.sogou.SogouIMESettingsLauncher}]
05-30 10:21:18.044 D/SystemServerTimingAsync( 745): ssm.onUnlockingUser-0_com.android.server.smartspace.SmartspaceManagerService
05-30 10:21:18.044 D/SystemServerTimingAsync( 745): ssm.onUnlockingUser-0_com.android.server.graphics.fonts.FontManagerService$Lifecycle
05-30 10:21:18.044 D/SystemServerTimingAsync( 745): ssm.onUnlockingUser-0_com.android.server.textservices.TextServicesManagerService$Lifecycle
05-30 10:21:18.045 W/TextServicesManagerService( 745): no available spell checker services found
05-30 10:21:18.046 D/SystemServerTimingAsync( 745): ssm.onUnlockingUser-0_com.android.server.textclassifier.TextClassificationManagerService$Lifecycle
05-30 10:21:18.046 W/InputMethodInfoUtils( 745): No software keyboard is found. imis=[InputMethodInfo{com.sohu.inputmethod.sogou.tv/.SogouIME, settings: com.sohu.inputmethod.sogou.SogouIMESettingsLauncher}] systemLocale=zh_CN fallbackLocale=null
05-30 10:21:18.046 D/SystemServerTimingAsync( 745): ssm.onUnlockingUser-0_com.android.server.NetworkScoreService$Lifecycle
05-30 10:21:18.046 D/SystemServerTimingAsync( 745): ssm.onUnlockingUser-0_com.android.server.NetworkStatsServiceInitializer
05-30 10:21:18.046 D/SystemServerTimingAsync( 745): ssm.onUnlockingUser-0_com.android.server.wifi.WifiService
05-30 10:21:18.047 D/SystemServerTimingAsync( 745): ssm.onUnlockingUser-0_com.android.server.wifi.scanner.WifiScanningService
05-30 10:21:18.047 D/SystemServerTimingAsync( 745): ssm.onUnlockingUser-0_com.android.server.wifi.p2p.WifiP2pService
05-30 10:21:18.047 D/SystemServerTimingAsync( 745): ssm.onUnlockingUser-0_com.android.server.ConnectivityServiceInitializer
05-30 10:21:18.047 D/SystemServerTimingAsync( 745): ssm.onUnlockingUser-0_com.android.server.notification.NotificationManagerService
05-30 10:21:18.047 D/SystemServerTimingAsync( 745): ssm.onUnlockingUser-0_com.android.server.storage.DeviceStorageMonitorService
05-30 10:21:18.047 D/SystemServerTimingAsync( 745): ssm.onUnlockingUser-0_com.android.server.timedetector.TimeDetectorService$Lifecycle
05-30 10:21:18.047 D/SystemServerTimingAsync( 745): ssm.onUnlockingUser-0_com.android.server.location.LocationManagerService$Lifecycle
05-30 10:21:18.047 D/SystemServerTimingAsync( 745): ssm.onUnlockingUser-0_com.android.server.timezonedetector.TimeZoneDetectorService$Lifecycle
05-30 10:21:18.047 D/SystemServerTimingAsync( 745): ssm.onUnlockingUser-0_com.android.server.location.altitude.AltitudeService$Lifecycle
05-30 10:21:18.047 D/SystemServerTimingAsync( 745): ssm.onUnlockingUser-0_com.android.server.timezonedetector.location.LocationTimeZoneManagerService$Lifecycle
05-30 10:21:18.047 D/SystemServerTimingAsync( 745): ssm.onUnlockingUser-0_com.android.server.search.SearchManagerService$Lifecycle
05-30 10:21:18.047 D/SystemServerTimingAsync( 745): ssm.onUnlockingUser-0_com.android.server.wallpaper.WallpaperManagerService$Lifecycle
05-30 10:21:18.048 D/SystemServerTimingAsync( 745): ssm.onUnlockingUser-0_com.android.server.wallpapereffectsgeneration.WallpaperEffectsGenerationManagerService
05-30 10:21:18.048 D/SystemServerTimingAsync( 745): ssm.onUnlockingUser-0_com.android.server.audio.AudioService$Lifecycle
05-30 10:21:18.048 D/SystemServerTimingAsync( 745): ssm.onUnlockingUser-0_com.android.server.soundtrigger_middleware.SoundTriggerMiddlewareService$Lifecycle
05-30 10:21:18.048 D/SystemServerTimingAsync( 745): ssm.onUnlockingUser-0_com.android.server.adb.AdbService$Lifecycle
05-30 10:21:18.048 D/SystemServerTimingAsync( 745): ssm.onUnlockingUser-0_com.android.server.usb.UsbService$Lifecycle
05-30 10:21:18.049 W/BatteryExternalStatsWorker( 745): error reading modem stats:ERROR_PHONE_NOT_AVAILABLE
05-30 10:21:18.052 I/vold ( 248): Bind mounting /data/media to /mnt/pass_through/0/emulated
05-30 10:21:18.054 I/StorageSessionController( 745): On volume mount VolumeInfo{emulated;0}:
05-30 10:21:18.054 I/StorageSessionController( 745): type=EMULATED diskId=null partGuid= mountFlags=PRIMARY|VISIBLE_FOR_WRITE
05-30 10:21:18.054 I/StorageSessionController( 745): mountUserId=0 state=CHECKING
05-30 10:21:18.054 I/StorageSessionController( 745): fsType=null fsUuid=null fsLabel=null
05-30 10:21:18.054 I/StorageSessionController( 745): path=/storage/emulated internalPath=/data/media
05-30 10:21:18.055 I/StorageSessionController( 745): Creating connection for user: 0
05-30 10:21:18.055 W/BatteryExternalStatsWorker( 745): error reading Bluetooth stats: 11
05-30 10:21:18.055 I/StorageSessionController( 745): Creating and starting session with id: emulated;0
05-30 10:21:18.056 I/StorageUserConnection( 745): Binding to the ExternalStorageService for user 0
05-30 10:21:18.060 D/CompatibilityChangeReporter( 745): Compat change id reported: 135634846; UID 10060; state: DISABLED
05-30 10:21:18.061 D/CompatibilityChangeReporter( 745): Compat change id reported: 143937733; UID 10060; state: ENABLED
05-30 10:21:18.061 D/SystemServerTimingAsync( 745): ssm.onUnlockingUser-0_com.android.server.twilight.TwilightService
05-30 10:21:18.061 D/SystemServerTimingAsync( 745): ssm.onUnlockingUser-0_com.android.server.display.color.ColorDisplayService
05-30 10:21:18.061 D/SystemServerTimingAsync( 745): ssm.onUnlockingUser-0_com.android.server.job.JobSchedulerService
05-30 10:21:18.061 D/SystemServerTimingAsync( 745): ssm.onUnlockingUser-0_com.android.server.soundtrigger.SoundTriggerService
05-30 10:21:18.061 D/SystemServerTimingAsync( 745): ssm.onUnlockingUser-0_com.android.server.trust.TrustManagerService
05-30 10:21:18.061 D/SystemServerTimingAsync( 745): ssm.onUnlockingUser-0_com.android.server.backup.BackupManagerService$Lifecycle
05-30 10:21:18.062 D/SystemServerTimingAsync( 745): ssm.onUnlockingUser-0_com.android.server.appwidget.AppWidgetService
05-30 10:21:18.062 D/SystemServerTimingAsync( 745): ssm.onUnlockingUser-0_com.android.server.voiceinteraction.VoiceInteractionManagerService
05-30 10:21:18.066 I/StorageUserConnection( 745): Bound to the ExternalStorageService for user 0
05-30 10:21:18.066 W/VoiceInteractionManager( 745): no available voice recognition services found for user 0
05-30 10:21:18.067 D/SystemServerTimingAsync( 745): ssm.onUnlockingUser-0_com.android.server.GestureLauncherService
05-30 10:21:18.067 D/SystemServerTimingAsync( 745): ssm.onUnlockingUser-0_com.android.server.SensorNotificationService
05-30 10:21:18.067 D/SystemServerTimingAsync( 745): ssm.onUnlockingUser-0_com.android.server.emergency.EmergencyAffordanceService
05-30 10:21:18.067 D/SystemServerTimingAsync( 745): ssm.onUnlockingUser-0_com.android.server.blob.BlobStoreManagerService
05-30 10:21:18.067 D/SystemServerTimingAsync( 745): ssm.onUnlockingUser-0_com.android.server.dreams.DreamManagerService
05-30 10:21:18.067 D/SystemServerTimingAsync( 745): ssm.onUnlockingUser-0_com.android.server.security.AttestationVerificationManagerService
05-30 10:21:18.067 D/SystemServerTimingAsync( 745): ssm.onUnlockingUser-0_com.android.server.restrictions.RestrictionsManagerService
05-30 10:21:18.067 D/SystemServerTimingAsync( 745): ssm.onUnlockingUser-0_com.android.server.media.MediaSessionService
05-30 10:21:18.067 D/SystemServerTimingAsync( 745): ssm.onUnlockingUser-0_com.android.server.hdmi.HdmiControlService
05-30 10:21:18.067 D/SystemServerTimingAsync( 745): ssm.onUnlockingUser-0_com.android.server.tv.interactive.TvInteractiveAppManagerService
05-30 10:21:18.067 D/SystemServerTimingAsync( 745): ssm.onUnlockingUser-0_com.android.server.tv.TvInputManagerService
05-30 10:21:18.067 D/SystemServerTimingAsync( 745): ssm.onUnlockingUser-0_com.android.server.media.MediaResourceMonitorService
05-30 10:21:18.067 D/SystemServerTimingAsync( 745): ssm.onUnlockingUser-0_com.android.server.tv.TvRemoteService
05-30 10:21:18.067 D/SystemServerTimingAsync( 745): ssm.onUnlockingUser-0_com.android.server.biometrics.BiometricService
05-30 10:21:18.067 D/SystemServerTimingAsync( 745): ssm.onUnlockingUser-0_com.android.server.biometrics.AuthService
05-30 10:21:18.067 D/SystemServerTimingAsync( 745): ssm.onUnlockingUser-0_com.android.server.pm.ShortcutService$Lifecycle
05-30 10:21:18.070 D/SystemServerTimingAsync( 745): ssm.onUnlockingUser-0_com.android.server.pm.LauncherAppsService
05-30 10:21:18.070 D/SystemServerTimingAsync( 745): ssm.onUnlockingUser-0_com.android.server.pm.CrossProfileAppsService
05-30 10:21:18.070 D/SystemServerTimingAsync( 745): ssm.onUnlockingUser-0_com.android.server.people.PeopleService
05-30 10:21:18.070 D/SystemServerTimingAsync( 745): ssm.onUnlockingUser-0_com.android.server.media.metrics.MediaMetricsManagerService
05-30 10:21:18.070 D/SystemServerTimingAsync( 745): ssm.onUnlockingUser-0_com.android.server.pm.BackgroundInstallControlService
05-30 10:21:18.070 D/SystemServerTimingAsync( 745): ssm.onUnlockingUser-0_com.android.server.media.projection.MediaProjectionManagerService
05-30 10:21:18.070 D/SystemServerTimingAsync( 745): ssm.onUnlockingUser-0_com.android.server.slice.SliceManagerService$Lifecycle
05-30 10:21:18.070 D/SystemServerTimingAsync( 745): ssm.onUnlockingUser-0_com.android.server.stats.StatsCompanion$Lifecycle
05-30 10:21:18.070 D/SystemServerTimingAsync( 745): ssm.onUnlockingUser-0_com.android.server.scheduling.RebootReadinessManagerService$Lifecycle
05-30 10:21:18.070 D/SystemServerTimingAsync( 745): ssm.onUnlockingUser-0_com.android.server.stats.pull.StatsPullAtomService
05-30 10:21:18.070 D/SystemServerTimingAsync( 745): ssm.onUnlockingUser-0_com.android.server.stats.bootstrap.StatsBootstrapAtomService$Lifecycle
05-30 10:21:18.070 D/SystemServerTimingAsync( 745): ssm.onUnlockingUser-0_com.android.server.incident.IncidentCompanionService
05-30 10:21:18.070 D/SystemServerTimingAsync( 745): ssm.onUnlockingUser-0_com.android.server.sdksandbox.SdkSandboxManagerService$Lifecycle
05-30 10:21:18.071 D/SystemServerTimingAsync( 745): ssm.onUnlockingUser-0_com.android.server.adservices.AdServicesManagerService$Lifecycle
05-30 10:21:18.071 D/SystemServerTimingAsync( 745): ssm.onUnlockingUser-0_com.android.server.ondevicepersonalization.OnDevicePersonalizationSystemService$Lifecycle
05-30 10:21:18.071 D/SystemServerTimingAsync( 745): ssm.onUnlockingUser-0_com.android.server.autofill.AutofillManagerService
05-30 10:21:18.073 D/SystemServerTimingAsync( 745): ssm.onUnlockingUser-0_com.android.server.clipboard.ClipboardService
05-30 10:21:18.073 D/SystemServerTimingAsync( 745): ssm.onUnlockingUser-0_com.android.server.appbinding.AppBindingService$Lifecycle
05-30 10:21:18.073 W/AppBindingService( 745): [Default SMS app] u0 Target package not found
05-30 10:21:18.073 D/SystemServerTimingAsync( 745): ssm.onUnlockingUser-0_com.android.server.tracing.TracingServiceProxy
05-30 10:21:18.073 D/SystemServerTimingAsync( 745): ssm.onUnlockingUser-0_com.android.server.policy.PermissionPolicyService
05-30 10:21:18.073 D/SystemServerTimingAsync( 745): ssm.onUnlockingUser-0_com.android.server.pm.StagingManager$Lifecycle
05-30 10:21:18.073 D/SystemServerTimingAsync( 745): ssm.onUnlockingUser-0_com.android.server.app.GameManagerService$Lifecycle
05-30 10:21:18.073 D/SystemServerTimingAsync( 745): ssm.onUnlockingUser-0_com.android.safetycenter.SafetyCenterService
05-30 10:21:18.073 D/SystemServerTimingAsync( 745): ssm.onUnlockingUser-0_com.android.server.appsearch.AppSearchModule$Lifecycle
05-30 10:21:18.075 I/BackupManagerService( 745): Starting service for user: 0
05-30 10:21:18.075 V/ActivityThread( 1812): getPackageInfo() caused update to cached ApplicationInfo for package android.ext.services
05-30 10:21:18.076 V/BackupManagerService( 745): [UserID:0] Starting with transport com.android.localtransport/.LocalTransport
05-30 10:21:18.077 I/UsageStatsService( 745): Starting migration to system CE for user 0
05-30 10:21:18.079 D/BackupManagerService( 745): [UserID:0] Started thread backup-0
05-30 10:21:18.081 I/UsageStatsService( 745): Finished migration to system CE for user 0
05-30 10:21:18.087 D/SystemServerTimingAsync( 745): ssm.onUnlockingUser-0_com.android.server.media.MediaCommunicationService
05-30 10:21:18.087 D/SystemServerTimingAsync( 745): ssm.onUnlockingUser-0_com.android.server.compat.overrides.AppCompatOverridesService$Lifecycle
05-30 10:21:18.087 D/SystemServerTimingAsync( 745): ssm.onUnlockingUser-0_com.android.server.healthconnect.HealthConnectManagerService
05-30 10:21:18.087 D/SystemServerTimingAsync( 745): ssm.onUnlockingUser-0_com.android.server.devicelock.DeviceLockService
05-30 10:21:18.087 D/DeviceLockService( 745): onUserUnlocking
05-30 10:21:18.088 D/SystemServerTiming( 745): finishUserUnlocked-0
05-30 10:21:18.088 I/ActivityManager( 745): User 0 state changed from RUNNING_UNLOCKING to RUNNING_UNLOCKED
05-30 10:21:18.089 V/SystemServerTiming( 745): SystemUserUnlock took to complete: 702ms
05-30 10:21:18.089 I/Watchdog( 745): Interesting Java process com.android.providers.media.module started. Pid 1903
05-30 10:21:18.089 I/ActivityManager( 745): Start proc 1903:com.android.providers.media.module/u0a60 for service {com.android.providers.media.module/com.android.providers.media.fuse.ExternalStorageServiceImpl}
05-30 10:21:18.090 I/ActivityTaskManager( 745): Loading recents for user 0 into memory.
05-30 10:21:18.090 E/TaskPersister( 745): restoreTasksForUserLocked: Unable to list files from /data/system_ce/0/recent_tasks
05-30 10:21:18.090 V/PackageConfigPersister( 745): loadPackages: empty list files from /data/system_ce/0/package_configs
05-30 10:21:18.093 I/UsageStatsDatabase( 745): Upgrading from version 0 to 5
05-30 10:21:18.094 I/UsageStatsDatabase( 745): Deleting all usage stats files
05-30 10:21:18.098 I/ActivityManager( 745): com.dangbei.lerad.etna.haqu is exempt from freezer
05-30 10:21:18.099 D/CompatibilityChangeReporter( 745): Compat change id reported: 135634846; UID 1000; state: DISABLED
05-30 10:21:18.100 I/UsageStatsService( 745): User[0] Rollover scheduled @ 2025-05-31 10:21:18(1748658078082)
05-30 10:21:18.100 D/AppStandbyController( 745): Initializing defaults for system apps on user 0, appIdleEnabled=true
05-30 10:21:18.100 W/BroadcastLoopers( 745): Found previously unknown looper Thread[ActivityManager,5,main]
05-30 10:21:18.102 I/PreBootBroadcaster( 745): Pre-boot of {com.droidlogic/com.droidlogic.BootComplete} for user 0
05-30 10:21:18.116 V/NotificationAssistants( 745): disabling notification assistant for user 0: ComponentInfo{android.ext.services/android.ext.services.notification.Assistant}
05-30 10:21:18.116 D/NotificationListeners( 745): Removing active service ComponentInfo{android.ext.services/android.ext.services.notification.Assistant}
05-30 10:21:18.117 D/CompatibilityChangeReporter( 745): Compat change id reported: 261072174; UID 1002; state: ENABLED
05-30 10:21:18.120 V/NotificationAssistants( 745): enabling notification assistant for 0: ComponentInfo{android.ext.services/android.ext.services.notification.Assistant}
05-30 10:21:18.120 V/NotificationAssistants( 745): binding: Intent { act=android.service.notification.NotificationAssistantService cmp=android.ext.services/.notification.Assistant (has extras) }
05-30 10:21:18.152 W/ActivityManager( 745): Slow operation: 54ms so far, now at startProcess: done updating battery stats
05-30 10:21:18.153 W/ActivityManager( 745): Slow operation: 54ms so far, now at startProcess: building log message
05-30 10:21:18.153 I/ActivityManager( 745): Start proc 1911:com.dangbei.lerad.etna.haqu/1000 for added application com.dangbei.lerad.etna.haqu
05-30 10:21:18.153 W/ActivityManager( 745): Slow operation: 54ms so far, now at startProcess: starting to update pids map
05-30 10:21:18.153 W/ActivityManager( 745): Slow operation: 55ms so far, now at startProcess: done updating pids map
05-30 10:21:18.154 D/CompatibilityChangeReporter( 745): Compat change id reported: 168419799; UID 10060; state: DISABLED
05-30 10:21:18.155 D/CompatibilityChangeReporter( 745): Compat change id reported: 273564678; UID 10060; state: DISABLED
05-30 10:21:18.158 D/CompatibilityChangeReporter( 745): Compat change id reported: 161252188; UID 10049; state: DISABLED
05-30 10:21:18.161 D/CompatibilityChangeReporter( 745): Compat change id reported: 135634846; UID 10049; state: DISABLED
05-30 10:21:18.161 D/CompatibilityChangeReporter( 745): Compat change id reported: 177438394; UID 10049; state: DISABLED
05-30 10:21:18.161 D/CompatibilityChangeReporter( 745): Compat change id reported: 135772972; UID 10049; state: DISABLED
05-30 10:21:18.161 D/CompatibilityChangeReporter( 745): Compat change id reported: 135754954; UID 10049; state: ENABLED
05-30 10:21:18.162 D/CompatibilityChangeReporter( 745): Compat change id reported: 143937733; UID 10049; state: ENABLED
05-30 10:21:18.166 E/BackupPasswordManager( 745): Unable to read backup pw version
05-30 10:21:18.166 E/BackupPasswordManager( 745): Unable to read saved backup pw hash
05-30 10:21:18.167 D/CompatibilityChangeReporter( 745): Compat change id reported: 161145287; UID 1000; state: ENABLED
05-30 10:21:18.168 D/CompatibilityChangeReporter( 745): Compat change id reported: 161145287; UID 1000; state: DISABLED
05-30 10:21:18.171 D/CompatibilityChangeReporter( 745): Compat change id reported: 170503758; UID 10060; state: ENABLED
05-30 10:21:18.183 I/ActivityManager( 745): Start proc 1931:com.android.music/u0a49 for service {com.android.music/com.android.music.MediaPlaybackService}
05-30 10:21:18.200 W/ContextImpl( 1332): Calling a method in the system process without a qualified user: android.app.ContextImpl.startService:1899 android.content.ContextWrapper.startService:825 android.content.ContextWrapper.startService:825 com.droidlogic.BootComplete.onReceive:116 android.app.ActivityThread.handleReceiver:4494
05-30 10:21:18.202 V/BackupManagerConstants( 745): getKeyValueBackupIntervalMilliseconds(...) returns 14400000
05-30 10:21:18.204 W/ContextImpl( 1332): Calling a method in the system process without a qualified user: android.app.ContextImpl.startForegroundService:1905 android.content.ContextWrapper.startForegroundService:830 android.content.ContextWrapper.startForegroundService:830 com.droidlogic.BootComplete.onReceive:125 android.app.ActivityThread.handleReceiver:4494
05-30 10:21:18.205 V/BackupManagerConstants( 745): getKeyValueBackupFuzzMilliseconds(...) returns 600000
05-30 10:21:18.205 V/BackupManagerConstants( 745): getKeyValueBackupRequiredNetworkType(...) returns 1
05-30 10:21:18.205 V/BackupManagerConstants( 745): getKeyValueBackupRequireCharging(...) returns true
05-30 10:21:18.205 W/ActivityManager( 745): Unable to start service Intent { cmp=com.android.tv.mdnsoffloadcmd/.MdnsOffloadCmdService } U=0: not found
05-30 10:21:18.205 V/KeyValueBackupJob( 745): Scheduling k/v pass in 248 minutes
05-30 10:21:18.207 W/ContextImpl( 1332): Calling a method in the system process without a qualified user: android.app.ContextImpl.startService:1899 android.content.ContextWrapper.startService:825 android.content.ContextWrapper.startService:825 com.droidlogic.BootComplete.onReceive:127 android.app.ActivityThread.handleReceiver:4494
05-30 10:21:18.209 I/UsageStatsService( 745): User[0] Flushing usage stats to disk
05-30 10:21:18.210 W/ContextImpl( 1332): Calling a method in the system process without a qualified user: android.app.ContextImpl.startService:1899 android.content.ContextWrapper.startService:825 android.content.ContextWrapper.startService:825 com.droidlogic.BootComplete.onReceive:128 android.app.ActivityThread.handleReceiver:4494
05-30 10:21:18.211 V/BackupManagerService( 745): [UserID:0] No ancestral data
05-30 10:21:18.221 W/ContextImpl( 1332): Calling a method in the system process without a qualified user: android.app.ContextImpl.stopService:1911 android.content.ContextWrapper.stopService:835 android.content.ContextWrapper.stopService:835 com.droidlogic.BootComplete$2.onChange:276 com.droidlogic.BootComplete.updateDeveloperOptionsWatcher:283
05-30 10:21:18.229 D/CompatibilityChangeReporter( 745): Compat change id reported: 168419799; UID 10049; state: DISABLED
05-30 10:21:18.230 D/CompatibilityChangeReporter( 745): Compat change id reported: 273564678; UID 10049; state: DISABLED
05-30 10:21:18.230 W/ContextImpl( 1332): Calling a method in the system process without a qualified user: android.app.ContextImpl.startService:1899 android.content.ContextWrapper.startService:825 android.content.ContextWrapper.startService:825 com.droidlogic.BootComplete.onReceive:173 android.app.ActivityThread.handleReceiver:4494
05-30 10:21:18.238 I/PreBootBroadcaster( 745): Pre-boot of {com.droidlogic.mictoggle/com.droidlogic.mictoggle.AssistantMicMuteReceiver} for user 0
05-30 10:21:18.240 D/CompatibilityChangeReporter( 745): Compat change id reported: 271850009; UID 1000; state: ENABLED
05-30 10:21:18.241 D/CompatibilityChangeReporter( 745): Compat change id reported: 271850009; UID 1000; state: DISABLED
05-30 10:21:18.241 I/ActivityManager( 745): com.droidlogic.mictoggle is exempt from freezer
05-30 10:21:18.244 I/BackupManagerService( 745): isBackupEnabled() => false due to absent settings file
05-30 10:21:18.255 D/HDMI ( 745): addVendorCommandListener 1877008
05-30 10:21:18.255 D/BackupManagerService( 745): user:0 readBackupEnableState enabled:false
05-30 10:21:18.255 I/BackupManagerService( 745): [UserID:0] Backup enabled => false
05-30 10:21:18.271 I/MediaSessionStack( 745): addSession to bottom of stack | record: com.android.bluetooth/BluetoothMediaBrowserService (userId=0)
05-30 10:21:18.276 D/CompatibilityChangeReporter( 745): Compat change id reported: 218533173; UID 10058; state: ENABLED
05-30 10:21:18.276 D/CompatibilityChangeReporter( 745): Compat change id reported: 262645982; UID 10058; state: ENABLED
05-30 10:21:18.282 I/ActivityManager( 745): Start proc 1948:com.droidlogic.mictoggle/1000 for broadcast {com.droidlogic.mictoggle/com.droidlogic.mictoggle.AssistantMicMuteReceiver}
05-30 10:21:18.282 D/CompatibilityChangeReporter( 745): Compat change id reported: 218533173; UID 10049; state: DISABLED
05-30 10:21:18.282 D/CompatibilityChangeReporter( 745): Compat change id reported: 262645982; UID 10049; state: DISABLED
05-30 10:21:18.284 D/CompatibilityChangeReporter( 745): Compat change id reported: 218533173; UID 10060; state: ENABLED
05-30 10:21:18.284 D/CompatibilityChangeReporter( 745): Compat change id reported: 262645982; UID 10060; state: ENABLED
05-30 10:21:18.287 D/CompatibilityChangeReporter( 745): Compat change id reported: 265195908; UID 10060; state: ENABLED
05-30 10:21:18.291 D/CompatibilityChangeReporter( 745): Compat change id reported: 168419799; UID 1000; state: DISABLED
05-30 10:21:18.291 D/CompatibilityChangeReporter( 745): Compat change id reported: 273564678; UID 1000; state: DISABLED
05-30 10:21:18.295 W/Looper ( 745): Slow dispatch took 140ms main h=android.app.ActivityThread$H c=android.app.LoadedApk$ReceiverDispatcher$Args$$ExternalSyntheticLambda0@356acc7 m=0
05-30 10:21:18.299 V/NotificationAssistants( 745): 0 notification assistant service connected: ComponentInfo{android.ext.services/android.ext.services.notification.Assistant}
05-30 10:21:18.306 I/SyncManager( 745): Loaded persisted syncs: 0 periodic syncs, 0 oneshot syncs, 0 total system server jobs, JobStats: FirstLoad: 0/0/0 LastSave: 1/1/0
05-30 10:21:18.311 W/NotificationHistory( 745): Attempted to add notif for locked/gone/disabled user 0
05-30 10:21:18.320 D/SystemServerTiming( 745): getUserSwitchability-0
05-30 10:21:18.320 D/SystemServerTiming( 745): TM.isInCall
05-30 10:21:18.321 D/SystemServerTiming( 745): hasUserRestriction-DISALLOW_USER_SWITCH
05-30 10:21:18.321 D/SystemServerTiming( 745): getInt-ALLOW_USER_SWITCHING_WHEN_SYSTEM_USER_LOCKED
05-30 10:21:18.321 D/SystemServerTiming( 745): isUserUnlocked-USER_SYSTEM
05-30 10:21:18.324 D/SystemServerTiming( 745): getUserSwitchability-0
05-30 10:21:18.324 D/SystemServerTiming( 745): TM.isInCall
05-30 10:21:18.325 D/SystemServerTiming( 745): hasUserRestriction-DISALLOW_USER_SWITCH
05-30 10:21:18.325 D/SystemServerTiming( 745): getInt-ALLOW_USER_SWITCHING_WHEN_SYSTEM_USER_LOCKED
05-30 10:21:18.325 D/SystemServerTiming( 745): isUserUnlocked-USER_SYSTEM
05-30 10:21:18.326 D/CompatibilityChangeReporter( 745): Compat change id reported: 161252188; UID 1000; state: DISABLED
05-30 10:21:18.327 I/ActivityManager( 745): com.android.keychain is exempt from freezer
05-30 10:21:18.327 D/CompatibilityChangeReporter( 745): Compat change id reported: 135634846; UID 1000; state: DISABLED
05-30 10:21:18.330 D/CompatibilityChangeReporter( 745): Compat change id reported: 170503758; UID 10049; state: DISABLED
05-30 10:21:18.332 D/SystemServerTiming( 745): getUserSwitchability-0
05-30 10:21:18.332 D/SystemServerTiming( 745): TM.isInCall
05-30 10:21:18.333 D/SystemServerTiming( 745): hasUserRestriction-DISALLOW_USER_SWITCH
05-30 10:21:18.333 D/SystemServerTiming( 745): getInt-ALLOW_USER_SWITCHING_WHEN_SYSTEM_USER_LOCKED
05-30 10:21:18.333 D/SystemServerTiming( 745): isUserUnlocked-USER_SYSTEM
05-30 10:21:18.338 D/SystemServerTiming( 745): getUserSwitchability-0
05-30 10:21:18.338 D/SystemServerTiming( 745): TM.isInCall
05-30 10:21:18.338 D/SystemServerTiming( 745): hasUserRestriction-DISALLOW_USER_SWITCH
05-30 10:21:18.338 D/SystemServerTiming( 745): getInt-ALLOW_USER_SWITCHING_WHEN_SYSTEM_USER_LOCKED
05-30 10:21:18.338 D/SystemServerTiming( 745): isUserUnlocked-USER_SYSTEM
05-30 10:21:18.341 D/CompatibilityChangeReporter( 745): Compat change id reported: 168419799; UID 1000; state: DISABLED
05-30 10:21:18.341 D/CompatibilityChangeReporter( 745): Compat change id reported: 273564678; UID 1000; state: DISABLED
05-30 10:21:18.344 D/SystemServerTiming( 745): getUserSwitchability-0
05-30 10:21:18.344 D/SystemServerTiming( 745): TM.isInCall
05-30 10:21:18.344 D/SystemServerTiming( 745): hasUserRestriction-DISALLOW_USER_SWITCH
05-30 10:21:18.344 D/SystemServerTiming( 745): getInt-ALLOW_USER_SWITCHING_WHEN_SYSTEM_USER_LOCKED
05-30 10:21:18.344 D/SystemServerTiming( 745): isUserUnlocked-USER_SYSTEM
05-30 10:21:18.347 D/CompatibilityChangeReporter( 745): Compat change id reported: 261072174; UID 1000; state: ENABLED
05-30 10:21:18.352 D/SystemServerTiming( 745): getUserSwitchability-0
05-30 10:21:18.352 D/SystemServerTiming( 745): TM.isInCall
05-30 10:21:18.353 D/SystemServerTiming( 745): hasUserRestriction-DISALLOW_USER_SWITCH
05-30 10:21:18.353 D/SystemServerTiming( 745): getInt-ALLOW_USER_SWITCHING_WHEN_SYSTEM_USER_LOCKED
05-30 10:21:18.353 D/SystemServerTiming( 745): isUserUnlocked-USER_SYSTEM
05-30 10:21:18.355 D/CompatibilityChangeReporter( 745): Compat change id reported: 265195908; UID 10049; state: ENABLED
05-30 10:21:18.357 D/SystemServerTiming( 745): getUserSwitchability-0
05-30 10:21:18.357 D/SystemServerTiming( 745): TM.isInCall
05-30 10:21:18.358 D/SystemServerTiming( 745): hasUserRestriction-DISALLOW_USER_SWITCH
05-30 10:21:18.358 D/SystemServerTiming( 745): getInt-ALLOW_USER_SWITCHING_WHEN_SYSTEM_USER_LOCKED
05-30 10:21:18.358 D/SystemServerTiming( 745): isUserUnlocked-USER_SYSTEM
05-30 10:21:18.361 D/SystemServerTiming( 745): getUserSwitchability-0
05-30 10:21:18.361 D/SystemServerTiming( 745): TM.isInCall
05-30 10:21:18.361 D/SystemServerTiming( 745): hasUserRestriction-DISALLOW_USER_SWITCH
