05-30 10:23:47.657 I/SogouIME( 3087): onKeyUp: keyoCode=23
05-30 10:23:47.657 I/DefaultIMS( 3087): onKeyUp: keyoCode=23
05-30 10:23:47.658 I/TvSpecialKeyEventInterceptor( 3087): onKeyUp: onKeyDownConsume false onKeyUpConsume: false repeat: 0
05-30 10:23:47.658 I/fB ( 3087): onKeyClick: property=-36 code=-36 symbol=null
05-30 10:23:47.658 I/KeyEventTransfer( 3087): doKeyInput: property=-36 code=-36 text=null miniText=null
05-30 10:23:47.667 I/InputContext( 3087): onChanged: editComposing=
05-30 10:23:47.668 D/EnInputSession( 3087): getCandidateWords: count=0
05-30 10:23:47.669 I/InputContext( 3087): onChanged: candidateWords=[]
05-30 10:23:47.669 I/InputContext( 3087): onChanged: candidateWordInfo.size=0 global offset: 0pausedCandidateData = false
05-30 10:23:47.669 I/InputContext( 3087): onChanged: composing=null
05-30 10:23:47.669 I/InputContext( 3087): onChanged: forCompose=false
05-30 10:23:47.669 I/InputContext( 3087): onChanged: editComposing=
05-30 10:23:47.670 I/InputContext( 3087): onChanged: candidateWords=[]
05-30 10:23:47.670 I/InputContext( 3087): onChanged: candidateWordInfo.size=0 global offset: 0pausedCandidateData = false
05-30 10:23:47.670 I/SKeyEventInterpreter( 3087): handleFunctionKey: FUNC_RETURN
05-30 10:23:47.670 I/ImeTracker( 745): com.dangbei.hqguide:37458176: onRequestHide at ORIGIN_SERVER_HIDE_INPUT reason HIDE_SOFT_INPUT_FROM_IME
05-30 10:23:47.671 E/SpannableStringBuilder( 1493): SPAN_EXCLUSIVE_EXCLUSIVE spans cannot have a zero length
05-30 10:23:47.671 E/SpannableStringBuilder( 1493): SPAN_EXCLUSIVE_EXCLUSIVE spans cannot have a zero length
05-30 10:23:47.671 D/OomAdjuster( 745): Not killing cached processes
05-30 10:23:47.673 E/SpannableStringBuilder( 1493): SPAN_EXCLUSIVE_EXCLUSIVE spans cannot have a zero length
05-30 10:23:47.673 E/SpannableStringBuilder( 1493): SPAN_EXCLUSIVE_EXCLUSIVE spans cannot have a zero length
05-30 10:23:47.674 I/SogouIME( 3087): onFinishInputView:
05-30 10:23:47.674 I/DefaultIMS( 3087): onFinishInputView: false
05-30 10:23:47.684 D/EnInputSession( 3087): getCandidateWords: count=0
05-30 10:23:47.689 D/WindowManagerShell( 1124): TvPipController: onImeVisibilityChanged(), visible=false, height=0
05-30 10:23:47.697 D/EnInputSession( 3087): getCandidateWords: count=0
05-30 10:23:47.698 I/eJ ( 3087): handle Action on finish Input
05-30 10:23:47.698 I/PhysicalKeyHandler( 3087): resetPhysicalKeyboardStatus
05-30 10:23:47.707 W/WindowOnBackDispatcher( 1493): sendCancelIfRunning: isInProgress=falsecallback=ImeCallback=ImeOnBackInvokedCallback@62622405 Callback=android.window.IOnBackInvokedCallback$Stub$Proxy@6b7deaa
05-30 10:23:47.709 D/CoreBackPreview( 745): Window{958dc18 u0 com.dangbei.hqguide/com.dangbei.hqguide.main.MainActivity}: Setting back callback OnBackInvokedCallbackInfo{mCallback=android.window.IOnBackInvokedCallback$Stub$Proxy@60cc1bc, mPriority=0, mIsAnimationCallback=false}
05-30 10:23:47.902 I/ImeTracker( 1493): com.dangbei.hqguide:16998743: onRequestHide at ORIGIN_CLIENT_HIDE_SOFT_INPUT reason HIDE_SOFT_INPUT_BY_INSETS_API
05-30 10:23:47.904 I/ImeTracker( 745): com.dangbei.hqguide:16998743: onCancelled at PHASE_SERVER_SHOULD_HIDE
05-30 10:23:47.906 I/ImeTracker( 1493): com.dangbei.hqguide:37458176: onHidden
05-30 10:23:49.051 I/SogouIME( 3087): onKeyDown: keyoCode=20
05-30 10:23:49.051 I/DefaultIMS( 3087): onKeyDown: keyoCode=20
05-30 10:23:49.102 I/DefaultIMS( 3087): onStartInput attribute=android.view.inputmethod.EditorInfo@6f2ae22 restarting=false inputType: 0
05-30 10:23:49.134 D/hq ( 2214): NetWorkStateReceiver:::检查网络,并且持续更新 isConnect=false
05-30 10:23:49.161 I/SogouIME( 3087): onKeyUp: keyoCode=20
05-30 10:23:49.161 I/DefaultIMS( 3087): onKeyUp: keyoCode=20
05-30 10:23:49.506 I/SogouIME( 3087): onKeyDown: keyoCode=23
05-30 10:23:49.506 I/DefaultIMS( 3087): onKeyDown: keyoCode=23
05-30 10:23:49.609 I/SogouIME( 3087): onKeyUp: keyoCode=23
05-30 10:23:49.609 I/DefaultIMS( 3087): onKeyUp: keyoCode=23
05-30 10:23:49.612 I/WifiService( 745): disconnect uid=10029
05-30 10:23:49.612 E/WifiClientModeImpl[39734:wlan0]( 745): Error! unhandled message{ when=0 what=131145 arg1=2 target=com.android.wifi.x.com.android.internal.util.StateMachine$SmHandler }
05-30 10:23:49.617 W/WindowOnBackDispatcher( 1493): sendCancelIfRunning: isInProgress=falsecallback=android.view.ViewRootImpl$$ExternalSyntheticLambda17@8d00df9
05-30 10:23:49.618 D/CoreBackPreview( 745): Window{958dc18 u0 com.dangbei.hqguide/com.dangbei.hqguide.main.MainActivity}: Setting back callback null
05-30 10:23:49.625 I/WifiService( 745): addOrUpdateNetwork uid=10029
05-30 10:23:49.625 I/addOrUpdateNetworkInternal( 745): uid = 10029 SSID "DB-machines5G" nid=-1
05-30 10:23:49.627 E/WifiConfigManager( 745): Cannot find network with networkId -1 or configKey "DB-machines5G"WPA_PSK or upgradable security type check
05-30 10:23:49.627 E/WifiConfigManager( 745): Cannot find network with networkId -1 or configKey "DB-machines5G"WPA_PSK or upgradable security type check
05-30 10:23:49.633 W/InputManager-JNI( 745): Input channel object '958dc18 com.dangbei.hqguide/com.dangbei.hqguide.main.MainActivity (client)' was disposed without first being removed with the input manager!
05-30 10:23:49.640 W/InputEventReceiver( 1493): Attempted to finish an input event but the input event receiver has already been disposed.
05-30 10:23:49.643 D/CompatibilityChangeReporter( 1493): Compat change id reported: 147798919; UID 10029; state: ENABLED
05-30 10:23:49.647 E/WifiConfigManager( 745): Cannot find network with configKey "DB-machines5G"WPA_PSK
05-30 10:23:49.648 D/WifiConfigurationUtil( 745): Add upgradable SAE configuration.
05-30 10:23:49.648 I/WifiConfigManager( 745): Credential changed for netId=0
05-30 10:23:49.649 D/WifiConfigManager( 745): Enable disabled network: "DB-machines5G" num=0
05-30 10:23:49.652 V/WindowManager( 745): Unknown focus tokens, dropping reportFocusChanged
05-30 10:23:49.662 D/WifiConfigStore( 745): Writing to stores completed in 3 ms.
05-30 10:23:49.663 W/WindowManager( 745): [addWindow] title:Toast
05-30 10:23:49.670 I/WifiService( 745): enableNetwork uid=10029 disableOthers=true
05-30 10:23:49.672 D/CoreBackPreview( 745): Window{9b09b9e u0 Toast}: Setting back callback OnBackInvokedCallbackInfo{mCallback=android.window.IOnBackInvokedCallback$Stub$Proxy@206d3aa, mPriority=0, mIsAnimationCallback=false}
05-30 10:23:49.673 D/WifiConfigManager( 745): Enable disabled network: "DB-machines5G" num=0
05-30 10:23:49.691 E/OpenGLRenderer( 1124): Unable to match the desired swap behavior.
05-30 10:23:49.705 D/WifiConfigStore( 745): Writing to stores completed in 10 ms.
05-30 10:23:49.705 I/ImeTracker( 745): com.dangbei.hqguide:b853fe3: onRequestHide at ORIGIN_SERVER_HIDE_INPUT reason HIDE_UNSPECIFIED_WINDOW
05-30 10:23:49.705 I/ImeTracker( 745): com.dangbei.hqguide:b853fe3: onCancelled at PHASE_SERVER_SHOULD_HIDE
05-30 10:23:49.706 I/DefaultIMS( 3087): onStartInput attribute=android.view.inputmethod.EditorInfo@6aeb0b3 restarting=false inputType: 0
05-30 10:23:49.710 D/WifiClientModeImpl[39734:wlan0]( 745): connectToUserSelectNetwork netId 0, uid 10029, package com.dangbei.hqguide, forceReconnect = false, isUserSelected = false
05-30 10:23:49.712 D/WifiScoreReport( 745): setShouldReduceNetworkScore=false mNetworkAgent is null? true
05-30 10:23:49.713 D/WifiClientModeImpl[39734:wlan0]( 745): CMD_START_CONNECT my state DisconnectedState nid=0 roam=false
05-30 10:23:49.725 D/PermissionCache( 745): checking android.permission.ROTATE_SURFACE_FLINGER for uid=10052 => granted (150 us)
05-30 10:23:49.725 D/PermissionCache( 745): checking android.permission.INTERNAL_SYSTEM_WINDOW for uid=10052 => granted (169 us)
05-30 10:23:49.726 D/PermissionCache( 745): checking android.permission.ACCESS_SURFACE_FLINGER for uid=10052 => granted (139 us)
05-30 10:23:49.737 W/ContextImpl( 745): Calling a method in the system process without a qualified user: android.app.ContextImpl.startService:1899 com.android.server.wm.DisplayPolicy.lambda$focusChangedLw$5:2126 com.android.server.wm.DisplayPolicy.$r8$lambda$Znxk63oh-WzVnzo_WQefN7uxV48:0 com.android.server.wm.DisplayPolicy$$ExternalSyntheticLambda13.run:0 android.os.Handler.handleCallback:958
05-30 10:23:49.755 I/WifiClientModeImpl[39734:wlan0]( 745): Select best-fit security params: 2
05-30 10:23:49.756 D/aaa ( 2118): LedStatusService onStartCommand begin
05-30 10:23:49.757 W/LastMileLogger( 745): Failed to open free_buffer pseudo-file: /sys/kernel/debug/tracing/instances/wifi/free_buffer: open failed: ENOENT (No such file or directory)
05-30 10:23:49.757 W/LastMileLogger( 745): Failed to arm fail-safe.
05-30 10:23:49.757 I/wpa_supplicant( 1233): wpa_driver_nl80211_driver_cmd: wifi vendor: aml_w2_s
05-30 10:23:49.757 I/wpa_supplicant( 1233): wpa_driver_nl80211_driver_cmd: wlan0: private command: MACADDR
05-30 10:23:49.759 W/wificond( 665): Scan is not started. Ignore abort request
05-30 10:23:49.759 D/SupplicantStaIfaceHalAidlImpl( 745): connectToNetwork "DB-machines5G"WPA_PSK, actualSsid=null
05-30 10:23:49.760 D/aaa ( 2118): topPkg is -------------- :com.dangbei.hqguide
05-30 10:23:49.760 D/SupplicantStaIfaceHalAidlImpl( 745): Selecting supplicant SSID "DB-machines5G"
05-30 10:23:49.768 I/SupplicantStaNetworkHalAidlImpl( 745): Successfully set SSID
05-30 10:23:49.769 D/SupplicantStaNetworkHalAidlImpl( 745): The target security params: Security Parameters:
05-30 10:23:49.769 D/SupplicantStaNetworkHalAidlImpl( 745): Type: 2
05-30 10:23:49.769 D/SupplicantStaNetworkHalAidlImpl( 745): Enabled: true
05-30 10:23:49.769 D/SupplicantStaNetworkHalAidlImpl( 745): KeyMgmt: WPA_PSK
05-30 10:23:49.769 D/SupplicantStaNetworkHalAidlImpl( 745): Protocols: WPA RSN
05-30 10:23:49.769 D/SupplicantStaNetworkHalAidlImpl( 745): AuthAlgorithms:
05-30 10:23:49.769 D/SupplicantStaNetworkHalAidlImpl( 745): PairwiseCiphers: TKIP CCMP
05-30 10:23:49.769 D/SupplicantStaNetworkHalAidlImpl( 745): GroupCiphers: WEP40 WEP104 TKIP CCMP
05-30 10:23:49.769 D/SupplicantStaNetworkHalAidlImpl( 745): GroupMgmtCiphers:
05-30 10:23:49.769 D/SupplicantStaNetworkHalAidlImpl( 745): SuiteBCiphers:
05-30 10:23:49.769 D/SupplicantStaNetworkHalAidlImpl( 745): RequirePmf: false
05-30 10:23:49.769 D/SupplicantStaNetworkHalAidlImpl( 745): IsAddedByAutoUpgrade: false
05-30 10:23:49.769 D/SupplicantStaNetworkHalAidlImpl( 745): IsSaeH2eOnlyMode: false
05-30 10:23:49.769 D/SupplicantStaNetworkHalAidlImpl( 745): IsSaePkOnlyMode: false
05-30 10:23:49.799 I/wpa_supplicant( 1233): assoc key_mgmt 0x0 network key_mgmt 0x142
05-30 10:23:49.805 D/WifiCountryCode( 745): evaluateAllCmmStateAndApplyIfAllReady: {ConcreteClientModeManager{id=36669 iface=wlan0 role=ROLE_CLIENT_PRIMARY}=false}
05-30 10:23:49.805 D/WifiClientModeImpl[39734:wlan0]( 745): Start Connecting Watchdog 1
05-30 10:23:49.809 W/ContextImpl( 745): Calling a method in the system process without a qualified user: android.app.ContextImpl.sendStickyBroadcast:1626 com.android.server.wifi.ClientModeImpl.sendNetworkChangeBroadcast:3008 com.android.server.wifi.ClientModeImpl.lambda$sendNetworkChangeBroadcastWithCurrentState$14:2985 com.android.server.wifi.ClientModeImpl.$r8$lambda$q-j88Pjw4gROgoJFr8wBlBVbuJI:0 com.android.server.wifi.ClientModeImpl$$ExternalSyntheticLambda4.send:0
05-30 10:23:49.812 D/RockyReceiver( 2606): action: android.net.wifi.STATE_CHANGE
05-30 10:23:49.872 I/DefaultIMS( 3087): onStartInput attribute=android.view.inputmethod.EditorInfo@fa9f670 restarting=false inputType: 0
05-30 10:23:51.135 D/hq ( 2214): NetWorkStateReceiver:::检查网络,并且持续更新 isConnect=false
05-30 10:23:52.334 I/wificond( 665): Received external scan result notification from kernel.
05-30 10:23:52.334 D/WifiNl80211Manager( 745): Scan result ready event
05-30 10:23:52.334 D/WifiNative( 745): Scan result ready event
05-30 10:23:52.336 I/wpa_supplicant( 1233): wlan0: Trying to associate with 58:c7:ac:78:f0:10 (SSID='DB-machines5G' freq=5745 MHz)
05-30 10:23:52.336 I/wpa_supplicant( 1233): assoc key_mgmt 0x2 network key_mgmt 0x142
05-30 10:23:52.338 W/ContextImpl( 745): Calling a method in the system process without a qualified user: android.app.ContextImpl.sendStickyBroadcast:1626 com.android.server.wifi.ClientModeImpl.sendNetworkChangeBroadcast:3008 com.android.server.wifi.ClientModeImpl.lambda$sendNetworkChangeBroadcastWithCurrentState$14:2985 com.android.server.wifi.ClientModeImpl.$r8$lambda$q-j88Pjw4gROgoJFr8wBlBVbuJI:0 com.android.server.wifi.ClientModeImpl$$ExternalSyntheticLambda4.send:0
05-30 10:23:52.340 I/WifiClientModeImpl[39734:wlan0]( 745): Update current security type to 2
05-30 10:23:52.342 D/RockyReceiver( 2606): action: android.net.wifi.STATE_CHANGE
05-30 10:23:52.690 I/SogouIME( 3087): SogouIME::setInputView()
05-30 10:23:52.850 I/wpa_supplicant( 1233): assoc key_mgmt 0x2 network key_mgmt 0x142
05-30 10:23:52.851 I/wpa_supplicant( 1233): wlan0: Associated with 58:c7:ac:78:f0:10
05-30 10:23:52.851 I/wpa_supplicant( 1233): wlan0: CTRL-EVENT-SUBNET-STATUS-UPDATE status=0
05-30 10:23:52.852 I/Tethering( 1290): adding IpServer for: wlan0
05-30 10:23:52.852 I/wpa_supplicant( 1233): wlan0: WPA: RX message 1 of 4-Way Handshake from 58:c7:ac:78:f0:10 (ver=2)
05-30 10:23:52.852 I/wpa_supplicant( 1233): assoc key_mgmt 0x2 network key_mgmt 0x142
05-30 10:23:52.852 I/wpa_supplicant( 1233): wlan0: WPA: Sending EAPOL-Key 2/4
05-30 10:23:52.859 I/WifiClientModeImpl[39734:wlan0]( 745): Update current security type to 2
05-30 10:23:52.860 I/wpa_supplicant( 1233): wlan0: RSN: RX message 3 of 4-Way Handshake from 58:c7:ac:78:f0:10 (ver=2)
05-30 10:23:52.860 I/wpa_supplicant( 1233): wlan0: WPA: Sending EAPOL-Key 4/4
05-30 10:23:52.863 W/ContextImpl( 745): Calling a method in the system process without a qualified user: android.app.ContextImpl.sendStickyBroadcast:1626 com.android.server.wifi.ClientModeImpl.sendNetworkChangeBroadcast:3008 com.android.server.wifi.ClientModeImpl.lambda$sendNetworkChangeBroadcastWithCurrentState$14:2985 com.android.server.wifi.ClientModeImpl.$r8$lambda$q-j88Pjw4gROgoJFr8wBlBVbuJI:0 com.android.server.wifi.ClientModeImpl$$ExternalSyntheticLambda4.send:0
05-30 10:23:52.864 I/WifiService( 745): updateInterfaceIpState uid=1073
05-30 10:23:52.865 I/WifiClientModeImpl[39734:wlan0]( 745): Update current security type to 2
05-30 10:23:52.867 D/WifiService( 745): updateInterfaceIpState: ifaceName=wlan0 mode=-1 previous LOHS mode= -1
05-30 10:23:52.868 D/RockyReceiver( 2606): action: android.net.wifi.STATE_CHANGE
05-30 10:23:52.874 I/wpa_supplicant( 1233): assoc key_mgmt 0x2 network key_mgmt 0x142
05-30 10:23:52.876 I/WifiClientModeImpl[39734:wlan0]( 745): Update current security type to 2
05-30 10:23:52.884 I/wpa_supplicant( 1233): wlan0: WPA: Key negotiation completed with 58:c7:ac:78:f0:10 [PTK=CCMP GTK=TKIP]
05-30 10:23:52.885 I/wpa_supplicant( 1233): wlan0: CTRL-EVENT-CONNECTED - Connection to 58:c7:ac:78:f0:10 completed [id=0 id_str=%7B%22configKey%22%3A%22%5C%22DB-machines5G%5C%22WPA_PSK%22%2C%22creatorUid%22%3A%2210029%22%7D]
05-30 10:23:52.887 I/wpa_supplicant( 1233): assoc key_mgmt 0x2 network key_mgmt 0x142
05-30 10:23:52.892 I/WifiClientModeImpl[39734:wlan0]( 745): Update current security type to 2 from network connection event.
05-30 10:23:52.904 I/wpa_supplicant( 1233): wpa_driver_nl80211_driver_cmd: wifi vendor: aml_w2_s
05-30 10:23:52.904 I/wpa_supplicant( 1233): wpa_driver_nl80211_driver_cmd: wlan0: private command: MACADDR
05-30 10:23:52.908 W/ContextImpl( 745): Calling a method in the system process without a qualified user: android.app.ContextImpl.sendStickyBroadcast:1626 com.android.server.wifi.ClientModeImpl.sendNetworkChangeBroadcast:3008 com.android.server.wifi.ClientModeImpl.lambda$sendNetworkChangeBroadcastWithCurrentState$14:2985 com.android.server.wifi.ClientModeImpl.$r8$lambda$q-j88Pjw4gROgoJFr8wBlBVbuJI:0 com.android.server.wifi.ClientModeImpl$$ExternalSyntheticLambda4.send:0
05-30 10:23:52.911 D/RockyReceiver( 2606): action: android.net.wifi.STATE_CHANGE
05-30 10:23:52.912 I/ConnectivityService( 745): Update score for net 100 : +IS_UNMETERED
05-30 10:23:52.913 D/ConnectivityService( 745): registerNetworkAgent NetworkAgentInfo{network{100} handle{432902426637} ni{WIFI CONNECTING extra: } created=2025-05-30T02:23:52.913Z Score(Policies : IS_UNMETERED ; KeepConnected : 0) lp{{LinkAddresses: [ ] DnsAddresses: [ ] Domains: null MTU: 0 Routes: [ ]}} nc{[ Transports: WIFI Capabilities: NOT_METERED&INTERNET&NOT_RESTRICTED&TRUSTED&NOT_VPN&NOT_ROAMING&NOT_CONGESTED&NOT_SUSPENDED&NOT_VCN_MANAGED LinkUpBandwidth>=1200000Kbps LinkDnBandwidth>=1200000Kbps Specifier: TransportInfo: , Provider friendly name: , Requesting package name: "DB-machines5G"wpa2-pskMLO Information: , Is TID-To-Link negotiation supported by the AP: false, AP MLD Address: , AP MLO Link Id: , AP MLO Affiliated links: > AllowedUids: <{10029}> OwnerUid: 10029 AdminUids: [10029] SSID: "DB-machines5G" UnderlyingNetworks: Null]} factorySerialNumber=4}
05-30 10:23:52.917 W/ContextImpl( 745): Calling a method in the system process without a qualified user: android.app.ContextImpl.sendStickyBroadcast:1626 com.android.server.wifi.ClientModeImpl.sendNetworkChangeBroadcast:3008 com.android.server.wifi.ClientModeImpl.lambda$sendNetworkChangeBroadcastWithCurrentState$14:2985 com.android.server.wifi.ClientModeImpl.$r8$lambda$q-j88Pjw4gROgoJFr8wBlBVbuJI:0 com.android.server.wifi.ClientModeImpl$$ExternalSyntheticLambda4.send:0
05-30 10:23:52.920 D/RockyReceiver( 2606): action: android.net.wifi.STATE_CHANGE
05-30 10:23:52.921 I/wpa_supplicant( 1233): wpa_driver_nl80211_driver_cmd: wifi vendor: aml_w2_s
05-30 10:23:52.921 I/wpa_supplicant( 1233): wpa_driver_nl80211_driver_cmd: wlan0: private command: BTCOEXMODE 2
05-30 10:23:52.924 I/WifiHAL ( 570): call wifi_get_link_stats handler
05-30 10:23:52.924 I/WifiHAL ( 570): Creating message to get link statistics; iface = 16
05-30 10:23:52.924 D/WifiHAL ( 570): error code -95 mapped to -3
05-30 10:23:52.924 D/CompatibilityChangeReporter( 1290): Compat change id reported: 186082280; UID 1073; state: ENABLED
05-30 10:23:52.924 E/WifiStaIfaceAidlImpl( 745): getLinkLayerStats failed with service-specific exception: android.os.ServiceSpecificException: (code 4)
05-30 10:23:52.927 I/WifiClientModeImpl[39734:wlan0]( 745): Update current security type to 2
05-30 10:23:52.929 I/WifiHAL ( 570): call wifi_get_link_stats handler
05-30 10:23:52.930 I/WifiHAL ( 570): Creating message to get link statistics; iface = 16
05-30 10:23:52.930 D/WifiHAL ( 570): error code -95 mapped to -3
05-30 10:23:52.930 E/WifiStaIfaceAidlImpl( 745): getLinkLayerStats failed with service-specific exception: android.os.ServiceSpecificException: (code 4)
05-30 10:23:52.933 D/CompatibilityChangeReporter( 745): Compat change id reported: 171306433; UID 1073; state: ENABLED
05-30 10:23:52.932 I/IpClient.wlan0( 1290): type=1400 audit(0.0:2192): avc: denied { search } for name="net" dev="sysfs" ino=12345 scontext=u:r:network_stack:s0 tcontext=u:object_r:sysfs_net:s0 tclass=dir permissive=1
05-30 10:23:52.940 D/ConnectivityService( 745): [100 WIFI] EVENT_NETWORK_INFO_CHANGED, going from CONNECTING to CONNECTING
05-30 10:23:52.932 I/IpClient.wlan0( 1290): type=1400 audit(0.0:2193): avc: denied { read } for name="address" dev="sysfs" ino=22127 scontext=u:r:network_stack:s0 tcontext=u:object_r:sysfs_net:s0 tclass=file permissive=1
05-30 10:23:52.942 I/ConnectivityService( 745): Update score for net 100 : +TRANSPORT_PRIMARY
05-30 10:23:52.943 D/ConnectivityService( 745): NetReassign [no changes] [c 0] [a 0] [i 1]
05-30 10:23:52.946 D/ConnectivityService( 745): NetReassign [no changes] [c 0] [a 0] [i 1]
05-30 10:23:52.947 D/NetworkMonitor/100( 1290): checkAndRenewResourceConfig: update captive portal https urls to [https://www.google.com/generate_204]
05-30 10:23:52.948 D/NetworkMonitor/100( 1290): checkAndRenewResourceConfig: update captive portal http urls to [http://connectivitycheck.gstatic.com/generate_204]
05-30 10:23:52.932 I/IpClient.wlan0( 1290): type=1400 audit(0.0:2194): avc: denied { open } for path="/sys/devices/virtual/net/dummy0/address" dev="sysfs" ino=22127 scontext=u:r:network_stack:s0 tcontext=u:object_r:sysfs_net:s0 tclass=file permissive=1
05-30 10:23:52.949 D/NetworkMonitor/100( 1290): checkAndRenewResourceConfig: update captive portal fallback urls to[http://www.google.com/gen_204, http://play.googleapis.com/generate_204]
05-30 10:23:52.950 D/NetworkMonitor( 1290): Starting on network 100 with capport HTTPS URL [https://www.google.com/generate_204] and HTTP URL [http://connectivitycheck.gstatic.com/generate_204]
05-30 10:23:52.932 I/IpClient.wlan0( 1290): type=1400 audit(0.0:2195): avc: denied { getattr } for path="/sys/devices/virtual/net/dummy0/address" dev="sysfs" ino=22127 scontext=u:r:network_stack:s0 tcontext=u:object_r:sysfs_net:s0 tclass=file permissive=1
05-30 10:23:52.964 D/WifiHAL ( 570): Setting APF program, halHandle = 0xecf42950
05-30 10:23:52.964 I/WifiHAL ( 570): createRequest: APF set program request
05-30 10:23:52.964 D/WifiHAL ( 570): error code -95 mapped to -3
05-30 10:23:52.964 I/WifiHAL ( 570): Request Response failed for APF, result = -3
05-30 10:23:52.965 E/WifiStaIfaceAidlImpl( 745): installApfPacketFilter failed with service-specific exception: android.os.ServiceSpecificException: (code 4)
05-30 10:23:52.968 D/WifiHAL ( 570): Setting APF program, halHandle = 0xecf42950
05-30 10:23:52.968 I/WifiHAL ( 570): createRequest: APF set program request
05-30 10:23:52.968 D/WifiHAL ( 570): error code -95 mapped to -3
05-30 10:23:52.968 I/WifiHAL ( 570): Request Response failed for APF, result = -3
05-30 10:23:52.968 E/WifiStaIfaceAidlImpl( 745): installApfPacketFilter failed with service-specific exception: android.os.ServiceSpecificException: (code 4)
05-30 10:23:52.984 D/ApfFilter( 1290): (wlan0): begin monitoring
05-30 10:23:53.016 D/IpClient/wlan0( 1290): routeUpdated: fe80::/64 -> :: wlan0 mtu 0
05-30 10:23:53.017 D/IpClient/wlan0( 1290): addressUpdated: fe80::9b39:33e3:73f2:f116/64 on ifindex 16 flags 0x000008C4 scope 253
05-30 10:23:53.019 D/TrafficStats( 1290): tagSocket(100) with statsTag=0xfffffe01, statsUid=-1
05-30 10:23:53.024 D/IpClient.wlan0( 1290): set max DTIM multiplier to 1
05-30 10:23:53.026 D/ConnectivityService( 745): Adding iface wlan0 to network 100
05-30 10:23:53.026 E/Netd ( 504): no such netId 100
05-30 10:23:53.026 D/WifiHAL ( 570): Setting DTIM config , halHandle = 0xecf42950 Multiplier = 1
05-30 10:23:53.026 I/WifiHAL ( 570): Successfully configured dtim multiplier 1
05-30 10:23:53.027 W/ConnectivityService( 745): Exception adding interface: android.os.ServiceSpecificException: Machine is not on the network (code 64)
05-30 10:23:53.027 D/WifiHAL ( 570): error code -95 mapped to -3
05-30 10:23:53.027 E/WifiStaIfaceAidlImpl( 745): setDtimMultiplier failed with service-specific exception: android.os.ServiceSpecificException: (code 4)
05-30 10:23:53.027 D/CompatibilityChangeReporter( 745): Compat change id reported: 186082280; UID 1000; state: ENABLED
05-30 10:23:53.027 I/wpa_supplicant( 1233): wpa_driver_nl80211_driver_cmd: wifi vendor: aml_w2_s
05-30 10:23:53.027 I/wpa_supplicant( 1233): wpa_driver_nl80211_driver_cmd: wlan0: private command: BTCOEXMODE 1
05-30 10:23:53.028 I/wpa_supplicant( 1233): wpa_driver_nl80211_driver_cmd: wifi vendor: aml_w2_s
05-30 10:23:53.028 I/wpa_supplicant( 1233): wpa_driver_nl80211_driver_cmd: wlan0: private command: SETSUSPENDMODE 0
05-30 10:23:53.029 E/Netd ( 504): no such netId 100
05-30 10:23:53.032 W/BestClock( 745): java.time.DateTimeException: Missing network time fix
05-30 10:23:53.040 I/WifiHAL ( 570): call wifi_get_link_stats handler
05-30 10:23:53.040 I/WifiHAL ( 570): Creating message to get link statistics; iface = 16
05-30 10:23:53.040 D/WifiHAL ( 570): error code -95 mapped to -3
05-30 10:23:53.040 E/WifiStaIfaceAidlImpl( 745): getLinkLayerStats failed with service-specific exception: android.os.ServiceSpecificException: (code 4)
05-30 10:23:53.047 D/DhcpClient( 1290): Broadcasting DHCPDISCOVER
05-30 10:23:53.056 W/BestClock( 745): java.time.DateTimeException: Missing network time fix
05-30 10:23:53.131 D/DhcpClient( 1290): Received packet: 1c:79:2d:20:62:b5 OFFER, ip /192.168.3.222, mask /255.255.254.0, DNS servers: /202.96.134.133 /202.96.128.166 , gateways [/192.168.3.1], lease time 3600, domain null
05-30 10:23:53.133 D/DhcpClient( 1290): Got pending lease: com.android.networkstack.android.net.DhcpResults@d6811a15 DHCP server /192.168.3.1 Vendor info null lease 3600 seconds Servername
05-30 10:23:53.136 D/hq ( 2214): NetWorkStateReceiver:::检查网络,并且持续更新 isConnect=false
05-30 10:23:53.137 D/DhcpClient( 1290): Broadcasting DHCPREQUEST ciaddr=0.0.0.0 request=192.168.3.222 serverid=192.168.3.1
05-30 10:23:53.751 W/WindowOnBackDispatcher( 1124): sendCancelIfRunning: isInProgress=falsecallback=android.view.ViewRootImpl$$ExternalSyntheticLambda17@992475e
05-30 10:23:53.752 D/CoreBackPreview( 745): Window{9b09b9e u0 Toast}: Setting back callback null
05-30 10:23:53.756 W/InputManager-JNI( 745): Input channel object '9b09b9e Toast (client)' was disposed without first being removed with the input manager!
05-30 10:23:53.760 W/NotificationService( 745): Toast already killed. pkg=com.dangbei.hqguide token=android.os.BinderProxy@b44c509
05-30 10:23:54.014 D/IpClient/wlan0( 1290): addressUpdated: fe80::9b39:33e3:73f2:f116/64 on ifindex 16 flags 0x00000880 scope 253
05-30 10:23:54.134 D/DhcpClient( 1290): Broadcasting DHCPREQUEST ciaddr=0.0.0.0 request=192.168.3.222 serverid=192.168.3.1
05-30 10:23:54.230 D/DhcpClient( 1290): Received packet: 1c:79:2d:20:62:b5 ACK: your new IP /192.168.3.222, netmask /255.255.254.0, gateways [/192.168.3.1] DNS servers: /202.96.134.133 /202.96.128.166 , lease time 3600
05-30 10:23:54.232 D/DhcpClient( 1290): Confirmed lease: com.android.networkstack.android.net.DhcpResults@d6811a15 DHCP server /192.168.3.1 Vendor info null lease 3600 seconds Servername
05-30 10:23:54.244 D/nStackXDFinder( 2783): IfAddrMsgHandle:[85] :Interface wlan0 got new address.
05-30 10:23:54.244 I/nStackXDFinder( 2783): UpdateLocalNetworkInterface:[472] :UpdateLocalNetworkInterface exec,initerfaceName:wlan0
05-30 10:23:54.244 E/nStackXDFinder( 2783): GetLocalIp:[401] :GetLocalIp exec
05-30 10:23:54.244 E/nStackXDFinder( 2783): GetLocalIp:[407] :GetLocalIp, ifInfo is null
05-30 10:23:54.244 I/nStackXDFinder( 2783): UpdateLocalNetworkInterface:[498] :UpdateLocalNetworkInterface copy ip value in default process
05-30 10:23:54.244 E/nStackXDFinder( 2783): GetLocalIp:[401] :GetLocalIp exec
05-30 10:23:54.244 D/nStackXCoAP( 2783): CoapServerInit:[174] :CoapServerInit is called
05-30 10:23:54.244 E/nStackXDFinder( 2783): GetLocalIp:[401] :GetLocalIp exec
05-30 10:23:54.244 I/nStackXUtil( 2783): BindToDevice:[352] :BindToDevice exec
05-30 10:23:54.247 I/wpa_supplicant( 1233): wpa_driver_nl80211_driver_cmd: wifi vendor: aml_w2_s
05-30 10:23:54.247 I/wpa_supplicant( 1233): wpa_driver_nl80211_driver_cmd: wlan0: private command: BTCOEXMODE 2
05-30 10:23:54.248 I/WifiClientModeImpl[39734:wlan0]( 745): Update current security type to 2
05-30 10:23:54.250 W/ContextImpl( 745): Calling a method in the system process without a qualified user: android.app.ContextImpl.sendStickyBroadcast:1626 com.android.server.wifi.ClientModeImpl.sendNetworkChangeBroadcast:3008 com.android.server.wifi.ClientModeImpl.lambda$sendNetworkChangeBroadcastWithCurrentState$14:2985 com.android.server.wifi.ClientModeImpl.$r8$lambda$q-j88Pjw4gROgoJFr8wBlBVbuJI:0 com.android.server.wifi.ClientModeImpl$$ExternalSyntheticLambda4.send:0
05-30 10:23:54.255 I/nStackXUtil( 2783): GetInterfaceByPriority:[279] :GetInterfaceByPriority exec
05-30 10:23:54.255 I/nStackXUtil( 2783): GetInterfaceByDefault:[309] :GetInterfaceByDefault exec
05-30 10:23:54.255 I/nStackXUtil( 2783): GetInterfaceByDefault:[316] :GetInterfaceByDefault, ndevice name: lo
05-30 10:23:54.255 I/nStackXUtil( 2783): GetInterfaceByDefault:[316] :GetInterfaceByDefault, ndevice name: wlan0
05-30 10:23:54.255 D/RockyReceiver( 2606): action: android.net.wifi.STATE_CHANGE
05-30 10:23:54.256 I/nStackXUtil( 2783): BindToDevice:[374] :BindToDevice, Bind localAddr name: wlan0
05-30 10:23:54.256 I/nStackXUtil( 2783): BindToDeviceInner:[191] :binding interface wlan0 success
05-30 10:23:54.256 D/nStackXCoAP( 2783): CoapInitResources:[744] :CoapInitResources g_wlanOrEthContext update
05-30 10:23:54.256 E/Netd ( 504): no such netId 100
05-30 10:23:54.257 E/ConnectivityService( 745): Exception in networkAddRouteParcel for non-gateway: android.os.ServiceSpecificException: Machine is not on the network (code 64)
05-30 10:23:54.257 D/IpClient/wlan0( 1290): addressUpdated: 192.168.3.222/23 on ifindex 16 flags 0x00000080 scope 0
05-30 10:23:54.257 E/Netd ( 504): no such netId 100
05-30 10:23:54.258 E/ConnectivityService( 745): Exception in networkAddRouteParcel for gateway: android.os.ServiceSpecificException: Machine is not on the network (code 64)
05-30 10:23:54.263 D/DhcpClient( 1290): Scheduling renewal in 1799s
05-30 10:23:54.263 D/DhcpClient( 1290): Scheduling rebind in 3149s
05-30 10:23:54.264 D/DhcpClient( 1290): Scheduling expiry in 3599s
05-30 10:23:54.270 D/WifiHAL ( 570): Setting APF program, halHandle = 0xecf42950
05-30 10:23:54.270 I/WifiHAL ( 570): createRequest: APF set program request
05-30 10:23:54.270 D/WifiHAL ( 570): error code -95 mapped to -3
05-30 10:23:54.270 I/WifiHAL ( 570): Request Response failed for APF, result = -3
05-30 10:23:54.270 E/WifiStaIfaceAidlImpl( 745): installApfPacketFilter failed with service-specific exception: android.os.ServiceSpecificException: (code 4)
05-30 10:23:54.275 D/ConnectivityService( 745): Setting DNS servers for network 100 to [/202.96.134.133, /202.96.128.166]
05-30 10:23:54.275 W/BroadcastLoopers( 745): Found previously unknown looper Thread[ConnectivityServiceThread,5,main]
05-30 10:23:54.276 W/ContextImpl( 745): Calling a method in the system process without a qualified user: android.app.ContextImpl.sendStickyBroadcast:1626 com.android.server.wifi.ClientModeImpl.sendNetworkChangeBroadcast:3008 com.android.server.wifi.ClientModeImpl.lambda$sendNetworkChangeBroadcastWithCurrentState$14:2985 com.android.server.wifi.ClientModeImpl.$r8$lambda$q-j88Pjw4gROgoJFr8wBlBVbuJI:0 com.android.server.wifi.ClientModeImpl$$ExternalSyntheticLambda4.send:0
05-30 10:23:54.276 D/ConnectivityService( 745): [100 WIFI] EVENT_NETWORK_INFO_CHANGED, going from CONNECTING to CONNECTED
05-30 10:23:54.276 W/IPCThreadState( 745): Sending oneway calls to frozen process.
05-30 10:23:54.276 W/IPCThreadState( 745): Sending oneway calls to frozen process.
05-30 10:23:54.276 W/IPCThreadState( 745): Sending oneway calls to frozen process.
05-30 10:23:54.276 W/IPCThreadState( 745): Sending oneway calls to frozen process.
05-30 10:23:54.276 W/IPCThreadState( 745): Sending oneway calls to frozen process.
05-30 10:23:54.276 W/IPCThreadState( 745): Sending oneway calls to frozen process.
05-30 10:23:54.276 W/IPCThreadState( 745): Sending oneway calls to frozen process.
05-30 10:23:54.276 W/IPCThreadState( 745): Sending oneway calls to frozen process.
05-30 10:23:54.277 W/IPCThreadState( 745): Sending oneway calls to frozen process.
05-30 10:23:54.277 W/IPCThreadState( 745): Sending oneway calls to frozen process.
05-30 10:23:54.279 D/DnsManager( 745): sendDnsConfigurationForNetwork(100, [202.96.134.133, 202.96.128.166], [], 1800, 25, 8, 64, 0, 0, , [])
05-30 10:23:54.284 D/RockyReceiver( 2606): action: android.net.wifi.STATE_CHANGE
05-30 10:23:54.285 W/DnsManager( 745): updatePrivateDns(100, PrivateDnsConfig{true:/[]})
05-30 10:23:54.287 W/WifiScoreReport( 745): Cannot start external scoring netId=100 currentNetId=100 currentNetCapabilities=[ Transports: WIFI Capabilities: NOT_METERED&INTERNET&NOT_RESTRICTED&TRUSTED&NOT_VPN&NOT_ROAMING&NOT_CONGESTED&NOT_SUSPENDED&NOT_VCN_MANAGED LinkUpBandwidth>=12000Kbps LinkDnBandwidth>=60000Kbps Specifier: TransportInfo: , Provider friendly name: , Requesting package name: "DB-machines5G"wpa2-pskMLO Information: , Is TID-To-Link negotiation supported by the AP: false, AP MLD Address: , AP MLO Link Id: , AP MLO Affiliated links: > SignalStrength: -48 AllowedUids: <{10029}> OwnerUid: 10029 AdminUids: [10029] SSID: "DB-machines5G" UnderlyingNetworks: Null] sessionId=1008
05-30 10:23:54.287 D/ConnectivityService( 745): Setting DNS servers for network 100 to [/202.96.134.133, /202.96.128.166]
05-30 10:23:54.288 D/DnsManager( 745): sendDnsConfigurationForNetwork(100, [202.96.134.133, 202.96.128.166], [], 1800, 25, 8, 64, 0, 0, , [202.96.134.133, 202.96.128.166])
05-30 10:23:54.289 W/resolv ( 504): Validating DnsTlsServer 202.96.134.133 with mark 0xf0064
05-30 10:23:54.290 D/ConnectivityService( 745): Adding iface wlan0 to network 100
05-30 10:23:54.290 W/IPCThreadState( 745): Sending oneway calls to frozen process.
05-30 10:23:54.290 W/IPCThreadState( 745): Sending oneway calls to frozen process.
05-30 10:23:54.290 W/IPCThreadState( 745): Sending oneway calls to frozen process.
05-30 10:23:54.290 W/IPCThreadState( 745): Sending oneway calls to frozen process.
05-30 10:23:54.290 W/resolv ( 504): Validating DnsTlsServer 202.96.128.166 with mark 0xf0064
05-30 10:23:54.291 W/IPCThreadState( 745): Sending oneway calls to frozen process.
05-30 10:23:54.291 W/IPCThreadState( 745): Sending oneway calls to frozen process.
05-30 10:23:54.291 W/IPCThreadState( 745): Sending oneway calls to frozen process.
05-30 10:23:54.291 W/IPCThreadState( 745): Sending oneway calls to frozen process.
05-30 10:23:54.291 W/IPCThreadState( 745): Sending oneway calls to frozen process.
05-30 10:23:54.292 W/IPCThreadState( 745): Sending oneway calls to frozen process.
05-30 10:23:54.297 D/WifiMemoryStoreImpl( 745): Set cluster G4efc2b4dc3a055f4 for W8e4310dfb62f6cc8: SUCCESS
05-30 10:23:54.298 W/resolv ( 504): Socket failed to connect: Network is unreachable
05-30 10:23:54.298 W/resolv ( 504): TCP Handshake failed: 101
05-30 10:23:54.298 W/resolv ( 504): Socket failed to connect: Network is unreachable
05-30 10:23:54.298 W/resolv ( 504): TCP Handshake failed: 101
05-30 10:23:54.298 W/resolv ( 504): query failed
05-30 10:23:54.298 W/resolv ( 504): validateDnsTlsServer returned 0 for 202.96.134.133
05-30 10:23:54.298 W/resolv ( 504): query failed
05-30 10:23:54.298 W/resolv ( 504): validateDnsTlsServer returned 0 for 202.96.128.166
05-30 10:23:54.299 W/resolv ( 504): Validation failed
05-30 10:23:54.299 W/resolv ( 504): Validation failed
05-30 10:23:54.306 D/ConnectivityService( 745): Setting DNS servers for network 100 to [/202.96.134.133, /202.96.128.166]
05-30 10:23:54.306 D/DnsManager( 745): sendDnsConfigurationForNetwork(100, [202.96.134.133, 202.96.128.166], [], 1800, 25, 8, 64, 0, 0, , [202.96.134.133, 202.96.128.166])
05-30 10:23:54.307 D/WifiMemoryStoreImpl( 745): Set cluster G4efc2b4dc3a055f4 for We2c1544734cb3915: SUCCESS
05-30 10:23:54.308 W/resolv ( 504): Validating DnsTlsServer 202.96.134.133 with mark 0xf0064
05-30 10:23:54.308 W/resolv ( 504): Validating DnsTlsServer 202.96.128.166 with mark 0xf0064
05-30 10:23:54.309 W/IPCThreadState( 745): Sending oneway calls to frozen process.
05-30 10:23:54.309 W/IPCThreadState( 745): Sending oneway calls to frozen process.
05-30 10:23:54.309 W/IPCThreadState( 745): Sending oneway calls to frozen process.
05-30 10:23:54.309 W/IPCThreadState( 745): Sending oneway calls to frozen process.
05-30 10:23:54.309 W/IPCThreadState( 745): Sending oneway calls to frozen process.
05-30 10:23:54.309 W/IPCThreadState( 745): Sending oneway calls to frozen process.
05-30 10:23:54.309 W/IPCThreadState( 745): Sending oneway calls to frozen process.
05-30 10:23:54.309 W/IPCThreadState( 745): Sending oneway calls to frozen process.
05-30 10:23:54.309 W/IPCThreadState( 745): Sending oneway calls to frozen process.
05-30 10:23:54.310 W/IPCThreadState( 745): Sending oneway calls to frozen process.
05-30 10:23:54.312 W/BestClock( 745): java.time.DateTimeException: Missing network time fix
05-30 10:23:54.320 D/WifiMemoryStoreImpl( 745): Set cluster G4efc2b4dc3a055f4 for W4efc2b4dc3a055f4: SUCCESS
05-30 10:23:54.325 W/BestClock( 745): java.time.DateTimeException: Missing network time fix
05-30 10:23:54.329 D/ConnectivityService( 745): Switching to new default network for: uid/pid:1000/745 activeRequest: 1 callbackRequest: 1 [NetworkRequest [ REQUEST id=1, [ Capabilities: INTERNET&NOT_RESTRICTED&TRUSTED&NOT_VPN&NOT_VCN_MANAGED RequestorUid: 1000 RequestorPkg: android UnderlyingNetworks: Null] ]] callback flags: 1 order: 2147483647 using NetworkAgentInfo{network{100} handle{432902426637} ni{WIFI CONNECTED extra: } created=2025-05-30T02:23:52.913Z Score(Policies : TRANSPORT_PRIMARY&IS_UNMETERED ; KeepConnected : 0) created 203399 lp{{InterfaceName: wlan0 LinkAddresses: [ fe80::9b39:33e3:73f2:f116/64,192.168.3.222/23 ] DnsAddresses: [ /202.96.134.133,/202.96.128.166 ] Domains: null MTU: 0 ServerAddress: /192.168.3.1 TcpBufferSizes: 524288,1048576,2097152,262144,524288,1048576 Routes: [ fe80::/64 -> :: wlan0 mtu 0,192.168.2.0/23 -> 0.0.0.0 wlan0 mtu 0,0.0.0.0/0 -> 192.168.3.1 wlan0 mtu 0 ]}} nc{[ Transports: WIFI Capabilities: NOT_METERED&INTERNET&NOT_RESTRICTED&TRUSTED&NOT_VPN&NOT_ROAMING&FOREGROUND&NOT_CONGESTED&NOT_SUSPENDED&NOT_VCN_MANAGED LinkUpBandwidth>=12000Kbps LinkDnBandwidth>=60000Kbps Specifier: TransportInfo: , Provider friendly name: , Requesting package name: "DB-machines5G"wpa2-pskMLO Information: , Is TID-To-Link negotiation supported by the AP: false, AP MLD Address: , AP MLO Link Id: , AP MLO Affiliated links: > SignalStrength: -48 OwnerUid: 10029 AdminUids: [10029] SSID: "DB-machines5G" UnderlyingNetworks: Null]} factorySerialNumber=4}
05-30 10:23:54.330 E/WifiStaIfaceAidlImpl( 745): stopRssiMonitoring failed with service-specific exception: android.os.ServiceSpecificException: (code 5)
05-30 10:23:54.331 D/NetworkMonitor/100( 1290): Validation disabled.
05-30 10:23:54.336 D/XM_HIDREAD( 2291): add@ add@/devices/virtual/xt_idletimer/timers
05-30 10:23:54.337 E/NetlinkEvent( 504): NetlinkEvent::FindParam(): Parameter 'INTERFACE' not found
05-30 10:23:54.332 I/xm_hidread( 2291): type=1400 audit(0.0:2196): avc: denied { read } for scontext=u:r:init:s0 tcontext=u:r:init:s0 tclass=netlink_kobject_uevent_socket permissive=1
05-30 10:23:54.337 E/NetlinkEvent( 504): NetlinkEvent::FindParam(): Parameter 'STATE' not found
05-30 10:23:54.337 E/NetlinkEvent( 504): NetlinkEvent::FindParam(): Parameter 'TIME_NS' not found
05-30 10:23:54.337 E/NetlinkEvent( 504): NetlinkEvent::FindParam(): Parameter 'UID' not found
05-30 10:23:54.345 W/BestClock( 745): java.time.DateTimeException: Missing network time fix
05-30 10:23:54.361 W/BestClock( 745): java.time.DateTimeException: Missing network time fix
05-30 10:23:54.361 W/BestClock( 745): java.time.DateTimeException: Missing network time fix
05-30 10:23:54.362 W/BestClock( 745): java.time.DateTimeException: Missing network time fix
05-30 10:23:54.364 D/UpstreamNetworkMonitor( 1290): New default Internet network: 100
05-30 10:23:54.365 D/NetworkTimeUpdateService( 745): New default network 100; checking time.
05-30 10:23:54.366 W/IPCThreadState( 745): Sending oneway calls to frozen process.
05-30 10:23:54.372 W/IPCThreadState( 745): Sending oneway calls to frozen process.
05-30 10:23:54.376 W/BestClock( 745): java.time.DateTimeException: Missing network time fix
05-30 10:23:54.380 D/ConnectivityService( 745): Sending CONNECTED broadcast for type 1 [100 WIFI] isDefaultNetwork=true
05-30 10:23:54.380 W/ContextImpl( 745): Calling a method in the system process without a qualified user: android.app.ContextImpl.sendStickyBroadcast:1626 android.net.connectivity.com.android.server.ConnectivityService.sendStickyBroadcast:3280 android.net.connectivity.com.android.server.ConnectivityService.sendGeneralBroadcast:3250 android.net.connectivity.com.android.server.ConnectivityService.sendConnectedBroadcast:3223 android.net.connectivity.com.android.server.ConnectivityService.sendLegacyNetworkBroadcast:10138
05-30 10:23:54.382 W/BestClock( 745): java.time.DateTimeException: Missing network time fix
05-30 10:23:54.376 I/NsdService( 745): type=1400 audit(0.0:2197): avc: denied { read } for name="address" dev="sysfs" ino=22127 scontext=u:r:system_server:s0 tcontext=u:object_r:sysfs_net:s0 tclass=file permissive=1
05-30 10:23:54.388 D/CompatibilityChangeReporter( 2214): Compat change id reported: 247079863; UID 1000; state: DISABLED
05-30 10:23:54.388 D/ConnectivityService( 745): NetReassign [19 : null → 100, 47 : null → 100, 38 : null → 100, 26 : null → 100, 15 : null → 100, 49 : null → 100, 31 : null → 100, 22 : null → 100, 24 : null → 100, 44 : null → 100, 7 : null → 100, 1 : null → 100, 40 : null → 100, 17 : null → 100, 34 : null → 100, 51 : null → 100, 42 : null → 100] [c 1] [a 56] [i 4]
05-30 10:23:54.389 D/InstantWifi( 745): Receive Wifi is connected, freq = 5745 and currentNetworkId : 0, wifiinfo = SSID: , BSSID: 02:00:00:00:00:00, MAC: 02:00:00:00:00:00, IP: /192.168.3.222, Security type: 2, Supplicant state: COMPLETED, Wi-Fi standard: 6, RSSI: -48, Link speed: 1200Mbps, Tx Link speed: 1200Mbps, Max Supported Tx Link speed: 1200Mbps, Rx Link speed: 6Mbps, Max Supported Rx Link speed: 1200Mbps, Frequency: 5745MHz, Net ID: -1, Metered hint: false, score: 60, isUsable: true, CarrierMerged: false, SubscriptionId: -1, IsPrimary: 1, Trusted: true, Restricted: false, Ephemeral: false, OEM paid: false, OEM private: false, OSU AP: false, FQDN: , Provider friendly name: , Requesting package name: MLO Information: , Is TID-To-Link negotiation supported by the AP: false, AP MLD Address: , AP MLO Link Id: , AP MLO Affiliated links:
05-30 10:23:54.392 W/IPCThreadState( 745): Sending oneway calls to frozen process.
05-30 10:23:54.395 W/IPCThreadState( 745): Sending oneway calls to frozen process.
05-30 10:23:54.380 I/NsdService( 745): type=1400 audit(0.0:2198): avc: denied { open } for path="/sys/devices/virtual/net/dummy0/address" dev="sysfs" ino=22127 scontext=u:r:system_server:s0 tcontext=u:object_r:sysfs_net:s0 tclass=file permissive=1
05-30 10:23:54.396 I/ConnectivityService( 745): Update score for net 100 : +EVER_EVALUATED
05-30 10:23:54.396 D/ConnectivityService( 745): [100 WIFI] validation passed
05-30 10:23:54.396 I/ConnectivityService( 745): Update capabilities for net 100 : +VALIDATED
05-30 10:23:54.396 I/ConnectivityService( 745): Update score for net 100 : +EVER_VALIDATED+IS_VALIDATED
05-30 10:23:54.380 I/NsdService( 745): type=1400 audit(0.0:2199): avc: denied { getattr } for path="/sys/devices/virtual/net/dummy0/address" dev="sysfs" ino=22127 scontext=u:r:system_server:s0 tcontext=u:object_r:sysfs_net:s0 tclass=file permissive=1
05-30 10:23:54.399 D/ConnectivityService( 745): NetReassign [no changes] [c 0] [a 0] [i 2]
05-30 10:23:54.401 D/InstantWifi( 745): Receive Wifi is connected, freq = 5745 and currentNetworkId : 0, wifiinfo = SSID: , BSSID: 02:00:00:00:00:00, MAC: 02:00:00:00:00:00, IP: /192.168.3.222, Security type: 2, Supplicant state: COMPLETED, Wi-Fi standard: 6, RSSI: -48, Link speed: 1200Mbps, Tx Link speed: 1200Mbps, Max Supported Tx Link speed: 1200Mbps, Rx Link speed: 6Mbps, Max Supported Rx Link speed: 1200Mbps, Frequency: 5745MHz, Net ID: -1, Metered hint: false, score: 60, isUsable: true, CarrierMerged: false, SubscriptionId: -1, IsPrimary: 1, Trusted: true, Restricted: false, Ephemeral: false, OEM paid: false, OEM private: false, OSU AP: false, FQDN: , Provider friendly name: , Requesting package name: MLO Information: , Is TID-To-Link negotiation supported by the AP: false, AP MLD Address: , AP MLO Link Id: , AP MLO Affiliated links:
05-30 10:23:54.405 D/TrafficStats( 745): tagSocket(424) with statsTag=0xffffffff, statsUid=-1
05-30 10:23:54.407 D/OomAdjuster( 745): Not killing cached processes
05-30 10:23:54.412 E/MdnsAdvertiser( 745): Name conflict adding services that should have unique names
05-30 10:23:54.412 E/MdnsAdvertiser( 745): android.net.connectivity.com.android.server.connectivity.mdns.NameConflictException
05-30 10:23:54.412 E/MdnsAdvertiser( 745): at android.net.connectivity.com.android.server.connectivity.mdns.MdnsRecordRepository.addService(MdnsRecordRepository.java:314)
05-30 10:23:54.412 E/MdnsAdvertiser( 745): at android.net.connectivity.com.android.server.connectivity.mdns.MdnsInterfaceAdvertiser.addService(MdnsInterfaceAdvertiser.java:217)
05-30 10:23:54.412 E/MdnsAdvertiser( 745): at android.net.connectivity.com.android.server.connectivity.mdns.MdnsAdvertiser$InterfaceAdvertiserRequest.onSocketCreated(MdnsAdvertiser.java:304)
05-30 10:23:54.412 E/MdnsAdvertiser( 745): at android.net.connectivity.com.android.server.connectivity.mdns.MdnsSocketProvider.notifySocketCreated(MdnsSocketProvider.java:585)
05-30 10:23:54.412 E/MdnsAdvertiser( 745): at android.net.connectivity.com.android.server.connectivity.mdns.MdnsSocketProvider.createSocket(MdnsSocketProvider.java:526)
05-30 10:23:54.412 E/MdnsAdvertiser( 745): at android.net.connectivity.com.android.server.connectivity.mdns.MdnsSocketProvider.handleLinkPropertiesChanged(MdnsSocketProvider.java:411)
05-30 10:23:54.412 E/MdnsAdvertiser( 745): at android.net.connectivity.com.android.server.connectivity.mdns.MdnsSocketProvider.-$$Nest$mhandleLinkPropertiesChanged(MdnsSocketProvider.java:0)
05-30 10:23:54.412 E/MdnsAdvertiser( 745): at android.net.connectivity.com.android.server.connectivity.mdns.MdnsSocketProvider$2.onLinkPropertiesChanged(MdnsSocketProvider.java:185)
05-30 10:23:54.412 E/MdnsAdvertiser( 745): at android.net.ConnectivityManager$NetworkCallback.onAvailable(ConnectivityManager.java:3960)
05-30 10:23:54.412 E/MdnsAdvertiser( 745): at android.net.ConnectivityManager$NetworkCallback.onAvailable(ConnectivityManager.java:3936)
05-30 10:23:54.412 E/MdnsAdvertiser( 745): at android.net.ConnectivityManager$CallbackHandler.handleMessage(ConnectivityManager.java:4263)
05-30 10:23:54.412 E/MdnsAdvertiser( 745): at android.os.Handler.dispatchMessage(Handler.java:106)
05-30 10:23:54.412 E/MdnsAdvertiser( 745): at android.os.Looper.loopOnce(Looper.java:205)
05-30 10:23:54.412 E/MdnsAdvertiser( 745): at android.os.Looper.loop(Looper.java:294)
05-30 10:23:54.412 E/MdnsAdvertiser( 745): at android.os.HandlerThread.run(HandlerThread.java:67)
05-30 10:23:54.416 D/ActivityManager( 745): sync unfroze 2310 com.android.rkpdapp for 6
05-30 10:23:54.418 W/ProcessStats( 745): Tracking association SourceState{f4b22c9 system/1000 ImpBg #492} whose proc state 6 is better than process ProcessState{594e98d com.android.rkpdapp/10067 pkg=com.android.rkpdapp} proc state 15 (1 skipped)
05-30 10:23:54.424 W/IPCThreadState( 745): Sending oneway calls to frozen process.
05-30 10:23:54.425 D/ConnectivityService( 745): Setting DNS servers for network 100 to [/202.96.134.133, /202.96.128.166]
05-30 10:23:54.426 D/DnsManager( 745): sendDnsConfigurationForNetwork(100, [202.96.134.133, 202.96.128.166], [], 1800, 25, 8, 64, 0, 0, , [202.96.134.133, 202.96.128.166])
05-30 10:23:54.427 W/IPCThreadState( 745): Sending oneway calls to frozen process.
05-30 10:23:54.427 W/IPCThreadState( 745): Sending oneway calls to frozen process.
05-30 10:23:54.427 W/IPCThreadState( 745): Sending oneway calls to frozen process.
05-30 10:23:54.427 W/IPCThreadState( 745): Sending oneway calls to frozen process.
05-30 10:23:54.427 W/IPCThreadState( 745): Sending oneway calls to frozen process.
05-30 10:23:54.427 W/IPCThreadState( 745): Sending oneway calls to frozen process.
05-30 10:23:54.428 W/IPCThreadState( 745): Sending oneway calls to frozen process.
05-30 10:23:54.428 W/IPCThreadState( 745): Sending oneway calls to frozen process.
05-30 10:23:54.428 W/IPCThreadState( 745): Sending oneway calls to frozen process.
05-30 10:23:54.431 W/ContextImpl( 745): Calling a method in the system process without a qualified user: android.app.ContextImpl.sendStickyBroadcast:1626 android.net.connectivity.com.android.server.ConnectivityService.sendStickyBroadcast:3280 android.net.connectivity.com.android.server.ConnectivityService.sendGeneralBroadcast:3250 android.net.connectivity.com.android.server.ConnectivityService.sendInetConditionBroadcast:3227 android.net.connectivity.com.android.server.ConnectivityService.updateInetCondition:9819
05-30 10:23:54.432 W/LastMileLogger( 745): Failed to stop event tracing: /sys/kernel/debug/tracing/instances/wifi/tracing_on: open failed: ENOENT (No such file or directory)
05-30 10:23:54.443 D/ActivityManager( 745): sync unfroze 2416 com.android.webview:webview_service for 6
05-30 10:23:54.443 D/WifiMemoryStoreImpl( 745): Set cluster G4efc2b4dc3a055f4 for We2c1544734cb3915: SUCCESS
05-30 10:23:54.456 D/WifiConfigStore( 745): Writing to stores completed in 13 ms.
05-30 10:23:54.466 D/ActivityManager( 745): sync unfroze 2397 com.android.statementservice for 6
05-30 10:23:54.469 D/CompatibilityChangeReporter( 1874): Compat change id reported: 263076149; UID 10066; state: ENABLED
05-30 10:23:54.479 E/TaskWorkerFactory( 1874): Cannot create worker: com.android.devicelockcontroller.provision.worker.DeviceCheckInWorker
05-30 10:23:54.479 E/TaskWorkerFactory( 1874): java.lang.NoSuchMethodException: com.android.devicelockcontroller.provision.worker.DeviceCheckInWorker. [class android.content.Context, class androidx.work.WorkerParameters, interface com.google.common.util.concurrent.ListeningExecutorService]
05-30 10:23:54.479 E/TaskWorkerFactory( 1874): at java.lang.Class.getConstructor0(Class.java:3325)
05-30 10:23:54.479 E/TaskWorkerFactory( 1874): at java.lang.Class.getDeclaredConstructor(Class.java:3063)
05-30 10:23:54.479 E/TaskWorkerFactory( 1874): at com.android.devicelockcontroller.policy.TaskWorkerFactory.createWorker(TaskWorkerFactory.java:53)
05-30 10:23:54.479 E/TaskWorkerFactory( 1874): at androidx.work.DelegatingWorkerFactory.createWorker(DelegatingWorkerFactory.java:71)
05-30 10:23:54.479 E/TaskWorkerFactory( 1874): at androidx.work.WorkerFactory.createWorkerWithDefaultFallback(WorkerFactory.java:82)
