05-30 10:23:55.505 D/nStackXCoAP( 2783): IsInSameNetwork:[276] :IsInSameNetwork exec
05-30 10:23:55.505 I/nStackXDFinder( 2783): GetLocalInterfaceDetail:[461] :GetLocalInterfaceDetail in
05-30 10:23:55.505 E/nStackXCoAP( 2783): IsInSameNetwork:[281] :IsInSameNetwork: not priority process
05-30 10:23:55.508 D/nStackXCoAP( 2783): IsInSameNetwork:[276] :IsInSameNetwork exec
05-30 10:23:55.508 I/nStackXDFinder( 2783): GetLocalInterfaceDetail:[461] :GetLocalInterfaceDetail in
05-30 10:23:55.508 E/nStackXCoAP( 2783): IsInSameNetwork:[281] :IsInSameNetwork: not priority process
05-30 10:23:55.509 I/d.leradlauncher( 2214): Background young concurrent copying GC freed 26068(2329KB) AllocSpace objects, 4(80KB) LOS objects, 0% free, 7485KB/7485KB, paused 1.969ms,1.779ms total 238.527ms
05-30 10:23:55.514 D/TrafficStats( 2214): tagSocket(107) with statsTag=0xffffffff, statsUid=-1
05-30 10:23:55.525 D/nStackXCoAP( 2783): IsInSameNetwork:[276] :IsInSameNetwork exec
05-30 10:23:55.525 I/nStackXDFinder( 2783): GetLocalInterfaceDetail:[461] :GetLocalInterfaceDetail in
05-30 10:23:55.525 E/nStackXCoAP( 2783): IsInSameNetwork:[281] :IsInSameNetwork: not priority process
05-30 10:23:55.531 D/TrafficStats( 2214): tagSocket(98) with statsTag=0xffffffff, statsUid=-1
05-30 10:23:55.538 D/nStackXCoAP( 2783): IsInSameNetwork:[276] :IsInSameNetwork exec
05-30 10:23:55.539 I/nStackXDFinder( 2783): GetLocalInterfaceDetail:[461] :GetLocalInterfaceDetail in
05-30 10:23:55.539 E/nStackXCoAP( 2783): IsInSameNetwork:[281] :IsInSameNetwork: not priority process
05-30 10:23:55.542 D/nStackXCoAP( 2783): IsInSameNetwork:[276] :IsInSameNetwork exec
05-30 10:23:55.542 I/nStackXDFinder( 2783): GetLocalInterfaceDetail:[461] :GetLocalInterfaceDetail in
05-30 10:23:55.542 E/nStackXCoAP( 2783): IsInSameNetwork:[281] :IsInSameNetwork: not priority process
05-30 10:23:55.558 I/okhttp.OkHttpClient( 1911): --> POST http://tyapi.qun7.com/v1/core/launcherota (533-byte body)
05-30 10:23:55.562 I/lerad.etna.haqu( 1911): Background young concurrent copying GC freed 32152(1926KB) AllocSpace objects, 8(160KB) LOS objects, 3% free, 4557KB/4743KB, paused 478us,3.423ms total 279.725ms
05-30 10:23:55.564 W/System ( 1911): A resource failed to call close.
05-30 10:23:55.565 W/System ( 1911): A resource failed to call close.
05-30 10:23:55.565 W/System ( 1911): A resource failed to call close.
05-30 10:23:55.565 W/System ( 1911): A resource failed to call close.
05-30 10:23:55.565 W/System ( 1911): A resource failed to call close.
05-30 10:23:55.565 W/System ( 1911): A resource failed to call close.
05-30 10:23:55.572 I/led_switch.sh( 4475): type=1400 audit(0.0:2226): avc: denied { write } for name="led_swith.txt" dev="dm-50" ino=348 scontext=u:r:init:s0 tcontext=u:object_r:shell_data_file:s0 tclass=file permissive=1 bug=b/77873135
05-30 10:23:55.584 I/led_switch.sh( 4475): type=1400 audit(0.0:2227): avc: denied { open } for path="/data/local/tmp/led_swith.txt" dev="dm-50" ino=348 scontext=u:r:init:s0 tcontext=u:object_r:shell_data_file:s0 tclass=file permissive=1 bug=b/77873135
05-30 10:23:55.586 V/MediaPlayerList( 1324): mPackageChangedBroadcastReceiver: action: android.intent.action.PACKAGE_CHANGED
05-30 10:23:55.593 I/InputReader( 745): Reconfiguring input devices, changes=KEYBOARD_LAYOUTS
05-30 10:23:55.597 D/ActivityManager( 745): sync unfroze 1140 com.android.permissioncontroller for 6
05-30 10:23:55.599 I/RoleService( 745): Granting default roles...
05-30 10:23:55.600 W/Searchables( 745): No global search activity found
05-30 10:23:55.604 I/okhttp.OkHttpClient( 1911): --> POST http://tymsgapi.qun7.com/v1/core/rom (533-byte body)
05-30 10:23:55.606 I/okhttp.OkHttpClient( 1911): --> POST http://tymsgapi.qun7.com/v1/core/logip (600-byte body)
05-30 10:23:55.618 I/PermissionControllerServiceImpl( 1140): Updating user sensitive for uid 10066
05-30 10:23:55.627 D/nStackXCoAP( 2783): IsInSameNetwork:[276] :IsInSameNetwork exec
05-30 10:23:55.628 I/nStackXDFinder( 2783): GetLocalInterfaceDetail:[461] :GetLocalInterfaceDetail in
05-30 10:23:55.628 E/nStackXCoAP( 2783): IsInSameNetwork:[281] :IsInSameNetwork: not priority process
05-30 10:23:55.648 I/stop ( 4488): type=1400 audit(0.0:2228): avc: denied { write } for name="property_service" dev="tmpfs" ino=411 scontext=u:r:vendor_toolbox:s0 tcontext=u:object_r:property_socket:s0 tclass=sock_file permissive=1
05-30 10:23:55.655 D/TrafficStats( 1911): tagSocket(87) with statsTag=0xffffffff, statsUid=-1
05-30 10:23:55.648 I/stop ( 4488): type=1400 audit(0.0:2229): avc: denied { connectto } for path="/dev/socket/property_service" scontext=u:r:vendor_toolbox:s0 tcontext=u:r:init:s0 tclass=unix_stream_socket permissive=1
05-30 10:23:55.663 W/Role ( 1140): Cannot get ApplicationInfo for default holder: com.android.messaging
05-30 10:23:55.672 D/TrafficStats( 2606): tagSocket(70) with statsTag=0xffffffff, statsUid=-1
05-30 10:23:55.680 I/okhttp.OkHttpClient( 1911): --> POST http://tymsgapi.qun7.com/v1/core/appupdate (2314-byte body)
05-30 10:23:55.689 W/Role ( 1140): Cannot get ApplicationInfo for default holder: com.android.tv.frameworkpackagestubs
05-30 10:23:55.709 D/TrafficStats( 1911): tagSocket(86) with statsTag=0xffffffff, statsUid=-1
05-30 10:23:55.711 D/TrafficStats( 1911): tagSocket(89) with statsTag=0xffffffff, statsUid=-1
05-30 10:23:55.715 D/TrafficStats( 1911): tagSocket(88) with statsTag=0xffffffff, statsUid=-1
05-30 10:23:55.732 D/TrafficStats( 2606): tagSocket(71) with statsTag=0xffffffff, statsUid=-1
05-30 10:23:55.734 D/AppListModel( 2214): requestAppFilterList: success
05-30 10:23:55.734 D/AppListModel( 2214): updateList
05-30 10:23:55.734 D/AppListModel( 2214): updateList: resetAppList
05-30 10:23:55.746 W/VoiceInteractionManager( 745): no available voice recognition services found for user 0
05-30 10:23:55.749 E/HigherBroadcastServer( 1911): {"bluetoothBoot":false,"bluetoothController":false,"bluetoothMac":"1C:79:2D:20:62:B6","deviceModel":"DBBOX-A3","deviceModelNumber":"H5P464","deviceName":"客厅的当贝盒子","findController":1,"hostName":"192.168.3.222","inetAddress":"192.168.3.222","mac":"20:02:FE:19:C2:49","port":6689,"romCode":5007,"romVersion":"5.0.0.7","wifiMac":"1C:79:2D:20:62:B5","deviceId":"6f215fe5923ef04ed4749210af2b76b9","sn":"DZOH5P8251918026"}
05-30 10:23:55.749 W/NsdServiceInfo( 1911): Key lengths > 9 are discouraged: deviceModel
05-30 10:23:55.750 W/NsdServiceInfo( 1911): Key lengths > 9 are discouraged: deviceModelNumber
05-30 10:23:55.750 W/NsdServiceInfo( 1911): Key lengths > 9 are discouraged: deviceName
05-30 10:23:55.750 W/NsdServiceInfo( 1911): Key lengths > 9 are discouraged: romVersion
05-30 10:23:55.750 W/NsdServiceInfo( 1911): Key lengths > 9 are discouraged: findController
05-30 10:23:55.758 I/okhttp.OkHttpClient( 1911): <-- 200 OK http://tyapi.qun7.com/v1/core/launcherota (199ms, unknown-length body)
05-30 10:23:55.765 E/nStackXDFinder( 2783): GetLocalIp:[401] :GetLocalIp exec
05-30 10:23:55.765 E/nStackXDFinder( 2783): GetLocalIp:[401] :GetLocalIp exec
05-30 10:23:55.765 E/nStackXDFinder( 2783): GetLocalIp:[401] :GetLocalIp exec
05-30 10:23:55.765 I/nStackXCoAP( 2783): CoapServiceDiscoverTimerHandle:[524] :the 5 times for device discover.
05-30 10:23:55.786 E/ccc ( 1911): cccccc launcher ota response is BaseResponse{message='success', data=UpgradeInfoEntity{contentLength=0, versionName='', versionCode=0, remark='', list=[]}, code=0}
05-30 10:23:55.787 W/System.err( 1911): java.lang.IndexOutOfBoundsException: Index 0 out of bounds for length 0
05-30 10:23:55.788 I/serviceDiscovery( 745): [MdnsAdvertiser] Adding service name: 192.168.3.222, type: _db_controller._tcp, hostAddresses: /192.168.3.222, port: 6689, network: null, txtRecord: deviceModel=DBBOX-A3romVersion=5.0.0.7findController=1sn=DZOH5P8251918026mac=20:02:FE:19:C2:49 deviceName=客厅的当贝盒子)deviceId=6f215fe5923ef04ed4749210af2b76b9deviceModelNumber=H5P464 romCode=5007 with ID 5 and subtype null
05-30 10:23:55.789 W/System.err( 1911): at jdk.internal.util.Preconditions.outOfBounds(Preconditions.java:64)
05-30 10:23:55.789 W/System.err( 1911): at jdk.internal.util.Preconditions.outOfBoundsCheckIndex(Preconditions.java:70)
05-30 10:23:55.789 W/System.err( 1911): at jdk.internal.util.Preconditions.checkIndex(Preconditions.java:266)
05-30 10:23:55.789 W/System.err( 1911): at java.util.Objects.checkIndex(Objects.java:359)
05-30 10:23:55.789 W/System.err( 1911): at java.util.ArrayList.get(ArrayList.java:434)
05-30 10:23:55.789 W/System.err( 1911): at com.dangbei.etna.update.launcher.LauncherUpdateHelper$requestLauncherUpdateInfo$1$2.invoke(LauncherUpdateHelper.kt:198)
05-30 10:23:55.789 E/DocumentManagerRoleBehavior( 1140): There should be exactly one documenter; found 0: matches=[]
05-30 10:23:55.789 W/System.err( 1911): at com.dangbei.etna.update.launcher.LauncherUpdateHelper$requestLauncherUpdateInfo$1$2.invoke(LauncherUpdateHelper.kt:189)
05-30 10:23:55.789 W/System.err( 1911): at com.etna.haqu.support.ext.FlowExtKt$safeCollect$3.emit(FlowExt.kt:52)
05-30 10:23:55.789 W/System.err( 1911): at kotlinx.coroutines.flow.FlowKt__ErrorsKt$catchImpl$2.emit(Errors.kt:158)
05-30 10:23:55.789 W/System.err( 1911): at kotlinx.coroutines.flow.FlowKt__ChannelsKt.emitAllImpl$FlowKt__ChannelsKt(Channels.kt:62)
05-30 10:23:55.789 W/System.err( 1911): at kotlinx.coroutines.flow.FlowKt__ChannelsKt.access$emitAllImpl$FlowKt__ChannelsKt(Channels.kt:1)
05-30 10:23:55.789 W/System.err( 1911): at kotlinx.coroutines.flow.FlowKt__ChannelsKt$emitAllImpl$1.invokeSuspend(Unknown Source:14)
05-30 10:23:55.789 W/System.err( 1911): at kotlin.coroutines.jvm.internal.BaseContinuationImpl.resumeWith(ContinuationImpl.kt:33)
05-30 10:23:55.789 W/System.err( 1911): at kotlinx.coroutines.DispatchedTask.run(DispatchedTask.kt:106)
05-30 10:23:55.789 W/System.err( 1911): at android.os.Handler.handleCallback(Handler.java:958)
05-30 10:23:55.789 W/System.err( 1911): at android.os.Handler.dispatchMessage(Handler.java:99)
05-30 10:23:55.789 W/System.err( 1911): at android.os.Looper.loopOnce(Looper.java:205)
05-30 10:23:55.789 W/System.err( 1911): at android.os.Looper.loop(Looper.java:294)
05-30 10:23:55.789 W/System.err( 1911): at android.app.ActivityThread.main(ActivityThread.java:8255)
05-30 10:23:55.790 W/System.err( 1911): at java.lang.reflect.Method.invoke(Native Method)
05-30 10:23:55.790 W/System.err( 1911): at com.android.internal.os.RuntimeInit$MethodAndArgsCaller.run(RuntimeInit.java:552)
05-30 10:23:55.790 W/System.err( 1911): at com.android.internal.os.ZygoteInit.main(ZygoteInit.java:978)
05-30 10:23:55.793 W/Role ( 1140): Cannot get ApplicationInfo for default holder: com.android.gallery3d
05-30 10:23:55.795 E/ccc ( 2199): cccccc notifyUpdateChanged {"code":1,"data":{"hasUpdate":false,"what":1,"why":-1},"message":"更新状态变化"}
05-30 10:23:55.807 D/EventBus( 2199): No subscribers registered for event class com.dangbei.haqusetting.model.bean.event.RootEvent
05-30 10:23:55.807 I/lerad.etna.haqu( 1911): Background concurrent copying GC freed 28228(2627KB) AllocSpace objects, 1(20KB) LOS objects, 49% free, 3126KB/6252KB, paused 294us,665us total 243.139ms
05-30 10:23:55.807 D/EventBus( 2199): No subscribers registered for event class org.greenrobot.eventbus.NoSubscriberEvent
05-30 10:23:55.809 E/ccc ( 1911): cccccc updateHelper 通知更新
05-30 10:23:55.811 I/okhttp.OkHttpClient( 1911): <-- 200 OK http://tymsgapi.qun7.com/v1/core/rom (206ms, unknown-length body)
05-30 10:23:55.812 I/okhttp.OkHttpClient( 1911): <-- 200 OK http://tymsgapi.qun7.com/v1/core/logip (205ms, 81-byte body)
05-30 10:23:55.813 I/okhttp.OkHttpClient( 1911): <-- 200 OK http://tymsgapi.qun7.com/v1/core/appupdate (131ms, unknown-length body)
05-30 10:23:55.815 D/nStackXCoAP( 2783): IsInSameNetwork:[276] :IsInSameNetwork exec
05-30 10:23:55.815 I/nStackXDFinder( 2783): GetLocalInterfaceDetail:[461] :GetLocalInterfaceDetail in
05-30 10:23:55.815 E/nStackXCoAP( 2783): IsInSameNetwork:[281] :IsInSameNetwork: not priority process
05-30 10:23:55.816 I/HttpUtil( 1911): success
05-30 10:23:55.816 D/nStackXCoAP( 2783): IsInSameNetwork:[276] :IsInSameNetwork exec
05-30 10:23:55.816 I/nStackXDFinder( 2783): GetLocalInterfaceDetail:[461] :GetLocalInterfaceDetail in
05-30 10:23:55.816 E/nStackXCoAP( 2783): IsInSameNetwork:[281] :IsInSameNetwork: not priority process
05-30 10:23:55.817 D/nStackXCoAP( 2783): IsInSameNetwork:[276] :IsInSameNetwork exec
05-30 10:23:55.817 I/nStackXDFinder( 2783): GetLocalInterfaceDetail:[461] :GetLocalInterfaceDetail in
05-30 10:23:55.817 E/nStackXCoAP( 2783): IsInSameNetwork:[281] :IsInSameNetwork: not priority process
05-30 10:23:55.819 E/ccc ( 1911): cccccc requestOtaInfo result BaseResponse{message='success', data=OtaUpdateBean{downloadId='3859', updateType=1, romVersionName='5.0.0.7', romCode=66666, current=0, romMd5v='e5fc8d9a29132ffd8efdc3842c3c35a5', romLength=1107791189, romSize='1.0 GB', downUrl='http://dl.qun7.com/H5/H5Pro/5.0.0.6-20250530-wsyv%20/user_H5P_S905X5M_20250529_3-ota.zip', reUrl='http://dl.v5tv.com/H5/H5Pro/5.0.0.6-20250530-wsyv%20/user_H5P_S905X5M_20250529_3-ota.zip', reUrl2='http://dl.tymcdn.com/H5/H5Pro/5.0.0.6-20250530-wsyv%20/user_H5P_S905X5M_20250529_3-ota.zip', tempUrl='null', remark='30号早上9点配置OTA升级
05-30 10:23:55.819 E/ccc ( 1911): 固件时间:29号晚上10点
05-30 10:23:55.819 E/ccc ( 1911): 更新信息:
05-30 10:23:55.819 E/ccc ( 1911): user_H5P_S905X5M_20250529_3
05-30 10:23:55.819 E/ccc ( 1911): 链接: https://pan.baidu.com/s/13dvHYrF9ktJxYMb1qkA6TA?pwd=wsyv 提取码: wsyv
05-30 10:23:55.819 E/ccc ( 1911): 1.修复深度清理卡死log异常 对应Redmine bug 10
05-30 10:23:55.819 E/ccc ( 1911): 2.47981 47937对应相关禅道bug
05-30 10:23:55.819 E/ccc ( 1911): 对应Redmine bug #29 #19 #78 #52 #27 #26
05-30 10:23:55.819 E/ccc ( 1911): 加油,各位老表,干完今天回家过端午', status=idle, progress=0.0, filterMac=[], localPath='null', popup=1, isPaused=false, cancelled=false, extraInfo='null'}, code=0}
05-30 10:23:55.821 E/ccc ( 2199): cccccc notifyUpdateChanged {"code":1,"data":{"hasUpdate":true,"what":3,"why":-1},"message":"更新状态变化"}
05-30 10:23:55.825 D/EventBus( 2199): No subscribers registered for event class com.dangbei.haqusetting.model.bean.event.RootEvent
05-30 10:23:55.825 D/EventBus( 2199): No subscribers registered for event class org.greenrobot.eventbus.NoSubscriberEvent
05-30 10:23:55.825 E/ccc ( 1911): cccccc updateHelper 通知更新
05-30 10:23:55.826 E/ccc ( 1911): cccccc OtaUpdateHelper 普通更新 1
05-30 10:23:55.835 D/nStackXCoAP( 2783): IsInSameNetwork:[276] :IsInSameNetwork exec
05-30 10:23:55.835 I/nStackXDFinder( 2783): GetLocalInterfaceDetail:[461] :GetLocalInterfaceDetail in
05-30 10:23:55.835 E/nStackXCoAP( 2783): IsInSameNetwork:[281] :IsInSameNetwork: not priority process
05-30 10:23:55.841 D/TrafficStats( 2214): tagSocket(118) with statsTag=0xffffffff, statsUid=-1
05-30 10:23:55.844 D/nStackXCoAP( 2783): IsInSameNetwork:[276] :IsInSameNetwork exec
05-30 10:23:55.844 I/nStackXDFinder( 2783): GetLocalInterfaceDetail:[461] :GetLocalInterfaceDetail in
05-30 10:23:55.844 E/nStackXCoAP( 2783): IsInSameNetwork:[281] :IsInSameNetwork: not priority process
05-30 10:23:55.849 D/XHttpObservable( 2606): createNetWorkObservable subscribe: ShowMessageEntity{code=0, data=TipEntity{movieType=[我想看喜剧片, 动作片, 枪战片], movie=[庆余年, 误杀, 美丽人生, 爆笑虫子, 哪吒, 小猪佩奇, 胡歌的电视剧, 张艺谋导演的电影, 切换到1080P, 收藏], appController=[打开当贝市场, 下载哈趣影视, 爱奇艺, 卸载腾讯视频], weather=[今天的天气, 未来五天的天气, 杭州天气怎么样, 明天下不下雨], music=[我要听歌, 周杰伦的歌, 上一首, 下一首, 快进一分钟, 暂停], liveAppDownload='非常抱歉,根据监管部门政策管理要求,暂不提供相应服务。', subscreen=null, wakeUpVoiceResponse=[ProbabilityEntity{word='在呢', probability=30}, ProbabilityEntity{word='我在', probability=35}, ProbabilityEntity{word='你说', probability=15}, ProbabilityEntity{word='来啦', probability=20}], unrecognizedVoiceResponse=[ProbabilityEntity{word='可以再说一遍么', probability=45}, ProbabilityEntity{word='可以说的详细一点么', probability=30}, ProbabilityEntity{word='请问有什么可以帮您', probability=25}], notUnderstandVoiceResponse=[ProbabilityEntity{word='换个说法试试吧', probability=100}]}, message='success'} ,,, isDisposed = false
05-30 10:23:55.853 I/d.leradlauncher( 2214): Background concurrent copying GC freed 52583(4201KB) AllocSpace objects, 34(1448KB) LOS objects, 49% free, 4095KB/8190KB, paused 19.064ms,575us total 340.320ms
05-30 10:23:55.854 D/AppListModel( 2214): restockSort:
05-30 10:23:55.937 I/WifiHAL ( 570): call wifi_get_link_stats handler
05-30 10:23:55.937 I/WifiHAL ( 570): Creating message to get link statistics; iface = 16
05-30 10:23:55.938 D/WifiHAL ( 570): error code -95 mapped to -3
05-30 10:23:55.938 E/WifiStaIfaceAidlImpl( 745): getLinkLayerStats failed with service-specific exception: android.os.ServiceSpecificException: (code 4)
05-30 10:23:55.945 W/JobService( 2310): onNetworkChanged() not implemented in androidx.work.impl.background.systemjob.SystemJobService. Must override in a subclass.
05-30 10:23:55.945 W/JobService( 2416): onNetworkChanged() not implemented in org.chromium.android_webview.services.AwVariationsSeedFetcher. Must override in a subclass.
05-30 10:23:55.947 D/InstantWifi( 745): Receive Wifi is connected, freq = 5745 and currentNetworkId : 0, wifiinfo = SSID: , BSSID: 02:00:00:00:00:00, MAC: 02:00:00:00:00:00, IP: /192.168.3.222, Security type: 2, Supplicant state: COMPLETED, Wi-Fi standard: 6, RSSI: -50, Link speed: 1200Mbps, Tx Link speed: 1200Mbps, Max Supported Tx Link speed: 1200Mbps, Rx Link speed: 6Mbps, Max Supported Rx Link speed: 1200Mbps, Frequency: 5745MHz, Net ID: -1, Metered hint: false, score: 60, isUsable: true, CarrierMerged: false, SubscriptionId: -1, IsPrimary: 1, Trusted: true, Restricted: false, Ephemeral: false, OEM paid: false, OEM private: false, OSU AP: false, FQDN: , Provider friendly name: , Requesting package name: MLO Information: , Is TID-To-Link negotiation supported by the AP: false, AP MLD Address: , AP MLO Link Id: , AP MLO Affiliated links:
05-30 10:23:55.951 D/nStackXCoAP( 2783): IsInSameNetwork:[276] :IsInSameNetwork exec
05-30 10:23:55.951 I/nStackXDFinder( 2783): GetLocalInterfaceDetail:[461] :GetLocalInterfaceDetail in
05-30 10:23:55.951 E/nStackXCoAP( 2783): IsInSameNetwork:[281] :IsInSameNetwork: not priority process
05-30 10:23:55.951 I/nStackXDFinder( 2783): NotifyDeviceListChanged:[540] :notify callback: device list changed callback is null
05-30 10:23:55.954 D/nStackXCoAP( 2783): IsInSameNetwork:[276] :IsInSameNetwork exec
05-30 10:23:55.954 I/nStackXDFinder( 2783): GetLocalInterfaceDetail:[461] :GetLocalInterfaceDetail in
05-30 10:23:55.954 E/nStackXCoAP( 2783): IsInSameNetwork:[281] :IsInSameNetwork: not priority process
05-30 10:23:55.955 D/nStackXCoAP( 2783): IsInSameNetwork:[276] :IsInSameNetwork exec
05-30 10:23:55.955 I/nStackXDFinder( 2783): GetLocalInterfaceDetail:[461] :GetLocalInterfaceDetail in
05-30 10:23:55.955 E/nStackXCoAP( 2783): IsInSameNetwork:[281] :IsInSameNetwork: not priority process
05-30 10:23:55.956 D/nStackXCoAP( 2783): IsInSameNetwork:[276] :IsInSameNetwork exec
05-30 10:23:55.957 I/nStackXDFinder( 2783): GetLocalInterfaceDetail:[461] :GetLocalInterfaceDetail in
05-30 10:23:55.957 E/nStackXCoAP( 2783): IsInSameNetwork:[281] :IsInSameNetwork: not priority process
05-30 10:23:55.958 D/nStackXCoAP( 2783): IsInSameNetwork:[276] :IsInSameNetwork exec
05-30 10:23:55.958 I/nStackXDFinder( 2783): GetLocalInterfaceDetail:[461] :GetLocalInterfaceDetail in
05-30 10:23:55.958 E/nStackXCoAP( 2783): IsInSameNetwork:[281] :IsInSameNetwork: not priority process
05-30 10:23:55.960 D/nStackXCoAP( 2783): IsInSameNetwork:[276] :IsInSameNetwork exec
05-30 10:23:55.960 I/nStackXDFinder( 2783): GetLocalInterfaceDetail:[461] :GetLocalInterfaceDetail in
05-30 10:23:55.960 E/nStackXCoAP( 2783): IsInSameNetwork:[281] :IsInSameNetwork: not priority process
05-30 10:23:55.961 D/nStackXCoAP( 2783): IsInSameNetwork:[276] :IsInSameNetwork exec
05-30 10:23:55.961 I/nStackXDFinder( 2783): GetLocalInterfaceDetail:[461] :GetLocalInterfaceDetail in
05-30 10:23:55.961 E/nStackXCoAP( 2783): IsInSameNetwork:[281] :IsInSameNetwork: not priority process
05-30 10:23:55.962 D/nStackXCoAP( 2783): IsInSameNetwork:[276] :IsInSameNetwork exec
05-30 10:23:55.962 I/nStackXDFinder( 2783): GetLocalInterfaceDetail:[461] :GetLocalInterfaceDetail in
05-30 10:23:55.962 E/nStackXCoAP( 2783): IsInSameNetwork:[281] :IsInSameNetwork: not priority process
05-30 10:23:55.963 D/nStackXCoAP( 2783): IsInSameNetwork:[276] :IsInSameNetwork exec
05-30 10:23:55.963 I/nStackXDFinder( 2783): GetLocalInterfaceDetail:[461] :GetLocalInterfaceDetail in
05-30 10:23:55.963 E/nStackXCoAP( 2783): IsInSameNetwork:[281] :IsInSameNetwork: not priority process
05-30 10:23:55.963 D/nStackXCoAP( 2783): IsInSameNetwork:[276] :IsInSameNetwork exec
05-30 10:23:55.963 I/nStackXDFinder( 2783): GetLocalInterfaceDetail:[461] :GetLocalInterfaceDetail in
05-30 10:23:55.963 E/nStackXCoAP( 2783): IsInSameNetwork:[281] :IsInSameNetwork: not priority process
05-30 10:23:55.970 D/nStackXCoAP( 2783): IsInSameNetwork:[276] :IsInSameNetwork exec
05-30 10:23:55.970 I/nStackXDFinder( 2783): GetLocalInterfaceDetail:[461] :GetLocalInterfaceDetail in
05-30 10:23:55.970 E/nStackXCoAP( 2783): IsInSameNetwork:[281] :IsInSameNetwork: not priority process
05-30 10:23:55.970 D/nStackXCoAP( 2783): IsInSameNetwork:[276] :IsInSameNetwork exec
05-30 10:23:55.970 I/nStackXDFinder( 2783): GetLocalInterfaceDetail:[461] :GetLocalInterfaceDetail in
05-30 10:23:55.970 E/nStackXCoAP( 2783): IsInSameNetwork:[281] :IsInSameNetwork: not priority process
05-30 10:23:55.972 D/nStackXCoAP( 2783): IsInSameNetwork:[276] :IsInSameNetwork exec
05-30 10:23:55.972 I/nStackXDFinder( 2783): GetLocalInterfaceDetail:[461] :GetLocalInterfaceDetail in
05-30 10:23:55.972 E/nStackXCoAP( 2783): IsInSameNetwork:[281] :IsInSameNetwork: not priority process
05-30 10:23:55.972 D/nStackXCoAP( 2783): IsInSameNetwork:[276] :IsInSameNetwork exec
05-30 10:23:55.972 I/nStackXDFinder( 2783): GetLocalInterfaceDetail:[461] :GetLocalInterfaceDetail in
05-30 10:23:55.972 E/nStackXCoAP( 2783): IsInSameNetwork:[281] :IsInSameNetwork: not priority process
05-30 10:23:55.979 I/audio_hw_hal_alsamgr( 523): alsa format =0x1 delay frames =768 total frames=9017600
05-30 10:23:55.986 D/XHttpObservable( 2606): createNetWorkObservable subscribe: MediaControlEntity{code=0, data=PageEntity{list=[ContentEntity{packageName='com.dangbei.leard.leradlauncher', activityName='FilmDetailActivity'}, ContentEntity{packageName='com.dangbei.leard.leradlauncher', activityName='FullScreenDetailActivity'}, ContentEntity{packageName='com.dangbei.leard.leradlauncher', activityName='TencentSportActivity'}, ContentEntity{packageName='com.dangbei.leradVideoPlugins', activityName='FilmDetailActivity'}, ContentEntity{packageName='com.dangbei.leradVideoPlugins', activityName='FullScreenDetailActivity'}, ContentEntity{packageName='com.dangbei.leradVideoPlugins', activityName='TencentSportActivity'}, ContentEntity{packageName='com.dangbei.leradVideoPlugins', activityName='ShortPlayActivity'}, ContentEntity{packageName='com.dangbei.hqmedia', activityName='FilmDetailActivity'}, ContentEntity{packageName='com.dangbei.hqmedia', activityName='FullScreenDetailActivity'}, ContentEntity{packageName='com.dangbei.leradVideoPlugins', activityName='MangoMediaActivity'}, ContentEntity{packageName='com.dangbei.leradVideoPlugins', activityName='VcinemaActivity'}]}, message='success'} ,,, isDisposed = false
05-30 10:23:56.010 D/TrafficStats( 2616): tagSocket(5) with statsTag=0xffffffff, statsUid=-1
05-30 10:23:56.025 D/nStackXCoAP( 2783): IsInSameNetwork:[276] :IsInSameNetwork exec
05-30 10:23:56.025 I/nStackXDFinder( 2783): GetLocalInterfaceDetail:[461] :GetLocalInterfaceDetail in
05-30 10:23:56.025 E/nStackXCoAP( 2783): IsInSameNetwork:[281] :IsInSameNetwork: not priority process
05-30 10:23:56.030 D/nStackXCoAP( 2783): IsInSameNetwork:[276] :IsInSameNetwork exec
05-30 10:23:56.030 I/nStackXDFinder( 2783): GetLocalInterfaceDetail:[461] :GetLocalInterfaceDetail in
05-30 10:23:56.030 E/nStackXCoAP( 2783): IsInSameNetwork:[281] :IsInSameNetwork: not priority process
05-30 10:23:56.037 D/nStackXCoAP( 2783): IsInSameNetwork:[276] :IsInSameNetwork exec
05-30 10:23:56.037 I/nStackXDFinder( 2783): GetLocalInterfaceDetail:[461] :GetLocalInterfaceDetail in
05-30 10:23:56.037 E/nStackXCoAP( 2783): IsInSameNetwork:[281] :IsInSameNetwork: not priority process
05-30 10:23:56.038 D/nStackXCoAP( 2783): IsInSameNetwork:[276] :IsInSameNetwork exec
05-30 10:23:56.038 I/nStackXDFinder( 2783): GetLocalInterfaceDetail:[461] :GetLocalInterfaceDetail in
05-30 10:23:56.038 E/nStackXCoAP( 2783): IsInSameNetwork:[281] :IsInSameNetwork: not priority process
05-30 10:23:56.053 D/nStackXCoAP( 2783): IsInSameNetwork:[276] :IsInSameNetwork exec
05-30 10:23:56.053 I/nStackXDFinder( 2783): GetLocalInterfaceDetail:[461] :GetLocalInterfaceDetail in
05-30 10:23:56.053 E/nStackXCoAP( 2783): IsInSameNetwork:[281] :IsInSameNetwork: not priority process
05-30 10:23:56.062 I/MobclickAgent( 2616): module init:azioc
05-30 10:23:56.093 W/TelephonyPermissions( 745): reportAccessDeniedToReadIdentifiers:com.dangbei.screencast:getSerial:-1
05-30 10:23:56.110 D/TrafficStats( 2616): tagSocket(154) with statsTag=0xffffffff, statsUid=-1
05-30 10:23:56.154 D/CompatibilityChangeReporter( 745): Compat change id reported: 261072174; UID 10051; state: ENABLED
05-30 10:23:56.234 I/cr_VariationsSeedFetch( 2416): Fetched first run seed in 1582 ms
05-30 10:23:56.265 E/nStackXDFinder( 2783): GetLocalIp:[401] :GetLocalIp exec
05-30 10:23:56.266 E/nStackXDFinder( 2783): GetLocalIp:[401] :GetLocalIp exec
05-30 10:23:56.266 E/nStackXDFinder( 2783): GetLocalIp:[401] :GetLocalIp exec
05-30 10:23:56.266 I/nStackXCoAP( 2783): CoapServiceDiscoverTimerHandle:[524] :the 6 times for device discover.
05-30 10:23:56.359 D/nStackXCoAP( 2783): IsInSameNetwork:[276] :IsInSameNetwork exec
05-30 10:23:56.359 I/nStackXDFinder( 2783): GetLocalInterfaceDetail:[461] :GetLocalInterfaceDetail in
05-30 10:23:56.359 E/nStackXCoAP( 2783): IsInSameNetwork:[281] :IsInSameNetwork: not priority process
05-30 10:23:56.360 D/nStackXCoAP( 2783): IsInSameNetwork:[276] :IsInSameNetwork exec
05-30 10:23:56.360 I/nStackXDFinder( 2783): GetLocalInterfaceDetail:[461] :GetLocalInterfaceDetail in
05-30 10:23:56.360 E/nStackXCoAP( 2783): IsInSameNetwork:[281] :IsInSameNetwork: not priority process
05-30 10:23:56.360 D/nStackXCoAP( 2783): IsInSameNetwork:[276] :IsInSameNetwork exec
05-30 10:23:56.360 I/nStackXDFinder( 2783): GetLocalInterfaceDetail:[461] :GetLocalInterfaceDetail in
05-30 10:23:56.360 E/nStackXCoAP( 2783): IsInSameNetwork:[281] :IsInSameNetwork: not priority process
05-30 10:23:56.361 D/nStackXCoAP( 2783): IsInSameNetwork:[276] :IsInSameNetwork exec
05-30 10:23:56.361 I/nStackXDFinder( 2783): GetLocalInterfaceDetail:[461] :GetLocalInterfaceDetail in
05-30 10:23:56.361 E/nStackXCoAP( 2783): IsInSameNetwork:[281] :IsInSameNetwork: not priority process
05-30 10:23:56.362 D/nStackXCoAP( 2783): IsInSameNetwork:[276] :IsInSameNetwork exec
05-30 10:23:56.362 I/nStackXDFinder( 2783): GetLocalInterfaceDetail:[461] :GetLocalInterfaceDetail in
05-30 10:23:56.362 E/nStackXCoAP( 2783): IsInSameNetwork:[281] :IsInSameNetwork: not priority process
05-30 10:23:56.363 D/nStackXCoAP( 2783): IsInSameNetwork:[276] :IsInSameNetwork exec
05-30 10:23:56.363 I/nStackXDFinder( 2783): GetLocalInterfaceDetail:[461] :GetLocalInterfaceDetail in
05-30 10:23:56.363 E/nStackXCoAP( 2783): IsInSameNetwork:[281] :IsInSameNetwork: not priority process
05-30 10:23:56.364 D/nStackXCoAP( 2783): IsInSameNetwork:[276] :IsInSameNetwork exec
05-30 10:23:56.364 I/nStackXDFinder( 2783): GetLocalInterfaceDetail:[461] :GetLocalInterfaceDetail in
05-30 10:23:56.364 E/nStackXCoAP( 2783): IsInSameNetwork:[281] :IsInSameNetwork: not priority process
05-30 10:23:56.365 D/nStackXCoAP( 2783): IsInSameNetwork:[276] :IsInSameNetwork exec
05-30 10:23:56.365 I/nStackXDFinder( 2783): GetLocalInterfaceDetail:[461] :GetLocalInterfaceDetail in
05-30 10:23:56.365 E/nStackXCoAP( 2783): IsInSameNetwork:[281] :IsInSameNetwork: not priority process
05-30 10:23:56.365 D/nStackXCoAP( 2783): IsInSameNetwork:[276] :IsInSameNetwork exec
05-30 10:23:56.366 I/nStackXDFinder( 2783): GetLocalInterfaceDetail:[461] :GetLocalInterfaceDetail in
05-30 10:23:56.366 E/nStackXCoAP( 2783): IsInSameNetwork:[281] :IsInSameNetwork: not priority process
05-30 10:23:56.366 D/nStackXCoAP( 2783): IsInSameNetwork:[276] :IsInSameNetwork exec
05-30 10:23:56.366 I/nStackXDFinder( 2783): GetLocalInterfaceDetail:[461] :GetLocalInterfaceDetail in
05-30 10:23:56.366 E/nStackXCoAP( 2783): IsInSameNetwork:[281] :IsInSameNetwork: not priority process
05-30 10:23:56.367 D/nStackXCoAP( 2783): IsInSameNetwork:[276] :IsInSameNetwork exec
05-30 10:23:56.367 I/nStackXDFinder( 2783): GetLocalInterfaceDetail:[461] :GetLocalInterfaceDetail in
05-30 10:23:56.367 E/nStackXCoAP( 2783): IsInSameNetwork:[281] :IsInSameNetwork: not priority process
05-30 10:23:56.368 D/nStackXCoAP( 2783): IsInSameNetwork:[276] :IsInSameNetwork exec
05-30 10:23:56.368 I/nStackXDFinder( 2783): GetLocalInterfaceDetail:[461] :GetLocalInterfaceDetail in
05-30 10:23:56.368 E/nStackXCoAP( 2783): IsInSameNetwork:[281] :IsInSameNetwork: not priority process
05-30 10:23:56.368 D/nStackXCoAP( 2783): IsInSameNetwork:[276] :IsInSameNetwork exec
05-30 10:23:56.368 I/nStackXDFinder( 2783): GetLocalInterfaceDetail:[461] :GetLocalInterfaceDetail in
05-30 10:23:56.368 E/nStackXCoAP( 2783): IsInSameNetwork:[281] :IsInSameNetwork: not priority process
05-30 10:23:56.369 D/nStackXCoAP( 2783): IsInSameNetwork:[276] :IsInSameNetwork exec
05-30 10:23:56.369 I/nStackXDFinder( 2783): GetLocalInterfaceDetail:[461] :GetLocalInterfaceDetail in
05-30 10:23:56.369 E/nStackXCoAP( 2783): IsInSameNetwork:[281] :IsInSameNetwork: not priority process
05-30 10:23:56.370 D/nStackXCoAP( 2783): IsInSameNetwork:[276] :IsInSameNetwork exec
05-30 10:23:56.370 I/nStackXDFinder( 2783): GetLocalInterfaceDetail:[461] :GetLocalInterfaceDetail in
05-30 10:23:56.370 E/nStackXCoAP( 2783): IsInSameNetwork:[281] :IsInSameNetwork: not priority process
05-30 10:23:56.371 D/nStackXCoAP( 2783): IsInSameNetwork:[276] :IsInSameNetwork exec
05-30 10:23:56.371 I/nStackXDFinder( 2783): GetLocalInterfaceDetail:[461] :GetLocalInterfaceDetail in
05-30 10:23:56.371 E/nStackXCoAP( 2783): IsInSameNetwork:[281] :IsInSameNetwork: not priority process
05-30 10:23:56.411 D/nStackXCoAP( 2783): IsInSameNetwork:[276] :IsInSameNetwork exec
05-30 10:23:56.411 I/nStackXDFinder( 2783): GetLocalInterfaceDetail:[461] :GetLocalInterfaceDetail in
05-30 10:23:56.411 E/nStackXCoAP( 2783): IsInSameNetwork:[281] :IsInSameNetwork: not priority process
05-30 10:23:56.412 D/nStackXCoAP( 2783): IsInSameNetwork:[276] :IsInSameNetwork exec
05-30 10:23:56.412 I/nStackXDFinder( 2783): GetLocalInterfaceDetail:[461] :GetLocalInterfaceDetail in
05-30 10:23:56.412 E/nStackXCoAP( 2783): IsInSameNetwork:[281] :IsInSameNetwork: not priority process
05-30 10:23:56.414 D/nStackXCoAP( 2783): IsInSameNetwork:[276] :IsInSameNetwork exec
05-30 10:23:56.414 I/nStackXDFinder( 2783): GetLocalInterfaceDetail:[461] :GetLocalInterfaceDetail in
05-30 10:23:56.414 E/nStackXCoAP( 2783): IsInSameNetwork:[281] :IsInSameNetwork: not priority process
05-30 10:23:56.415 D/nStackXCoAP( 2783): IsInSameNetwork:[276] :IsInSameNetwork exec
05-30 10:23:56.415 I/nStackXDFinder( 2783): GetLocalInterfaceDetail:[461] :GetLocalInterfaceDetail in
05-30 10:23:56.415 E/nStackXCoAP( 2783): IsInSameNetwork:[281] :IsInSameNetwork: not priority process
05-30 10:23:56.416 D/nStackXCoAP( 2783): IsInSameNetwork:[276] :IsInSameNetwork exec
05-30 10:23:56.416 I/nStackXDFinder( 2783): GetLocalInterfaceDetail:[461] :GetLocalInterfaceDetail in
05-30 10:23:56.416 E/nStackXCoAP( 2783): IsInSameNetwork:[281] :IsInSameNetwork: not priority process
05-30 10:23:56.417 D/nStackXCoAP( 2783): IsInSameNetwork:[276] :IsInSameNetwork exec
05-30 10:23:56.417 I/nStackXDFinder( 2783): GetLocalInterfaceDetail:[461] :GetLocalInterfaceDetail in
05-30 10:23:56.417 E/nStackXCoAP( 2783): IsInSameNetwork:[281] :IsInSameNetwork: not priority process
05-30 10:23:56.417 D/nStackXCoAP( 2783): IsInSameNetwork:[276] :IsInSameNetwork exec
05-30 10:23:56.417 I/nStackXDFinder( 2783): GetLocalInterfaceDetail:[461] :GetLocalInterfaceDetail in
05-30 10:23:56.417 E/nStackXCoAP( 2783): IsInSameNetwork:[281] :IsInSameNetwork: not priority process
05-30 10:23:56.545 I/efs.base( 2616): lt=event`ev_ct=efs_core`ev_ac=log_lag`tm=2025-05-30 10:23:54`dn=bb7e9296-7aa1-45f0-ba9b-0f14805eaff4`ps=com.dangbei.screencast`um_os=android`stime=1748571685671`pid=2616`fr=android`pkg=com.dangbei.screencast`vcode=20830`dsp_w=1920`uid=bb7e9296-7aa1-45f0-ba9b-0f14805eaff4`rom=14`wid=bb7e9296-7aa1-45f0-ba9b-0f14805eaff4`um_app_carrier=`um_access=unknow`um_app_channel=os`um_crash_sdk_version=1.4.0`ctime=1748571836`model=dbbox-a3`lang=zh`net=wifi`brand=amlogic`dsp_h=1080`um_network_type=0`ver=v2.8.3`cnt=2`build_model=DBBOX-A3`w_tm=1748571836`appid=5fc60c21094d637f3130af19`um_umid_header=ai314b6ba53e9c9c954b00c8d9755daca2`sdk=34`tzone=Asia/Shanghai`sdk_ver=1.3.6.umeng
05-30 10:23:56.557 D/TrafficStats( 2616): tagSocket(151) with statsTag=0xffffffff, statsUid=-1
05-30 10:23:56.558 D/TrafficStats( 2616): tagSocket(152) with statsTag=0xffffffff, statsUid=-1
05-30 10:23:56.671 I/serviceDiscovery( 745): [MdnsAdvertiser.wlan0] Probing finished for service 5
05-30 10:23:56.673 D/LanCommander( 1911): com.dangbei.andes.bean.RegistrationData@d710f19----------------onServiceRegistered
05-30 10:23:56.766 E/nStackXDFinder( 2783): GetLocalIp:[401] :GetLocalIp exec
05-30 10:23:56.766 E/nStackXDFinder( 2783): GetLocalIp:[401] :GetLocalIp exec
05-30 10:23:56.766 E/nStackXDFinder( 2783): GetLocalIp:[401] :GetLocalIp exec
05-30 10:23:56.767 I/nStackXCoAP( 2783): CoapServiceDiscoverTimerHandle:[524] :the 7 times for device discover.
05-30 10:23:56.817 D/nStackXCoAP( 2783): IsInSameNetwork:[276] :IsInSameNetwork exec
05-30 10:23:56.818 I/nStackXDFinder( 2783): GetLocalInterfaceDetail:[461] :GetLocalInterfaceDetail in
05-30 10:23:56.818 E/nStackXCoAP( 2783): IsInSameNetwork:[281] :IsInSameNetwork: not priority process
05-30 10:23:56.819 D/nStackXCoAP( 2783): IsInSameNetwork:[276] :IsInSameNetwork exec
05-30 10:23:56.819 I/nStackXDFinder( 2783): GetLocalInterfaceDetail:[461] :GetLocalInterfaceDetail in
05-30 10:23:56.819 E/nStackXCoAP( 2783): IsInSameNetwork:[281] :IsInSameNetwork: not priority process
05-30 10:23:56.820 D/nStackXCoAP( 2783): IsInSameNetwork:[276] :IsInSameNetwork exec
05-30 10:23:56.820 I/nStackXDFinder( 2783): GetLocalInterfaceDetail:[461] :GetLocalInterfaceDetail in
05-30 10:23:56.820 E/nStackXCoAP( 2783): IsInSameNetwork:[281] :IsInSameNetwork: not priority process
05-30 10:23:56.820 D/nStackXCoAP( 2783): IsInSameNetwork:[276] :IsInSameNetwork exec
05-30 10:23:56.820 I/nStackXDFinder( 2783): GetLocalInterfaceDetail:[461] :GetLocalInterfaceDetail in
05-30 10:23:56.820 E/nStackXCoAP( 2783): IsInSameNetwork:[281] :IsInSameNetwork: not priority process
05-30 10:23:56.821 I/efs.base( 2616): wa upload succ, HttpResponse {succ=true, code=200, data='暂不支持该服务', extra={req_url=https://errlog.umeng.com/api/crashsdk/logcollect}}
05-30 10:23:56.822 D/nStackXCoAP( 2783): IsInSameNetwork:[276] :IsInSameNetwork exec
05-30 10:23:56.822 I/nStackXDFinder( 2783): GetLocalInterfaceDetail:[461] :GetLocalInterfaceDetail in
05-30 10:23:56.822 E/nStackXCoAP( 2783): IsInSameNetwork:[281] :IsInSameNetwork: not priority process
05-30 10:23:56.828 D/nStackXCoAP( 2783): IsInSameNetwork:[276] :IsInSameNetwork exec
05-30 10:23:56.828 I/nStackXDFinder( 2783): GetLocalInterfaceDetail:[461] :GetLocalInterfaceDetail in
05-30 10:23:56.828 E/nStackXCoAP( 2783): IsInSameNetwork:[281] :IsInSameNetwork: not priority process
05-30 10:23:56.831 D/nStackXCoAP( 2783): IsInSameNetwork:[276] :IsInSameNetwork exec
05-30 10:23:56.831 I/nStackXDFinder( 2783): GetLocalInterfaceDetail:[461] :GetLocalInterfaceDetail in
05-30 10:23:56.831 E/nStackXCoAP( 2783): IsInSameNetwork:[281] :IsInSameNetwork: not priority process
05-30 10:23:56.834 I/efs.base( 2616): wa upload succ, HttpResponse {succ=true, code=200, data='暂不支持该服务', extra={req_url=https://errlog.umeng.com/api/crashsdk/logcollect}}
05-30 10:23:56.857 D/nStackXCoAP( 2783): IsInSameNetwork:[276] :IsInSameNetwork exec
05-30 10:23:56.857 I/nStackXDFinder( 2783): GetLocalInterfaceDetail:[461] :GetLocalInterfaceDetail in
05-30 10:23:56.857 E/nStackXCoAP( 2783): IsInSameNetwork:[281] :IsInSameNetwork: not priority process
05-30 10:23:56.858 D/nStackXCoAP( 2783): IsInSameNetwork:[276] :IsInSameNetwork exec
05-30 10:23:56.858 I/nStackXDFinder( 2783): GetLocalInterfaceDetail:[461] :GetLocalInterfaceDetail in
05-30 10:23:56.858 E/nStackXCoAP( 2783): IsInSameNetwork:[281] :IsInSameNetwork: not priority process
05-30 10:23:56.859 D/nStackXCoAP( 2783): IsInSameNetwork:[276] :IsInSameNetwork exec
05-30 10:23:56.859 I/nStackXDFinder( 2783): GetLocalInterfaceDetail:[461] :GetLocalInterfaceDetail in
05-30 10:23:56.859 E/nStackXCoAP( 2783): IsInSameNetwork:[281] :IsInSameNetwork: not priority process
05-30 10:23:56.859 D/nStackXCoAP( 2783): IsInSameNetwork:[276] :IsInSameNetwork exec
05-30 10:23:56.859 I/nStackXDFinder( 2783): GetLocalInterfaceDetail:[461] :GetLocalInterfaceDetail in
05-30 10:23:56.859 E/nStackXCoAP( 2783): IsInSameNetwork:[281] :IsInSameNetwork: not priority process
05-30 10:23:56.860 D/nStackXCoAP( 2783): IsInSameNetwork:[276] :IsInSameNetwork exec
05-30 10:23:56.860 I/nStackXDFinder( 2783): GetLocalInterfaceDetail:[461] :GetLocalInterfaceDetail in
05-30 10:23:56.860 E/nStackXCoAP( 2783): IsInSameNetwork:[281] :IsInSameNetwork: not priority process
05-30 10:23:56.861 D/nStackXCoAP( 2783): IsInSameNetwork:[276] :IsInSameNetwork exec
05-30 10:23:56.861 I/nStackXDFinder( 2783): GetLocalInterfaceDetail:[461] :GetLocalInterfaceDetail in
05-30 10:23:56.862 E/nStackXCoAP( 2783): IsInSameNetwork:[281] :IsInSameNetwork: not priority process
05-30 10:23:56.869 D/nStackXCoAP( 2783): IsInSameNetwork:[276] :IsInSameNetwork exec
05-30 10:23:56.869 I/nStackXDFinder( 2783): GetLocalInterfaceDetail:[461] :GetLocalInterfaceDetail in
05-30 10:23:56.869 E/nStackXCoAP( 2783): IsInSameNetwork:[281] :IsInSameNetwork: not priority process
05-30 10:23:56.869 D/nStackXCoAP( 2783): IsInSameNetwork:[276] :IsInSameNetwork exec
05-30 10:23:56.869 I/nStackXDFinder( 2783): GetLocalInterfaceDetail:[461] :GetLocalInterfaceDetail in
05-30 10:23:56.869 E/nStackXCoAP( 2783): IsInSameNetwork:[281] :IsInSameNetwork: not priority process
05-30 10:23:56.909 D/nStackXCoAP( 2783): IsInSameNetwork:[276] :IsInSameNetwork exec
05-30 10:23:56.909 I/nStackXDFinder( 2783): GetLocalInterfaceDetail:[461] :GetLocalInterfaceDetail in
05-30 10:23:56.909 E/nStackXCoAP( 2783): IsInSameNetwork:[281] :IsInSameNetwork: not priority process
05-30 10:23:56.910 D/nStackXCoAP( 2783): IsInSameNetwork:[276] :IsInSameNetwork exec
05-30 10:23:56.910 I/nStackXDFinder( 2783): GetLocalInterfaceDetail:[461] :GetLocalInterfaceDetail in
05-30 10:23:56.910 E/nStackXCoAP( 2783): IsInSameNetwork:[281] :IsInSameNetwork: not priority process
05-30 10:23:56.911 D/nStackXCoAP( 2783): IsInSameNetwork:[276] :IsInSameNetwork exec
05-30 10:23:56.911 I/nStackXDFinder( 2783): GetLocalInterfaceDetail:[461] :GetLocalInterfaceDetail in
05-30 10:23:56.911 E/nStackXCoAP( 2783): IsInSameNetwork:[281] :IsInSameNetwork: not priority process
05-30 10:23:56.911 D/nStackXCoAP( 2783): IsInSameNetwork:[276] :IsInSameNetwork exec
05-30 10:23:56.911 I/nStackXDFinder( 2783): GetLocalInterfaceDetail:[461] :GetLocalInterfaceDetail in
05-30 10:23:56.911 E/nStackXCoAP( 2783): IsInSameNetwork:[281] :IsInSameNetwork: not priority process
05-30 10:23:56.912 D/nStackXCoAP( 2783): IsInSameNetwork:[276] :IsInSameNetwork exec
05-30 10:23:56.912 I/nStackXDFinder( 2783): GetLocalInterfaceDetail:[461] :GetLocalInterfaceDetail in
05-30 10:23:56.912 E/nStackXCoAP( 2783): IsInSameNetwork:[281] :IsInSameNetwork: not priority process
05-30 10:23:56.913 D/nStackXCoAP( 2783): IsInSameNetwork:[276] :IsInSameNetwork exec
05-30 10:23:56.913 I/nStackXDFinder( 2783): GetLocalInterfaceDetail:[461] :GetLocalInterfaceDetail in
05-30 10:23:56.913 E/nStackXCoAP( 2783): IsInSameNetwork:[281] :IsInSameNetwork: not priority process
05-30 10:23:56.913 D/nStackXCoAP( 2783): IsInSameNetwork:[276] :IsInSameNetwork exec
05-30 10:23:56.913 I/nStackXDFinder( 2783): GetLocalInterfaceDetail:[461] :GetLocalInterfaceDetail in
05-30 10:23:56.913 E/nStackXCoAP( 2783): IsInSameNetwork:[281] :IsInSameNetwork: not priority process
05-30 10:23:57.267 E/nStackXDFinder( 2783): GetLocalIp:[401] :GetLocalIp exec
05-30 10:23:57.267 E/nStackXDFinder( 2783): GetLocalIp:[401] :GetLocalIp exec
05-30 10:23:57.267 E/nStackXDFinder( 2783): GetLocalIp:[401] :GetLocalIp exec
05-30 10:23:57.268 I/nStackXCoAP( 2783): CoapServiceDiscoverTimerHandle:[524] :the 8 times for device discover.
05-30 10:23:57.278 D/nStackXCoAP( 2783): IsInSameNetwork:[276] :IsInSameNetwork exec
05-30 10:23:57.278 I/nStackXDFinder( 2783): GetLocalInterfaceDetail:[461] :GetLocalInterfaceDetail in
05-30 10:23:57.278 E/nStackXCoAP( 2783): IsInSameNetwork:[281] :IsInSameNetwork: not priority process
05-30 10:23:57.278 D/nStackXCoAP( 2783): IsInSameNetwork:[276] :IsInSameNetwork exec
05-30 10:23:57.278 I/nStackXDFinder( 2783): GetLocalInterfaceDetail:[461] :GetLocalInterfaceDetail in
05-30 10:23:57.278 E/nStackXCoAP( 2783): IsInSameNetwork:[281] :IsInSameNetwork: not priority process
05-30 10:23:57.281 D/nStackXCoAP( 2783): IsInSameNetwork:[276] :IsInSameNetwork exec
05-30 10:23:57.281 I/nStackXDFinder( 2783): GetLocalInterfaceDetail:[461] :GetLocalInterfaceDetail in
05-30 10:23:57.281 E/nStackXCoAP( 2783): IsInSameNetwork:[281] :IsInSameNetwork: not priority process
05-30 10:23:57.282 D/nStackXCoAP( 2783): IsInSameNetwork:[276] :IsInSameNetwork exec
05-30 10:23:57.282 I/nStackXDFinder( 2783): GetLocalInterfaceDetail:[461] :GetLocalInterfaceDetail in
05-30 10:23:57.282 E/nStackXCoAP( 2783): IsInSameNetwork:[281] :IsInSameNetwork: not priority process
05-30 10:23:57.295 D/nStackXCoAP( 2783): IsInSameNetwork:[276] :IsInSameNetwork exec
05-30 10:23:57.295 I/nStackXDFinder( 2783): GetLocalInterfaceDetail:[461] :GetLocalInterfaceDetail in
05-30 10:23:57.295 E/nStackXCoAP( 2783): IsInSameNetwork:[281] :IsInSameNetwork: not priority process
05-30 10:23:57.371 D/nStackXCoAP( 2783): IsInSameNetwork:[276] :IsInSameNetwork exec
05-30 10:23:57.371 I/nStackXDFinder( 2783): GetLocalInterfaceDetail:[461] :GetLocalInterfaceDetail in
05-30 10:23:57.371 E/nStackXCoAP( 2783): IsInSameNetwork:[281] :IsInSameNetwork: not priority process
05-30 10:23:57.372 D/nStackXCoAP( 2783): IsInSameNetwork:[276] :IsInSameNetwork exec
05-30 10:23:57.372 I/nStackXDFinder( 2783): GetLocalInterfaceDetail:[461] :GetLocalInterfaceDetail in
05-30 10:23:57.372 E/nStackXCoAP( 2783): IsInSameNetwork:[281] :IsInSameNetwork: not priority process
05-30 10:23:57.384 D/nStackXCoAP( 2783): IsInSameNetwork:[276] :IsInSameNetwork exec
05-30 10:23:57.384 I/nStackXDFinder( 2783): GetLocalInterfaceDetail:[461] :GetLocalInterfaceDetail in
05-30 10:23:57.384 E/nStackXCoAP( 2783): IsInSameNetwork:[281] :IsInSameNetwork: not priority process
05-30 10:23:57.385 D/nStackXCoAP( 2783): IsInSameNetwork:[276] :IsInSameNetwork exec
05-30 10:23:57.385 I/nStackXDFinder( 2783): GetLocalInterfaceDetail:[461] :GetLocalInterfaceDetail in
05-30 10:23:57.385 E/nStackXCoAP( 2783): IsInSameNetwork:[281] :IsInSameNetwork: not priority process
05-30 10:23:57.386 D/nStackXCoAP( 2783): IsInSameNetwork:[276] :IsInSameNetwork exec
05-30 10:23:57.386 I/nStackXDFinder( 2783): GetLocalInterfaceDetail:[461] :GetLocalInterfaceDetail in
05-30 10:23:57.386 E/nStackXCoAP( 2783): IsInSameNetwork:[281] :IsInSameNetwork: not priority process
05-30 10:23:57.386 D/nStackXCoAP( 2783): IsInSameNetwork:[276] :IsInSameNetwork exec
05-30 10:23:57.386 I/nStackXDFinder( 2783): GetLocalInterfaceDetail:[461] :GetLocalInterfaceDetail in
05-30 10:23:57.386 E/nStackXCoAP( 2783): IsInSameNetwork:[281] :IsInSameNetwork: not priority process
05-30 10:23:57.387 D/nStackXCoAP( 2783): IsInSameNetwork:[276] :IsInSameNetwork exec
05-30 10:23:57.387 I/nStackXDFinder( 2783): GetLocalInterfaceDetail:[461] :GetLocalInterfaceDetail in
05-30 10:23:57.387 E/nStackXCoAP( 2783): IsInSameNetwork:[281] :IsInSameNetwork: not priority process
05-30 10:23:57.387 D/nStackXCoAP( 2783): IsInSameNetwork:[276] :IsInSameNetwork exec
05-30 10:23:57.387 I/nStackXDFinder( 2783): GetLocalInterfaceDetail:[461] :GetLocalInterfaceDetail in
05-30 10:23:57.387 E/nStackXCoAP( 2783): IsInSameNetwork:[281] :IsInSameNetwork: not priority process
05-30 10:23:57.388 D/nStackXCoAP( 2783): IsInSameNetwork:[276] :IsInSameNetwork exec
05-30 10:23:57.388 I/nStackXDFinder( 2783): GetLocalInterfaceDetail:[461] :GetLocalInterfaceDetail in
05-30 10:23:57.388 E/nStackXCoAP( 2783): IsInSameNetwork:[281] :IsInSameNetwork: not priority process
05-30 10:23:57.452 D/nStackXCoAP( 2783): IsInSameNetwork:[276] :IsInSameNetwork exec
05-30 10:23:57.452 I/nStackXDFinder( 2783): GetLocalInterfaceDetail:[461] :GetLocalInterfaceDetail in
05-30 10:23:57.452 E/nStackXCoAP( 2783): IsInSameNetwork:[281] :IsInSameNetwork: not priority process
05-30 10:23:57.454 D/nStackXCoAP( 2783): IsInSameNetwork:[276] :IsInSameNetwork exec
05-30 10:23:57.454 I/nStackXDFinder( 2783): GetLocalInterfaceDetail:[461] :GetLocalInterfaceDetail in
05-30 10:23:57.454 E/nStackXCoAP( 2783): IsInSameNetwork:[281] :IsInSameNetwork: not priority process
05-30 10:23:57.454 D/nStackXCoAP( 2783): IsInSameNetwork:[276] :IsInSameNetwork exec
05-30 10:23:57.454 I/nStackXDFinder( 2783): GetLocalInterfaceDetail:[461] :GetLocalInterfaceDetail in
05-30 10:23:57.455 E/nStackXCoAP( 2783): IsInSameNetwork:[281] :IsInSameNetwork: not priority process
05-30 10:23:57.455 D/nStackXCoAP( 2783): IsInSameNetwork:[276] :IsInSameNetwork exec
05-30 10:23:57.455 I/nStackXDFinder( 2783): GetLocalInterfaceDetail:[461] :GetLocalInterfaceDetail in
05-30 10:23:57.455 E/nStackXCoAP( 2783): IsInSameNetwork:[281] :IsInSameNetwork: not priority process
05-30 10:23:57.456 D/nStackXCoAP( 2783): IsInSameNetwork:[276] :IsInSameNetwork exec
05-30 10:23:57.456 I/nStackXDFinder( 2783): GetLocalInterfaceDetail:[461] :GetLocalInterfaceDetail in
05-30 10:23:57.456 E/nStackXCoAP( 2783): IsInSameNetwork:[281] :IsInSameNetwork: not priority process
05-30 10:23:57.456 D/nStackXCoAP( 2783): IsInSameNetwork:[276] :IsInSameNetwork exec
05-30 10:23:57.456 I/nStackXDFinder( 2783): GetLocalInterfaceDetail:[461] :GetLocalInterfaceDetail in
05-30 10:23:57.456 E/nStackXCoAP( 2783): IsInSameNetwork:[281] :IsInSameNetwork: not priority process
05-30 10:23:57.457 D/nStackXCoAP( 2783): IsInSameNetwork:[276] :IsInSameNetwork exec
05-30 10:23:57.457 I/nStackXDFinder( 2783): GetLocalInterfaceDetail:[461] :GetLocalInterfaceDetail in
05-30 10:23:57.457 E/nStackXCoAP( 2783): IsInSameNetwork:[281] :IsInSameNetwork: not priority process
05-30 10:23:57.457 D/nStackXCoAP( 2783): IsInSameNetwork:[276] :IsInSameNetwork exec
05-30 10:23:57.457 I/nStackXDFinder( 2783): GetLocalInterfaceDetail:[461] :GetLocalInterfaceDetail in
05-30 10:23:57.457 E/nStackXCoAP( 2783): IsInSameNetwork:[281] :IsInSameNetwork: not priority process
05-30 10:23:57.458 D/nStackXCoAP( 2783): IsInSameNetwork:[276] :IsInSameNetwork exec
05-30 10:23:57.458 I/nStackXDFinder( 2783): GetLocalInterfaceDetail:[461] :GetLocalInterfaceDetail in
05-30 10:23:57.458 E/nStackXCoAP( 2783): IsInSameNetwork:[281] :IsInSameNetwork: not priority process
05-30 10:23:57.604 I/adbd ( 1848): host-23: read thread spawning
05-30 10:23:57.604 I/adbd ( 1848): host-23: write thread spawning
05-30 10:23:57.605 I/adbd ( 1848): authentication not required
05-30 10:23:57.768 E/nStackXDFinder( 2783): GetLocalIp:[401] :GetLocalIp exec
05-30 10:23:57.768 E/nStackXDFinder( 2783): GetLocalIp:[401] :GetLocalIp exec
05-30 10:23:57.768 E/nStackXDFinder( 2783): GetLocalIp:[401] :GetLocalIp exec
05-30 10:23:57.769 I/nStackXCoAP( 2783): CoapServiceDiscoverTimerHandle:[524] :the 9 times for device discover.
05-30 10:23:57.939 D/nStackXCoAP( 2783): IsInSameNetwork:[276] :IsInSameNetwork exec
05-30 10:23:57.939 I/nStackXDFinder( 2783): GetLocalInterfaceDetail:[461] :GetLocalInterfaceDetail in
05-30 10:23:57.939 E/nStackXCoAP( 2783): IsInSameNetwork:[281] :IsInSameNetwork: not priority process
05-30 10:23:57.941 D/nStackXCoAP( 2783): IsInSameNetwork:[276] :IsInSameNetwork exec
05-30 10:23:57.941 I/nStackXDFinder( 2783): GetLocalInterfaceDetail:[461] :GetLocalInterfaceDetail in
05-30 10:23:57.941 E/nStackXCoAP( 2783): IsInSameNetwork:[281] :IsInSameNetwork: not priority process
05-30 10:23:57.946 D/nStackXCoAP( 2783): IsInSameNetwork:[276] :IsInSameNetwork exec
05-30 10:23:57.946 I/nStackXDFinder( 2783): GetLocalInterfaceDetail:[461] :GetLocalInterfaceDetail in
05-30 10:23:57.946 E/nStackXCoAP( 2783): IsInSameNetwork:[281] :IsInSameNetwork: not priority process
05-30 10:23:57.947 D/nStackXCoAP( 2783): IsInSameNetwork:[276] :IsInSameNetwork exec
05-30 10:23:57.947 I/nStackXDFinder( 2783): GetLocalInterfaceDetail:[461] :GetLocalInterfaceDetail in
05-30 10:23:57.947 E/nStackXCoAP( 2783): IsInSameNetwork:[281] :IsInSameNetwork: not priority process
05-30 10:23:57.948 D/nStackXCoAP( 2783): IsInSameNetwork:[276] :IsInSameNetwork exec
05-30 10:23:57.948 I/nStackXDFinder( 2783): GetLocalInterfaceDetail:[461] :GetLocalInterfaceDetail in
05-30 10:23:57.948 E/nStackXCoAP( 2783): IsInSameNetwork:[281] :IsInSameNetwork: not priority process
05-30 10:23:57.948 D/nStackXCoAP( 2783): IsInSameNetwork:[276] :IsInSameNetwork exec
05-30 10:23:57.948 I/nStackXDFinder( 2783): GetLocalInterfaceDetail:[461] :GetLocalInterfaceDetail in
05-30 10:23:57.948 E/nStackXCoAP( 2783): IsInSameNetwork:[281] :IsInSameNetwork: not priority process
05-30 10:23:57.949 D/nStackXCoAP( 2783): IsInSameNetwork:[276] :IsInSameNetwork exec
05-30 10:23:57.949 I/nStackXDFinder( 2783): GetLocalInterfaceDetail:[461] :GetLocalInterfaceDetail in
