05-30 10:22:35.248 D/HearingAidService( 1324): Bond state changed for device: XX:XX:XX:XX:C0:69 state: 10
05-30 10:22:35.248 I/bt_stack( 1324): [INFO:le_scanning_manager.cc(155)] RegisterScanner in shim layer
05-30 10:22:35.249 D/BluetoothLeScanner( 1911): onScannerRegistered() - status=0 scannerId=1 mScannerId=0
05-30 10:22:35.253 D/ActivityAttributionService( 1324): notifyActivityAttributionInfo UID=1002 packageName=com.android.bluetooth deviceAddress=no_active_device_address
05-30 10:22:35.253 I/bt_btif ( 1324): packages/modules/Bluetooth/system/btif/src/bluetooth.cc:829 get_profile_interface: get_profile_interface: id = activity_attribution
05-30 10:22:35.255 I/bt_stack( 1324): [INFO:le_scanning_manager.cc(168)] Scan in shim layer started
05-30 10:22:35.255 I/bluetooth( 1324): packages/modules/Bluetooth/system/gd/hci/le_scanning_manager.cc:588 stop_scan: Scanning already stopped, return!
05-30 10:22:35.255 I/bluetooth( 1324): packages/modules/Bluetooth/system/gd/hci/le_address_manager.cc:178 register_client: Client registered
05-30 10:22:35.255 I/bt_stack( 1324): [INFO:le_scanning_manager.cc(168)] Scan in shim layer stopped
05-30 10:22:35.256 D/BluetoothDatabase( 1324): getCustomMeta: device XX:XX:XX:XX:C0:69 is not in cache
05-30 10:22:35.256 I/bluetooth( 1324): packages/modules/Bluetooth/system/gd/hci/le_address_manager.cc:193 unregister_client: Client unregistered
05-30 10:22:35.256 I/bt_stack( 1324): [INFO:le_scanning_manager.cc(346)] SetScanParameters in shim layer
05-30 10:22:35.256 I/bt_stack( 1324): [INFO:le_scanning_manager.cc(168)] Scan in shim layer started
05-30 10:22:35.256 I/bluetooth( 1324): packages/modules/Bluetooth/system/gd/hci/le_scanning_manager.cc:588 stop_scan: Scanning already stopped, return!
05-30 10:22:35.256 I/bluetooth( 1324): packages/modules/Bluetooth/system/gd/hci/le_address_manager.cc:178 register_client: Client registered
05-30 10:22:35.261 I/dangbei111( 1911): cccccc on receiver=android.bluetooth.device.action.BOND_STATE_CHANGED,mac=E4:BB:D3:57:C0:69
05-30 10:22:35.261 I/dangbei111( 1911): Wait for auto connection, processBondStateChange: bondState: 11 --> 10
05-30 10:22:35.267 I/BLE_Service( 1332): BOND STATE CHANGED [Dangbei] - was 11, now is 10
05-30 10:22:35.268 D/BluetoothDatabase( 1324): getCustomMeta: device XX:XX:XX:XX:C0:69 is not in cache
05-30 10:22:35.271 E/dangbei111( 1911): cccccc 开始扫描
05-30 10:22:35.271 D/BluetoothAdapter( 1911): isLeEnabled(): ON
05-30 10:22:35.272 D/BluetoothAdapter( 1493): isLeEnabled(): ON
05-30 10:22:35.275 I/bt_stack( 1324): [INFO:le_scanning_manager.cc(155)] RegisterScanner in shim layer
05-30 10:22:35.277 D/BluetoothLeScanner( 1493): onScannerRegistered() - status=0 scannerId=2 mScannerId=0
05-30 10:22:35.278 D/BluetoothDatabase( 1324): getCustomMeta: device XX:XX:XX:XX:C0:69 is not in cache
05-30 10:22:35.280 D/ActivityAttributionService( 1324): notifyActivityAttributionInfo UID=1002 packageName=com.android.bluetooth deviceAddress=no_active_device_address
05-30 10:22:35.280 I/bt_btif ( 1324): packages/modules/Bluetooth/system/btif/src/bluetooth.cc:829 get_profile_interface: get_profile_interface: id = activity_attribution
05-30 10:22:35.280 W/BluetoothEventManager( 1124): showUnbondMessage: Not displaying any message for reason: 9
05-30 10:22:35.283 D/BluetoothDatabase( 1324): getCustomMeta: device XX:XX:XX:XX:C0:69 is not in cache
05-30 10:22:35.289 D/BluetoothDatabase( 1324): getCustomMeta: device XX:XX:XX:XX:C0:69 is not in cache
05-30 10:22:35.293 D/BluetoothAdapter( 1493): isLeEnabled(): ON
05-30 10:22:35.295 D/BluetoothDatabase( 1324): getCustomMeta: device XX:XX:XX:XX:C0:69 is not in cache
05-30 10:22:35.296 W/BluetoothEventManager( 1332): showUnbondMessage: Not displaying any message for reason: 9
05-30 10:22:35.300 I/bt_btif_dm( 1324): packages/modules/Bluetooth/system/btif/src/btif_dm.cc:695 btif_update_remote_properties: class of device (cod) is 0x00050c
05-30 10:22:35.303 E/dangbei111( 1911): cccccc scan 得到的设备和状态 Dangbei E4:BB:D3:57:C0:69 10
05-30 10:22:35.305 E/dangbei111( 1911): cccccc 扫描到了设备 Dangbei E4:BB:D3:57:C0:69
05-30 10:22:35.307 E/dangbei111( 1911): cccccc cancelDiscovery begin
05-30 10:22:35.310 D/BluetoothAdapter( 1493): isLeEnabled(): ON
05-30 10:22:35.310 E/dangbei111( 1911): cccccc 停止扫描,开始配对或者连接
05-30 10:22:35.310 D/BluetoothAdapter( 1911): isLeEnabled(): ON
05-30 10:22:35.313 D/ActivityAttributionService( 1324): notifyActivityAttributionInfo UID=1002 packageName=com.android.bluetooth deviceAddress=no_active_device_address
05-30 10:22:35.313 I/bt_btif ( 1324): packages/modules/Bluetooth/system/btif/src/bluetooth.cc:829 get_profile_interface: get_profile_interface: id = activity_attribution
05-30 10:22:35.316 D/ActivityAttributionService( 1324): notifyActivityAttributionInfo UID=1002 packageName=com.android.bluetooth deviceAddress=no_active_device_address
05-30 10:22:35.316 I/bt_btif ( 1324): packages/modules/Bluetooth/system/btif/src/bluetooth.cc:829 get_profile_interface: get_profile_interface: id = activity_attribution
05-30 10:22:35.316 I/bt_stack( 1324): [INFO:le_scanning_manager.cc(168)] Scan in shim layer stopped
05-30 10:22:35.316 I/bluetooth( 1324): packages/modules/Bluetooth/system/gd/hci/le_address_manager.cc:193 unregister_client: Client unregistered
05-30 10:22:35.318 I/bt_stack( 1324): [INFO:le_scanning_manager.cc(162)] Unregister in shim layer, scanner_id:1
05-30 10:22:35.318 E/dangbei111( 1911): bondOrConnect state=10
05-30 10:22:35.319 I/bt_stack( 1324): [INFO:le_scanning_manager.cc(162)] Unregister in shim layer, scanner_id:2
05-30 10:22:35.321 E/dangbei111( 1911): cccccc 开始配对 Dangbei E4:BB:D3:57:C0:69
05-30 10:22:35.323 I/bt_btif_dm( 1324): packages/modules/Bluetooth/system/btif/src/btif_dm.cc:2470 btif_dm_cancel_discovery: Cancel search
05-30 10:22:35.323 I/bluetooth( 1324): packages/modules/Bluetooth/system/bta/dm/bta_dm_main.cc:96 bta_dm_search_sm_execute: state:BTA_DM_SEARCH_IDLE, event:BTA_DM_API_SEARCH_CANCEL_EVT[0x201]
05-30 10:22:35.325 I/BluetoothBondStateMachine( 1324): Bond address is:XX:XX:XX:XX:C0:69
05-30 10:22:35.326 E/dangbei111( 1911): cccccc 配对结果 true Dangbei E4:BB:D3:57:C0:69
05-30 10:22:35.328 I/bt_btif_dm( 1324): packages/modules/Bluetooth/system/btif/src/btif_dm.cc:489 get_cod: get_cod remote_cod = 0x0000050c
05-30 10:22:35.328 I/bt_btif_dm( 1324): packages/modules/Bluetooth/system/btif/src/btif_dm.cc:489 get_cod: get_cod remote_cod = 0x0000050c
05-30 10:22:35.328 I/bt_btif_dm( 1324): packages/modules/Bluetooth/system/btif/src/btif_dm.cc:489 get_cod: get_cod remote_cod = 0x0000050c
05-30 10:22:35.328 I/bt_btif_dm( 1324): packages/modules/Bluetooth/system/btif/src/btif_dm.cc:571 bond_state_changed: Bond state changed to state=1 [0:none, 1:bonding, 2:bonded], prev_state=0, sdp_attempts = 0
05-30 10:22:35.329 I/bluetooth( 1324): packages/modules/Bluetooth/system/stack/btm/btm_dev.cc:174 BTM_SecDeleteDevice: Remove device xx:xx:xx:xx:c0:69 from filter accept list before delete record
05-30 10:22:35.329 I/bluetooth( 1324): packages/modules/Bluetooth/system/stack/btm/btm_dev.cc:192 BTM_SecDeleteDevice: BTM_SecDeleteDevice xx:xx:xx:xx:c0:69 complete
05-30 10:22:35.329 I/bt_btif_dm( 1324): packages/modules/Bluetooth/system/btif/src/btif_dm.cc:489 get_cod: get_cod remote_cod = 0x0000050c
05-30 10:22:35.329 I/bt_btif_dm( 1324): packages/modules/Bluetooth/system/btif/src/btif_dm.cc:489 get_cod: get_cod remote_cod = 0x0000050c
05-30 10:22:35.329 I/bt_btif_dm( 1324): packages/modules/Bluetooth/system/btif/src/btif_dm.cc:571 bond_state_changed: Bond state changed to state=0 [0:none, 1:bonding, 2:bonded], prev_state=1, sdp_attempts = 0
05-30 10:22:35.329 E/BluetoothMetricIdManager( 1324): packages/modules/Bluetooth/system/gd/common/metric_id_manager.cc:190 ForgetDevice: Failed to remove device from paired_device_cache_
05-30 10:22:35.329 I/bt_btif_dm( 1324): packages/modules/Bluetooth/system/btif/src/btif_dm.cc:620 bond_state_changed: clearing btif pairing_cb
05-30 10:22:35.329 E/bt_stack( 1324): [ERROR:bta_gattc_utils.cc(576)] bta_gattc_mark_bg_conn unable to find the bg connection mask for bd_addr=xx:xx:xx:xx:c0:69
05-30 10:22:35.329 W/bluetooth( 1324): packages/modules/Bluetooth/system/main/shim/acl.cc:189 Remove: Unknown device being removed from acceptlist:e4:bb:d3:57:c0:69[PUBLIC_DEVICE_ADDRESS]
05-30 10:22:35.329 W/bluetooth( 1324): packages/modules/Bluetooth/system/gd/hci/acl_manager/le_impl.h:821 remove_device_from_connect_list: Device not in acceptlist and cannot be removed:e4:bb:d3:57:c0:69[PUBLIC_DEVICE_ADDRESS]
05-30 10:22:35.330 I/BluetoothBondStateMachine( 1324): bondStateChangeCallback: Status: 0 Address: XX:XX:XX:XX:C0:69 newState: 1 hciReason: 0
05-30 10:22:35.330 I/BluetoothBondStateMachine( 1324): bondStateChangeCallback: Status: 1 Address: XX:XX:XX:XX:C0:69 newState: 0 hciReason: 1
05-30 10:22:35.333 I/BluetoothBondStateMachine( 1324): Entering PendingCommandState State
05-30 10:22:35.337 D/BluetoothCompanionManager( 1324): register metadata listener: XX:XX:XX:XX:C0:69
05-30 10:22:35.337 D/BluetoothAdapter( 1324): addOnMetadataChangedListener()
05-30 10:22:35.341 I/BluetoothBondStateMachine( 1324): Bond State Change Intent:XX:XX:XX:XX:C0:69 BOND_NONE => BOND_BONDING
05-30 10:22:35.347 D/BluetoothDatabase( 1324): updateDatabase XX:XX:XX:XX:C0:69
05-30 10:22:35.349 D/A2dpService( 1324): Bond state changed for device: XX:XX:XX:XX:C0:69 state: 11
05-30 10:22:35.349 D/FastPairService( 745): onReceive: ACTION_BOND_STATE_CHANGED
05-30 10:22:35.349 D/HearingAidService( 1324): Bond state changed for device: XX:XX:XX:XX:C0:69 state: 11
05-30 10:22:35.350 I/BLE_Service( 1332): BOND STATE CHANGED [Dangbei] - was 10, now is 11
05-30 10:22:35.352 D/AdapterProperties( 1324): Failed to remove device: XX:XX:XX:XX:C0:69
05-30 10:22:35.352 D/BluetoothRemoteDevices( 1324): removeDualDevicesMapXX:XX:XX:XX:C0:69
05-30 10:22:35.354 I/dangbei111( 1911): cccccc on receiver=android.bluetooth.device.action.BOND_STATE_CHANGED,mac=E4:BB:D3:57:C0:69
05-30 10:22:35.354 I/dangbei111( 1911): Wait for auto connection, processBondStateChange: bondState: 10 --> 11
05-30 10:22:35.354 D/BluetoothRemoteDevices( 1324): mDualDevicesMap not have E4:BB:D3:57:C0:69
05-30 10:22:35.355 D/BluetoothCompanionManager( 1324): remove metadata listener: XX:XX:XX:XX:C0:69
05-30 10:22:35.355 D/BluetoothAdapter( 1324): removeOnMetadataChangedListener()
05-30 10:22:35.364 I/BluetoothBondStateMachine( 1324): Bond State Change Intent:XX:XX:XX:XX:C0:69 BOND_BONDING => BOND_NONE
05-30 10:22:35.364 W/HeadsetClientService( 1324): getHeadsetClientService(): service is null
05-30 10:22:35.364 W/PbapClientService( 1324): getPbapClientService(): service is null
05-30 10:22:35.364 V/BluetoothDatabase( 1324): setProfileConnectionPolicy connection policy not changed.
05-30 10:22:35.364 D/A2dpService( 1324): Saved connectionPolicy XX:XX:XX:XX:C0:69 = -1
05-30 10:22:35.364 V/BluetoothDatabase( 1324): setProfileConnectionPolicy connection policy not changed.
05-30 10:22:35.365 I/HeadsetService( 1324): setConnectionPolicy: device=XX:XX:XX:XX:C0:69, connectionPolicy=-1, uid/pid=1002/1324
05-30 10:22:35.365 V/BluetoothDatabase( 1324): setProfileConnectionPolicy connection policy not changed.
05-30 10:22:35.365 I/BluetoothBondStateMachine( 1324): StableState(): Entering Off State
05-30 10:22:35.367 E/dangbei111( 1911): cccccc 开始扫描
05-30 10:22:35.367 D/BluetoothAdapter( 1911): isLeEnabled(): ON
05-30 10:22:35.367 D/A2dpService( 1324): Bond state changed for device: XX:XX:XX:XX:C0:69 state: 10
05-30 10:22:35.368 D/HearingAidService( 1324): Bond state changed for device: XX:XX:XX:XX:C0:69 state: 10
05-30 10:22:35.370 D/FastPairService( 745): onReceive: ACTION_BOND_STATE_CHANGED
05-30 10:22:35.370 D/FastPairService( 745): Forget device detect
05-30 10:22:35.370 I/bt_stack( 1324): [INFO:le_scanning_manager.cc(155)] RegisterScanner in shim layer
05-30 10:22:35.370 D/BluetoothLeScanner( 1911): onScannerRegistered() - status=0 scannerId=1 mScannerId=0
05-30 10:22:35.373 D/ActivityAttributionService( 1324): notifyActivityAttributionInfo UID=1002 packageName=com.android.bluetooth deviceAddress=no_active_device_address
05-30 10:22:35.373 I/bt_btif ( 1324): packages/modules/Bluetooth/system/btif/src/bluetooth.cc:829 get_profile_interface: get_profile_interface: id = activity_attribution
05-30 10:22:35.374 D/BluetoothAdapter( 1493): isLeEnabled(): ON
05-30 10:22:35.374 I/bt_stack( 1324): [INFO:le_scanning_manager.cc(168)] Scan in shim layer started
05-30 10:22:35.374 I/bluetooth( 1324): packages/modules/Bluetooth/system/gd/hci/le_scanning_manager.cc:588 stop_scan: Scanning already stopped, return!
05-30 10:22:35.374 I/bt_stack( 1324): [INFO:le_scanning_manager.cc(168)] Scan in shim layer stopped
05-30 10:22:35.374 I/bt_stack( 1324): [INFO:le_scanning_manager.cc(346)] SetScanParameters in shim layer
05-30 10:22:35.374 I/bt_stack( 1324): [INFO:le_scanning_manager.cc(168)] Scan in shim layer started
05-30 10:22:35.374 I/bluetooth( 1324): packages/modules/Bluetooth/system/gd/hci/le_address_manager.cc:178 register_client: Client registered
05-30 10:22:35.374 I/bluetooth( 1324): packages/modules/Bluetooth/system/gd/hci/le_address_manager.cc:193 unregister_client: Client unregistered
05-30 10:22:35.374 I/bluetooth( 1324): packages/modules/Bluetooth/system/gd/hci/le_scanning_manager.cc:588 stop_scan: Scanning already stopped, return!
05-30 10:22:35.374 I/bluetooth( 1324): packages/modules/Bluetooth/system/gd/hci/le_address_manager.cc:178 register_client: Client registered
05-30 10:22:35.376 I/bt_stack( 1324): [INFO:le_scanning_manager.cc(155)] RegisterScanner in shim layer
05-30 10:22:35.377 D/BluetoothLeScanner( 1493): onScannerRegistered() - status=0 scannerId=2 mScannerId=0
05-30 10:22:35.379 I/BLE_Service( 1332): BOND STATE CHANGED [Dangbei] - was 11, now is 10
05-30 10:22:35.380 D/ActivityAttributionService( 1324): notifyActivityAttributionInfo UID=1002 packageName=com.android.bluetooth deviceAddress=no_active_device_address
05-30 10:22:35.380 I/bt_btif ( 1324): packages/modules/Bluetooth/system/btif/src/bluetooth.cc:829 get_profile_interface: get_profile_interface: id = activity_attribution
05-30 10:22:35.381 I/dangbei111( 1911): cccccc on receiver=android.bluetooth.device.action.BOND_STATE_CHANGED,mac=E4:BB:D3:57:C0:69
05-30 10:22:35.381 I/dangbei111( 1911): Wait for auto connection, processBondStateChange: bondState: 11 --> 10
05-30 10:22:35.386 E/dangbei111( 1911): cccccc 开始扫描
05-30 10:22:35.386 D/BluetoothAdapter( 1911): isLeEnabled(): ON
05-30 10:22:35.391 D/BluetoothDatabase( 1324): getCustomMeta: device XX:XX:XX:XX:C0:69 is not in cache
05-30 10:22:35.395 D/BluetoothAdapter( 1493): isLeEnabled(): ON
05-30 10:22:35.396 W/BluetoothEventManager( 1124): showUnbondMessage: Not displaying any message for reason: 9
05-30 10:22:35.397 D/BluetoothDatabase( 1324): getCustomMeta: device XX:XX:XX:XX:C0:69 is not in cache
05-30 10:22:35.404 D/BluetoothDatabase( 1324): getCustomMeta: device XX:XX:XX:XX:C0:69 is not in cache
05-30 10:22:35.406 W/BluetoothEventManager( 1332): showUnbondMessage: Not displaying any message for reason: 9
05-30 10:22:35.407 D/BluetoothDatabase( 1324): getCustomMeta: device XX:XX:XX:XX:C0:69 is not in cache
05-30 10:22:35.473 I/bt_btif_dm( 1324): packages/modules/Bluetooth/system/btif/src/btif_dm.cc:695 btif_update_remote_properties: class of device (cod) is 0x00050c
05-30 10:22:35.479 D/BluetoothAdapter( 1493): isLeEnabled(): ON
05-30 10:22:35.481 E/dangbei111( 1911): cccccc scan 得到的设备和状态 Dangbei E4:BB:D3:57:C0:69 10
05-30 10:22:35.483 D/ActivityAttributionService( 1324): notifyActivityAttributionInfo UID=1002 packageName=com.android.bluetooth deviceAddress=no_active_device_address
05-30 10:22:35.483 I/bt_btif ( 1324): packages/modules/Bluetooth/system/btif/src/bluetooth.cc:829 get_profile_interface: get_profile_interface: id = activity_attribution
05-30 10:22:35.484 E/dangbei111( 1911): cccccc 扫描到了设备 Dangbei E4:BB:D3:57:C0:69
05-30 10:22:35.485 I/bt_stack( 1324): [INFO:le_scanning_manager.cc(162)] Unregister in shim layer, scanner_id:2
05-30 10:22:35.487 E/dangbei111( 1911): cccccc cancelDiscovery begin
05-30 10:22:35.488 E/dangbei111( 1911): cccccc 停止扫描,开始配对或者连接
05-30 10:22:35.488 D/BluetoothAdapter( 1911): isLeEnabled(): ON
05-30 10:22:35.490 D/ActivityAttributionService( 1324): notifyActivityAttributionInfo UID=1002 packageName=com.android.bluetooth deviceAddress=no_active_device_address
05-30 10:22:35.490 I/bt_stack( 1324): [INFO:le_scanning_manager.cc(168)] Scan in shim layer stopped
05-30 10:22:35.490 I/bt_btif ( 1324): packages/modules/Bluetooth/system/btif/src/bluetooth.cc:829 get_profile_interface: get_profile_interface: id = activity_attribution
05-30 10:22:35.491 I/bluetooth( 1324): packages/modules/Bluetooth/system/gd/hci/le_address_manager.cc:193 unregister_client: Client unregistered
05-30 10:22:35.492 I/bt_stack( 1324): [INFO:le_scanning_manager.cc(162)] Unregister in shim layer, scanner_id:1
05-30 10:22:35.492 E/dangbei111( 1911): bondOrConnect state=10
05-30 10:22:35.495 E/dangbei111( 1911): cccccc 开始配对 Dangbei E4:BB:D3:57:C0:69
05-30 10:22:35.497 I/bt_btif_dm( 1324): packages/modules/Bluetooth/system/btif/src/btif_dm.cc:2470 btif_dm_cancel_discovery: Cancel search
05-30 10:22:35.497 I/bluetooth( 1324): packages/modules/Bluetooth/system/bta/dm/bta_dm_main.cc:96 bta_dm_search_sm_execute: state:BTA_DM_SEARCH_IDLE, event:BTA_DM_API_SEARCH_CANCEL_EVT[0x201]
05-30 10:22:35.498 I/BluetoothBondStateMachine( 1324): Bond address is:XX:XX:XX:XX:C0:69
05-30 10:22:35.499 E/dangbei111( 1911): cccccc 配对结果 true Dangbei E4:BB:D3:57:C0:69
05-30 10:22:35.500 I/bt_btif_dm( 1324): packages/modules/Bluetooth/system/btif/src/btif_dm.cc:489 get_cod: get_cod remote_cod = 0x0000050c
05-30 10:22:35.500 I/bt_btif_dm( 1324): packages/modules/Bluetooth/system/btif/src/btif_dm.cc:489 get_cod: get_cod remote_cod = 0x0000050c
05-30 10:22:35.500 I/bt_btif_dm( 1324): packages/modules/Bluetooth/system/btif/src/btif_dm.cc:489 get_cod: get_cod remote_cod = 0x0000050c
05-30 10:22:35.500 I/bt_btif_dm( 1324): packages/modules/Bluetooth/system/btif/src/btif_dm.cc:571 bond_state_changed: Bond state changed to state=1 [0:none, 1:bonding, 2:bonded], prev_state=0, sdp_attempts = 0
05-30 10:22:35.500 I/bluetooth( 1324): packages/modules/Bluetooth/system/stack/btm/btm_dev.cc:174 BTM_SecDeleteDevice: Remove device xx:xx:xx:xx:c0:69 from filter accept list before delete record
05-30 10:22:35.500 I/bluetooth( 1324): packages/modules/Bluetooth/system/stack/btm/btm_dev.cc:192 BTM_SecDeleteDevice: BTM_SecDeleteDevice xx:xx:xx:xx:c0:69 complete
05-30 10:22:35.500 I/bt_btif_dm( 1324): packages/modules/Bluetooth/system/btif/src/btif_dm.cc:489 get_cod: get_cod remote_cod = 0x0000050c
05-30 10:22:35.500 I/bt_btif_dm( 1324): packages/modules/Bluetooth/system/btif/src/btif_dm.cc:489 get_cod: get_cod remote_cod = 0x0000050c
05-30 10:22:35.500 I/bt_btif_dm( 1324): packages/modules/Bluetooth/system/btif/src/btif_dm.cc:571 bond_state_changed: Bond state changed to state=0 [0:none, 1:bonding, 2:bonded], prev_state=1, sdp_attempts = 0
05-30 10:22:35.500 E/BluetoothMetricIdManager( 1324): packages/modules/Bluetooth/system/gd/common/metric_id_manager.cc:190 ForgetDevice: Failed to remove device from paired_device_cache_
05-30 10:22:35.500 I/bt_btif_dm( 1324): packages/modules/Bluetooth/system/btif/src/btif_dm.cc:620 bond_state_changed: clearing btif pairing_cb
05-30 10:22:35.500 E/bt_stack( 1324): [ERROR:bta_gattc_utils.cc(576)] bta_gattc_mark_bg_conn unable to find the bg connection mask for bd_addr=xx:xx:xx:xx:c0:69
05-30 10:22:35.501 W/bluetooth( 1324): packages/modules/Bluetooth/system/main/shim/acl.cc:189 Remove: Unknown device being removed from acceptlist:e4:bb:d3:57:c0:69[PUBLIC_DEVICE_ADDRESS]
05-30 10:22:35.501 W/bluetooth( 1324): packages/modules/Bluetooth/system/gd/hci/acl_manager/le_impl.h:821 remove_device_from_connect_list: Device not in acceptlist and cannot be removed:e4:bb:d3:57:c0:69[PUBLIC_DEVICE_ADDRESS]
05-30 10:22:35.501 I/BluetoothBondStateMachine( 1324): bondStateChangeCallback: Status: 0 Address: XX:XX:XX:XX:C0:69 newState: 1 hciReason: 0
05-30 10:22:35.501 I/BluetoothBondStateMachine( 1324): bondStateChangeCallback: Status: 1 Address: XX:XX:XX:XX:C0:69 newState: 0 hciReason: 1
05-30 10:22:35.503 I/BluetoothBondStateMachine( 1324): Entering PendingCommandState State
05-30 10:22:35.507 D/BluetoothCompanionManager( 1324): register metadata listener: XX:XX:XX:XX:C0:69
05-30 10:22:35.507 D/BluetoothAdapter( 1324): addOnMetadataChangedListener()
05-30 10:22:35.512 I/BluetoothBondStateMachine( 1324): Bond State Change Intent:XX:XX:XX:XX:C0:69 BOND_NONE => BOND_BONDING
05-30 10:22:35.513 D/FastPairService( 745): onReceive: ACTION_BOND_STATE_CHANGED
05-30 10:22:35.515 D/BluetoothDatabase( 1324): updateDatabase XX:XX:XX:XX:C0:69
05-30 10:22:35.516 I/dangbei111( 1911): cccccc on receiver=android.bluetooth.device.action.BOND_STATE_CHANGED,mac=E4:BB:D3:57:C0:69
05-30 10:22:35.516 D/AdapterProperties( 1324): Failed to remove device: XX:XX:XX:XX:C0:69
05-30 10:22:35.516 I/dangbei111( 1911): Wait for auto connection, processBondStateChange: bondState: 10 --> 11
05-30 10:22:35.516 D/BluetoothRemoteDevices( 1324): removeDualDevicesMapXX:XX:XX:XX:C0:69
05-30 10:22:35.517 D/BluetoothRemoteDevices( 1324): mDualDevicesMap not have E4:BB:D3:57:C0:69
05-30 10:22:35.518 D/BluetoothCompanionManager( 1324): remove metadata listener: XX:XX:XX:XX:C0:69
05-30 10:22:35.518 D/BluetoothAdapter( 1324): removeOnMetadataChangedListener()
05-30 10:22:35.520 D/A2dpService( 1324): Bond state changed for device: XX:XX:XX:XX:C0:69 state: 11
05-30 10:22:35.520 D/HearingAidService( 1324): Bond state changed for device: XX:XX:XX:XX:C0:69 state: 11
05-30 10:22:35.522 E/dangbei111( 1911): cccccc 开始扫描
05-30 10:22:35.522 D/BluetoothAdapter( 1911): isLeEnabled(): ON
05-30 10:22:35.524 I/bt_stack( 1324): [INFO:le_scanning_manager.cc(155)] RegisterScanner in shim layer
05-30 10:22:35.524 D/BluetoothLeScanner( 1911): onScannerRegistered() - status=0 scannerId=1 mScannerId=0
05-30 10:22:35.525 I/BLE_Service( 1332): BOND STATE CHANGED [Dangbei] - was 10, now is 11
05-30 10:22:35.528 I/bt_stack( 1324): [INFO:le_scanning_manager.cc(168)] Scan in shim layer started
05-30 10:22:35.528 I/bluetooth( 1324): packages/modules/Bluetooth/system/gd/hci/le_scanning_manager.cc:588 stop_scan: Scanning already stopped, return!
05-30 10:22:35.528 I/bluetooth( 1324): packages/modules/Bluetooth/system/gd/hci/le_address_manager.cc:178 register_client: Client registered
05-30 10:22:35.529 I/bt_stack( 1324): [INFO:le_scanning_manager.cc(168)] Scan in shim layer stopped
05-30 10:22:35.529 I/bluetooth( 1324): packages/modules/Bluetooth/system/gd/hci/le_address_manager.cc:193 unregister_client: Client unregistered
05-30 10:22:35.529 I/bt_stack( 1324): [INFO:le_scanning_manager.cc(346)] SetScanParameters in shim layer
05-30 10:22:35.530 I/bt_stack( 1324): [INFO:le_scanning_manager.cc(168)] Scan in shim layer started
05-30 10:22:35.530 I/bluetooth( 1324): packages/modules/Bluetooth/system/gd/hci/le_scanning_manager.cc:588 stop_scan: Scanning already stopped, return!
05-30 10:22:35.530 I/bluetooth( 1324): packages/modules/Bluetooth/system/gd/hci/le_address_manager.cc:178 register_client: Client registered
05-30 10:22:35.530 D/ActivityAttributionService( 1324): notifyActivityAttributionInfo UID=1002 packageName=com.android.bluetooth deviceAddress=no_active_device_address
05-30 10:22:35.530 D/FastPairService( 745): onReceive: ACTION_BOND_STATE_CHANGED
05-30 10:22:35.530 D/FastPairService( 745): Forget device detect
05-30 10:22:35.530 I/bt_btif ( 1324): packages/modules/Bluetooth/system/btif/src/bluetooth.cc:829 get_profile_interface: get_profile_interface: id = activity_attribution
05-30 10:22:35.530 I/BluetoothBondStateMachine( 1324): Bond State Change Intent:XX:XX:XX:XX:C0:69 BOND_BONDING => BOND_NONE
05-30 10:22:35.530 W/HeadsetClientService( 1324): getHeadsetClientService(): service is null
05-30 10:22:35.531 W/PbapClientService( 1324): getPbapClientService(): service is null
05-30 10:22:35.531 V/BluetoothDatabase( 1324): setProfileConnectionPolicy connection policy not changed.
05-30 10:22:35.531 D/A2dpService( 1324): Saved connectionPolicy XX:XX:XX:XX:C0:69 = -1
05-30 10:22:35.531 V/BluetoothDatabase( 1324): setProfileConnectionPolicy connection policy not changed.
05-30 10:22:35.531 I/HeadsetService( 1324): setConnectionPolicy: device=XX:XX:XX:XX:C0:69, connectionPolicy=-1, uid/pid=1002/1324
05-30 10:22:35.531 D/A2dpService( 1324): Bond state changed for device: XX:XX:XX:XX:C0:69 state: 10
05-30 10:22:35.532 D/HearingAidService( 1324): Bond state changed for device: XX:XX:XX:XX:C0:69 state: 10
05-30 10:22:35.533 I/BluetoothBondStateMachine( 1324): StableState(): Entering Off State
05-30 10:22:35.535 D/BluetoothDatabase( 1324): getCustomMeta: device XX:XX:XX:XX:C0:69 is not in cache
05-30 10:22:35.538 I/dangbei111( 1911): cccccc on receiver=android.bluetooth.device.action.BOND_STATE_CHANGED,mac=E4:BB:D3:57:C0:69
05-30 10:22:35.538 I/dangbei111( 1911): Wait for auto connection, processBondStateChange: bondState: 11 --> 10
05-30 10:22:35.541 D/BluetoothDatabase( 1324): getCustomMeta: device XX:XX:XX:XX:C0:69 is not in cache
05-30 10:22:35.544 I/BLE_Service( 1332): BOND STATE CHANGED [Dangbei] - was 11, now is 10
05-30 10:22:35.545 E/dangbei111( 1911): cccccc 开始扫描
05-30 10:22:35.545 D/BluetoothAdapter( 1911): isLeEnabled(): ON
05-30 10:22:35.550 D/BluetoothAdapter( 1493): isLeEnabled(): ON
05-30 10:22:35.552 I/bt_stack( 1324): [INFO:le_scanning_manager.cc(155)] RegisterScanner in shim layer
05-30 10:22:35.553 D/BluetoothLeScanner( 1493): onScannerRegistered() - status=0 scannerId=2 mScannerId=0
05-30 10:22:35.555 D/BluetoothDatabase( 1324): getCustomMeta: device XX:XX:XX:XX:C0:69 is not in cache
05-30 10:22:35.556 D/ActivityAttributionService( 1324): notifyActivityAttributionInfo UID=1002 packageName=com.android.bluetooth deviceAddress=no_active_device_address
05-30 10:22:35.557 I/bt_btif ( 1324): packages/modules/Bluetooth/system/btif/src/bluetooth.cc:829 get_profile_interface: get_profile_interface: id = activity_attribution
05-30 10:22:35.557 W/BluetoothEventManager( 1124): showUnbondMessage: Not displaying any message for reason: 9
05-30 10:22:35.558 D/BluetoothDatabase( 1324): getCustomMeta: device XX:XX:XX:XX:C0:69 is not in cache
05-30 10:22:35.562 D/BluetoothDatabase( 1324): getCustomMeta: device XX:XX:XX:XX:C0:69 is not in cache
05-30 10:22:35.565 D/BluetoothDatabase( 1324): getCustomMeta: device XX:XX:XX:XX:C0:69 is not in cache
05-30 10:22:35.568 W/BluetoothEventManager( 1332): showUnbondMessage: Not displaying any message for reason: 9
05-30 10:22:35.570 D/BluetoothAdapter( 1493): isLeEnabled(): ON
05-30 10:22:35.600 I/bt_btif_dm( 1324): packages/modules/Bluetooth/system/btif/src/btif_dm.cc:695 btif_update_remote_properties: class of device (cod) is 0x00050c
05-30 10:22:35.604 E/dangbei111( 1911): cccccc scan 得到的设备和状态 Dangbei E4:BB:D3:57:C0:69 10
05-30 10:22:35.606 E/dangbei111( 1911): cccccc 扫描到了设备 Dangbei E4:BB:D3:57:C0:69
05-30 10:22:35.608 E/dangbei111( 1911): cccccc cancelDiscovery begin
05-30 10:22:35.611 D/BluetoothAdapter( 1493): isLeEnabled(): ON
05-30 10:22:35.611 E/dangbei111( 1911): cccccc 停止扫描,开始配对或者连接
05-30 10:22:35.611 D/BluetoothAdapter( 1911): isLeEnabled(): ON
05-30 10:22:35.613 D/ActivityAttributionService( 1324): notifyActivityAttributionInfo UID=1002 packageName=com.android.bluetooth deviceAddress=no_active_device_address
05-30 10:22:35.613 I/bt_btif ( 1324): packages/modules/Bluetooth/system/btif/src/bluetooth.cc:829 get_profile_interface: get_profile_interface: id = activity_attribution
05-30 10:22:35.616 D/ActivityAttributionService( 1324): notifyActivityAttributionInfo UID=1002 packageName=com.android.bluetooth deviceAddress=no_active_device_address
05-30 10:22:35.616 I/bt_btif ( 1324): packages/modules/Bluetooth/system/btif/src/bluetooth.cc:829 get_profile_interface: get_profile_interface: id = activity_attribution
05-30 10:22:35.616 I/bt_stack( 1324): [INFO:le_scanning_manager.cc(168)] Scan in shim layer stopped
05-30 10:22:35.616 I/bluetooth( 1324): packages/modules/Bluetooth/system/gd/hci/le_address_manager.cc:193 unregister_client: Client unregistered
05-30 10:22:35.617 I/bt_stack( 1324): [INFO:le_scanning_manager.cc(162)] Unregister in shim layer, scanner_id:1
05-30 10:22:35.617 E/dangbei111( 1911): bondOrConnect state=10
05-30 10:22:35.618 I/bt_stack( 1324): [INFO:le_scanning_manager.cc(162)] Unregister in shim layer, scanner_id:2
05-30 10:22:35.619 E/dangbei111( 1911): cccccc 开始配对 Dangbei E4:BB:D3:57:C0:69
05-30 10:22:35.622 I/bt_btif_dm( 1324): packages/modules/Bluetooth/system/btif/src/btif_dm.cc:2470 btif_dm_cancel_discovery: Cancel search
05-30 10:22:35.622 I/bluetooth( 1324): packages/modules/Bluetooth/system/bta/dm/bta_dm_main.cc:96 bta_dm_search_sm_execute: state:BTA_DM_SEARCH_IDLE, event:BTA_DM_API_SEARCH_CANCEL_EVT[0x201]
05-30 10:22:35.623 I/BluetoothBondStateMachine( 1324): Bond address is:XX:XX:XX:XX:C0:69
05-30 10:22:35.625 E/dangbei111( 1911): cccccc 配对结果 true Dangbei E4:BB:D3:57:C0:69
05-30 10:22:35.625 I/bt_btif_dm( 1324): packages/modules/Bluetooth/system/btif/src/btif_dm.cc:489 get_cod: get_cod remote_cod = 0x0000050c
05-30 10:22:35.625 I/bt_btif_dm( 1324): packages/modules/Bluetooth/system/btif/src/btif_dm.cc:489 get_cod: get_cod remote_cod = 0x0000050c
05-30 10:22:35.625 I/bt_btif_dm( 1324): packages/modules/Bluetooth/system/btif/src/btif_dm.cc:489 get_cod: get_cod remote_cod = 0x0000050c
05-30 10:22:35.625 I/bt_btif_dm( 1324): packages/modules/Bluetooth/system/btif/src/btif_dm.cc:571 bond_state_changed: Bond state changed to state=1 [0:none, 1:bonding, 2:bonded], prev_state=0, sdp_attempts = 0
05-30 10:22:35.625 I/bluetooth( 1324): packages/modules/Bluetooth/system/stack/btm/btm_dev.cc:174 BTM_SecDeleteDevice: Remove device xx:xx:xx:xx:c0:69 from filter accept list before delete record
05-30 10:22:35.625 I/bluetooth( 1324): packages/modules/Bluetooth/system/stack/btm/btm_dev.cc:192 BTM_SecDeleteDevice: BTM_SecDeleteDevice xx:xx:xx:xx:c0:69 complete
05-30 10:22:35.625 I/bt_btif_dm( 1324): packages/modules/Bluetooth/system/btif/src/btif_dm.cc:489 get_cod: get_cod remote_cod = 0x0000050c
05-30 10:22:35.625 I/bt_btif_dm( 1324): packages/modules/Bluetooth/system/btif/src/btif_dm.cc:489 get_cod: get_cod remote_cod = 0x0000050c
05-30 10:22:35.626 I/bt_btif_dm( 1324): packages/modules/Bluetooth/system/btif/src/btif_dm.cc:571 bond_state_changed: Bond state changed to state=0 [0:none, 1:bonding, 2:bonded], prev_state=1, sdp_attempts = 0
05-30 10:22:35.626 E/BluetoothMetricIdManager( 1324): packages/modules/Bluetooth/system/gd/common/metric_id_manager.cc:190 ForgetDevice: Failed to remove device from paired_device_cache_
05-30 10:22:35.626 I/bt_btif_dm( 1324): packages/modules/Bluetooth/system/btif/src/btif_dm.cc:620 bond_state_changed: clearing btif pairing_cb
05-30 10:22:35.626 E/bt_stack( 1324): [ERROR:bta_gattc_utils.cc(576)] bta_gattc_mark_bg_conn unable to find the bg connection mask for bd_addr=xx:xx:xx:xx:c0:69
05-30 10:22:35.626 W/bluetooth( 1324): packages/modules/Bluetooth/system/main/shim/acl.cc:189 Remove: Unknown device being removed from acceptlist:e4:bb:d3:57:c0:69[PUBLIC_DEVICE_ADDRESS]
05-30 10:22:35.626 W/bluetooth( 1324): packages/modules/Bluetooth/system/gd/hci/acl_manager/le_impl.h:821 remove_device_from_connect_list: Device not in acceptlist and cannot be removed:e4:bb:d3:57:c0:69[PUBLIC_DEVICE_ADDRESS]
05-30 10:22:35.626 I/BluetoothBondStateMachine( 1324): bondStateChangeCallback: Status: 0 Address: XX:XX:XX:XX:C0:69 newState: 1 hciReason: 0
05-30 10:22:35.626 I/BluetoothBondStateMachine( 1324): bondStateChangeCallback: Status: 1 Address: XX:XX:XX:XX:C0:69 newState: 0 hciReason: 1
05-30 10:22:35.629 I/BluetoothBondStateMachine( 1324): Entering PendingCommandState State
05-30 10:22:35.632 D/BluetoothCompanionManager( 1324): register metadata listener: XX:XX:XX:XX:C0:69
05-30 10:22:35.632 D/BluetoothAdapter( 1324): addOnMetadataChangedListener()
05-30 10:22:35.636 I/BluetoothBondStateMachine( 1324): Bond State Change Intent:XX:XX:XX:XX:C0:69 BOND_NONE => BOND_BONDING
05-30 10:22:35.636 D/FastPairService( 745): onReceive: ACTION_BOND_STATE_CHANGED
05-30 10:22:35.639 D/AdapterProperties( 1324): Failed to remove device: XX:XX:XX:XX:C0:69
05-30 10:22:35.639 D/BluetoothRemoteDevices( 1324): removeDualDevicesMapXX:XX:XX:XX:C0:69
05-30 10:22:35.640 D/BluetoothRemoteDevices( 1324): mDualDevicesMap not have E4:BB:D3:57:C0:69
05-30 10:22:35.641 D/BluetoothCompanionManager( 1324): remove metadata listener: XX:XX:XX:XX:C0:69
05-30 10:22:35.641 D/BluetoothAdapter( 1324): removeOnMetadataChangedListener()
05-30 10:22:35.643 D/BluetoothDatabase( 1324): updateDatabase XX:XX:XX:XX:C0:69
05-30 10:22:35.644 D/A2dpService( 1324): Bond state changed for device: XX:XX:XX:XX:C0:69 state: 11
05-30 10:22:35.644 D/HearingAidService( 1324): Bond state changed for device: XX:XX:XX:XX:C0:69 state: 11
05-30 10:22:35.646 I/BLE_Service( 1332): BOND STATE CHANGED [Dangbei] - was 10, now is 11
05-30 10:22:35.647 D/FastPairService( 745): onReceive: ACTION_BOND_STATE_CHANGED
05-30 10:22:35.647 D/FastPairService( 745): Forget device detect
05-30 10:22:35.648 I/dangbei111( 1911): cccccc on receiver=android.bluetooth.device.action.BOND_STATE_CHANGED,mac=E4:BB:D3:57:C0:69
05-30 10:22:35.648 I/dangbei111( 1911): Wait for auto connection, processBondStateChange: bondState: 10 --> 11
05-30 10:22:35.649 I/BluetoothBondStateMachine( 1324): Bond State Change Intent:XX:XX:XX:XX:C0:69 BOND_BONDING => BOND_NONE
05-30 10:22:35.650 W/HeadsetClientService( 1324): getHeadsetClientService(): service is null
05-30 10:22:35.650 W/PbapClientService( 1324): getPbapClientService(): service is null
05-30 10:22:35.650 D/A2dpService( 1324): Saved connectionPolicy XX:XX:XX:XX:C0:69 = -1
05-30 10:22:35.650 I/HeadsetService( 1324): setConnectionPolicy: device=XX:XX:XX:XX:C0:69, connectionPolicy=-1, uid/pid=1002/1324
05-30 10:22:35.650 I/BluetoothBondStateMachine( 1324): StableState(): Entering Off State
05-30 10:22:35.650 D/A2dpService( 1324): Bond state changed for device: XX:XX:XX:XX:C0:69 state: 10
05-30 10:22:35.651 D/BluetoothDatabase( 1324): getCustomMeta: device XX:XX:XX:XX:C0:69 is not in cache
05-30 10:22:35.652 D/HearingAidService( 1324): Bond state changed for device: XX:XX:XX:XX:C0:69 state: 10
05-30 10:22:35.654 D/BluetoothDatabase( 1324): getCustomMeta: device XX:XX:XX:XX:C0:69 is not in cache
05-30 10:22:35.657 D/BluetoothDatabase( 1324): getCustomMeta: device XX:XX:XX:XX:C0:69 is not in cache
05-30 10:22:35.658 E/dangbei111( 1911): cccccc 开始扫描
05-30 10:22:35.659 D/BluetoothAdapter( 1911): isLeEnabled(): ON
05-30 10:22:35.663 I/BLE_Service( 1332): BOND STATE CHANGED [Dangbei] - was 11, now is 10
05-30 10:22:35.664 I/bt_stack( 1324): [INFO:le_scanning_manager.cc(155)] RegisterScanner in shim layer
05-30 10:22:35.664 D/BluetoothDatabase( 1324): getCustomMeta: device XX:XX:XX:XX:C0:69 is not in cache
05-30 10:22:35.664 D/BluetoothLeScanner( 1911): onScannerRegistered() - status=0 scannerId=1 mScannerId=0
05-30 10:22:35.668 I/bt_stack( 1324): [INFO:le_scanning_manager.cc(168)] Scan in shim layer started
05-30 10:22:35.668 I/bluetooth( 1324): packages/modules/Bluetooth/system/gd/hci/le_scanning_manager.cc:588 stop_scan: Scanning already stopped, return!
05-30 10:22:35.668 I/bt_stack( 1324): [INFO:le_scanning_manager.cc(168)] Scan in shim layer stopped
05-30 10:22:35.668 I/bt_stack( 1324): [INFO:le_scanning_manager.cc(346)] SetScanParameters in shim layer
05-30 10:22:35.668 I/bt_stack( 1324): [INFO:le_scanning_manager.cc(168)] Scan in shim layer started
05-30 10:22:35.668 I/bluetooth( 1324): packages/modules/Bluetooth/system/gd/hci/le_address_manager.cc:178 register_client: Client registered
05-30 10:22:35.668 D/ActivityAttributionService( 1324): notifyActivityAttributionInfo UID=1002 packageName=com.android.bluetooth deviceAddress=no_active_device_address
05-30 10:22:35.668 I/bluetooth( 1324): packages/modules/Bluetooth/system/gd/hci/le_address_manager.cc:193 unregister_client: Client unregistered
05-30 10:22:35.668 I/bluetooth( 1324): packages/modules/Bluetooth/system/gd/hci/le_scanning_manager.cc:588 stop_scan: Scanning already stopped, return!
05-30 10:22:35.668 I/bluetooth( 1324): packages/modules/Bluetooth/system/gd/hci/le_address_manager.cc:178 register_client: Client registered
05-30 10:22:35.668 I/bt_btif ( 1324): packages/modules/Bluetooth/system/btif/src/bluetooth.cc:829 get_profile_interface: get_profile_interface: id = activity_attribution
05-30 10:22:35.673 D/BluetoothAdapter( 1493): isLeEnabled(): ON
05-30 10:22:35.674 I/dangbei111( 1911): cccccc on receiver=android.bluetooth.device.action.BOND_STATE_CHANGED,mac=E4:BB:D3:57:C0:69
05-30 10:22:35.674 I/dangbei111( 1911): Wait for auto connection, processBondStateChange: bondState: 11 --> 10
05-30 10:22:35.675 I/bt_stack( 1324): [INFO:le_scanning_manager.cc(155)] RegisterScanner in shim layer
05-30 10:22:35.677 D/BluetoothLeScanner( 1493): onScannerRegistered() - status=0 scannerId=2 mScannerId=0
05-30 10:22:35.677 D/BluetoothDatabase( 1324): getCustomMeta: device XX:XX:XX:XX:C0:69 is not in cache
05-30 10:22:35.681 D/ActivityAttributionService( 1324): notifyActivityAttributionInfo UID=1002 packageName=com.android.bluetooth deviceAddress=no_active_device_address
05-30 10:22:35.681 E/dangbei111( 1911): cccccc 开始扫描
05-30 10:22:35.681 I/bt_btif ( 1324): packages/modules/Bluetooth/system/btif/src/bluetooth.cc:829 get_profile_interface: get_profile_interface: id = activity_attribution
05-30 10:22:35.681 D/BluetoothAdapter( 1911): isLeEnabled(): ON
05-30 10:22:35.682 W/BluetoothEventManager( 1124): showUnbondMessage: Not displaying any message for reason: 9
05-30 10:22:35.683 D/BluetoothDatabase( 1324): getCustomMeta: device XX:XX:XX:XX:C0:69 is not in cache
05-30 10:22:35.687 D/BluetoothDatabase( 1324): getCustomMeta: device XX:XX:XX:XX:C0:69 is not in cache
05-30 10:22:35.689 D/BluetoothAdapter( 1493): isLeEnabled(): ON
05-30 10:22:35.690 W/BluetoothEventManager( 1332): showUnbondMessage: Not displaying any message for reason: 9
05-30 10:22:35.692 I/bt_btif_dm( 1324): packages/modules/Bluetooth/system/btif/src/btif_dm.cc:695 btif_update_remote_properties: class of device (cod) is 0x00050c
05-30 10:22:35.695 D/BluetoothDatabase( 1324): getCustomMeta: device XX:XX:XX:XX:C0:69 is not in cache
05-30 10:22:35.697 E/dangbei111( 1911): cccccc scan 得到的设备和状态 Dangbei E4:BB:D3:57:C0:69 10
05-30 10:22:35.698 E/dangbei111( 1911): cccccc 扫描到了设备 Dangbei E4:BB:D3:57:C0:69
05-30 10:22:35.700 E/dangbei111( 1911): cccccc cancelDiscovery begin
05-30 10:22:35.701 E/dangbei111( 1911): cccccc 停止扫描,开始配对或者连接
05-30 10:22:35.701 D/BluetoothAdapter( 1911): isLeEnabled(): ON
05-30 10:22:35.703 D/ActivityAttributionService( 1324): notifyActivityAttributionInfo UID=1002 packageName=com.android.bluetooth deviceAddress=no_active_device_address
05-30 10:22:35.703 I/bt_btif ( 1324): packages/modules/Bluetooth/system/btif/src/bluetooth.cc:829 get_profile_interface: get_profile_interface: id = activity_attribution
05-30 10:22:35.704 I/bt_stack( 1324): [INFO:le_scanning_manager.cc(162)] Unregister in shim layer, scanner_id:1
05-30 10:22:35.705 E/dangbei111( 1911): bondOrConnect state=10
05-30 10:22:35.706 E/dangbei111( 1911): cccccc 开始配对 Dangbei E4:BB:D3:57:C0:69
05-30 10:22:35.709 I/bt_btif_dm( 1324): packages/modules/Bluetooth/system/btif/src/btif_dm.cc:2470 btif_dm_cancel_discovery: Cancel search
05-30 10:22:35.709 I/bluetooth( 1324): packages/modules/Bluetooth/system/bta/dm/bta_dm_main.cc:96 bta_dm_search_sm_execute: state:BTA_DM_SEARCH_IDLE, event:BTA_DM_API_SEARCH_CANCEL_EVT[0x201]
05-30 10:22:35.711 I/BluetoothBondStateMachine( 1324): Bond address is:XX:XX:XX:XX:C0:69
05-30 10:22:35.712 E/dangbei111( 1911): cccccc 配对结果 true Dangbei E4:BB:D3:57:C0:69
05-30 10:22:35.713 I/bt_btif_dm( 1324): packages/modules/Bluetooth/system/btif/src/btif_dm.cc:489 get_cod: get_cod remote_cod = 0x0000050c
05-30 10:22:35.713 I/bt_btif_dm( 1324): packages/modules/Bluetooth/system/btif/src/btif_dm.cc:489 get_cod: get_cod remote_cod = 0x0000050c
05-30 10:22:35.713 I/bt_btif_dm( 1324): packages/modules/Bluetooth/system/btif/src/btif_dm.cc:489 get_cod: get_cod remote_cod = 0x0000050c
05-30 10:22:35.713 I/bt_btif_dm( 1324): packages/modules/Bluetooth/system/btif/src/btif_dm.cc:571 bond_state_changed: Bond state changed to state=1 [0:none, 1:bonding, 2:bonded], prev_state=0, sdp_attempts = 0
05-30 10:22:35.713 I/bluetooth( 1324): packages/modules/Bluetooth/system/stack/btm/btm_dev.cc:174 BTM_SecDeleteDevice: Remove device xx:xx:xx:xx:c0:69 from filter accept list before delete record
05-30 10:22:35.713 D/BluetoothAdapter( 1493): isLeEnabled(): ON
05-30 10:22:35.713 I/bluetooth( 1324): packages/modules/Bluetooth/system/stack/btm/btm_dev.cc:192 BTM_SecDeleteDevice: BTM_SecDeleteDevice xx:xx:xx:xx:c0:69 complete
05-30 10:22:35.713 I/BluetoothBondStateMachine( 1324): bondStateChangeCallback: Status: 0 Address: XX:XX:XX:XX:C0:69 newState: 1 hciReason: 0
05-30 10:22:35.713 I/bt_btif_dm( 1324): packages/modules/Bluetooth/system/btif/src/btif_dm.cc:489 get_cod: get_cod remote_cod = 0x0000050c
05-30 10:22:35.713 I/bt_btif_dm( 1324): packages/modules/Bluetooth/system/btif/src/btif_dm.cc:489 get_cod: get_cod remote_cod = 0x0000050c
05-30 10:22:35.714 I/bt_btif_dm( 1324): packages/modules/Bluetooth/system/btif/src/btif_dm.cc:571 bond_state_changed: Bond state changed to state=0 [0:none, 1:bonding, 2:bonded], prev_state=1, sdp_attempts = 0
05-30 10:22:35.714 E/BluetoothMetricIdManager( 1324): packages/modules/Bluetooth/system/gd/common/metric_id_manager.cc:190 ForgetDevice: Failed to remove device from paired_device_cache_
05-30 10:22:35.714 I/bt_btif_dm( 1324): packages/modules/Bluetooth/system/btif/src/btif_dm.cc:620 bond_state_changed: clearing btif pairing_cb
05-30 10:22:35.714 E/bt_stack( 1324): [ERROR:bta_gattc_utils.cc(576)] bta_gattc_mark_bg_conn unable to find the bg connection mask for bd_addr=xx:xx:xx:xx:c0:69
05-30 10:22:35.714 W/bluetooth( 1324): packages/modules/Bluetooth/system/main/shim/acl.cc:189 Remove: Unknown device being removed from acceptlist:e4:bb:d3:57:c0:69[PUBLIC_DEVICE_ADDRESS]
05-30 10:22:35.714 I/BluetoothBondStateMachine( 1324): bondStateChangeCallback: Status: 1 Address: XX:XX:XX:XX:C0:69 newState: 0 hciReason: 1
05-30 10:22:35.714 W/bluetooth( 1324): packages/modules/Bluetooth/system/gd/hci/acl_manager/le_impl.h:821 remove_device_from_connect_list: Device not in acceptlist and cannot be removed:e4:bb:d3:57:c0:69[PUBLIC_DEVICE_ADDRESS]
05-30 10:22:35.716 I/BluetoothBondStateMachine( 1324): Entering PendingCommandState State
05-30 10:22:35.717 D/ActivityAttributionService( 1324): notifyActivityAttributionInfo UID=1002 packageName=com.android.bluetooth deviceAddress=no_active_device_address
05-30 10:22:35.717 I/bt_btif ( 1324): packages/modules/Bluetooth/system/btif/src/bluetooth.cc:829 get_profile_interface: get_profile_interface: id = activity_attribution
05-30 10:22:35.717 I/bt_stack( 1324): [INFO:le_scanning_manager.cc(168)] Scan in shim layer stopped
05-30 10:22:35.717 I/bluetooth( 1324): packages/modules/Bluetooth/system/gd/hci/le_address_manager.cc:193 unregister_client: Client unregistered
05-30 10:22:35.719 I/bt_stack( 1324): [INFO:le_scanning_manager.cc(162)] Unregister in shim layer, scanner_id:2
05-30 10:22:35.721 D/BluetoothCompanionManager( 1324): register metadata listener: XX:XX:XX:XX:C0:69
05-30 10:22:35.722 D/BluetoothAdapter( 1324): addOnMetadataChangedListener()
05-30 10:22:35.725 I/BluetoothBondStateMachine( 1324): Bond State Change Intent:XX:XX:XX:XX:C0:69 BOND_NONE => BOND_BONDING
05-30 10:22:35.729 D/AdapterProperties( 1324): Failed to remove device: XX:XX:XX:XX:C0:69
05-30 10:22:35.729 D/BluetoothRemoteDevices( 1324): removeDualDevicesMapXX:XX:XX:XX:C0:69
05-30 10:22:35.730 D/FastPairService( 745): onReceive: ACTION_BOND_STATE_CHANGED
05-30 10:22:35.731 D/BluetoothRemoteDevices( 1324): mDualDevicesMap not have E4:BB:D3:57:C0:69
05-30 10:22:35.732 D/BluetoothDatabase( 1324): updateDatabase XX:XX:XX:XX:C0:69
05-30 10:22:35.732 D/A2dpService( 1324): Bond state changed for device: XX:XX:XX:XX:C0:69 state: 11
05-30 10:22:35.733 D/HearingAidService( 1324): Bond state changed for device: XX:XX:XX:XX:C0:69 state: 11
05-30 10:22:35.733 D/BluetoothCompanionManager( 1324): remove metadata listener: XX:XX:XX:XX:C0:69
05-30 10:22:35.733 D/BluetoothAdapter( 1324): removeOnMetadataChangedListener()
05-30 10:22:35.734 I/dangbei111( 1911): cccccc on receiver=android.bluetooth.device.action.BOND_STATE_CHANGED,mac=E4:BB:D3:57:C0:69
05-30 10:22:35.735 I/dangbei111( 1911): Wait for auto connection, processBondStateChange: bondState: 10 --> 11
05-30 10:22:35.737 D/FastPairService( 745): onReceive: ACTION_BOND_STATE_CHANGED
05-30 10:22:35.737 D/FastPairService( 745): Forget device detect
05-30 10:22:35.737 I/BluetoothBondStateMachine( 1324): Bond State Change Intent:XX:XX:XX:XX:C0:69 BOND_BONDING => BOND_NONE
05-30 10:22:35.738 W/HeadsetClientService( 1324): getHeadsetClientService(): service is null
05-30 10:22:35.738 W/PbapClientService( 1324): getPbapClientService(): service is null
05-30 10:22:35.738 V/BluetoothDatabase( 1324): setProfileConnectionPolicy connection policy not changed.
05-30 10:22:35.738 D/A2dpService( 1324): Saved connectionPolicy XX:XX:XX:XX:C0:69 = -1
05-30 10:22:35.738 V/BluetoothDatabase( 1324): setProfileConnectionPolicy connection policy not changed.
05-30 10:22:35.738 I/HeadsetService( 1324): setConnectionPolicy: device=XX:XX:XX:XX:C0:69, connectionPolicy=-1, uid/pid=1002/1324
05-30 10:22:35.738 V/BluetoothDatabase( 1324): setProfileConnectionPolicy connection policy not changed.
05-30 10:22:35.738 I/BluetoothBondStateMachine( 1324): StableState(): Entering Off State
05-30 10:22:35.742 D/A2dpService( 1324): Bond state changed for device: XX:XX:XX:XX:C0:69 state: 10
05-30 10:22:35.744 D/BluetoothDatabase( 1324): getCustomMeta: device XX:XX:XX:XX:C0:69 is not in cache
05-30 10:22:35.746 D/HearingAidService( 1324): Bond state changed for device: XX:XX:XX:XX:C0:69 state: 10
05-30 10:22:35.746 I/BLE_Service( 1332): BOND STATE CHANGED [Dangbei] - was 10, now is 11
05-30 10:22:35.748 E/dangbei111( 1911): cccccc 开始扫描
05-30 10:22:35.748 D/BluetoothAdapter( 1911): isLeEnabled(): ON
05-30 10:22:35.752 I/bt_stack( 1324): [INFO:le_scanning_manager.cc(155)] RegisterScanner in shim layer
05-30 10:22:35.752 D/BluetoothLeScanner( 1911): onScannerRegistered() - status=0 scannerId=1 mScannerId=0
05-30 10:22:35.755 D/ActivityAttributionService( 1324): notifyActivityAttributionInfo UID=1002 packageName=com.android.bluetooth deviceAddress=no_active_device_address
05-30 10:22:35.755 I/bt_btif ( 1324): packages/modules/Bluetooth/system/btif/src/bluetooth.cc:829 get_profile_interface: get_profile_interface: id = activity_attribution
05-30 10:22:35.755 I/bt_stack( 1324): [INFO:le_scanning_manager.cc(168)] Scan in shim layer started
05-30 10:22:35.756 I/bluetooth( 1324): packages/modules/Bluetooth/system/gd/hci/le_scanning_manager.cc:588 stop_scan: Scanning already stopped, return!
05-30 10:22:35.756 I/bt_stack( 1324): [INFO:le_scanning_manager.cc(168)] Scan in shim layer stopped
05-30 10:22:35.756 I/bt_stack( 1324): [INFO:le_scanning_manager.cc(346)] SetScanParameters in shim layer
05-30 10:22:35.756 I/bluetooth( 1324): packages/modules/Bluetooth/system/gd/hci/le_address_manager.cc:178 register_client: Client registered
05-30 10:22:35.756 I/bt_stack( 1324): [INFO:le_scanning_manager.cc(168)] Scan in shim layer started
05-30 10:22:35.756 I/bluetooth( 1324): packages/modules/Bluetooth/system/gd/hci/le_address_manager.cc:193 unregister_client: Client unregistered
05-30 10:22:35.756 I/bluetooth( 1324): packages/modules/Bluetooth/system/gd/hci/le_scanning_manager.cc:588 stop_scan: Scanning already stopped, return!
05-30 10:22:35.756 I/bluetooth( 1324): packages/modules/Bluetooth/system/gd/hci/le_address_manager.cc:178 register_client: Client registered
05-30 10:22:35.756 D/BluetoothDatabase( 1324): getCustomMeta: device XX:XX:XX:XX:C0:69 is not in cache
05-30 10:22:35.761 D/BluetoothAdapter( 1493): isLeEnabled(): ON
05-30 10:22:35.762 I/BLE_Service( 1332): BOND STATE CHANGED [Dangbei] - was 11, now is 10
05-30 10:22:35.763 I/bt_stack( 1324): [INFO:le_scanning_manager.cc(155)] RegisterScanner in shim layer
05-30 10:22:35.763 I/dangbei111( 1911): cccccc on receiver=android.bluetooth.device.action.BOND_STATE_CHANGED,mac=E4:BB:D3:57:C0:69
05-30 10:22:35.763 I/dangbei111( 1911): Wait for auto connection, processBondStateChange: bondState: 11 --> 10
05-30 10:22:35.765 D/BluetoothLeScanner( 1493): onScannerRegistered() - status=0 scannerId=2 mScannerId=0
05-30 10:22:35.765 D/BluetoothDatabase( 1324): getCustomMeta: device XX:XX:XX:XX:C0:69 is not in cache
05-30 10:22:35.767 D/ActivityAttributionService( 1324): notifyActivityAttributionInfo UID=1002 packageName=com.android.bluetooth deviceAddress=no_active_device_address
05-30 10:22:35.767 I/bt_btif ( 1324): packages/modules/Bluetooth/system/btif/src/bluetooth.cc:829 get_profile_interface: get_profile_interface: id = activity_attribution
05-30 10:22:35.769 E/dangbei111( 1911): cccccc 开始扫描
05-30 10:22:35.769 D/BluetoothAdapter( 1911): isLeEnabled(): ON
05-30 10:22:35.771 D/BluetoothDatabase( 1324): getCustomMeta: device XX:XX:XX:XX:C0:69 is not in cache
05-30 10:22:35.775 W/BluetoothEventManager( 1124): showUnbondMessage: Not displaying any message for reason: 9
05-30 10:22:35.776 D/BluetoothDatabase( 1324): getCustomMeta: device XX:XX:XX:XX:C0:69 is not in cache
05-30 10:22:35.780 D/BluetoothAdapter( 1493): isLeEnabled(): ON
05-30 10:22:35.784 D/BluetoothDatabase( 1324): getCustomMeta: device XX:XX:XX:XX:C0:69 is not in cache
05-30 10:22:35.786 I/bt_btif_dm( 1324): packages/modules/Bluetooth/system/btif/src/btif_dm.cc:695 btif_update_remote_properties: class of device (cod) is 0x00050c
