05-30 10:23:57.949 E/nStackXCoAP( 2783): IsInSameNetwork:[281] :IsInSameNetwork: not priority process
05-30 10:23:57.950 D/nStackXCoAP( 2783): IsInSameNetwork:[276] :IsInSameNetwork exec
05-30 10:23:57.950 I/nStackXDFinder( 2783): GetLocalInterfaceDetail:[461] :GetLocalInterfaceDetail in
05-30 10:23:57.950 E/nStackXCoAP( 2783): IsInSameNetwork:[281] :IsInSameNetwork: not priority process
05-30 10:23:57.950 D/nStackXCoAP( 2783): IsInSameNetwork:[276] :IsInSameNetwork exec
05-30 10:23:57.950 I/nStackXDFinder( 2783): GetLocalInterfaceDetail:[461] :GetLocalInterfaceDetail in
05-30 10:23:57.951 E/nStackXCoAP( 2783): IsInSameNetwork:[281] :IsInSameNetwork: not priority process
05-30 10:23:57.951 D/nStackXCoAP( 2783): IsInSameNetwork:[276] :IsInSameNetwork exec
05-30 10:23:57.952 I/nStackXDFinder( 2783): GetLocalInterfaceDetail:[461] :GetLocalInterfaceDetail in
05-30 10:23:57.952 E/nStackXCoAP( 2783): IsInSameNetwork:[281] :IsInSameNetwork: not priority process
05-30 10:23:57.952 D/nStackXCoAP( 2783): IsInSameNetwork:[276] :IsInSameNetwork exec
05-30 10:23:57.952 I/nStackXDFinder( 2783): GetLocalInterfaceDetail:[461] :GetLocalInterfaceDetail in
05-30 10:23:57.952 E/nStackXCoAP( 2783): IsInSameNetwork:[281] :IsInSameNetwork: not priority process
05-30 10:23:57.953 D/nStackXCoAP( 2783): IsInSameNetwork:[276] :IsInSameNetwork exec
05-30 10:23:57.953 I/nStackXDFinder( 2783): GetLocalInterfaceDetail:[461] :GetLocalInterfaceDetail in
05-30 10:23:57.953 E/nStackXCoAP( 2783): IsInSameNetwork:[281] :IsInSameNetwork: not priority process
05-30 10:23:57.953 D/nStackXCoAP( 2783): IsInSameNetwork:[276] :IsInSameNetwork exec
05-30 10:23:57.953 I/nStackXDFinder( 2783): GetLocalInterfaceDetail:[461] :GetLocalInterfaceDetail in
05-30 10:23:57.953 E/nStackXCoAP( 2783): IsInSameNetwork:[281] :IsInSameNetwork: not priority process
05-30 10:23:57.954 D/nStackXCoAP( 2783): IsInSameNetwork:[276] :IsInSameNetwork exec
05-30 10:23:57.954 I/nStackXDFinder( 2783): GetLocalInterfaceDetail:[461] :GetLocalInterfaceDetail in
05-30 10:23:57.954 E/nStackXCoAP( 2783): IsInSameNetwork:[281] :IsInSameNetwork: not priority process
05-30 10:23:57.985 D/nStackXCoAP( 2783): IsInSameNetwork:[276] :IsInSameNetwork exec
05-30 10:23:57.985 I/nStackXDFinder( 2783): GetLocalInterfaceDetail:[461] :GetLocalInterfaceDetail in
05-30 10:23:57.985 E/nStackXCoAP( 2783): IsInSameNetwork:[281] :IsInSameNetwork: not priority process
05-30 10:23:57.994 D/nStackXCoAP( 2783): IsInSameNetwork:[276] :IsInSameNetwork exec
05-30 10:23:57.994 I/nStackXDFinder( 2783): GetLocalInterfaceDetail:[461] :GetLocalInterfaceDetail in
05-30 10:23:57.994 E/nStackXCoAP( 2783): IsInSameNetwork:[281] :IsInSameNetwork: not priority process
05-30 10:23:57.995 D/nStackXCoAP( 2783): IsInSameNetwork:[276] :IsInSameNetwork exec
05-30 10:23:57.995 I/nStackXDFinder( 2783): GetLocalInterfaceDetail:[461] :GetLocalInterfaceDetail in
05-30 10:23:57.995 E/nStackXCoAP( 2783): IsInSameNetwork:[281] :IsInSameNetwork: not priority process
05-30 10:23:58.003 D/nStackXCoAP( 2783): IsInSameNetwork:[276] :IsInSameNetwork exec
05-30 10:23:58.003 I/nStackXDFinder( 2783): GetLocalInterfaceDetail:[461] :GetLocalInterfaceDetail in
05-30 10:23:58.003 E/nStackXCoAP( 2783): IsInSameNetwork:[281] :IsInSameNetwork: not priority process
05-30 10:23:58.004 D/nStackXCoAP( 2783): IsInSameNetwork:[276] :IsInSameNetwork exec
05-30 10:23:58.004 I/nStackXDFinder( 2783): GetLocalInterfaceDetail:[461] :GetLocalInterfaceDetail in
05-30 10:23:58.004 E/nStackXCoAP( 2783): IsInSameNetwork:[281] :IsInSameNetwork: not priority process
05-30 10:23:58.059 D/nStackXCoAP( 2783): IsInSameNetwork:[276] :IsInSameNetwork exec
05-30 10:23:58.059 I/nStackXDFinder( 2783): GetLocalInterfaceDetail:[461] :GetLocalInterfaceDetail in
05-30 10:23:58.059 E/nStackXCoAP( 2783): IsInSameNetwork:[281] :IsInSameNetwork: not priority process
05-30 10:23:58.269 E/nStackXDFinder( 2783): GetLocalIp:[401] :GetLocalIp exec
05-30 10:23:58.269 E/nStackXDFinder( 2783): GetLocalIp:[401] :GetLocalIp exec
05-30 10:23:58.269 E/nStackXDFinder( 2783): GetLocalIp:[401] :GetLocalIp exec
05-30 10:23:58.270 I/nStackXCoAP( 2783): CoapServiceDiscoverTimerHandle:[524] :the 10 times for device discover.
05-30 10:23:58.294 D/nStackXCoAP( 2783): IsInSameNetwork:[276] :IsInSameNetwork exec
05-30 10:23:58.294 I/nStackXDFinder( 2783): GetLocalInterfaceDetail:[461] :GetLocalInterfaceDetail in
05-30 10:23:58.294 E/nStackXCoAP( 2783): IsInSameNetwork:[281] :IsInSameNetwork: not priority process
05-30 10:23:58.302 D/nStackXCoAP( 2783): IsInSameNetwork:[276] :IsInSameNetwork exec
05-30 10:23:58.302 I/nStackXDFinder( 2783): GetLocalInterfaceDetail:[461] :GetLocalInterfaceDetail in
05-30 10:23:58.302 E/nStackXCoAP( 2783): IsInSameNetwork:[281] :IsInSameNetwork: not priority process
05-30 10:23:58.305 D/nStackXCoAP( 2783): IsInSameNetwork:[276] :IsInSameNetwork exec
05-30 10:23:58.306 I/nStackXDFinder( 2783): GetLocalInterfaceDetail:[461] :GetLocalInterfaceDetail in
05-30 10:23:58.306 E/nStackXCoAP( 2783): IsInSameNetwork:[281] :IsInSameNetwork: not priority process
05-30 10:23:58.411 D/nStackXCoAP( 2783): IsInSameNetwork:[276] :IsInSameNetwork exec
05-30 10:23:58.411 I/nStackXDFinder( 2783): GetLocalInterfaceDetail:[461] :GetLocalInterfaceDetail in
05-30 10:23:58.411 E/nStackXCoAP( 2783): IsInSameNetwork:[281] :IsInSameNetwork: not priority process
05-30 10:23:58.412 D/nStackXCoAP( 2783): IsInSameNetwork:[276] :IsInSameNetwork exec
05-30 10:23:58.412 I/nStackXDFinder( 2783): GetLocalInterfaceDetail:[461] :GetLocalInterfaceDetail in
05-30 10:23:58.412 E/nStackXCoAP( 2783): IsInSameNetwork:[281] :IsInSameNetwork: not priority process
05-30 10:23:58.421 D/nStackXCoAP( 2783): IsInSameNetwork:[276] :IsInSameNetwork exec
05-30 10:23:58.422 I/nStackXDFinder( 2783): GetLocalInterfaceDetail:[461] :GetLocalInterfaceDetail in
05-30 10:23:58.422 E/nStackXCoAP( 2783): IsInSameNetwork:[281] :IsInSameNetwork: not priority process
05-30 10:23:58.422 D/nStackXCoAP( 2783): IsInSameNetwork:[276] :IsInSameNetwork exec
05-30 10:23:58.422 I/nStackXDFinder( 2783): GetLocalInterfaceDetail:[461] :GetLocalInterfaceDetail in
05-30 10:23:58.422 E/nStackXCoAP( 2783): IsInSameNetwork:[281] :IsInSameNetwork: not priority process
05-30 10:23:58.423 D/nStackXCoAP( 2783): IsInSameNetwork:[276] :IsInSameNetwork exec
05-30 10:23:58.423 I/nStackXDFinder( 2783): GetLocalInterfaceDetail:[461] :GetLocalInterfaceDetail in
05-30 10:23:58.423 E/nStackXCoAP( 2783): IsInSameNetwork:[281] :IsInSameNetwork: not priority process
05-30 10:23:58.424 D/nStackXCoAP( 2783): IsInSameNetwork:[276] :IsInSameNetwork exec
05-30 10:23:58.424 I/nStackXDFinder( 2783): GetLocalInterfaceDetail:[461] :GetLocalInterfaceDetail in
05-30 10:23:58.424 E/nStackXCoAP( 2783): IsInSameNetwork:[281] :IsInSameNetwork: not priority process
05-30 10:23:58.460 D/nStackXCoAP( 2783): IsInSameNetwork:[276] :IsInSameNetwork exec
05-30 10:23:58.460 I/nStackXDFinder( 2783): GetLocalInterfaceDetail:[461] :GetLocalInterfaceDetail in
05-30 10:23:58.460 E/nStackXCoAP( 2783): IsInSameNetwork:[281] :IsInSameNetwork: not priority process
05-30 10:23:58.461 D/nStackXCoAP( 2783): IsInSameNetwork:[276] :IsInSameNetwork exec
05-30 10:23:58.461 I/nStackXDFinder( 2783): GetLocalInterfaceDetail:[461] :GetLocalInterfaceDetail in
05-30 10:23:58.461 E/nStackXCoAP( 2783): IsInSameNetwork:[281] :IsInSameNetwork: not priority process
05-30 10:23:58.462 D/nStackXCoAP( 2783): IsInSameNetwork:[276] :IsInSameNetwork exec
05-30 10:23:58.462 I/nStackXDFinder( 2783): GetLocalInterfaceDetail:[461] :GetLocalInterfaceDetail in
05-30 10:23:58.462 E/nStackXCoAP( 2783): IsInSameNetwork:[281] :IsInSameNetwork: not priority process
05-30 10:23:58.462 D/nStackXCoAP( 2783): IsInSameNetwork:[276] :IsInSameNetwork exec
05-30 10:23:58.462 I/nStackXDFinder( 2783): GetLocalInterfaceDetail:[461] :GetLocalInterfaceDetail in
05-30 10:23:58.462 E/nStackXCoAP( 2783): IsInSameNetwork:[281] :IsInSameNetwork: not priority process
05-30 10:23:58.463 D/nStackXCoAP( 2783): IsInSameNetwork:[276] :IsInSameNetwork exec
05-30 10:23:58.463 I/nStackXDFinder( 2783): GetLocalInterfaceDetail:[461] :GetLocalInterfaceDetail in
05-30 10:23:58.463 E/nStackXCoAP( 2783): IsInSameNetwork:[281] :IsInSameNetwork: not priority process
05-30 10:23:58.464 D/nStackXCoAP( 2783): IsInSameNetwork:[276] :IsInSameNetwork exec
05-30 10:23:58.464 I/nStackXDFinder( 2783): GetLocalInterfaceDetail:[461] :GetLocalInterfaceDetail in
05-30 10:23:58.464 E/nStackXCoAP( 2783): IsInSameNetwork:[281] :IsInSameNetwork: not priority process
05-30 10:23:58.464 D/nStackXCoAP( 2783): IsInSameNetwork:[276] :IsInSameNetwork exec
05-30 10:23:58.464 I/nStackXDFinder( 2783): GetLocalInterfaceDetail:[461] :GetLocalInterfaceDetail in
05-30 10:23:58.465 E/nStackXCoAP( 2783): IsInSameNetwork:[281] :IsInSameNetwork: not priority process
05-30 10:23:58.465 D/nStackXCoAP( 2783): IsInSameNetwork:[276] :IsInSameNetwork exec
05-30 10:23:58.465 I/nStackXDFinder( 2783): GetLocalInterfaceDetail:[461] :GetLocalInterfaceDetail in
05-30 10:23:58.465 E/nStackXCoAP( 2783): IsInSameNetwork:[281] :IsInSameNetwork: not priority process
05-30 10:23:58.466 D/nStackXCoAP( 2783): IsInSameNetwork:[276] :IsInSameNetwork exec
05-30 10:23:58.466 I/nStackXDFinder( 2783): GetLocalInterfaceDetail:[461] :GetLocalInterfaceDetail in
05-30 10:23:58.466 E/nStackXCoAP( 2783): IsInSameNetwork:[281] :IsInSameNetwork: not priority process
05-30 10:23:58.466 D/nStackXCoAP( 2783): IsInSameNetwork:[276] :IsInSameNetwork exec
05-30 10:23:58.466 I/nStackXDFinder( 2783): GetLocalInterfaceDetail:[461] :GetLocalInterfaceDetail in
05-30 10:23:58.466 E/nStackXCoAP( 2783): IsInSameNetwork:[281] :IsInSameNetwork: not priority process
05-30 10:23:58.467 D/nStackXCoAP( 2783): IsInSameNetwork:[276] :IsInSameNetwork exec
05-30 10:23:58.467 I/nStackXDFinder( 2783): GetLocalInterfaceDetail:[461] :GetLocalInterfaceDetail in
05-30 10:23:58.467 E/nStackXCoAP( 2783): IsInSameNetwork:[281] :IsInSameNetwork: not priority process
05-30 10:23:58.468 D/nStackXCoAP( 2783): IsInSameNetwork:[276] :IsInSameNetwork exec
05-30 10:23:58.468 I/nStackXDFinder( 2783): GetLocalInterfaceDetail:[461] :GetLocalInterfaceDetail in
05-30 10:23:58.468 E/nStackXCoAP( 2783): IsInSameNetwork:[281] :IsInSameNetwork: not priority process
05-30 10:23:58.507 D/nStackXCoAP( 2783): IsInSameNetwork:[276] :IsInSameNetwork exec
05-30 10:23:58.507 I/nStackXDFinder( 2783): GetLocalInterfaceDetail:[461] :GetLocalInterfaceDetail in
05-30 10:23:58.507 E/nStackXCoAP( 2783): IsInSameNetwork:[281] :IsInSameNetwork: not priority process
05-30 10:23:58.547 D/nStackXCoAP( 2783): IsInSameNetwork:[276] :IsInSameNetwork exec
05-30 10:23:58.547 I/nStackXDFinder( 2783): GetLocalInterfaceDetail:[461] :GetLocalInterfaceDetail in
05-30 10:23:58.547 E/nStackXCoAP( 2783): IsInSameNetwork:[281] :IsInSameNetwork: not priority process
05-30 10:23:58.553 D/nStackXCoAP( 2783): IsInSameNetwork:[276] :IsInSameNetwork exec
05-30 10:23:58.553 I/nStackXDFinder( 2783): GetLocalInterfaceDetail:[461] :GetLocalInterfaceDetail in
05-30 10:23:58.553 E/nStackXCoAP( 2783): IsInSameNetwork:[281] :IsInSameNetwork: not priority process
05-30 10:23:58.770 E/nStackXDFinder( 2783): GetLocalIp:[401] :GetLocalIp exec
05-30 10:23:58.770 E/nStackXDFinder( 2783): GetLocalIp:[401] :GetLocalIp exec
05-30 10:23:58.770 E/nStackXDFinder( 2783): GetLocalIp:[401] :GetLocalIp exec
05-30 10:23:58.771 I/nStackXCoAP( 2783): CoapServiceDiscoverTimerHandle:[524] :the 11 times for device discover.
05-30 10:23:58.781 D/nStackXCoAP( 2783): IsInSameNetwork:[276] :IsInSameNetwork exec
05-30 10:23:58.781 I/nStackXDFinder( 2783): GetLocalInterfaceDetail:[461] :GetLocalInterfaceDetail in
05-30 10:23:58.781 E/nStackXCoAP( 2783): IsInSameNetwork:[281] :IsInSameNetwork: not priority process
05-30 10:23:58.788 D/nStackXCoAP( 2783): IsInSameNetwork:[276] :IsInSameNetwork exec
05-30 10:23:58.789 I/nStackXDFinder( 2783): GetLocalInterfaceDetail:[461] :GetLocalInterfaceDetail in
05-30 10:23:58.789 E/nStackXCoAP( 2783): IsInSameNetwork:[281] :IsInSameNetwork: not priority process
05-30 10:23:58.792 D/nStackXCoAP( 2783): IsInSameNetwork:[276] :IsInSameNetwork exec
05-30 10:23:58.792 I/nStackXDFinder( 2783): GetLocalInterfaceDetail:[461] :GetLocalInterfaceDetail in
05-30 10:23:58.792 E/nStackXCoAP( 2783): IsInSameNetwork:[281] :IsInSameNetwork: not priority process
05-30 10:23:58.795 D/nStackXCoAP( 2783): IsInSameNetwork:[276] :IsInSameNetwork exec
05-30 10:23:58.796 I/nStackXDFinder( 2783): GetLocalInterfaceDetail:[461] :GetLocalInterfaceDetail in
05-30 10:23:58.796 E/nStackXCoAP( 2783): IsInSameNetwork:[281] :IsInSameNetwork: not priority process
05-30 10:23:58.818 D/nStackXCoAP( 2783): IsInSameNetwork:[276] :IsInSameNetwork exec
05-30 10:23:58.818 I/nStackXDFinder( 2783): GetLocalInterfaceDetail:[461] :GetLocalInterfaceDetail in
05-30 10:23:58.818 E/nStackXCoAP( 2783): IsInSameNetwork:[281] :IsInSameNetwork: not priority process
05-30 10:23:58.862 D/nStackXCoAP( 2783): IsInSameNetwork:[276] :IsInSameNetwork exec
05-30 10:23:58.862 I/nStackXDFinder( 2783): GetLocalInterfaceDetail:[461] :GetLocalInterfaceDetail in
05-30 10:23:58.862 E/nStackXCoAP( 2783): IsInSameNetwork:[281] :IsInSameNetwork: not priority process
05-30 10:23:58.864 D/nStackXCoAP( 2783): IsInSameNetwork:[276] :IsInSameNetwork exec
05-30 10:23:58.864 I/nStackXDFinder( 2783): GetLocalInterfaceDetail:[461] :GetLocalInterfaceDetail in
05-30 10:23:58.864 E/nStackXCoAP( 2783): IsInSameNetwork:[281] :IsInSameNetwork: not priority process
05-30 10:23:58.879 D/nStackXCoAP( 2783): IsInSameNetwork:[276] :IsInSameNetwork exec
05-30 10:23:58.879 I/nStackXDFinder( 2783): GetLocalInterfaceDetail:[461] :GetLocalInterfaceDetail in
05-30 10:23:58.879 E/nStackXCoAP( 2783): IsInSameNetwork:[281] :IsInSameNetwork: not priority process
05-30 10:23:58.881 D/nStackXCoAP( 2783): IsInSameNetwork:[276] :IsInSameNetwork exec
05-30 10:23:58.881 I/nStackXDFinder( 2783): GetLocalInterfaceDetail:[461] :GetLocalInterfaceDetail in
05-30 10:23:58.881 E/nStackXCoAP( 2783): IsInSameNetwork:[281] :IsInSameNetwork: not priority process
05-30 10:23:58.882 D/nStackXCoAP( 2783): IsInSameNetwork:[276] :IsInSameNetwork exec
05-30 10:23:58.882 I/nStackXDFinder( 2783): GetLocalInterfaceDetail:[461] :GetLocalInterfaceDetail in
05-30 10:23:58.882 E/nStackXCoAP( 2783): IsInSameNetwork:[281] :IsInSameNetwork: not priority process
05-30 10:23:58.884 D/nStackXCoAP( 2783): IsInSameNetwork:[276] :IsInSameNetwork exec
05-30 10:23:58.884 I/nStackXDFinder( 2783): GetLocalInterfaceDetail:[461] :GetLocalInterfaceDetail in
05-30 10:23:58.884 E/nStackXCoAP( 2783): IsInSameNetwork:[281] :IsInSameNetwork: not priority process
05-30 10:23:58.885 D/nStackXCoAP( 2783): IsInSameNetwork:[276] :IsInSameNetwork exec
05-30 10:23:58.886 I/nStackXDFinder( 2783): GetLocalInterfaceDetail:[461] :GetLocalInterfaceDetail in
05-30 10:23:58.886 E/nStackXCoAP( 2783): IsInSameNetwork:[281] :IsInSameNetwork: not priority process
05-30 10:23:58.886 D/nStackXCoAP( 2783): IsInSameNetwork:[276] :IsInSameNetwork exec
05-30 10:23:58.886 I/nStackXDFinder( 2783): GetLocalInterfaceDetail:[461] :GetLocalInterfaceDetail in
05-30 10:23:58.886 E/nStackXCoAP( 2783): IsInSameNetwork:[281] :IsInSameNetwork: not priority process
05-30 10:23:58.889 D/nStackXCoAP( 2783): IsInSameNetwork:[276] :IsInSameNetwork exec
05-30 10:23:58.889 I/nStackXDFinder( 2783): GetLocalInterfaceDetail:[461] :GetLocalInterfaceDetail in
05-30 10:23:58.889 E/nStackXCoAP( 2783): IsInSameNetwork:[281] :IsInSameNetwork: not priority process
05-30 10:23:58.895 D/nStackXCoAP( 2783): IsInSameNetwork:[276] :IsInSameNetwork exec
05-30 10:23:58.895 I/nStackXDFinder( 2783): GetLocalInterfaceDetail:[461] :GetLocalInterfaceDetail in
05-30 10:23:58.895 E/nStackXCoAP( 2783): IsInSameNetwork:[281] :IsInSameNetwork: not priority process
05-30 10:23:58.896 D/nStackXCoAP( 2783): IsInSameNetwork:[276] :IsInSameNetwork exec
05-30 10:23:58.896 I/nStackXDFinder( 2783): GetLocalInterfaceDetail:[461] :GetLocalInterfaceDetail in
05-30 10:23:58.896 E/nStackXCoAP( 2783): IsInSameNetwork:[281] :IsInSameNetwork: not priority process
05-30 10:23:58.896 D/nStackXCoAP( 2783): IsInSameNetwork:[276] :IsInSameNetwork exec
05-30 10:23:58.896 I/nStackXDFinder( 2783): GetLocalInterfaceDetail:[461] :GetLocalInterfaceDetail in
05-30 10:23:58.897 E/nStackXCoAP( 2783): IsInSameNetwork:[281] :IsInSameNetwork: not priority process
05-30 10:23:58.897 D/nStackXCoAP( 2783): IsInSameNetwork:[276] :IsInSameNetwork exec
05-30 10:23:58.898 I/nStackXDFinder( 2783): GetLocalInterfaceDetail:[461] :GetLocalInterfaceDetail in
05-30 10:23:58.898 E/nStackXCoAP( 2783): IsInSameNetwork:[281] :IsInSameNetwork: not priority process
05-30 10:23:58.899 D/nStackXCoAP( 2783): IsInSameNetwork:[276] :IsInSameNetwork exec
05-30 10:23:58.899 I/nStackXDFinder( 2783): GetLocalInterfaceDetail:[461] :GetLocalInterfaceDetail in
05-30 10:23:58.899 E/nStackXCoAP( 2783): IsInSameNetwork:[281] :IsInSameNetwork: not priority process
05-30 10:23:58.899 D/nStackXCoAP( 2783): IsInSameNetwork:[276] :IsInSameNetwork exec
05-30 10:23:58.899 I/nStackXDFinder( 2783): GetLocalInterfaceDetail:[461] :GetLocalInterfaceDetail in
05-30 10:23:58.899 E/nStackXCoAP( 2783): IsInSameNetwork:[281] :IsInSameNetwork: not priority process
05-30 10:23:58.907 W/WindowOnBackDispatcher( 1124): sendCancelIfRunning: isInProgress=falsecallback=android.view.ViewRootImpl$$ExternalSyntheticLambda17@1c0d779
05-30 10:23:58.907 D/nStackXCoAP( 2783): IsInSameNetwork:[276] :IsInSameNetwork exec
05-30 10:23:58.907 I/nStackXDFinder( 2783): GetLocalInterfaceDetail:[461] :GetLocalInterfaceDetail in
05-30 10:23:58.907 E/nStackXCoAP( 2783): IsInSameNetwork:[281] :IsInSameNetwork: not priority process
05-30 10:23:58.908 D/nStackXCoAP( 2783): IsInSameNetwork:[276] :IsInSameNetwork exec
05-30 10:23:58.909 D/CoreBackPreview( 745): Window{addb9a9 u0 Toast}: Setting back callback null
05-30 10:23:58.910 I/nStackXDFinder( 2783): GetLocalInterfaceDetail:[461] :GetLocalInterfaceDetail in
05-30 10:23:58.910 E/nStackXCoAP( 2783): IsInSameNetwork:[281] :IsInSameNetwork: not priority process
05-30 10:23:58.915 W/InputManager-JNI( 745): Input channel object 'addb9a9 Toast (client)' was disposed without first being removed with the input manager!
05-30 10:23:58.919 W/NotificationService( 745): Toast already killed. pkg=com.dangbei.hqguide token=android.os.BinderProxy@50f9254
05-30 10:23:58.930 W/WindowManager( 745): [addWindow] title:Toast
05-30 10:23:58.939 D/CoreBackPreview( 745): Window{66da2f2 u0 Toast}: Setting back callback OnBackInvokedCallbackInfo{mCallback=android.window.IOnBackInvokedCallback$Stub$Proxy@65c14f9, mPriority=0, mIsAnimationCallback=false}
05-30 10:23:58.946 I/WifiHAL ( 570): call wifi_get_link_stats handler
05-30 10:23:58.946 I/WifiHAL ( 570): Creating message to get link statistics; iface = 16
05-30 10:23:58.947 D/WifiHAL ( 570): error code -95 mapped to -3
05-30 10:23:58.947 E/WifiStaIfaceAidlImpl( 745): getLinkLayerStats failed with service-specific exception: android.os.ServiceSpecificException: (code 4)
05-30 10:23:58.948 E/OpenGLRenderer( 1124): Unable to match the desired swap behavior.
05-30 10:23:58.996 D/nStackXCoAP( 2783): IsInSameNetwork:[276] :IsInSameNetwork exec
05-30 10:23:58.996 I/nStackXDFinder( 2783): GetLocalInterfaceDetail:[461] :GetLocalInterfaceDetail in
05-30 10:23:58.996 E/nStackXCoAP( 2783): IsInSameNetwork:[281] :IsInSameNetwork: not priority process
05-30 10:23:59.271 E/nStackXDFinder( 2783): GetLocalIp:[401] :GetLocalIp exec
05-30 10:23:59.271 E/nStackXDFinder( 2783): GetLocalIp:[401] :GetLocalIp exec
05-30 10:23:59.271 E/nStackXDFinder( 2783): GetLocalIp:[401] :GetLocalIp exec
05-30 10:23:59.272 I/nStackXCoAP( 2783): CoapServiceDiscoverTimerHandle:[524] :the 12 times for device discover.
05-30 10:23:59.295 D/nStackXCoAP( 2783): IsInSameNetwork:[276] :IsInSameNetwork exec
05-30 10:23:59.295 I/nStackXDFinder( 2783): GetLocalInterfaceDetail:[461] :GetLocalInterfaceDetail in
05-30 10:23:59.295 E/nStackXCoAP( 2783): IsInSameNetwork:[281] :IsInSameNetwork: not priority process
05-30 10:23:59.296 D/nStackXCoAP( 2783): IsInSameNetwork:[276] :IsInSameNetwork exec
05-30 10:23:59.296 I/nStackXDFinder( 2783): GetLocalInterfaceDetail:[461] :GetLocalInterfaceDetail in
05-30 10:23:59.296 E/nStackXCoAP( 2783): IsInSameNetwork:[281] :IsInSameNetwork: not priority process
05-30 10:23:59.297 D/nStackXCoAP( 2783): IsInSameNetwork:[276] :IsInSameNetwork exec
05-30 10:23:59.297 I/nStackXDFinder( 2783): GetLocalInterfaceDetail:[461] :GetLocalInterfaceDetail in
05-30 10:23:59.297 E/nStackXCoAP( 2783): IsInSameNetwork:[281] :IsInSameNetwork: not priority process
05-30 10:23:59.297 D/nStackXCoAP( 2783): IsInSameNetwork:[276] :IsInSameNetwork exec
05-30 10:23:59.297 I/nStackXDFinder( 2783): GetLocalInterfaceDetail:[461] :GetLocalInterfaceDetail in
05-30 10:23:59.297 E/nStackXCoAP( 2783): IsInSameNetwork:[281] :IsInSameNetwork: not priority process
05-30 10:23:59.298 D/nStackXCoAP( 2783): IsInSameNetwork:[276] :IsInSameNetwork exec
05-30 10:23:59.298 I/nStackXDFinder( 2783): GetLocalInterfaceDetail:[461] :GetLocalInterfaceDetail in
05-30 10:23:59.298 E/nStackXCoAP( 2783): IsInSameNetwork:[281] :IsInSameNetwork: not priority process
05-30 10:23:59.308 D/nStackXCoAP( 2783): IsInSameNetwork:[276] :IsInSameNetwork exec
05-30 10:23:59.309 I/nStackXDFinder( 2783): GetLocalInterfaceDetail:[461] :GetLocalInterfaceDetail in
05-30 10:23:59.309 E/nStackXCoAP( 2783): IsInSameNetwork:[281] :IsInSameNetwork: not priority process
05-30 10:23:59.313 D/nStackXCoAP( 2783): IsInSameNetwork:[276] :IsInSameNetwork exec
05-30 10:23:59.313 I/nStackXDFinder( 2783): GetLocalInterfaceDetail:[461] :GetLocalInterfaceDetail in
05-30 10:23:59.313 E/nStackXCoAP( 2783): IsInSameNetwork:[281] :IsInSameNetwork: not priority process
05-30 10:23:59.314 D/nStackXCoAP( 2783): IsInSameNetwork:[276] :IsInSameNetwork exec
05-30 10:23:59.314 I/nStackXDFinder( 2783): GetLocalInterfaceDetail:[461] :GetLocalInterfaceDetail in
05-30 10:23:59.314 E/nStackXCoAP( 2783): IsInSameNetwork:[281] :IsInSameNetwork: not priority process
05-30 10:23:59.315 D/nStackXCoAP( 2783): IsInSameNetwork:[276] :IsInSameNetwork exec
05-30 10:23:59.315 I/nStackXDFinder( 2783): GetLocalInterfaceDetail:[461] :GetLocalInterfaceDetail in
05-30 10:23:59.315 E/nStackXCoAP( 2783): IsInSameNetwork:[281] :IsInSameNetwork: not priority process
05-30 10:23:59.316 D/nStackXCoAP( 2783): IsInSameNetwork:[276] :IsInSameNetwork exec
05-30 10:23:59.316 I/nStackXDFinder( 2783): GetLocalInterfaceDetail:[461] :GetLocalInterfaceDetail in
05-30 10:23:59.316 E/nStackXCoAP( 2783): IsInSameNetwork:[281] :IsInSameNetwork: not priority process
05-30 10:23:59.317 D/nStackXCoAP( 2783): IsInSameNetwork:[276] :IsInSameNetwork exec
05-30 10:23:59.317 I/nStackXDFinder( 2783): GetLocalInterfaceDetail:[461] :GetLocalInterfaceDetail in
05-30 10:23:59.317 E/nStackXCoAP( 2783): IsInSameNetwork:[281] :IsInSameNetwork: not priority process
05-30 10:23:59.318 D/nStackXCoAP( 2783): IsInSameNetwork:[276] :IsInSameNetwork exec
05-30 10:23:59.318 I/nStackXDFinder( 2783): GetLocalInterfaceDetail:[461] :GetLocalInterfaceDetail in
05-30 10:23:59.318 E/nStackXCoAP( 2783): IsInSameNetwork:[281] :IsInSameNetwork: not priority process
05-30 10:23:59.319 D/nStackXCoAP( 2783): IsInSameNetwork:[276] :IsInSameNetwork exec
05-30 10:23:59.319 I/nStackXDFinder( 2783): GetLocalInterfaceDetail:[461] :GetLocalInterfaceDetail in
05-30 10:23:59.319 E/nStackXCoAP( 2783): IsInSameNetwork:[281] :IsInSameNetwork: not priority process
05-30 10:23:59.329 D/nStackXCoAP( 2783): IsInSameNetwork:[276] :IsInSameNetwork exec
05-30 10:23:59.329 I/nStackXDFinder( 2783): GetLocalInterfaceDetail:[461] :GetLocalInterfaceDetail in
05-30 10:23:59.329 E/nStackXCoAP( 2783): IsInSameNetwork:[281] :IsInSameNetwork: not priority process
05-30 10:23:59.330 D/nStackXCoAP( 2783): IsInSameNetwork:[276] :IsInSameNetwork exec
05-30 10:23:59.330 I/nStackXDFinder( 2783): GetLocalInterfaceDetail:[461] :GetLocalInterfaceDetail in
05-30 10:23:59.330 E/nStackXCoAP( 2783): IsInSameNetwork:[281] :IsInSameNetwork: not priority process
05-30 10:23:59.355 D/nStackXCoAP( 2783): IsInSameNetwork:[276] :IsInSameNetwork exec
05-30 10:23:59.355 I/nStackXDFinder( 2783): GetLocalInterfaceDetail:[461] :GetLocalInterfaceDetail in
05-30 10:23:59.355 E/nStackXCoAP( 2783): IsInSameNetwork:[281] :IsInSameNetwork: not priority process
05-30 10:23:59.357 D/nStackXCoAP( 2783): IsInSameNetwork:[276] :IsInSameNetwork exec
05-30 10:23:59.357 I/nStackXDFinder( 2783): GetLocalInterfaceDetail:[461] :GetLocalInterfaceDetail in
05-30 10:23:59.357 E/nStackXCoAP( 2783): IsInSameNetwork:[281] :IsInSameNetwork: not priority process
05-30 10:23:59.358 D/nStackXCoAP( 2783): IsInSameNetwork:[276] :IsInSameNetwork exec
05-30 10:23:59.358 I/nStackXDFinder( 2783): GetLocalInterfaceDetail:[461] :GetLocalInterfaceDetail in
05-30 10:23:59.358 E/nStackXCoAP( 2783): IsInSameNetwork:[281] :IsInSameNetwork: not priority process
05-30 10:23:59.359 D/nStackXCoAP( 2783): IsInSameNetwork:[276] :IsInSameNetwork exec
05-30 10:23:59.359 I/nStackXDFinder( 2783): GetLocalInterfaceDetail:[461] :GetLocalInterfaceDetail in
05-30 10:23:59.359 E/nStackXCoAP( 2783): IsInSameNetwork:[281] :IsInSameNetwork: not priority process
05-30 10:23:59.360 D/nStackXCoAP( 2783): IsInSameNetwork:[276] :IsInSameNetwork exec
05-30 10:23:59.360 I/nStackXDFinder( 2783): GetLocalInterfaceDetail:[461] :GetLocalInterfaceDetail in
05-30 10:23:59.360 E/nStackXCoAP( 2783): IsInSameNetwork:[281] :IsInSameNetwork: not priority process
05-30 10:23:59.379 D/nStackXCoAP( 2783): IsInSameNetwork:[276] :IsInSameNetwork exec
05-30 10:23:59.379 I/nStackXDFinder( 2783): GetLocalInterfaceDetail:[461] :GetLocalInterfaceDetail in
05-30 10:23:59.379 E/nStackXCoAP( 2783): IsInSameNetwork:[281] :IsInSameNetwork: not priority process
05-30 10:23:59.383 D/nStackXCoAP( 2783): IsInSameNetwork:[276] :IsInSameNetwork exec
05-30 10:23:59.383 I/nStackXDFinder( 2783): GetLocalInterfaceDetail:[461] :GetLocalInterfaceDetail in
05-30 10:23:59.383 E/nStackXCoAP( 2783): IsInSameNetwork:[281] :IsInSameNetwork: not priority process
05-30 10:23:59.394 D/nStackXCoAP( 2783): IsInSameNetwork:[276] :IsInSameNetwork exec
05-30 10:23:59.394 I/nStackXDFinder( 2783): GetLocalInterfaceDetail:[461] :GetLocalInterfaceDetail in
05-30 10:23:59.394 E/nStackXCoAP( 2783): IsInSameNetwork:[281] :IsInSameNetwork: not priority process
05-30 10:23:59.404 I/WifiService( 745): startScan uid=10029
05-30 10:23:59.404 D/nStackXCoAP( 2783): IsInSameNetwork:[276] :IsInSameNetwork exec
05-30 10:23:59.404 I/nStackXDFinder( 2783): GetLocalInterfaceDetail:[461] :GetLocalInterfaceDetail in
05-30 10:23:59.404 E/nStackXCoAP( 2783): IsInSameNetwork:[281] :IsInSameNetwork: not priority process
05-30 10:23:59.418 D/InstantWifi( 745): Drop, size: 1
05-30 10:23:59.461 D/nStackXCoAP( 2783): IsInSameNetwork:[276] :IsInSameNetwork exec
05-30 10:23:59.461 I/nStackXDFinder( 2783): GetLocalInterfaceDetail:[461] :GetLocalInterfaceDetail in
05-30 10:23:59.462 E/nStackXCoAP( 2783): IsInSameNetwork:[281] :IsInSameNetwork: not priority process
05-30 10:23:59.590 D/nStackXCoAP( 2783): IsInSameNetwork:[276] :IsInSameNetwork exec
05-30 10:23:59.591 I/nStackXDFinder( 2783): GetLocalInterfaceDetail:[461] :GetLocalInterfaceDetail in
05-30 10:23:59.591 E/nStackXCoAP( 2783): IsInSameNetwork:[281] :IsInSameNetwork: not priority process
05-30 10:23:59.658 D/SntpClient( 745): request time failed: java.net.SocketTimeoutException: Poll timed out
05-30 10:23:59.658 D/TrafficStats( 745): tagSocket(423) with statsTag=0xffffff41, statsUid=-1
05-30 10:23:59.772 W/nStackXCoAP( 2783): CoapServiceDiscoverTimerHandle:[512] :clear device list backup
05-30 10:23:59.976 E/hq ( 2214): Etna:::sendInspectLauncherUpdate
05-30 10:23:59.980 E/ccc ( 1911): cccccc SystemUpdateHelper launcherUpdate {"launcherCodeLocal":102941,"launcherCodeNet":0,"launcherVersionLocal":"2.9.4.1","launcherVersionNet":"","otaCodeLocal":0,"otaCodeNet":0,"remoteNeedUpdate":false,"updateType":""}
05-30 10:23:59.983 D/etnaManager( 2214): 不需要更新桌面
05-30 10:24:00.147 I/keystore2( 283): system/security/keystore2/src/watchdog.rs:319 - Watchdog thread idle -> terminating. Have a great day.
05-30 10:24:00.390 W/System.err( 2616): java.net.SocketException: Socket closed
05-30 10:24:00.390 I/serviceDiscovery( 745): [MdnsAdvertiser] Removing service with ID 4
05-30 10:24:00.390 I/serviceDiscovery( 745): [MdnsAdvertiser] Removing service with ID 3
05-30 10:24:00.391 I/serviceDiscovery( 745): [MdnsAdvertiser] Removing service with ID 2
05-30 10:24:00.391 W/UpnpServiceImpl( 2616): >>> Shutting down UPnP service...
05-30 10:24:00.392 W/Router ( 2616): disable lock:org.fourthline.cling.android.AndroidRouter@7afd607_java.util.concurrent.locks.ReentrantReadWriteLock$WriteLock@97e7334[Unlocked]
05-30 10:24:00.392 W/Router ( 2616): disable unlock:org.fourthline.cling.android.AndroidRouter@7afd607
05-30 10:24:00.393 W/System.err( 2616): at java.net.PlainSocketImpl.socketAccept(PlainSocketImpl.java:213)
05-30 10:24:00.393 W/System.err( 2616): at java.net.AbstractPlainSocketImpl.accept(AbstractPlainSocketImpl.java:451)
05-30 10:24:00.393 W/System.err( 2616): at java.net.ServerSocket.implAccept(ServerSocket.java:569)
05-30 10:24:00.393 W/System.err( 2616): at java.net.ServerSocket.accept(ServerSocket.java:537)
05-30 10:24:00.393 W/System.err( 2616): at b.f.f.t.f.run(Unknown Source:40)
05-30 10:24:00.393 W/System.err( 2616): at java.lang.Thread.run(Thread.java:1012)
05-30 10:24:00.394 W/UpnpServiceImpl( 2616): <<< UPnP service shutdown completed
05-30 10:24:00.398 E/StartupService( 2616): showToast: app is background
05-30 10:24:00.400 D/HiSight-SinkService( 2616): setDiscoverable true
05-30 10:24:00.400 D/HiSight-Discovery( 2616): set deviceInfo type:46
05-30 10:24:00.400 D/HiSight-Discovery( 2616): startAdvertise 3
05-30 10:24:00.400 D/HiSight-Discovery( 2616): stopAdvertise.
05-30 10:24:00.400 D/NearFieldManager( 2616): StopListen moduleId: CastPlusDiscoveryModule
05-30 10:24:00.401 D/NearFieldManagerImpl( 2783): stopListen: moduleId: CastPlusDiscoveryModule
05-30 10:24:00.401 D/NearFieldManagerImpl( 2783): registerCapability() called with: capabilityBitmapNum = 1, capabilityBitmap = [0]
05-30 10:24:00.401 I/HicomNf_java_to_c( 2783): registerCapability, capabilityBitmapNum: 1
05-30 10:24:00.401 I/HicomNfMainCtrlManager( 2783): RegisterCapability: 1, 0
05-30 10:24:00.401 D/NearFieldManagerImpl( 2783): Register capability succeed with capabilityBitmapNum = 1, capabilityBitmap = [0]
05-30 10:24:00.402 D/HiSight-Discovery( 2616): nearFieldStartListen deviceType 46
05-30 10:24:00.403 D/NearFieldManagerImpl( 2783): setServiceData, sServiceData=[32], serviceData=[32]
05-30 10:24:00.403 E/NearFieldManagerImpl( 2783): setServiceData, serviceData exists
05-30 10:24:00.403 E/NearFieldManager( 2616): setIdnNetworkPriority: networkPortPriority is empty
05-30 10:24:00.403 D/NearFieldManager( 2616): StartListen moduleId: CastPlusDiscoveryModule
05-30 10:24:00.403 D/NearFieldManagerImpl( 2783): startListen: moduleId: CastPlusDiscoveryModule
05-30 10:24:00.403 D/NearFieldUtils( 2783): getPreferredIpAddress exec
05-30 10:24:00.403 D/NearFieldUtils( 2783): getPreferredIpAddress by custom priority
05-30 10:24:00.403 D/NearFieldUtils( 2783): getIpByInterfaceSetting customIdnNetworkPriority:[]
05-30 10:24:00.403 D/NearFieldUtils( 2783): getPreferredIpAddress by default priority
05-30 10:24:00.405 E/d.leradlauncher( 2214): Invalid resource ID 0x00000000.
05-30 10:24:00.406 W/AbstractChannel( 2616): Can't invoke task later as EventLoop rejected it
05-30 10:24:00.406 W/AbstractChannel( 2616): java.util.concurrent.RejectedExecutionException: event executor terminated
05-30 10:24:00.406 W/AbstractChannel( 2616): at io.netty.util.concurrent.SingleThreadEventExecutor.reject(Unknown Source:4)
05-30 10:24:00.406 W/AbstractChannel( 2616): at io.netty.util.concurrent.SingleThreadEventExecutor.offerTask(Unknown Source:6)
05-30 10:24:00.406 W/AbstractChannel( 2616): at io.netty.util.concurrent.SingleThreadEventExecutor.addTask(Unknown Source:5)
05-30 10:24:00.406 W/AbstractChannel( 2616): at io.netty.util.concurrent.SingleThreadEventExecutor.execute(Unknown Source:4)
05-30 10:24:00.406 W/AbstractChannel( 2616): at io.netty.util.concurrent.SingleThreadEventExecutor.execute(Unknown Source:18)
05-30 10:24:00.406 W/AbstractChannel( 2616): at io.netty.channel.AbstractChannel$AbstractUnsafe.invokeLater(Unknown Source:6)
05-30 10:24:00.406 W/AbstractChannel( 2616): at io.netty.channel.AbstractChannel$AbstractUnsafe.deregister(Unknown Source:24)
05-30 10:24:00.406 W/AbstractChannel( 2616): at io.netty.channel.AbstractChannel$AbstractUnsafe.fireChannelInactiveAndDeregister(Unknown Source:17)
05-30 10:24:00.406 W/AbstractChannel( 2616): at io.netty.channel.AbstractChannel$AbstractUnsafe.close(Unknown Source:112)
05-30 10:24:00.406 W/AbstractChannel( 2616): at io.netty.channel.AbstractChannel$AbstractUnsafe.close(Unknown Source:12)
05-30 10:24:00.406 W/AbstractChannel( 2616): at io.netty.channel.nio.NioEventLoop.closeAll(Unknown Source:86)
05-30 10:24:00.406 W/AbstractChannel( 2616): at io.netty.channel.nio.NioEventLoop.run(Unknown Source:202)
05-30 10:24:00.406 W/AbstractChannel( 2616): at io.netty.util.concurrent.SingleThreadEventExecutor$4.run(Unknown Source:41)
05-30 10:24:00.406 W/AbstractChannel( 2616): at io.netty.util.internal.ThreadExecutorMap$2.run(Unknown Source:8)
05-30 10:24:00.406 W/AbstractChannel( 2616): at io.netty.util.concurrent.FastThreadLocalRunnable.run(Unknown Source:2)
05-30 10:24:00.406 W/AbstractChannel( 2616): at java.lang.Thread.run(Thread.java:1012)
05-30 10:24:00.412 E/raop ( 2616): httpd_stop running 1 joined 0
05-30 10:24:00.412 E/raop ( 2616): httpd_stop connection->socket_fd=0
05-30 10:24:00.412 E/raop ( 2616): httpd_stop connection->socket_fd=0
05-30 10:24:00.412 E/raop ( 2616): httpd_stop connection->socket_fd=0
05-30 10:24:00.412 E/raop ( 2616): httpd_stop connection->socket_fd=0
05-30 10:24:00.412 E/raop ( 2616): httpd_stop connection->socket_fd=0
05-30 10:24:00.412 E/raop ( 2616): httpd_stop connection->socket_fd=0
05-30 10:24:00.412 E/raop ( 2616): httpd_stop connection->socket_fd=0
05-30 10:24:00.412 E/raop ( 2616): httpd_stop connection->socket_fd=0
05-30 10:24:00.412 E/raop ( 2616): httpd_stop connection->socket_fd=0
05-30 10:24:00.412 E/raop ( 2616): httpd_stop connection->socket_fd=0
05-30 10:24:00.404 I/binder:2783_3( 2783): type=1400 audit(0.0:2235): avc: denied { search } for name="net" dev="sysfs" ino=12345 scontext=u:r:untrusted_app_27:s0:c44,c256,c512,c768 tcontext=u:object_r:sysfs_net:s0 tclass=dir permissive=1 app=com.dangbei.screencast
05-30 10:24:00.404 I/binder:2783_3( 2783): type=1400 audit(0.0:2236): avc: denied { read } for name="address" dev="sysfs" ino=22127 scontext=u:r:untrusted_app_27:s0:c44,c256,c512,c768 tcontext=u:object_r:sysfs_net:s0 tclass=file permissive=1 app=com.dangbei.screencast
05-30 10:24:00.420 D/NearFieldUtils( 2783): to get wlan0 ip address
05-30 10:24:00.420 D/NearFieldUtils( 2783): get wlan0 IP succeed.
05-30 10:24:00.420 D/NearFieldManagerImpl( 2783): sDeviceType: 46
05-30 10:24:00.420 D/NearFieldManagerImpl( 2783): registerDevice() is called.
05-30 10:24:00.420 I/HicomNfMainCtrlManager( 2783): NSTACKX_RegisterDevice is called
05-30 10:24:00.420 I/nStackXDFinder( 2783): UpdateLocalNetworkInterface:[472] :UpdateLocalNetworkInterface exec,initerfaceName:wlan0
05-30 10:24:00.420 E/nStackXDFinder( 2783): GetLocalIp:[401] :GetLocalIp exec
05-30 10:24:00.420 I/nStackXDFinder( 2783): UpdateLocalNetworkInterface:[498] :UpdateLocalNetworkInterface copy ip value in default process
05-30 10:24:00.420 E/nStackXDFinder( 2783): GetLocalIp:[401] :GetLocalIp exec
05-30 10:24:00.420 I/nStackXDFinder( 2783): UpdateLocalNetworkInterface:[505] :UpdateLocalNetworkInterface: ip not change
05-30 10:24:00.421 D/NearFieldManagerImpl( 2783): Register device success.
05-30 10:24:00.421 I/NearFieldManagerImpl( 2783): serviceName is castPlus
05-30 10:24:00.421 D/NearFieldManagerImpl( 2783): registerCapability() called with: capabilityBitmapNum = 1, capabilityBitmap = [8]
05-30 10:24:00.421 I/HicomNf_java_to_c( 2783): registerCapability, capabilityBitmapNum: 1
05-30 10:24:00.421 I/HicomNfMainCtrlManager( 2783): RegisterCapability: 1, 8
05-30 10:24:00.421 D/NearFieldManagerImpl( 2783): Register capability succeed with capabilityBitmapNum = 1, capabilityBitmap = [8]
05-30 10:24:00.421 D/NearFieldManagerImpl( 2783): registerServiceData() called with: serviceData = 32
05-30 10:24:00.404 I/binder:2783_3( 2783): type=1400 audit(0.0:2237): avc: denied { open } for path="/sys/devices/virtual/net/dummy0/address" dev="sysfs" ino=22127 scontext=u:r:untrusted_app_27:s0:c44,c256,c512,c768 tcontext=u:object_r:sysfs_net:s0 tclass=file permissive=1 app=com.dangbei.screencast
05-30 10:24:00.421 I/nStackXDFinder( 2783): RegisterServiceData:[728] :RegisterServiceData, serviceData=[32]
05-30 10:24:00.421 D/NearFieldManagerImpl( 2783): registerModule() called with: packageModuleName = com.huawei.connection+CastPlusDiscoveryModule
05-30 10:24:00.422 D/NearFieldManagerImpl( 2783): registerModule, registered before
05-30 10:24:00.422 I/HicomNf_java_to_c( 2783): registerModule, moduleName: com.huawei.connection+CastPlusDiscoveryModule
05-30 10:24:00.422 I/HicomNfMainCtrlManager( 2783): Enter RegisterModule
05-30 10:24:00.422 I/HicomNfRegManager( 2783): RegisterModule OK, already registered com.huawei.connection+CastPlusDiscoveryModule
05-30 10:24:00.425 D/OomAdjuster( 745): Not killing cached processes
05-30 10:24:00.404 I/binder:2783_3( 2783): type=1400 audit(0.0:2238): avc: denied { getattr } for path="/sys/devices/virtual/net/dummy0/address" dev="sysfs" ino=22127 scontext=u:r:untrusted_app_27:s0:c44,c256,c512,c768 tcontext=u:object_r:sysfs_net:s0 tclass=file permissive=1 app=com.dangbei.screencast
05-30 10:24:00.427 E/HuaweiCastService( 2616): onStartCommand in 0
05-30 10:24:00.428 I/WifiService( 745): acquireMulticastLock uid=10044
05-30 10:24:00.428 I/WifiService( 745): acquireMulticastLock uid=10044
05-30 10:24:00.432 D/WifiHAL ( 570): Setting APF program, halHandle = 0xecf42950
05-30 10:24:00.432 I/WifiHAL ( 570): createRequest: APF set program request
05-30 10:24:00.432 D/WifiHAL ( 570): error code -95 mapped to -3
05-30 10:24:00.432 I/WifiHAL ( 570): Request Response failed for APF, result = -3
05-30 10:24:00.433 E/WifiStaIfaceAidlImpl( 745): installApfPacketFilter failed with service-specific exception: android.os.ServiceSpecificException: (code 4)
05-30 10:24:00.443 D/TrafficStats( 2214): tagSocket(125) with statsTag=0xffffffff, statsUid=-1
05-30 10:24:00.922 E/raop ( 2616): httpd_stop running 0 joined 1
05-30 10:24:01.670 D/TrafficStats( 2214): tagSocket(125) with statsTag=0xffffffff, statsUid=-1
05-30 10:24:01.717 D/nStackXCoAP( 2783): IsInSameNetwork:[276] :IsInSameNetwork exec
05-30 10:24:01.717 I/nStackXDFinder( 2783): GetLocalInterfaceDetail:[461] :GetLocalInterfaceDetail in
05-30 10:24:01.717 E/nStackXCoAP( 2783): IsInSameNetwork:[281] :IsInSameNetwork: not priority process
05-30 10:24:01.717 D/nStackXCoAP( 2783): ParseServiceDiscover:[330] :new device join
05-30 10:24:01.718 I/nStackXDFinder( 2783): NotifyDeviceListChanged:[540] :notify callback: device list changed callback is null
05-30 10:24:01.718 E/nStackXDFinder( 2783): GetLocalIp:[401] :GetLocalIp exec
05-30 10:24:01.952 I/WifiHAL ( 570): call wifi_get_link_stats handler
05-30 10:24:01.952 I/WifiHAL ( 570): Creating message to get link statistics; iface = 16
05-30 10:24:01.952 D/WifiHAL ( 570): error code -95 mapped to -3
05-30 10:24:01.953 E/WifiStaIfaceAidlImpl( 745): getLinkLayerStats failed with service-specific exception: android.os.ServiceSpecificException: (code 4)
05-30 10:24:02.120 D/WifiNl80211Manager( 745): Scan result ready event
05-30 10:24:02.120 D/WifiNative( 745): Scan result ready event
05-30 10:24:02.143 D/WificondScannerImpl( 745): Filtering out 18 scan results.
05-30 10:24:02.182 E/hq ( 2214): NetWorkStateReceiver:::NetWorkStateReceiver onReceive: 网络变化广播 >>>> intent.action=android.net.wifi.SCAN_RESULTS
05-30 10:24:02.186 I/WifiHAL ( 570): call wifi_get_link_stats handler
05-30 10:24:02.186 I/WifiHAL ( 570): Creating message to get link statistics; iface = 16
05-30 10:24:02.186 D/WifiHAL ( 570): error code -95 mapped to -3
05-30 10:24:02.187 E/WifiStaIfaceAidlImpl( 745): getLinkLayerStats failed with service-specific exception: android.os.ServiceSpecificException: (code 4)
05-30 10:24:02.198 W/eventbuscore( 2214): post Event:com.dangbei.leard.base.entity.event.NetWifiRssiEvent
05-30 10:24:02.231 D/nStackXCoAP( 2783): IsInSameNetwork:[276] :IsInSameNetwork exec
05-30 10:24:02.231 I/nStackXDFinder( 2783): GetLocalInterfaceDetail:[461] :GetLocalInterfaceDetail in
05-30 10:24:02.231 E/nStackXCoAP( 2783): IsInSameNetwork:[281] :IsInSameNetwork: not priority process
05-30 10:24:02.231 D/nStackXCoAP( 2783): ParseServiceDiscover:[330] :new device join
05-30 10:24:02.232 I/nStackXDFinder( 2783): NotifyDeviceListChanged:[540] :notify callback: device list changed callback is null
05-30 10:24:02.232 E/nStackXDFinder( 2783): GetLocalIp:[401] :GetLocalIp exec
05-30 10:24:02.253 D/nStackXCoAP( 2783): CoapMessageHandler:[133] :2.01
05-30 10:24:02.584 D/nStackXCoAP( 2783): IsInSameNetwork:[276] :IsInSameNetwork exec
05-30 10:24:02.584 I/nStackXDFinder( 2783): GetLocalInterfaceDetail:[461] :GetLocalInterfaceDetail in
05-30 10:24:02.584 E/nStackXCoAP( 2783): IsInSameNetwork:[281] :IsInSameNetwork: not priority process
05-30 10:24:02.584 D/nStackXCoAP( 2783): ParseServiceDiscover:[330] :new device join
05-30 10:24:02.585 E/nStackXDFinder( 2783): GetLocalIp:[401] :GetLocalIp exec
05-30 10:24:02.713 D/nStackXCoAP( 2783): CoapMessageHandler:[133] :2.01
05-30 10:24:02.734 D/nStackXCoAP( 2783): IsInSameNetwork:[276] :IsInSameNetwork exec
05-30 10:24:02.734 I/nStackXDFinder( 2783): GetLocalInterfaceDetail:[461] :GetLocalInterfaceDetail in
05-30 10:24:02.734 E/nStackXCoAP( 2783): IsInSameNetwork:[281] :IsInSameNetwork: not priority process
05-30 10:24:02.734 D/nStackXCoAP( 2783): ParseServiceDiscover:[330] :new device join
05-30 10:24:02.734 E/nStackXDFinder( 2783): GetLocalIp:[401] :GetLocalIp exec
05-30 10:24:02.752 D/nStackXCoAP( 2783): IsInSameNetwork:[276] :IsInSameNetwork exec
05-30 10:24:02.752 I/nStackXDFinder( 2783): GetLocalInterfaceDetail:[461] :GetLocalInterfaceDetail in
05-30 10:24:02.752 E/nStackXCoAP( 2783): IsInSameNetwork:[281] :IsInSameNetwork: not priority process
05-30 10:24:02.752 D/nStackXCoAP( 2783): ParseServiceDiscover:[330] :new device join
05-30 10:24:02.752 E/nStackXDFinder( 2783): GetLocalIp:[401] :GetLocalIp exec
05-30 10:24:02.977 W/WindowOnBackDispatcher( 1124): sendCancelIfRunning: isInProgress=falsecallback=android.view.ViewRootImpl$$ExternalSyntheticLambda17@31eb046
05-30 10:24:02.978 D/CoreBackPreview( 745): Window{66da2f2 u0 Toast}: Setting back callback null
05-30 10:24:02.983 W/InputManager-JNI( 745): Input channel object '66da2f2 Toast (client)' was disposed without first being removed with the input manager!
05-30 10:24:02.986 W/NotificationService( 745): Toast already killed. pkg=com.dangbei.hqguide token=android.os.BinderProxy@663884
05-30 10:24:03.142 D/nStackXCoAP( 2783): CoapMessageHandler:[133] :2.01
05-30 10:24:03.341 D/nStackXCoAP( 2783): IsInSameNetwork:[276] :IsInSameNetwork exec
05-30 10:24:03.341 I/nStackXDFinder( 2783): GetLocalInterfaceDetail:[461] :GetLocalInterfaceDetail in
05-30 10:24:03.341 E/nStackXCoAP( 2783): IsInSameNetwork:[281] :IsInSameNetwork: not priority process
05-30 10:24:03.341 D/nStackXCoAP( 2783): ParseServiceDiscover:[330] :new device join
05-30 10:24:03.341 E/nStackXDFinder( 2783): GetLocalIp:[401] :GetLocalIp exec
05-30 10:24:03.343 D/nStackXCoAP( 2783): IsInSameNetwork:[276] :IsInSameNetwork exec
05-30 10:24:03.343 I/nStackXDFinder( 2783): GetLocalInterfaceDetail:[461] :GetLocalInterfaceDetail in
05-30 10:24:03.343 E/nStackXCoAP( 2783): IsInSameNetwork:[281] :IsInSameNetwork: not priority process
05-30 10:24:03.343 D/nStackXCoAP( 2783): ParseServiceDiscover:[330] :new device join
05-30 10:24:03.343 E/nStackXDFinder( 2783): GetLocalIp:[401] :GetLocalIp exec
05-30 10:24:03.570 D/DhcpClient( 1290): Received packet: 98:bd:80:21:7e:4c ACK: your new IP /192.168.3.159, netmask /255.255.254.0, gateways [/192.168.3.1] DNS servers: /202.96.134.133 /202.96.128.166 , lease time 3600
05-30 10:24:03.576 D/nStackXCoAP( 2783): CoapMessageHandler:[133] :2.01
05-30 10:24:03.774 D/nStackXCoAP( 2783): IsInSameNetwork:[276] :IsInSameNetwork exec
05-30 10:24:03.774 I/nStackXDFinder( 2783): GetLocalInterfaceDetail:[461] :GetLocalInterfaceDetail in
05-30 10:24:03.774 E/nStackXCoAP( 2783): IsInSameNetwork:[281] :IsInSameNetwork: not priority process
05-30 10:24:03.774 D/nStackXCoAP( 2783): ParseServiceDiscover:[330] :new device join
05-30 10:24:03.774 E/nStackXDFinder( 2783): GetLocalIp:[401] :GetLocalIp exec
05-30 10:24:03.776 D/nStackXCoAP( 2783): IsInSameNetwork:[276] :IsInSameNetwork exec
05-30 10:24:03.776 I/nStackXDFinder( 2783): GetLocalInterfaceDetail:[461] :GetLocalInterfaceDetail in
05-30 10:24:03.776 E/nStackXCoAP( 2783): IsInSameNetwork:[281] :IsInSameNetwork: not priority process
05-30 10:24:03.776 D/nStackXCoAP( 2783): ParseServiceDiscover:[330] :new device join
05-30 10:24:03.776 E/nStackXDFinder( 2783): GetLocalIp:[401] :GetLocalIp exec
05-30 10:24:03.877 D/nStackXCoAP( 2783): CoapMessageHandler:[133] :2.01
05-30 10:24:04.262 D/nStackXCoAP( 2783): IsInSameNetwork:[276] :IsInSameNetwork exec
05-30 10:24:04.263 I/nStackXDFinder( 2783): GetLocalInterfaceDetail:[461] :GetLocalInterfaceDetail in
05-30 10:24:04.263 E/nStackXCoAP( 2783): IsInSameNetwork:[281] :IsInSameNetwork: not priority process
05-30 10:24:04.263 D/nStackXCoAP( 2783): ParseServiceDiscover:[330] :new device join
05-30 10:24:04.263 E/nStackXDFinder( 2783): GetLocalIp:[401] :GetLocalIp exec
05-30 10:24:04.264 D/nStackXCoAP( 2783): IsInSameNetwork:[276] :IsInSameNetwork exec
05-30 10:24:04.265 I/nStackXDFinder( 2783): GetLocalInterfaceDetail:[461] :GetLocalInterfaceDetail in
05-30 10:24:04.265 E/nStackXCoAP( 2783): IsInSameNetwork:[281] :IsInSameNetwork: not priority process
05-30 10:24:04.265 D/nStackXCoAP( 2783): ParseServiceDiscover:[330] :new device join
05-30 10:24:04.265 E/nStackXDFinder( 2783): GetLocalIp:[401] :GetLocalIp exec
05-30 10:24:04.312 D/nStackXCoAP( 2783): CoapMessageHandler:[133] :2.01
05-30 10:24:04.665 D/SntpClient( 745): request time failed: java.net.SocketTimeoutException: Poll timed out
05-30 10:24:04.666 D/TrafficStats( 745): tagSocket(423) with statsTag=0xffffff41, statsUid=-1
05-30 10:24:04.765 D/ActivityManager( 745): freezing 2397 com.android.statementservice
05-30 10:24:04.957 I/WifiHAL ( 570): call wifi_get_link_stats handler
05-30 10:24:04.958 I/WifiHAL ( 570): Creating message to get link statistics; iface = 16
05-30 10:24:04.958 D/WifiHAL ( 570): error code -95 mapped to -3
05-30 10:24:04.958 E/WifiStaIfaceAidlImpl( 745): getLinkLayerStats failed with service-specific exception: android.os.ServiceSpecificException: (code 4)
05-30 10:24:04.980 E/RCInfo ( 1911): vid:
05-30 10:24:04.980 E/RCInfo ( 1911): pid:
05-30 10:24:04.976 I/DefaultDispatch( 1911): type=1400 audit(0.0:2239): avc: denied { read } for name="devices" dev="proc" ino=4026531982 scontext=u:r:system_app:s0 tcontext=u:object_r:proc:s0 tclass=file permissive=1
05-30 10:24:04.981 E/RCInfo ( 1911): vid:
05-30 10:24:04.981 E/RCInfo ( 1911): pid:
05-30 10:24:04.976 I/DefaultDispatch( 1911): type=1400 audit(0.0:2240): avc: denied { open } for path="/proc/bus/input/devices" dev="proc" ino=4026531982 scontext=u:r:system_app:s0 tcontext=u:object_r:proc:s0 tclass=file permissive=1
05-30 10:24:04.976 I/DefaultDispatch( 1911): type=1400 audit(0.0:2241): avc: denied { getattr } for path="/proc/bus/input/devices" dev="proc" ino=4026531982 scontext=u:r:system_app:s0 tcontext=u:object_r:proc:s0 tclass=file permissive=1
05-30 10:24:05.289 D/nStackXCoAP( 2783): IsInSameNetwork:[276] :IsInSameNetwork exec
05-30 10:24:05.289 I/nStackXDFinder( 2783): GetLocalInterfaceDetail:[461] :GetLocalInterfaceDetail in
05-30 10:24:05.289 E/nStackXCoAP( 2783): IsInSameNetwork:[281] :IsInSameNetwork: not priority process
05-30 10:24:05.289 D/nStackXCoAP( 2783): ParseServiceDiscover:[330] :new device join
05-30 10:24:05.289 E/nStackXDFinder( 2783): GetLocalIp:[401] :GetLocalIp exec
05-30 10:24:05.291 D/nStackXCoAP( 2783): IsInSameNetwork:[276] :IsInSameNetwork exec
05-30 10:24:05.291 I/nStackXDFinder( 2783): GetLocalInterfaceDetail:[461] :GetLocalInterfaceDetail in
05-30 10:24:05.291 E/nStackXCoAP( 2783): IsInSameNetwork:[281] :IsInSameNetwork: not priority process
05-30 10:24:05.292 D/nStackXCoAP( 2783): ParseServiceDiscover:[330] :new device join
05-30 10:24:05.292 E/nStackXDFinder( 2783): GetLocalIp:[401] :GetLocalIp exec
05-30 10:24:05.373 D/nStackXCoAP( 2783): CoapMessageHandler:[133] :2.01
05-30 10:24:05.389 I/WifiService( 745): releaseMulticastLock uid=10044
05-30 10:24:05.390 I/WifiService( 745): releaseMulticastLock uid=10044
05-30 10:24:05.388 I/gbei.screencast( 2616): type=1400 audit(0.0:2242): avc: denied { write } for name="property_service" dev="tmpfs" ino=411 scontext=u:r:untrusted_app_27:s0:c44,c256,c512,c768 tcontext=u:object_r:property_socket:s0 tclass=sock_file permissive=1 app=com.dangbei.screencast
05-30 10:24:05.394 D/WifiHAL ( 570): Setting APF program, halHandle = 0xecf42950
05-30 10:24:05.394 I/WifiHAL ( 570): createRequest: APF set program request
05-30 10:24:05.394 D/WifiHAL ( 570): error code -95 mapped to -3
05-30 10:24:05.394 I/WifiHAL ( 570): Request Response failed for APF, result = -3
05-30 10:24:05.395 E/WifiStaIfaceAidlImpl( 745): installApfPacketFilter failed with service-specific exception: android.os.ServiceSpecificException: (code 4)
