05-30 10:23:54.479 E/TaskWorkerFactory( 1874): at androidx.work.impl.WorkerWrapper.runWorker(WorkerWrapper.java:240)
05-30 10:23:54.479 E/TaskWorkerFactory( 1874): at androidx.work.impl.WorkerWrapper.run(WorkerWrapper.java:142)
05-30 10:23:54.479 E/TaskWorkerFactory( 1874): at androidx.work.impl.utils.SerialExecutorImpl$Task.run(SerialExecutorImpl.java:96)
05-30 10:23:54.479 E/TaskWorkerFactory( 1874): at java.util.concurrent.ThreadPoolExecutor.runWorker(ThreadPoolExecutor.java:1145)
05-30 10:23:54.479 E/TaskWorkerFactory( 1874): at java.util.concurrent.ThreadPoolExecutor$Worker.run(ThreadPoolExecutor.java:644)
05-30 10:23:54.479 E/TaskWorkerFactory( 1874): at java.lang.Thread.run(Thread.java:1012)
05-30 10:23:54.494 D/CompatibilityChangeReporter( 1124): Compat change id reported: 186082280; UID 10052; state: ENABLED
05-30 10:23:54.512 D/CompatibilityChangeReporter( 2310): Compat change id reported: 263076149; UID 10067; state: ENABLED
05-30 10:23:54.524 D/CompatibilityChangeReporter( 2397): Compat change id reported: 263076149; UID 10027; state: DISABLED
05-30 10:23:54.543 I/CheckInWorker( 1874): perform check-in request
05-30 10:23:54.559 W/CheckInWorker( 1874): CheckIn failed. No device identifier available!
05-30 10:23:54.561 I/WM-WorkerWrapper( 1874): Worker result FAILURE for Work [ id=4d062c46-ec6e-4fef-be68-27ed824cc169, tags={ com.android.devicelockcontroller.provision.worker.DeviceCheckInWorker } ]
05-30 10:23:54.581 I/RkpdPeriodicProvisioner( 2310): Waking up; checking provisioning state.
05-30 10:23:54.641 I/webview_service( 2416): Background concurrent copying GC freed 2939(329KB) AllocSpace objects, 2(104KB) LOS objects, 49% free, 2129KB/4258KB, paused 83us,28us total 196.394ms
05-30 10:23:54.648 D/TrafficStats( 745): tagSocket(423) with statsTag=0xffffff41, statsUid=-1
05-30 10:23:54.649 D/TrafficStats( 2214): tagSocket(76) with statsTag=0xffffffff, statsUid=-1
05-30 10:23:54.654 I/DrmHalHidl( 2310): No hidl drm factories found
05-30 10:23:54.654 I/hwservicemanager( 234): getTransport: Cannot find entry android.hardware.drm@1.0::IDrmFactory/default in either framework or device VINTF manifest.
05-30 10:23:54.657 E/DrmHalHidl( 2310): Failed to find passthrough drm factories
05-30 10:23:54.660 I/DrmUtils( 2310): found IDrmFactory. Instance name:[android.hardware.drm.IDrmFactory/clearkey]
05-30 10:23:54.663 I/DrmUtils( 2310): found IDrmFactory. Instance name:[android.hardware.drm.IDrmFactory/widevine]
05-30 10:23:54.667 I/WVCdm-DrmFactory( 582): [app][com.android.rkpdapp] calling virtual ::ndk::ScopedAStatus wvdrm::hardware::drm::widevine::WVDrmFactory::createDrmPlugin(const Uuid &, const string &, std::shared_ptr< ::aidl::android::hardware::drm::IDrmPlugin> *)
05-30 10:23:54.667 D/WVCdm ( 582): Instantiating CDM metrics queue
05-30 10:23:54.667 D/WVCdm ( 582): Instantiating CDM.
05-30 10:23:54.674 D/WVCdm ( 582): [cdm_engine.cpp(581):QueryStatus] security_level = Default, query_token = WidevineCdmVersion
05-30 10:23:54.675 I/WVCdm ( 582): [file_utils.cpp(38):Exists] stat failed: ENOENT
05-30 10:23:54.675 I/WVCdm ( 582): [oemcrypto_adapter_dynamic.cpp(783):Initialize] Level 3 Build Info (v18): {"soc_vendor":"L3_34136","soc_model":"ARM 32 bit","ta_ver":"18.1.0+May 15 2024_23:17:25_","uses_opk":false,"tee_os":"none","tee_os_ver":"0.0.0","form_factor":"L3","implementer":"Widevine","fused":false}
05-30 10:23:54.676 I/WVCdm ( 582): [(0):] Level3 Library 34136 May 15 2024 23:17:25
05-30 10:23:54.692 I/WM-WorkerWrapper( 2397): Worker result SUCCESS for Work [ id=c5900b58-7fbf-4cec-b10c-405ece3b19de, tags={ com.android.statementservice.domain.worker.RetryRequestWorker } ]
05-30 10:23:54.705 W/JobScheduler( 745): Job didn't exist in JobStore: 60eea85 #u0a27/2 com.android.statementservice/androidx.work.impl.background.systemjob.SystemJobService
05-30 10:23:54.710 I/WVCdm ( 582): [file_utils.cpp(38):Exists] stat failed: ENOENT
05-30 10:23:54.710 D/WVCdm ( 582): [file_store.cpp(463):Open] File does not exist: file = /data/vendor/mediadrm/IDM1013/L3/ay64.dat, identifier =
05-30 10:23:54.711 I/WVCdm ( 582): [file_utils.cpp(38):Exists] stat failed: ENOENT
05-30 10:23:54.714 I/WVCdm ( 582): [file_utils.cpp(38):Exists] stat failed: ENOENT
05-30 10:23:54.714 D/WVCdm ( 582): [file_store.cpp(463):Open] File does not exist: file = /data/vendor/mediadrm/IDM1013/L3/ay64.dat6, identifier =
05-30 10:23:54.715 I/WVCdm ( 582): [oemcrypto_adapter_dynamic.cpp(797):Initialize] L3 Initialized. Trying L1.
05-30 10:23:54.715 W/WVCdm ( 582): [oemcrypto_adapter_dynamic.cpp(810):Initialize] Could not load oemcrypto from path liboemcrypto.so. dlopen failed: library "liboemcrypto.so" not found
05-30 10:23:54.715 W/WVCdm ( 582): [oemcrypto_adapter_dynamic.cpp(814):Initialize] Could not load oemcrypto. Falling back to L3.
05-30 10:23:54.715 E/WVCdm ( 582): [oemcrypto_adapter_dynamic.cpp(1271):ValidateOrInstallL1KeyboxOrCert] L1 not initialized. Falling back to L3
05-30 10:23:54.715 I/WVCdm ( 582): [file_utils.cpp(38):Exists] stat failed: ENOENT
05-30 10:23:54.715 W/WVCdm ( 582): [oemcrypto_adapter_dynamic.cpp(1470):OEMCrypto_InitializeAndCheckKeybox] Keybox error: 25. Falling back to L3.
05-30 10:23:54.715 I/WVCdm ( 582): [oemcrypto_adapter_dynamic.cpp(846):Level1Terminate] L1 Terminate not needed
05-30 10:23:54.716 D/WVCdm ( 582): [crypto_session.cpp(472):CacheVersion] OEMCrypto version (default security level): 18.1
05-30 10:23:54.716 D/WVCdm ( 582): [crypto_session.cpp(481):CacheVersion] OEMCrypto version (L3 security level): 18.1
05-30 10:23:54.716 D/WVCdm ( 582): [cdm_engine.cpp(581):QueryStatus] security_level = Default, query_token = ProvisioningModel
05-30 10:23:54.717 I/RkpdWidevine( 2310): Not a WV provisioning 4.0 device. No provisioning required.
05-30 10:23:54.724 D/statsd_drm( 658): statsd_mediadrm skipping empty entry
05-30 10:23:54.724 V/RkpdServerInterface( 2310): Requesting data from server. Attempt 1
05-30 10:23:54.726 I/WVCdm ( 582): [file_utils.cpp(38):Exists] stat failed: ENOENT
05-30 10:23:54.727 I/WVCdm ( 582): [(0):] L3 Terminate.
05-30 10:23:54.728 I/WM-WorkerWrapper( 2310): Worker result SUCCESS for Work [ id=5e8802fd-9c5e-48f6-9d95-3d8a399a8ecf, tags={ com.android.rkpdapp.provisioner.WidevineProvisioner, WidevineProvisioner } ]
05-30 10:23:54.736 W/JobScheduler( 745): Job didn't exist in JobStore: dcd8f28 #u0a67/1 com.android.rkpdapp/androidx.work.impl.background.systemjob.SystemJobService
05-30 10:23:54.740 I/rgb_led_ctl( 4406): type=1400 audit(0.0:2200): avc: denied { write } for name="spidev1.0" dev="tmpfs" ino=533 scontext=u:r:init:s0 tcontext=u:object_r:device:s0 tclass=chr_file permissive=1
05-30 10:23:54.744 E/nStackXDFinder( 2783): GetLocalIp:[401] :GetLocalIp exec
05-30 10:23:54.744 W/nStackXCoAP( 2783): CoapServiceDiscoverInner:[565] :clear device list
05-30 10:23:54.744 E/nStackXDFinder( 2783): GetLocalIp:[401] :GetLocalIp exec
05-30 10:23:54.744 E/nStackXDFinder( 2783): GetLocalIp:[401] :GetLocalIp exec
05-30 10:23:54.744 I/nStackXCoAP( 2783): CoapServiceDiscoverInner:[580] :the first time for device discover.
05-30 10:23:54.740 I/rgb_led_ctl( 4406): type=1400 audit(0.0:2201): avc: denied { open } for path="/dev/spidev1.0" dev="tmpfs" ino=533 scontext=u:r:init:s0 tcontext=u:object_r:device:s0 tclass=chr_file permissive=1
05-30 10:23:54.740 I/rgb_led_ctl( 4406): type=1400 audit(0.0:2202): avc: denied { ioctl } for path="/dev/spidev1.0" dev="tmpfs" ino=533 ioctlcmd=0x6b01 scontext=u:r:init:s0 tcontext=u:object_r:device:s0 tclass=chr_file permissive=1
05-30 10:23:54.813 W/WindowManager( 745): [addWindow] title:Toast
05-30 10:23:54.820 D/CoreBackPreview( 745): Window{addb9a9 u0 Toast}: Setting back callback OnBackInvokedCallbackInfo{mCallback=android.window.IOnBackInvokedCallback$Stub$Proxy@1a5885c, mPriority=0, mIsAnimationCallback=false}
05-30 10:23:54.828 E/OpenGLRenderer( 1124): Unable to match the desired swap behavior.
05-30 10:23:54.828 D/nStackXCoAP( 2783): IsInSameNetwork:[276] :IsInSameNetwork exec
05-30 10:23:54.828 I/nStackXDFinder( 2783): GetLocalInterfaceDetail:[461] :GetLocalInterfaceDetail in
05-30 10:23:54.828 E/nStackXCoAP( 2783): IsInSameNetwork:[281] :IsInSameNetwork: not priority process
05-30 10:23:54.828 I/nStackXDFinder( 2783): NotifyDeviceListChanged:[540] :notify callback: device list changed callback is null
05-30 10:23:54.829 D/nStackXCoAP( 2783): IsInSameNetwork:[276] :IsInSameNetwork exec
05-30 10:23:54.830 I/nStackXDFinder( 2783): GetLocalInterfaceDetail:[461] :GetLocalInterfaceDetail in
05-30 10:23:54.830 E/nStackXCoAP( 2783): IsInSameNetwork:[281] :IsInSameNetwork: not priority process
05-30 10:23:54.830 I/nStackXDFinder( 2783): NotifyDeviceListChanged:[540] :notify callback: device list changed callback is null
05-30 10:23:54.835 D/nStackXCoAP( 2783): IsInSameNetwork:[276] :IsInSameNetwork exec
05-30 10:23:54.835 I/nStackXDFinder( 2783): GetLocalInterfaceDetail:[461] :GetLocalInterfaceDetail in
05-30 10:23:54.835 E/nStackXCoAP( 2783): IsInSameNetwork:[281] :IsInSameNetwork: not priority process
05-30 10:23:54.835 I/nStackXDFinder( 2783): NotifyDeviceListChanged:[540] :notify callback: device list changed callback is null
05-30 10:23:54.837 D/nStackXCoAP( 2783): IsInSameNetwork:[276] :IsInSameNetwork exec
05-30 10:23:54.837 I/nStackXDFinder( 2783): GetLocalInterfaceDetail:[461] :GetLocalInterfaceDetail in
05-30 10:23:54.837 E/nStackXCoAP( 2783): IsInSameNetwork:[281] :IsInSameNetwork: not priority process
05-30 10:23:54.837 I/nStackXDFinder( 2783): NotifyDeviceListChanged:[540] :notify callback: device list changed callback is null
05-30 10:23:54.845 D/nStackXCoAP( 2783): IsInSameNetwork:[276] :IsInSameNetwork exec
05-30 10:23:54.845 I/nStackXDFinder( 2783): GetLocalInterfaceDetail:[461] :GetLocalInterfaceDetail in
05-30 10:23:54.845 E/nStackXCoAP( 2783): IsInSameNetwork:[281] :IsInSameNetwork: not priority process
05-30 10:23:54.845 I/nStackXDFinder( 2783): NotifyDeviceListChanged:[540] :notify callback: device list changed callback is null
05-30 10:23:54.845 D/TrafficStats( 2416): tagSocket(5) with statsTag=0xffffffff, statsUid=-1
05-30 10:23:54.847 E/nStackXDFinder( 2783): GetLocalIp:[401] :GetLocalIp exec
05-30 10:23:54.847 E/nStackXDFinder( 2783): GetLocalIp:[401] :GetLocalIp exec
05-30 10:23:54.847 E/nStackXDFinder( 2783): GetLocalIp:[401] :GetLocalIp exec
05-30 10:23:54.848 I/nStackXCoAP( 2783): CoapServiceDiscoverTimerHandle:[524] :the 2 times for device discover.
05-30 10:23:54.848 D/nStackXCoAP( 2783): IsInSameNetwork:[276] :IsInSameNetwork exec
05-30 10:23:54.848 I/nStackXDFinder( 2783): GetLocalInterfaceDetail:[461] :GetLocalInterfaceDetail in
05-30 10:23:54.848 E/nStackXCoAP( 2783): IsInSameNetwork:[281] :IsInSameNetwork: not priority process
05-30 10:23:54.848 I/nStackXDFinder( 2783): NotifyDeviceListChanged:[540] :notify callback: device list changed callback is null
05-30 10:23:54.852 D/nStackXCoAP( 2783): IsInSameNetwork:[276] :IsInSameNetwork exec
05-30 10:23:54.852 I/nStackXDFinder( 2783): GetLocalInterfaceDetail:[461] :GetLocalInterfaceDetail in
05-30 10:23:54.852 E/nStackXCoAP( 2783): IsInSameNetwork:[281] :IsInSameNetwork: not priority process
05-30 10:23:54.852 I/nStackXDFinder( 2783): NotifyDeviceListChanged:[540] :notify callback: device list changed callback is null
05-30 10:23:54.862 D/TrafficStats( 2310): tagSocket(5) with statsTag=0x0, statsUid=-1
05-30 10:23:54.882 D/NearFieldManagerImpl( 2783): onReceive action get:android.net.conn.CONNECTIVITY_CHANGE
05-30 10:23:54.891 W/BestClock( 745): java.time.DateTimeException: Missing network time fix
05-30 10:23:54.892 W/System.err( 1332): java.lang.NoSuchMethodException: android.net.SntpClient.requestTime [class java.lang.String, int, class android.net.Network]
05-30 10:23:54.892 W/System.err( 1332): at java.lang.Class.getMethod(Class.java:2937)
05-30 10:23:54.892 W/System.err( 1332): at java.lang.Class.getMethod(Class.java:2449)
05-30 10:23:54.893 W/System.err( 1332): at com.droidlogic.NtpService.SyncTimeLock(NtpService.java:113)
05-30 10:23:54.893 W/System.err( 1332): at com.droidlogic.NtpService.-$$Nest$mSyncTimeLock(Unknown Source:0)
05-30 10:23:54.893 W/System.err( 1332): at com.droidlogic.NtpService$2.run(NtpService.java:104)
05-30 10:23:54.893 W/System.err( 1332): at android.os.Handler.handleCallback(Handler.java:958)
05-30 10:23:54.893 W/System.err( 1332): at android.os.Handler.dispatchMessage(Handler.java:99)
05-30 10:23:54.893 W/System.err( 1332): at android.os.Looper.loopOnce(Looper.java:205)
05-30 10:23:54.893 W/System.err( 1332): at android.os.Looper.loop(Looper.java:294)
05-30 10:23:54.893 W/System.err( 1332): at android.os.HandlerThread.run(HandlerThread.java:67)
05-30 10:23:54.893 I/SendAliveManager( 3087): doWhenNetworkStateChanged
05-30 10:23:54.895 E/hq ( 2214): NetWorkStateReceiver:::NetWorkStateReceiver onReceive: 网络变化广播 >>>> intent.action=android.net.conn.CONNECTIVITY_CHANGE
05-30 10:23:54.895 E/StartupService( 2616): onConnected:
05-30 10:23:54.897 W/BestClock( 745): java.time.DateTimeException: Missing network time fix
05-30 10:23:54.897 E/hq ( 2214): NetWorkStateReceiver:::Network is available. isConnect=false 是否频次过快=false t=1748571834897
05-30 10:23:54.898 W/eventbuscore( 2214): post Event:com.dangbei.leard.base.entity.event.NetStateEvent
05-30 10:23:54.899 W/eventbuscore( 2214): post Event:com.dangbei.leard.base.entity.event.NetChangeEvent
05-30 10:23:54.899 D/NearFieldUtils( 2783): getPreferredIpAddress exec
05-30 10:23:54.899 D/NearFieldUtils( 2783): getPreferredIpAddress by custom priority
05-30 10:23:54.899 D/NearFieldUtils( 2783): getIpByInterfaceSetting customIdnNetworkPriority:[]
05-30 10:23:54.899 D/NearFieldUtils( 2783): getPreferredIpAddress by default priority
05-30 10:23:54.900 D/AppManager( 2214): requestBlackAndWhiteList
05-30 10:23:54.900 D/RockyReceiver( 2606): action: android.net.conn.CONNECTIVITY_CHANGE
05-30 10:23:54.900 D/AppListModel( 2214): requestAppFilterList: true , false
05-30 10:23:54.903 D/aaa ( 2118): action:android.net.conn.CONNECTIVITY_CHANGE
05-30 10:23:54.903 D/LanSocketServer( 1911): connect
05-30 10:23:54.912 D/NearFieldUtils( 2783): to get wlan0 ip address
05-30 10:23:54.912 D/NearFieldUtils( 2783): get wlan0 IP succeed.
05-30 10:23:54.912 E/NearFieldManagerImpl( 2783): notifyByPriority: interfaceNameInUse is null
05-30 10:23:54.912 D/NearFieldManagerImpl( 2783): handleConnectivityAction: notified by default
05-30 10:23:54.915 D/NearFieldUtils( 2783): to get wlan0 ip address
05-30 10:23:54.915 D/NearFieldUtils( 2783): get wlan0 IP succeed.
05-30 10:23:54.916 I/NearFieldManagerImpl( 2783): wlan Connected
05-30 10:23:54.916 I/HicomNf_java_to_c( 2783): notifyNetworkStateChanged with maskStr, networkType: 0, networkState: 0, mask:
05-30 10:23:54.916 I/HicomNfMainCtrlManager( 2783): NotifyNetworkStateChanged is called with networkState: 0
05-30 10:23:54.916 I/HicomNfMainCtrlManager( 2783): P2P and USB are both disconnected
05-30 10:23:54.916 I/HicomNfSecureManager( 2783): stop listening
05-30 10:23:54.916 I/HicomNfSecureManager( 2783): StopListening, m_sessionInfoLock out, before calling NSTACKX_DMsgClose 2
05-30 10:23:54.916 I/HicomNfSecureManager( 2783): StopListening, after calling NSTACKX_DMsgClose 2
05-30 10:23:54.927 I/HicomNf_java_to_c( 2783): notifyNetworkStateChanged with maskStr, networkType: 0, networkState: 1, mask: 255.255.254.0
05-30 10:23:54.927 I/HicomNfMainCtrlManager( 2783): NotifyNetworkStateChanged is called with networkState: 1
05-30 10:23:54.927 I/HicomNfSecureManager( 2783): StartListening, before calling NSTACKX_DMsgServer
05-30 10:23:54.927 I/nStackXDMsg( 2783): NSTACKX_DMsgServer:[1335] :msgReceiver is not NULL
05-30 10:23:54.928 D/nStackXDMsg( 2783): StartDMsgMainThread:[1274] :pthread_create
05-30 10:23:54.928 I/HicomNfSecureManager( 2783): StartListening, after calling NSTACKX_DMsgServer
05-30 10:23:54.928 I/HicomNfSecureManager( 2783): OnehopSecureCtrlManager: succeeded to StartListening with type 0
05-30 10:23:54.933 E/hq ( 2214): listenerNet:::重新来网了 key=image_error isConnect=true
05-30 10:23:54.933 E/hq ( 2214): listenerNet:::重新来网了 key=requestAppWhiteList isConnect=true
05-30 10:23:54.937 I/Receiver( 2606): 网络连接成功
05-30 10:23:54.939 E/hq ( 2214): listenerNet:::重新来网了 key=clearDeviceHistoryDataByFirstBoot isConnect=true
05-30 10:23:54.940 E/FactoryResetOperateImpl( 2214): isFirstBoot 0
05-30 10:23:54.940 D/nStackXCoAP( 2783): IsInSameNetwork:[276] :IsInSameNetwork exec
05-30 10:23:54.940 I/nStackXDFinder( 2783): GetLocalInterfaceDetail:[461] :GetLocalInterfaceDetail in
05-30 10:23:54.940 E/nStackXCoAP( 2783): IsInSameNetwork:[281] :IsInSameNetwork: not priority process
05-30 10:23:54.941 I/nStackXDFinder( 2783): NotifyDeviceListChanged:[540] :notify callback: device list changed callback is null
05-30 10:23:54.943 D/nStackXCoAP( 2783): IsInSameNetwork:[276] :IsInSameNetwork exec
05-30 10:23:54.943 I/nStackXDFinder( 2783): GetLocalInterfaceDetail:[461] :GetLocalInterfaceDetail in
05-30 10:23:54.943 E/nStackXCoAP( 2783): IsInSameNetwork:[281] :IsInSameNetwork: not priority process
05-30 10:23:54.943 I/nStackXDFinder( 2783): NotifyDeviceListChanged:[540] :notify callback: device list changed callback is null
05-30 10:23:54.944 W/efs.info.manager( 2783): network change: wifi
05-30 10:23:54.945 D/nStackXCoAP( 2783): IsInSameNetwork:[276] :IsInSameNetwork exec
05-30 10:23:54.945 I/nStackXDFinder( 2783): GetLocalInterfaceDetail:[461] :GetLocalInterfaceDetail in
05-30 10:23:54.945 E/nStackXCoAP( 2783): IsInSameNetwork:[281] :IsInSameNetwork: not priority process
05-30 10:23:54.946 I/nStackXDFinder( 2783): NotifyDeviceListChanged:[540] :notify callback: device list changed callback is null
05-30 10:23:54.950 E/FactoryResetOperateImpl( 2214): isFirstBoot:true deleteHistorySuccessByFistBoot:false deleteHistoryFailureByFistBoot:false
05-30 10:23:54.951 D/nStackXCoAP( 2783): IsInSameNetwork:[276] :IsInSameNetwork exec
05-30 10:23:54.951 I/nStackXDFinder( 2783): GetLocalInterfaceDetail:[461] :GetLocalInterfaceDetail in
05-30 10:23:54.951 E/nStackXCoAP( 2783): IsInSameNetwork:[281] :IsInSameNetwork: not priority process
05-30 10:23:54.951 I/nStackXDFinder( 2783): NotifyDeviceListChanged:[540] :notify callback: device list changed callback is null
05-30 10:23:54.959 E/hq ( 2214): listenerNet:::重新来网了 key=ConfigureInterface:Init isConnect=true
05-30 10:23:54.964 W/MediaProvider( 1903): isAppCloneUserPair for user 0: false
05-30 10:23:54.965 W/MediaProvider( 1903): isAppCloneUserPair for user 0: false
05-30 10:23:54.968 W/System.err( 1911): SLF4J: Failed to load class "org.slf4j.impl.StaticLoggerBinder".
05-30 10:23:54.969 E/hq ( 2214): listenerNet:::重新来网了 key=sendInspectUpdate isConnect=true
05-30 10:23:54.970 W/System.err( 1911): SLF4J: Defaulting to no-operation (NOP) logger implementation
05-30 10:23:54.970 W/System.err( 1911): SLF4J: See http://www.slf4j.org/codes.html#StaticLoggerBinder for further details.
05-30 10:23:54.971 E/hq ( 2214): listenerNet:::重新来网了 key=1748571742 isConnect=true
05-30 10:23:54.974 D/LanSocketServer( 1911): connect /192.168.3.222:6689
05-30 10:23:54.975 D/LanSocketServer( 1911): connect start
05-30 10:23:54.975 E/LanCommander( 1911): onNetWorkChanged: true
05-30 10:23:55.027 D/TrafficStats( 1911): tagSocket(5) with statsTag=0xffffffff, statsUid=-1
05-30 10:23:55.030 D/nStackXCoAP( 2783): IsInSameNetwork:[276] :IsInSameNetwork exec
05-30 10:23:55.030 I/nStackXDFinder( 2783): GetLocalInterfaceDetail:[461] :GetLocalInterfaceDetail in
05-30 10:23:55.030 E/nStackXCoAP( 2783): IsInSameNetwork:[281] :IsInSameNetwork: not priority process
05-30 10:23:55.031 I/nStackXDFinder( 2783): NotifyDeviceListChanged:[540] :notify callback: device list changed callback is null
05-30 10:23:55.037 E/LanCommander( 1911): onServerCreatedSuccess 192.168.3.222:6689
05-30 10:23:55.044 D/nStackXCoAP( 2783): IsInSameNetwork:[276] :IsInSameNetwork exec
05-30 10:23:55.044 I/nStackXDFinder( 2783): GetLocalInterfaceDetail:[461] :GetLocalInterfaceDetail in
05-30 10:23:55.044 E/nStackXCoAP( 2783): IsInSameNetwork:[281] :IsInSameNetwork: not priority process
05-30 10:23:55.044 I/nStackXDFinder( 2783): NotifyDeviceListChanged:[540] :notify callback: device list changed callback is null
05-30 10:23:55.050 E/nStackXDFinder( 2783): GetLocalIp:[401] :GetLocalIp exec
05-30 10:23:55.050 E/nStackXDFinder( 2783): GetLocalIp:[401] :GetLocalIp exec
05-30 10:23:55.050 E/nStackXDFinder( 2783): GetLocalIp:[401] :GetLocalIp exec
05-30 10:23:55.051 I/nStackXCoAP( 2783): CoapServiceDiscoverTimerHandle:[524] :the 3 times for device discover.
05-30 10:23:55.051 D/nStackXCoAP( 2783): IsInSameNetwork:[276] :IsInSameNetwork exec
05-30 10:23:55.052 I/nStackXDFinder( 2783): GetLocalInterfaceDetail:[461] :GetLocalInterfaceDetail in
05-30 10:23:55.052 E/nStackXCoAP( 2783): IsInSameNetwork:[281] :IsInSameNetwork: not priority process
05-30 10:23:55.052 I/nStackXDFinder( 2783): NotifyDeviceListChanged:[540] :notify callback: device list changed callback is null
05-30 10:23:55.054 D/TrafficStats( 2214): tagSocket(95) with statsTag=0xffffffff, statsUid=-1
05-30 10:23:55.091 D/nStackXCoAP( 2783): IsInSameNetwork:[276] :IsInSameNetwork exec
05-30 10:23:55.091 I/nStackXDFinder( 2783): GetLocalInterfaceDetail:[461] :GetLocalInterfaceDetail in
05-30 10:23:55.091 E/nStackXCoAP( 2783): IsInSameNetwork:[281] :IsInSameNetwork: not priority process
05-30 10:23:55.094 D/nStackXCoAP( 2783): IsInSameNetwork:[276] :IsInSameNetwork exec
05-30 10:23:55.094 I/nStackXDFinder( 2783): GetLocalInterfaceDetail:[461] :GetLocalInterfaceDetail in
05-30 10:23:55.094 E/nStackXCoAP( 2783): IsInSameNetwork:[281] :IsInSameNetwork: not priority process
05-30 10:23:55.098 D/nStackXCoAP( 2783): IsInSameNetwork:[276] :IsInSameNetwork exec
05-30 10:23:55.098 I/nStackXDFinder( 2783): GetLocalInterfaceDetail:[461] :GetLocalInterfaceDetail in
05-30 10:23:55.098 E/nStackXCoAP( 2783): IsInSameNetwork:[281] :IsInSameNetwork: not priority process
05-30 10:23:55.102 D/nStackXCoAP( 2783): IsInSameNetwork:[276] :IsInSameNetwork exec
05-30 10:23:55.102 I/nStackXDFinder( 2783): GetLocalInterfaceDetail:[461] :GetLocalInterfaceDetail in
05-30 10:23:55.102 E/nStackXCoAP( 2783): IsInSameNetwork:[281] :IsInSameNetwork: not priority process
05-30 10:23:55.102 I/nStackXDFinder( 2783): NotifyDeviceListChanged:[540] :notify callback: device list changed callback is null
05-30 10:23:55.114 E/RCInfo ( 1911): vid:
05-30 10:23:55.114 E/RCInfo ( 1911): pid:
05-30 10:23:55.114 E/RCInfo ( 1911): RCBrand:NA
05-30 10:23:55.115 E/RCInfo ( 1911): vid:
05-30 10:23:55.115 E/RCInfo ( 1911): pid:
05-30 10:23:55.116 E/RCInfo ( 1911): vid:
05-30 10:23:55.116 E/RCInfo ( 1911): pid:
05-30 10:23:55.132 D/nStackXCoAP( 2783): IsInSameNetwork:[276] :IsInSameNetwork exec
05-30 10:23:55.132 I/nStackXDFinder( 2783): GetLocalInterfaceDetail:[461] :GetLocalInterfaceDetail in
05-30 10:23:55.132 E/nStackXCoAP( 2783): IsInSameNetwork:[281] :IsInSameNetwork: not priority process
05-30 10:23:55.142 D/nStackXCoAP( 2783): IsInSameNetwork:[276] :IsInSameNetwork exec
05-30 10:23:55.142 I/nStackXDFinder( 2783): GetLocalInterfaceDetail:[461] :GetLocalInterfaceDetail in
05-30 10:23:55.142 E/nStackXCoAP( 2783): IsInSameNetwork:[281] :IsInSameNetwork: not priority process
05-30 10:23:55.144 D/DhcpClient( 1290): Received packet: 7e:77:3d:13:73:75 ACK: your new IP /192.168.3.211, netmask /255.255.254.0, gateways [/192.168.3.1] DNS servers: /202.96.134.133 /202.96.128.166 , lease time 3600
05-30 10:23:55.149 D/nStackXCoAP( 2783): IsInSameNetwork:[276] :IsInSameNetwork exec
05-30 10:23:55.149 I/nStackXDFinder( 2783): GetLocalInterfaceDetail:[461] :GetLocalInterfaceDetail in
05-30 10:23:55.149 E/nStackXCoAP( 2783): IsInSameNetwork:[281] :IsInSameNetwork: not priority process
05-30 10:23:55.150 I/nStackXDFinder( 2783): NotifyDeviceListChanged:[540] :notify callback: device list changed callback is null
05-30 10:23:55.160 D/nStackXCoAP( 2783): IsInSameNetwork:[276] :IsInSameNetwork exec
05-30 10:23:55.160 I/nStackXDFinder( 2783): GetLocalInterfaceDetail:[461] :GetLocalInterfaceDetail in
05-30 10:23:55.160 E/nStackXCoAP( 2783): IsInSameNetwork:[281] :IsInSameNetwork: not priority process
05-30 10:23:55.164 D/nStackXCoAP( 2783): IsInSameNetwork:[276] :IsInSameNetwork exec
05-30 10:23:55.164 I/nStackXDFinder( 2783): GetLocalInterfaceDetail:[461] :GetLocalInterfaceDetail in
05-30 10:23:55.164 E/nStackXCoAP( 2783): IsInSameNetwork:[281] :IsInSameNetwork: not priority process
05-30 10:23:55.168 I/nStackXDFinder( 2783): NotifyDeviceListChanged:[540] :notify callback: device list changed callback is null
05-30 10:23:55.168 E/RCInfo ( 1911): vid:
05-30 10:23:55.168 E/RCInfo ( 1911): pid:
05-30 10:23:55.168 E/RCInfo ( 1911): RCBrand:NA
05-30 10:23:55.173 I/serviceDiscovery( 745): [MdnsAdvertiser.wlan0] Probing finished for service 3
05-30 10:23:55.183 D/nStackXCoAP( 2783): IsInSameNetwork:[276] :IsInSameNetwork exec
05-30 10:23:55.183 I/nStackXDFinder( 2783): GetLocalInterfaceDetail:[461] :GetLocalInterfaceDetail in
05-30 10:23:55.183 E/nStackXCoAP( 2783): IsInSameNetwork:[281] :IsInSameNetwork: not priority process
05-30 10:23:55.185 D/nStackXCoAP( 2783): IsInSameNetwork:[276] :IsInSameNetwork exec
05-30 10:23:55.187 I/nStackXDFinder( 2783): GetLocalInterfaceDetail:[461] :GetLocalInterfaceDetail in
05-30 10:23:55.187 E/nStackXCoAP( 2783): IsInSameNetwork:[281] :IsInSameNetwork: not priority process
05-30 10:23:55.188 D/nStackXCoAP( 2783): IsInSameNetwork:[276] :IsInSameNetwork exec
05-30 10:23:55.188 I/nStackXDFinder( 2783): GetLocalInterfaceDetail:[461] :GetLocalInterfaceDetail in
05-30 10:23:55.188 E/nStackXCoAP( 2783): IsInSameNetwork:[281] :IsInSameNetwork: not priority process
05-30 10:23:55.188 I/nStackXDFinder( 2783): NotifyDeviceListChanged:[540] :notify callback: device list changed callback is null
05-30 10:23:55.194 D/nStackXCoAP( 2783): IsInSameNetwork:[276] :IsInSameNetwork exec
05-30 10:23:55.194 I/nStackXDFinder( 2783): GetLocalInterfaceDetail:[461] :GetLocalInterfaceDetail in
05-30 10:23:55.194 E/nStackXCoAP( 2783): IsInSameNetwork:[281] :IsInSameNetwork: not priority process
05-30 10:23:55.197 D/nStackXCoAP( 2783): IsInSameNetwork:[276] :IsInSameNetwork exec
05-30 10:23:55.197 I/nStackXDFinder( 2783): GetLocalInterfaceDetail:[461] :GetLocalInterfaceDetail in
05-30 10:23:55.197 E/nStackXCoAP( 2783): IsInSameNetwork:[281] :IsInSameNetwork: not priority process
05-30 10:23:55.200 D/nStackXCoAP( 2783): IsInSameNetwork:[276] :IsInSameNetwork exec
05-30 10:23:55.200 I/nStackXDFinder( 2783): GetLocalInterfaceDetail:[461] :GetLocalInterfaceDetail in
05-30 10:23:55.200 E/nStackXCoAP( 2783): IsInSameNetwork:[281] :IsInSameNetwork: not priority process
05-30 10:23:55.202 D/nStackXCoAP( 2783): IsInSameNetwork:[276] :IsInSameNetwork exec
05-30 10:23:55.202 I/nStackXDFinder( 2783): GetLocalInterfaceDetail:[461] :GetLocalInterfaceDetail in
05-30 10:23:55.202 E/nStackXCoAP( 2783): IsInSameNetwork:[281] :IsInSameNetwork: not priority process
05-30 10:23:55.207 D/nStackXCoAP( 2783): IsInSameNetwork:[276] :IsInSameNetwork exec
05-30 10:23:55.207 I/nStackXDFinder( 2783): GetLocalInterfaceDetail:[461] :GetLocalInterfaceDetail in
05-30 10:23:55.207 E/nStackXCoAP( 2783): IsInSameNetwork:[281] :IsInSameNetwork: not priority process
05-30 10:23:55.212 D/nStackXCoAP( 2783): IsInSameNetwork:[276] :IsInSameNetwork exec
05-30 10:23:55.212 I/nStackXDFinder( 2783): GetLocalInterfaceDetail:[461] :GetLocalInterfaceDetail in
05-30 10:23:55.212 E/nStackXCoAP( 2783): IsInSameNetwork:[281] :IsInSameNetwork: not priority process
05-30 10:23:55.212 D/nStackXCoAP( 2783): IsInSameNetwork:[276] :IsInSameNetwork exec
05-30 10:23:55.212 I/nStackXDFinder( 2783): GetLocalInterfaceDetail:[461] :GetLocalInterfaceDetail in
05-30 10:23:55.212 E/nStackXCoAP( 2783): IsInSameNetwork:[281] :IsInSameNetwork: not priority process
05-30 10:23:55.216 D/nStackXCoAP( 2783): IsInSameNetwork:[276] :IsInSameNetwork exec
05-30 10:23:55.217 I/nStackXDFinder( 2783): GetLocalInterfaceDetail:[461] :GetLocalInterfaceDetail in
05-30 10:23:55.217 E/nStackXCoAP( 2783): IsInSameNetwork:[281] :IsInSameNetwork: not priority process
05-30 10:23:55.218 D/nStackXCoAP( 2783): IsInSameNetwork:[276] :IsInSameNetwork exec
05-30 10:23:55.218 I/nStackXDFinder( 2783): GetLocalInterfaceDetail:[461] :GetLocalInterfaceDetail in
05-30 10:23:55.218 E/nStackXCoAP( 2783): IsInSameNetwork:[281] :IsInSameNetwork: not priority process
05-30 10:23:55.218 I/nStackXDFinder( 2783): NotifyDeviceListChanged:[540] :notify callback: device list changed callback is null
05-30 10:23:55.223 E/RCInfo ( 1911): vid:
05-30 10:23:55.223 E/RCInfo ( 1911): pid:
05-30 10:23:55.224 D/nStackXCoAP( 2783): IsInSameNetwork:[276] :IsInSameNetwork exec
05-30 10:23:55.224 I/nStackXDFinder( 2783): GetLocalInterfaceDetail:[461] :GetLocalInterfaceDetail in
05-30 10:23:55.224 E/nStackXCoAP( 2783): IsInSameNetwork:[281] :IsInSameNetwork: not priority process
05-30 10:23:55.224 I/nStackXDFinder( 2783): NotifyDeviceListChanged:[540] :notify callback: device list changed callback is null
05-30 10:23:55.224 E/RCInfo ( 1911): vid:
05-30 10:23:55.225 D/nStackXCoAP( 2783): IsInSameNetwork:[276] :IsInSameNetwork exec
05-30 10:23:55.225 I/nStackXDFinder( 2783): GetLocalInterfaceDetail:[461] :GetLocalInterfaceDetail in
05-30 10:23:55.225 E/nStackXCoAP( 2783): IsInSameNetwork:[281] :IsInSameNetwork: not priority process
05-30 10:23:55.224 E/RCInfo ( 1911): pid:
05-30 10:23:55.233 D/getEthernetMacAddr( 1911): getEthernetMacAddr use eth0
05-30 10:23:55.234 D/nStackXCoAP( 2783): IsInSameNetwork:[276] :IsInSameNetwork exec
05-30 10:23:55.234 I/nStackXDFinder( 2783): GetLocalInterfaceDetail:[461] :GetLocalInterfaceDetail in
05-30 10:23:55.234 E/nStackXCoAP( 2783): IsInSameNetwork:[281] :IsInSameNetwork: not priority process
05-30 10:23:55.236 D/nStackXCoAP( 2783): IsInSameNetwork:[276] :IsInSameNetwork exec
05-30 10:23:55.236 I/nStackXDFinder( 2783): GetLocalInterfaceDetail:[461] :GetLocalInterfaceDetail in
05-30 10:23:55.236 E/nStackXCoAP( 2783): IsInSameNetwork:[281] :IsInSameNetwork: not priority process
05-30 10:23:55.243 D/nStackXCoAP( 2783): IsInSameNetwork:[276] :IsInSameNetwork exec
05-30 10:23:55.243 I/nStackXDFinder( 2783): GetLocalInterfaceDetail:[461] :GetLocalInterfaceDetail in
05-30 10:23:55.243 E/nStackXCoAP( 2783): IsInSameNetwork:[281] :IsInSameNetwork: not priority process
05-30 10:23:55.247 D/nStackXCoAP( 2783): IsInSameNetwork:[276] :IsInSameNetwork exec
05-30 10:23:55.247 I/nStackXDFinder( 2783): GetLocalInterfaceDetail:[461] :GetLocalInterfaceDetail in
05-30 10:23:55.247 E/nStackXCoAP( 2783): IsInSameNetwork:[281] :IsInSameNetwork: not priority process
05-30 10:23:55.248 D/nStackXCoAP( 2783): IsInSameNetwork:[276] :IsInSameNetwork exec
05-30 10:23:55.248 I/nStackXDFinder( 2783): GetLocalInterfaceDetail:[461] :GetLocalInterfaceDetail in
05-30 10:23:55.248 E/nStackXCoAP( 2783): IsInSameNetwork:[281] :IsInSameNetwork: not priority process
05-30 10:23:55.250 D/nStackXCoAP( 2783): IsInSameNetwork:[276] :IsInSameNetwork exec
05-30 10:23:55.250 I/nStackXDFinder( 2783): GetLocalInterfaceDetail:[461] :GetLocalInterfaceDetail in
05-30 10:23:55.250 E/nStackXCoAP( 2783): IsInSameNetwork:[281] :IsInSameNetwork: not priority process
05-30 10:23:55.259 D/nStackXCoAP( 2783): IsInSameNetwork:[276] :IsInSameNetwork exec
05-30 10:23:55.259 I/nStackXDFinder( 2783): GetLocalInterfaceDetail:[461] :GetLocalInterfaceDetail in
05-30 10:23:55.259 E/nStackXCoAP( 2783): IsInSameNetwork:[281] :IsInSameNetwork: not priority process
05-30 10:23:55.259 I/nStackXDFinder( 2783): NotifyDeviceListChanged:[540] :notify callback: device list changed callback is null
05-30 10:23:55.261 W/System.err( 2616): java.lang.NullPointerException: Attempt to invoke virtual method 'byte[] java.net.NetworkInterface.getHardwareAddress()' on a null object reference
05-30 10:23:55.261 W/System.err( 2616): at b.f.f.y.g.b(Unknown Source:11)
05-30 10:23:55.261 W/System.err( 2616): at b.d.a.a.p.c0(Unknown Source:2)
05-30 10:23:55.261 E/nStackXDFinder( 2783): GetLocalIp:[401] :GetLocalIp exec
05-30 10:23:55.261 W/System.err( 2616): at b.f.f.w.b.(:16)
05-30 10:23:55.261 W/System.err( 2616): at com.dangbei.screencast.startup.StartupService.w(:2)
05-30 10:23:55.261 E/nStackXDFinder( 2783): GetLocalIp:[401] :GetLocalIp exec
05-30 10:23:55.261 W/System.err( 2616): at b.f.f.h.g.b.run(:6)
05-30 10:23:55.261 E/nStackXDFinder( 2783): GetLocalIp:[401] :GetLocalIp exec
05-30 10:23:55.261 W/System.err( 2616): at b.d.a.a.n.a(Unknown Source:10)
05-30 10:23:55.261 W/System.err( 2616): at b.f.f.h.g.j.onReceive(Unknown Source:20)
05-30 10:23:55.261 W/System.err( 2616): at android.app.LoadedApk$ReceiverDispatcher$Args.lambda$getRunnable$0(LoadedApk.java:1811)
05-30 10:23:55.261 W/System.err( 2616): at android.app.LoadedApk$ReceiverDispatcher$Args.$r8$lambda$gDuJqgxY6Zb-ifyeubKeivTLAwk(Unknown Source:0)
05-30 10:23:55.261 W/System.err( 2616): at android.app.LoadedApk$ReceiverDispatcher$Args$$ExternalSyntheticLambda0.run(Unknown Source:2)
05-30 10:23:55.261 W/System.err( 2616): at android.os.Handler.handleCallback(Handler.java:958)
05-30 10:23:55.261 W/System.err( 2616): at android.os.Handler.dispatchMessage(Handler.java:99)
05-30 10:23:55.261 W/System.err( 2616): at android.os.Looper.loopOnce(Looper.java:205)
05-30 10:23:55.261 W/System.err( 2616): at android.os.Looper.loop(Looper.java:294)
05-30 10:23:55.261 W/System.err( 2616): at android.app.ActivityThread.main(ActivityThread.java:8255)
05-30 10:23:55.261 W/System.err( 2616): at java.lang.reflect.Method.invoke(Native Method)
05-30 10:23:55.261 W/System.err( 2616): at com.android.internal.os.RuntimeInit$MethodAndArgsCaller.run(RuntimeInit.java:552)
05-30 10:23:55.262 W/System.err( 2616): at com.android.internal.os.ZygoteInit.main(ZygoteInit.java:978)
05-30 10:23:55.264 I/nStackXCoAP( 2783): CoapServiceDiscoverTimerHandle:[524] :the 4 times for device discover.
05-30 10:23:55.275 D/TrafficStats( 2214): tagSocket(94) with statsTag=0xffffffff, statsUid=-1
05-30 10:23:55.278 D/nStackXCoAP( 2783): IsInSameNetwork:[276] :IsInSameNetwork exec
05-30 10:23:55.278 I/nStackXDFinder( 2783): GetLocalInterfaceDetail:[461] :GetLocalInterfaceDetail in
05-30 10:23:55.278 E/nStackXCoAP( 2783): IsInSameNetwork:[281] :IsInSameNetwork: not priority process
05-30 10:23:55.280 I/nStackXDFinder( 2783): NotifyDeviceListChanged:[540] :notify callback: device list changed callback is null
05-30 10:23:55.309 I/MobclickAgent( 2214): module init:azio
05-30 10:23:55.312 D/nStackXCoAP( 2783): IsInSameNetwork:[276] :IsInSameNetwork exec
05-30 10:23:55.312 I/nStackXDFinder( 2783): GetLocalInterfaceDetail:[461] :GetLocalInterfaceDetail in
05-30 10:23:55.312 E/nStackXCoAP( 2783): IsInSameNetwork:[281] :IsInSameNetwork: not priority process
05-30 10:23:55.312 I/nStackXDFinder( 2783): NotifyDeviceListChanged:[540] :notify callback: device list changed callback is null
05-30 10:23:55.317 I/serviceDiscovery( 745): [MdnsAdvertiser.wlan0] Probing finished for service 2
05-30 10:23:55.332 D/nStackXCoAP( 2783): IsInSameNetwork:[276] :IsInSameNetwork exec
05-30 10:23:55.332 I/nStackXDFinder( 2783): GetLocalInterfaceDetail:[461] :GetLocalInterfaceDetail in
05-30 10:23:55.332 E/nStackXCoAP( 2783): IsInSameNetwork:[281] :IsInSameNetwork: not priority process
05-30 10:23:55.336 D/nStackXCoAP( 2783): IsInSameNetwork:[276] :IsInSameNetwork exec
05-30 10:23:55.336 I/nStackXDFinder( 2783): GetLocalInterfaceDetail:[461] :GetLocalInterfaceDetail in
05-30 10:23:55.336 E/nStackXCoAP( 2783): IsInSameNetwork:[281] :IsInSameNetwork: not priority process
05-30 10:23:55.344 D/nStackXCoAP( 2783): IsInSameNetwork:[276] :IsInSameNetwork exec
05-30 10:23:55.344 I/nStackXDFinder( 2783): GetLocalInterfaceDetail:[461] :GetLocalInterfaceDetail in
05-30 10:23:55.344 E/nStackXCoAP( 2783): IsInSameNetwork:[281] :IsInSameNetwork: not priority process
05-30 10:23:55.348 D/nStackXCoAP( 2783): IsInSameNetwork:[276] :IsInSameNetwork exec
05-30 10:23:55.348 I/nStackXDFinder( 2783): GetLocalInterfaceDetail:[461] :GetLocalInterfaceDetail in
05-30 10:23:55.348 E/nStackXCoAP( 2783): IsInSameNetwork:[281] :IsInSameNetwork: not priority process
05-30 10:23:55.350 D/nStackXCoAP( 2783): IsInSameNetwork:[276] :IsInSameNetwork exec
05-30 10:23:55.350 I/nStackXDFinder( 2783): GetLocalInterfaceDetail:[461] :GetLocalInterfaceDetail in
05-30 10:23:55.350 E/nStackXCoAP( 2783): IsInSameNetwork:[281] :IsInSameNetwork: not priority process
05-30 10:23:55.356 D/getEthernetMacAddr( 1911): getEthernetMacAddr use eth0
05-30 10:23:55.358 D/nStackXCoAP( 2783): IsInSameNetwork:[276] :IsInSameNetwork exec
05-30 10:23:55.358 I/nStackXDFinder( 2783): GetLocalInterfaceDetail:[461] :GetLocalInterfaceDetail in
05-30 10:23:55.358 E/nStackXCoAP( 2783): IsInSameNetwork:[281] :IsInSameNetwork: not priority process
05-30 10:23:55.363 D/nStackXCoAP( 2783): IsInSameNetwork:[276] :IsInSameNetwork exec
05-30 10:23:55.363 I/nStackXDFinder( 2783): GetLocalInterfaceDetail:[461] :GetLocalInterfaceDetail in
05-30 10:23:55.363 E/nStackXCoAP( 2783): IsInSameNetwork:[281] :IsInSameNetwork: not priority process
05-30 10:23:55.366 D/nStackXCoAP( 2783): IsInSameNetwork:[276] :IsInSameNetwork exec
05-30 10:23:55.366 I/nStackXDFinder( 2783): GetLocalInterfaceDetail:[461] :GetLocalInterfaceDetail in
05-30 10:23:55.366 E/nStackXCoAP( 2783): IsInSameNetwork:[281] :IsInSameNetwork: not priority process
05-30 10:23:55.367 D/nStackXCoAP( 2783): IsInSameNetwork:[276] :IsInSameNetwork exec
05-30 10:23:55.367 I/nStackXDFinder( 2783): GetLocalInterfaceDetail:[461] :GetLocalInterfaceDetail in
05-30 10:23:55.367 E/nStackXCoAP( 2783): IsInSameNetwork:[281] :IsInSameNetwork: not priority process
05-30 10:23:55.382 D/nStackXCoAP( 2783): IsInSameNetwork:[276] :IsInSameNetwork exec
05-30 10:23:55.383 I/nStackXDFinder( 2783): GetLocalInterfaceDetail:[461] :GetLocalInterfaceDetail in
05-30 10:23:55.383 E/nStackXCoAP( 2783): IsInSameNetwork:[281] :IsInSameNetwork: not priority process
05-30 10:23:55.383 W/efs.info.manager( 2616): network change: wifi
05-30 10:23:55.385 D/nStackXCoAP( 2783): IsInSameNetwork:[276] :IsInSameNetwork exec
05-30 10:23:55.385 I/nStackXDFinder( 2783): GetLocalInterfaceDetail:[461] :GetLocalInterfaceDetail in
05-30 10:23:55.385 E/nStackXCoAP( 2783): IsInSameNetwork:[281] :IsInSameNetwork: not priority process
05-30 10:23:55.388 D/nStackXCoAP( 2783): IsInSameNetwork:[276] :IsInSameNetwork exec
05-30 10:23:55.388 I/nStackXDFinder( 2783): GetLocalInterfaceDetail:[461] :GetLocalInterfaceDetail in
05-30 10:23:55.388 E/nStackXCoAP( 2783): IsInSameNetwork:[281] :IsInSameNetwork: not priority process
05-30 10:23:55.392 D/nStackXCoAP( 2783): IsInSameNetwork:[276] :IsInSameNetwork exec
05-30 10:23:55.393 I/nStackXDFinder( 2783): GetLocalInterfaceDetail:[461] :GetLocalInterfaceDetail in
05-30 10:23:55.393 E/nStackXCoAP( 2783): IsInSameNetwork:[281] :IsInSameNetwork: not priority process
05-30 10:23:55.397 I/system_server( 745): Background young concurrent copying GC freed 214157(7959KB) AllocSpace objects, 30(1512KB) LOS objects, 33% free, 16MB/25MB, paused 242us,151us total 480.774ms
05-30 10:23:55.401 D/nStackXCoAP( 2783): IsInSameNetwork:[276] :IsInSameNetwork exec
05-30 10:23:55.401 I/nStackXDFinder( 2783): GetLocalInterfaceDetail:[461] :GetLocalInterfaceDetail in
05-30 10:23:55.401 E/nStackXCoAP( 2783): IsInSameNetwork:[281] :IsInSameNetwork: not priority process
05-30 10:23:55.404 D/nStackXCoAP( 2783): IsInSameNetwork:[276] :IsInSameNetwork exec
05-30 10:23:55.404 I/nStackXDFinder( 2783): GetLocalInterfaceDetail:[461] :GetLocalInterfaceDetail in
05-30 10:23:55.404 E/nStackXCoAP( 2783): IsInSameNetwork:[281] :IsInSameNetwork: not priority process
05-30 10:23:55.405 I/rkstack.process( 1290): Background young concurrent copying GC freed 47924(1937KB) AllocSpace objects, 0(0B) LOS objects, 43% free, 2550KB/4490KB, paused 89us,26us total 133.033ms
05-30 10:23:55.407 D/nStackXCoAP( 2783): IsInSameNetwork:[276] :IsInSameNetwork exec
05-30 10:23:55.407 I/nStackXDFinder( 2783): GetLocalInterfaceDetail:[461] :GetLocalInterfaceDetail in
05-30 10:23:55.407 E/nStackXCoAP( 2783): IsInSameNetwork:[281] :IsInSameNetwork: not priority process
05-30 10:23:55.411 D/nStackXCoAP( 2783): IsInSameNetwork:[276] :IsInSameNetwork exec
05-30 10:23:55.411 I/nStackXDFinder( 2783): GetLocalInterfaceDetail:[461] :GetLocalInterfaceDetail in
05-30 10:23:55.411 E/nStackXCoAP( 2783): IsInSameNetwork:[281] :IsInSameNetwork: not priority process
05-30 10:23:55.411 I/nStackXDFinder( 2783): NotifyDeviceListChanged:[540] :notify callback: device list changed callback is null
05-30 10:23:55.414 D/aaa ( 2118): WiFi is connect
05-30 10:23:55.418 D/nStackXCoAP( 2783): IsInSameNetwork:[276] :IsInSameNetwork exec
05-30 10:23:55.418 I/nStackXDFinder( 2783): GetLocalInterfaceDetail:[461] :GetLocalInterfaceDetail in
05-30 10:23:55.418 E/nStackXCoAP( 2783): IsInSameNetwork:[281] :IsInSameNetwork: not priority process
05-30 10:23:55.419 D/aaa ( 2118): WiFi is connect
05-30 10:23:55.422 D/nStackXCoAP( 2783): IsInSameNetwork:[276] :IsInSameNetwork exec
05-30 10:23:55.422 I/nStackXDFinder( 2783): GetLocalInterfaceDetail:[461] :GetLocalInterfaceDetail in
05-30 10:23:55.422 E/nStackXCoAP( 2783): IsInSameNetwork:[281] :IsInSameNetwork: not priority process
05-30 10:23:55.425 D/nStackXCoAP( 2783): IsInSameNetwork:[276] :IsInSameNetwork exec
05-30 10:23:55.425 I/nStackXDFinder( 2783): GetLocalInterfaceDetail:[461] :GetLocalInterfaceDetail in
05-30 10:23:55.425 E/nStackXCoAP( 2783): IsInSameNetwork:[281] :IsInSameNetwork: not priority process
05-30 10:23:55.428 D/nStackXCoAP( 2783): IsInSameNetwork:[276] :IsInSameNetwork exec
05-30 10:23:55.428 I/nStackXDFinder( 2783): GetLocalInterfaceDetail:[461] :GetLocalInterfaceDetail in
05-30 10:23:55.428 E/nStackXCoAP( 2783): IsInSameNetwork:[281] :IsInSameNetwork: not priority process
05-30 10:23:55.433 D/nStackXCoAP( 2783): IsInSameNetwork:[276] :IsInSameNetwork exec
05-30 10:23:55.433 I/nStackXDFinder( 2783): GetLocalInterfaceDetail:[461] :GetLocalInterfaceDetail in
05-30 10:23:55.433 E/nStackXCoAP( 2783): IsInSameNetwork:[281] :IsInSameNetwork: not priority process
05-30 10:23:55.448 I/init ( 4475): type=1400 audit(0.0:2225): avc: denied { execute_no_trans } for path="/vendor/bin/led_switch.sh" dev="dm-11" ino=331701 scontext=u:r:init:s0 tcontext=u:object_r:vendor_file:s0 tclass=file permissive=1
05-30 10:23:55.434 D/TrafficStats( 2616): tagSocket(5) with statsTag=0xffffffff, statsUid=-1
05-30 10:23:55.435 D/getEthernetMacAddr( 1911): getEthernetMacAddr use eth0
05-30 10:23:55.436 D/nStackXCoAP( 2783): IsInSameNetwork:[276] :IsInSameNetwork exec
05-30 10:23:55.437 I/nStackXDFinder( 2783): GetLocalInterfaceDetail:[461] :GetLocalInterfaceDetail in
05-30 10:23:55.437 E/nStackXCoAP( 2783): IsInSameNetwork:[281] :IsInSameNetwork: not priority process
05-30 10:23:55.441 D/nStackXCoAP( 2783): IsInSameNetwork:[276] :IsInSameNetwork exec
05-30 10:23:55.441 I/nStackXDFinder( 2783): GetLocalInterfaceDetail:[461] :GetLocalInterfaceDetail in
05-30 10:23:55.441 E/nStackXCoAP( 2783): IsInSameNetwork:[281] :IsInSameNetwork: not priority process
05-30 10:23:55.447 D/nStackXCoAP( 2783): IsInSameNetwork:[276] :IsInSameNetwork exec
05-30 10:23:55.447 I/nStackXDFinder( 2783): GetLocalInterfaceDetail:[461] :GetLocalInterfaceDetail in
05-30 10:23:55.447 E/nStackXCoAP( 2783): IsInSameNetwork:[281] :IsInSameNetwork: not priority process
05-30 10:23:55.449 D/nStackXCoAP( 2783): IsInSameNetwork:[276] :IsInSameNetwork exec
05-30 10:23:55.449 I/nStackXDFinder( 2783): GetLocalInterfaceDetail:[461] :GetLocalInterfaceDetail in
05-30 10:23:55.449 E/nStackXCoAP( 2783): IsInSameNetwork:[281] :IsInSameNetwork: not priority process
05-30 10:23:55.452 D/nStackXCoAP( 2783): IsInSameNetwork:[276] :IsInSameNetwork exec
05-30 10:23:55.452 I/nStackXDFinder( 2783): GetLocalInterfaceDetail:[461] :GetLocalInterfaceDetail in
05-30 10:23:55.452 E/nStackXCoAP( 2783): IsInSameNetwork:[281] :IsInSameNetwork: not priority process
05-30 10:23:55.456 D/getEthernetMacAddr( 1911): getEthernetMacAddr use eth0
05-30 10:23:55.457 D/nStackXCoAP( 2783): IsInSameNetwork:[276] :IsInSameNetwork exec
05-30 10:23:55.457 I/nStackXDFinder( 2783): GetLocalInterfaceDetail:[461] :GetLocalInterfaceDetail in
05-30 10:23:55.457 E/nStackXCoAP( 2783): IsInSameNetwork:[281] :IsInSameNetwork: not priority process
05-30 10:23:55.459 I/Receiver( 2606): ----------netConnectInitSDK--------------
05-30 10:23:55.460 D/RockyNetMessageUtil( 2606): initTipsList tipEntity = TipEntity{movieType=[我想看喜剧片, 动作片, 枪战片], movie=[庆余年, 误杀, 美丽人生, 爆笑虫子, 哪吒, 小猪佩奇, 胡歌的电视剧, 张艺谋导演的电影, 切换到1080P, 收藏], appController=[打开当贝市场, 下载当贝影视, 爱奇艺, 卸载腾讯视频], weather=[今天的天气, 未来五天的天气, 杭州天气怎么样, 明天下不下雨], music=[我要听歌, 周杰伦的歌, 上一首, 下一首, 快进一分钟, 暂停], liveAppDownload='非常抱歉,没有此类内容哦。 如果您想安装软件,可以使用电脑浏览器搜索相应的应用软件。下载并拷贝至U盘,然后将U盘插入设备终端,通过U盘安装相关应用软件。安装成功后即可使用相关功能。 如有疑问,您可以通过以下联系方式,获得更多帮助。 固定电话:400-000-3505', subscreen=[SubScreenEntity{appName='动态屏', type=1}, SubScreenEntity{appName='时钟', type=2}, SubScreenEntity{appName='画廊', type=3}, SubScreenEntity{appName='当贝云相册', type=4}, SubScreenEntity{appName='当贝酷狗音乐', type=5}, SubScreenEntity{appName='应用', type=6}], wakeUpVoiceResponse=null, unrecognizedVoiceResponse=null, notUnderstandVoiceResponse=null} isRequestTipSuccess = false
05-30 10:23:55.460 D/nStackXCoAP( 2783): IsInSameNetwork:[276] :IsInSameNetwork exec
05-30 10:23:55.460 I/nStackXDFinder( 2783): GetLocalInterfaceDetail:[461] :GetLocalInterfaceDetail in
05-30 10:23:55.460 E/nStackXCoAP( 2783): IsInSameNetwork:[281] :IsInSameNetwork: not priority process
05-30 10:23:55.462 D/nStackXCoAP( 2783): IsInSameNetwork:[276] :IsInSameNetwork exec
05-30 10:23:55.462 I/nStackXDFinder( 2783): GetLocalInterfaceDetail:[461] :GetLocalInterfaceDetail in
05-30 10:23:55.462 E/nStackXCoAP( 2783): IsInSameNetwork:[281] :IsInSameNetwork: not priority process
05-30 10:23:55.464 D/nStackXCoAP( 2783): IsInSameNetwork:[276] :IsInSameNetwork exec
05-30 10:23:55.464 I/nStackXDFinder( 2783): GetLocalInterfaceDetail:[461] :GetLocalInterfaceDetail in
05-30 10:23:55.464 E/nStackXCoAP( 2783): IsInSameNetwork:[281] :IsInSameNetwork: not priority process
05-30 10:23:55.469 D/nStackXCoAP( 2783): IsInSameNetwork:[276] :IsInSameNetwork exec
05-30 10:23:55.469 I/nStackXDFinder( 2783): GetLocalInterfaceDetail:[461] :GetLocalInterfaceDetail in
05-30 10:23:55.469 E/nStackXCoAP( 2783): IsInSameNetwork:[281] :IsInSameNetwork: not priority process
05-30 10:23:55.472 D/nStackXCoAP( 2783): IsInSameNetwork:[276] :IsInSameNetwork exec
05-30 10:23:55.472 I/nStackXDFinder( 2783): GetLocalInterfaceDetail:[461] :GetLocalInterfaceDetail in
05-30 10:23:55.472 E/nStackXCoAP( 2783): IsInSameNetwork:[281] :IsInSameNetwork: not priority process
05-30 10:23:55.473 D/nStackXCoAP( 2783): IsInSameNetwork:[276] :IsInSameNetwork exec
05-30 10:23:55.473 I/nStackXDFinder( 2783): GetLocalInterfaceDetail:[461] :GetLocalInterfaceDetail in
05-30 10:23:55.473 E/nStackXCoAP( 2783): IsInSameNetwork:[281] :IsInSameNetwork: not priority process
05-30 10:23:55.474 D/RockyNetMessageUtil( 2606): initMediaControlPage pageEntity = PageEntity{list=[ContentEntity{packageName='com.dangbei.leard.leradlauncher', activityName='FilmDetailActivity'}, ContentEntity{packageName='com.dangbei.leard.leradlauncher', activityName='FullScreenDetailActivity'}, ContentEntity{packageName='com.dangbei.leard.leradlauncher', activityName='TencentSportActivity'}]} isRequestPageControlSuccess = false
05-30 10:23:55.475 D/nStackXCoAP( 2783): IsInSameNetwork:[276] :IsInSameNetwork exec
05-30 10:23:55.475 I/nStackXDFinder( 2783): GetLocalInterfaceDetail:[461] :GetLocalInterfaceDetail in
05-30 10:23:55.475 E/nStackXCoAP( 2783): IsInSameNetwork:[281] :IsInSameNetwork: not priority process
05-30 10:23:55.477 D/nStackXCoAP( 2783): IsInSameNetwork:[276] :IsInSameNetwork exec
05-30 10:23:55.477 I/nStackXDFinder( 2783): GetLocalInterfaceDetail:[461] :GetLocalInterfaceDetail in
05-30 10:23:55.477 E/nStackXCoAP( 2783): IsInSameNetwork:[281] :IsInSameNetwork: not priority process
05-30 10:23:55.478 D/TrafficStats( 2214): tagSocket(99) with statsTag=0xffffffff, statsUid=-1
05-30 10:23:55.479 D/XHttpObservable( 2606): handleRequest: start https://tyapi.qun7.com/v1/voice/getsoundshowmsg ,,, isCache = false
05-30 10:23:55.482 D/XHttpObservable( 2606): handleRequest: start https://tyapi.qun7.com/v1/voice/getResponseControlPage ,,, isCache = false
05-30 10:23:55.482 D/nStackXCoAP( 2783): IsInSameNetwork:[276] :IsInSameNetwork exec
05-30 10:23:55.482 I/nStackXDFinder( 2783): GetLocalInterfaceDetail:[461] :GetLocalInterfaceDetail in
05-30 10:23:55.482 E/nStackXCoAP( 2783): IsInSameNetwork:[281] :IsInSameNetwork: not priority process
05-30 10:23:55.486 D/TrafficStats( 2214): tagSocket(101) with statsTag=0xffffffff, statsUid=-1
05-30 10:23:55.486 D/nStackXCoAP( 2783): IsInSameNetwork:[276] :IsInSameNetwork exec
05-30 10:23:55.486 I/nStackXDFinder( 2783): GetLocalInterfaceDetail:[461] :GetLocalInterfaceDetail in
05-30 10:23:55.486 E/nStackXCoAP( 2783): IsInSameNetwork:[281] :IsInSameNetwork: not priority process
05-30 10:23:55.495 D/nStackXCoAP( 2783): IsInSameNetwork:[276] :IsInSameNetwork exec
05-30 10:23:55.495 I/nStackXDFinder( 2783): GetLocalInterfaceDetail:[461] :GetLocalInterfaceDetail in
05-30 10:23:55.495 E/nStackXCoAP( 2783): IsInSameNetwork:[281] :IsInSameNetwork: not priority process
05-30 10:23:55.495 D/TrafficStats( 2214): tagSocket(80) with statsTag=0xffffffff, statsUid=-1
05-30 10:23:55.497 D/nStackXCoAP( 2783): IsInSameNetwork:[276] :IsInSameNetwork exec
05-30 10:23:55.497 I/nStackXDFinder( 2783): GetLocalInterfaceDetail:[461] :GetLocalInterfaceDetail in
05-30 10:23:55.497 E/nStackXCoAP( 2783): IsInSameNetwork:[281] :IsInSameNetwork: not priority process
05-30 10:23:55.500 D/nStackXCoAP( 2783): IsInSameNetwork:[276] :IsInSameNetwork exec
05-30 10:23:55.500 I/nStackXDFinder( 2783): GetLocalInterfaceDetail:[461] :GetLocalInterfaceDetail in
05-30 10:23:55.500 E/nStackXCoAP( 2783): IsInSameNetwork:[281] :IsInSameNetwork: not priority process
