05-30 10:22:34.709 W/bluetooth( 1324): packages/modules/Bluetooth/system/gd/hci/acl_manager/le_impl.h:821 remove_device_from_connect_list: Device not in acceptlist and cannot be removed:e4:bb:d3:57:c0:69[PUBLIC_DEVICE_ADDRESS]
05-30 10:22:34.710 I/BluetoothBondStateMachine( 1324): bondStateChangeCallback: Status: 1 Address: XX:XX:XX:XX:C0:69 newState: 0 hciReason: 1
05-30 10:22:34.712 I/BluetoothBondStateMachine( 1324): Entering PendingCommandState State
05-30 10:22:34.716 D/BluetoothCompanionManager( 1324): register metadata listener: XX:XX:XX:XX:C0:69
05-30 10:22:34.716 D/BluetoothAdapter( 1324): addOnMetadataChangedListener()
05-30 10:22:34.719 I/BluetoothBondStateMachine( 1324): Bond State Change Intent:XX:XX:XX:XX:C0:69 BOND_NONE => BOND_BONDING
05-30 10:22:34.719 D/FastPairService( 745): onReceive: ACTION_BOND_STATE_CHANGED
05-30 10:22:34.722 D/BluetoothDatabase( 1324): updateDatabase XX:XX:XX:XX:C0:69
05-30 10:22:34.723 D/AdapterProperties( 1324): Failed to remove device: XX:XX:XX:XX:C0:69
05-30 10:22:34.723 D/BluetoothRemoteDevices( 1324): removeDualDevicesMapXX:XX:XX:XX:C0:69
05-30 10:22:34.724 D/A2dpService( 1324): Bond state changed for device: XX:XX:XX:XX:C0:69 state: 11
05-30 10:22:34.726 D/HearingAidService( 1324): Bond state changed for device: XX:XX:XX:XX:C0:69 state: 11
05-30 10:22:34.729 I/dangbei111( 1911): cccccc on receiver=android.bluetooth.device.action.BOND_STATE_CHANGED,mac=E4:BB:D3:57:C0:69
05-30 10:22:34.729 I/dangbei111( 1911): Wait for auto connection, processBondStateChange: bondState: 10 --> 11
05-30 10:22:34.730 I/BLE_Service( 1332): BOND STATE CHANGED [Dangbei] - was 10, now is 11
05-30 10:22:34.730 D/BluetoothRemoteDevices( 1324): mDualDevicesMap not have E4:BB:D3:57:C0:69
05-30 10:22:34.731 D/BluetoothCompanionManager( 1324): remove metadata listener: XX:XX:XX:XX:C0:69
05-30 10:22:34.731 D/BluetoothAdapter( 1324): removeOnMetadataChangedListener()
05-30 10:22:34.734 I/BluetoothBondStateMachine( 1324): Bond State Change Intent:XX:XX:XX:XX:C0:69 BOND_BONDING => BOND_NONE
05-30 10:22:34.734 W/HeadsetClientService( 1324): getHeadsetClientService(): service is null
05-30 10:22:34.734 W/PbapClientService( 1324): getPbapClientService(): service is null
05-30 10:22:34.735 V/BluetoothDatabase( 1324): setProfileConnectionPolicy connection policy not changed.
05-30 10:22:34.735 D/A2dpService( 1324): Saved connectionPolicy XX:XX:XX:XX:C0:69 = -1
05-30 10:22:34.735 V/BluetoothDatabase( 1324): setProfileConnectionPolicy connection policy not changed.
05-30 10:22:34.735 I/HeadsetService( 1324): setConnectionPolicy: device=XX:XX:XX:XX:C0:69, connectionPolicy=-1, uid/pid=1002/1324
05-30 10:22:34.735 V/BluetoothDatabase( 1324): setProfileConnectionPolicy connection policy not changed.
05-30 10:22:34.735 I/BluetoothBondStateMachine( 1324): StableState(): Entering Off State
05-30 10:22:34.738 D/FastPairService( 745): onReceive: ACTION_BOND_STATE_CHANGED
05-30 10:22:34.738 D/FastPairService( 745): Forget device detect
05-30 10:22:34.738 D/BluetoothDatabase( 1324): getCustomMeta: device XX:XX:XX:XX:C0:69 is not in cache
05-30 10:22:34.738 D/A2dpService( 1324): Bond state changed for device: XX:XX:XX:XX:C0:69 state: 10
05-30 10:22:34.739 E/dangbei111( 1911): cccccc 开始扫描
05-30 10:22:34.740 D/BluetoothAdapter( 1911): isLeEnabled(): ON
05-30 10:22:34.742 I/bt_stack( 1324): [INFO:le_scanning_manager.cc(155)] RegisterScanner in shim layer
05-30 10:22:34.743 D/BluetoothLeScanner( 1911): onScannerRegistered() - status=0 scannerId=1 mScannerId=0
05-30 10:22:34.744 D/HearingAidService( 1324): Bond state changed for device: XX:XX:XX:XX:C0:69 state: 10
05-30 10:22:34.747 D/BluetoothDatabase( 1324): getCustomMeta: device XX:XX:XX:XX:C0:69 is not in cache
05-30 10:22:34.748 D/ActivityAttributionService( 1324): notifyActivityAttributionInfo UID=1002 packageName=com.android.bluetooth deviceAddress=no_active_device_address
05-30 10:22:34.748 I/bt_btif ( 1324): packages/modules/Bluetooth/system/btif/src/bluetooth.cc:829 get_profile_interface: get_profile_interface: id = activity_attribution
05-30 10:22:34.748 I/bt_stack( 1324): [INFO:le_scanning_manager.cc(168)] Scan in shim layer started
05-30 10:22:34.748 I/bluetooth( 1324): packages/modules/Bluetooth/system/gd/hci/le_scanning_manager.cc:588 stop_scan: Scanning already stopped, return!
05-30 10:22:34.748 I/bluetooth( 1324): packages/modules/Bluetooth/system/gd/hci/le_address_manager.cc:178 register_client: Client registered
05-30 10:22:34.749 I/bt_stack( 1324): [INFO:le_scanning_manager.cc(168)] Scan in shim layer stopped
05-30 10:22:34.749 I/bluetooth( 1324): packages/modules/Bluetooth/system/gd/hci/le_address_manager.cc:193 unregister_client: Client unregistered
05-30 10:22:34.749 I/bt_stack( 1324): [INFO:le_scanning_manager.cc(346)] SetScanParameters in shim layer
05-30 10:22:34.749 I/bt_stack( 1324): [INFO:le_scanning_manager.cc(168)] Scan in shim layer started
05-30 10:22:34.749 I/bluetooth( 1324): packages/modules/Bluetooth/system/gd/hci/le_scanning_manager.cc:588 stop_scan: Scanning already stopped, return!
05-30 10:22:34.749 I/bluetooth( 1324): packages/modules/Bluetooth/system/gd/hci/le_address_manager.cc:178 register_client: Client registered
05-30 10:22:34.752 I/BLE_Service( 1332): BOND STATE CHANGED [Dangbei] - was 11, now is 10
05-30 10:22:34.754 I/dangbei111( 1911): cccccc on receiver=android.bluetooth.device.action.BOND_STATE_CHANGED,mac=E4:BB:D3:57:C0:69
05-30 10:22:34.754 I/dangbei111( 1911): Wait for auto connection, processBondStateChange: bondState: 11 --> 10
05-30 10:22:34.757 D/BluetoothAdapter( 1493): isLeEnabled(): ON
05-30 10:22:34.758 E/dangbei111( 1911): cccccc 开始扫描
05-30 10:22:34.758 D/BluetoothAdapter( 1911): isLeEnabled(): ON
05-30 10:22:34.761 I/bt_stack( 1324): [INFO:le_scanning_manager.cc(155)] RegisterScanner in shim layer
05-30 10:22:34.761 D/BluetoothLeScanner( 1493): onScannerRegistered() - status=0 scannerId=2 mScannerId=0
05-30 10:22:34.764 D/ActivityAttributionService( 1324): notifyActivityAttributionInfo UID=1002 packageName=com.android.bluetooth deviceAddress=no_active_device_address
05-30 10:22:34.764 I/bt_btif ( 1324): packages/modules/Bluetooth/system/btif/src/bluetooth.cc:829 get_profile_interface: get_profile_interface: id = activity_attribution
05-30 10:22:34.764 D/BluetoothDatabase( 1324): getCustomMeta: device XX:XX:XX:XX:C0:69 is not in cache
05-30 10:22:34.766 W/BluetoothEventManager( 1124): showUnbondMessage: Not displaying any message for reason: 9
05-30 10:22:34.767 D/BluetoothDatabase( 1324): getCustomMeta: device XX:XX:XX:XX:C0:69 is not in cache
05-30 10:22:34.775 D/BluetoothAdapter( 1493): isLeEnabled(): ON
05-30 10:22:34.777 D/BluetoothDatabase( 1324): getCustomMeta: device XX:XX:XX:XX:C0:69 is not in cache
05-30 10:22:34.779 W/BluetoothEventManager( 1332): showUnbondMessage: Not displaying any message for reason: 9
05-30 10:22:34.783 D/BluetoothDatabase( 1324): getCustomMeta: device XX:XX:XX:XX:C0:69 is not in cache
05-30 10:22:34.837 I/bt_btif_dm( 1324): packages/modules/Bluetooth/system/btif/src/btif_dm.cc:695 btif_update_remote_properties: class of device (cod) is 0x00050c
05-30 10:22:34.841 E/dangbei111( 1911): cccccc scan 得到的设备和状态 Dangbei E4:BB:D3:57:C0:69 10
05-30 10:22:34.843 D/BluetoothAdapter( 1493): isLeEnabled(): ON
05-30 10:22:34.844 E/dangbei111( 1911): cccccc 扫描到了设备 Dangbei E4:BB:D3:57:C0:69
05-30 10:22:34.846 D/ActivityAttributionService( 1324): notifyActivityAttributionInfo UID=1002 packageName=com.android.bluetooth deviceAddress=no_active_device_address
05-30 10:22:34.847 I/bt_btif ( 1324): packages/modules/Bluetooth/system/btif/src/bluetooth.cc:829 get_profile_interface: get_profile_interface: id = activity_attribution
05-30 10:22:34.847 E/dangbei111( 1911): cccccc cancelDiscovery begin
05-30 10:22:34.848 E/dangbei111( 1911): cccccc 停止扫描,开始配对或者连接
05-30 10:22:34.848 D/BluetoothAdapter( 1911): isLeEnabled(): ON
05-30 10:22:34.849 I/bt_stack( 1324): [INFO:le_scanning_manager.cc(162)] Unregister in shim layer, scanner_id:2
05-30 10:22:34.851 D/ActivityAttributionService( 1324): notifyActivityAttributionInfo UID=1002 packageName=com.android.bluetooth deviceAddress=no_active_device_address
05-30 10:22:34.851 I/bt_btif ( 1324): packages/modules/Bluetooth/system/btif/src/bluetooth.cc:829 get_profile_interface: get_profile_interface: id = activity_attribution
05-30 10:22:34.851 I/bt_stack( 1324): [INFO:le_scanning_manager.cc(168)] Scan in shim layer stopped
05-30 10:22:34.851 I/bluetooth( 1324): packages/modules/Bluetooth/system/gd/hci/le_address_manager.cc:193 unregister_client: Client unregistered
05-30 10:22:34.853 I/bt_stack( 1324): [INFO:le_scanning_manager.cc(162)] Unregister in shim layer, scanner_id:1
05-30 10:22:34.853 E/dangbei111( 1911): bondOrConnect state=10
05-30 10:22:34.855 E/dangbei111( 1911): cccccc 开始配对 Dangbei E4:BB:D3:57:C0:69
05-30 10:22:34.861 I/bt_btif_dm( 1324): packages/modules/Bluetooth/system/btif/src/btif_dm.cc:2470 btif_dm_cancel_discovery: Cancel search
05-30 10:22:34.862 I/bluetooth( 1324): packages/modules/Bluetooth/system/bta/dm/bta_dm_main.cc:96 bta_dm_search_sm_execute: state:BTA_DM_SEARCH_IDLE, event:BTA_DM_API_SEARCH_CANCEL_EVT[0x201]
05-30 10:22:34.863 I/BluetoothBondStateMachine( 1324): Bond address is:XX:XX:XX:XX:C0:69
05-30 10:22:34.863 I/bt_btif_dm( 1324): packages/modules/Bluetooth/system/btif/src/btif_dm.cc:695 btif_update_remote_properties: class of device (cod) is 0x00050c
05-30 10:22:34.863 E/dangbei111( 1911): cccccc 配对结果 true Dangbei E4:BB:D3:57:C0:69
05-30 10:22:34.864 I/bt_btif_dm( 1324): packages/modules/Bluetooth/system/btif/src/btif_dm.cc:489 get_cod: get_cod remote_cod = 0x0000050c
05-30 10:22:34.864 I/bt_btif_dm( 1324): packages/modules/Bluetooth/system/btif/src/btif_dm.cc:489 get_cod: get_cod remote_cod = 0x0000050c
05-30 10:22:34.864 I/bt_btif_dm( 1324): packages/modules/Bluetooth/system/btif/src/btif_dm.cc:489 get_cod: get_cod remote_cod = 0x0000050c
05-30 10:22:34.864 I/bt_btif_dm( 1324): packages/modules/Bluetooth/system/btif/src/btif_dm.cc:571 bond_state_changed: Bond state changed to state=1 [0:none, 1:bonding, 2:bonded], prev_state=0, sdp_attempts = 0
05-30 10:22:34.864 I/bluetooth( 1324): packages/modules/Bluetooth/system/stack/btm/btm_dev.cc:174 BTM_SecDeleteDevice: Remove device xx:xx:xx:xx:c0:69 from filter accept list before delete record
05-30 10:22:34.865 I/bluetooth( 1324): packages/modules/Bluetooth/system/stack/btm/btm_dev.cc:192 BTM_SecDeleteDevice: BTM_SecDeleteDevice xx:xx:xx:xx:c0:69 complete
05-30 10:22:34.865 I/bt_btif_dm( 1324): packages/modules/Bluetooth/system/btif/src/btif_dm.cc:489 get_cod: get_cod remote_cod = 0x0000050c
05-30 10:22:34.865 I/bt_btif_dm( 1324): packages/modules/Bluetooth/system/btif/src/btif_dm.cc:489 get_cod: get_cod remote_cod = 0x0000050c
05-30 10:22:34.865 I/bt_btif_dm( 1324): packages/modules/Bluetooth/system/btif/src/btif_dm.cc:571 bond_state_changed: Bond state changed to state=0 [0:none, 1:bonding, 2:bonded], prev_state=1, sdp_attempts = 0
05-30 10:22:34.865 E/BluetoothMetricIdManager( 1324): packages/modules/Bluetooth/system/gd/common/metric_id_manager.cc:190 ForgetDevice: Failed to remove device from paired_device_cache_
05-30 10:22:34.865 I/bt_btif_dm( 1324): packages/modules/Bluetooth/system/btif/src/btif_dm.cc:620 bond_state_changed: clearing btif pairing_cb
05-30 10:22:34.865 E/bt_stack( 1324): [ERROR:bta_gattc_utils.cc(576)] bta_gattc_mark_bg_conn unable to find the bg connection mask for bd_addr=xx:xx:xx:xx:c0:69
05-30 10:22:34.865 W/bluetooth( 1324): packages/modules/Bluetooth/system/main/shim/acl.cc:189 Remove: Unknown device being removed from acceptlist:e4:bb:d3:57:c0:69[PUBLIC_DEVICE_ADDRESS]
05-30 10:22:34.865 W/bluetooth( 1324): packages/modules/Bluetooth/system/gd/hci/acl_manager/le_impl.h:821 remove_device_from_connect_list: Device not in acceptlist and cannot be removed:e4:bb:d3:57:c0:69[PUBLIC_DEVICE_ADDRESS]
05-30 10:22:34.865 I/BluetoothBondStateMachine( 1324): bondStateChangeCallback: Status: 0 Address: XX:XX:XX:XX:C0:69 newState: 1 hciReason: 0
05-30 10:22:34.865 I/BluetoothBondStateMachine( 1324): bondStateChangeCallback: Status: 1 Address: XX:XX:XX:XX:C0:69 newState: 0 hciReason: 1
05-30 10:22:34.868 I/BluetoothBondStateMachine( 1324): Entering PendingCommandState State
05-30 10:22:34.871 D/BluetoothCompanionManager( 1324): register metadata listener: XX:XX:XX:XX:C0:69
05-30 10:22:34.871 D/BluetoothAdapter( 1324): addOnMetadataChangedListener()
05-30 10:22:34.877 I/BluetoothBondStateMachine( 1324): Bond State Change Intent:XX:XX:XX:XX:C0:69 BOND_NONE => BOND_BONDING
05-30 10:22:34.878 D/BluetoothDatabase( 1324): updateDatabase XX:XX:XX:XX:C0:69
05-30 10:22:34.879 D/A2dpService( 1324): Bond state changed for device: XX:XX:XX:XX:C0:69 state: 11
05-30 10:22:34.879 D/AdapterProperties( 1324): Failed to remove device: XX:XX:XX:XX:C0:69
05-30 10:22:34.879 D/BluetoothRemoteDevices( 1324): removeDualDevicesMapXX:XX:XX:XX:C0:69
05-30 10:22:34.880 D/HearingAidService( 1324): Bond state changed for device: XX:XX:XX:XX:C0:69 state: 11
05-30 10:22:34.881 D/BluetoothRemoteDevices( 1324): mDualDevicesMap not have E4:BB:D3:57:C0:69
05-30 10:22:34.882 D/BluetoothCompanionManager( 1324): remove metadata listener: XX:XX:XX:XX:C0:69
05-30 10:22:34.882 D/BluetoothAdapter( 1324): removeOnMetadataChangedListener()
05-30 10:22:34.883 D/FastPairService( 745): onReceive: ACTION_BOND_STATE_CHANGED
05-30 10:22:34.885 I/dangbei111( 1911): cccccc on receiver=android.bluetooth.device.action.BOND_STATE_CHANGED,mac=E4:BB:D3:57:C0:69
05-30 10:22:34.885 I/dangbei111( 1911): Wait for auto connection, processBondStateChange: bondState: 10 --> 11
05-30 10:22:34.886 I/BLE_Service( 1332): BOND STATE CHANGED [Dangbei] - was 10, now is 11
05-30 10:22:34.887 I/BluetoothBondStateMachine( 1324): Bond State Change Intent:XX:XX:XX:XX:C0:69 BOND_BONDING => BOND_NONE
05-30 10:22:34.888 W/HeadsetClientService( 1324): getHeadsetClientService(): service is null
05-30 10:22:34.888 D/FastPairService( 745): onReceive: ACTION_BOND_STATE_CHANGED
05-30 10:22:34.888 D/FastPairService( 745): Forget device detect
05-30 10:22:34.888 W/PbapClientService( 1324): getPbapClientService(): service is null
05-30 10:22:34.888 V/BluetoothDatabase( 1324): setProfileConnectionPolicy connection policy not changed.
05-30 10:22:34.888 D/A2dpService( 1324): Saved connectionPolicy XX:XX:XX:XX:C0:69 = -1
05-30 10:22:34.888 V/BluetoothDatabase( 1324): setProfileConnectionPolicy connection policy not changed.
05-30 10:22:34.888 I/HeadsetService( 1324): setConnectionPolicy: device=XX:XX:XX:XX:C0:69, connectionPolicy=-1, uid/pid=1002/1324
05-30 10:22:34.889 V/BluetoothDatabase( 1324): setProfileConnectionPolicy connection policy not changed.
05-30 10:22:34.889 I/BluetoothBondStateMachine( 1324): StableState(): Entering Off State
05-30 10:22:34.893 D/BluetoothDatabase( 1324): getCustomMeta: device XX:XX:XX:XX:C0:69 is not in cache
05-30 10:22:34.895 D/A2dpService( 1324): Bond state changed for device: XX:XX:XX:XX:C0:69 state: 10
05-30 10:22:34.895 D/HearingAidService( 1324): Bond state changed for device: XX:XX:XX:XX:C0:69 state: 10
05-30 10:22:34.897 E/dangbei111( 1911): cccccc 开始扫描
05-30 10:22:34.897 D/BluetoothAdapter( 1911): isLeEnabled(): ON
05-30 10:22:34.898 D/BluetoothDatabase( 1324): getCustomMeta: device XX:XX:XX:XX:C0:69 is not in cache
05-30 10:22:34.899 I/bt_stack( 1324): [INFO:le_scanning_manager.cc(155)] RegisterScanner in shim layer
05-30 10:22:34.899 D/BluetoothLeScanner( 1911): onScannerRegistered() - status=0 scannerId=1 mScannerId=0
05-30 10:22:34.902 D/BluetoothDatabase( 1324): getCustomMeta: device XX:XX:XX:XX:C0:69 is not in cache
05-30 10:22:34.902 D/ActivityAttributionService( 1324): notifyActivityAttributionInfo UID=1002 packageName=com.android.bluetooth deviceAddress=no_active_device_address
05-30 10:22:34.902 I/bt_btif ( 1324): packages/modules/Bluetooth/system/btif/src/bluetooth.cc:829 get_profile_interface: get_profile_interface: id = activity_attribution
05-30 10:22:34.902 I/bt_stack( 1324): [INFO:le_scanning_manager.cc(168)] Scan in shim layer started
05-30 10:22:34.903 I/bluetooth( 1324): packages/modules/Bluetooth/system/gd/hci/le_scanning_manager.cc:588 stop_scan: Scanning already stopped, return!
05-30 10:22:34.903 I/bt_stack( 1324): [INFO:le_scanning_manager.cc(168)] Scan in shim layer stopped
05-30 10:22:34.903 I/bt_stack( 1324): [INFO:le_scanning_manager.cc(346)] SetScanParameters in shim layer
05-30 10:22:34.903 I/bt_stack( 1324): [INFO:le_scanning_manager.cc(168)] Scan in shim layer started
05-30 10:22:34.903 I/bluetooth( 1324): packages/modules/Bluetooth/system/gd/hci/le_address_manager.cc:178 register_client: Client registered
05-30 10:22:34.903 I/bluetooth( 1324): packages/modules/Bluetooth/system/gd/hci/le_address_manager.cc:193 unregister_client: Client unregistered
05-30 10:22:34.903 I/bluetooth( 1324): packages/modules/Bluetooth/system/gd/hci/le_scanning_manager.cc:588 stop_scan: Scanning already stopped, return!
05-30 10:22:34.903 I/bluetooth( 1324): packages/modules/Bluetooth/system/gd/hci/le_address_manager.cc:178 register_client: Client registered
05-30 10:22:34.904 I/BLE_Service( 1332): BOND STATE CHANGED [Dangbei] - was 11, now is 10
05-30 10:22:34.907 I/dangbei111( 1911): cccccc on receiver=android.bluetooth.device.action.BOND_STATE_CHANGED,mac=E4:BB:D3:57:C0:69
05-30 10:22:34.907 I/dangbei111( 1911): Wait for auto connection, processBondStateChange: bondState: 11 --> 10
05-30 10:22:34.912 E/dangbei111( 1911): cccccc 开始扫描
05-30 10:22:34.912 D/BluetoothAdapter( 1911): isLeEnabled(): ON
05-30 10:22:34.914 D/BluetoothAdapter( 1493): isLeEnabled(): ON
05-30 10:22:34.916 I/bt_stack( 1324): [INFO:le_scanning_manager.cc(155)] RegisterScanner in shim layer
05-30 10:22:34.917 D/BluetoothLeScanner( 1493): onScannerRegistered() - status=0 scannerId=2 mScannerId=0
05-30 10:22:34.918 D/BluetoothDatabase( 1324): getCustomMeta: device XX:XX:XX:XX:C0:69 is not in cache
05-30 10:22:34.919 D/ActivityAttributionService( 1324): notifyActivityAttributionInfo UID=1002 packageName=com.android.bluetooth deviceAddress=no_active_device_address
05-30 10:22:34.919 I/bt_btif ( 1324): packages/modules/Bluetooth/system/btif/src/bluetooth.cc:829 get_profile_interface: get_profile_interface: id = activity_attribution
05-30 10:22:34.920 W/BluetoothEventManager( 1124): showUnbondMessage: Not displaying any message for reason: 9
05-30 10:22:34.921 D/BluetoothDatabase( 1324): getCustomMeta: device XX:XX:XX:XX:C0:69 is not in cache
05-30 10:22:34.926 D/BluetoothDatabase( 1324): getCustomMeta: device XX:XX:XX:XX:C0:69 is not in cache
05-30 10:22:34.929 W/BluetoothEventManager( 1332): showUnbondMessage: Not displaying any message for reason: 9
05-30 10:22:34.930 D/BluetoothDatabase( 1324): getCustomMeta: device XX:XX:XX:XX:C0:69 is not in cache
05-30 10:22:34.933 D/BluetoothAdapter( 1493): isLeEnabled(): ON
05-30 10:22:34.994 I/bt_btif_dm( 1324): packages/modules/Bluetooth/system/btif/src/btif_dm.cc:695 btif_update_remote_properties: class of device (cod) is 0x00050c
05-30 10:22:35.001 E/dangbei111( 1911): cccccc scan 得到的设备和状态 Dangbei E4:BB:D3:57:C0:69 10
05-30 10:22:35.003 E/dangbei111( 1911): cccccc 扫描到了设备 Dangbei E4:BB:D3:57:C0:69
05-30 10:22:35.006 E/dangbei111( 1911): cccccc cancelDiscovery begin
05-30 10:22:35.009 E/dangbei111( 1911): cccccc 停止扫描,开始配对或者连接
05-30 10:22:35.009 D/BluetoothAdapter( 1911): isLeEnabled(): ON
05-30 10:22:35.012 D/ActivityAttributionService( 1324): notifyActivityAttributionInfo UID=1002 packageName=com.android.bluetooth deviceAddress=no_active_device_address
05-30 10:22:35.012 I/bt_btif ( 1324): packages/modules/Bluetooth/system/btif/src/bluetooth.cc:829 get_profile_interface: get_profile_interface: id = activity_attribution
05-30 10:22:35.014 I/bt_stack( 1324): [INFO:le_scanning_manager.cc(162)] Unregister in shim layer, scanner_id:1
05-30 10:22:35.014 D/BluetoothAdapter( 1493): isLeEnabled(): ON
05-30 10:22:35.015 E/dangbei111( 1911): bondOrConnect state=10
05-30 10:22:35.016 E/dangbei111( 1911): cccccc 开始配对 Dangbei E4:BB:D3:57:C0:69
05-30 10:22:35.017 D/ActivityAttributionService( 1324): notifyActivityAttributionInfo UID=1002 packageName=com.android.bluetooth deviceAddress=no_active_device_address
05-30 10:22:35.017 I/bt_btif ( 1324): packages/modules/Bluetooth/system/btif/src/bluetooth.cc:829 get_profile_interface: get_profile_interface: id = activity_attribution
05-30 10:22:35.017 I/bt_stack( 1324): [INFO:le_scanning_manager.cc(168)] Scan in shim layer stopped
05-30 10:22:35.017 I/bluetooth( 1324): packages/modules/Bluetooth/system/gd/hci/le_address_manager.cc:193 unregister_client: Client unregistered
05-30 10:22:35.019 I/bt_btif_dm( 1324): packages/modules/Bluetooth/system/btif/src/btif_dm.cc:2470 btif_dm_cancel_discovery: Cancel search
05-30 10:22:35.019 I/bluetooth( 1324): packages/modules/Bluetooth/system/bta/dm/bta_dm_main.cc:96 bta_dm_search_sm_execute: state:BTA_DM_SEARCH_IDLE, event:BTA_DM_API_SEARCH_CANCEL_EVT[0x201]
05-30 10:22:35.019 I/bt_stack( 1324): [INFO:le_scanning_manager.cc(162)] Unregister in shim layer, scanner_id:2
05-30 10:22:35.020 I/BluetoothBondStateMachine( 1324): Bond address is:XX:XX:XX:XX:C0:69
05-30 10:22:35.021 I/bt_btif_dm( 1324): packages/modules/Bluetooth/system/btif/src/btif_dm.cc:695 btif_update_remote_properties: class of device (cod) is 0x00050c
05-30 10:22:35.022 E/dangbei111( 1911): cccccc 配对结果 true Dangbei E4:BB:D3:57:C0:69
05-30 10:22:35.023 I/bt_btif_dm( 1324): packages/modules/Bluetooth/system/btif/src/btif_dm.cc:489 get_cod: get_cod remote_cod = 0x0000050c
05-30 10:22:35.023 I/bt_btif_dm( 1324): packages/modules/Bluetooth/system/btif/src/btif_dm.cc:489 get_cod: get_cod remote_cod = 0x0000050c
05-30 10:22:35.023 I/bt_btif_dm( 1324): packages/modules/Bluetooth/system/btif/src/btif_dm.cc:489 get_cod: get_cod remote_cod = 0x0000050c
05-30 10:22:35.023 I/bt_btif_dm( 1324): packages/modules/Bluetooth/system/btif/src/btif_dm.cc:571 bond_state_changed: Bond state changed to state=1 [0:none, 1:bonding, 2:bonded], prev_state=0, sdp_attempts = 0
05-30 10:22:35.023 I/bluetooth( 1324): packages/modules/Bluetooth/system/stack/btm/btm_dev.cc:174 BTM_SecDeleteDevice: Remove device xx:xx:xx:xx:c0:69 from filter accept list before delete record
05-30 10:22:35.023 I/bluetooth( 1324): packages/modules/Bluetooth/system/stack/btm/btm_dev.cc:192 BTM_SecDeleteDevice: BTM_SecDeleteDevice xx:xx:xx:xx:c0:69 complete
05-30 10:22:35.023 I/bt_btif_dm( 1324): packages/modules/Bluetooth/system/btif/src/btif_dm.cc:489 get_cod: get_cod remote_cod = 0x0000050c
05-30 10:22:35.023 I/bt_btif_dm( 1324): packages/modules/Bluetooth/system/btif/src/btif_dm.cc:489 get_cod: get_cod remote_cod = 0x0000050c
05-30 10:22:35.023 I/bt_btif_dm( 1324): packages/modules/Bluetooth/system/btif/src/btif_dm.cc:571 bond_state_changed: Bond state changed to state=0 [0:none, 1:bonding, 2:bonded], prev_state=1, sdp_attempts = 0
05-30 10:22:35.023 E/BluetoothMetricIdManager( 1324): packages/modules/Bluetooth/system/gd/common/metric_id_manager.cc:190 ForgetDevice: Failed to remove device from paired_device_cache_
05-30 10:22:35.023 I/bt_btif_dm( 1324): packages/modules/Bluetooth/system/btif/src/btif_dm.cc:620 bond_state_changed: clearing btif pairing_cb
05-30 10:22:35.023 W/bluetooth( 1324): packages/modules/Bluetooth/system/main/shim/acl.cc:189 Remove: Unknown device being removed from acceptlist:e4:bb:d3:57:c0:69[PUBLIC_DEVICE_ADDRESS]
05-30 10:22:35.023 E/bt_stack( 1324): [ERROR:bta_gattc_utils.cc(576)] bta_gattc_mark_bg_conn unable to find the bg connection mask for bd_addr=xx:xx:xx:xx:c0:69
05-30 10:22:35.023 W/bluetooth( 1324): packages/modules/Bluetooth/system/gd/hci/acl_manager/le_impl.h:821 remove_device_from_connect_list: Device not in acceptlist and cannot be removed:e4:bb:d3:57:c0:69[PUBLIC_DEVICE_ADDRESS]
05-30 10:22:35.024 I/BluetoothBondStateMachine( 1324): bondStateChangeCallback: Status: 0 Address: XX:XX:XX:XX:C0:69 newState: 1 hciReason: 0
05-30 10:22:35.024 I/BluetoothBondStateMachine( 1324): bondStateChangeCallback: Status: 1 Address: XX:XX:XX:XX:C0:69 newState: 0 hciReason: 1
05-30 10:22:35.028 I/BluetoothBondStateMachine( 1324): Entering PendingCommandState State
05-30 10:22:35.033 D/BluetoothCompanionManager( 1324): register metadata listener: XX:XX:XX:XX:C0:69
05-30 10:22:35.033 D/BluetoothAdapter( 1324): addOnMetadataChangedListener()
05-30 10:22:35.037 I/BluetoothBondStateMachine( 1324): Bond State Change Intent:XX:XX:XX:XX:C0:69 BOND_NONE => BOND_BONDING
05-30 10:22:35.037 D/FastPairService( 745): onReceive: ACTION_BOND_STATE_CHANGED
05-30 10:22:35.040 D/AdapterProperties( 1324): Failed to remove device: XX:XX:XX:XX:C0:69
05-30 10:22:35.040 D/BluetoothRemoteDevices( 1324): removeDualDevicesMapXX:XX:XX:XX:C0:69
05-30 10:22:35.040 D/BluetoothDatabase( 1324): updateDatabase XX:XX:XX:XX:C0:69
05-30 10:22:35.042 D/BluetoothRemoteDevices( 1324): mDualDevicesMap not have E4:BB:D3:57:C0:69
05-30 10:22:35.042 I/dangbei111( 1911): cccccc on receiver=android.bluetooth.device.action.BOND_STATE_CHANGED,mac=E4:BB:D3:57:C0:69
05-30 10:22:35.042 I/dangbei111( 1911): Wait for auto connection, processBondStateChange: bondState: 10 --> 11
05-30 10:22:35.043 D/BluetoothCompanionManager( 1324): remove metadata listener: XX:XX:XX:XX:C0:69
05-30 10:22:35.043 D/BluetoothAdapter( 1324): removeOnMetadataChangedListener()
05-30 10:22:35.044 I/BLE_Service( 1332): BOND STATE CHANGED [Dangbei] - was 10, now is 11
05-30 10:22:35.044 D/A2dpService( 1324): Bond state changed for device: XX:XX:XX:XX:C0:69 state: 11
05-30 10:22:35.045 D/HearingAidService( 1324): Bond state changed for device: XX:XX:XX:XX:C0:69 state: 11
05-30 10:22:35.049 E/dangbei111( 1911): cccccc 开始扫描
05-30 10:22:35.049 D/BluetoothAdapter( 1911): isLeEnabled(): ON
05-30 10:22:35.051 I/bt_stack( 1324): [INFO:le_scanning_manager.cc(155)] RegisterScanner in shim layer
05-30 10:22:35.051 D/BluetoothLeScanner( 1911): onScannerRegistered() - status=0 scannerId=1 mScannerId=0
05-30 10:22:35.054 D/FastPairService( 745): onReceive: ACTION_BOND_STATE_CHANGED
05-30 10:22:35.054 D/FastPairService( 745): Forget device detect
05-30 10:22:35.054 D/A2dpService( 1324): Bond state changed for device: XX:XX:XX:XX:C0:69 state: 10
05-30 10:22:35.054 I/BluetoothBondStateMachine( 1324): Bond State Change Intent:XX:XX:XX:XX:C0:69 BOND_BONDING => BOND_NONE
05-30 10:22:35.054 W/HeadsetClientService( 1324): getHeadsetClientService(): service is null
05-30 10:22:35.055 W/PbapClientService( 1324): getPbapClientService(): service is null
05-30 10:22:35.055 D/A2dpService( 1324): Saved connectionPolicy XX:XX:XX:XX:C0:69 = -1
05-30 10:22:35.055 I/HeadsetService( 1324): setConnectionPolicy: device=XX:XX:XX:XX:C0:69, connectionPolicy=-1, uid/pid=1002/1324
05-30 10:22:35.055 I/BluetoothBondStateMachine( 1324): StableState(): Entering Off State
05-30 10:22:35.058 D/HearingAidService( 1324): Bond state changed for device: XX:XX:XX:XX:C0:69 state: 10
05-30 10:22:35.060 D/BluetoothDatabase( 1324): getCustomMeta: device XX:XX:XX:XX:C0:69 is not in cache
05-30 10:22:35.063 I/bt_stack( 1324): [INFO:le_scanning_manager.cc(168)] Scan in shim layer started
05-30 10:22:35.063 I/bluetooth( 1324): packages/modules/Bluetooth/system/gd/hci/le_scanning_manager.cc:588 stop_scan: Scanning already stopped, return!
05-30 10:22:35.063 I/bt_stack( 1324): [INFO:le_scanning_manager.cc(168)] Scan in shim layer stopped
05-30 10:22:35.063 I/bt_stack( 1324): [INFO:le_scanning_manager.cc(346)] SetScanParameters in shim layer
05-30 10:22:35.063 I/bt_stack( 1324): [INFO:le_scanning_manager.cc(168)] Scan in shim layer started
05-30 10:22:35.063 I/bluetooth( 1324): packages/modules/Bluetooth/system/gd/hci/le_address_manager.cc:178 register_client: Client registered
05-30 10:22:35.063 I/bluetooth( 1324): packages/modules/Bluetooth/system/gd/hci/le_address_manager.cc:193 unregister_client: Client unregistered
05-30 10:22:35.063 I/bluetooth( 1324): packages/modules/Bluetooth/system/gd/hci/le_scanning_manager.cc:588 stop_scan: Scanning already stopped, return!
05-30 10:22:35.063 I/bluetooth( 1324): packages/modules/Bluetooth/system/gd/hci/le_address_manager.cc:178 register_client: Client registered
05-30 10:22:35.063 D/ActivityAttributionService( 1324): notifyActivityAttributionInfo UID=1002 packageName=com.android.bluetooth deviceAddress=no_active_device_address
05-30 10:22:35.063 I/bt_btif ( 1324): packages/modules/Bluetooth/system/btif/src/bluetooth.cc:829 get_profile_interface: get_profile_interface: id = activity_attribution
05-30 10:22:35.065 D/BluetoothDatabase( 1324): getCustomMeta: device XX:XX:XX:XX:C0:69 is not in cache
05-30 10:22:35.069 I/BLE_Service( 1332): BOND STATE CHANGED [Dangbei] - was 11, now is 10
05-30 10:22:35.071 I/dangbei111( 1911): cccccc on receiver=android.bluetooth.device.action.BOND_STATE_CHANGED,mac=E4:BB:D3:57:C0:69
05-30 10:22:35.071 I/dangbei111( 1911): Wait for auto connection, processBondStateChange: bondState: 11 --> 10
05-30 10:22:35.073 D/BluetoothAdapter( 1493): isLeEnabled(): ON
05-30 10:22:35.074 D/BluetoothDatabase( 1324): getCustomMeta: device XX:XX:XX:XX:C0:69 is not in cache
05-30 10:22:35.078 I/bt_stack( 1324): [INFO:le_scanning_manager.cc(155)] RegisterScanner in shim layer
05-30 10:22:35.079 D/BluetoothLeScanner( 1493): onScannerRegistered() - status=0 scannerId=2 mScannerId=0
05-30 10:22:35.080 E/dangbei111( 1911): cccccc 开始扫描
05-30 10:22:35.080 D/BluetoothAdapter( 1911): isLeEnabled(): ON
05-30 10:22:35.080 D/hq ( 2214): NetWorkStateReceiver:::检查网络,并且持续更新 isConnect=false
05-30 10:22:35.084 D/ActivityAttributionService( 1324): notifyActivityAttributionInfo UID=1002 packageName=com.android.bluetooth deviceAddress=no_active_device_address
05-30 10:22:35.084 I/bt_btif ( 1324): packages/modules/Bluetooth/system/btif/src/bluetooth.cc:829 get_profile_interface: get_profile_interface: id = activity_attribution
05-30 10:22:35.087 D/BluetoothDatabase( 1324): getCustomMeta: device XX:XX:XX:XX:C0:69 is not in cache
05-30 10:22:35.093 W/BluetoothEventManager( 1124): showUnbondMessage: Not displaying any message for reason: 9
05-30 10:22:35.095 D/BluetoothDatabase( 1324): getCustomMeta: device XX:XX:XX:XX:C0:69 is not in cache
05-30 10:22:35.097 I/bt_btif_dm( 1324): packages/modules/Bluetooth/system/btif/src/btif_dm.cc:695 btif_update_remote_properties: class of device (cod) is 0x00050c
05-30 10:22:35.100 D/BluetoothDatabase( 1324): getCustomMeta: device XX:XX:XX:XX:C0:69 is not in cache
05-30 10:22:35.101 W/BluetoothEventManager( 1332): showUnbondMessage: Not displaying any message for reason: 9
05-30 10:22:35.104 D/BluetoothAdapter( 1493): isLeEnabled(): ON
05-30 10:22:35.105 D/BluetoothDatabase( 1324): getCustomMeta: device XX:XX:XX:XX:C0:69 is not in cache
05-30 10:22:35.106 E/dangbei111( 1911): cccccc scan 得到的设备和状态 Dangbei E4:BB:D3:57:C0:69 10
05-30 10:22:35.108 D/BluetoothAdapter( 1493): isLeEnabled(): ON
05-30 10:22:35.109 E/dangbei111( 1911): cccccc 扫描到了设备 Dangbei E4:BB:D3:57:C0:69
05-30 10:22:35.112 E/dangbei111( 1911): cccccc cancelDiscovery begin
05-30 10:22:35.112 D/ActivityAttributionService( 1324): notifyActivityAttributionInfo UID=1002 packageName=com.android.bluetooth deviceAddress=no_active_device_address
05-30 10:22:35.112 I/bt_btif ( 1324): packages/modules/Bluetooth/system/btif/src/bluetooth.cc:829 get_profile_interface: get_profile_interface: id = activity_attribution
05-30 10:22:35.113 E/dangbei111( 1911): cccccc 停止扫描,开始配对或者连接
05-30 10:22:35.113 D/BluetoothAdapter( 1911): isLeEnabled(): ON
05-30 10:22:35.114 I/bt_stack( 1324): [INFO:le_scanning_manager.cc(162)] Unregister in shim layer, scanner_id:2
05-30 10:22:35.116 D/ActivityAttributionService( 1324): notifyActivityAttributionInfo UID=1002 packageName=com.android.bluetooth deviceAddress=no_active_device_address
05-30 10:22:35.116 I/bt_btif ( 1324): packages/modules/Bluetooth/system/btif/src/bluetooth.cc:829 get_profile_interface: get_profile_interface: id = activity_attribution
05-30 10:22:35.116 I/bt_stack( 1324): [INFO:le_scanning_manager.cc(168)] Scan in shim layer stopped
05-30 10:22:35.116 I/bluetooth( 1324): packages/modules/Bluetooth/system/gd/hci/le_address_manager.cc:193 unregister_client: Client unregistered
05-30 10:22:35.117 I/bt_stack( 1324): [INFO:le_scanning_manager.cc(162)] Unregister in shim layer, scanner_id:1
05-30 10:22:35.117 E/dangbei111( 1911): bondOrConnect state=10
05-30 10:22:35.120 E/dangbei111( 1911): cccccc 开始配对 Dangbei E4:BB:D3:57:C0:69
05-30 10:22:35.122 I/bt_btif_dm( 1324): packages/modules/Bluetooth/system/btif/src/btif_dm.cc:2470 btif_dm_cancel_discovery: Cancel search
05-30 10:22:35.122 I/bluetooth( 1324): packages/modules/Bluetooth/system/bta/dm/bta_dm_main.cc:96 bta_dm_search_sm_execute: state:BTA_DM_SEARCH_IDLE, event:BTA_DM_API_SEARCH_CANCEL_EVT[0x201]
05-30 10:22:35.124 E/dangbei111( 1911): cccccc 配对结果 true Dangbei E4:BB:D3:57:C0:69
05-30 10:22:35.125 I/BluetoothBondStateMachine( 1324): Bond address is:XX:XX:XX:XX:C0:69
05-30 10:22:35.128 I/bt_btif_dm( 1324): packages/modules/Bluetooth/system/btif/src/btif_dm.cc:489 get_cod: get_cod remote_cod = 0x0000050c
05-30 10:22:35.128 I/bt_btif_dm( 1324): packages/modules/Bluetooth/system/btif/src/btif_dm.cc:489 get_cod: get_cod remote_cod = 0x0000050c
05-30 10:22:35.128 I/bt_btif_dm( 1324): packages/modules/Bluetooth/system/btif/src/btif_dm.cc:489 get_cod: get_cod remote_cod = 0x0000050c
05-30 10:22:35.128 I/bt_btif_dm( 1324): packages/modules/Bluetooth/system/btif/src/btif_dm.cc:571 bond_state_changed: Bond state changed to state=1 [0:none, 1:bonding, 2:bonded], prev_state=0, sdp_attempts = 0
05-30 10:22:35.128 I/bluetooth( 1324): packages/modules/Bluetooth/system/stack/btm/btm_dev.cc:174 BTM_SecDeleteDevice: Remove device xx:xx:xx:xx:c0:69 from filter accept list before delete record
05-30 10:22:35.128 I/BluetoothBondStateMachine( 1324): bondStateChangeCallback: Status: 0 Address: XX:XX:XX:XX:C0:69 newState: 1 hciReason: 0
05-30 10:22:35.129 I/bluetooth( 1324): packages/modules/Bluetooth/system/stack/btm/btm_dev.cc:192 BTM_SecDeleteDevice: BTM_SecDeleteDevice xx:xx:xx:xx:c0:69 complete
05-30 10:22:35.129 I/bt_btif_dm( 1324): packages/modules/Bluetooth/system/btif/src/btif_dm.cc:489 get_cod: get_cod remote_cod = 0x0000050c
05-30 10:22:35.129 I/bt_btif_dm( 1324): packages/modules/Bluetooth/system/btif/src/btif_dm.cc:489 get_cod: get_cod remote_cod = 0x0000050c
05-30 10:22:35.129 I/bt_btif_dm( 1324): packages/modules/Bluetooth/system/btif/src/btif_dm.cc:571 bond_state_changed: Bond state changed to state=0 [0:none, 1:bonding, 2:bonded], prev_state=1, sdp_attempts = 0
05-30 10:22:35.129 E/BluetoothMetricIdManager( 1324): packages/modules/Bluetooth/system/gd/common/metric_id_manager.cc:190 ForgetDevice: Failed to remove device from paired_device_cache_
05-30 10:22:35.129 I/bt_btif_dm( 1324): packages/modules/Bluetooth/system/btif/src/btif_dm.cc:620 bond_state_changed: clearing btif pairing_cb
05-30 10:22:35.129 E/bt_stack( 1324): [ERROR:bta_gattc_utils.cc(576)] bta_gattc_mark_bg_conn unable to find the bg connection mask for bd_addr=xx:xx:xx:xx:c0:69
05-30 10:22:35.129 W/bluetooth( 1324): packages/modules/Bluetooth/system/main/shim/acl.cc:189 Remove: Unknown device being removed from acceptlist:e4:bb:d3:57:c0:69[PUBLIC_DEVICE_ADDRESS]
05-30 10:22:35.129 I/BluetoothBondStateMachine( 1324): bondStateChangeCallback: Status: 1 Address: XX:XX:XX:XX:C0:69 newState: 0 hciReason: 1
05-30 10:22:35.129 W/bluetooth( 1324): packages/modules/Bluetooth/system/gd/hci/acl_manager/le_impl.h:821 remove_device_from_connect_list: Device not in acceptlist and cannot be removed:e4:bb:d3:57:c0:69[PUBLIC_DEVICE_ADDRESS]
05-30 10:22:35.133 I/BluetoothBondStateMachine( 1324): Entering PendingCommandState State
05-30 10:22:35.136 D/BluetoothCompanionManager( 1324): register metadata listener: XX:XX:XX:XX:C0:69
05-30 10:22:35.136 D/BluetoothAdapter( 1324): addOnMetadataChangedListener()
05-30 10:22:35.141 I/BluetoothBondStateMachine( 1324): Bond State Change Intent:XX:XX:XX:XX:C0:69 BOND_NONE => BOND_BONDING
05-30 10:22:35.142 D/FastPairService( 745): onReceive: ACTION_BOND_STATE_CHANGED
05-30 10:22:35.146 D/AdapterProperties( 1324): Failed to remove device: XX:XX:XX:XX:C0:69
05-30 10:22:35.146 D/BluetoothRemoteDevices( 1324): removeDualDevicesMapXX:XX:XX:XX:C0:69
05-30 10:22:35.147 I/BLE_Service( 1332): BOND STATE CHANGED [Dangbei] - was 10, now is 11
05-30 10:22:35.147 D/BluetoothRemoteDevices( 1324): mDualDevicesMap not have E4:BB:D3:57:C0:69
05-30 10:22:35.150 D/BluetoothDatabase( 1324): updateDatabase XX:XX:XX:XX:C0:69
05-30 10:22:35.150 D/BluetoothCompanionManager( 1324): remove metadata listener: XX:XX:XX:XX:C0:69
05-30 10:22:35.150 D/BluetoothAdapter( 1324): removeOnMetadataChangedListener()
05-30 10:22:35.150 D/A2dpService( 1324): Bond state changed for device: XX:XX:XX:XX:C0:69 state: 11
05-30 10:22:35.150 D/HearingAidService( 1324): Bond state changed for device: XX:XX:XX:XX:C0:69 state: 11
05-30 10:22:35.153 I/BluetoothBondStateMachine( 1324): Bond State Change Intent:XX:XX:XX:XX:C0:69 BOND_BONDING => BOND_NONE
05-30 10:22:35.153 W/HeadsetClientService( 1324): getHeadsetClientService(): service is null
05-30 10:22:35.153 W/PbapClientService( 1324): getPbapClientService(): service is null
05-30 10:22:35.153 V/BluetoothDatabase( 1324): setProfileConnectionPolicy connection policy not changed.
05-30 10:22:35.154 D/A2dpService( 1324): Saved connectionPolicy XX:XX:XX:XX:C0:69 = -1
05-30 10:22:35.154 V/BluetoothDatabase( 1324): setProfileConnectionPolicy connection policy not changed.
05-30 10:22:35.154 I/HeadsetService( 1324): setConnectionPolicy: device=XX:XX:XX:XX:C0:69, connectionPolicy=-1, uid/pid=1002/1324
05-30 10:22:35.154 V/BluetoothDatabase( 1324): setProfileConnectionPolicy connection policy not changed.
05-30 10:22:35.154 I/BluetoothBondStateMachine( 1324): StableState(): Entering Off State
05-30 10:22:35.156 I/dangbei111( 1911): cccccc on receiver=android.bluetooth.device.action.BOND_STATE_CHANGED,mac=E4:BB:D3:57:C0:69
05-30 10:22:35.156 I/dangbei111( 1911): Wait for auto connection, processBondStateChange: bondState: 10 --> 11
05-30 10:22:35.157 D/FastPairService( 745): onReceive: ACTION_BOND_STATE_CHANGED
05-30 10:22:35.157 D/FastPairService( 745): Forget device detect
05-30 10:22:35.158 D/A2dpService( 1324): Bond state changed for device: XX:XX:XX:XX:C0:69 state: 10
05-30 10:22:35.160 D/HearingAidService( 1324): Bond state changed for device: XX:XX:XX:XX:C0:69 state: 10
05-30 10:22:35.165 E/dangbei111( 1911): cccccc 开始扫描
05-30 10:22:35.165 D/BluetoothAdapter( 1911): isLeEnabled(): ON
05-30 10:22:35.166 I/bt_stack( 1324): [INFO:le_scanning_manager.cc(155)] RegisterScanner in shim layer
05-30 10:22:35.167 D/BluetoothLeScanner( 1911): onScannerRegistered() - status=0 scannerId=1 mScannerId=0
05-30 10:22:35.167 I/BLE_Service( 1332): BOND STATE CHANGED [Dangbei] - was 11, now is 10
05-30 10:22:35.169 I/bt_stack( 1324): [INFO:le_scanning_manager.cc(168)] Scan in shim layer started
05-30 10:22:35.170 I/bluetooth( 1324): packages/modules/Bluetooth/system/gd/hci/le_scanning_manager.cc:588 stop_scan: Scanning already stopped, return!
05-30 10:22:35.170 I/bt_stack( 1324): [INFO:le_scanning_manager.cc(168)] Scan in shim layer stopped
05-30 10:22:35.170 I/bt_stack( 1324): [INFO:le_scanning_manager.cc(346)] SetScanParameters in shim layer
05-30 10:22:35.170 I/bt_stack( 1324): [INFO:le_scanning_manager.cc(168)] Scan in shim layer started
05-30 10:22:35.170 I/bluetooth( 1324): packages/modules/Bluetooth/system/gd/hci/le_address_manager.cc:178 register_client: Client registered
05-30 10:22:35.170 I/bluetooth( 1324): packages/modules/Bluetooth/system/gd/hci/le_address_manager.cc:193 unregister_client: Client unregistered
05-30 10:22:35.170 D/ActivityAttributionService( 1324): notifyActivityAttributionInfo UID=1002 packageName=com.android.bluetooth deviceAddress=no_active_device_address
05-30 10:22:35.170 I/bluetooth( 1324): packages/modules/Bluetooth/system/gd/hci/le_scanning_manager.cc:588 stop_scan: Scanning already stopped, return!
05-30 10:22:35.170 I/bt_btif ( 1324): packages/modules/Bluetooth/system/btif/src/bluetooth.cc:829 get_profile_interface: get_profile_interface: id = activity_attribution
05-30 10:22:35.170 I/bluetooth( 1324): packages/modules/Bluetooth/system/gd/hci/le_address_manager.cc:178 register_client: Client registered
05-30 10:22:35.174 D/BluetoothAdapter( 1493): isLeEnabled(): ON
05-30 10:22:35.174 I/dangbei111( 1911): cccccc on receiver=android.bluetooth.device.action.BOND_STATE_CHANGED,mac=E4:BB:D3:57:C0:69
05-30 10:22:35.174 I/dangbei111( 1911): Wait for auto connection, processBondStateChange: bondState: 11 --> 10
05-30 10:22:35.178 I/bt_stack( 1324): [INFO:le_scanning_manager.cc(155)] RegisterScanner in shim layer
05-30 10:22:35.178 D/BluetoothLeScanner( 1493): onScannerRegistered() - status=0 scannerId=2 mScannerId=0
05-30 10:22:35.180 E/dangbei111( 1911): cccccc 开始扫描
05-30 10:22:35.180 D/BluetoothAdapter( 1911): isLeEnabled(): ON
05-30 10:22:35.181 D/ActivityAttributionService( 1324): notifyActivityAttributionInfo UID=1002 packageName=com.android.bluetooth deviceAddress=no_active_device_address
05-30 10:22:35.181 I/bt_btif ( 1324): packages/modules/Bluetooth/system/btif/src/bluetooth.cc:829 get_profile_interface: get_profile_interface: id = activity_attribution
05-30 10:22:35.184 D/BluetoothDatabase( 1324): getCustomMeta: device XX:XX:XX:XX:C0:69 is not in cache
05-30 10:22:35.187 W/BluetoothEventManager( 1124): showUnbondMessage: Not displaying any message for reason: 9
05-30 10:22:35.188 D/BluetoothDatabase( 1324): getCustomMeta: device XX:XX:XX:XX:C0:69 is not in cache
05-30 10:22:35.192 D/BluetoothDatabase( 1324): getCustomMeta: device XX:XX:XX:XX:C0:69 is not in cache
05-30 10:22:35.195 I/bt_btif_dm( 1324): packages/modules/Bluetooth/system/btif/src/btif_dm.cc:695 btif_update_remote_properties: class of device (cod) is 0x00050c
05-30 10:22:35.195 D/BluetoothAdapter( 1493): isLeEnabled(): ON
05-30 10:22:35.195 W/BluetoothEventManager( 1332): showUnbondMessage: Not displaying any message for reason: 9
05-30 10:22:35.197 D/BluetoothDatabase( 1324): getCustomMeta: device XX:XX:XX:XX:C0:69 is not in cache
05-30 10:22:35.199 D/BluetoothAdapter( 1493): isLeEnabled(): ON
05-30 10:22:35.200 E/dangbei111( 1911): cccccc scan 得到的设备和状态 Dangbei E4:BB:D3:57:C0:69 10
05-30 10:22:35.201 D/ActivityAttributionService( 1324): notifyActivityAttributionInfo UID=1002 packageName=com.android.bluetooth deviceAddress=no_active_device_address
05-30 10:22:35.201 I/bt_btif ( 1324): packages/modules/Bluetooth/system/btif/src/bluetooth.cc:829 get_profile_interface: get_profile_interface: id = activity_attribution
05-30 10:22:35.201 E/dangbei111( 1911): cccccc 扫描到了设备 Dangbei E4:BB:D3:57:C0:69
05-30 10:22:35.203 I/bt_stack( 1324): [INFO:le_scanning_manager.cc(162)] Unregister in shim layer, scanner_id:2
05-30 10:22:35.204 E/dangbei111( 1911): cccccc cancelDiscovery begin
05-30 10:22:35.205 E/dangbei111( 1911): cccccc 停止扫描,开始配对或者连接
05-30 10:22:35.205 D/BluetoothAdapter( 1911): isLeEnabled(): ON
05-30 10:22:35.207 D/ActivityAttributionService( 1324): notifyActivityAttributionInfo UID=1002 packageName=com.android.bluetooth deviceAddress=no_active_device_address
05-30 10:22:35.207 I/bt_btif ( 1324): packages/modules/Bluetooth/system/btif/src/bluetooth.cc:829 get_profile_interface: get_profile_interface: id = activity_attribution
05-30 10:22:35.207 I/bt_stack( 1324): [INFO:le_scanning_manager.cc(168)] Scan in shim layer stopped
05-30 10:22:35.208 I/bluetooth( 1324): packages/modules/Bluetooth/system/gd/hci/le_address_manager.cc:193 unregister_client: Client unregistered
05-30 10:22:35.209 I/bt_stack( 1324): [INFO:le_scanning_manager.cc(162)] Unregister in shim layer, scanner_id:1
05-30 10:22:35.210 E/dangbei111( 1911): bondOrConnect state=10
05-30 10:22:35.212 E/dangbei111( 1911): cccccc 开始配对 Dangbei E4:BB:D3:57:C0:69
05-30 10:22:35.214 I/bt_btif_dm( 1324): packages/modules/Bluetooth/system/btif/src/btif_dm.cc:2470 btif_dm_cancel_discovery: Cancel search
05-30 10:22:35.214 I/bluetooth( 1324): packages/modules/Bluetooth/system/bta/dm/bta_dm_main.cc:96 bta_dm_search_sm_execute: state:BTA_DM_SEARCH_IDLE, event:BTA_DM_API_SEARCH_CANCEL_EVT[0x201]
05-30 10:22:35.215 I/BluetoothBondStateMachine( 1324): Bond address is:XX:XX:XX:XX:C0:69
05-30 10:22:35.216 E/dangbei111( 1911): cccccc 配对结果 true Dangbei E4:BB:D3:57:C0:69
05-30 10:22:35.216 I/bt_btif_dm( 1324): packages/modules/Bluetooth/system/btif/src/btif_dm.cc:489 get_cod: get_cod remote_cod = 0x0000050c
05-30 10:22:35.216 I/bt_btif_dm( 1324): packages/modules/Bluetooth/system/btif/src/btif_dm.cc:489 get_cod: get_cod remote_cod = 0x0000050c
05-30 10:22:35.216 I/bt_btif_dm( 1324): packages/modules/Bluetooth/system/btif/src/btif_dm.cc:489 get_cod: get_cod remote_cod = 0x0000050c
05-30 10:22:35.216 I/bt_btif_dm( 1324): packages/modules/Bluetooth/system/btif/src/btif_dm.cc:571 bond_state_changed: Bond state changed to state=1 [0:none, 1:bonding, 2:bonded], prev_state=0, sdp_attempts = 0
05-30 10:22:35.216 I/bluetooth( 1324): packages/modules/Bluetooth/system/stack/btm/btm_dev.cc:174 BTM_SecDeleteDevice: Remove device xx:xx:xx:xx:c0:69 from filter accept list before delete record
05-30 10:22:35.216 I/bluetooth( 1324): packages/modules/Bluetooth/system/stack/btm/btm_dev.cc:192 BTM_SecDeleteDevice: BTM_SecDeleteDevice xx:xx:xx:xx:c0:69 complete
05-30 10:22:35.216 I/bt_btif_dm( 1324): packages/modules/Bluetooth/system/btif/src/btif_dm.cc:489 get_cod: get_cod remote_cod = 0x0000050c
05-30 10:22:35.216 I/bt_btif_dm( 1324): packages/modules/Bluetooth/system/btif/src/btif_dm.cc:489 get_cod: get_cod remote_cod = 0x0000050c
05-30 10:22:35.216 I/bt_btif_dm( 1324): packages/modules/Bluetooth/system/btif/src/btif_dm.cc:571 bond_state_changed: Bond state changed to state=0 [0:none, 1:bonding, 2:bonded], prev_state=1, sdp_attempts = 0
05-30 10:22:35.216 E/BluetoothMetricIdManager( 1324): packages/modules/Bluetooth/system/gd/common/metric_id_manager.cc:190 ForgetDevice: Failed to remove device from paired_device_cache_
05-30 10:22:35.216 I/bt_btif_dm( 1324): packages/modules/Bluetooth/system/btif/src/btif_dm.cc:620 bond_state_changed: clearing btif pairing_cb
05-30 10:22:35.217 E/bt_stack( 1324): [ERROR:bta_gattc_utils.cc(576)] bta_gattc_mark_bg_conn unable to find the bg connection mask for bd_addr=xx:xx:xx:xx:c0:69
05-30 10:22:35.217 W/bluetooth( 1324): packages/modules/Bluetooth/system/main/shim/acl.cc:189 Remove: Unknown device being removed from acceptlist:e4:bb:d3:57:c0:69[PUBLIC_DEVICE_ADDRESS]
05-30 10:22:35.217 W/bluetooth( 1324): packages/modules/Bluetooth/system/gd/hci/acl_manager/le_impl.h:821 remove_device_from_connect_list: Device not in acceptlist and cannot be removed:e4:bb:d3:57:c0:69[PUBLIC_DEVICE_ADDRESS]
05-30 10:22:35.217 I/BluetoothBondStateMachine( 1324): bondStateChangeCallback: Status: 0 Address: XX:XX:XX:XX:C0:69 newState: 1 hciReason: 0
05-30 10:22:35.217 I/BluetoothBondStateMachine( 1324): bondStateChangeCallback: Status: 1 Address: XX:XX:XX:XX:C0:69 newState: 0 hciReason: 1
05-30 10:22:35.220 I/BluetoothBondStateMachine( 1324): Entering PendingCommandState State
05-30 10:22:35.224 D/BluetoothCompanionManager( 1324): register metadata listener: XX:XX:XX:XX:C0:69
05-30 10:22:35.224 D/BluetoothAdapter( 1324): addOnMetadataChangedListener()
05-30 10:22:35.228 I/BluetoothBondStateMachine( 1324): Bond State Change Intent:XX:XX:XX:XX:C0:69 BOND_NONE => BOND_BONDING
05-30 10:22:35.228 D/FastPairService( 745): onReceive: ACTION_BOND_STATE_CHANGED
05-30 10:22:35.231 D/BluetoothDatabase( 1324): updateDatabase XX:XX:XX:XX:C0:69
05-30 10:22:35.231 D/A2dpService( 1324): Bond state changed for device: XX:XX:XX:XX:C0:69 state: 11
05-30 10:22:35.232 D/HearingAidService( 1324): Bond state changed for device: XX:XX:XX:XX:C0:69 state: 11
05-30 10:22:35.233 I/dangbei111( 1911): cccccc on receiver=android.bluetooth.device.action.BOND_STATE_CHANGED,mac=E4:BB:D3:57:C0:69
05-30 10:22:35.233 I/dangbei111( 1911): Wait for auto connection, processBondStateChange: bondState: 10 --> 11
05-30 10:22:35.233 D/AdapterProperties( 1324): Failed to remove device: XX:XX:XX:XX:C0:69
05-30 10:22:35.233 D/BluetoothRemoteDevices( 1324): removeDualDevicesMapXX:XX:XX:XX:C0:69
05-30 10:22:35.236 D/BluetoothRemoteDevices( 1324): mDualDevicesMap not have E4:BB:D3:57:C0:69
05-30 10:22:35.237 D/BluetoothCompanionManager( 1324): remove metadata listener: XX:XX:XX:XX:C0:69
05-30 10:22:35.237 D/BluetoothAdapter( 1324): removeOnMetadataChangedListener()
05-30 10:22:35.240 I/BLE_Service( 1332): BOND STATE CHANGED [Dangbei] - was 10, now is 11
05-30 10:22:35.240 E/dangbei111( 1911): cccccc 开始扫描
05-30 10:22:35.241 D/BluetoothAdapter( 1911): isLeEnabled(): ON
05-30 10:22:35.241 I/BluetoothBondStateMachine( 1324): Bond State Change Intent:XX:XX:XX:XX:C0:69 BOND_BONDING => BOND_NONE
05-30 10:22:35.241 W/HeadsetClientService( 1324): getHeadsetClientService(): service is null
05-30 10:22:35.241 W/PbapClientService( 1324): getPbapClientService(): service is null
05-30 10:22:35.241 V/BluetoothDatabase( 1324): setProfileConnectionPolicy connection policy not changed.
05-30 10:22:35.241 D/A2dpService( 1324): Saved connectionPolicy XX:XX:XX:XX:C0:69 = -1
05-30 10:22:35.242 V/BluetoothDatabase( 1324): setProfileConnectionPolicy connection policy not changed.
05-30 10:22:35.242 I/HeadsetService( 1324): setConnectionPolicy: device=XX:XX:XX:XX:C0:69, connectionPolicy=-1, uid/pid=1002/1324
05-30 10:22:35.242 V/BluetoothDatabase( 1324): setProfileConnectionPolicy connection policy not changed.
05-30 10:22:35.242 D/FastPairService( 745): onReceive: ACTION_BOND_STATE_CHANGED
05-30 10:22:35.242 D/FastPairService( 745): Forget device detect
05-30 10:22:35.244 I/BluetoothBondStateMachine( 1324): StableState(): Entering Off State
05-30 10:22:35.246 D/A2dpService( 1324): Bond state changed for device: XX:XX:XX:XX:C0:69 state: 10
05-30 10:22:35.248 D/BluetoothDatabase( 1324): getCustomMeta: device XX:XX:XX:XX:C0:69 is not in cache
