05-30 10:22:34.246 I/bt_btif_dm( 1324): packages/modules/Bluetooth/system/btif/src/btif_dm.cc:489 get_cod: get_cod remote_cod = 0x0000050c
05-30 10:22:34.246 I/bt_btif_dm( 1324): packages/modules/Bluetooth/system/btif/src/btif_dm.cc:571 bond_state_changed: Bond state changed to state=1 [0:none, 1:bonding, 2:bonded], prev_state=0, sdp_attempts = 0
05-30 10:22:34.246 I/bluetooth( 1324): packages/modules/Bluetooth/system/stack/btm/btm_dev.cc:174 BTM_SecDeleteDevice: Remove device xx:xx:xx:xx:c0:69 from filter accept list before delete record
05-30 10:22:34.246 I/BluetoothBondStateMachine( 1324): bondStateChangeCallback: Status: 0 Address: XX:XX:XX:XX:C0:69 newState: 1 hciReason: 0
05-30 10:22:34.246 I/bluetooth( 1324): packages/modules/Bluetooth/system/stack/btm/btm_dev.cc:192 BTM_SecDeleteDevice: BTM_SecDeleteDevice xx:xx:xx:xx:c0:69 complete
05-30 10:22:34.246 I/bt_btif_dm( 1324): packages/modules/Bluetooth/system/btif/src/btif_dm.cc:489 get_cod: get_cod remote_cod = 0x0000050c
05-30 10:22:34.246 I/bt_btif_dm( 1324): packages/modules/Bluetooth/system/btif/src/btif_dm.cc:489 get_cod: get_cod remote_cod = 0x0000050c
05-30 10:22:34.246 I/bt_btif_dm( 1324): packages/modules/Bluetooth/system/btif/src/btif_dm.cc:571 bond_state_changed: Bond state changed to state=0 [0:none, 1:bonding, 2:bonded], prev_state=1, sdp_attempts = 0
05-30 10:22:34.246 E/BluetoothMetricIdManager( 1324): packages/modules/Bluetooth/system/gd/common/metric_id_manager.cc:190 ForgetDevice: Failed to remove device from paired_device_cache_
05-30 10:22:34.247 I/bt_btif_dm( 1324): packages/modules/Bluetooth/system/btif/src/btif_dm.cc:620 bond_state_changed: clearing btif pairing_cb
05-30 10:22:34.247 E/bt_stack( 1324): [ERROR:bta_gattc_utils.cc(576)] bta_gattc_mark_bg_conn unable to find the bg connection mask for bd_addr=xx:xx:xx:xx:c0:69
05-30 10:22:34.247 W/bluetooth( 1324): packages/modules/Bluetooth/system/main/shim/acl.cc:189 Remove: Unknown device being removed from acceptlist:e4:bb:d3:57:c0:69[PUBLIC_DEVICE_ADDRESS]
05-30 10:22:34.247 I/BluetoothBondStateMachine( 1324): bondStateChangeCallback: Status: 1 Address: XX:XX:XX:XX:C0:69 newState: 0 hciReason: 1
05-30 10:22:34.247 W/bluetooth( 1324): packages/modules/Bluetooth/system/gd/hci/acl_manager/le_impl.h:821 remove_device_from_connect_list: Device not in acceptlist and cannot be removed:e4:bb:d3:57:c0:69[PUBLIC_DEVICE_ADDRESS]
05-30 10:22:34.248 I/bt_stack( 1324): [INFO:le_scanning_manager.cc(168)] Scan in shim layer stopped
05-30 10:22:34.248 I/bluetooth( 1324): packages/modules/Bluetooth/system/gd/hci/le_address_manager.cc:193 unregister_client: Client unregistered
05-30 10:22:34.250 I/bt_btif_dm( 1324): packages/modules/Bluetooth/system/btif/src/btif_dm.cc:695 btif_update_remote_properties: class of device (cod) is 0x00050c
05-30 10:22:34.250 I/bt_stack( 1324): [INFO:le_scanning_manager.cc(162)] Unregister in shim layer, scanner_id:2
05-30 10:22:34.251 I/BluetoothBondStateMachine( 1324): Entering PendingCommandState State
05-30 10:22:34.256 D/BluetoothCompanionManager( 1324): register metadata listener: XX:XX:XX:XX:C0:69
05-30 10:22:34.256 D/BluetoothAdapter( 1324): addOnMetadataChangedListener()
05-30 10:22:34.261 I/BluetoothBondStateMachine( 1324): Bond State Change Intent:XX:XX:XX:XX:C0:69 BOND_NONE => BOND_BONDING
05-30 10:22:34.264 I/dangbei111( 1911): cccccc on receiver=android.bluetooth.device.action.BOND_STATE_CHANGED,mac=E4:BB:D3:57:C0:69
05-30 10:22:34.264 I/dangbei111( 1911): Wait for auto connection, processBondStateChange: bondState: 10 --> 11
05-30 10:22:34.265 D/AdapterProperties( 1324): Failed to remove device: XX:XX:XX:XX:C0:69
05-30 10:22:34.265 D/BluetoothRemoteDevices( 1324): removeDualDevicesMapXX:XX:XX:XX:C0:69
05-30 10:22:34.265 D/FastPairService( 745): onReceive: ACTION_BOND_STATE_CHANGED
05-30 10:22:34.266 D/BluetoothRemoteDevices( 1324): mDualDevicesMap not have E4:BB:D3:57:C0:69
05-30 10:22:34.267 D/BluetoothCompanionManager( 1324): remove metadata listener: XX:XX:XX:XX:C0:69
05-30 10:22:34.267 D/BluetoothAdapter( 1324): removeOnMetadataChangedListener()
05-30 10:22:34.268 D/BluetoothDatabase( 1324): updateDatabase XX:XX:XX:XX:C0:69
05-30 10:22:34.269 D/A2dpService( 1324): Bond state changed for device: XX:XX:XX:XX:C0:69 state: 11
05-30 10:22:34.269 D/HearingAidService( 1324): Bond state changed for device: XX:XX:XX:XX:C0:69 state: 11
05-30 10:22:34.270 I/BLE_Service( 1332): BOND STATE CHANGED [Dangbei] - was 10, now is 11
05-30 10:22:34.272 I/BluetoothBondStateMachine( 1324): Bond State Change Intent:XX:XX:XX:XX:C0:69 BOND_BONDING => BOND_NONE
05-30 10:22:34.272 D/FastPairService( 745): onReceive: ACTION_BOND_STATE_CHANGED
05-30 10:22:34.272 D/FastPairService( 745): Forget device detect
05-30 10:22:34.272 W/HeadsetClientService( 1324): getHeadsetClientService(): service is null
05-30 10:22:34.272 W/PbapClientService( 1324): getPbapClientService(): service is null
05-30 10:22:34.272 V/BluetoothDatabase( 1324): setProfileConnectionPolicy connection policy not changed.
05-30 10:22:34.272 D/A2dpService( 1324): Saved connectionPolicy XX:XX:XX:XX:C0:69 = -1
05-30 10:22:34.272 V/BluetoothDatabase( 1324): setProfileConnectionPolicy connection policy not changed.
05-30 10:22:34.272 I/HeadsetService( 1324): setConnectionPolicy: device=XX:XX:XX:XX:C0:69, connectionPolicy=-1, uid/pid=1002/1324
05-30 10:22:34.272 V/BluetoothDatabase( 1324): setProfileConnectionPolicy connection policy not changed.
05-30 10:22:34.272 I/BluetoothBondStateMachine( 1324): StableState(): Entering Off State
05-30 10:22:34.278 D/A2dpService( 1324): Bond state changed for device: XX:XX:XX:XX:C0:69 state: 10
05-30 10:22:34.279 D/BluetoothDatabase( 1324): getCustomMeta: device XX:XX:XX:XX:C0:69 is not in cache
05-30 10:22:34.280 D/HearingAidService( 1324): Bond state changed for device: XX:XX:XX:XX:C0:69 state: 10
05-30 10:22:34.282 D/BluetoothDatabase( 1324): getCustomMeta: device XX:XX:XX:XX:C0:69 is not in cache
05-30 10:22:34.283 E/dangbei111( 1911): cccccc 开始扫描
05-30 10:22:34.283 D/BluetoothAdapter( 1911): isLeEnabled(): ON
05-30 10:22:34.285 I/BLE_Service( 1332): BOND STATE CHANGED [Dangbei] - was 11, now is 10
05-30 10:22:34.285 I/bt_stack( 1324): [INFO:le_scanning_manager.cc(155)] RegisterScanner in shim layer
05-30 10:22:34.286 D/BluetoothLeScanner( 1911): onScannerRegistered() - status=0 scannerId=1 mScannerId=0
05-30 10:22:34.287 D/BluetoothDatabase( 1324): getCustomMeta: device XX:XX:XX:XX:C0:69 is not in cache
05-30 10:22:34.288 D/ActivityAttributionService( 1324): notifyActivityAttributionInfo UID=1002 packageName=com.android.bluetooth deviceAddress=no_active_device_address
05-30 10:22:34.288 I/bt_btif ( 1324): packages/modules/Bluetooth/system/btif/src/bluetooth.cc:829 get_profile_interface: get_profile_interface: id = activity_attribution
05-30 10:22:34.288 I/bt_stack( 1324): [INFO:le_scanning_manager.cc(168)] Scan in shim layer started
05-30 10:22:34.288 I/bluetooth( 1324): packages/modules/Bluetooth/system/gd/hci/le_scanning_manager.cc:588 stop_scan: Scanning already stopped, return!
05-30 10:22:34.289 I/bt_stack( 1324): [INFO:le_scanning_manager.cc(168)] Scan in shim layer stopped
05-30 10:22:34.289 I/bt_stack( 1324): [INFO:le_scanning_manager.cc(346)] SetScanParameters in shim layer
05-30 10:22:34.289 I/bt_stack( 1324): [INFO:le_scanning_manager.cc(168)] Scan in shim layer started
05-30 10:22:34.289 I/bluetooth( 1324): packages/modules/Bluetooth/system/gd/hci/le_address_manager.cc:178 register_client: Client registered
05-30 10:22:34.289 I/bluetooth( 1324): packages/modules/Bluetooth/system/gd/hci/le_address_manager.cc:193 unregister_client: Client unregistered
05-30 10:22:34.289 I/bluetooth( 1324): packages/modules/Bluetooth/system/gd/hci/le_scanning_manager.cc:588 stop_scan: Scanning already stopped, return!
05-30 10:22:34.289 I/bluetooth( 1324): packages/modules/Bluetooth/system/gd/hci/le_address_manager.cc:178 register_client: Client registered
05-30 10:22:34.294 D/BluetoothAdapter( 1493): isLeEnabled(): ON
05-30 10:22:34.294 I/dangbei111( 1911): cccccc on receiver=android.bluetooth.device.action.BOND_STATE_CHANGED,mac=E4:BB:D3:57:C0:69
05-30 10:22:34.294 I/dangbei111( 1911): Wait for auto connection, processBondStateChange: bondState: 11 --> 10
05-30 10:22:34.297 I/bt_stack( 1324): [INFO:le_scanning_manager.cc(155)] RegisterScanner in shim layer
05-30 10:22:34.298 D/BluetoothLeScanner( 1493): onScannerRegistered() - status=0 scannerId=2 mScannerId=0
05-30 10:22:34.298 E/dangbei111( 1911): cccccc 开始扫描
05-30 10:22:34.298 D/BluetoothAdapter( 1911): isLeEnabled(): ON
05-30 10:22:34.301 D/ActivityAttributionService( 1324): notifyActivityAttributionInfo UID=1002 packageName=com.android.bluetooth deviceAddress=no_active_device_address
05-30 10:22:34.301 I/bt_btif ( 1324): packages/modules/Bluetooth/system/btif/src/bluetooth.cc:829 get_profile_interface: get_profile_interface: id = activity_attribution
05-30 10:22:34.302 D/BluetoothDatabase( 1324): getCustomMeta: device XX:XX:XX:XX:C0:69 is not in cache
05-30 10:22:34.306 D/BluetoothDatabase( 1324): getCustomMeta: device XX:XX:XX:XX:C0:69 is not in cache
05-30 10:22:34.307 W/BluetoothEventManager( 1124): showUnbondMessage: Not displaying any message for reason: 9
05-30 10:22:34.312 D/BluetoothDatabase( 1324): getCustomMeta: device XX:XX:XX:XX:C0:69 is not in cache
05-30 10:22:34.313 W/BluetoothEventManager( 1332): showUnbondMessage: Not displaying any message for reason: 9
05-30 10:22:34.315 D/BluetoothAdapter( 1493): isLeEnabled(): ON
05-30 10:22:34.316 D/BluetoothDatabase( 1324): getCustomMeta: device XX:XX:XX:XX:C0:69 is not in cache
05-30 10:22:34.328 I/bt_btif_dm( 1324): packages/modules/Bluetooth/system/btif/src/btif_dm.cc:695 btif_update_remote_properties: class of device (cod) is 0x00050c
05-30 10:22:34.332 E/dangbei111( 1911): cccccc scan 得到的设备和状态 Dangbei E4:BB:D3:57:C0:69 10
05-30 10:22:34.334 E/dangbei111( 1911): cccccc 扫描到了设备 Dangbei E4:BB:D3:57:C0:69
05-30 10:22:34.336 E/dangbei111( 1911): cccccc cancelDiscovery begin
05-30 10:22:34.337 E/dangbei111( 1911): cccccc 停止扫描,开始配对或者连接
05-30 10:22:34.338 D/BluetoothAdapter( 1911): isLeEnabled(): ON
05-30 10:22:34.342 D/ActivityAttributionService( 1324): notifyActivityAttributionInfo UID=1002 packageName=com.android.bluetooth deviceAddress=no_active_device_address
05-30 10:22:34.342 I/bt_btif ( 1324): packages/modules/Bluetooth/system/btif/src/bluetooth.cc:829 get_profile_interface: get_profile_interface: id = activity_attribution
05-30 10:22:34.345 I/bt_stack( 1324): [INFO:le_scanning_manager.cc(162)] Unregister in shim layer, scanner_id:1
05-30 10:22:34.345 E/dangbei111( 1911): bondOrConnect state=10
05-30 10:22:34.346 D/BluetoothAdapter( 1493): isLeEnabled(): ON
05-30 10:22:34.347 E/dangbei111( 1911): cccccc 开始配对 Dangbei E4:BB:D3:57:C0:69
05-30 10:22:34.349 D/ActivityAttributionService( 1324): notifyActivityAttributionInfo UID=1002 packageName=com.android.bluetooth deviceAddress=no_active_device_address
05-30 10:22:34.349 I/bt_btif ( 1324): packages/modules/Bluetooth/system/btif/src/bluetooth.cc:829 get_profile_interface: get_profile_interface: id = activity_attribution
05-30 10:22:34.350 I/bt_stack( 1324): [INFO:le_scanning_manager.cc(168)] Scan in shim layer stopped
05-30 10:22:34.350 I/bluetooth( 1324): packages/modules/Bluetooth/system/gd/hci/le_address_manager.cc:193 unregister_client: Client unregistered
05-30 10:22:34.351 I/bt_btif_dm( 1324): packages/modules/Bluetooth/system/btif/src/btif_dm.cc:2470 btif_dm_cancel_discovery: Cancel search
05-30 10:22:34.351 I/bluetooth( 1324): packages/modules/Bluetooth/system/bta/dm/bta_dm_main.cc:96 bta_dm_search_sm_execute: state:BTA_DM_SEARCH_IDLE, event:BTA_DM_API_SEARCH_CANCEL_EVT[0x201]
05-30 10:22:34.352 I/bt_stack( 1324): [INFO:le_scanning_manager.cc(162)] Unregister in shim layer, scanner_id:2
05-30 10:22:34.353 I/BluetoothBondStateMachine( 1324): Bond address is:XX:XX:XX:XX:C0:69
05-30 10:22:34.356 E/dangbei111( 1911): cccccc 配对结果 true Dangbei E4:BB:D3:57:C0:69
05-30 10:22:34.356 I/bt_btif_dm( 1324): packages/modules/Bluetooth/system/btif/src/btif_dm.cc:695 btif_update_remote_properties: class of device (cod) is 0x00050c
05-30 10:22:34.357 I/bt_btif_dm( 1324): packages/modules/Bluetooth/system/btif/src/btif_dm.cc:489 get_cod: get_cod remote_cod = 0x0000050c
05-30 10:22:34.357 I/bt_btif_dm( 1324): packages/modules/Bluetooth/system/btif/src/btif_dm.cc:489 get_cod: get_cod remote_cod = 0x0000050c
05-30 10:22:34.357 I/bt_btif_dm( 1324): packages/modules/Bluetooth/system/btif/src/btif_dm.cc:489 get_cod: get_cod remote_cod = 0x0000050c
05-30 10:22:34.357 I/bt_btif_dm( 1324): packages/modules/Bluetooth/system/btif/src/btif_dm.cc:571 bond_state_changed: Bond state changed to state=1 [0:none, 1:bonding, 2:bonded], prev_state=0, sdp_attempts = 0
05-30 10:22:34.357 I/BluetoothBondStateMachine( 1324): bondStateChangeCallback: Status: 0 Address: XX:XX:XX:XX:C0:69 newState: 1 hciReason: 0
05-30 10:22:34.357 I/bluetooth( 1324): packages/modules/Bluetooth/system/stack/btm/btm_dev.cc:174 BTM_SecDeleteDevice: Remove device xx:xx:xx:xx:c0:69 from filter accept list before delete record
05-30 10:22:34.357 I/bluetooth( 1324): packages/modules/Bluetooth/system/stack/btm/btm_dev.cc:192 BTM_SecDeleteDevice: BTM_SecDeleteDevice xx:xx:xx:xx:c0:69 complete
05-30 10:22:34.357 I/bt_btif_dm( 1324): packages/modules/Bluetooth/system/btif/src/btif_dm.cc:489 get_cod: get_cod remote_cod = 0x0000050c
05-30 10:22:34.358 I/bt_btif_dm( 1324): packages/modules/Bluetooth/system/btif/src/btif_dm.cc:489 get_cod: get_cod remote_cod = 0x0000050c
05-30 10:22:34.358 I/bt_btif_dm( 1324): packages/modules/Bluetooth/system/btif/src/btif_dm.cc:571 bond_state_changed: Bond state changed to state=0 [0:none, 1:bonding, 2:bonded], prev_state=1, sdp_attempts = 0
05-30 10:22:34.358 E/BluetoothMetricIdManager( 1324): packages/modules/Bluetooth/system/gd/common/metric_id_manager.cc:190 ForgetDevice: Failed to remove device from paired_device_cache_
05-30 10:22:34.358 I/bt_btif_dm( 1324): packages/modules/Bluetooth/system/btif/src/btif_dm.cc:620 bond_state_changed: clearing btif pairing_cb
05-30 10:22:34.358 E/bt_stack( 1324): [ERROR:bta_gattc_utils.cc(576)] bta_gattc_mark_bg_conn unable to find the bg connection mask for bd_addr=xx:xx:xx:xx:c0:69
05-30 10:22:34.358 W/bluetooth( 1324): packages/modules/Bluetooth/system/main/shim/acl.cc:189 Remove: Unknown device being removed from acceptlist:e4:bb:d3:57:c0:69[PUBLIC_DEVICE_ADDRESS]
05-30 10:22:34.358 W/bluetooth( 1324): packages/modules/Bluetooth/system/gd/hci/acl_manager/le_impl.h:821 remove_device_from_connect_list: Device not in acceptlist and cannot be removed:e4:bb:d3:57:c0:69[PUBLIC_DEVICE_ADDRESS]
05-30 10:22:34.359 I/BluetoothBondStateMachine( 1324): bondStateChangeCallback: Status: 1 Address: XX:XX:XX:XX:C0:69 newState: 0 hciReason: 1
05-30 10:22:34.363 I/BluetoothBondStateMachine( 1324): Entering PendingCommandState State
05-30 10:22:34.366 D/BluetoothCompanionManager( 1324): register metadata listener: XX:XX:XX:XX:C0:69
05-30 10:22:34.366 D/BluetoothAdapter( 1324): addOnMetadataChangedListener()
05-30 10:22:34.370 I/BluetoothBondStateMachine( 1324): Bond State Change Intent:XX:XX:XX:XX:C0:69 BOND_NONE => BOND_BONDING
05-30 10:22:34.370 D/FastPairService( 745): onReceive: ACTION_BOND_STATE_CHANGED
05-30 10:22:34.373 D/AdapterProperties( 1324): Failed to remove device: XX:XX:XX:XX:C0:69
05-30 10:22:34.373 D/BluetoothRemoteDevices( 1324): removeDualDevicesMapXX:XX:XX:XX:C0:69
05-30 10:22:34.375 D/BluetoothRemoteDevices( 1324): mDualDevicesMap not have E4:BB:D3:57:C0:69
05-30 10:22:34.375 D/BluetoothDatabase( 1324): updateDatabase XX:XX:XX:XX:C0:69
05-30 10:22:34.376 D/A2dpService( 1324): Bond state changed for device: XX:XX:XX:XX:C0:69 state: 11
05-30 10:22:34.376 D/BluetoothCompanionManager( 1324): remove metadata listener: XX:XX:XX:XX:C0:69
05-30 10:22:34.376 D/HearingAidService( 1324): Bond state changed for device: XX:XX:XX:XX:C0:69 state: 11
05-30 10:22:34.376 D/BluetoothAdapter( 1324): removeOnMetadataChangedListener()
05-30 10:22:34.382 I/dangbei111( 1911): cccccc on receiver=android.bluetooth.device.action.BOND_STATE_CHANGED,mac=E4:BB:D3:57:C0:69
05-30 10:22:34.382 I/dangbei111( 1911): Wait for auto connection, processBondStateChange: bondState: 10 --> 11
05-30 10:22:34.382 I/BluetoothBondStateMachine( 1324): Bond State Change Intent:XX:XX:XX:XX:C0:69 BOND_BONDING => BOND_NONE
05-30 10:22:34.382 D/FastPairService( 745): onReceive: ACTION_BOND_STATE_CHANGED
05-30 10:22:34.382 D/FastPairService( 745): Forget device detect
05-30 10:22:34.382 W/HeadsetClientService( 1324): getHeadsetClientService(): service is null
05-30 10:22:34.382 W/PbapClientService( 1324): getPbapClientService(): service is null
05-30 10:22:34.382 V/BluetoothDatabase( 1324): setProfileConnectionPolicy connection policy not changed.
05-30 10:22:34.383 D/A2dpService( 1324): Saved connectionPolicy XX:XX:XX:XX:C0:69 = -1
05-30 10:22:34.383 V/BluetoothDatabase( 1324): setProfileConnectionPolicy connection policy not changed.
05-30 10:22:34.383 I/HeadsetService( 1324): setConnectionPolicy: device=XX:XX:XX:XX:C0:69, connectionPolicy=-1, uid/pid=1002/1324
05-30 10:22:34.383 V/BluetoothDatabase( 1324): setProfileConnectionPolicy connection policy not changed.
05-30 10:22:34.383 I/BluetoothBondStateMachine( 1324): StableState(): Entering Off State
05-30 10:22:34.385 I/BLE_Service( 1332): BOND STATE CHANGED [Dangbei] - was 10, now is 11
05-30 10:22:34.387 D/BluetoothDatabase( 1324): getCustomMeta: device XX:XX:XX:XX:C0:69 is not in cache
05-30 10:22:34.388 D/A2dpService( 1324): Bond state changed for device: XX:XX:XX:XX:C0:69 state: 10
05-30 10:22:34.388 D/HearingAidService( 1324): Bond state changed for device: XX:XX:XX:XX:C0:69 state: 10
05-30 10:22:34.393 E/dangbei111( 1911): cccccc 开始扫描
05-30 10:22:34.393 D/BluetoothAdapter( 1911): isLeEnabled(): ON
05-30 10:22:34.395 I/bt_stack( 1324): [INFO:le_scanning_manager.cc(155)] RegisterScanner in shim layer
05-30 10:22:34.396 D/BluetoothLeScanner( 1911): onScannerRegistered() - status=0 scannerId=1 mScannerId=0
05-30 10:22:34.397 D/BluetoothDatabase( 1324): getCustomMeta: device XX:XX:XX:XX:C0:69 is not in cache
05-30 10:22:34.398 D/ActivityAttributionService( 1324): notifyActivityAttributionInfo UID=1002 packageName=com.android.bluetooth deviceAddress=no_active_device_address
05-30 10:22:34.398 I/bt_btif ( 1324): packages/modules/Bluetooth/system/btif/src/bluetooth.cc:829 get_profile_interface: get_profile_interface: id = activity_attribution
05-30 10:22:34.398 I/bt_stack( 1324): [INFO:le_scanning_manager.cc(168)] Scan in shim layer started
05-30 10:22:34.398 I/bluetooth( 1324): packages/modules/Bluetooth/system/gd/hci/le_scanning_manager.cc:588 stop_scan: Scanning already stopped, return!
05-30 10:22:34.398 I/bt_stack( 1324): [INFO:le_scanning_manager.cc(168)] Scan in shim layer stopped
05-30 10:22:34.399 I/bt_stack( 1324): [INFO:le_scanning_manager.cc(346)] SetScanParameters in shim layer
05-30 10:22:34.399 I/bt_stack( 1324): [INFO:le_scanning_manager.cc(168)] Scan in shim layer started
05-30 10:22:34.399 I/bluetooth( 1324): packages/modules/Bluetooth/system/gd/hci/le_address_manager.cc:178 register_client: Client registered
05-30 10:22:34.399 I/bluetooth( 1324): packages/modules/Bluetooth/system/gd/hci/le_address_manager.cc:193 unregister_client: Client unregistered
05-30 10:22:34.399 I/bluetooth( 1324): packages/modules/Bluetooth/system/gd/hci/le_scanning_manager.cc:588 stop_scan: Scanning already stopped, return!
05-30 10:22:34.399 I/bluetooth( 1324): packages/modules/Bluetooth/system/gd/hci/le_address_manager.cc:178 register_client: Client registered
05-30 10:22:34.400 I/BLE_Service( 1332): BOND STATE CHANGED [Dangbei] - was 11, now is 10
05-30 10:22:34.402 D/BluetoothDatabase( 1324): getCustomMeta: device XX:XX:XX:XX:C0:69 is not in cache
05-30 10:22:34.403 I/dangbei111( 1911): cccccc on receiver=android.bluetooth.device.action.BOND_STATE_CHANGED,mac=E4:BB:D3:57:C0:69
05-30 10:22:34.403 I/dangbei111( 1911): Wait for auto connection, processBondStateChange: bondState: 11 --> 10
05-30 10:22:34.410 E/dangbei111( 1911): cccccc 开始扫描
05-30 10:22:34.410 D/BluetoothAdapter( 1911): isLeEnabled(): ON
05-30 10:22:34.413 D/BluetoothAdapter( 1493): isLeEnabled(): ON
05-30 10:22:34.415 I/bt_stack( 1324): [INFO:le_scanning_manager.cc(155)] RegisterScanner in shim layer
05-30 10:22:34.415 D/BluetoothLeScanner( 1493): onScannerRegistered() - status=0 scannerId=2 mScannerId=0
05-30 10:22:34.416 D/BluetoothDatabase( 1324): getCustomMeta: device XX:XX:XX:XX:C0:69 is not in cache
05-30 10:22:34.418 D/ActivityAttributionService( 1324): notifyActivityAttributionInfo UID=1002 packageName=com.android.bluetooth deviceAddress=no_active_device_address
05-30 10:22:34.418 I/bt_btif ( 1324): packages/modules/Bluetooth/system/btif/src/bluetooth.cc:829 get_profile_interface: get_profile_interface: id = activity_attribution
05-30 10:22:34.419 W/BluetoothEventManager( 1124): showUnbondMessage: Not displaying any message for reason: 9
05-30 10:22:34.420 D/BluetoothDatabase( 1324): getCustomMeta: device XX:XX:XX:XX:C0:69 is not in cache
05-30 10:22:34.426 D/BluetoothDatabase( 1324): getCustomMeta: device XX:XX:XX:XX:C0:69 is not in cache
05-30 10:22:34.428 D/BluetoothAdapter( 1493): isLeEnabled(): ON
05-30 10:22:34.429 W/BluetoothEventManager( 1332): showUnbondMessage: Not displaying any message for reason: 9
05-30 10:22:34.430 D/BluetoothDatabase( 1324): getCustomMeta: device XX:XX:XX:XX:C0:69 is not in cache
05-30 10:22:34.434 I/bt_btif_dm( 1324): packages/modules/Bluetooth/system/btif/src/btif_dm.cc:695 btif_update_remote_properties: class of device (cod) is 0x00050c
05-30 10:22:34.438 E/dangbei111( 1911): cccccc scan 得到的设备和状态 Dangbei E4:BB:D3:57:C0:69 10
05-30 10:22:34.440 E/dangbei111( 1911): cccccc 扫描到了设备 Dangbei E4:BB:D3:57:C0:69
05-30 10:22:34.442 D/BluetoothAdapter( 1493): isLeEnabled(): ON
05-30 10:22:34.445 D/ActivityAttributionService( 1324): notifyActivityAttributionInfo UID=1002 packageName=com.android.bluetooth deviceAddress=no_active_device_address
05-30 10:22:34.445 I/bt_btif ( 1324): packages/modules/Bluetooth/system/btif/src/bluetooth.cc:829 get_profile_interface: get_profile_interface: id = activity_attribution
05-30 10:22:34.445 E/dangbei111( 1911): cccccc cancelDiscovery begin
05-30 10:22:34.446 I/bt_stack( 1324): [INFO:le_scanning_manager.cc(162)] Unregister in shim layer, scanner_id:2
05-30 10:22:34.447 E/dangbei111( 1911): cccccc 停止扫描,开始配对或者连接
05-30 10:22:34.447 D/BluetoothAdapter( 1911): isLeEnabled(): ON
05-30 10:22:34.449 D/ActivityAttributionService( 1324): notifyActivityAttributionInfo UID=1002 packageName=com.android.bluetooth deviceAddress=no_active_device_address
05-30 10:22:34.449 I/bt_stack( 1324): [INFO:le_scanning_manager.cc(168)] Scan in shim layer stopped
05-30 10:22:34.449 I/bt_btif ( 1324): packages/modules/Bluetooth/system/btif/src/bluetooth.cc:829 get_profile_interface: get_profile_interface: id = activity_attribution
05-30 10:22:34.449 I/bluetooth( 1324): packages/modules/Bluetooth/system/gd/hci/le_address_manager.cc:193 unregister_client: Client unregistered
05-30 10:22:34.451 I/bt_stack( 1324): [INFO:le_scanning_manager.cc(162)] Unregister in shim layer, scanner_id:1
05-30 10:22:34.451 E/dangbei111( 1911): bondOrConnect state=10
05-30 10:22:34.453 E/dangbei111( 1911): cccccc 开始配对 Dangbei E4:BB:D3:57:C0:69
05-30 10:22:34.455 I/bt_btif_dm( 1324): packages/modules/Bluetooth/system/btif/src/btif_dm.cc:2470 btif_dm_cancel_discovery: Cancel search
05-30 10:22:34.455 I/bluetooth( 1324): packages/modules/Bluetooth/system/bta/dm/bta_dm_main.cc:96 bta_dm_search_sm_execute: state:BTA_DM_SEARCH_IDLE, event:BTA_DM_API_SEARCH_CANCEL_EVT[0x201]
05-30 10:22:34.456 I/BluetoothBondStateMachine( 1324): Bond address is:XX:XX:XX:XX:C0:69
05-30 10:22:34.457 E/dangbei111( 1911): cccccc 配对结果 true Dangbei E4:BB:D3:57:C0:69
05-30 10:22:34.459 I/bt_btif_dm( 1324): packages/modules/Bluetooth/system/btif/src/btif_dm.cc:695 btif_update_remote_properties: class of device (cod) is 0x00050c
05-30 10:22:34.460 I/bt_btif_dm( 1324): packages/modules/Bluetooth/system/btif/src/btif_dm.cc:489 get_cod: get_cod remote_cod = 0x0000050c
05-30 10:22:34.460 I/bt_btif_dm( 1324): packages/modules/Bluetooth/system/btif/src/btif_dm.cc:489 get_cod: get_cod remote_cod = 0x0000050c
05-30 10:22:34.460 I/bt_btif_dm( 1324): packages/modules/Bluetooth/system/btif/src/btif_dm.cc:489 get_cod: get_cod remote_cod = 0x0000050c
05-30 10:22:34.460 I/bt_btif_dm( 1324): packages/modules/Bluetooth/system/btif/src/btif_dm.cc:571 bond_state_changed: Bond state changed to state=1 [0:none, 1:bonding, 2:bonded], prev_state=0, sdp_attempts = 0
05-30 10:22:34.460 I/bluetooth( 1324): packages/modules/Bluetooth/system/stack/btm/btm_dev.cc:174 BTM_SecDeleteDevice: Remove device xx:xx:xx:xx:c0:69 from filter accept list before delete record
05-30 10:22:34.460 I/bluetooth( 1324): packages/modules/Bluetooth/system/stack/btm/btm_dev.cc:192 BTM_SecDeleteDevice: BTM_SecDeleteDevice xx:xx:xx:xx:c0:69 complete
05-30 10:22:34.460 I/bt_btif_dm( 1324): packages/modules/Bluetooth/system/btif/src/btif_dm.cc:489 get_cod: get_cod remote_cod = 0x0000050c
05-30 10:22:34.460 I/bt_btif_dm( 1324): packages/modules/Bluetooth/system/btif/src/btif_dm.cc:489 get_cod: get_cod remote_cod = 0x0000050c
05-30 10:22:34.460 I/bt_btif_dm( 1324): packages/modules/Bluetooth/system/btif/src/btif_dm.cc:571 bond_state_changed: Bond state changed to state=0 [0:none, 1:bonding, 2:bonded], prev_state=1, sdp_attempts = 0
05-30 10:22:34.460 E/BluetoothMetricIdManager( 1324): packages/modules/Bluetooth/system/gd/common/metric_id_manager.cc:190 ForgetDevice: Failed to remove device from paired_device_cache_
05-30 10:22:34.460 I/bt_btif_dm( 1324): packages/modules/Bluetooth/system/btif/src/btif_dm.cc:620 bond_state_changed: clearing btif pairing_cb
05-30 10:22:34.460 E/bt_stack( 1324): [ERROR:bta_gattc_utils.cc(576)] bta_gattc_mark_bg_conn unable to find the bg connection mask for bd_addr=xx:xx:xx:xx:c0:69
05-30 10:22:34.460 W/bluetooth( 1324): packages/modules/Bluetooth/system/main/shim/acl.cc:189 Remove: Unknown device being removed from acceptlist:e4:bb:d3:57:c0:69[PUBLIC_DEVICE_ADDRESS]
05-30 10:22:34.461 W/bluetooth( 1324): packages/modules/Bluetooth/system/gd/hci/acl_manager/le_impl.h:821 remove_device_from_connect_list: Device not in acceptlist and cannot be removed:e4:bb:d3:57:c0:69[PUBLIC_DEVICE_ADDRESS]
05-30 10:22:34.461 I/BluetoothBondStateMachine( 1324): bondStateChangeCallback: Status: 0 Address: XX:XX:XX:XX:C0:69 newState: 1 hciReason: 0
05-30 10:22:34.461 I/BluetoothBondStateMachine( 1324): bondStateChangeCallback: Status: 1 Address: XX:XX:XX:XX:C0:69 newState: 0 hciReason: 1
05-30 10:22:34.464 I/BluetoothBondStateMachine( 1324): Entering PendingCommandState State
05-30 10:22:34.468 D/BluetoothCompanionManager( 1324): register metadata listener: XX:XX:XX:XX:C0:69
05-30 10:22:34.468 D/BluetoothAdapter( 1324): addOnMetadataChangedListener()
05-30 10:22:34.472 I/BluetoothBondStateMachine( 1324): Bond State Change Intent:XX:XX:XX:XX:C0:69 BOND_NONE => BOND_BONDING
05-30 10:22:34.472 D/FastPairService( 745): onReceive: ACTION_BOND_STATE_CHANGED
05-30 10:22:34.476 D/AdapterProperties( 1324): Failed to remove device: XX:XX:XX:XX:C0:69
05-30 10:22:34.476 D/BluetoothRemoteDevices( 1324): removeDualDevicesMapXX:XX:XX:XX:C0:69
05-30 10:22:34.478 D/BluetoothDatabase( 1324): updateDatabase XX:XX:XX:XX:C0:69
05-30 10:22:34.478 D/BluetoothRemoteDevices( 1324): mDualDevicesMap not have E4:BB:D3:57:C0:69
05-30 10:22:34.479 D/BluetoothCompanionManager( 1324): remove metadata listener: XX:XX:XX:XX:C0:69
05-30 10:22:34.479 D/BluetoothAdapter( 1324): removeOnMetadataChangedListener()
05-30 10:22:34.480 D/A2dpService( 1324): Bond state changed for device: XX:XX:XX:XX:C0:69 state: 11
05-30 10:22:34.480 D/HearingAidService( 1324): Bond state changed for device: XX:XX:XX:XX:C0:69 state: 11
05-30 10:22:34.480 I/BLE_Service( 1332): BOND STATE CHANGED [Dangbei] - was 10, now is 11
05-30 10:22:34.482 I/dangbei111( 1911): cccccc on receiver=android.bluetooth.device.action.BOND_STATE_CHANGED,mac=E4:BB:D3:57:C0:69
05-30 10:22:34.482 I/dangbei111( 1911): Wait for auto connection, processBondStateChange: bondState: 10 --> 11
05-30 10:22:34.484 I/BluetoothBondStateMachine( 1324): Bond State Change Intent:XX:XX:XX:XX:C0:69 BOND_BONDING => BOND_NONE
05-30 10:22:34.484 W/HeadsetClientService( 1324): getHeadsetClientService(): service is null
05-30 10:22:34.484 W/PbapClientService( 1324): getPbapClientService(): service is null
05-30 10:22:34.484 V/BluetoothDatabase( 1324): setProfileConnectionPolicy connection policy not changed.
05-30 10:22:34.484 D/A2dpService( 1324): Saved connectionPolicy XX:XX:XX:XX:C0:69 = -1
05-30 10:22:34.484 V/BluetoothDatabase( 1324): setProfileConnectionPolicy connection policy not changed.
05-30 10:22:34.484 I/HeadsetService( 1324): setConnectionPolicy: device=XX:XX:XX:XX:C0:69, connectionPolicy=-1, uid/pid=1002/1324
05-30 10:22:34.484 V/BluetoothDatabase( 1324): setProfileConnectionPolicy connection policy not changed.
05-30 10:22:34.484 D/FastPairService( 745): onReceive: ACTION_BOND_STATE_CHANGED
05-30 10:22:34.484 I/BluetoothBondStateMachine( 1324): StableState(): Entering Off State
05-30 10:22:34.484 D/FastPairService( 745): Forget device detect
05-30 10:22:34.488 D/A2dpService( 1324): Bond state changed for device: XX:XX:XX:XX:C0:69 state: 10
05-30 10:22:34.489 D/BluetoothDatabase( 1324): getCustomMeta: device XX:XX:XX:XX:C0:69 is not in cache
05-30 10:22:34.491 D/HearingAidService( 1324): Bond state changed for device: XX:XX:XX:XX:C0:69 state: 10
05-30 10:22:34.494 E/dangbei111( 1911): cccccc 开始扫描
05-30 10:22:34.494 D/BluetoothAdapter( 1911): isLeEnabled(): ON
05-30 10:22:34.495 D/BluetoothDatabase( 1324): getCustomMeta: device XX:XX:XX:XX:C0:69 is not in cache
05-30 10:22:34.496 I/bt_stack( 1324): [INFO:le_scanning_manager.cc(155)] RegisterScanner in shim layer
05-30 10:22:34.497 D/BluetoothLeScanner( 1911): onScannerRegistered() - status=0 scannerId=1 mScannerId=0
05-30 10:22:34.499 I/BLE_Service( 1332): BOND STATE CHANGED [Dangbei] - was 11, now is 10
05-30 10:22:34.500 D/ActivityAttributionService( 1324): notifyActivityAttributionInfo UID=1002 packageName=com.android.bluetooth deviceAddress=no_active_device_address
05-30 10:22:34.500 I/bt_btif ( 1324): packages/modules/Bluetooth/system/btif/src/bluetooth.cc:829 get_profile_interface: get_profile_interface: id = activity_attribution
05-30 10:22:34.500 I/bt_stack( 1324): [INFO:le_scanning_manager.cc(168)] Scan in shim layer started
05-30 10:22:34.500 I/bluetooth( 1324): packages/modules/Bluetooth/system/gd/hci/le_scanning_manager.cc:588 stop_scan: Scanning already stopped, return!
05-30 10:22:34.500 I/bt_stack( 1324): [INFO:le_scanning_manager.cc(168)] Scan in shim layer stopped
05-30 10:22:34.500 I/bt_stack( 1324): [INFO:le_scanning_manager.cc(346)] SetScanParameters in shim layer
05-30 10:22:34.500 I/bt_stack( 1324): [INFO:le_scanning_manager.cc(168)] Scan in shim layer started
05-30 10:22:34.500 I/bluetooth( 1324): packages/modules/Bluetooth/system/gd/hci/le_address_manager.cc:178 register_client: Client registered
05-30 10:22:34.500 I/bluetooth( 1324): packages/modules/Bluetooth/system/gd/hci/le_address_manager.cc:193 unregister_client: Client unregistered
05-30 10:22:34.500 I/bluetooth( 1324): packages/modules/Bluetooth/system/gd/hci/le_scanning_manager.cc:588 stop_scan: Scanning already stopped, return!
05-30 10:22:34.501 I/bluetooth( 1324): packages/modules/Bluetooth/system/gd/hci/le_address_manager.cc:178 register_client: Client registered
05-30 10:22:34.505 I/dangbei111( 1911): cccccc on receiver=android.bluetooth.device.action.BOND_STATE_CHANGED,mac=E4:BB:D3:57:C0:69
05-30 10:22:34.505 I/dangbei111( 1911): Wait for auto connection, processBondStateChange: bondState: 11 --> 10
05-30 10:22:34.510 D/BluetoothAdapter( 1493): isLeEnabled(): ON
05-30 10:22:34.511 E/dangbei111( 1911): cccccc 开始扫描
05-30 10:22:34.511 D/BluetoothAdapter( 1911): isLeEnabled(): ON
05-30 10:22:34.512 I/bt_stack( 1324): [INFO:le_scanning_manager.cc(155)] RegisterScanner in shim layer
05-30 10:22:34.513 D/BluetoothLeScanner( 1493): onScannerRegistered() - status=0 scannerId=2 mScannerId=0
05-30 10:22:34.514 D/BluetoothDatabase( 1324): getCustomMeta: device XX:XX:XX:XX:C0:69 is not in cache
05-30 10:22:34.516 D/ActivityAttributionService( 1324): notifyActivityAttributionInfo UID=1002 packageName=com.android.bluetooth deviceAddress=no_active_device_address
05-30 10:22:34.516 I/bt_btif ( 1324): packages/modules/Bluetooth/system/btif/src/bluetooth.cc:829 get_profile_interface: get_profile_interface: id = activity_attribution
05-30 10:22:34.517 W/BluetoothEventManager( 1124): showUnbondMessage: Not displaying any message for reason: 9
05-30 10:22:34.517 D/BluetoothDatabase( 1324): getCustomMeta: device XX:XX:XX:XX:C0:69 is not in cache
05-30 10:22:34.521 D/BluetoothDatabase( 1324): getCustomMeta: device XX:XX:XX:XX:C0:69 is not in cache
05-30 10:22:34.524 D/BluetoothDatabase( 1324): getCustomMeta: device XX:XX:XX:XX:C0:69 is not in cache
05-30 10:22:34.526 W/BluetoothEventManager( 1332): showUnbondMessage: Not displaying any message for reason: 9
05-30 10:22:34.528 D/BluetoothAdapter( 1493): isLeEnabled(): ON
05-30 10:22:34.587 I/bt_btif_dm( 1324): packages/modules/Bluetooth/system/btif/src/btif_dm.cc:695 btif_update_remote_properties: class of device (cod) is 0x00050c
05-30 10:22:34.591 E/dangbei111( 1911): cccccc scan 得到的设备和状态 Dangbei E4:BB:D3:57:C0:69 10
05-30 10:22:34.593 E/dangbei111( 1911): cccccc 扫描到了设备 Dangbei E4:BB:D3:57:C0:69
05-30 10:22:34.594 D/BluetoothAdapter( 1493): isLeEnabled(): ON
05-30 10:22:34.596 E/dangbei111( 1911): cccccc cancelDiscovery begin
05-30 10:22:34.597 E/dangbei111( 1911): cccccc 停止扫描,开始配对或者连接
05-30 10:22:34.597 D/BluetoothAdapter( 1911): isLeEnabled(): ON
05-30 10:22:34.598 D/ActivityAttributionService( 1324): notifyActivityAttributionInfo UID=1002 packageName=com.android.bluetooth deviceAddress=no_active_device_address
05-30 10:22:34.598 I/bt_btif ( 1324): packages/modules/Bluetooth/system/btif/src/bluetooth.cc:829 get_profile_interface: get_profile_interface: id = activity_attribution
05-30 10:22:34.600 D/ActivityAttributionService( 1324): notifyActivityAttributionInfo UID=1002 packageName=com.android.bluetooth deviceAddress=no_active_device_address
05-30 10:22:34.601 I/bt_btif ( 1324): packages/modules/Bluetooth/system/btif/src/bluetooth.cc:829 get_profile_interface: get_profile_interface: id = activity_attribution
05-30 10:22:34.601 I/bt_stack( 1324): [INFO:le_scanning_manager.cc(168)] Scan in shim layer stopped
05-30 10:22:34.601 I/bluetooth( 1324): packages/modules/Bluetooth/system/gd/hci/le_address_manager.cc:193 unregister_client: Client unregistered
05-30 10:22:34.603 I/bt_stack( 1324): [INFO:le_scanning_manager.cc(162)] Unregister in shim layer, scanner_id:2
05-30 10:22:34.604 I/bt_stack( 1324): [INFO:le_scanning_manager.cc(162)] Unregister in shim layer, scanner_id:1
05-30 10:22:34.605 E/dangbei111( 1911): bondOrConnect state=10
05-30 10:22:34.606 E/dangbei111( 1911): cccccc 开始配对 Dangbei E4:BB:D3:57:C0:69
05-30 10:22:34.610 I/bt_btif_dm( 1324): packages/modules/Bluetooth/system/btif/src/btif_dm.cc:2470 btif_dm_cancel_discovery: Cancel search
05-30 10:22:34.610 I/bluetooth( 1324): packages/modules/Bluetooth/system/bta/dm/bta_dm_main.cc:96 bta_dm_search_sm_execute: state:BTA_DM_SEARCH_IDLE, event:BTA_DM_API_SEARCH_CANCEL_EVT[0x201]
05-30 10:22:34.611 I/BluetoothBondStateMachine( 1324): Bond address is:XX:XX:XX:XX:C0:69
05-30 10:22:34.613 E/dangbei111( 1911): cccccc 配对结果 true Dangbei E4:BB:D3:57:C0:69
05-30 10:22:34.613 I/bt_btif_dm( 1324): packages/modules/Bluetooth/system/btif/src/btif_dm.cc:489 get_cod: get_cod remote_cod = 0x0000050c
05-30 10:22:34.613 I/bt_btif_dm( 1324): packages/modules/Bluetooth/system/btif/src/btif_dm.cc:489 get_cod: get_cod remote_cod = 0x0000050c
05-30 10:22:34.613 I/bt_btif_dm( 1324): packages/modules/Bluetooth/system/btif/src/btif_dm.cc:489 get_cod: get_cod remote_cod = 0x0000050c
05-30 10:22:34.613 I/bt_btif_dm( 1324): packages/modules/Bluetooth/system/btif/src/btif_dm.cc:571 bond_state_changed: Bond state changed to state=1 [0:none, 1:bonding, 2:bonded], prev_state=0, sdp_attempts = 0
05-30 10:22:34.614 I/bluetooth( 1324): packages/modules/Bluetooth/system/stack/btm/btm_dev.cc:174 BTM_SecDeleteDevice: Remove device xx:xx:xx:xx:c0:69 from filter accept list before delete record
05-30 10:22:34.614 I/bluetooth( 1324): packages/modules/Bluetooth/system/stack/btm/btm_dev.cc:192 BTM_SecDeleteDevice: BTM_SecDeleteDevice xx:xx:xx:xx:c0:69 complete
05-30 10:22:34.614 I/bt_btif_dm( 1324): packages/modules/Bluetooth/system/btif/src/btif_dm.cc:489 get_cod: get_cod remote_cod = 0x0000050c
05-30 10:22:34.614 I/bt_btif_dm( 1324): packages/modules/Bluetooth/system/btif/src/btif_dm.cc:489 get_cod: get_cod remote_cod = 0x0000050c
05-30 10:22:34.614 I/bt_btif_dm( 1324): packages/modules/Bluetooth/system/btif/src/btif_dm.cc:571 bond_state_changed: Bond state changed to state=0 [0:none, 1:bonding, 2:bonded], prev_state=1, sdp_attempts = 0
05-30 10:22:34.614 E/BluetoothMetricIdManager( 1324): packages/modules/Bluetooth/system/gd/common/metric_id_manager.cc:190 ForgetDevice: Failed to remove device from paired_device_cache_
05-30 10:22:34.614 I/bt_btif_dm( 1324): packages/modules/Bluetooth/system/btif/src/btif_dm.cc:620 bond_state_changed: clearing btif pairing_cb
05-30 10:22:34.614 E/bt_stack( 1324): [ERROR:bta_gattc_utils.cc(576)] bta_gattc_mark_bg_conn unable to find the bg connection mask for bd_addr=xx:xx:xx:xx:c0:69
05-30 10:22:34.614 W/bluetooth( 1324): packages/modules/Bluetooth/system/main/shim/acl.cc:189 Remove: Unknown device being removed from acceptlist:e4:bb:d3:57:c0:69[PUBLIC_DEVICE_ADDRESS]
05-30 10:22:34.614 W/bluetooth( 1324): packages/modules/Bluetooth/system/gd/hci/acl_manager/le_impl.h:821 remove_device_from_connect_list: Device not in acceptlist and cannot be removed:e4:bb:d3:57:c0:69[PUBLIC_DEVICE_ADDRESS]
05-30 10:22:34.614 I/BluetoothBondStateMachine( 1324): bondStateChangeCallback: Status: 0 Address: XX:XX:XX:XX:C0:69 newState: 1 hciReason: 0
05-30 10:22:34.614 I/BluetoothBondStateMachine( 1324): bondStateChangeCallback: Status: 1 Address: XX:XX:XX:XX:C0:69 newState: 0 hciReason: 1
05-30 10:22:34.617 I/BluetoothBondStateMachine( 1324): Entering PendingCommandState State
05-30 10:22:34.620 D/BluetoothCompanionManager( 1324): register metadata listener: XX:XX:XX:XX:C0:69
05-30 10:22:34.620 D/BluetoothAdapter( 1324): addOnMetadataChangedListener()
05-30 10:22:34.624 I/BluetoothBondStateMachine( 1324): Bond State Change Intent:XX:XX:XX:XX:C0:69 BOND_NONE => BOND_BONDING
05-30 10:22:34.626 D/FastPairService( 745): onReceive: ACTION_BOND_STATE_CHANGED
05-30 10:22:34.628 D/AdapterProperties( 1324): Failed to remove device: XX:XX:XX:XX:C0:69
05-30 10:22:34.628 D/BluetoothRemoteDevices( 1324): removeDualDevicesMapXX:XX:XX:XX:C0:69
05-30 10:22:34.629 I/dangbei111( 1911): cccccc on receiver=android.bluetooth.device.action.BOND_STATE_CHANGED,mac=E4:BB:D3:57:C0:69
05-30 10:22:34.629 I/dangbei111( 1911): Wait for auto connection, processBondStateChange: bondState: 10 --> 11
05-30 10:22:34.630 D/BluetoothRemoteDevices( 1324): mDualDevicesMap not have E4:BB:D3:57:C0:69
05-30 10:22:34.631 D/BluetoothCompanionManager( 1324): remove metadata listener: XX:XX:XX:XX:C0:69
05-30 10:22:34.631 D/BluetoothAdapter( 1324): removeOnMetadataChangedListener()
05-30 10:22:34.633 D/BluetoothDatabase( 1324): updateDatabase XX:XX:XX:XX:C0:69
05-30 10:22:34.633 D/A2dpService( 1324): Bond state changed for device: XX:XX:XX:XX:C0:69 state: 11
05-30 10:22:34.635 D/HearingAidService( 1324): Bond state changed for device: XX:XX:XX:XX:C0:69 state: 11
05-30 10:22:34.636 I/BluetoothBondStateMachine( 1324): Bond State Change Intent:XX:XX:XX:XX:C0:69 BOND_BONDING => BOND_NONE
05-30 10:22:34.636 E/dangbei111( 1911): cccccc 开始扫描
05-30 10:22:34.636 D/BluetoothAdapter( 1911): isLeEnabled(): ON
05-30 10:22:34.636 W/HeadsetClientService( 1324): getHeadsetClientService(): service is null
05-30 10:22:34.636 W/PbapClientService( 1324): getPbapClientService(): service is null
05-30 10:22:34.636 V/BluetoothDatabase( 1324): setProfileConnectionPolicy connection policy not changed.
05-30 10:22:34.636 D/A2dpService( 1324): Saved connectionPolicy XX:XX:XX:XX:C0:69 = -1
05-30 10:22:34.636 V/BluetoothDatabase( 1324): setProfileConnectionPolicy connection policy not changed.
05-30 10:22:34.636 I/HeadsetService( 1324): setConnectionPolicy: device=XX:XX:XX:XX:C0:69, connectionPolicy=-1, uid/pid=1002/1324
05-30 10:22:34.636 V/BluetoothDatabase( 1324): setProfileConnectionPolicy connection policy not changed.
05-30 10:22:34.636 I/BluetoothBondStateMachine( 1324): StableState(): Entering Off State
05-30 10:22:34.638 D/FastPairService( 745): onReceive: ACTION_BOND_STATE_CHANGED
05-30 10:22:34.638 D/FastPairService( 745): Forget device detect
05-30 10:22:34.638 I/bt_stack( 1324): [INFO:le_scanning_manager.cc(155)] RegisterScanner in shim layer
05-30 10:22:34.639 D/BluetoothLeScanner( 1911): onScannerRegistered() - status=0 scannerId=1 mScannerId=0
05-30 10:22:34.640 D/A2dpService( 1324): Bond state changed for device: XX:XX:XX:XX:C0:69 state: 10
05-30 10:22:34.643 I/bt_stack( 1324): [INFO:le_scanning_manager.cc(168)] Scan in shim layer started
05-30 10:22:34.643 I/bluetooth( 1324): packages/modules/Bluetooth/system/gd/hci/le_scanning_manager.cc:588 stop_scan: Scanning already stopped, return!
05-30 10:22:34.644 I/bluetooth( 1324): packages/modules/Bluetooth/system/gd/hci/le_address_manager.cc:178 register_client: Client registered
05-30 10:22:34.644 I/bt_stack( 1324): [INFO:le_scanning_manager.cc(168)] Scan in shim layer stopped
05-30 10:22:34.644 I/bluetooth( 1324): packages/modules/Bluetooth/system/gd/hci/le_address_manager.cc:193 unregister_client: Client unregistered
05-30 10:22:34.645 I/bt_stack( 1324): [INFO:le_scanning_manager.cc(346)] SetScanParameters in shim layer
05-30 10:22:34.645 D/HearingAidService( 1324): Bond state changed for device: XX:XX:XX:XX:C0:69 state: 10
05-30 10:22:34.645 I/bt_stack( 1324): [INFO:le_scanning_manager.cc(168)] Scan in shim layer started
05-30 10:22:34.645 I/bluetooth( 1324): packages/modules/Bluetooth/system/gd/hci/le_scanning_manager.cc:588 stop_scan: Scanning already stopped, return!
05-30 10:22:34.645 I/bluetooth( 1324): packages/modules/Bluetooth/system/gd/hci/le_address_manager.cc:178 register_client: Client registered
05-30 10:22:34.647 D/BluetoothDatabase( 1324): getCustomMeta: device XX:XX:XX:XX:C0:69 is not in cache
05-30 10:22:34.648 D/ActivityAttributionService( 1324): notifyActivityAttributionInfo UID=1002 packageName=com.android.bluetooth deviceAddress=no_active_device_address
05-30 10:22:34.649 I/bt_btif ( 1324): packages/modules/Bluetooth/system/btif/src/bluetooth.cc:829 get_profile_interface: get_profile_interface: id = activity_attribution
05-30 10:22:34.649 I/BLE_Service( 1332): BOND STATE CHANGED [Dangbei] - was 10, now is 11
05-30 10:22:34.652 D/BluetoothDatabase( 1324): getCustomMeta: device XX:XX:XX:XX:C0:69 is not in cache
05-30 10:22:34.654 I/dangbei111( 1911): cccccc on receiver=android.bluetooth.device.action.BOND_STATE_CHANGED,mac=E4:BB:D3:57:C0:69
05-30 10:22:34.654 I/dangbei111( 1911): Wait for auto connection, processBondStateChange: bondState: 11 --> 10
05-30 10:22:34.660 E/dangbei111( 1911): cccccc 开始扫描
05-30 10:22:34.660 D/BluetoothAdapter( 1911): isLeEnabled(): ON
05-30 10:22:34.662 D/BluetoothDatabase( 1324): getCustomMeta: device XX:XX:XX:XX:C0:69 is not in cache
05-30 10:22:34.664 D/BluetoothAdapter( 1493): isLeEnabled(): ON
05-30 10:22:34.666 I/BLE_Service( 1332): BOND STATE CHANGED [Dangbei] - was 11, now is 10
05-30 10:22:34.666 I/bt_stack( 1324): [INFO:le_scanning_manager.cc(155)] RegisterScanner in shim layer
05-30 10:22:34.667 D/BluetoothLeScanner( 1493): onScannerRegistered() - status=0 scannerId=2 mScannerId=0
05-30 10:22:34.667 D/BluetoothDatabase( 1324): getCustomMeta: device XX:XX:XX:XX:C0:69 is not in cache
05-30 10:22:34.669 D/ActivityAttributionService( 1324): notifyActivityAttributionInfo UID=1002 packageName=com.android.bluetooth deviceAddress=no_active_device_address
05-30 10:22:34.669 I/bt_btif ( 1324): packages/modules/Bluetooth/system/btif/src/bluetooth.cc:829 get_profile_interface: get_profile_interface: id = activity_attribution
05-30 10:22:34.670 D/BluetoothDatabase( 1324): getCustomMeta: device XX:XX:XX:XX:C0:69 is not in cache
05-30 10:22:34.674 W/BluetoothEventManager( 1124): showUnbondMessage: Not displaying any message for reason: 9
05-30 10:22:34.677 I/bt_btif_dm( 1324): packages/modules/Bluetooth/system/btif/src/btif_dm.cc:695 btif_update_remote_properties: class of device (cod) is 0x00050c
05-30 10:22:34.677 D/BluetoothDatabase( 1324): getCustomMeta: device XX:XX:XX:XX:C0:69 is not in cache
05-30 10:22:34.683 E/dangbei111( 1911): cccccc scan 得到的设备和状态 Dangbei E4:BB:D3:57:C0:69 10
05-30 10:22:34.684 D/BluetoothAdapter( 1493): isLeEnabled(): ON
05-30 10:22:34.686 E/dangbei111( 1911): cccccc 扫描到了设备 Dangbei E4:BB:D3:57:C0:69
05-30 10:22:34.687 D/BluetoothAdapter( 1493): isLeEnabled(): ON
05-30 10:22:34.689 D/BluetoothDatabase( 1324): getCustomMeta: device XX:XX:XX:XX:C0:69 is not in cache
05-30 10:22:34.690 D/ActivityAttributionService( 1324): notifyActivityAttributionInfo UID=1002 packageName=com.android.bluetooth deviceAddress=no_active_device_address
05-30 10:22:34.690 I/bt_btif ( 1324): packages/modules/Bluetooth/system/btif/src/bluetooth.cc:829 get_profile_interface: get_profile_interface: id = activity_attribution
05-30 10:22:34.692 I/bt_stack( 1324): [INFO:le_scanning_manager.cc(162)] Unregister in shim layer, scanner_id:2
05-30 10:22:34.692 D/BluetoothDatabase( 1324): getCustomMeta: device XX:XX:XX:XX:C0:69 is not in cache
05-30 10:22:34.694 W/BluetoothEventManager( 1332): showUnbondMessage: Not displaying any message for reason: 9
05-30 10:22:34.695 E/dangbei111( 1911): cccccc cancelDiscovery begin
05-30 10:22:34.696 E/dangbei111( 1911): cccccc 停止扫描,开始配对或者连接
05-30 10:22:34.697 D/BluetoothAdapter( 1911): isLeEnabled(): ON
05-30 10:22:34.699 D/ActivityAttributionService( 1324): notifyActivityAttributionInfo UID=1002 packageName=com.android.bluetooth deviceAddress=no_active_device_address
05-30 10:22:34.699 I/bt_btif ( 1324): packages/modules/Bluetooth/system/btif/src/bluetooth.cc:829 get_profile_interface: get_profile_interface: id = activity_attribution
05-30 10:22:34.699 I/bt_stack( 1324): [INFO:le_scanning_manager.cc(168)] Scan in shim layer stopped
05-30 10:22:34.699 I/bluetooth( 1324): packages/modules/Bluetooth/system/gd/hci/le_address_manager.cc:193 unregister_client: Client unregistered
05-30 10:22:34.700 I/bt_stack( 1324): [INFO:le_scanning_manager.cc(162)] Unregister in shim layer, scanner_id:1
05-30 10:22:34.701 E/dangbei111( 1911): bondOrConnect state=10
05-30 10:22:34.702 E/dangbei111( 1911): cccccc 开始配对 Dangbei E4:BB:D3:57:C0:69
05-30 10:22:34.703 I/bt_btif_dm( 1324): packages/modules/Bluetooth/system/btif/src/btif_dm.cc:695 btif_update_remote_properties: class of device (cod) is 0x00050c
05-30 10:22:34.705 I/bt_btif_dm( 1324): packages/modules/Bluetooth/system/btif/src/btif_dm.cc:2470 btif_dm_cancel_discovery: Cancel search
05-30 10:22:34.705 I/bluetooth( 1324): packages/modules/Bluetooth/system/bta/dm/bta_dm_main.cc:96 bta_dm_search_sm_execute: state:BTA_DM_SEARCH_IDLE, event:BTA_DM_API_SEARCH_CANCEL_EVT[0x201]
05-30 10:22:34.706 I/BluetoothBondStateMachine( 1324): Bond address is:XX:XX:XX:XX:C0:69
05-30 10:22:34.707 E/dangbei111( 1911): cccccc 配对结果 true Dangbei E4:BB:D3:57:C0:69
05-30 10:22:34.708 I/bt_btif_dm( 1324): packages/modules/Bluetooth/system/btif/src/btif_dm.cc:489 get_cod: get_cod remote_cod = 0x0000050c
05-30 10:22:34.708 I/bt_btif_dm( 1324): packages/modules/Bluetooth/system/btif/src/btif_dm.cc:489 get_cod: get_cod remote_cod = 0x0000050c
05-30 10:22:34.708 I/bt_btif_dm( 1324): packages/modules/Bluetooth/system/btif/src/btif_dm.cc:489 get_cod: get_cod remote_cod = 0x0000050c
05-30 10:22:34.708 I/bt_btif_dm( 1324): packages/modules/Bluetooth/system/btif/src/btif_dm.cc:571 bond_state_changed: Bond state changed to state=1 [0:none, 1:bonding, 2:bonded], prev_state=0, sdp_attempts = 0
05-30 10:22:34.708 I/bluetooth( 1324): packages/modules/Bluetooth/system/stack/btm/btm_dev.cc:174 BTM_SecDeleteDevice: Remove device xx:xx:xx:xx:c0:69 from filter accept list before delete record
05-30 10:22:34.708 I/BluetoothBondStateMachine( 1324): bondStateChangeCallback: Status: 0 Address: XX:XX:XX:XX:C0:69 newState: 1 hciReason: 0
05-30 10:22:34.708 I/bluetooth( 1324): packages/modules/Bluetooth/system/stack/btm/btm_dev.cc:192 BTM_SecDeleteDevice: BTM_SecDeleteDevice xx:xx:xx:xx:c0:69 complete
05-30 10:22:34.708 I/bt_btif_dm( 1324): packages/modules/Bluetooth/system/btif/src/btif_dm.cc:489 get_cod: get_cod remote_cod = 0x0000050c
05-30 10:22:34.708 I/bt_btif_dm( 1324): packages/modules/Bluetooth/system/btif/src/btif_dm.cc:489 get_cod: get_cod remote_cod = 0x0000050c
05-30 10:22:34.708 I/bt_btif_dm( 1324): packages/modules/Bluetooth/system/btif/src/btif_dm.cc:571 bond_state_changed: Bond state changed to state=0 [0:none, 1:bonding, 2:bonded], prev_state=1, sdp_attempts = 0
05-30 10:22:34.708 E/BluetoothMetricIdManager( 1324): packages/modules/Bluetooth/system/gd/common/metric_id_manager.cc:190 ForgetDevice: Failed to remove device from paired_device_cache_
05-30 10:22:34.708 I/bt_btif_dm( 1324): packages/modules/Bluetooth/system/btif/src/btif_dm.cc:620 bond_state_changed: clearing btif pairing_cb
05-30 10:22:34.708 W/bluetooth( 1324): packages/modules/Bluetooth/system/main/shim/acl.cc:189 Remove: Unknown device being removed from acceptlist:e4:bb:d3:57:c0:69[PUBLIC_DEVICE_ADDRESS]
05-30 10:22:34.709 E/bt_stack( 1324): [ERROR:bta_gattc_utils.cc(576)] bta_gattc_mark_bg_conn unable to find the bg connection mask for bd_addr=xx:xx:xx:xx:c0:69
