05-30 10:21:20.414 W/ActivityManager( 745): Slow operation: 55ms so far, now at startProcess: starting to update pids map
05-30 10:21:20.414 W/ActivityManager( 745): Slow operation: 55ms so far, now at startProcess: done updating pids map
05-30 10:21:20.444 I/ActivityManager( 745): com.android.dynsystem is exempt from freezer
05-30 10:21:20.457 W/ActivityManager( 745): Slow operation: 60ms so far, now at startProcess: returned from zygote!
05-30 10:21:20.459 W/ActivityManager( 745): Slow operation: 61ms so far, now at startProcess: done updating battery stats
05-30 10:21:20.459 W/ActivityManager( 745): Slow operation: 62ms so far, now at startProcess: building log message
05-30 10:21:20.459 I/ActivityManager( 745): Start proc 2214:com.dangbei.leard.leradlauncher/1000 for content provider {com.dangbei.leard.leradlauncher/com.dangbei.leard.login.ui.login.UserInfoProvider}
05-30 10:21:20.459 W/ActivityManager( 745): Slow operation: 62ms so far, now at startProcess: starting to update pids map
05-30 10:21:20.459 W/ActivityManager( 745): Slow operation: 62ms so far, now at startProcess: done updating pids map
05-30 10:21:20.465 D/CompatibilityChangeReporter( 745): Compat change id reported: 168419799; UID 1000; state: DISABLED
05-30 10:21:20.466 D/CompatibilityChangeReporter( 745): Compat change id reported: 273564678; UID 1000; state: DISABLED
05-30 10:21:20.492 I/ActivityManager( 745): Start proc 2227:com.android.dynsystem/1000 for broadcast {com.android.dynsystem/com.android.dynsystem.BootCompletedReceiver}
05-30 10:21:20.508 D/CompatibilityChangeReporter( 745): Compat change id reported: 168419799; UID 1000; state: DISABLED
05-30 10:21:20.508 D/CompatibilityChangeReporter( 745): Compat change id reported: 273564678; UID 1000; state: DISABLED
05-30 10:21:20.542 D/CompatibilityChangeReporter( 745): Compat change id reported: 168419799; UID 1000; state: DISABLED
05-30 10:21:20.542 D/CompatibilityChangeReporter( 745): Compat change id reported: 273564678; UID 1000; state: DISABLED
05-30 10:21:20.608 I/ActivityManager( 745): com.android.packageinstaller is exempt from freezer
05-30 10:21:20.609 D/CompatibilityChangeReporter( 745): Compat change id reported: 135634846; UID 10025; state: DISABLED
05-30 10:21:20.609 D/CompatibilityChangeReporter( 745): Compat change id reported: 177438394; UID 10025; state: DISABLED
05-30 10:21:20.609 D/CompatibilityChangeReporter( 745): Compat change id reported: 135772972; UID 10025; state: DISABLED
05-30 10:21:20.609 D/CompatibilityChangeReporter( 745): Compat change id reported: 135754954; UID 10025; state: ENABLED
05-30 10:21:20.610 D/CompatibilityChangeReporter( 745): Compat change id reported: 143937733; UID 10025; state: ENABLED
05-30 10:21:20.619 I/ActivityManager( 745): com.android.dynsystem is exempt from freezer
05-30 10:21:20.623 D/CompatibilityChangeReporter( 745): Compat change id reported: 135634846; UID 1000; state: DISABLED
05-30 10:21:20.625 D/CompatibilityChangeReporter( 745): Compat change id reported: 271850009; UID 10066; state: ENABLED
05-30 10:21:20.626 D/CompatibilityChangeReporter( 745): Compat change id reported: 253665015; UID 10066; state: ENABLED
05-30 10:21:20.627 D/CompatibilityChangeReporter( 745): Compat change id reported: 194532703; UID 10066; state: ENABLED
05-30 10:21:20.631 I/ActivityManager( 745): Start proc 2254:com.android.packageinstaller/u0a25 for broadcast {com.android.packageinstaller/com.android.packageinstaller.TemporaryFileManager}
05-30 10:21:20.652 I/ActivityManager( 745): Start proc 2258:com.android.dynsystem:dynsystem/1000 for service {com.android.dynsystem/com.android.dynsystem.DynamicSystemInstallationService}
05-30 10:21:20.692 D/CompatibilityChangeReporter( 745): Compat change id reported: 168419799; UID 10025; state: DISABLED
05-30 10:21:20.692 D/CompatibilityChangeReporter( 745): Compat change id reported: 273564678; UID 10025; state: DISABLED
05-30 10:21:20.717 D/CompatibilityChangeReporter( 745): Compat change id reported: 265195908; UID 10025; state: ENABLED
05-30 10:21:20.779 D/CompatibilityChangeReporter( 745): Compat change id reported: 170503758; UID 10025; state: ENABLED
05-30 10:21:20.807 W/ContextImpl( 2199): Calling a method in the system process without a qualified user: android.app.ContextImpl.bindService:1988 android.content.ContextWrapper.bindService:861 com.dangbei.lerad.etna.lib.client.EtnaClient.bindServer:138 com.dangbei.lerad.etna.lib.client.EtnaClient.access$600:29 com.dangbei.lerad.etna.lib.client.EtnaClient$3.call:205
05-30 10:21:20.809 D/CompatibilityChangeReporter( 745): Compat change id reported: 261072174; UID 1000; state: DISABLED
05-30 10:21:20.855 D/CompatibilityChangeReporter( 745): Compat change id reported: 135634846; UID 10067; state: DISABLED
05-30 10:21:20.856 D/CompatibilityChangeReporter( 745): Compat change id reported: 177438394; UID 10067; state: DISABLED
05-30 10:21:20.856 D/CompatibilityChangeReporter( 745): Compat change id reported: 135772972; UID 10067; state: DISABLED
05-30 10:21:20.856 D/CompatibilityChangeReporter( 745): Compat change id reported: 135754954; UID 10067; state: ENABLED
05-30 10:21:20.857 D/CompatibilityChangeReporter( 745): Compat change id reported: 143937733; UID 10067; state: ENABLED
05-30 10:21:20.879 I/DynamicSystemService( 745): isInstalled(): false
05-30 10:21:20.894 I/ActivityManager( 745): Start proc 2310:com.android.rkpdapp/u0a67 for broadcast {com.android.rkpdapp/com.android.rkpdapp.BootReceiver}
05-30 10:21:20.944 D/CompatibilityChangeReporter( 745): Compat change id reported: 168419799; UID 10067; state: DISABLED
05-30 10:21:20.945 D/CompatibilityChangeReporter( 745): Compat change id reported: 273564678; UID 10067; state: DISABLED
05-30 10:21:20.950 D/CompatibilityChangeReporter( 745): Compat change id reported: 265195908; UID 10067; state: ENABLED
05-30 10:21:20.955 D/CompatibilityChangeReporter( 745): Compat change id reported: 170503758; UID 10067; state: ENABLED
05-30 10:21:21.042 W/ProcessStats( 745): Tracking association SourceState{8b97454 com.dangbei.lerad.etna.haqu/1000 BFgs #311} whose proc state 4 is better than process ProcessState{4c02d5d com.dangbei.leard.leradlauncher/1000 pkg=com.dangbei.leard.leradlauncher} proc state 14 (0 skipped)
05-30 10:21:21.046 I/ActivityManager( 745): com.android.shell is exempt from freezer
05-30 10:21:21.047 D/CompatibilityChangeReporter( 745): Compat change id reported: 135634846; UID 2000; state: DISABLED
05-30 10:21:21.047 D/CompatibilityChangeReporter( 745): Compat change id reported: 177438394; UID 2000; state: DISABLED
05-30 10:21:21.048 D/CompatibilityChangeReporter( 745): Compat change id reported: 135772972; UID 2000; state: DISABLED
05-30 10:21:21.048 D/CompatibilityChangeReporter( 745): Compat change id reported: 135754954; UID 2000; state: ENABLED
05-30 10:21:21.083 I/ActivityManager( 745): Start proc 2342:com.android.shell/2000 for broadcast {com.android.shell/com.android.shell.HeapDumpReceiver}
05-30 10:21:21.131 D/CompatibilityChangeReporter( 745): Compat change id reported: 168419799; UID 2000; state: DISABLED
05-30 10:21:21.131 D/CompatibilityChangeReporter( 745): Compat change id reported: 273564678; UID 2000; state: DISABLED
05-30 10:21:21.142 D/CompatibilityChangeReporter( 745): Compat change id reported: 265195908; UID 2000; state: ENABLED
05-30 10:21:21.192 I/ActivityManager( 745): com.android.localtransport is exempt from freezer
05-30 10:21:21.193 D/CompatibilityChangeReporter( 745): Compat change id reported: 135634846; UID 1000; state: DISABLED
05-30 10:21:21.234 I/ActivityManager( 745): Start proc 2371:com.android.localtransport/1000 for service {com.android.localtransport/com.android.localtransport.LocalTransportService}
05-30 10:21:21.261 D/CompatibilityChangeReporter( 745): Compat change id reported: 135634846; UID 10027; state: DISABLED
05-30 10:21:21.261 D/CompatibilityChangeReporter( 745): Compat change id reported: 177438394; UID 10027; state: DISABLED
05-30 10:21:21.261 D/CompatibilityChangeReporter( 745): Compat change id reported: 135772972; UID 10027; state: DISABLED
05-30 10:21:21.261 D/CompatibilityChangeReporter( 745): Compat change id reported: 135754954; UID 10027; state: DISABLED
05-30 10:21:21.262 D/CompatibilityChangeReporter( 745): Compat change id reported: 143937733; UID 10027; state: DISABLED
05-30 10:21:21.289 D/CompatibilityChangeReporter( 745): Compat change id reported: 168419799; UID 1000; state: DISABLED
05-30 10:21:21.290 D/CompatibilityChangeReporter( 745): Compat change id reported: 273564678; UID 1000; state: DISABLED
05-30 10:21:21.307 D/CompatibilityChangeReporter( 745): Compat change id reported: 271850009; UID 10067; state: ENABLED
05-30 10:21:21.307 D/CompatibilityChangeReporter( 745): Compat change id reported: 253665015; UID 10067; state: ENABLED
05-30 10:21:21.308 D/CompatibilityChangeReporter( 745): Compat change id reported: 194532703; UID 10067; state: ENABLED
05-30 10:21:21.315 W/ActivityManager( 745): Slow operation: 55ms so far, now at startProcess: returned from zygote!
05-30 10:21:21.316 W/ActivityManager( 745): Slow operation: 55ms so far, now at startProcess: done updating battery stats
05-30 10:21:21.316 W/ActivityManager( 745): Slow operation: 55ms so far, now at startProcess: building log message
05-30 10:21:21.316 I/ActivityManager( 745): Start proc 2397:com.android.statementservice/u0a27 for broadcast {com.android.statementservice/com.android.statementservice.domain.BootCompletedReceiver}
05-30 10:21:21.316 W/ActivityManager( 745): Slow operation: 55ms so far, now at startProcess: starting to update pids map
05-30 10:21:21.316 W/ActivityManager( 745): Slow operation: 55ms so far, now at startProcess: done updating pids map
05-30 10:21:21.352 W/ContextImpl( 2214): Calling a method in the system process without a qualified user: android.app.ContextImpl.bindService:1988 android.content.ContextWrapper.bindService:861 android.content.ContextWrapper.bindService:861 WV.Ce0.a:3 WV.Rq0.run:68
05-30 10:21:21.357 D/CompatibilityChangeReporter( 745): Compat change id reported: 143937733; UID 10051; state: ENABLED
05-30 10:21:21.364 W/ContextImpl( 2214): Calling a method in the system process without a qualified user: android.app.ContextImpl.bindService:1988 android.content.ContextWrapper.bindService:861 android.content.ContextWrapper.bindService:861 WV.Ce0.a:3 WV.Rq0.run:113
05-30 10:21:21.376 D/CompatibilityChangeReporter( 745): Compat change id reported: 168419799; UID 10027; state: DISABLED
05-30 10:21:21.377 D/CompatibilityChangeReporter( 745): Compat change id reported: 273564678; UID 10027; state: DISABLED
05-30 10:21:21.380 D/CompatibilityChangeReporter( 745): Compat change id reported: 265195908; UID 10027; state: ENABLED
05-30 10:21:21.388 D/CompatibilityChangeReporter( 745): Compat change id reported: 170503758; UID 10027; state: DISABLED
05-30 10:21:21.388 I/ActivityManager( 745): Start proc 2416:com.android.webview:webview_service/u0a51 for service {com.android.webview/org.chromium.android_webview.services.VariationsSeedServer}
05-30 10:21:21.414 I/TransportConnection( 745): LocalTransportService#0: Notifying [TransportManager.registerTransport()] transport = BackupTransportClient
05-30 10:21:21.436 D/BackupTransportManager( 745): [UserID:0] Transport com.android.localtransport/.LocalTransportService registered
05-30 10:21:21.436 D/BackupManagerService( 745): [UserID:0] Transport com.android.localtransport/.LocalTransport registered 3248ms after first request (delay = 3000ms)
05-30 10:21:21.460 D/CompatibilityChangeReporter( 745): Compat change id reported: 168419799; UID 10051; state: DISABLED
05-30 10:21:21.460 D/CompatibilityChangeReporter( 745): Compat change id reported: 273564678; UID 10051; state: DISABLED
05-30 10:21:21.465 D/CompatibilityChangeReporter( 745): Compat change id reported: 265195908; UID 10051; state: ENABLED
05-30 10:21:21.476 D/CompatibilityChangeReporter( 745): Compat change id reported: 170503758; UID 10051; state: ENABLED
05-30 10:21:21.520 I/ActivityManager( 745): com.oranth.usbopenft is exempt from freezer
05-30 10:21:21.521 D/CompatibilityChangeReporter( 745): Compat change id reported: 135634846; UID 1000; state: DISABLED
05-30 10:21:21.545 I/BroadcastQueue( 745): BOOT_COMPLETED_BROADCAST_COMPLETION_LATENCY_REPORTED action:android.intent.action.BOOT_COMPLETED dispatchLatency:-48796 completeLatency:1867 dispatchRealLatency:-48796 completeRealLatency:1867 receiversSize:37 userId:0 userType:android.os.usertype.full.SYSTEM
05-30 10:21:21.547 I/ActivityManager( 745): Finished processing BOOT_COMPLETED for u0
05-30 10:21:21.548 I/ActivityManager( 745): Start proc 2446:com.oranth.usbopenft/1000 for broadcast {com.oranth.usbopenft/com.oranth.usbopenft.UsbReceiver}
05-30 10:21:21.571 D/CompatibilityChangeReporter( 745): Compat change id reported: 178209446; UID 1000; state: ENABLED
05-30 10:21:21.571 D/CompatibilityChangeReporter( 745): Compat change id reported: 178209446; UID 1000; state: DISABLED
05-30 10:21:21.590 D/CompatibilityChangeReporter( 745): Compat change id reported: 168419799; UID 1000; state: DISABLED
05-30 10:21:21.590 D/CompatibilityChangeReporter( 745): Compat change id reported: 273564678; UID 1000; state: DISABLED
05-30 10:21:21.605 D/CompatibilityChangeReporter( 745): Compat change id reported: 261072174; UID 1000; state: DISABLED
05-30 10:21:21.654 D/CompatibilityChangeReporter( 745): Compat change id reported: 271850009; UID 10051; state: ENABLED
05-30 10:21:21.655 D/CompatibilityChangeReporter( 745): Compat change id reported: 253665015; UID 10051; state: ENABLED
05-30 10:21:21.655 D/CompatibilityChangeReporter( 745): Compat change id reported: 194532703; UID 10051; state: ENABLED
05-30 10:21:21.835 D/CompatibilityChangeReporter( 745): Compat change id reported: 271850009; UID 10027; state: DISABLED
05-30 10:21:21.836 D/CompatibilityChangeReporter( 745): Compat change id reported: 253665015; UID 10027; state: DISABLED
05-30 10:21:21.836 D/CompatibilityChangeReporter( 745): Compat change id reported: 194532703; UID 10027; state: DISABLED
05-30 10:21:22.136 D/HDMI ( 745): settings onchange user_setup_complete to true
05-30 10:21:22.136 I/HDMI ( 745): set up complete!
05-30 10:21:22.136 D/ColorDisplayService( 745): setUp: currentUser=0
05-30 10:21:22.150 D/PinnerService( 745): pinRangeStream: null
05-30 10:21:22.162 D/PinnerService( 745): pinRangeStream: null
05-30 10:21:22.163 D/PinnerService( 745): pinRangeStream: null
05-30 10:21:22.170 D/OomAdjuster( 745): Not killing cached processes
05-30 10:21:22.259 W/ContextImpl( 2214): Calling a method in the system process without a qualified user: android.app.ContextImpl.bindService:1988 android.content.ContextWrapper.bindService:861 ae.b.h:57 ae.b$c.call:3 ce.c$a.run:5
05-30 10:21:22.540 W/BroadcastLoopers( 745): Found previously unknown looper Thread[android.imms,5,main]
05-30 10:21:22.540 V/WindowManager( 745): app ------------- force_land :0
05-30 10:21:22.541 I/ActivityTaskManager( 745): Config changes=20 {1.0 ?mcc0mnc [zh_CN] ldltr sw720dp w1280dp h720dp 240dpi xlrg long land television -touch -keyb/v/h dpad/v winConfig={ mBounds=Rect(0, 0 - 1920, 1080) mAppBounds=Rect(0, 0 - 1920, 1080) mMaxBounds=Rect(0, 0 - 1920, 1080) mDisplayRotation=ROTATION_0 mWindowingMode=fullscreen mDisplayWindowingMode=fullscreen mActivityType=undefined mAlwaysOnTop=undefined mRotation=ROTATION_0} as.2 s.16 fontWeightAdjustment=0}
05-30 10:21:22.547 I/WindowManager( 745): Override config changes=20 {1.0 ?mcc0mnc [zh_CN] ldltr sw720dp w1280dp h720dp 240dpi xlrg long land television -touch -keyb/v/h dpad/v winConfig={ mBounds=Rect(0, 0 - 1920, 1080) mAppBounds=Rect(0, 0 - 1920, 1080) mMaxBounds=Rect(0, 0 - 1920, 1080) mDisplayRotation=ROTATION_0 mWindowingMode=fullscreen mDisplayWindowingMode=fullscreen mActivityType=undefined mAlwaysOnTop=undefined mRotation=ROTATION_0} as.2 s.16 fontWeightAdjustment=0} for displayId=0
05-30 10:21:22.560 D/WindowManagerShell( 1124): TvPipController: onConfigurationChanged(), state=NO_PIP
05-30 10:21:22.561 D/HDMI ( 745): receive android.intent.action.CONFIGURATION_CHANGED
05-30 10:21:22.566 V/WindowManagerShell( 1124): Transition requested: android.os.BinderProxy@b274824 TransitionRequestInfo { type = 6, triggerTask = null, remoteTransition = null, displayChange = null, flags = 0 }
05-30 10:21:22.611 D/CompatibilityChangeReporter( 745): Compat change id reported: 184838306; UID 10029; state: DISABLED
05-30 10:21:22.611 D/CompatibilityChangeReporter( 745): Compat change id reported: 185004937; UID 10029; state: DISABLED
05-30 10:21:22.627 V/ShellDragAndDrop( 1124): Display changed: 0
05-30 10:21:22.830 V/WindowManager( 745): Sent Transition #1 createdAt=05-30 10:21:22.547 via request=TransitionRequestInfo { type = 6, triggerTask = null, remoteTransition = null, displayChange = null, flags = 0 }
05-30 10:21:22.831 V/WindowManager( 745): startWCT=WindowContainerTransaction { changes = {} hops = [] errorCallbackToken=null taskFragmentOrganizer=null }
05-30 10:21:22.833 V/WindowManager( 745): info={id=1 t=CHANGE f=0x0 trk=0 r=[0@Point(0, 0)] c=[{WCT{RemoteToken{d1957dd Display{#0 state=ON size=1920x1080 ROTATION_0}}} m=CHANGE f=IS_DISPLAY leash=Surface(name=WindowedMagnification:0:31)/@0xa6987ce sb=Rect(0, 0 - 1920, 1080) eb=Rect(0, 0 - 1920, 1080) d=0}]}
05-30 10:21:22.834 V/WindowManagerShell( 1124): onTransitionReady android.os.BinderProxy@b274824: {id=1 t=CHANGE f=0x0 trk=0 r=[0@Point(0, 0)] c=[{WCT{android.window.IWindowContainerToken$Stub$Proxy@6a4fec1} m=CHANGE f=IS_DISPLAY leash=Surface(name=WindowedMagnification:0:31)/@0x54d4a9a sb=Rect(0, 0 - 1920, 1080) eb=Rect(0, 0 - 1920, 1080) d=0 snapshot=Surface(name=transition snapshot: Display{#0 state=ON size=1920x1080 ROTATION_0})/@0xbbfdfcb}]}
05-30 10:21:22.835 V/WindowManagerShell( 1124): Playing animation for (#1)android.os.BinderProxy@b274824@0
05-30 10:21:22.836 V/WindowManagerShell( 1124): try handler com.android.wm.shell.keyguard.KeyguardTransitionHandler@4257666
05-30 10:21:22.836 V/WindowManagerShell( 1124): try handler com.android.wm.shell.pip.tv.TvPipTransition@6eaada7
05-30 10:21:22.836 V/WindowManagerShell( 1124): try handler com.android.wm.shell.activityembedding.ActivityEmbeddingController@8ff0254
05-30 10:21:22.836 V/WindowManagerShell( 1124): try handler com.android.wm.shell.transition.RemoteTransitionHandler@841c5fd
05-30 10:21:22.836 V/WindowManagerShell( 1124): try handler com.android.wm.shell.transition.DefaultTransitionHandler@d0292f2
05-30 10:21:22.837 V/WindowManagerShell( 1124): start default transition animation, info = {id=1 t=CHANGE f=0x0 trk=0 r=[0@Point(0, 0)] c=[{WCT{android.window.IWindowContainerToken$Stub$Proxy@6a4fec1} m=CHANGE f=IS_DISPLAY leash=Surface(name=WindowedMagnification:0:31)/@0x54d4a9a sb=Rect(0, 0 - 1920, 1080) eb=Rect(0, 0 - 1920, 1080) d=0 snapshot=Surface(name=transition snapshot: Display{#0 state=ON size=1920x1080 ROTATION_0})/@0xbbfdfcb}]}
05-30 10:21:22.837 V/WindowManagerShell( 1124): Display is changing, resolve the animation hint.
05-30 10:21:22.843 V/WindowManagerShell( 1124): animated by com.android.wm.shell.transition.DefaultTransitionHandler@d0292f2
05-30 10:21:22.971 V/WindowManagerShell( 1124): Transition animation finished (aborted=false), notifying core (#1)android.os.BinderProxy@b274824@0
05-30 10:21:22.973 V/WindowManager( 745): Finish Transition #1: created at
05-30 10:21:22.547 collect-started=0.067ms request-sent=0.983ms started=71.461ms ready=74.903ms sent=271.25ms finished=425.558ms
05-30 10:21:22.973 V/WindowManager( 745): app ------------- force_land :0
05-30 10:21:22.974 V/WindowManagerShell( 1124): Track 0 became idle
05-30 10:21:22.975 V/WindowManagerShell( 1124): All active transition animations finished
05-30 10:21:24.685 I/ActivityManager( 745): reportOnUserCompletedEvent(0): stored=10, eligible=111
05-30 10:21:24.686 D/SystemServerTimingAsync( 745): ssm.CompletedEventUser-0
05-30 10:21:24.686 I/SystemServiceManager( 745): Calling onCompletedEventUser 0
05-30 10:21:24.687 D/SystemServerTimingAsync( 745): ssm.onCompletedEventUser-0_{|Unlocked|}_com.android.server.security.FileIntegrityService
05-30 10:21:24.687 D/SystemServerTimingAsync( 745): ssm.onCompletedEventUser-0_{|Unlocked|}_com.android.server.flags.FeatureFlagsService
05-30 10:21:24.687 D/SystemServerTimingAsync( 745): ssm.onCompletedEventUser-0_{|Unlocked|}_com.android.server.uri.UriGrantsManagerService$Lifecycle
05-30 10:21:24.687 D/SystemServerTimingAsync( 745): ssm.onCompletedEventUser-0_{|Unlocked|}_com.android.server.powerstats.PowerStatsService
05-30 10:21:24.687 D/SystemServerTimingAsync( 745): ssm.onCompletedEventUser-0_{|Unlocked|}_com.android.server.permission.access.AccessCheckingService
05-30 10:21:24.687 D/SystemServerTimingAsync( 745): ssm.onCompletedEventUser-0_{|Unlocked|}_com.android.server.wm.ActivityTaskManagerService$Lifecycle
05-30 10:21:24.687 D/SystemServerTimingAsync( 745): ssm.onCompletedEventUser-0_{|Unlocked|}_com.android.server.am.ActivityManagerService$Lifecycle
05-30 10:21:24.687 D/SystemServerTimingAsync( 745): ssm.onCompletedEventUser-0_{|Unlocked|}_com.android.server.pm.DataLoaderManagerService
05-30 10:21:24.687 D/SystemServerTimingAsync( 745): ssm.onCompletedEventUser-0_{|Unlocked|}_com.android.server.power.PowerManagerService
05-30 10:21:24.687 D/SystemServerTimingAsync( 745): ssm.onCompletedEventUser-0_{|Unlocked|}_com.android.server.power.ThermalManagerService
05-30 10:21:24.687 D/SystemServerTimingAsync( 745): ssm.onCompletedEventUser-0_{|Unlocked|}_com.android.server.power.hint.HintManagerService
05-30 10:21:24.687 D/SystemServerTimingAsync( 745): ssm.onCompletedEventUser-0_{|Unlocked|}_com.android.server.recoverysystem.RecoverySystemService$Lifecycle
05-30 10:21:24.687 D/SystemServerTimingAsync( 745): ssm.onCompletedEventUser-0_{|Unlocked|}_com.android.server.lights.LightsService
05-30 10:21:24.687 D/SystemServerTimingAsync( 745): ssm.onCompletedEventUser-0_{|Unlocked|}_com.android.server.display.DisplayManagerService
05-30 10:21:24.687 D/SystemServerTimingAsync( 745): ssm.onCompletedEventUser-0_{|Unlocked|}_com.android.server.pm.verify.domain.DomainVerificationService
05-30 10:21:24.688 D/SystemServerTimingAsync( 745): ssm.onCompletedEventUser-0_{|Unlocked|}_com.android.server.pm.PackageInstallerService$Lifecycle
05-30 10:21:24.688 D/SystemServerTimingAsync( 745): ssm.onCompletedEventUser-0_{|Unlocked|}_com.android.server.pm.UserManagerService$LifeCycle
05-30 10:21:24.688 D/SystemServerTimingAsync( 745): ssm.onCompletedEventUser-0_{|Unlocked|}_com.android.server.om.OverlayManagerService
05-30 10:21:24.688 D/SystemServerTimingAsync( 745): ssm.onCompletedEventUser-0_{|Unlocked|}_com.android.server.resources.ResourcesManagerService
05-30 10:21:24.688 D/SystemServerTimingAsync( 745): ssm.onCompletedEventUser-0_{|Unlocked|}_com.android.server.sensorprivacy.SensorPrivacyService
05-30 10:21:24.688 D/SystemServerTimingAsync( 745): ssm.onCompletedEventUser-0_{|Unlocked|}_com.android.server.sensors.SensorService
05-30 10:21:24.688 D/SystemServerTimingAsync( 745): ssm.onCompletedEventUser-0_{|Unlocked|}_com.android.server.SystemConfigService
05-30 10:21:24.688 D/SystemServerTimingAsync( 745): ssm.onCompletedEventUser-0_{|Unlocked|}_com.android.server.BatteryService
05-30 10:21:24.688 D/SystemServerTimingAsync( 745): ssm.onCompletedEventUser-0_{|Unlocked|}_com.android.server.usage.UsageStatsService
05-30 10:21:24.688 D/SystemServerTimingAsync( 745): ssm.onCompletedEventUser-0_{|Unlocked|}_com.android.server.webkit.WebViewUpdateService
05-30 10:21:24.688 D/SystemServerTimingAsync( 745): ssm.onCompletedEventUser-0_{|Unlocked|}_com.android.server.CachedDeviceStateService
05-30 10:21:24.688 D/SystemServerTimingAsync( 745): ssm.onCompletedEventUser-0_{|Unlocked|}_com.android.server.BinderCallsStatsService$LifeCycle
05-30 10:21:24.688 D/SystemServerTimingAsync( 745): ssm.onCompletedEventUser-0_{|Unlocked|}_com.android.server.LooperStatsService$Lifecycle
05-30 10:21:24.688 D/SystemServerTimingAsync( 745): ssm.onCompletedEventUser-0_{|Unlocked|}_com.android.server.rollback.RollbackManagerService
05-30 10:21:24.688 D/SystemServerTimingAsync( 745): ssm.onCompletedEventUser-0_{|Unlocked|}_com.android.server.os.NativeTombstoneManagerService
05-30 10:21:24.688 D/SystemServerTimingAsync( 745): ssm.onCompletedEventUser-0_{|Unlocked|}_com.android.server.os.BugreportManagerService
05-30 10:21:24.688 D/SystemServerTimingAsync( 745): ssm.onCompletedEventUser-0_{|Unlocked|}_com.android.server.gpu.GpuService
05-30 10:21:24.688 D/SystemServerTimingAsync( 745): ssm.onCompletedEventUser-0_{|Unlocked|}_com.android.server.os.DeviceIdentifiersPolicyService
05-30 10:21:24.688 D/SystemServerTimingAsync( 745): ssm.onCompletedEventUser-0_{|Unlocked|}_com.android.server.security.KeyChainSystemService
05-30 10:21:24.688 D/SystemServerTimingAsync( 745): ssm.onCompletedEventUser-0_{|Unlocked|}_com.android.server.BinaryTransparencyService
05-30 10:21:24.688 D/SystemServerTimingAsync( 745): ssm.onCompletedEventUser-0_{|Unlocked|}_com.android.server.accounts.AccountManagerService$Lifecycle
05-30 10:21:24.688 D/SystemServerTimingAsync( 745): ssm.onCompletedEventUser-0_{|Unlocked|}_com.android.server.content.ContentService$Lifecycle
05-30 10:21:24.688 D/SystemServerTimingAsync( 745): ssm.onCompletedEventUser-0_{|Unlocked|}_com.android.server.deviceconfig.DeviceConfigInit$Lifecycle
05-30 10:21:24.688 D/SystemServerTimingAsync( 745): ssm.onCompletedEventUser-0_{|Unlocked|}_com.android.server.DropBoxManagerService
05-30 10:21:24.688 D/SystemServerTimingAsync( 745): ssm.onCompletedEventUser-0_{|Unlocked|}_com.android.role.RoleService
05-30 10:21:24.688 D/SystemServerTimingAsync( 745): ssm.onCompletedEventUser-0_{|Unlocked|}_com.android.server.vibrator.VibratorManagerService$Lifecycle
05-30 10:21:24.688 D/SystemServerTimingAsync( 745): ssm.onCompletedEventUser-0_{|Unlocked|}_com.android.server.tare.InternalResourceService
05-30 10:21:24.688 D/SystemServerTimingAsync( 745): ssm.onCompletedEventUser-0_{|Unlocked|}_com.android.server.alarm.AlarmManagerService
05-30 10:21:24.688 D/SystemServerTimingAsync( 745): ssm.onCompletedEventUser-0_{|Unlocked|}_com.android.server.devicestate.DeviceStateManagerService
05-30 10:21:24.688 D/SystemServerTimingAsync( 745): ssm.onCompletedEventUser-0_{|Unlocked|}_com.android.server.camera.CameraServiceProxy
05-30 10:21:24.688 D/SystemServerTimingAsync( 745): ssm.onCompletedEventUser-0_{|Unlocked|}_com.android.server.bluetooth.BluetoothService
05-30 10:21:24.688 D/SystemServerTimingAsync( 745): ssm.onCompletedEventUser-0_{|Unlocked|}_com.android.server.connectivity.IpConnectivityMetrics
05-30 10:21:24.688 D/SystemServerTimingAsync( 745): ssm.onCompletedEventUser-0_{|Unlocked|}_com.android.server.net.watchlist.NetworkWatchlistService$Lifecycle
05-30 10:21:24.688 D/SystemServerTimingAsync( 745): ssm.onCompletedEventUser-0_{|Unlocked|}_com.android.server.security.rkp.RemoteProvisioningService
05-30 10:21:24.688 D/SystemServerTimingAsync( 745): ssm.onCompletedEventUser-0_{|Unlocked|}_com.android.server.PinnerService
05-30 10:21:24.689 D/SystemServerTimingAsync( 745): ssm.onCompletedEventUser-0_{|Unlocked|}_com.android.server.integrity.AppIntegrityManagerService
05-30 10:21:24.689 D/SystemServerTimingAsync( 745): ssm.onCompletedEventUser-0_{|Unlocked|}_com.android.server.logcat.LogcatManagerService
05-30 10:21:24.689 D/SystemServerTimingAsync( 745): ssm.onCompletedEventUser-0_{|Unlocked|}_com.android.server.inputmethod.InputMethodManagerService$Lifecycle
05-30 10:21:24.689 D/SystemServerTimingAsync( 745): ssm.onCompletedEventUser-0_{|Unlocked|}_com.android.server.accessibility.AccessibilityManagerService$Lifecycle
05-30 10:21:24.689 D/SystemServerTimingAsync( 745): ssm.onCompletedEventUser-0_{|Unlocked|}_com.android.server.StorageManagerService$Lifecycle
05-30 10:21:24.689 D/SystemServerTimingAsync( 745): ssm.onCompletedEventUser-0_{|Unlocked|}_com.android.server.usage.StorageStatsService$Lifecycle
05-30 10:21:24.689 D/SystemServerTimingAsync( 745): ssm.onCompletedEventUser-0_{|Unlocked|}_com.android.server.UiModeManagerService
05-30 10:21:24.689 D/SystemServerTimingAsync( 745): ssm.onCompletedEventUser-0_{|Unlocked|}_com.android.server.locales.LocaleManagerService
05-30 10:21:24.689 D/SystemServerTimingAsync( 745): ssm.onCompletedEventUser-0_{|Unlocked|}_com.android.server.grammaticalinflection.GrammaticalInflectionService
05-30 10:21:24.689 D/SystemServerTimingAsync( 745): ssm.onCompletedEventUser-0_{|Unlocked|}_com.android.server.apphibernation.AppHibernationService
05-30 10:21:24.689 D/SystemServerTimingAsync( 745): ssm.onCompletedEventUser-0_{|Unlocked|}_com.android.server.locksettings.LockSettingsService$Lifecycle
05-30 10:21:24.689 D/SystemServerTimingAsync( 745): ssm.onCompletedEventUser-0_{|Unlocked|}_com.android.server.PersistentDataBlockService
05-30 10:21:24.689 D/SystemServerTimingAsync( 745): ssm.onCompletedEventUser-0_{|Unlocked|}_com.android.server.testharness.TestHarnessModeService
05-30 10:21:24.689 D/SystemServerTimingAsync( 745): ssm.onCompletedEventUser-0_{|Unlocked|}_com.android.server.oemlock.OemLockService
05-30 10:21:24.689 D/SystemServerTimingAsync( 745): ssm.onCompletedEventUser-0_{|Unlocked|}_com.android.server.DeviceIdleController
05-30 10:21:24.689 D/SystemServerTimingAsync( 745): ssm.onCompletedEventUser-0_{|Unlocked|}_com.android.server.texttospeech.TextToSpeechManagerService
05-30 10:21:24.689 D/SystemServerTimingAsync( 745): ssm.onCompletedEventUser-0_{|Unlocked|}_com.android.server.ambientcontext.AmbientContextManagerService
05-30 10:21:24.689 D/SystemServerTimingAsync( 745): ssm.onCompletedEventUser-0_{|Unlocked|}_com.android.server.wearable.WearableSensingManagerService
05-30 10:21:24.689 D/SystemServerTimingAsync( 745): ssm.onCompletedEventUser-0_{|Unlocked|}_com.android.server.speech.SpeechRecognitionManagerService
05-30 10:21:24.689 D/SystemServerTimingAsync( 745): ssm.onCompletedEventUser-0_{|Unlocked|}_com.android.server.searchui.SearchUiManagerService
05-30 10:21:24.689 D/SystemServerTimingAsync( 745): ssm.onCompletedEventUser-0_{|Unlocked|}_com.android.server.smartspace.SmartspaceManagerService
05-30 10:21:24.689 D/SystemServerTimingAsync( 745): ssm.onCompletedEventUser-0_{|Unlocked|}_com.android.server.graphics.fonts.FontManagerService$Lifecycle
05-30 10:21:24.689 D/SystemServerTimingAsync( 745): ssm.onCompletedEventUser-0_{|Unlocked|}_com.android.server.textservices.TextServicesManagerService$Lifecycle
05-30 10:21:24.689 D/SystemServerTimingAsync( 745): ssm.onCompletedEventUser-0_{|Unlocked|}_com.android.server.textclassifier.TextClassificationManagerService$Lifecycle
05-30 10:21:24.689 D/SystemServerTimingAsync( 745): ssm.onCompletedEventUser-0_{|Unlocked|}_com.android.server.NetworkScoreService$Lifecycle
05-30 10:21:24.691 D/SystemServerTimingAsync( 745): ssm.onCompletedEventUser-0_{|Unlocked|}_com.android.server.NetworkStatsServiceInitializer
05-30 10:21:24.691 D/SystemServerTimingAsync( 745): ssm.onCompletedEventUser-0_{|Unlocked|}_com.android.server.wifi.WifiService
05-30 10:21:24.691 D/SystemServerTimingAsync( 745): ssm.onCompletedEventUser-0_{|Unlocked|}_com.android.server.wifi.scanner.WifiScanningService
05-30 10:21:24.691 D/SystemServerTimingAsync( 745): ssm.onCompletedEventUser-0_{|Unlocked|}_com.android.server.wifi.p2p.WifiP2pService
05-30 10:21:24.691 D/SystemServerTimingAsync( 745): ssm.onCompletedEventUser-0_{|Unlocked|}_com.android.server.ConnectivityServiceInitializer
05-30 10:21:24.691 D/SystemServerTimingAsync( 745): ssm.onCompletedEventUser-0_{|Unlocked|}_com.android.server.notification.NotificationManagerService
05-30 10:21:24.691 D/SystemServerTimingAsync( 745): ssm.onCompletedEventUser-0_{|Unlocked|}_com.android.server.storage.DeviceStorageMonitorService
05-30 10:21:24.691 D/SystemServerTimingAsync( 745): ssm.onCompletedEventUser-0_{|Unlocked|}_com.android.server.timedetector.TimeDetectorService$Lifecycle
05-30 10:21:24.691 D/SystemServerTimingAsync( 745): ssm.onCompletedEventUser-0_{|Unlocked|}_com.android.server.location.LocationManagerService$Lifecycle
05-30 10:21:24.691 D/SystemServerTimingAsync( 745): ssm.onCompletedEventUser-0_{|Unlocked|}_com.android.server.timezonedetector.TimeZoneDetectorService$Lifecycle
05-30 10:21:24.691 D/SystemServerTimingAsync( 745): ssm.onCompletedEventUser-0_{|Unlocked|}_com.android.server.location.altitude.AltitudeService$Lifecycle
05-30 10:21:24.691 D/SystemServerTimingAsync( 745): ssm.onCompletedEventUser-0_{|Unlocked|}_com.android.server.timezonedetector.location.LocationTimeZoneManagerService$Lifecycle
05-30 10:21:24.691 D/SystemServerTimingAsync( 745): ssm.onCompletedEventUser-0_{|Unlocked|}_com.android.server.search.SearchManagerService$Lifecycle
05-30 10:21:24.691 D/SystemServerTimingAsync( 745): ssm.onCompletedEventUser-0_{|Unlocked|}_com.android.server.wallpaper.WallpaperManagerService$Lifecycle
05-30 10:21:24.691 D/SystemServerTimingAsync( 745): ssm.onCompletedEventUser-0_{|Unlocked|}_com.android.server.wallpapereffectsgeneration.WallpaperEffectsGenerationManagerService
05-30 10:21:24.691 D/SystemServerTimingAsync( 745): ssm.onCompletedEventUser-0_{|Unlocked|}_com.android.server.audio.AudioService$Lifecycle
05-30 10:21:24.691 D/SystemServerTimingAsync( 745): ssm.onCompletedEventUser-0_{|Unlocked|}_com.android.server.soundtrigger_middleware.SoundTriggerMiddlewareService$Lifecycle
05-30 10:21:24.691 D/SystemServerTimingAsync( 745): ssm.onCompletedEventUser-0_{|Unlocked|}_com.android.server.adb.AdbService$Lifecycle
05-30 10:21:24.691 D/SystemServerTimingAsync( 745): ssm.onCompletedEventUser-0_{|Unlocked|}_com.android.server.usb.UsbService$Lifecycle
05-30 10:21:24.691 D/SystemServerTimingAsync( 745): ssm.onCompletedEventUser-0_{|Unlocked|}_com.android.server.twilight.TwilightService
05-30 10:21:24.691 D/SystemServerTimingAsync( 745): ssm.onCompletedEventUser-0_{|Unlocked|}_com.android.server.display.color.ColorDisplayService
05-30 10:21:24.691 D/SystemServerTimingAsync( 745): ssm.onCompletedEventUser-0_{|Unlocked|}_com.android.server.job.JobSchedulerService
05-30 10:21:24.692 D/SystemServerTimingAsync( 745): ssm.onCompletedEventUser-0_{|Unlocked|}_com.android.server.soundtrigger.SoundTriggerService
05-30 10:21:24.692 D/SystemServerTimingAsync( 745): ssm.onCompletedEventUser-0_{|Unlocked|}_com.android.server.trust.TrustManagerService
05-30 10:21:24.692 D/SystemServerTimingAsync( 745): ssm.onCompletedEventUser-0_{|Unlocked|}_com.android.server.backup.BackupManagerService$Lifecycle
05-30 10:21:24.692 D/SystemServerTimingAsync( 745): ssm.onCompletedEventUser-0_{|Unlocked|}_com.android.server.appwidget.AppWidgetService
05-30 10:21:24.692 D/SystemServerTimingAsync( 745): ssm.onCompletedEventUser-0_{|Unlocked|}_com.android.server.voiceinteraction.VoiceInteractionManagerService
05-30 10:21:24.692 D/SystemServerTimingAsync( 745): ssm.onCompletedEventUser-0_{|Unlocked|}_com.android.server.GestureLauncherService
05-30 10:21:24.692 D/SystemServerTimingAsync( 745): ssm.onCompletedEventUser-0_{|Unlocked|}_com.android.server.SensorNotificationService
05-30 10:21:24.692 D/SystemServerTimingAsync( 745): ssm.onCompletedEventUser-0_{|Unlocked|}_com.android.server.emergency.EmergencyAffordanceService
05-30 10:21:24.692 D/SystemServerTimingAsync( 745): ssm.onCompletedEventUser-0_{|Unlocked|}_com.android.server.blob.BlobStoreManagerService
05-30 10:21:24.692 D/SystemServerTimingAsync( 745): ssm.onCompletedEventUser-0_{|Unlocked|}_com.android.server.dreams.DreamManagerService
05-30 10:21:24.692 D/SystemServerTimingAsync( 745): ssm.onCompletedEventUser-0_{|Unlocked|}_com.android.server.security.AttestationVerificationManagerService
05-30 10:21:24.692 D/SystemServerTimingAsync( 745): ssm.onCompletedEventUser-0_{|Unlocked|}_com.android.server.restrictions.RestrictionsManagerService
05-30 10:21:24.692 D/SystemServerTimingAsync( 745): ssm.onCompletedEventUser-0_{|Unlocked|}_com.android.server.media.MediaSessionService
05-30 10:21:24.692 D/SystemServerTimingAsync( 745): ssm.onCompletedEventUser-0_{|Unlocked|}_com.android.server.hdmi.HdmiControlService
05-30 10:21:24.692 D/SystemServerTimingAsync( 745): ssm.onCompletedEventUser-0_{|Unlocked|}_com.android.server.tv.interactive.TvInteractiveAppManagerService
05-30 10:21:24.692 D/SystemServerTimingAsync( 745): ssm.onCompletedEventUser-0_{|Unlocked|}_com.android.server.tv.TvInputManagerService
05-30 10:21:24.692 D/SystemServerTimingAsync( 745): ssm.onCompletedEventUser-0_{|Unlocked|}_com.android.server.media.MediaResourceMonitorService
05-30 10:21:24.692 D/SystemServerTimingAsync( 745): ssm.onCompletedEventUser-0_{|Unlocked|}_com.android.server.tv.TvRemoteService
05-30 10:21:24.692 D/SystemServerTimingAsync( 745): ssm.onCompletedEventUser-0_{|Unlocked|}_com.android.server.biometrics.BiometricService
05-30 10:21:24.692 D/SystemServerTimingAsync( 745): ssm.onCompletedEventUser-0_{|Unlocked|}_com.android.server.biometrics.AuthService
05-30 10:21:24.692 D/SystemServerTimingAsync( 745): ssm.onCompletedEventUser-0_{|Unlocked|}_com.android.server.pm.ShortcutService$Lifecycle
05-30 10:21:24.692 D/SystemServerTimingAsync( 745): ssm.onCompletedEventUser-0_{|Unlocked|}_com.android.server.pm.LauncherAppsService
05-30 10:21:24.692 D/SystemServerTimingAsync( 745): ssm.onCompletedEventUser-0_{|Unlocked|}_com.android.server.pm.CrossProfileAppsService
05-30 10:21:24.692 D/SystemServerTimingAsync( 745): ssm.onCompletedEventUser-0_{|Unlocked|}_com.android.server.people.PeopleService
05-30 10:21:24.692 D/SystemServerTimingAsync( 745): ssm.onCompletedEventUser-0_{|Unlocked|}_com.android.server.media.metrics.MediaMetricsManagerService
05-30 10:21:24.692 D/SystemServerTimingAsync( 745): ssm.onCompletedEventUser-0_{|Unlocked|}_com.android.server.pm.BackgroundInstallControlService
05-30 10:21:24.692 D/SystemServerTimingAsync( 745): ssm.onCompletedEventUser-0_{|Unlocked|}_com.android.server.media.projection.MediaProjectionManagerService
05-30 10:21:24.692 D/SystemServerTimingAsync( 745): ssm.onCompletedEventUser-0_{|Unlocked|}_com.android.server.slice.SliceManagerService$Lifecycle
05-30 10:21:24.692 D/SystemServerTimingAsync( 745): ssm.onCompletedEventUser-0_{|Unlocked|}_com.android.server.stats.StatsCompanion$Lifecycle
05-30 10:21:24.692 D/SystemServerTimingAsync( 745): ssm.onCompletedEventUser-0_{|Unlocked|}_com.android.server.scheduling.RebootReadinessManagerService$Lifecycle
05-30 10:21:24.692 D/SystemServerTimingAsync( 745): ssm.onCompletedEventUser-0_{|Unlocked|}_com.android.server.stats.pull.StatsPullAtomService
05-30 10:21:24.692 D/SystemServerTimingAsync( 745): ssm.onCompletedEventUser-0_{|Unlocked|}_com.android.server.stats.bootstrap.StatsBootstrapAtomService$Lifecycle
05-30 10:21:24.692 D/SystemServerTimingAsync( 745): ssm.onCompletedEventUser-0_{|Unlocked|}_com.android.server.incident.IncidentCompanionService
05-30 10:21:24.692 D/SystemServerTimingAsync( 745): ssm.onCompletedEventUser-0_{|Unlocked|}_com.android.server.sdksandbox.SdkSandboxManagerService$Lifecycle
05-30 10:21:24.692 D/SystemServerTimingAsync( 745): ssm.onCompletedEventUser-0_{|Unlocked|}_com.android.server.adservices.AdServicesManagerService$Lifecycle
05-30 10:21:24.692 D/SystemServerTimingAsync( 745): ssm.onCompletedEventUser-0_{|Unlocked|}_com.android.server.ondevicepersonalization.OnDevicePersonalizationSystemService$Lifecycle
05-30 10:21:24.692 D/SystemServerTimingAsync( 745): ssm.onCompletedEventUser-0_{|Unlocked|}_com.android.server.autofill.AutofillManagerService
05-30 10:21:24.692 D/SystemServerTimingAsync( 745): ssm.onCompletedEventUser-0_{|Unlocked|}_com.android.server.clipboard.ClipboardService
05-30 10:21:24.692 D/SystemServerTimingAsync( 745): ssm.onCompletedEventUser-0_{|Unlocked|}_com.android.server.appbinding.AppBindingService$Lifecycle
05-30 10:21:24.692 D/SystemServerTimingAsync( 745): ssm.onCompletedEventUser-0_{|Unlocked|}_com.android.server.tracing.TracingServiceProxy
05-30 10:21:24.692 D/SystemServerTimingAsync( 745): ssm.onCompletedEventUser-0_{|Unlocked|}_com.android.server.policy.PermissionPolicyService
05-30 10:21:24.692 D/SystemServerTimingAsync( 745): ssm.onCompletedEventUser-0_{|Unlocked|}_com.android.server.pm.StagingManager$Lifecycle
05-30 10:21:24.692 D/SystemServerTimingAsync( 745): ssm.onCompletedEventUser-0_{|Unlocked|}_com.android.server.app.GameManagerService$Lifecycle
05-30 10:21:24.692 D/SystemServerTimingAsync( 745): ssm.onCompletedEventUser-0_{|Unlocked|}_com.android.safetycenter.SafetyCenterService
05-30 10:21:24.692 D/SystemServerTimingAsync( 745): ssm.onCompletedEventUser-0_{|Unlocked|}_com.android.server.appsearch.AppSearchModule$Lifecycle
05-30 10:21:24.692 D/SystemServerTimingAsync( 745): ssm.onCompletedEventUser-0_{|Unlocked|}_com.android.server.media.MediaCommunicationService
05-30 10:21:24.693 D/SystemServerTimingAsync( 745): ssm.onCompletedEventUser-0_{|Unlocked|}_com.android.server.compat.overrides.AppCompatOverridesService$Lifecycle
05-30 10:21:24.693 D/SystemServerTimingAsync( 745): ssm.onCompletedEventUser-0_{|Unlocked|}_com.android.server.healthconnect.HealthConnectManagerService
05-30 10:21:24.693 D/SystemServerTimingAsync( 745): ssm.onCompletedEventUser-0_{|Unlocked|}_com.android.server.devicelock.DeviceLockService
05-30 10:21:24.693 D/SystemServerTimingAsync( 745): ssm.onCompletedEventUser-0_{|Unlocked|}_com.android.server.devicepolicy.DevicePolicyManagerService$Lifecycle
05-30 10:21:24.694 D/SystemServerTimingAsync( 745): ssm.onCompletedEventUser-0_{|Unlocked|}_com.android.server.pm.Installer
05-30 10:21:25.365 W/ContextImpl( 1911): Calling a method in the system process without a qualified user: android.app.ContextImpl.startService:1899 android.content.ContextWrapper.startService:825 com.dangbei.etna.setting.core.SettingHelper.startRocky:267 com.dangbei.etna.setting.core.SettingHelper.sendCycleCheckBootGuideStatusMessage:214 com.dangbei.etna.setting.core.SettingHelper.startLoop$lambda-0:189
05-30 10:21:25.369 I/ActivityManager( 745): com.dangbei.lerad.rocky is exempt from freezer
05-30 10:21:25.370 D/CompatibilityChangeReporter( 745): Compat change id reported: 135634846; UID 1000; state: DISABLED
05-30 10:21:25.372 W/ContextImpl( 1911): Calling a method in the system process without a qualified user: android.app.ContextImpl.sendBroadcast:1220 android.content.ContextWrapper.sendBroadcast:504 com.dangbei.etna.setting.core.SettingHelper.sendCycleToProjector:257 com.dangbei.etna.setting.core.SettingHelper.sendCycleCheckBroadcast:226 com.dangbei.etna.setting.core.SettingHelper.sendCycleCheckBootGuideStatusMessage:215
05-30 10:21:25.374 W/ContextImpl( 1911): Calling a method in the system process without a qualified user: android.app.ContextImpl.sendBroadcast:1220 android.content.ContextWrapper.sendBroadcast:504 com.dangbei.etna.setting.core.SettingHelper.sendCycleToVoice:242 com.dangbei.etna.setting.core.SettingHelper.sendCycleCheckBroadcast:227 com.dangbei.etna.setting.core.SettingHelper.sendCycleCheckBootGuideStatusMessage:215
05-30 10:21:25.375 D/CompatibilityChangeReporter( 745): Compat change id reported: 135634846; UID 10044; state: DISABLED
05-30 10:21:25.397 D/CompatibilityChangeReporter( 745): Compat change id reported: 253665015; UID 10015; state: ENABLED
05-30 10:21:25.398 D/CompatibilityChangeReporter( 745): Compat change id reported: 194532703; UID 10015; state: ENABLED
05-30 10:21:25.398 I/ActivityManager( 745): Start proc 2606:com.dangbei.lerad.rocky/1000 for service {com.dangbei.lerad.rocky/com.dangbei.rocky.RockyService}
05-30 10:21:25.398 D/CompatibilityChangeReporter( 745): Compat change id reported: 143937733; UID 10044; state: DISABLED
05-30 10:21:25.428 W/ActivityManager( 745): Slow operation: 53ms so far, now at startProcess: returned from zygote!
05-30 10:21:25.428 W/ActivityManager( 745): Slow operation: 54ms so far, now at startProcess: done updating battery stats
05-30 10:21:25.429 W/ActivityManager( 745): Slow operation: 54ms so far, now at startProcess: building log message
05-30 10:21:25.429 I/ActivityManager( 745): Start proc 2616:com.dangbei.screencast/u0a44 for broadcast {com.dangbei.screencast/com.dangbei.screencast.startup.BootReceiver}
05-30 10:21:25.429 W/ActivityManager( 745): Slow operation: 54ms so far, now at startProcess: starting to update pids map
05-30 10:21:25.429 W/ActivityManager( 745): Slow operation: 54ms so far, now at startProcess: done updating pids map
05-30 10:21:25.453 D/CompatibilityChangeReporter( 745): Compat change id reported: 168419799; UID 1000; state: DISABLED
05-30 10:21:25.457 D/CompatibilityChangeReporter( 745): Compat change id reported: 273564678; UID 1000; state: DISABLED
05-30 10:21:25.481 D/CompatibilityChangeReporter( 745): Compat change id reported: 168419799; UID 10044; state: DISABLED
05-30 10:21:25.481 D/CompatibilityChangeReporter( 745): Compat change id reported: 273564678; UID 10044; state: DISABLED
05-30 10:21:25.498 D/CompatibilityChangeReporter( 745): Compat change id reported: 265195908; UID 10044; state: ENABLED
05-30 10:21:25.511 D/CompatibilityChangeReporter( 745): Compat change id reported: 170503758; UID 10044; state: DISABLED
05-30 10:21:25.635 W/ActivityManager( 745): Background start not allowed: service Intent { act=com.dangbei.screencast.STARTUP pkg=com.dangbei.screencast } to com.dangbei.screencast/.startup.StartupService from pid=2616 uid=10044 pkg=com.dangbei.screencast startFg?=false
05-30 10:21:25.648 W/ActivityManager( 745): Background start not allowed: service Intent { act=com.dangbei.screencast.STARTUP pkg=com.dangbei.screencast } to com.dangbei.screencast/.startup.StartupService from pid=2616 uid=10044 pkg=com.dangbei.screencast startFg?=false
05-30 10:21:25.712 D/CompatibilityChangeReporter( 745): Compat change id reported: 149924527; UID 10044; state: ENABLED
05-30 10:21:25.713 D/CompatibilityChangeReporter( 745): Compat change id reported: 132649864; UID 10044; state: DISABLED
05-30 10:21:25.728 W/ContextImpl( 2606): Calling a method in the system process without a qualified user: android.app.ContextImpl.startService:1899 android.content.ContextWrapper.startService:825 com.cvte.tv.api.TvApiSDKManager.:177 com.cvte.tv.api.TvApiSDKManager.init:217 com.dangbei.rocky.component.system.SystemControlUtils.initSystemAidl:82
05-30 10:21:25.729 W/ActivityManager( 745): Unable to start service Intent { act=com.cvte.tv.api.TV_API_SERVICE pkg=com.cvte.tv.api.impl } U=0: not found
05-30 10:21:25.730 W/ContextImpl( 2606): Calling a method in the system process without a qualified user: android.app.ContextImpl.bindService:1988 android.content.ContextWrapper.bindService:861 com.cvte.tv.api.TvApiSDKManager.:178 com.cvte.tv.api.TvApiSDKManager.init:217 com.dangbei.rocky.component.system.SystemControlUtils.initSystemAidl:82
05-30 10:21:25.731 W/ActivityManager( 745): Unable to start service Intent { act=com.cvte.tv.api.TV_API_SERVICE pkg=com.cvte.tv.api.impl } U=0: not found
05-30 10:21:25.732 W/ContextImpl( 2606): Calling a method in the system process without a qualified user: android.app.ContextImpl.startService:1899 android.content.ContextWrapper.startService:825 com.cvte.tv.api.TvApiSDKManager.getTvApi:361 com.dangbei.rocky.component.system.SystemControlUtils.initSystemAidl:83 com.dangbei.rocky.component.system.SystemComponent.onAttached:38
05-30 10:21:25.733 W/ActivityManager( 745): Unable to start service Intent { act=com.cvte.tv.api.TV_API_SERVICE pkg=com.cvte.tv.api.impl } U=0: not found
05-30 10:21:25.733 W/ContextImpl( 2606): Calling a method in the system process without a qualified user: android.app.ContextImpl.bindService:1988 android.content.ContextWrapper.bindService:861 com.cvte.tv.api.TvApiSDKManager.getTvApi:362 com.dangbei.rocky.component.system.SystemControlUtils.initSystemAidl:83 com.dangbei.rocky.component.system.SystemComponent.onAttached:38
05-30 10:21:25.734 W/ActivityManager( 745): Unable to start service Intent { act=com.cvte.tv.api.TV_API_SERVICE pkg=com.cvte.tv.api.impl } U=0: not found
05-30 10:21:25.744 D/CompatibilityChangeReporter( 745): Compat change id reported: 161145287; UID 10044; state: DISABLED
05-30 10:21:25.745 W/ContextImpl( 2606): Calling a method in the system process without a qualified user: android.app.ContextImpl.startService:1899 android.content.ContextWrapper.startService:825 com.dangbei.phrike.core.DownloadManager.register:294 com.dangbei.component_appcontrol.phrike.XPhrikeAppCreator.register:47 com.dangbei.component_appcontrol.AppControlComponent.onAttached:65
05-30 10:21:25.910 I/ActivityManager( 745): Background started FGS: Allowed [callingPackage: com.dangbei.screencast; callingUid: 10044; uidState: CEM ; uidBFSL: n/a; intent: Intent { act=com.dangbei.screencast.STARTUP pkg=com.dangbei.screencast }; code:SYSTEM_ALERT_WINDOW_PERMISSION; tempAllowListReason:; targetSdkVersion:28; callerTargetSdkVersion:28; startForegroundCount:0; bindFromPackage:null: isBindService:false]
05-30 10:21:25.935 D/CompatibilityChangeReporter( 745): Compat change id reported: 170668199; UID 10044; state: DISABLED
05-30 10:21:25.935 W/ActivityManager( 745): Foreground service started from background can not have location/camera/microphone access: service com.dangbei.screencast/.startup.StartupService
05-30 10:21:25.936 D/CompatibilityChangeReporter( 745): Compat change id reported: 255038118; UID 10044; state: DISABLED
05-30 10:21:25.936 D/CompatibilityChangeReporter( 745): Compat change id reported: 255042465; UID 10044; state: DISABLED
05-30 10:21:25.940 W/ForegroundServiceTypeLoggerModule( 745): Foreground service start for UID: 10044 does not have any types
05-30 10:21:25.941 I/ActivityManager( 745): Deferring FGS notification in legacy app com.dangbei.screencast/u0a44 : Notification(channel=channel_record shortcut=null contentView=null vibrate=null sound=null defaults=0x0 flags=0x60 color=0x00000000 category=transport vis=PUBLIC)
05-30 10:21:25.998 W/BroadcastLoopers( 745): Found previously unknown looper Thread[appscheduling.default,5,main]
