--------- beginning of system
05-30 10:20:35.581 I/vold ( 248): Vold 3.0 (the awakening) firing up
05-30 10:20:35.581 D/vold ( 248): Detected support for: ext4 f2fs vfat
05-30 10:20:35.598 D/vold ( 248): VoldNativeService::start() completed OK
05-30 10:20:36.232 I/vold ( 248): Using AIDL version of IBootControl
05-30 10:20:36.297 I/keystore2( 283): system/security/keystore2/src/keystore2_main.rs:61 - Keystore2 is starting.
05-30 10:20:36.297 I/keystore2( 283): system/security/keystore2/src/keystore2_main.rs:67 - Setting up sqlite logging for keystore2
05-30 10:20:36.308 W/keystore2( 283): system/security/keystore2/src/metrics_store.rs:577 - In update_keystore_crash_sysprop: Failed to read the existing system property due to: system/security/keystore2/src/metrics_store.rs:608: Property not set..Therefore, keystore crashes will not be logged.
05-30 10:20:36.317 I/keystore2( 283): system/security/keystore2/src/keystore2_main.rs:97 - Starting thread pool now.
05-30 10:20:36.321 I/keystore2( 283): system/security/keystore2/src/globals.rs:256 - KeyMint device is current version (Some(300)) for security level: r#TRUSTED_ENVIRONMENT
05-30 10:20:36.330 I/keystore2( 283): system/security/keystore2/src/shared_secret_negotiation.rs:47 - Shared secret negotiation concluded successfully.
05-30 10:20:36.334 I/keystore2( 283): system/security/keystore2/src/keystore2_main.rs:152 - Successfully registered Keystore 2.0 service.
05-30 10:20:36.334 I/keystore2( 283): system/security/keystore2/src/keystore2_main.rs:154 - Joining thread pool now.
05-30 10:20:36.335 I/keystore2( 283): system/security/keystore2/src/shared_secret_negotiation.rs:294 - No StrongBox Keymint available, so no RoT transfer
05-30 10:20:36.547 D/vold ( 248): fscrypt_mount_metadata_encrypted: /data encrypt: 1 format: 0 with f2fs block device: /dev/block/by-name/userdata and zoned device:
05-30 10:20:36.547 D/vold ( 248): metadata_key_dir/key: /metadata/vold/metadata_encryption/key
05-30 10:20:36.549 D/vold ( 248): Created directory /metadata/vold/metadata_encryption
05-30 10:20:36.550 D/vold ( 248): Metadata key does not exist but ro.crypto.metadata_init_delete_all_keys.enabled is false
05-30 10:20:36.550 I/vold ( 248): Creating new key in /metadata/vold/metadata_encryption/key
05-30 10:20:36.550 D/vold ( 248): Generating standard storage key
05-30 10:20:36.554 D/vold ( 248): Generating "key storage" key
05-30 10:20:36.556 E/keystore2( 283): system/security/keystore2/src/error.rs:180 - system/security/keystore2/src/security_level.rs:622
05-30 10:20:36.556 E/keystore2( 283):
05-30 10:20:36.556 E/keystore2( 283): Caused by:
05-30 10:20:36.556 E/keystore2( 283): 0: system/security/keystore2/src/security_level.rs:620: While generating Key without explicit attestation key.
05-30 10:20:36.556 E/keystore2( 283): 1: Error::Km(r#ROLLBACK_RESISTANCE_UNAVAILABLE)
05-30 10:20:36.556 E/vold ( 248): keystore2 Keystore generateKey returned service specific error: -67
05-30 10:20:36.557 W/vold ( 248): Failed to generate rollback-resistant key. This is expected if keystore doesn't support rollback resistance. Falling back to non-rollback-resistant key.
05-30 10:20:36.563 D/vold ( 248): Stored key /metadata/vold/metadata_encryption/key
05-30 10:20:36.565 D/vold ( 248): encrypt_inplace(/dev/block/dm-50, /dev/block/by-name/userdata, 114014208)
05-30 10:20:36.576 I/vold ( 248): Encrypting f2fs filesystem on /dev/block/by-name/userdata in-place via /dev/block/dm-50
05-30 10:20:36.576 I/vold ( 248): 91147 blocks (373 MB) of 14251776 blocks are in-use
05-30 10:20:36.721 D/vold ( 248): Encrypted 10000 of 91147 blocks
05-30 10:20:36.867 D/vold ( 248): Encrypted 20000 of 91147 blocks
05-30 10:20:37.012 D/vold ( 248): Encrypted 30000 of 91147 blocks
05-30 10:20:37.157 D/vold ( 248): Encrypted 40000 of 91147 blocks
05-30 10:20:37.303 D/vold ( 248): Encrypted 50000 of 91147 blocks
05-30 10:20:37.449 D/vold ( 248): Encrypted 60000 of 91147 blocks
05-30 10:20:37.597 D/vold ( 248): Encrypted 70000 of 91147 blocks
05-30 10:20:37.746 D/vold ( 248): Encrypted 80000 of 91147 blocks
05-30 10:20:38.147 D/vold ( 248): Encrypted 90000 of 91147 blocks
05-30 10:20:39.552 D/vold ( 248): Encrypted 91147 of 91147 blocks
05-30 10:20:39.552 I/vold ( 248): Successfully encrypted f2fs filesystem on /dev/block/by-name/userdata
05-30 10:20:39.691 D/vold ( 248): Mounting metadata-encrypted filesystem:/data
05-30 10:20:39.698 I/vold ( 248): [libfs_mgr] Running /system/bin/fsck.f2fs -a -c 10000 --debug-cache /dev/block/dm-50
05-30 10:20:39.938 I/vold ( 248): [libfs_mgr] __mount(source=/dev/block/dm-50,target=/data,type=f2fs)=0: Success
05-30 10:20:39.939 D/vold ( 248): Mounted /data
05-30 10:20:40.002 I/Checkpoint( 248): cp_prepareCheckpoint called
05-30 10:20:40.025 I/vold ( 248): fscrypt_initialize_systemwide_keys
05-30 10:20:40.026 I/vold ( 248): Creating new key in /data/unencrypted/key
05-30 10:20:40.026 D/vold ( 248): Generating standard storage key
05-30 10:20:40.030 D/vold ( 248): Generating "key storage" key
05-30 10:20:40.031 E/keystore2( 283): system/security/keystore2/src/error.rs:180 - system/security/keystore2/src/security_level.rs:622
05-30 10:20:40.031 E/keystore2( 283):
05-30 10:20:40.031 E/keystore2( 283): Caused by:
05-30 10:20:40.031 E/keystore2( 283): 0: system/security/keystore2/src/security_level.rs:620: While generating Key without explicit attestation key.
05-30 10:20:40.031 E/keystore2( 283): 1: Error::Km(r#ROLLBACK_RESISTANCE_UNAVAILABLE)
05-30 10:20:40.031 E/vold ( 248): keystore2 Keystore generateKey returned service specific error: -67
05-30 10:20:40.031 W/vold ( 248): Failed to generate rollback-resistant key. This is expected if keystore doesn't support rollback resistance. Falling back to non-rollback-resistant key.
05-30 10:20:40.039 D/vold ( 248): Stored key /data/unencrypted/key
05-30 10:20:40.039 D/vold ( 248): Installed fscrypt key with ref dfa3b6f0d5813719a644f826b542534a to /data
05-30 10:20:40.039 D/vold ( 248): Added fscrypt-provisioning key for dfa3b6f0d5813719a644f826b542534a to session keyring
05-30 10:20:40.040 I/vold ( 248): Wrote system DE key reference to:/data/unencrypted/ref
05-30 10:20:40.040 D/vold ( 248): Generating standard storage key
05-30 10:20:40.040 D/vold ( 248): Installed fscrypt key with ref 91345d159bd8ed582b7dd178a4d2dc76 to /data
05-30 10:20:40.040 D/vold ( 248): Added fscrypt-provisioning key for 91345d159bd8ed582b7dd178a4d2dc76 to session keyring
05-30 10:20:40.041 I/vold ( 248): Wrote per boot key reference to:/data/unencrypted/per_boot_ref
05-30 10:20:40.081 I/incfs ( 248): Initial API level of the device: 34
05-30 10:20:40.081 I/incfs ( 248): ro.incremental.enable: yes
05-30 10:20:40.081 I/incfs ( 248): isFsAvailable: true
05-30 10:20:40.081 I/incfs ( 248): isFsAvailable: true
05-30 10:20:40.081 I/incfs ( 248): IncFs_Features: v2
05-30 10:20:40.083 I/keystore2( 283): system/security/keystore2/src/maintenance.rs:206 - In early_boot_ended.
05-30 10:20:40.102 E/keystore2( 283): system/security/keystore2/src/keystore2_main.rs:69 - [SQLITE3] 17: statement aborts at 28: [CREATE TABLE IF NOT EXISTS persistent.version (
05-30 10:20:40.102 E/keystore2( 283): id INTEGER PRIMARY KEY,
05-30 10:20:40.102 E/keystore2( 283): version INTEGER);] database schema has changed
05-30 10:20:40.103 I/keystore2( 283): system/security/keystore2/src/globals.rs:66 - Touching Keystore 2.0 database for this first time since boot.
05-30 10:20:40.103 I/keystore2( 283): system/security/keystore2/src/globals.rs:68 - Calling cleanup leftovers.
05-30 10:20:40.103 I/keystore2( 283): system/security/keystore2/src/boot_level_keys.rs:57 - ro.keystore.boot_level_key.strategy not set, inferring from installed KM instances
05-30 10:20:40.103 I/keystore2( 283): system/security/keystore2/src/boot_level_keys.rs:115 - In get_level_zero_key: security_level=r#SOFTWARE, deny_later_strategy=EarlyBootOnly
05-30 10:20:40.108 I/keystore2( 283): system/security/keystore2/src/super_key.rs:293 - Starting boot level watcher.
05-30 10:20:40.109 I/keystore2( 283): system/security/keystore2/src/maintenance.rs:187 - Call to earlyBootEnded succeeded for security level TRUSTED_ENVIRONMENT.
05-30 10:20:40.109 I/keystore2( 283): system/security/keystore2/src/super_key.rs:325 - Read keystore.boot_level value 30
05-30 10:20:40.109 I/keystore2( 283): system/security/keystore2/src/super_key.rs:325 - Read keystore.boot_level value 30
05-30 10:20:40.111 E/keystore2( 283): system/security/keystore2/src/maintenance.rs:192 - Call to earlyBootEnded failed for security level STRONGBOX: system/security/keystore2/src/maintenance.rs:167: getting keymint device.
05-30 10:20:40.111 E/keystore2( 283): system/security/keystore2/src/error.rs:180 - system/security/keystore2/src/maintenance.rs:167: getting keymint device
05-30 10:20:40.111 E/keystore2( 283):
05-30 10:20:40.111 E/keystore2( 283): Caused by:
05-30 10:20:40.111 E/keystore2( 283): 0: system/security/keystore2/src/globals.rs:335: Cannot connect to Keymint
05-30 10:20:40.111 E/keystore2( 283): 1: system/security/keystore2/src/globals.rs:246: Trying to get Legacy wrapper.
05-30 10:20:40.111 E/keystore2( 283): 2: Error::Km(r#HARDWARE_TYPE_UNAVAILABLE)
05-30 10:20:40.111 E/vold ( 248): keystore2 Keystore earlyBootEnded returned service specific error: -68
05-30 10:20:41.079 D/BootAnimation( 252): BootAnimation::threadLoop
05-30 10:20:41.093 D/BootAnimation( 252): bootVideoProp=50, mConfig=0, mVol=50, mMute=0
05-30 10:20:41.119 D/BootAnimation( 252): BootAnimationShownTiming start time: 10238ms
05-30 10:20:43.758 D/vold ( 248): fscrypt_init_user0
05-30 10:20:43.759 D/vold ( 248): Preparing: /data/misc/vold/user_keys
05-30 10:20:43.764 D/vold ( 248): Preparing: /data/misc/vold/user_keys/ce
05-30 10:20:43.764 D/vold ( 248): Preparing: /data/misc/vold/user_keys/de
05-30 10:20:43.765 D/vold ( 248): Generating standard storage key
05-30 10:20:43.774 D/vold ( 248): Generating "key storage" key
05-30 10:20:43.774 E/keystore2( 283): system/security/keystore2/src/error.rs:180 - system/security/keystore2/src/security_level.rs:622
05-30 10:20:43.774 E/keystore2( 283):
05-30 10:20:43.774 E/keystore2( 283): Caused by:
05-30 10:20:43.774 E/keystore2( 283): 0: system/security/keystore2/src/security_level.rs:620: While generating Key without explicit attestation key.
05-30 10:20:43.774 E/keystore2( 283): 1: Error::Km(r#ROLLBACK_RESISTANCE_UNAVAILABLE)
05-30 10:20:43.775 E/vold ( 248): keystore2 Keystore generateKey returned service specific error: -67
05-30 10:20:43.775 W/vold ( 248): Failed to generate rollback-resistant key. This is expected if keystore doesn't support rollback resistance. Falling back to non-rollback-resistant key.
05-30 10:20:43.784 D/vold ( 248): Stored key /data/misc/vold/user_keys/de/0
05-30 10:20:43.784 D/vold ( 248): Installed fscrypt key with ref 8048d6a517543d33b47a025d4ef6fbaf to /data
05-30 10:20:43.784 D/vold ( 248): Added fscrypt-provisioning key for 8048d6a517543d33b47a025d4ef6fbaf to session keyring
05-30 10:20:43.784 I/vold ( 248): Created DE key for user 0
05-30 10:20:43.784 D/vold ( 248): Generating standard storage key
05-30 10:20:43.784 D/vold ( 248): Preparing: /data/misc/vold/user_keys/ce/0
05-30 10:20:43.785 D/vold ( 248): Installed fscrypt key with ref f659be8347ab1ae1aab3e1b333aabc93 to /data
05-30 10:20:43.785 D/vold ( 248): Added fscrypt-provisioning key for f659be8347ab1ae1aab3e1b333aabc93 to session keyring
05-30 10:20:43.785 I/vold ( 248): Created CE key for user 0
05-30 10:20:43.788 D/vold ( 248): Installed fscrypt key with ref 8048d6a517543d33b47a025d4ef6fbaf to /data
05-30 10:20:43.788 D/vold ( 248): Added fscrypt-provisioning key for 8048d6a517543d33b47a025d4ef6fbaf to session keyring
05-30 10:20:43.788 D/vold ( 248): Installed de key for user 0
05-30 10:20:43.788 D/vold ( 248): Preparing: /data/data
05-30 10:20:43.789 I/vold ( 248): Encryption policy of /data/data set to f659be8347ab1ae1aab3e1b333aabc93 v2 modes 1/4 flags 0xa
05-30 10:20:43.789 D/vold ( 248): Preparing: /data/user/0
05-30 10:20:43.790 D/vold ( 248): Preparing: /data/media/obb
05-30 10:20:43.791 I/vold ( 248): Encryption policy of /data/media/obb set to dfa3b6f0d5813719a644f826b542534a v2 modes 1/4 flags 0xa
05-30 10:20:43.791 D/vold ( 248): fscrypt_prepare_user_storage for volume null, user 0, serial 0, flags 1
05-30 10:20:43.791 D/vold ( 248): Preparing: /data/system/users/0
05-30 10:20:43.792 D/vold ( 248): Preparing: /data/misc/profiles/cur/0
05-30 10:20:43.792 D/vold ( 248): Preparing: /data/system_de/0
05-30 10:20:43.793 I/vold ( 248): Encryption policy of /data/system_de/0 set to 8048d6a517543d33b47a025d4ef6fbaf v2 modes 1/4 flags 0xa
05-30 10:20:43.793 D/vold ( 248): Preparing: /data/vendor_de/0
05-30 10:20:43.794 I/vold ( 248): Encryption policy of /data/vendor_de/0 set to 8048d6a517543d33b47a025d4ef6fbaf v2 modes 1/4 flags 0xa
05-30 10:20:43.794 D/vold ( 248): Preparing: /data/misc_de/0
05-30 10:20:43.795 I/vold ( 248): Encryption policy of /data/misc_de/0 set to 8048d6a517543d33b47a025d4ef6fbaf v2 modes 1/4 flags 0xa
05-30 10:20:43.795 D/vold ( 248): Preparing: /data/user_de/0
05-30 10:20:43.795 I/vold ( 248): Encryption policy of /data/user_de/0 set to 8048d6a517543d33b47a025d4ef6fbaf v2 modes 1/4 flags 0xa
05-30 10:20:43.795 D/vold ( 248): /system/bin/vold_prepare_subdirs
05-30 10:20:43.795 D/vold ( 248): prepare
05-30 10:20:43.795 D/vold ( 248):
05-30 10:20:43.795 D/vold ( 248): 0
05-30 10:20:43.795 D/vold ( 248): 1
05-30 10:20:43.856 D/vold ( 248): Detected support for FS_IOC_ADD_ENCRYPTION_KEY
05-30 10:20:43.857 D/vold ( 248): Installing fscrypt-provisioning key for f659be8347ab1ae1aab3e1b333aabc93 back into /data fs-keyring
05-30 10:20:44.379 I/odsign ( 483): Trying to retrieve existing HMAC key...
05-30 10:20:44.380 I/odsign ( 483): Existing HMAC key not found or invalid, creating new key
05-30 10:20:44.392 I/odsign ( 483): Trying to retrieve existing keystore key...
05-30 10:20:44.393 I/odsign ( 483): Failed to find keystore key...
05-30 10:20:44.393 I/odsign ( 483): Existing keystore key not found or invalid, creating new key
05-30 10:20:44.837 I/odsign ( 483): Initialized Keystore key.
05-30 10:20:44.837 W/odsign ( 483): Key certificate not found: /data/misc/odsign/key.cert: No such file or directory
05-30 10:20:44.987 I/odrefresh( 484): ART APEX version 340090000
05-30 10:20:44.989 I/odrefresh( 484): No prior cache-info file: '/data/misc/apexdata/com.android.art/dalvik-cache/cache-info.xml'
05-30 10:20:44.992 I/odrefresh( 484): Boot images on /system OK (arm)
05-30 10:20:44.998 I/odrefresh( 484): system_server artifacts on /system OK
05-30 10:20:45.002 I/odsign ( 483): /data/misc/odsign/odsign.info not found.
05-30 10:20:45.039 I/odrefresh( 485): ART APEX version 340090000
05-30 10:20:45.039 I/odrefresh( 485): No prior cache-info file: '/data/misc/apexdata/com.android.art/dalvik-cache/cache-info.xml'
05-30 10:20:45.039 I/odrefresh( 485): Boot images on /system OK (arm)
05-30 10:20:45.040 I/odrefresh( 485): system_server artifacts on /system OK
05-30 10:20:45.170 I/odsign ( 483): odrefresh compiled all artifacts, returned 80
05-30 10:20:45.170 I/odsign ( 483): Adding "/data/misc/apexdata/com.android.art/dalvik-cache/cache-info.xml" to fs-verity...
05-30 10:20:45.186 I/odsign ( 483): On-device signing done.
05-30 10:20:45.208 I/keystore2( 283): system/security/keystore2/src/super_key.rs:330 - keystore.boot_level 1000000000 hits maximum 1000000000, finishing.
05-30 10:20:46.419 I/android.hardware.wifi-service.droidlogic( 570): Wifi Hal is booting up...
05-30 10:20:46.423 I/android.hardware.wifi-service.droidlogic( 570): Joining RPC thread pool
05-30 10:20:46.616 I/gsid ( 611): no DSU: No such file or directory
05-30 10:20:47.018 I/installd( 651): installd firing up
05-30 10:20:47.019 D/installd( 651): Assuming that device has multi-user storage layout; upgrade no longer supported
05-30 10:20:47.019 D/installd( 651): Upgrading to /data/misc/user directories
05-30 10:20:47.101 I/wificond( 665): wificond is starting up...
05-30 10:20:47.140 E/HidlServiceManagement( 665): Service android.system.wifi.keystore@1.0::IKeystore/default must be in VINTF manifest in order to register/get.
05-30 10:20:47.140 I/wificond( 665): Did not register wifi keystore HIDL HAL service: -2147483648
05-30 10:20:47.173 W/storaged( 662): health: invalid battery status
05-30 10:20:49.909 D/SystemServerTiming( 745): InitBeforeStartServices
05-30 10:20:49.912 I/SystemServer( 745): Entered the Android system server!
05-30 10:20:50.199 I/SystemServerInitThreadPool( 745): Creating instance with 4 threads
05-30 10:20:50.733 D/SystemServerTiming( 745): StartServices
05-30 10:20:50.733 D/SystemServerTiming( 745): startBootstrapServices
05-30 10:20:50.733 D/SystemServerTiming( 745): ArtModuleServiceInitializer
05-30 10:20:50.735 D/SystemServerTiming( 745): StartWatchdog
05-30 10:20:50.740 I/SystemServer( 745): Reading configuration...
05-30 10:20:50.740 D/SystemServerTiming( 745): ReadingSystemConfig
05-30 10:20:50.740 D/SystemServerTiming( 745): PlatformCompat
05-30 10:20:50.741 D/SystemServerTimingAsync( 745): InitThreadPoolExec:ReadingSystemConfig
05-30 10:20:50.741 D/CompatConfig( 745): Found a config file: /system/etc/compatconfig/TeleService-platform-compat-config.xml
05-30 10:20:50.742 D/CompatConfig( 745): Adding: com.android.server.compat.config.Change@750c40a
05-30 10:20:50.742 D/CompatConfig( 745): Adding: com.android.server.compat.config.Change@c3e8298
05-30 10:20:50.742 D/CompatConfig( 745): Adding: com.android.server.compat.config.Change@bf81af1
05-30 10:20:50.742 D/CompatConfig( 745): Adding: com.android.server.compat.config.Change@83f16d6
05-30 10:20:50.742 D/CompatConfig( 745): Adding: com.android.server.compat.config.Change@b561d57
05-30 10:20:50.742 D/CompatConfig( 745): Adding: com.android.server.compat.config.Change@8e53044
05-30 10:20:50.742 I/SystemConfig( 745): Reading permissions from /system/etc/sysconfig/framework-sysconfig.xml
05-30 10:20:50.744 D/CompatConfig( 745): Found a config file: /system/etc/compatconfig/calendar-provider-compat-config.xml
05-30 10:20:50.745 D/CompatConfig( 745): Adding: com.android.server.compat.config.Change@bedca62
05-30 10:20:50.746 D/CompatConfig( 745): Found a config file: /system/etc/compatconfig/contacts-provider-platform-compat-config.xml
05-30 10:20:50.746 I/SystemConfig( 745): Reading permissions from /system/etc/sysconfig/hiddenapi-package-whitelist.xml
05-30 10:20:50.747 D/CompatConfig( 745): Found a config file: /system/etc/compatconfig/documents-ui-compat-config.xml
05-30 10:20:50.747 I/SystemConfig( 745): Reading permissions from /system/etc/sysconfig/initial-package-stopped-states.xml
05-30 10:20:50.747 D/CompatConfig( 745): Adding: com.android.server.compat.config.Change@3e1604f
05-30 10:20:50.748 D/CompatConfig( 745): Found a config file: /system/etc/compatconfig/framework-platform-compat-config.xml
05-30 10:20:50.749 I/SystemConfig( 745): Reading permissions from /system/etc/sysconfig/preinstalled-packages-asl-files.xml
05-30 10:20:50.751 I/SystemConfig( 745): Reading permissions from /system/etc/sysconfig/preinstalled-packages-com.android.providers.media.module.xml
05-30 10:20:50.752 I/SystemConfig( 745): Reading permissions from /system/etc/sysconfig/preinstalled-packages-platform.xml
05-30 10:20:50.753 I/SystemConfig( 745): Reading permissions from /system/etc/permissions/android.hardware.bluetooth.xml
05-30 10:20:50.754 I/SystemConfig( 745): Reading permissions from /system/etc/permissions/android.hardware.bluetooth_le.xml
05-30 10:20:50.754 D/CompatConfig( 745): Adding: com.android.server.compat.config.Change@9a8e186
05-30 10:20:50.754 D/CompatConfig( 745): Adding: com.android.server.compat.config.Change@5430a47
05-30 10:20:50.754 D/CompatConfig( 745): Adding: com.android.server.compat.config.Change@4973274
05-30 10:20:50.754 D/CompatConfig( 745): Adding: com.android.server.compat.config.Change@f78039d
05-30 10:20:50.754 D/CompatConfig( 745): Adding: com.android.server.compat.config.Change@fa19012
05-30 10:20:50.754 D/CompatConfig( 745): Adding: com.android.server.compat.config.Change@19c03e3
05-30 10:20:50.754 D/CompatConfig( 745): Adding: com.android.server.compat.config.Change@d2f01e0
05-30 10:20:50.754 D/CompatConfig( 745): Adding: com.android.server.compat.config.Change@2d63c99
05-30 10:20:50.754 D/CompatConfig( 745): Adding: com.android.server.compat.config.Change@3049b5e
05-30 10:20:50.755 D/CompatConfig( 745): Adding: com.android.server.compat.config.Change@900fb3f
05-30 10:20:50.755 D/CompatConfig( 745): Adding: com.android.server.compat.config.Change@3b25c0c
05-30 10:20:50.755 D/CompatConfig( 745): Adding: com.android.server.compat.config.Change@8450955
05-30 10:20:50.755 D/CompatConfig( 745): Adding: com.android.server.compat.config.Change@afb0f6a
05-30 10:20:50.755 D/CompatConfig( 745): Adding: com.android.server.compat.config.Change@1940c5b
05-30 10:20:50.755 D/CompatConfig( 745): Adding: com.android.server.compat.config.Change@12f2cf8
05-30 10:20:50.755 D/CompatConfig( 745): Adding: com.android.server.compat.config.Change@99e5d1
05-30 10:20:50.755 D/CompatConfig( 745): Adding: com.android.server.compat.config.Change@632b836
05-30 10:20:50.755 D/CompatConfig( 745): Adding: com.android.server.compat.config.Change@fa620a4
05-30 10:20:50.755 D/CompatConfig( 745): Adding: com.android.server.compat.config.Change@a860e0d
05-30 10:20:50.755 I/SystemConfig( 745): Reading permissions from /system/etc/permissions/android.software.webview.xml
05-30 10:20:50.755 D/CompatConfig( 745): Adding: com.android.server.compat.config.Change@e6a21c2
05-30 10:20:50.755 D/CompatConfig( 745): Adding: com.android.server.compat.config.Change@785abd3
05-30 10:20:50.755 D/CompatConfig( 745): Adding: com.android.server.compat.config.Change@676a310
05-30 10:20:50.756 D/CompatConfig( 745): Adding: com.android.server.compat.config.Change@4927e09
05-30 10:20:50.756 D/CompatConfig( 745): Adding: com.android.server.compat.config.Change@8bc980e
05-30 10:20:50.756 D/CompatConfig( 745): Adding: com.android.server.compat.config.Change@775322f
05-30 10:20:50.756 D/CompatConfig( 745): Adding: com.android.server.compat.config.Change@18ae03c
05-30 10:20:50.756 D/CompatConfig( 745): Adding: com.android.server.compat.config.Change@eae271a
05-30 10:20:50.756 D/CompatConfig( 745): Adding: com.android.server.compat.config.Change@82cc24b
05-30 10:20:50.756 D/CompatConfig( 745): Adding: com.android.server.compat.config.Change@f43c428
05-30 10:20:50.756 D/CompatConfig( 745): Adding: com.android.server.compat.config.Change@48ee541
05-30 10:20:50.756 D/CompatConfig( 745): Adding: com.android.server.compat.config.Change@bf79ae6
05-30 10:20:50.756 D/CompatConfig( 745): Adding: com.android.server.compat.config.Change@d833827
05-30 10:20:50.756 D/CompatConfig( 745): Adding: com.android.server.compat.config.Change@124fad4
05-30 10:20:50.756 D/CompatConfig( 745): Adding: com.android.server.compat.config.Change@523947d
05-30 10:20:50.756 D/CompatConfig( 745): Adding: com.android.server.compat.config.Change@d127f72
05-30 10:20:50.756 I/SystemConfig( 745): Reading permissions from /system/etc/permissions/android.test.base.xml
05-30 10:20:50.756 D/CompatConfig( 745): Adding: com.android.server.compat.config.Change@7e12fc3
05-30 10:20:50.756 D/CompatConfig( 745): Adding: com.android.server.compat.config.Change@b40f040
05-30 10:20:50.756 D/CompatConfig( 745): Adding: com.android.server.compat.config.Change@559fb79
05-30 10:20:50.756 D/CompatConfig( 745): Adding: com.android.server.compat.config.Change@a8520be
05-30 10:20:50.756 D/CompatConfig( 745): Adding: com.android.server.compat.config.Change@b9d051f
05-30 10:20:50.756 D/CompatConfig( 745): Adding: com.android.server.compat.config.Change@e64d06c
05-30 10:20:50.756 D/CompatConfig( 745): Adding: com.android.server.compat.config.Change@7f5d635
05-30 10:20:50.756 D/CompatConfig( 745): Adding: com.android.server.compat.config.Change@cee8aca
05-30 10:20:50.756 D/CompatConfig( 745): Adding: com.android.server.compat.config.Change@216d43b
05-30 10:20:50.757 D/CompatConfig( 745): Adding: com.android.server.compat.config.Change@9048758
05-30 10:20:50.757 D/CompatConfig( 745): Adding: com.android.server.compat.config.Change@e3aa0b1
05-30 10:20:50.757 D/CompatConfig( 745): Adding: com.android.server.compat.config.Change@5d28996
05-30 10:20:50.757 D/CompatConfig( 745): Adding: com.android.server.compat.config.Change@947917
05-30 10:20:50.757 D/CompatConfig( 745): Adding: com.android.server.compat.config.Change@ae6c104
05-30 10:20:50.757 D/CompatConfig( 745): Adding: com.android.server.compat.config.Change@2796ed
05-30 10:20:50.757 D/CompatConfig( 745): Adding: com.android.server.compat.config.Change@925a922
05-30 10:20:50.757 D/CompatConfig( 745): Adding: com.android.server.compat.config.Change@dd8fb3
05-30 10:20:50.757 D/CompatConfig( 745): Adding: com.android.server.compat.config.Change@790e970
05-30 10:20:50.757 D/CompatConfig( 745): Adding: com.android.server.compat.config.Change@c73b4e9
05-30 10:20:50.757 D/CompatConfig( 745): Adding: com.android.server.compat.config.Change@399356e
05-30 10:20:50.757 D/CompatConfig( 745): Adding: com.android.server.compat.config.Change@797740f
05-30 10:20:50.757 D/CompatConfig( 745): Adding: com.android.server.compat.config.Change@3732c9c
05-30 10:20:50.757 D/CompatConfig( 745): Adding: com.android.server.compat.config.Change@c49b6a5
05-30 10:20:50.757 D/CompatConfig( 745): Adding: com.android.server.compat.config.Change@9a73a7a
05-30 10:20:50.757 D/CompatConfig( 745): Adding: com.android.server.compat.config.Change@461422b
05-30 10:20:50.757 D/CompatConfig( 745): Adding: com.android.server.compat.config.Change@7d47688
05-30 10:20:50.757 D/CompatConfig( 745): Adding: com.android.server.compat.config.Change@6c41821
05-30 10:20:50.757 D/CompatConfig( 745): Adding: com.android.server.compat.config.Change@b5e8446
05-30 10:20:50.757 D/CompatConfig( 745): Adding: com.android.server.compat.config.Change@7afd607
05-30 10:20:50.757 D/CompatConfig( 745): Adding: com.android.server.compat.config.Change@97e7334
05-30 10:20:50.757 D/CompatConfig( 745): Adding: com.android.server.compat.config.Change@29155d
05-30 10:20:50.757 D/CompatConfig( 745): Adding: com.android.server.compat.config.Change@8ee9ed2
05-30 10:20:50.758 D/CompatConfig( 745): Adding: com.android.server.compat.config.Change@a69cba3
05-30 10:20:50.758 D/CompatConfig( 745): Adding: com.android.server.compat.config.Change@e298ea0
05-30 10:20:50.758 D/CompatConfig( 745): Adding: com.android.server.compat.config.Change@e6aa59
05-30 10:20:50.758 D/CompatConfig( 745): Adding: com.android.server.compat.config.Change@3f3d61e
05-30 10:20:50.758 D/CompatConfig( 745): Adding: com.android.server.compat.config.Change@ca8f4cc
05-30 10:20:50.758 D/CompatConfig( 745): Adding: com.android.server.compat.config.Change@4e9315
05-30 10:20:50.758 D/CompatConfig( 745): Adding: com.android.server.compat.config.Change@983362a
05-30 10:20:50.758 D/CompatConfig( 745): Adding: com.android.server.compat.config.Change@5db0c1b
05-30 10:20:50.758 D/CompatConfig( 745): Adding: com.android.server.compat.config.Change@3d691b8
05-30 10:20:50.758 D/CompatConfig( 745): Adding: com.android.server.compat.config.Change@f124b91
05-30 10:20:50.758 D/CompatConfig( 745): Adding: com.android.server.compat.config.Change@f68af6
05-30 10:20:50.758 I/SystemConfig( 745): Reading permissions from /system/etc/permissions/android.test.mock.xml
05-30 10:20:50.758 D/CompatConfig( 745): Adding: com.android.server.compat.config.Change@7944ef7
05-30 10:20:50.758 D/CompatConfig( 745): Adding: com.android.server.compat.config.Change@43f1164
05-30 10:20:50.758 D/CompatConfig( 745): Adding: com.android.server.compat.config.Change@d7f0fcd
05-30 10:20:50.758 D/CompatConfig( 745): Adding: com.android.server.compat.config.Change@b786082
05-30 10:20:50.758 D/CompatConfig( 745): Adding: com.android.server.compat.config.Change@634e393
05-30 10:20:50.758 D/CompatConfig( 745): Adding: com.android.server.compat.config.Change@88ddfd0
05-30 10:20:50.758 D/CompatConfig( 745): Adding: com.android.server.compat.config.Change@979dbc9
05-30 10:20:50.758 D/CompatConfig( 745): Adding: com.android.server.compat.config.Change@5002ce
05-30 10:20:50.758 D/CompatConfig( 745): Adding: com.android.server.compat.config.Change@c4025ef
05-30 10:20:50.758 D/CompatConfig( 745): Adding: com.android.server.compat.config.Change@8b928fc
05-30 10:20:50.759 D/CompatConfig( 745): Adding: com.android.server.compat.config.Change@3b6b85
05-30 10:20:50.759 D/CompatConfig( 745): Adding: com.android.server.compat.config.Change@1ed7dda
05-30 10:20:50.759 D/CompatConfig( 745): Adding: com.android.server.compat.config.Change@f13320b
05-30 10:20:50.759 D/CompatConfig( 745): Adding: com.android.server.compat.config.Change@3edd8e8
05-30 10:20:50.759 D/CompatConfig( 745): Adding: com.android.server.compat.config.Change@fcc3b01
05-30 10:20:50.759 D/CompatConfig( 745): Adding: com.android.server.compat.config.Change@7b59da6
05-30 10:20:50.759 D/CompatConfig( 745): Adding: com.android.server.compat.config.Change@2c0e3e7
05-30 10:20:50.759 D/CompatConfig( 745): Adding: com.android.server.compat.config.Change@d3b9b94
05-30 10:20:50.759 D/CompatConfig( 745): Adding: com.android.server.compat.config.Change@440863d
05-30 10:20:50.759 D/CompatConfig( 745): Adding: com.android.server.compat.config.Change@88dee32
05-30 10:20:50.759 D/CompatConfig( 745): Adding: com.android.server.compat.config.Change@fadd783
05-30 10:20:50.759 D/CompatConfig( 745): Adding: com.android.server.compat.config.Change@700dd00
05-30 10:20:50.759 D/CompatConfig( 745): Adding: com.android.server.compat.config.Change@cb44939
05-30 10:20:50.759 D/CompatConfig( 745): Adding: com.android.server.compat.config.Change@228bb7e
05-30 10:20:50.759 D/CompatConfig( 745): Adding: com.android.server.compat.config.Change@5ec68df
05-30 10:20:50.759 D/CompatConfig( 745): Adding: com.android.server.compat.config.Change@916c92c
05-30 10:20:50.759 D/CompatConfig( 745): Adding: com.android.server.compat.config.Change@4073ff5
05-30 10:20:50.759 D/CompatConfig( 745): Adding: com.android.server.compat.config.Change@911118a
05-30 10:20:50.759 D/CompatConfig( 745): Adding: com.android.server.compat.config.Change@a58b3fb
05-30 10:20:50.759 D/CompatConfig( 745): Adding: com.android.server.compat.config.Change@dbd4c18
05-30 10:20:50.759 D/CompatConfig( 745): Adding: com.android.server.compat.config.Change@958e671
05-30 10:20:50.759 D/CompatConfig( 745): Adding: com.android.server.compat.config.Change@d76bc56
05-30 10:20:50.759 D/CompatConfig( 745): Adding: com.android.server.compat.config.Change@97494d7
05-30 10:20:50.759 D/CompatConfig( 745): Adding: com.android.server.compat.config.Change@14711c4
05-30 10:20:50.759 D/CompatConfig( 745): Adding: com.android.server.compat.config.Change@44478ad
05-30 10:20:50.759 D/CompatConfig( 745): Adding: com.android.server.compat.config.Change@ba47e2
05-30 10:20:50.759 D/CompatConfig( 745): Adding: com.android.server.compat.config.Change@c03a773
05-30 10:20:50.759 D/CompatConfig( 745): Adding: com.android.server.compat.config.Change@858630
05-30 10:20:50.759 D/CompatConfig( 745): Adding: com.android.server.compat.config.Change@dcf2a9
05-30 10:20:50.759 D/CompatConfig( 745): Adding: com.android.server.compat.config.Change@7b9002e
05-30 10:20:50.759 D/CompatConfig( 745): Adding: com.android.server.compat.config.Change@96747cf
05-30 10:20:50.759 D/CompatConfig( 745): Adding: com.android.server.compat.config.Change@1f4d55c
05-30 10:20:50.759 D/CompatConfig( 745): Adding: com.android.server.compat.config.Change@f691065
05-30 10:20:50.759 D/CompatConfig( 745): Adding: com.android.server.compat.config.Change@5d8f13a
05-30 10:20:50.759 D/CompatConfig( 745): Adding: com.android.server.compat.config.Change@3ba91eb
05-30 10:20:50.759 D/CompatConfig( 745): Adding: com.android.server.compat.config.Change@5a7eb48
05-30 10:20:50.759 D/CompatConfig( 745): Adding: com.android.server.compat.config.Change@3df4de1
05-30 10:20:50.759 D/CompatConfig( 745): Adding: com.android.server.compat.config.Change@cd4e706
05-30 10:20:50.759 D/CompatConfig( 745): Adding: com.android.server.compat.config.Change@9ae61c7
05-30 10:20:50.759 D/CompatConfig( 745): Adding: com.android.server.compat.config.Change@7f473f4
05-30 10:20:50.760 I/SystemConfig( 745): Reading permissions from /system/etc/permissions/android.test.runner.xml
05-30 10:20:50.761 I/SystemConfig( 745): Reading permissions from /system/etc/permissions/com.android.adservices.sdksandbox.xml
05-30 10:20:50.761 D/CompatConfig( 745): Found a config file: /system/etc/compatconfig/icu4j-platform-compat-config.xml
05-30 10:20:50.761 D/CompatConfig( 745): Adding: com.android.server.compat.config.Change@2dedb60
05-30 10:20:50.762 I/SystemConfig( 745): Reading permissions from /system/etc/permissions/com.android.future.usb.accessory.xml
05-30 10:20:50.762 D/CompatConfig( 745): Found a config file: /system/etc/compatconfig/services-platform-compat-config.xml
05-30 10:20:50.762 I/SystemConfig( 745): Reading permissions from /system/etc/permissions/com.android.intentresolver.xml
05-30 10:20:50.763 I/SystemConfig( 745): Reading permissions from /system/etc/permissions/com.android.location.provider.xml
05-30 10:20:50.764 I/SystemConfig( 745): Reading permissions from /system/etc/permissions/com.android.media.remotedisplay.xml
05-30 10:20:50.765 I/SystemConfig( 745): Reading permissions from /system/etc/permissions/com.android.media.tv.remoteprovider.xml
05-30 10:20:50.765 I/SystemConfig( 745): Reading permissions from /system/etc/permissions/com.android.mediadrm.signer.xml
05-30 10:20:50.766 D/CompatConfig( 745): Adding: com.android.server.compat.config.Change@ed0b678
05-30 10:20:50.766 D/CompatConfig( 745): Adding: com.android.server.compat.config.Change@f467151
05-30 10:20:50.766 D/CompatConfig( 745): Adding: com.android.server.compat.config.Change@d2b1db6
05-30 10:20:50.766 D/CompatConfig( 745): Adding: com.android.server.compat.config.Change@f2d4ab7
05-30 10:20:50.766 D/CompatConfig( 745): Adding: com.android.server.compat.config.Change@396c224
05-30 10:20:50.766 D/CompatConfig( 745): Adding: com.android.server.compat.config.Change@22fd18d
05-30 10:20:50.766 D/CompatConfig( 745): Adding: com.android.server.compat.config.Change@435f42
05-30 10:20:50.766 D/CompatConfig( 745): Adding: com.android.server.compat.config.Change@2c1db53
05-30 10:20:50.766 D/CompatConfig( 745): Adding: com.android.server.compat.config.Change@28fdc90
05-30 10:20:50.766 D/CompatConfig( 745): Adding: com.android.server.compat.config.Change@3d4f989
05-30 10:20:50.766 D/CompatConfig( 745): Adding: com.android.server.compat.config.Change@eac2d8e
05-30 10:20:50.766 D/CompatConfig( 745): Adding: com.android.server.compat.config.Change@f04d9af
05-30 10:20:50.766 D/CompatConfig( 745): Adding: com.android.server.compat.config.Change@bbe31bc
05-30 10:20:50.766 D/CompatConfig( 745): Adding: com.android.server.compat.config.Change@68aa545
05-30 10:20:50.766 D/CompatConfig( 745): Adding: com.android.server.compat.config.Change@fc1949a
05-30 10:20:50.766 D/CompatConfig( 745): Adding: com.android.server.compat.config.Change@9cf61cb
05-30 10:20:50.766 D/CompatConfig( 745): Adding: com.android.server.compat.config.Change@33550c1
05-30 10:20:50.766 D/CompatConfig( 745): Adding: com.android.server.compat.config.Change@2946066
05-30 10:20:50.766 D/CompatConfig( 745): Adding: com.android.server.compat.config.Change@3704fa7
05-30 10:20:50.766 D/CompatConfig( 745): Adding: com.android.server.compat.config.Change@140fc54
05-30 10:20:50.766 I/SystemConfig( 745): Reading permissions from /system/etc/permissions/com.android.networkstack.xml
05-30 10:20:50.766 D/CompatConfig( 745): Adding: com.android.server.compat.config.Change@28537fd
05-30 10:20:50.766 D/CompatConfig( 745): Adding: com.android.server.compat.config.Change@4761cf2
05-30 10:20:50.766 D/CompatConfig( 745): Adding: com.android.server.compat.config.Change@8483f43
05-30 10:20:50.766 D/CompatConfig( 745): Adding: com.android.server.compat.config.Change@adb89c0
05-30 10:20:50.766 D/CompatConfig( 745): Adding: com.android.server.compat.config.Change@df256f9
05-30 10:20:50.766 D/CompatConfig( 745): Adding: com.android.server.compat.config.Change@445163e
05-30 10:20:50.766 D/CompatConfig( 745): Adding: com.android.server.compat.config.Change@258c9f
05-30 10:20:50.766 D/CompatConfig( 745): Adding: com.android.server.compat.config.Change@2cf81ec
05-30 10:20:50.766 D/CompatConfig( 745): Adding: com.android.server.compat.config.Change@47869b5
05-30 10:20:50.766 D/CompatConfig( 745): Adding: com.android.server.compat.config.Change@e78584a
05-30 10:20:50.766 D/CompatConfig( 745): Adding: com.android.server.compat.config.Change@76053bb
05-30 10:20:50.766 D/CompatConfig( 745): Adding: com.android.server.compat.config.Change@b28d0d8
05-30 10:20:50.766 D/CompatConfig( 745): Adding: com.android.server.compat.config.Change@f12ec31
05-30 10:20:50.766 D/CompatConfig( 745): Adding: com.android.server.compat.config.Change@debaf16
05-30 10:20:50.767 D/CompatConfig( 745): Adding: com.android.server.compat.config.Change@db67097
05-30 10:20:50.767 D/CompatConfig( 745): Adding: com.android.server.compat.config.Change@8c62284
05-30 10:20:50.767 D/CompatConfig( 745): Adding: com.android.server.compat.config.Change@f91a6d
05-30 10:20:50.767 D/CompatConfig( 745): Adding: com.android.server.compat.config.Change@d6ba6a2
05-30 10:20:50.767 D/CompatConfig( 745): Adding: com.android.server.compat.config.Change@6e77f33
05-30 10:20:50.767 D/CompatConfig( 745): Adding: com.android.server.compat.config.Change@dc4e2f0
05-30 10:20:50.767 D/CompatConfig( 745): Adding: com.android.server.compat.config.Change@f99f069
05-30 10:20:50.767 D/CompatConfig( 745): Adding: com.android.server.compat.config.Change@6018aee
05-30 10:20:50.767 D/CompatConfig( 745): Adding: com.android.server.compat.config.Change@910db8f
05-30 10:20:50.767 D/CompatConfig( 745): Adding: com.android.server.compat.config.Change@ead3e1c
05-30 10:20:50.767 D/CompatConfig( 745): Adding: com.android.server.compat.config.Change@e582a25
05-30 10:20:50.767 D/CompatConfig( 745): Adding: com.android.server.compat.config.Change@5ff67fa
05-30 10:20:50.767 D/CompatConfig( 745): Adding: com.android.server.compat.config.Change@4c9a1ab
05-30 10:20:50.767 D/CompatConfig( 745): Adding: com.android.server.compat.config.Change@e5e2008
05-30 10:20:50.767 D/CompatConfig( 745): Adding: com.android.server.compat.config.Change@a0643a1
05-30 10:20:50.767 D/CompatConfig( 745): Adding: com.android.server.compat.config.Change@ccc09c6
05-30 10:20:50.767 D/CompatConfig( 745): Adding: com.android.server.compat.config.Change@2fead87
05-30 10:20:50.767 D/CompatConfig( 745): Adding: com.android.server.compat.config.Change@cb934b4
05-30 10:20:50.767 D/CompatConfig( 745): Adding: com.android.server.compat.config.Change@2278dd
05-30 10:20:50.767 D/CompatConfig( 745): Adding: com.android.server.compat.config.Change@48e9b23
05-30 10:20:50.767 D/CompatConfig( 745): Adding: com.android.server.compat.config.Change@40ee820
05-30 10:20:50.767 I/SystemConfig( 745): Reading permissions from /system/etc/permissions/javax.obex.xml
05-30 10:20:50.767 D/CompatConfig( 745): Adding: com.android.server.compat.config.Change@dd2c5d9
05-30 10:20:50.767 D/CompatConfig( 745): Adding: com.android.server.compat.config.Change@9dc8b9e
05-30 10:20:50.767 D/CompatConfig( 745): Adding: com.android.server.compat.config.Change@fa5c67f
05-30 10:20:50.767 D/CompatConfig( 745): Adding: com.android.server.compat.config.Change@14a664c
05-30 10:20:50.767 D/CompatConfig( 745): Adding: com.android.server.compat.config.Change@2a0e695
05-30 10:20:50.767 D/CompatConfig( 745): Adding: com.android.server.compat.config.Change@101c3aa
05-30 10:20:50.767 D/CompatConfig( 745): Adding: com.android.server.compat.config.Change@6da4b9b
05-30 10:20:50.767 D/CompatConfig( 745): Adding: com.android.server.compat.config.Change@2dd9b38
05-30 10:20:50.767 D/CompatConfig( 745): Adding: com.android.server.compat.config.Change@2f65711
05-30 10:20:50.767 D/CompatConfig( 745): Adding: com.android.server.compat.config.Change@9907076
05-30 10:20:50.767 D/CompatConfig( 745): Adding: com.android.server.compat.config.Change@6080677
05-30 10:20:50.767 D/CompatConfig( 745): Adding: com.android.server.compat.config.Change@a6d32e4
05-30 10:20:50.767 D/CompatConfig( 745): Adding: com.android.server.compat.config.Change@658534d
05-30 10:20:50.767 D/CompatConfig( 745): Adding: com.android.server.compat.config.Change@78b1e02
05-30 10:20:50.767 D/CompatConfig( 745): Adding: com.android.server.compat.config.Change@ec9313
05-30 10:20:50.767 D/CompatConfig( 745): Adding: com.android.server.compat.config.Change@d3c9950
05-30 10:20:50.767 D/CompatConfig( 745): Adding: com.android.server.compat.config.Change@d63d749
05-30 10:20:50.767 D/CompatConfig( 745): Adding: com.android.server.compat.config.Change@a91184e
05-30 10:20:50.767 D/CompatConfig( 745): Adding: com.android.server.compat.config.Change@f834d6f
05-30 10:20:50.767 D/CompatConfig( 745): Adding: com.android.server.compat.config.Change@f59fa7c
05-30 10:20:50.767 D/CompatConfig( 745): Adding: com.android.server.compat.config.Change@b899f05
05-30 10:20:50.767 D/CompatConfig( 745): Adding: com.android.server.compat.config.Change@aea6b5a
05-30 10:20:50.767 D/CompatConfig( 745): Adding: com.android.server.compat.config.Change@421518b
05-30 10:20:50.767 D/CompatConfig( 745): Adding: com.android.server.compat.config.Change@58a4268
05-30 10:20:50.767 D/CompatConfig( 745): Adding: com.android.server.compat.config.Change@8a2681
05-30 10:20:50.767 D/CompatConfig( 745): Adding: com.android.server.compat.config.Change@b53e326
05-30 10:20:50.767 D/CompatConfig( 745): Adding: com.android.server.compat.config.Change@7517b67
05-30 10:20:50.768 D/CompatConfig( 745): Adding: com.android.server.compat.config.Change@9f51d14
05-30 10:20:50.768 D/CompatConfig( 745): Adding: com.android.server.compat.config.Change@db1a9bd
05-30 10:20:50.768 D/CompatConfig( 745): Adding: com.android.server.compat.config.Change@b8b0bb2
05-30 10:20:50.768 D/CompatConfig( 745): Adding: com.android.server.compat.config.Change@5706703
05-30 10:20:50.768 D/CompatConfig( 745): Adding: com.android.server.compat.config.Change@f90f680
05-30 10:20:50.768 D/CompatConfig( 745): Adding: com.android.server.compat.config.Change@2d424b9
05-30 10:20:50.768 I/SystemConfig( 745): Reading permissions from /system/etc/permissions/org.apache.http.legacy.xml
05-30 10:20:50.768 D/CompatConfig( 745): No directory /system/system_ext/etc/compatconfig, skipping
05-30 10:20:50.769 D/ApexManagerTiming( 745): getActiveApexInfos_noCache
05-30 10:20:50.769 I/SystemConfig( 745): Reading permissions from /system/etc/permissions/privapp-permissions-oranth.xml
05-30 10:20:50.774 I/SystemConfig( 745): Reading permissions from /system/etc/permissions/privapp-permissions-platform.xml
05-30 10:20:50.783 I/SystemConfig( 745): Reading permissions from /system/etc/permissions/privapp_allowlist_com.android.adservices.api.xml
05-30 10:20:50.785 I/SystemConfig( 745): Reading permissions from /system/etc/permissions/privapp_allowlist_com.android.providers.media.module.xml
05-30 10:20:50.787 I/SystemConfig( 745): Reading permissions from /system/etc/permissions/tv_core_hardware.xml
05-30 10:20:50.788 D/CompatConfig( 745): Found a config file: /apex/com.android.tethering/etc/compatconfig/connectivity-platform-compat-config.xml
05-30 10:20:50.788 I/SystemConfig( 745): Reading permissions from /system/etc/permissions/platform.xml
05-30 10:20:50.789 D/CompatConfig( 745): Adding: com.android.server.compat.config.Change@3e48237
05-30 10:20:50.789 D/CompatConfig( 745): Adding: com.android.server.compat.config.Change@58263a4
05-30 10:20:50.789 D/CompatConfig( 745): Adding: com.android.server.compat.config.Change@7b8950d
05-30 10:20:50.789 D/CompatConfig( 745): Adding: com.android.server.compat.config.Change@c0f9cc2
05-30 10:20:50.790 D/CompatConfig( 745): No directory /apex/com.android.adservices/etc/compatconfig, skipping
05-30 10:20:50.790 D/CompatConfig( 745): No directory /apex/com.android.uwb/etc/compatconfig, skipping
05-30 10:20:50.790 D/CompatConfig( 745): No directory /apex/com.android.adbd/etc/compatconfig, skipping
05-30 10:20:50.791 D/CompatConfig( 745): No directory /apex/com.android.runtime/etc/compatconfig, skipping
05-30 10:20:50.791 D/CompatConfig( 745): No directory /apex/com.android.extservices/etc/compatconfig, skipping
05-30 10:20:50.791 D/CompatConfig( 745): No directory /apex/com.android.neuralnetworks/etc/compatconfig, skipping
05-30 10:20:50.792 D/CompatConfig( 745): Found a config file: /apex/com.android.mediaprovider/etc/compatconfig/media-provider-platform-compat-config.xml
05-30 10:20:50.793 I/SystemConfig( 745): Reading permissions from /vendor/etc/permissions/android.hardware.audio.output.xml
05-30 10:20:50.793 D/CompatConfig( 745): Adding: com.android.server.compat.config.Change@fe67509
05-30 10:20:50.793 D/CompatConfig( 745): Adding: com.android.server.compat.config.Change@abec30e
05-30 10:20:50.793 D/CompatConfig( 745): Adding: com.android.server.compat.config.Change@d7b812f
05-30 10:20:50.793 D/CompatConfig( 745): Adding: com.android.server.compat.config.Change@84c833c
05-30 10:20:50.793 D/CompatConfig( 745): Adding: com.android.server.compat.config.Change@4f858c5
05-30 10:20:50.793 D/CompatConfig( 745): Adding: com.android.server.compat.config.Change@628021a
05-30 10:20:50.793 D/CompatConfig( 745): Adding: com.android.server.compat.config.Change@9c9014b
05-30 10:20:50.794 I/SystemConfig( 745): Reading permissions from /vendor/etc/permissions/android.hardware.bluetooth.xml
05-30 10:20:50.795 D/CompatConfig( 745): Found a config file: /apex/com.android.btservices/etc/compatconfig/bluetoothapk-platform-compat-config.xml
05-30 10:20:50.796 I/SystemConfig( 745): Reading permissions from /vendor/etc/permissions/android.hardware.bluetooth_le.xml
05-30 10:20:50.796 D/CompatConfig( 745): Adding: com.android.server.compat.config.Change@6246727
05-30 10:20:50.798 D/CompatConfig( 745): Found a config file: /apex/com.android.btservices/etc/compatconfig/bluetooth-compat-config.xml
05-30 10:20:50.798 I/SystemConfig( 745): Reading permissions from /vendor/etc/permissions/android.hardware.camera.external.xml
05-30 10:20:50.799 D/CompatConfig( 745): Adding: com.android.server.compat.config.Change@88cba72
05-30 10:20:50.799 I/SystemConfig( 745): Reading permissions from /vendor/etc/permissions/android.hardware.ethernet.xml
05-30 10:20:50.799 D/CompatConfig( 745): Found a config file: /apex/com.android.btservices/etc/compatconfig/framework-bluetooth-compat-config.xml
05-30 10:20:50.800 I/SystemConfig( 745): Reading permissions from /vendor/etc/permissions/android.hardware.gamepad.xml
05-30 10:20:50.801 D/CompatConfig( 745): Adding: com.android.server.compat.config.Change@2e80bbe
05-30 10:20:50.801 I/SystemConfig( 745): Reading permissions from /vendor/etc/permissions/android.hardware.hardware_keystore.xml
05-30 10:20:50.801 D/CompatConfig( 745): No directory /apex/com.android.resolv/etc/compatconfig, skipping
05-30 10:20:50.802 I/SystemConfig( 745): Reading permissions from /vendor/etc/permissions/android.hardware.hdmi.cec.xml
05-30 10:20:50.802 D/CompatConfig( 745): No directory /apex/com.amlogic.mediaextractor/etc/compatconfig, skipping
05-30 10:20:50.802 D/CompatConfig( 745): No directory /apex/com.android.appsearch/etc/compatconfig, skipping
05-30 10:20:50.802 D/CompatConfig( 745): No directory /apex/com.android.healthfitness/etc/compatconfig, skipping
05-30 10:20:50.802 D/CompatConfig( 745): No directory /apex/com.android.conscrypt/etc/compatconfig, skipping
05-30 10:20:50.802 D/CompatConfig( 745): No directory /apex/com.android.apex.cts.shim/etc/compatconfig, skipping
05-30 10:20:50.802 D/CompatConfig( 745): No directory /apex/com.android.i18n/etc/compatconfig, skipping
05-30 10:20:50.803 D/CompatConfig( 745): No directory /apex/com.android.virt/etc/compatconfig, skipping
05-30 10:20:50.803 I/SystemConfig( 745): Reading permissions from /vendor/etc/permissions/android.hardware.keystore.app_attest_key.xml
05-30 10:20:50.803 D/CompatConfig( 745): No directory /apex/com.android.devicelock/etc/compatconfig, skipping
05-30 10:20:50.803 D/CompatConfig( 745): No directory /apex/com.android.vndk.v34/etc/compatconfig, skipping
05-30 10:20:50.803 D/CompatConfig( 745): No directory /apex/com.android.configinfrastructure/etc/compatconfig, skipping
05-30 10:20:50.803 D/CompatConfig( 745): No directory /apex/com.android.os.statsd/etc/compatconfig, skipping
05-30 10:20:50.803 D/CompatConfig( 745): No directory /apex/com.android.sdkext/etc/compatconfig, skipping
05-30 10:20:50.803 D/CompatConfig( 745): No directory /apex/com.android.rkpd/etc/compatconfig, skipping
05-30 10:20:50.803 D/CompatConfig( 745): No directory /apex/com.android.ondevicepersonalization/etc/compatconfig, skipping
05-30 10:20:50.803 D/CompatConfig( 745): No directory /apex/com.google.android.widevine/etc/compatconfig, skipping
05-30 10:20:50.803 I/SystemConfig( 745): Reading permissions from /vendor/etc/permissions/android.hardware.location.xml
05-30 10:20:50.803 D/CompatConfig( 745): No directory /apex/com.android.permission/etc/compatconfig, skipping
05-30 10:20:50.803 D/CompatConfig( 745): No directory /apex/com.android.tzdata/etc/compatconfig, skipping
05-30 10:20:50.803 D/CompatConfig( 745): No directory /apex/com.android.media.swcodec/etc/compatconfig, skipping
05-30 10:20:50.804 D/CompatConfig( 745): No directory /apex/com.android.scheduling/etc/compatconfig, skipping
05-30 10:20:50.804 I/SystemConfig( 745): Reading permissions from /vendor/etc/permissions/android.hardware.opengles.aep.xml
05-30 10:20:50.804 D/CompatConfig( 745): Found a config file: /apex/com.android.art/etc/compatconfig/libcore-platform-compat-config.xml
05-30 10:20:50.805 I/SystemConfig( 745): Reading permissions from /vendor/etc/permissions/android.hardware.usb.host.xml
