05-30 10:23:04.131 I/NU-AmNuPlayerRenderer( 659): PTS: SystemTimeStamp:-1
05-30 10:23:04.131 I/NU-AmNuPlayerRenderer( 659): PTS: Last AudioTimeStamp:-1
05-30 10:23:04.131 I/NU-AmNuPlayerRenderer( 659): PTS: Last VideoTimeStamp:-1
05-30 10:23:04.131 I/NU-AmNuPlayerRenderer( 659): PTS: AV diff:0 ,Ajump:0,Vjump:0
05-30 10:23:04.131 I/NU-AmNuPlayerRenderer( 659): PTS: mAjumpedNum:0, mAudioJumped till now=153250156
05-30 10:23:04.131 I/NU-AmNuPlayerRenderer( 659): PTS: mVjumpedNum:0, mVideoJumped till now=153250156
05-30 10:23:04.131 I/NU-AmNuPlayerRenderer( 659): PTS: mTotalAudioJumpedTimeUs:0, mTotalAudioJumpedTimeUs:0
05-30 10:23:04.131 I/NU-AmNuPlayerRenderer( 659): PTS: mLastVideoUs:-1
05-30 10:23:04.131 I/NU-AmNuPlayerRenderer( 659): PTS: mLastAudioUs:-1
05-30 10:23:04.131 I/NU-AmNuPlayerRenderer( 659): PTS: mAudioDelay 0 mFormat 0x1 mMs12Enabled 0
05-30 10:23:04.131 I/NU-AmNuPlayerRenderer( 659): [#4] First audio pcm date write to audiosink.
05-30 10:23:04.131 I/audio_hw_hal_primary( 523): [mixer_aux_buffer_write:7017] io 13: out:0xe5d83260 usecase:PCM_NORMAL standby to unstandby
05-30 10:23:04.131 E/audio_hw_hal_virtualbuf( 523): ms12 system input underrun happens read=6800293170 write=5077333254 diff=1722959916
05-30 10:23:04.132 I/NU-AmNuPlayer( 659): [#4] media rendering started
05-30 10:23:04.132 I/NU-AmNuPlayer( 659): [#4] finishResume mResumePending:0
05-30 10:23:04.132 D/NU-AmNuPlayerDriver( 659): [#4] notifyListener_l(0xf1b00550), (6, 0, 0, -1), loop setting(0, 0)
05-30 10:23:04.134 I/NU-AmNuPlayerRenderer( 659): [#4] setStartingTimeMedia 110937, mAudioPlayedOutDur 0
05-30 10:23:04.149 I/NU-AmNuPlayerRenderer( 659): [#4] Audio PCM buffer First Full. time pay:18245, frameCount:8184, mAudioSink->frameSize():2
05-30 10:23:04.149 W/NU-AmNuPlayerRenderer( 659): [#4] postDrainAudioQueue long delay: 31968 (8184*0.062500), numFramesPendingPlayout:(8184-0)
05-30 10:23:04.153 I/audio_hw_hal_stream( 523): aml_stream_out_info_print: out:0xe5d83260, stream_type:pcm, sync_mode:non tunnel, input_size:2244608 bytes
05-30 10:23:04.153 I/audio_hw_hal_stream( 523): aml_stream_out_info_print: last_time:151422 ms (sec:151, nsec:422162404), last_position:11527 ms (553296), cur_time:153266 ms (sec:153, nsec:266702030), cur_position:11607 ms (557136)
05-30 10:23:04.153 I/audio_hw_hal_stream( 523): aml_stream_out_info_print: time_gap:1844 ms (thr:100 ms), position_gap:80 ms, delay:83 ms, jitter: Position gap is behind system time gap by 1764 ms (thr:100 ms)
05-30 10:23:04.154 I/audio_hw_hal_primary( 523): out_update_source_metadata_v7() line 2013 usage:1 content_type:0
05-30 10:23:04.182 D/AudioTrack( 659): getTimestamp_l(49): device stall time corrected using current time 153300736780
05-30 10:23:04.182 W/NU-AmNuPlayerRenderer( 659): [#4] postDrainAudioQueue long delay: 31968 (8184*0.062500), numFramesPendingPlayout:(8866-682)
05-30 10:23:04.214 W/NU-AmNuPlayerRenderer( 659): [#4] postDrainAudioQueue long delay: 31968 (8184*0.062500), numFramesPendingPlayout:(9549-1365)
05-30 10:23:04.246 D/NU-AmNuPlayerRenderer( 659): [#4] Switch audio track end . onNewAudioMediaTime, audio sink position was ready.
05-30 10:23:04.246 I/NU-AmNuPlayerRenderer( 659): [#4] First valid audio position found, time pay:115082, audioPlayedOutDur:14964, writtenDur:596812
05-30 10:23:04.246 I/NU-AmNuPlayerRenderer( 659): [#4] getPlayedOutDurationUs is unstable. audioPlayedOutDur:14964 (diff:14964) - realDIFF: 153365385 = -153350421, writtenAudioDurationUs:596812, lastTimeUs:650937 (frameSize: 2)
05-30 10:23:04.246 D/NU-AmNuPlayerDriver( 659): [#4] notifyListener_l(0xf1b00550), (211, 0, 0, 20), loop setting(0, 0)
05-30 10:23:05.103 D/hq ( 2214): NetWorkStateReceiver:::检查网络,并且持续更新 isConnect=false
05-30 10:23:05.298 I/SogouIME( 3087): onKeyDown: keyoCode=22
05-30 10:23:05.298 I/DefaultIMS( 3087): onKeyDown: keyoCode=22
05-30 10:23:05.450 I/SogouIME( 3087): onKeyUp: keyoCode=22
05-30 10:23:05.450 I/DefaultIMS( 3087): onKeyUp: keyoCode=22
05-30 10:23:05.718 D/NU-AmNuPlayerDriver( 659): [#4] stop(0xf1b00550)
05-30 10:23:05.718 D/NU-AmNuPlayerDriver( 659): [#4] notifyListener_l(0xf1b00550), (8, 0, 0, -1), loop setting(0, 0)
05-30 10:23:05.718 I/NU-AmNuPlayerRenderer( 659): [#4] render_onPause
05-30 10:23:05.718 D/NU-AmNuPlayerDriver( 659): [#4] notifyListener_l(0xf1b00550), (211, 0, 0, 20), loop setting(0, 0)
05-30 10:23:05.755 I/audio_hw_hal_primary( 523): out_update_source_metadata_v7() line 2013 usage:1 content_type:0
05-30 10:23:05.759 D/NU-AmNuPlayerRenderer( 659): [#4] audio sink pause from [onPause,5121]
05-30 10:23:05.759 I/NU-AmNuPlayerRenderer( 659): [#4] now paused audio queue has 4 entries, video has 0 entries
05-30 10:23:05.759 D/NU-AmNuPlayerDriver( 659): [#4] notifyListener_l(0xf1b00550), (211, 0, 0, 20), loop setting(0, 0)
05-30 10:23:05.760 D/NU-AmNuPlayerDriver( 659): [#4] reset(0xf1b00550) at state 8
05-30 10:23:05.760 I/NU-GenericSource( 659): --->disconnect<---
05-30 10:23:05.761 I/NU-GenericSource( 659): --->disconnect OK
05-30 10:23:05.761 I/NU-AmNuPlayerDecoder( 659): [#4] [doFlush:1443] audio flushing
05-30 10:23:05.761 I/NU-AmNuPlayerDecoder( 659): [#4] [doFlush:1450] audio flushing
05-30 10:23:05.761 D/NU-AmNuPlayerDriver( 659): [#4] notifyListener_l(0xf1b00550), (211, 0, 0, 20), loop setting(0, 0)
05-30 10:23:05.762 I/NU-AmNuPlayerRenderer( 659): [#4] clearAnchorTime
05-30 10:23:05.762 I/NU-AmNuPlayerRenderer( 659): [#4] flushing audio
05-30 10:23:05.764 D/NU-AmNuPlayerRenderer( 659): [#4] audio sink pause-flush-stop from [onFlush,4893]
05-30 10:23:05.764 I/NU-AmNuPlayerDecoder( 659): [#4] [doFlush:1456] audio flushing
05-30 10:23:05.765 I/NU-AmNuPlayer( 659): [#4] decoder audio flush completed
05-30 10:23:05.766 I/hw-BpHwBinder( 659): onLastStrongRef automatically unlinking death recipients
05-30 10:23:05.766 I/hw-BpHwBinder( 670): onLastStrongRef automatically unlinking death recipients
05-30 10:23:05.768 D/MediaCodec( 659): flushMediametrics
05-30 10:23:05.768 I/NU-AmNuPlayer( 659): [#4] audio shutdown completed
05-30 10:23:05.768 I/NU-AmNuPlayer( 659): [#4] audio setHasNoMedia
05-30 10:23:05.768 I/NuPlayerDecoderBase( 659): ReadDataHandler release.
05-30 10:23:05.768 I/MessageMonitor( 659): ReadDataHandler MessageMonitor exit
05-30 10:23:05.769 D/NU-AmNuPlayerDriver( 659): [#4] notifyResetComplete(0xf1b00550)
05-30 10:23:05.769 I/NU-AmNuPlayer( 659): mSeekByUserCompleted_5508: 1
05-30 10:23:05.769 I/MessageMonitor( 659): NU-AmNuPlayerDecoder-audN MessageMonitor exit
05-30 10:23:05.769 D/NU-AmNuPlayerDriver( 659): [#4] reset(0xf1b00550) at state 0
05-30 10:23:05.769 D/AmlPlayerTimer( 659): func:_timer_delete delete timer.1 success.
05-30 10:23:05.769 I/MessageMonitor( 659): NU-AmNuPlayer MessageMonitor exit
05-30 10:23:05.770 I/audio_hw_hal_primary( 523): [adev_set_parameters:4123] dev:0xe6042930, kv: sound_track=0
05-30 10:23:05.770 D/audio_hw_hal_hfp( 523): [audio_extn_hfp_set_parameters:739] audio_extn_hfp_set_parameters
05-30 10:23:05.770 I/audio_hw_hal_primary( 523): video player sound_track mode 0
05-30 10:23:05.770 I/NU-GenericSource( 659): >>>[~GenericSource 2152]
05-30 10:23:05.770 I/NU-GenericSource( 659): [resetDataSource 684]
05-30 10:23:05.770 I/MessageMonitor( 659): NU-GenericSource MessageMonitor exit
05-30 10:23:05.771 W/RefBase ( 659): RefBase: Explicit destruction, weak count = 0 (in 0xf1c806d0). Use sp<> to manage this object.
05-30 10:23:05.771 W/RefBase ( 659): CallStack::getCurrentInternal not linked, returning null
05-30 10:23:05.771 W/RefBase ( 659): CallStack::logStackInternal not linked
05-30 10:23:05.771 I/MessageMonitor( 659): NU-AmNuPlayerRenderer MessageMonitor exit
05-30 10:23:05.771 I/NU-AmNuPlayerRenderer( 659): [#4] ~Renderer
05-30 10:23:05.772 I/audio_hw_hal_primary( 523): [adev_set_parameters:4123] dev:0xe6042930, kv: is_ms12_continuous=1
05-30 10:23:05.772 D/audio_hw_hal_hfp( 523): [audio_extn_hfp_set_parameters:739] audio_extn_hfp_set_parameters
05-30 10:23:05.772 I/audio_hw_hal_primary( 523): adev_set_parameters is_ms12_continuous set to 1
05-30 10:23:05.773 I/AmlPlayerTimer( 659): ~AmlPlayerTimer
05-30 10:23:05.773 W/AMessage( 659): failed to post message as target looper for handler 0 is gone.
05-30 10:23:05.774 V/MediaPlayer( 1493): resetDrmState: mDrmInfo=null mDrmProvisioningThread=null mPrepareDrmInProgress=false mActiveDrmScheme=false
05-30 10:23:05.774 V/MediaPlayer( 1493): cleanDrmObj: mDrmObj=null mDrmSessionId=null
05-30 10:23:05.777 V/MediaPlayer( 1493): resetDrmState: mDrmInfo=null mDrmProvisioningThread=null mPrepareDrmInProgress=false mActiveDrmScheme=false
05-30 10:23:05.778 V/MediaPlayer( 1493): cleanDrmObj: mDrmObj=null mDrmSessionId=null
05-30 10:23:05.793 V/AmlogicNuPlayerFactoryInit( 659): create AmNuPlayer
05-30 10:23:05.793 I/AmlPlayerTimer( 659): AmlPlayerTimer
05-30 10:23:05.793 I/MessageMonitor( 659): NU-AmNuPlayer MessageMonitor mDebugLevel 0, poll message us 30000000
05-30 10:23:05.793 I/NU-AmNuPlayer( 659): [#5] mPlayerInstanceId = 5
05-30 10:23:05.793 D/AmlPlayerTimer( 659): func:_timer_create create timer.1 success.
05-30 10:23:05.793 D/NU-AmNuPlayerDriver( 659): [#5] AmNuPlayerDriver(0xf1b00fd0) created, clientPid(1493), mPlayerInstanceId(5)
05-30 10:23:05.793 I/NU-AmNuPlayerDriver( 659): [#5]
05-30 10:23:05.793 I/NU-AmNuPlayerDriver( 659): --------------------------------
05-30 10:23:05.793 I/NU-AmNuPlayerDriver( 659): ARCH = arm
05-30 10:23:05.793 I/NU-AmNuPlayerDriver( 659): branch name: from
05-30 10:23:05.793 I/NU-AmNuPlayerDriver( 659): git version: 6e56b7326ee6d173be366a46d99e68ce5c8268f0
05-30 10:23:05.793 I/NU-AmNuPlayerDriver( 659): change id: Change-Id: I91714fae1b836472af4f4042cd497867bdf0004d
05-30 10:23:05.793 I/NU-AmNuPlayerDriver( 659): ID : PD#SWPL-193937
05-30 10:23:05.793 I/NU-AmNuPlayerDriver( 659): last changed: Date: Fri Nov 22 10:58:40 2024 +0000
05-30 10:23:05.793 I/NU-AmNuPlayerDriver( 659): build-time: Fri Dec 6 12:54:08 CST 2024
05-30 10:23:05.793 I/NU-AmNuPlayerDriver( 659): build-name: drm.autobuild
05-30 10:23:05.793 I/NU-AmNuPlayerDriver( 659): uncommitted-file-num:1
05-30 10:23:05.793 I/NU-AmNuPlayerDriver( 659): BaseCommitMsg: commit 6e56b7326ee6d173be366a46d99e68ce5c8268f0 PD#SWPL-193937 Change-Id: I91714fae1b836472af4f4042cd497867bdf0004d
05-30 10:23:05.793 I/NU-AmNuPlayerDriver( 659): PathesOnBase:
05-30 10:23:05.793 I/NU-AmNuPlayerDriver( 659):
05-30 10:23:05.793 I/NU-AmNuPlayerDriver( 659): MM-module-name:AmNuPlayer,Version:4.1.26-g6e56b73(build:6483)
05-30 10:23:05.793 I/NU-AmNuPlayerDriver( 659):
05-30 10:23:05.793 I/NU-AmNuPlayerDriver( 659): --------------------------------
05-30 10:23:05.793 I/NU-AmNuPlayerDriver( 659): [#5] Supported functions :
05-30 10:23:05.793 I/NU-AmNuPlayerDriver( 659): {"MM-module-name":"AmNuPlayer"{"Features":["Switchaudio/subtitletracks","HTTPlivestreamingformpegtsandmp3formats","Localplaybackforvariousformats","UDPunicastandmulticastformpegtsformat","RTP/RTSPplaybackformpegtsformat","HLSlive/vodformpegtsformat","Androidaudiooffloadmode","SupportBuilt-insubtitles","AVS3videosupportforprotocolHTTPandLocal","AC4audiosupportforprotocolHTTP,Local,HLSandUDP","DVBTelextsupport","AudioVIVIDsuportforLocal/HTTP/UDP/HLS","AVS3videosupportforprotocolHLSandUDP","ISOplaybackforlocal","libcurldownloadforprotocolHLS","dnscacheforprotocolHLS","ipv6andipv4firstplaybackforprotocolHLS","IPTVMulticasttoUnicastforprotocolRTPandUDP","IPTVcmccsoftprobeforprotocolUDPRTPHTTPHLS","SupportHLSV6bandwidthswitch","AVS2videosupportforprotocolUDP","DTSUHDP2offloadsupport"],"SupportedFormats":[{"Protocol":"UDP","FileFormats":["MPEGTS"],},{"Protocol":"HLS","FileFormats":["MPEGTS","MP4"],},{"Protocol":"HTTPLIVE","FileFormats":["MPEGTS","MP3"],},{"Protocol":"LOCAL/HTTPVOD","Fil
05-30 10:23:05.794 I/hwservicemanager( 234): getTransport: Cannot find entry android.hardware.media.omx@1.0::IOmx/default in either framework or device VINTF manifest.
05-30 10:23:05.794 D/MediaPlayerService( 659): OMX service is not available
05-30 10:23:05.797 I/NU-AmNuPlayer( 659): [#5] setDataSourceAsync fd 8/18828740/16758
05-30 10:23:05.797 I/NU-AmNuPlayer( 659): [#5] kWhatSetAudioSink
05-30 10:23:05.797 I/audio_hw_hal_primary( 523): [audiohal_get_latency:1333] io 13: out:0xe5d83260 frames:1280 rate:48000 whole_latency:26 alsa_latency:26
05-30 10:23:05.807 D/NU-AmNuPlayer( 659): part of md5:8a7ce561b0784f89da5d586d1190417e
05-30 10:23:05.807 I/NU-AmNuPlayer( 659): [#5] file size too small, check M3U8
05-30 10:23:05.807 I/MessageMonitor( 659): NU-GenericSource MessageMonitor mDebugLevel 0, poll message us 30000000
05-30 10:23:05.807 I/NU-GenericSource( 659): mPlayerInstanceId = 5
05-30 10:23:05.807 I/NU-GenericSource( 659): [resetDataSource 684]
05-30 10:23:05.807 I/NU-GenericSource( 659): [resetDataSource 684]
05-30 10:23:05.809 I/NU-GenericSource( 659): patch:
05-30 10:23:05.809 I/audio_hw_hal_primary( 523): [adev_set_parameters:4123] dev:0xe6042930, kv: is_ms12_continuous=0
05-30 10:23:05.809 D/audio_hw_hal_hfp( 523): [audio_extn_hfp_set_parameters:739] audio_extn_hfp_set_parameters
05-30 10:23:05.809 I/audio_hw_hal_primary( 523): adev_set_parameters is_ms12_continuous set to 0
05-30 10:23:05.810 D/NU-GenericSource( 659): FileSource remote
05-30 10:23:05.811 I/NU-GenericSource( 659): >>>[initFromDataSource 1424]
05-30 10:23:05.812 I/AmFFmpegByteIOAdapter( 655): File size : 16758
05-30 10:23:05.812 I/AmFFmpegExtractor( 655): checkInList: iswhite:0, mime:audio/mpeg, type:1, id:86017 tag:0
05-30 10:23:05.812 I/AmFFmpegExtractor( 655): checkInList: iswhite:1, mime:audio/mpeg, type:1, id:86017 tag:0
05-30 10:23:05.812 E/AmFFmpegExtractor( 655): codec_ctx->properties: 0
05-30 10:23:05.812 I/AmFFmpegExtractor( 655): checkSupportInList ret 1
05-30 10:23:05.813 I/AmFFmpegExtractor( 655): checkInList: iswhite:0, mime:audio/mpeg, type:1, id:86017 tag:0
05-30 10:23:05.813 I/AmFFmpegExtractor( 655): checkInList: iswhite:1, mime:audio/mpeg, type:1, id:86017 tag:0
05-30 10:23:05.813 E/AmFFmpegExtractor( 655): codec_ctx->properties: 0
05-30 10:23:05.813 I/AmFFmpegExtractor( 655): checkSupportInList ret 0
05-30 10:23:05.813 E/AmFFmpegExtractor( 655): vendor do not support
05-30 10:23:05.814 I/NU-GenericSource( 659): >>>MediaExtractor::Create [initFromDataSource 1471] and extractor name:MP3Extractor
05-30 10:23:05.814 D/NU-GenericSource( 659): [#5] [KPI] startup, find stream info time spent: 2898
05-30 10:23:05.814 I/NU-GenericSource( 659): initFromDataSource, mExtractor->countTracks() = 1
05-30 10:23:05.814 I/NU-GenericSource( 659): ffmpegHasAudio : 0, ffmpegHasVideo : 0
05-30 10:23:05.814 I/NU-GenericSource( 659): initFromDataSource track[0]: audio/mpeg
05-30 10:23:05.815 I/AmAnotherPacketSource( 659): (audio/mpeg)IsUdp:0 mLimitiSize:2097152, mTotalCount:1000 kLocalPlaybackMaxBufferCount 500
05-30 10:23:05.815 I/NU-AmNuPlayerDriver( 659): media.player.atrace.enable is 1
05-30 10:23:05.815 I/AmAnotherPacketSource( 659): ----->(0xecac1990)start mIsVideo:0 mIsAudio:1
05-30 10:23:05.815 I/NU-GenericSource( 659): initFromDataSource mVideoTrack.mSource:0x0, unsupportvideo:0, ffmpegHasVideo:0
05-30 10:23:05.815 I/NU-GenericSource( 659): initFromDataSource mAudioTrack.mSource:0xf1c4b820, ffmpegHasAudio:1
05-30 10:23:05.815 I/NU-GenericSource( 659): notifyPrepared 2554
05-30 10:23:05.815 I/NU-AmNuPlayer( 659): [#5] notifyPrepareCompleted
05-30 10:23:05.815 D/NU-AmNuPlayerDriver( 659): [#5] notifyListener_l(0xf1b00fd0), (1, 0, 0, -1), loop setting(0, 0)
05-30 10:23:05.815 I/NU-AmNuPlayer( 659): [#5] updateMediaInfo
05-30 10:23:05.816 I/NU-AmNuPlayer( 659): [#5] [updateMediaInfo:1241]get i=0 , mime: audio/mpeg
05-30 10:23:05.819 I/audio_hw_hal_primary( 523): [audiohal_get_latency:1333] io 13: out:0xe5d83260 frames:1152 rate:48000 whole_latency:24 alsa_latency:24
05-30 10:23:05.840 I/audio_hw_hal_primary( 523): [audiohal_get_latency:1333] io 13: out:0xe5d83260 frames:1280 rate:48000 whole_latency:26 alsa_latency:26
05-30 10:23:05.861 I/audio_hw_hal_primary( 523): [audiohal_get_latency:1333] io 13: out:0xe5d83260 frames:1280 rate:48000 whole_latency:26 alsa_latency:26
05-30 10:23:05.882 I/audio_hw_hal_primary( 523): [audiohal_get_latency:1333] io 13: out:0xe5d83260 frames:1280 rate:48000 whole_latency:26 alsa_latency:26
05-30 10:23:05.904 I/audio_hw_hal_primary( 523): [audiohal_get_latency:1333] io 13: out:0xe5d83260 frames:1280 rate:48000 whole_latency:26 alsa_latency:26
05-30 10:23:05.918 I/NU-AmNuPlayer( 659): [#5] updateMediaInfo
05-30 10:23:05.919 I/NU-AmNuPlayer( 659): [#5] [updateMediaInfo:1241]get i=0 , mime: audio/mpeg
05-30 10:23:05.923 D/NU-AmNuPlayerDriver( 659): [#5] start(0xf1b00fd0), state is 4, eos is 0
05-30 10:23:05.925 I/NU-AmNuPlayer( 659): [#5] kWhatStart
05-30 10:23:05.925 I/NU-AmNuPlayer( 659): [#5] onStart: mCrypto: 0x0 (0)
05-30 10:23:05.925 I/NU-GenericSource( 659): start
05-30 10:23:05.925 I/audio_hw_hal_primary( 523): [audiohal_get_latency:1333] io 13: out:0xe5d83260 frames:1152 rate:48000 whole_latency:24 alsa_latency:24
05-30 10:23:05.926 I/NU-AmNuPlayer( 659): [#5] AmNuPlayer::Source::getFormat frame-rate = failed
05-30 10:23:05.928 I/NU-AmNuPlayerRenderer( 659): getAudioDevicesForStream streamType=3, audioDevices=0x400
05-30 10:23:05.928 E/NU-AmNuPlayerRenderer( 659): Couldn't map mime "audio/mpeg" to a valid audio_format
05-30 10:23:05.928 I/MessageMonitor( 659): NU-AmNuPlayerRenderer MessageMonitor mDebugLevel 0, poll message us 30000000
05-30 10:23:05.928 I/NU-AmNuPlayerRenderer( 659): [#5] mPlayerInstanceId = 5
05-30 10:23:05.928 I/NU-AmNuPlayerRenderer( 659): mFirstSlowSync is set to True. from : 1009
05-30 10:23:05.928 I/NU-AmNuPlayerRenderer( 659): [#5] media.amnuplayer.avsync.dropmode is set to 0 us .
05-30 10:23:05.938 D/xm_audio( 523): adev_get_parameters
05-30 10:23:05.939 I/NU-AmNuPlayerDriver( 659): media.player.atrace.enable is 1
05-30 10:23:05.940 I/NU-AmNuPlayer( 659): [#5] [onStart:4128] new Renderer
05-30 10:23:05.940 I/NU-AmNuPlayer( 659): [#5] AmNuPlayer::Source::getFormat frame-rate = failed
05-30 10:23:05.941 I/NU-AmNuPlayerRenderer( 659): getAudioDevicesForStream streamType=3, audioDevices=0x400
05-30 10:23:05.941 E/NU-AmNuPlayerRenderer( 659): Couldn't map mime "audio/mpeg" to a valid audio_format
05-30 10:23:05.941 I/NU-AmNuPlayer( 659): [#5] instantiateDecoder format: AMessage(what = 0x00000000) = {
05-30 10:23:05.941 I/NU-AmNuPlayer( 659): string mime = "audio/mpeg"
05-30 10:23:05.941 I/NU-AmNuPlayer( 659): int64_t durationUs = 5472000
05-30 10:23:05.941 I/NU-AmNuPlayer( 659): int32_t bitrate = 24000
05-30 10:23:05.941 I/NU-AmNuPlayer( 659): int32_t channel-count = 1
05-30 10:23:05.941 I/NU-AmNuPlayer( 659): int32_t sample-rate = 16000
05-30 10:23:05.941 I/NU-AmNuPlayer( 659): int32_t encoder-delay = 576
05-30 10:23:05.941 I/NU-AmNuPlayer( 659): int32_t encoder-padding = 0
05-30 10:23:05.941 I/NU-AmNuPlayer( 659): int32_t priority = 0
05-30 10:23:05.941 I/NU-AmNuPlayer( 659): }
05-30 10:23:05.942 W/AString ( 659): ctor got NULL, using empty string instead
05-30 10:23:05.942 I/NU-AmNuPlayerDecoder( 659): [#5] mPlayerInstanceId = 5
05-30 10:23:05.942 I/NU-AmNuPlayerDriver( 659): media.player.atrace.enable is 1
05-30 10:23:05.942 I/MessageMonitor( 659): NU-AmNuPlayerDecoder-audN MessageMonitor mDebugLevel 0, poll message us 30000000
05-30 10:23:05.942 I/NU-AmNuPlayer( 659): [#5] instantiateDecoder audio Decoder
05-30 10:23:05.945 I/NU-AmNuPlayerDecoder( 659): [#5] onConfigure format: AMessage(what = 0x00000000) = {
05-30 10:23:05.945 I/NU-AmNuPlayerDecoder( 659): string mime = "audio/mpeg"
05-30 10:23:05.945 I/NU-AmNuPlayerDecoder( 659): int64_t durationUs = 5472000
05-30 10:23:05.945 I/NU-AmNuPlayerDecoder( 659): int32_t bitrate = 24000
05-30 10:23:05.945 I/NU-AmNuPlayerDecoder( 659): int32_t channel-count = 1
05-30 10:23:05.945 I/NU-AmNuPlayerDecoder( 659): int32_t sample-rate = 16000
05-30 10:23:05.945 I/NU-AmNuPlayerDecoder( 659): int32_t encoder-delay = 576
05-30 10:23:05.945 I/NU-AmNuPlayerDecoder( 659): int32_t encoder-padding = 0
05-30 10:23:05.945 I/NU-AmNuPlayerDecoder( 659): int32_t priority = 0
05-30 10:23:05.945 I/NU-AmNuPlayerDecoder( 659): }
05-30 10:23:05.945 I/MessageMonitor( 659): ReadDataHandler MessageMonitor mDebugLevel 0, poll message us 30000000
05-30 10:23:05.946 D/CCodec ( 659): allocate(c2.android.mp3.decoder)
05-30 10:23:05.947 I/audio_hw_hal_primary( 523): [audiohal_get_latency:1333] io 13: out:0xe5d83260 frames:1152 rate:48000 whole_latency:24 alsa_latency:24
05-30 10:23:05.948 D/audioserver( 583): logFgsApiEnd: FGS Logger Transaction failed, -129
05-30 10:23:05.948 I/CCodec ( 659): setting up 'default' as default (vendor) store
05-30 10:23:05.950 I/CCodec ( 659): Created component [c2.android.mp3.decoder]
05-30 10:23:05.951 D/CCodecConfig( 659): read media type: audio/mpeg
05-30 10:23:05.953 D/ReflectedParamUpdater( 659): extent() != 1 for single value type: algo.buffers.max-count.values
05-30 10:23:05.953 D/ReflectedParamUpdater( 659): extent() != 1 for single value type: output.subscribed-indices.values
05-30 10:23:05.953 D/ReflectedParamUpdater( 659): extent() != 1 for single value type: input.buffers.allocator-ids.values
05-30 10:23:05.953 D/ReflectedParamUpdater( 659): extent() != 1 for single value type: output.buffers.allocator-ids.values
05-30 10:23:05.954 D/ReflectedParamUpdater( 659): extent() != 1 for single value type: algo.buffers.allocator-ids.values
05-30 10:23:05.954 D/ReflectedParamUpdater( 659): extent() != 1 for single value type: output.buffers.pool-ids.values
05-30 10:23:05.954 D/ReflectedParamUpdater( 659): extent() != 1 for single value type: algo.buffers.pool-ids.values
05-30 10:23:05.956 I/CCodecConfig( 659): query failed after returning 7 values (BAD_INDEX)
05-30 10:23:05.956 D/CCodecConfig( 659): c2 config diff is Dict {
05-30 10:23:05.956 D/CCodecConfig( 659): c2::u32 coded.bitrate.value = 64000
05-30 10:23:05.956 D/CCodecConfig( 659): c2::u32 input.buffers.max-size.value = 8192
05-30 10:23:05.956 D/CCodecConfig( 659): c2::u32 input.delay.value = 0
05-30 10:23:05.956 D/CCodecConfig( 659): string input.media-type.value = "audio/mpeg"
05-30 10:23:05.956 D/CCodecConfig( 659): string output.media-type.value = "audio/raw"
05-30 10:23:05.956 D/CCodecConfig( 659): c2::u32 raw.channel-count.value = 2
05-30 10:23:05.956 D/CCodecConfig( 659): c2::u32 raw.sample-rate.value = 44100
05-30 10:23:05.956 D/CCodecConfig( 659): }
05-30 10:23:05.959 I/NU-AmNuPlayerDecoder( 659): [#5] mComponentName c2.android.mp3.decoder
05-30 10:23:05.959 I/NU-AmNuPlayerRenderer( 659): [#5] audio source format 0x1
05-30 10:23:05.959 I/NU-AmNuPlayerDecoder( 659): sampleRate:16000
05-30 10:23:05.959 I/NU-AmNuPlayerDecoder( 659): [#5] is_passthrough_enable:0
05-30 10:23:05.959 I/NU-AmNuPlayerDecoder( 659): channel-count=1
05-30 10:23:05.959 I/NU-AmNuPlayerDecoder( 659): sample-rate=16000
05-30 10:23:05.959 I/NU-AmNuPlayerDecoder( 659): is_passthrough_enable=0
05-30 10:23:05.959 I/NU-AmNuPlayerDecoder( 659): extradata-size=0
05-30 10:23:05.960 I/MediaCodec( 659): MediaCodec will operate in async mode
05-30 10:23:05.960 D/MediaCodec( 659): flushMediametrics
05-30 10:23:05.960 D/CCodec ( 659): [c2.android.mp3.decoder] buffers are bound to CCodec for this session
05-30 10:23:05.960 D/CCodecConfig( 659): no c2 equivalents for durationUs
05-30 10:23:05.960 D/CCodecConfig( 659): no c2 equivalents for encoder-delay
05-30 10:23:05.960 D/CCodecConfig( 659): no c2 equivalents for encoder-padding
05-30 10:23:05.960 D/CCodecConfig( 659): no c2 equivalents for is_passthrough_enable
05-30 10:23:05.961 D/CCodecConfig( 659): no c2 equivalents for flags
05-30 10:23:05.961 D/CCodecConfig( 659): c2 config diff is c2::u32 coded.bitrate.value = 24000
05-30 10:23:05.961 D/CCodecConfig( 659): c2::u32 raw.channel-count.value = 1
05-30 10:23:05.961 D/CCodecConfig( 659): c2::u32 raw.sample-rate.value = 16000
05-30 10:23:05.962 W/Codec2Client( 659): query -- param skipped: index = 1107298332.
05-30 10:23:05.962 D/CCodec ( 659): encoding statistics level = 0
05-30 10:23:05.962 D/CCodec ( 659): setup formats input: AMessage(what = 0x00000000) = {
05-30 10:23:05.962 D/CCodec ( 659): int32_t bitrate = 24000
05-30 10:23:05.962 D/CCodec ( 659): int32_t channel-count = 1
05-30 10:23:05.962 D/CCodec ( 659): int32_t max-input-size = 8192
05-30 10:23:05.962 D/CCodec ( 659): string mime = "audio/mpeg"
05-30 10:23:05.962 D/CCodec ( 659): int32_t sample-rate = 16000
05-30 10:23:05.962 D/CCodec ( 659): }
05-30 10:23:05.962 D/CCodec ( 659): setup formats output: AMessage(what = 0x00000000) = {
05-30 10:23:05.962 D/CCodec ( 659): int32_t channel-count = 1
05-30 10:23:05.962 D/CCodec ( 659): string mime = "audio/raw"
05-30 10:23:05.962 D/CCodec ( 659): int32_t sample-rate = 16000
05-30 10:23:05.962 D/CCodec ( 659): int32_t encoder-delay = 576
05-30 10:23:05.962 D/CCodec ( 659): int32_t encoder-padding = 0
05-30 10:23:05.962 D/CCodec ( 659): int32_t android._config-pcm-encoding = 2
05-30 10:23:05.962 D/CCodec ( 659): }
05-30 10:23:05.963 I/CCodecConfig( 659): query failed after returning 7 values (BAD_INDEX)
05-30 10:23:05.963 D/MediaCodec( 659): keep callback message for reclaim
05-30 10:23:05.964 W/Codec2Client( 659): query -- param skipped: index = 1342179345.
05-30 10:23:05.964 W/Codec2Client( 659): query -- param skipped: index = 2415921170.
05-30 10:23:05.964 D/CCodecBufferChannel( 659): [c2.android.mp3.decoder#601] Created input block pool with allocatorID 16 => poolID 22 - OK (0)
05-30 10:23:05.966 I/CCodecBufferChannel( 659): [c2.android.mp3.decoder#601] Created output block pool with allocatorID 16 => poolID 31 - OK
05-30 10:23:05.966 D/CCodecBufferChannel( 659): [c2.android.mp3.decoder#601] Configured output block pool ids 31 => OK
05-30 10:23:05.966 I/C2VendorComponentStore( 537): setDmaBufUsage 5
05-30 10:23:05.967 D/SimpleC2Component( 670): Using output block pool with poolID 31 => got 31 - 0
05-30 10:23:05.968 D/audioserver( 583): logFgsApiEnd: FGS Logger Transaction failed, -129
05-30 10:23:05.968 D/NuPlayerDecoderBase( 659): [#5] [KPI] startup, mediacodec config time spent: 23353
05-30 10:23:05.968 I/NU-AmNuPlayerDecoder( 659): [#5] [c2.android.mp3.decoder] First CB_INPUT_AVAILABLE received.
05-30 10:23:05.969 I/NU-AmNuPlayerDecoder( 659): [#5] [c2.android.mp3.decoder] First Input Buffer Queued to Codec
05-30 10:23:05.971 I/C2VendorComponentStore( 537): setDmaBufUsage 5
05-30 10:23:05.971 I/C2SoftMp3Dec( 670): Reconfiguring decoder: 0->16000 Hz, 0->1 channels
05-30 10:23:05.975 I/NU-AmNuPlayerDecoder( 659): [#5] handleOutputFormatChange format: AMessage(what = 0x00000000) = {
05-30 10:23:05.975 I/NU-AmNuPlayerDecoder( 659): int32_t channel-count = 1
05-30 10:23:05.975 I/NU-AmNuPlayerDecoder( 659): string mime = "audio/raw"
05-30 10:23:05.975 I/NU-AmNuPlayerDecoder( 659): int32_t sample-rate = 16000
05-30 10:23:05.975 I/NU-AmNuPlayerDecoder( 659): int32_t encoder-delay = 576
05-30 10:23:05.975 I/NU-AmNuPlayerDecoder( 659): int32_t encoder-padding = 0
05-30 10:23:05.975 I/NU-AmNuPlayerDecoder( 659): int32_t android._config-pcm-encoding = 2
05-30 10:23:05.975 I/NU-AmNuPlayerDecoder( 659): }
05-30 10:23:05.975 I/NU-AmNuPlayerDecoder( 659): [#5] [c2.android.mp3.decoder] First CB_OUTPUT_AVAILABLE received. input buffer queued: 4
05-30 10:23:05.975 I/NU-AmNuPlayerDecoder( 659): [#5] [c2.android.mp3.decoder] First Out Buffer Queued to Render. timeUs:0
05-30 10:23:05.975 V/NU-AmNuPlayerRenderer( 659): [#5] openAudioSink: offloadOnly(0) offloadingAudio(0)
05-30 10:23:05.975 V/NU-AmNuPlayerRenderer( 659): [#5] track of type does not publish channel mask, use channel count:1 instead.
05-30 10:23:05.975 V/NU-AmNuPlayerRenderer( 659): [#5] openAudioSink channelMask:0x1
05-30 10:23:05.975 V/NU-AmNuPlayerRenderer( 659): [#5] openAudioSink: open AudioSink in NON-offload mode
05-30 10:23:05.977 D/xm_audio( 523): adev_get_parameters
05-30 10:23:05.977 I/NU-AmNuPlayerRenderer( 659): is_force_direct 0
05-30 10:23:05.978 D/NU-AmNuPlayerRenderer( 659): [#5] audio sink close from [onOpenAudioSink,5624]
05-30 10:23:05.983 I/audio_hw_hal_primary( 523): [audiohal_get_latency:1333] io 69: out:0xe5d86be0 frames:1024 rate:48000 whole_latency:21 alsa_latency:21
05-30 10:23:05.983 D/AudioFlinger( 583): Client defaulted notificationFrames to 4092 for frameCount 8184
05-30 10:23:05.986 I/audio_hw_hal_primary( 523): [audiohal_get_latency:1333] io 69: out:0xe5d86be0 frames:1152 rate:48000 whole_latency:24 alsa_latency:24
05-30 10:23:05.988 D/NU-AmNuPlayerRenderer( 659): [#5] audio sink open from [onOpenAudioSink,5693]
05-30 10:23:05.988 I/audio_hw_hal_primary( 523): [audiohal_get_latency:1333] io 13: out:0xe5d83260 frames:1280 rate:48000 whole_latency:26 alsa_latency:26
05-30 10:23:05.989 W/AudioFlinger( 583): moveEffectChain_l() effect chain for session 0 not on source thread 0xe77b0de0
05-30 10:23:05.992 D/audioserver( 583): logFgsApiBegin: FGS Logger Transaction failed, -129
05-30 10:23:05.992 I/NU-AmNuPlayerRenderer( 659): [#5] openAudioSink: mAudioSink->open finished!!!
05-30 10:23:05.992 I/NU-AmNuPlayerRenderer( 659): [#5] mQueueInitial end, mHasAudio =1, mHasVideo = 0
05-30 10:23:05.992 I/NU-AmNuPlayerRenderer( 659): PTS: AV sync info:AV SYNCED
05-30 10:23:05.992 I/NU-AmNuPlayerRenderer( 659): PTS: SystemTimeStamp:-1
05-30 10:23:05.992 I/NU-AmNuPlayerRenderer( 659): PTS: Last AudioTimeStamp:-1
05-30 10:23:05.992 I/NU-AmNuPlayerRenderer( 659): PTS: Last VideoTimeStamp:-1
05-30 10:23:05.992 I/NU-AmNuPlayerRenderer( 659): PTS: AV diff:0 ,Ajump:0,Vjump:0
05-30 10:23:05.992 I/NU-AmNuPlayerRenderer( 659): PTS: mAjumpedNum:0, mAudioJumped till now=155111568
05-30 10:23:05.992 I/NU-AmNuPlayerRenderer( 659): PTS: mVjumpedNum:0, mVideoJumped till now=155111568
05-30 10:23:05.992 I/NU-AmNuPlayerRenderer( 659): PTS: mTotalAudioJumpedTimeUs:0, mTotalAudioJumpedTimeUs:0
05-30 10:23:05.992 I/NU-AmNuPlayerRenderer( 659): PTS: mLastVideoUs:-1
05-30 10:23:05.992 I/NU-AmNuPlayerRenderer( 659): PTS: mLastAudioUs:-1
05-30 10:23:05.992 I/NU-AmNuPlayerRenderer( 659): PTS: mAudioDelay 0 mFormat 0x1 mMs12Enabled 0
05-30 10:23:05.993 I/NU-AmNuPlayerRenderer( 659): [#5] First audio pcm date write to audiosink.
05-30 10:23:05.993 I/NU-AmNuPlayerRenderer( 659): [#5] setStartingTimeMedia 38937, mAudioPlayedOutDur 0
05-30 10:23:05.993 I/NU-AmNuPlayer( 659): [#5] media rendering started
05-30 10:23:05.993 I/NU-AmNuPlayer( 659): [#5] finishResume mResumePending:0
05-30 10:23:05.993 D/NU-AmNuPlayerDriver( 659): [#5] notifyListener_l(0xf1b00fd0), (6, 0, 0, -1), loop setting(0, 0)
05-30 10:23:05.997 I/audio_hw_hal_primary( 523): [audiohal_get_latency:1333] io 69: out:0xe5d86be0 frames:1152 rate:48000 whole_latency:24 alsa_latency:24
05-30 10:23:05.998 I/audio_hw_hal_primary( 523): out_update_source_metadata_v7() line 2013 usage:1 content_type:0
05-30 10:23:05.999 D/AudioTrack( 659): getTimestamp_l(50): device stall time corrected using current time 155118602489
05-30 10:23:06.009 I/NU-AmNuPlayerRenderer( 659): [#5] Audio PCM buffer First Full. time pay:16381, frameCount:8184, mAudioSink->frameSize():2
05-30 10:23:06.009 W/NU-AmNuPlayerRenderer( 659): [#5] postDrainAudioQueue long delay: 31968 (8184*0.062500), numFramesPendingPlayout:(8184-0)
05-30 10:23:06.041 I/audio_hw_hal_primary( 523): out_update_source_metadata_v7() line 2013 usage:1 content_type:0
05-30 10:23:06.041 W/NU-AmNuPlayerRenderer( 659): [#5] postDrainAudioQueue long delay: 31968 (8184*0.062500), numFramesPendingPlayout:(8184-0)
05-30 10:23:06.073 W/NU-AmNuPlayerRenderer( 659): [#5] postDrainAudioQueue long delay: 31968 (8184*0.062500), numFramesPendingPlayout:(9549-1365)
05-30 10:23:06.106 W/NU-AmNuPlayerRenderer( 659): [#5] postDrainAudioQueue long delay: 31968 (8184*0.062500), numFramesPendingPlayout:(10232-2048)
05-30 10:23:06.138 W/NU-AmNuPlayerRenderer( 659): [#5] postDrainAudioQueue long delay: 31968 (8184*0.062500), numFramesPendingPlayout:(10914-2730)
05-30 10:23:06.170 D/NU-AmNuPlayerRenderer( 659): [#5] Switch audio track end . onNewAudioMediaTime, audio sink position was ready.
05-30 10:23:06.170 I/NU-AmNuPlayerRenderer( 659): [#5] First valid audio position found, time pay:177763, audioPlayedOutDur:33453, writtenDur:682125
05-30 10:23:06.170 I/NU-AmNuPlayerRenderer( 659): [#5] getPlayedOutDurationUs is unstable. audioPlayedOutDur:33453 (diff:33453) - realDIFF: 155289479 = -155256026, writtenAudioDurationUs:682125, lastTimeUs:686937 (frameSize: 2)
05-30 10:23:06.171 D/NU-AmNuPlayerDriver( 659): [#5] notifyListener_l(0xf1b00fd0), (211, 0, 0, 20), loop setting(0, 0)
05-30 10:23:06.176 D/ActivityManager( 745): freezing 2058 android.process.media
05-30 10:23:06.364 I/efs.send_log( 2616): log cann't be send because net status is disconnected
05-30 10:23:06.930 I/SogouIME( 3087): onKeyDown: keyoCode=21
05-30 10:23:06.931 I/DefaultIMS( 3087): onKeyDown: keyoCode=21
05-30 10:23:07.089 I/SogouIME( 3087): onKeyUp: keyoCode=21
05-30 10:23:07.090 I/DefaultIMS( 3087): onKeyUp: keyoCode=21
05-30 10:23:07.093 I/audio_hw_hal_alsamgr( 523): alsa format =0x1 delay frames =1024 total frames=6670080
05-30 10:23:07.105 D/hq ( 2214): NetWorkStateReceiver:::检查网络,并且持续更新 isConnect=false
05-30 10:23:07.245 D/ActivityManager( 745): freezing 1140 com.android.permissioncontroller
05-30 10:23:07.350 D/NU-AmNuPlayerDriver( 659): [#5] stop(0xf1b00fd0)
05-30 10:23:07.350 D/NU-AmNuPlayerDriver( 659): [#5] notifyListener_l(0xf1b00fd0), (8, 0, 0, -1), loop setting(0, 0)
05-30 10:23:07.350 I/NU-AmNuPlayerRenderer( 659): [#5] render_onPause
05-30 10:23:07.351 D/NU-AmNuPlayerDriver( 659): [#5] notifyListener_l(0xf1b00fd0), (211, 0, 0, 20), loop setting(0, 0)
05-30 10:23:07.363 I/audio_hw_hal_primary( 523): out_update_source_metadata_v7() line 2013 usage:1 content_type:0
05-30 10:23:07.371 D/NU-AmNuPlayerRenderer( 659): [#5] audio sink pause from [onPause,5121]
05-30 10:23:07.371 I/NU-AmNuPlayerRenderer( 659): [#5] now paused audio queue has 4 entries, video has 0 entries
05-30 10:23:07.371 D/NU-AmNuPlayerDriver( 659): [#5] notifyListener_l(0xf1b00fd0), (211, 0, 0, 20), loop setting(0, 0)
05-30 10:23:07.372 D/NU-AmNuPlayerDriver( 659): [#5] reset(0xf1b00fd0) at state 8
05-30 10:23:07.372 I/NU-GenericSource( 659): --->disconnect<---
05-30 10:23:07.372 I/NU-GenericSource( 659): --->disconnect OK
05-30 10:23:07.373 I/NU-AmNuPlayerDecoder( 659): [#5] [doFlush:1443] audio flushing
05-30 10:23:07.373 I/NU-AmNuPlayerDecoder( 659): [#5] [doFlush:1450] audio flushing
05-30 10:23:07.373 D/NU-AmNuPlayerDriver( 659): [#5] notifyListener_l(0xf1b00fd0), (211, 0, 0, 20), loop setting(0, 0)
05-30 10:23:07.373 I/NU-AmNuPlayerRenderer( 659): [#5] clearAnchorTime
05-30 10:23:07.373 I/NU-AmNuPlayerRenderer( 659): [#5] flushing audio
05-30 10:23:07.373 D/NU-AmNuPlayerRenderer( 659): [#5] audio sink pause-flush-stop from [onFlush,4893]
05-30 10:23:07.373 D/CCodecBuffers( 659): [c2.android.mp3.decoder#601:1D-Output.Impl[N]] Client returned a buffer it does not own according to our record: 0
05-30 10:23:07.373 D/CCodecBuffers( 659): [c2.android.mp3.decoder#601:1D-Output.Impl[N]] Client returned a buffer it does not own according to our record: 1
05-30 10:23:07.374 I/NU-AmNuPlayerDecoder( 659): [#5] [doFlush:1456] audio flushing
05-30 10:23:07.374 I/NU-AmNuPlayer( 659): [#5] decoder audio flush completed
05-30 10:23:07.376 I/hw-BpHwBinder( 659): onLastStrongRef automatically unlinking death recipients
05-30 10:23:07.376 I/hw-BpHwBinder( 670): onLastStrongRef automatically unlinking death recipients
05-30 10:23:07.377 D/MediaCodec( 659): flushMediametrics
05-30 10:23:07.377 I/NU-AmNuPlayer( 659): [#5] audio shutdown completed
05-30 10:23:07.377 I/NU-AmNuPlayer( 659): [#5] audio setHasNoMedia
05-30 10:23:07.377 I/NuPlayerDecoderBase( 659): ReadDataHandler release.
05-30 10:23:07.377 I/MessageMonitor( 659): ReadDataHandler MessageMonitor exit
05-30 10:23:07.378 D/NU-AmNuPlayerDriver( 659): [#5] notifyResetComplete(0xf1b00fd0)
05-30 10:23:07.378 I/NU-AmNuPlayer( 659): mSeekByUserCompleted_5508: 1
05-30 10:23:07.378 I/MessageMonitor( 659): NU-AmNuPlayerDecoder-audN MessageMonitor exit
05-30 10:23:07.378 D/NU-AmNuPlayerDriver( 659): [#5] reset(0xf1b00fd0) at state 0
05-30 10:23:07.378 D/AmlPlayerTimer( 659): func:_timer_delete delete timer.1 success.
05-30 10:23:07.378 I/MessageMonitor( 659): NU-AmNuPlayer MessageMonitor exit
05-30 10:23:07.379 I/audio_hw_hal_primary( 523): [adev_set_parameters:4123] dev:0xe6042930, kv: sound_track=0
05-30 10:23:07.379 D/audio_hw_hal_hfp( 523): [audio_extn_hfp_set_parameters:739] audio_extn_hfp_set_parameters
05-30 10:23:07.379 I/audio_hw_hal_primary( 523): video player sound_track mode 0
05-30 10:23:07.379 I/NU-GenericSource( 659): >>>[~GenericSource 2152]
05-30 10:23:07.379 I/NU-GenericSource( 659): [resetDataSource 684]
05-30 10:23:07.379 I/MessageMonitor( 659): NU-GenericSource MessageMonitor exit
05-30 10:23:07.379 W/RefBase ( 659): RefBase: Explicit destruction, weak count = 0 (in 0xf1c84810). Use sp<> to manage this object.
05-30 10:23:07.379 W/RefBase ( 659): CallStack::getCurrentInternal not linked, returning null
05-30 10:23:07.379 W/RefBase ( 659): CallStack::logStackInternal not linked
05-30 10:23:07.379 I/MessageMonitor( 659): NU-AmNuPlayerRenderer MessageMonitor exit
05-30 10:23:07.379 I/NU-AmNuPlayerRenderer( 659): [#5] ~Renderer
05-30 10:23:07.380 I/audio_hw_hal_primary( 523): [adev_set_parameters:4123] dev:0xe6042930, kv: is_ms12_continuous=1
05-30 10:23:07.380 D/audio_hw_hal_hfp( 523): [audio_extn_hfp_set_parameters:739] audio_extn_hfp_set_parameters
05-30 10:23:07.380 I/audio_hw_hal_primary( 523): adev_set_parameters is_ms12_continuous set to 1
05-30 10:23:07.381 I/AmlPlayerTimer( 659): ~AmlPlayerTimer
05-30 10:23:07.381 W/AMessage( 659): failed to post message as target looper for handler 0 is gone.
05-30 10:23:07.382 V/MediaPlayer( 1493): resetDrmState: mDrmInfo=null mDrmProvisioningThread=null mPrepareDrmInProgress=false mActiveDrmScheme=false
05-30 10:23:07.382 V/MediaPlayer( 1493): cleanDrmObj: mDrmObj=null mDrmSessionId=null
05-30 10:23:07.405 I/audio_hw_hal_primary( 523): [audiohal_get_latency:1333] io 69: out:0xe5d86be0 frames:1024 rate:48000 whole_latency:21 alsa_latency:21
05-30 10:23:07.427 I/audio_hw_hal_primary( 523): [audiohal_get_latency:1333] io 69: out:0xe5d86be0 frames:1024 rate:48000 whole_latency:21 alsa_latency:21
05-30 10:23:07.436 I/WifiService( 745): startScan uid=10029
05-30 10:23:07.437 I/WifiScanRequestProxy( 745): Scan request from com.dangbei.hqguide throttled
05-30 10:23:07.438 E/WifiService( 745): Failed to start scan
05-30 10:23:07.439 V/MediaPlayer( 1493): resetDrmState: mDrmInfo=null mDrmProvisioningThread=null mPrepareDrmInProgress=false mActiveDrmScheme=false
05-30 10:23:07.439 V/MediaPlayer( 1493): cleanDrmObj: mDrmObj=null mDrmSessionId=null
05-30 10:23:07.448 I/audio_hw_hal_primary( 523): [audiohal_get_latency:1333] io 69: out:0xe5d86be0 frames:1024 rate:48000 whole_latency:21 alsa_latency:21
05-30 10:23:07.451 V/AmlogicNuPlayerFactoryInit( 659): create AmNuPlayer
05-30 10:23:07.451 I/AmlPlayerTimer( 659): AmlPlayerTimer
05-30 10:23:07.451 I/MessageMonitor( 659): NU-AmNuPlayer MessageMonitor mDebugLevel 0, poll message us 30000000
05-30 10:23:07.451 I/NU-AmNuPlayer( 659): [#6] mPlayerInstanceId = 6
05-30 10:23:07.451 D/AmlPlayerTimer( 659): func:_timer_create create timer.1 success.
05-30 10:23:07.451 D/NU-AmNuPlayerDriver( 659): [#6] AmNuPlayerDriver(0xf1b00550) created, clientPid(1493), mPlayerInstanceId(6)
05-30 10:23:07.451 I/NU-AmNuPlayerDriver( 659): [#6]
05-30 10:23:07.451 I/NU-AmNuPlayerDriver( 659): --------------------------------
05-30 10:23:07.451 I/NU-AmNuPlayerDriver( 659): ARCH = arm
05-30 10:23:07.451 I/NU-AmNuPlayerDriver( 659): branch name: from
05-30 10:23:07.451 I/NU-AmNuPlayerDriver( 659): git version: 6e56b7326ee6d173be366a46d99e68ce5c8268f0
05-30 10:23:07.451 I/NU-AmNuPlayerDriver( 659): change id: Change-Id: I91714fae1b836472af4f4042cd497867bdf0004d
05-30 10:23:07.451 I/NU-AmNuPlayerDriver( 659): ID : PD#SWPL-193937
05-30 10:23:07.451 I/NU-AmNuPlayerDriver( 659): last changed: Date: Fri Nov 22 10:58:40 2024 +0000
05-30 10:23:07.451 I/NU-AmNuPlayerDriver( 659): build-time: Fri Dec 6 12:54:08 CST 2024
05-30 10:23:07.451 I/NU-AmNuPlayerDriver( 659): build-name: drm.autobuild
05-30 10:23:07.451 I/NU-AmNuPlayerDriver( 659): uncommitted-file-num:1
05-30 10:23:07.451 I/NU-AmNuPlayerDriver( 659): BaseCommitMsg: commit 6e56b7326ee6d173be366a46d99e68ce5c8268f0 PD#SWPL-193937 Change-Id: I91714fae1b836472af4f4042cd497867bdf0004d
05-30 10:23:07.451 I/NU-AmNuPlayerDriver( 659): PathesOnBase:
05-30 10:23:07.451 I/NU-AmNuPlayerDriver( 659):
05-30 10:23:07.451 I/NU-AmNuPlayerDriver( 659): MM-module-name:AmNuPlayer,Version:4.1.26-g6e56b73(build:6483)
05-30 10:23:07.451 I/NU-AmNuPlayerDriver( 659):
05-30 10:23:07.451 I/NU-AmNuPlayerDriver( 659): --------------------------------
05-30 10:23:07.451 I/NU-AmNuPlayerDriver( 659): [#6] Supported functions :
05-30 10:23:07.451 I/NU-AmNuPlayerDriver( 659): {"MM-module-name":"AmNuPlayer"{"Features":["Switchaudio/subtitletracks","HTTPlivestreamingformpegtsandmp3formats","Localplaybackforvariousformats","UDPunicastandmulticastformpegtsformat","RTP/RTSPplaybackformpegtsformat","HLSlive/vodformpegtsformat","Androidaudiooffloadmode","SupportBuilt-insubtitles","AVS3videosupportforprotocolHTTPandLocal","AC4audiosupportforprotocolHTTP,Local,HLSandUDP","DVBTelextsupport","AudioVIVIDsuportforLocal/HTTP/UDP/HLS","AVS3videosupportforprotocolHLSandUDP","ISOplaybackforlocal","libcurldownloadforprotocolHLS","dnscacheforprotocolHLS","ipv6andipv4firstplaybackforprotocolHLS","IPTVMulticasttoUnicastforprotocolRTPandUDP","IPTVcmccsoftprobeforprotocolUDPRTPHTTPHLS","SupportHLSV6bandwidthswitch","AVS2videosupportforprotocolUDP","DTSUHDP2offloadsupport"],"SupportedFormats":[{"Protocol":"UDP","FileFormats":["MPEGTS"],},{"Protocol":"HLS","FileFormats":["MPEGTS","MP4"],},{"Protocol":"HTTPLIVE","FileFormats":["MPEGTS","MP3"],},{"Protocol":"LOCAL/HTTPVOD","Fil
05-30 10:23:07.452 I/hwservicemanager( 234): getTransport: Cannot find entry android.hardware.media.omx@1.0::IOmx/default in either framework or device VINTF manifest.
05-30 10:23:07.452 D/MediaPlayerService( 659): OMX service is not available
05-30 10:23:07.456 I/NU-AmNuPlayer( 659): [#6] setDataSourceAsync fd 8/18813040/15627
05-30 10:23:07.456 I/NU-AmNuPlayer( 659): [#6] kWhatSetAudioSink
05-30 10:23:07.467 D/NU-AmNuPlayer( 659): part of md5:8a7ce561b0784f89da5d586d1190417e
05-30 10:23:07.467 I/NU-AmNuPlayer( 659): [#6] file size too small, check M3U8
05-30 10:23:07.467 I/MessageMonitor( 659): NU-GenericSource MessageMonitor mDebugLevel 0, poll message us 30000000
05-30 10:23:07.467 I/NU-GenericSource( 659): mPlayerInstanceId = 6
05-30 10:23:07.467 I/NU-GenericSource( 659): [resetDataSource 684]
05-30 10:23:07.467 I/NU-GenericSource( 659): [resetDataSource 684]
05-30 10:23:07.469 I/NU-GenericSource( 659): patch:
05-30 10:23:07.469 I/audio_hw_hal_primary( 523): [adev_set_parameters:4123] dev:0xe6042930, kv: is_ms12_continuous=0
05-30 10:23:07.469 D/audio_hw_hal_hfp( 523): [audio_extn_hfp_set_parameters:739] audio_extn_hfp_set_parameters
05-30 10:23:07.469 I/audio_hw_hal_primary( 523): adev_set_parameters is_ms12_continuous set to 0
05-30 10:23:07.470 I/audio_hw_hal_primary( 523): [audiohal_get_latency:1333] io 69: out:0xe5d86be0 frames:1024 rate:48000 whole_latency:21 alsa_latency:21
05-30 10:23:07.470 D/NU-GenericSource( 659): FileSource remote
05-30 10:23:07.472 I/NU-GenericSource( 659): >>>[initFromDataSource 1424]
05-30 10:23:07.472 I/AmFFmpegByteIOAdapter( 655): File size : 15627
05-30 10:23:07.473 I/AmFFmpegExtractor( 655): checkInList: iswhite:0, mime:audio/mpeg, type:1, id:86017 tag:0
05-30 10:23:07.473 I/AmFFmpegExtractor( 655): checkInList: iswhite:1, mime:audio/mpeg, type:1, id:86017 tag:0
05-30 10:23:07.473 E/AmFFmpegExtractor( 655): codec_ctx->properties: 0
05-30 10:23:07.473 I/AmFFmpegExtractor( 655): checkSupportInList ret 1
05-30 10:23:07.474 I/AmFFmpegExtractor( 655): checkInList: iswhite:0, mime:audio/mpeg, type:1, id:86017 tag:0
05-30 10:23:07.474 I/AmFFmpegExtractor( 655): checkInList: iswhite:1, mime:audio/mpeg, type:1, id:86017 tag:0
05-30 10:23:07.474 E/AmFFmpegExtractor( 655): codec_ctx->properties: 0
05-30 10:23:07.474 I/AmFFmpegExtractor( 655): checkSupportInList ret 0
05-30 10:23:07.474 E/AmFFmpegExtractor( 655): vendor do not support
05-30 10:23:07.475 I/NU-GenericSource( 659): >>>MediaExtractor::Create [initFromDataSource 1471] and extractor name:MP3Extractor
05-30 10:23:07.475 D/NU-GenericSource( 659): [#6] [KPI] startup, find stream info time spent: 3880
05-30 10:23:07.476 I/NU-GenericSource( 659): initFromDataSource, mExtractor->countTracks() = 1
05-30 10:23:07.476 I/NU-GenericSource( 659): ffmpegHasAudio : 0, ffmpegHasVideo : 0
05-30 10:23:07.476 I/NU-GenericSource( 659): initFromDataSource track[0]: audio/mpeg
05-30 10:23:07.476 I/AmAnotherPacketSource( 659): (audio/mpeg)IsUdp:0 mLimitiSize:2097152, mTotalCount:1000 kLocalPlaybackMaxBufferCount 500
05-30 10:23:07.476 I/NU-AmNuPlayerDriver( 659): media.player.atrace.enable is 1
05-30 10:23:07.477 I/AmAnotherPacketSource( 659): ----->(0xecac00d0)start mIsVideo:0 mIsAudio:1
05-30 10:23:07.477 I/NU-GenericSource( 659): initFromDataSource mVideoTrack.mSource:0x0, unsupportvideo:0, ffmpegHasVideo:0
05-30 10:23:07.477 I/NU-GenericSource( 659): initFromDataSource mAudioTrack.mSource:0xf1c4c9a0, ffmpegHasAudio:1
05-30 10:23:07.477 I/NU-GenericSource( 659): notifyPrepared 2554
05-30 10:23:07.477 I/NU-AmNuPlayer( 659): [#6] notifyPrepareCompleted
05-30 10:23:07.477 D/NU-AmNuPlayerDriver( 659): [#6] notifyListener_l(0xf1b00550), (1, 0, 0, -1), loop setting(0, 0)
05-30 10:23:07.478 I/NU-AmNuPlayer( 659): [#6] updateMediaInfo
05-30 10:23:07.478 I/NU-AmNuPlayer( 659): [#6] [updateMediaInfo:1241]get i=0 , mime: audio/mpeg
05-30 10:23:07.491 I/audio_hw_hal_primary( 523): [audiohal_get_latency:1333] io 69: out:0xe5d86be0 frames:1024 rate:48000 whole_latency:21 alsa_latency:21
05-30 10:23:07.512 I/audio_hw_hal_primary( 523): [audiohal_get_latency:1333] io 69: out:0xe5d86be0 frames:1024 rate:48000 whole_latency:21 alsa_latency:21
05-30 10:23:07.533 I/audio_hw_hal_primary( 523): [audiohal_get_latency:1333] io 69: out:0xe5d86be0 frames:1024 rate:48000 whole_latency:21 alsa_latency:21
05-30 10:23:07.555 I/audio_hw_hal_primary( 523): [audiohal_get_latency:1333] io 69: out:0xe5d86be0 frames:1024 rate:48000 whole_latency:21 alsa_latency:21
05-30 10:23:07.556 D/audioserver( 583): logFgsApiEnd: FGS Logger Transaction failed, -129
05-30 10:23:07.558 W/AudioFlinger( 583): moveEffectChain_l() effect chain for session 0 not on source thread 0xe5f65de0
05-30 10:23:07.577 D/audioserver( 583): logFgsApiEnd: FGS Logger Transaction failed, -129
05-30 10:23:07.604 I/NU-AmNuPlayer( 659): [#6] updateMediaInfo
05-30 10:23:07.605 I/NU-AmNuPlayer( 659): [#6] [updateMediaInfo:1241]get i=0 , mime: audio/mpeg
05-30 10:23:07.610 D/NU-AmNuPlayerDriver( 659): [#6] start(0xf1b00550), state is 4, eos is 0
05-30 10:23:07.611 I/NU-AmNuPlayer( 659): [#6] kWhatStart
05-30 10:23:07.611 I/NU-AmNuPlayer( 659): [#6] onStart: mCrypto: 0x0 (0)
05-30 10:23:07.611 I/NU-GenericSource( 659): start
05-30 10:23:07.611 I/NU-AmNuPlayer( 659): [#6] AmNuPlayer::Source::getFormat frame-rate = failed
05-30 10:23:07.614 I/NU-AmNuPlayerRenderer( 659): getAudioDevicesForStream streamType=3, audioDevices=0x400
05-30 10:23:07.614 E/NU-AmNuPlayerRenderer( 659): Couldn't map mime "audio/mpeg" to a valid audio_format
05-30 10:23:07.614 I/MessageMonitor( 659): NU-AmNuPlayerRenderer MessageMonitor mDebugLevel 0, poll message us 30000000
05-30 10:23:07.614 I/NU-AmNuPlayerRenderer( 659): [#6] mPlayerInstanceId = 6
05-30 10:23:07.614 I/NU-AmNuPlayerRenderer( 659): mFirstSlowSync is set to True. from : 1009
05-30 10:23:07.614 I/NU-AmNuPlayerRenderer( 659): [#6] media.amnuplayer.avsync.dropmode is set to 0 us .
05-30 10:23:07.615 D/xm_audio( 523): adev_get_parameters
05-30 10:23:07.617 I/NU-AmNuPlayerDriver( 659): media.player.atrace.enable is 1
05-30 10:23:07.617 I/NU-AmNuPlayer( 659): [#6] [onStart:4128] new Renderer
05-30 10:23:07.618 I/NU-AmNuPlayer( 659): [#6] AmNuPlayer::Source::getFormat frame-rate = failed
05-30 10:23:07.619 I/NU-AmNuPlayerRenderer( 659): getAudioDevicesForStream streamType=3, audioDevices=0x400
05-30 10:23:07.619 E/NU-AmNuPlayerRenderer( 659): Couldn't map mime "audio/mpeg" to a valid audio_format
05-30 10:23:07.619 I/NU-AmNuPlayer( 659): [#6] instantiateDecoder format: AMessage(what = 0x00000000) = {
05-30 10:23:07.619 I/NU-AmNuPlayer( 659): string mime = "audio/mpeg"
05-30 10:23:07.619 I/NU-AmNuPlayer( 659): int64_t durationUs = 2520000
05-30 10:23:07.619 I/NU-AmNuPlayer( 659): int32_t bitrate = 48000
05-30 10:23:07.619 I/NU-AmNuPlayer( 659): int32_t channel-count = 1
05-30 10:23:07.619 I/NU-AmNuPlayer( 659): int32_t sample-rate = 16000
05-30 10:23:07.619 I/NU-AmNuPlayer( 659): int32_t encoder-delay = 576
05-30 10:23:07.619 I/NU-AmNuPlayer( 659): int32_t encoder-padding = 852
05-30 10:23:07.619 I/NU-AmNuPlayer( 659): int32_t priority = 0
05-30 10:23:07.619 I/NU-AmNuPlayer( 659): }
05-30 10:23:07.620 W/AString ( 659): ctor got NULL, using empty string instead
05-30 10:23:07.620 I/NU-AmNuPlayerDecoder( 659): [#6] mPlayerInstanceId = 6
05-30 10:23:07.620 I/NU-AmNuPlayerDriver( 659): media.player.atrace.enable is 1
05-30 10:23:07.620 I/MessageMonitor( 659): NU-AmNuPlayerDecoder-audN MessageMonitor mDebugLevel 0, poll message us 30000000
05-30 10:23:07.620 I/NU-AmNuPlayer( 659): [#6] instantiateDecoder audio Decoder
05-30 10:23:07.621 I/NU-AmNuPlayerDecoder( 659): [#6] onConfigure format: AMessage(what = 0x00000000) = {
05-30 10:23:07.621 I/NU-AmNuPlayerDecoder( 659): string mime = "audio/mpeg"
05-30 10:23:07.621 I/NU-AmNuPlayerDecoder( 659): int64_t durationUs = 2520000
05-30 10:23:07.621 I/NU-AmNuPlayerDecoder( 659): int32_t bitrate = 48000
05-30 10:23:07.621 I/NU-AmNuPlayerDecoder( 659): int32_t channel-count = 1
05-30 10:23:07.621 I/NU-AmNuPlayerDecoder( 659): int32_t sample-rate = 16000
05-30 10:23:07.621 I/NU-AmNuPlayerDecoder( 659): int32_t encoder-delay = 576
