05-30 10:24:05.388 I/gbei.screencast( 2616): type=1400 audit(0.0:2243): avc: denied { connectto } for path="/dev/socket/property_service" scontext=u:r:untrusted_app_27:s0:c44,c256,c512,c768 tcontext=u:r:init:s0 tclass=unix_stream_socket permissive=1 app=com.dangbei.screencast
05-30 10:24:05.408 D/HiSight-SinkService( 2616): setDiscoverable true
05-30 10:24:05.408 D/HiSight-Discovery( 2616): set deviceInfo type:46
05-30 10:24:05.408 D/HiSight-Discovery( 2616): startAdvertise 3
05-30 10:24:05.408 D/HiSight-Discovery( 2616): stopAdvertise.
05-30 10:24:05.408 D/NearFieldManager( 2616): StopListen moduleId: CastPlusDiscoveryModule
05-30 10:24:05.408 D/NearFieldManagerImpl( 2783): stopListen: moduleId: CastPlusDiscoveryModule
05-30 10:24:05.408 D/NearFieldManagerImpl( 2783): registerCapability() called with: capabilityBitmapNum = 1, capabilityBitmap = [0]
05-30 10:24:05.408 I/HicomNf_java_to_c( 2783): registerCapability, capabilityBitmapNum: 1
05-30 10:24:05.408 I/HicomNfMainCtrlManager( 2783): RegisterCapability: 1, 0
05-30 10:24:05.409 D/NearFieldManagerImpl( 2783): Register capability succeed with capabilityBitmapNum = 1, capabilityBitmap = [0]
05-30 10:24:05.409 D/HiSight-Discovery( 2616): nearFieldStartListen deviceType 46
05-30 10:24:05.410 I/NearFieldManagerImpl( 2783): setDeviceInfo, sDeviceName changes
05-30 10:24:05.410 D/NearFieldManagerImpl( 2783): setServiceData, sServiceData=[32], serviceData=[32]
05-30 10:24:05.410 E/NearFieldManagerImpl( 2783): setServiceData, serviceData exists
05-30 10:24:05.410 E/NearFieldManager( 2616): setIdnNetworkPriority: networkPortPriority is empty
05-30 10:24:05.410 D/NearFieldManager( 2616): StartListen moduleId: CastPlusDiscoveryModule
05-30 10:24:05.411 D/NearFieldManagerImpl( 2783): startListen: moduleId: CastPlusDiscoveryModule
05-30 10:24:05.411 D/NearFieldUtils( 2783): getPreferredIpAddress exec
05-30 10:24:05.411 D/NearFieldUtils( 2783): getPreferredIpAddress by custom priority
05-30 10:24:05.411 D/NearFieldUtils( 2783): getIpByInterfaceSetting customIdnNetworkPriority:[]
05-30 10:24:05.411 D/NearFieldUtils( 2783): getPreferredIpAddress by default priority
05-30 10:24:05.417 D/NearFieldUtils( 2783): to get wlan0 ip address
05-30 10:24:05.417 D/NearFieldUtils( 2783): get wlan0 IP succeed.
05-30 10:24:05.417 D/NearFieldManagerImpl( 2783): sDeviceType: 46
05-30 10:24:05.417 D/NearFieldManagerImpl( 2783): registerDevice() is called.
05-30 10:24:05.417 I/HicomNfMainCtrlManager( 2783): NSTACKX_RegisterDevice is called
05-30 10:24:05.418 D/NearFieldManagerImpl( 2783): Register device success.
05-30 10:24:05.418 I/nStackXDFinder( 2783): UpdateLocalNetworkInterface:[472] :UpdateLocalNetworkInterface exec,initerfaceName:wlan0
05-30 10:24:05.418 I/NearFieldManagerImpl( 2783): serviceName is castPlus
05-30 10:24:05.418 E/nStackXDFinder( 2783): GetLocalIp:[401] :GetLocalIp exec
05-30 10:24:05.418 I/nStackXDFinder( 2783): UpdateLocalNetworkInterface:[498] :UpdateLocalNetworkInterface copy ip value in default process
05-30 10:24:05.418 E/nStackXDFinder( 2783): GetLocalIp:[401] :GetLocalIp exec
05-30 10:24:05.418 D/NearFieldManagerImpl( 2783): registerCapability() called with: capabilityBitmapNum = 1, capabilityBitmap = [8]
05-30 10:24:05.418 I/nStackXDFinder( 2783): UpdateLocalNetworkInterface:[505] :UpdateLocalNetworkInterface: ip not change
05-30 10:24:05.418 I/HicomNf_java_to_c( 2783): registerCapability, capabilityBitmapNum: 1
05-30 10:24:05.418 I/HicomNfMainCtrlManager( 2783): RegisterCapability: 1, 8
05-30 10:24:05.418 D/NearFieldManagerImpl( 2783): Register capability succeed with capabilityBitmapNum = 1, capabilityBitmap = [8]
05-30 10:24:05.418 D/NearFieldManagerImpl( 2783): registerServiceData() called with: serviceData = 32
05-30 10:24:05.418 D/NearFieldManagerImpl( 2783): registerModule() called with: packageModuleName = com.huawei.connection+CastPlusDiscoveryModule
05-30 10:24:05.418 I/nStackXDFinder( 2783): RegisterServiceData:[728] :RegisterServiceData, serviceData=[32]
05-30 10:24:05.418 D/NearFieldManagerImpl( 2783): registerModule, registered before
05-30 10:24:05.418 I/HicomNf_java_to_c( 2783): registerModule, moduleName: com.huawei.connection+CastPlusDiscoveryModule
05-30 10:24:05.418 I/HicomNfMainCtrlManager( 2783): Enter RegisterModule
05-30 10:24:05.418 I/HicomNfRegManager( 2783): RegisterModule OK, already registered com.huawei.connection+CastPlusDiscoveryModule
05-30 10:24:05.418 D/HiSight-Discovery( 2616): startAdvertise 3
05-30 10:24:05.419 D/HiSight-Discovery( 2616): stopAdvertise.
05-30 10:24:05.419 D/NearFieldManager( 2616): StopListen moduleId: CastPlusDiscoveryModule
05-30 10:24:05.419 D/NearFieldManagerImpl( 2783): stopListen: moduleId: CastPlusDiscoveryModule
05-30 10:24:05.419 D/NearFieldManagerImpl( 2783): registerCapability() called with: capabilityBitmapNum = 1, capabilityBitmap = [0]
05-30 10:24:05.419 I/HicomNf_java_to_c( 2783): registerCapability, capabilityBitmapNum: 1
05-30 10:24:05.419 I/HicomNfMainCtrlManager( 2783): RegisterCapability: 1, 0
05-30 10:24:05.419 D/NearFieldManagerImpl( 2783): Register capability succeed with capabilityBitmapNum = 1, capabilityBitmap = [0]
05-30 10:24:05.419 D/HiSight-Discovery( 2616): nearFieldStartListen deviceType 46
05-30 10:24:05.420 D/NearFieldManagerImpl( 2783): setServiceData, sServiceData=[32], serviceData=[32]
05-30 10:24:05.420 E/NearFieldManagerImpl( 2783): setServiceData, serviceData exists
05-30 10:24:05.420 E/NearFieldManager( 2616): setIdnNetworkPriority: networkPortPriority is empty
05-30 10:24:05.420 D/NearFieldManager( 2616): StartListen moduleId: CastPlusDiscoveryModule
05-30 10:24:05.420 D/NearFieldManagerImpl( 2783): startListen: moduleId: CastPlusDiscoveryModule
05-30 10:24:05.420 D/NearFieldUtils( 2783): getPreferredIpAddress exec
05-30 10:24:05.420 D/NearFieldUtils( 2783): getPreferredIpAddress by custom priority
05-30 10:24:05.420 D/NearFieldUtils( 2783): getIpByInterfaceSetting customIdnNetworkPriority:[]
05-30 10:24:05.420 D/NearFieldUtils( 2783): getPreferredIpAddress by default priority
05-30 10:24:05.428 D/NearFieldUtils( 2783): to get wlan0 ip address
05-30 10:24:05.428 D/NearFieldUtils( 2783): get wlan0 IP succeed.
05-30 10:24:05.429 D/NearFieldManagerImpl( 2783): sDeviceType: 46
05-30 10:24:05.429 D/NearFieldManagerImpl( 2783): registerDevice() is called.
05-30 10:24:05.429 I/HicomNfMainCtrlManager( 2783): NSTACKX_RegisterDevice is called
05-30 10:24:05.429 I/nStackXDFinder( 2783): UpdateLocalNetworkInterface:[472] :UpdateLocalNetworkInterface exec,initerfaceName:wlan0
05-30 10:24:05.429 E/nStackXDFinder( 2783): GetLocalIp:[401] :GetLocalIp exec
05-30 10:24:05.429 I/nStackXDFinder( 2783): UpdateLocalNetworkInterface:[498] :UpdateLocalNetworkInterface copy ip value in default process
05-30 10:24:05.429 E/nStackXDFinder( 2783): GetLocalIp:[401] :GetLocalIp exec
05-30 10:24:05.429 I/nStackXDFinder( 2783): UpdateLocalNetworkInterface:[505] :UpdateLocalNetworkInterface: ip not change
05-30 10:24:05.429 D/NearFieldManagerImpl( 2783): Register device success.
05-30 10:24:05.429 I/NearFieldManagerImpl( 2783): serviceName is castPlus
05-30 10:24:05.429 D/NearFieldManagerImpl( 2783): registerCapability() called with: capabilityBitmapNum = 1, capabilityBitmap = [8]
05-30 10:24:05.429 I/HicomNf_java_to_c( 2783): registerCapability, capabilityBitmapNum: 1
05-30 10:24:05.429 I/HicomNfMainCtrlManager( 2783): RegisterCapability: 1, 8
05-30 10:24:05.429 D/NearFieldManagerImpl( 2783): Register capability succeed with capabilityBitmapNum = 1, capabilityBitmap = [8]
05-30 10:24:05.430 D/NearFieldManagerImpl( 2783): registerServiceData() called with: serviceData = 32
05-30 10:24:05.430 I/nStackXDFinder( 2783): RegisterServiceData:[728] :RegisterServiceData, serviceData=[32]
05-30 10:24:05.430 D/NearFieldManagerImpl( 2783): registerModule() called with: packageModuleName = com.huawei.connection+CastPlusDiscoveryModule
05-30 10:24:05.430 D/NearFieldManagerImpl( 2783): registerModule, registered before
05-30 10:24:05.430 I/HicomNf_java_to_c( 2783): registerModule, moduleName: com.huawei.connection+CastPlusDiscoveryModule
05-30 10:24:05.430 I/HicomNfMainCtrlManager( 2783): Enter RegisterModule
05-30 10:24:05.430 I/HicomNfRegManager( 2783): RegisterModule OK, already registered com.huawei.connection+CastPlusDiscoveryModule
05-30 10:24:05.488 W/BestClock( 745): java.time.DateTimeException: Missing network time fix
05-30 10:24:05.520 W/BestClock( 745): java.time.DateTimeException: Missing network time fix
05-30 10:24:05.520 I/binder:504_3( 504): type=1400 audit(0.0:2244): avc: denied { add_name } for name="globalAlert" scontext=u:r:netd:s0 tcontext=u:object_r:proc_net:s0 tclass=dir permissive=1
05-30 10:24:05.656 D/OomAdjuster( 745): Not killing cached processes
05-30 10:24:05.657 W/ProcessStats( 745): Tracking association SourceState{cc4efab system/1000 ImpFg #519} whose proc state 5 is better than process ProcessState{1f9bca0 com.android.permissioncontroller/10071 pkg=com.android.permissioncontroller} proc state 15 (5 skipped)
05-30 10:24:05.703 D/nStackXCoAP( 2783): IsInSameNetwork:[276] :IsInSameNetwork exec
05-30 10:24:05.703 I/nStackXDFinder( 2783): GetLocalInterfaceDetail:[461] :GetLocalInterfaceDetail in
05-30 10:24:05.703 E/nStackXCoAP( 2783): IsInSameNetwork:[281] :IsInSameNetwork: not priority process
05-30 10:24:05.703 D/nStackXCoAP( 2783): ParseServiceDiscover:[330] :new device join
05-30 10:24:05.703 E/nStackXDFinder( 2783): GetLocalIp:[401] :GetLocalIp exec
05-30 10:24:06.207 D/nStackXCoAP( 2783): IsInSameNetwork:[276] :IsInSameNetwork exec
05-30 10:24:06.207 I/nStackXDFinder( 2783): GetLocalInterfaceDetail:[461] :GetLocalInterfaceDetail in
05-30 10:24:06.207 E/nStackXCoAP( 2783): IsInSameNetwork:[281] :IsInSameNetwork: not priority process
05-30 10:24:06.207 D/nStackXCoAP( 2783): ParseServiceDiscover:[330] :new device join
05-30 10:24:06.207 E/nStackXDFinder( 2783): GetLocalIp:[401] :GetLocalIp exec
05-30 10:24:06.248 D/ActivityManager( 745): freezing 2416 com.android.webview:webview_service
05-30 10:24:06.267 D/nStackXCoAP( 2783): CoapMessageHandler:[133] :2.01
05-30 10:24:06.403 E/raop ( 2616): JavaCallback init
05-30 10:24:06.740 D/nStackXCoAP( 2783): IsInSameNetwork:[276] :IsInSameNetwork exec
05-30 10:24:06.740 I/nStackXDFinder( 2783): GetLocalInterfaceDetail:[461] :GetLocalInterfaceDetail in
05-30 10:24:06.740 E/nStackXCoAP( 2783): IsInSameNetwork:[281] :IsInSameNetwork: not priority process
05-30 10:24:06.740 D/nStackXCoAP( 2783): ParseServiceDiscover:[330] :new device join
05-30 10:24:06.740 E/nStackXDFinder( 2783): GetLocalIp:[401] :GetLocalIp exec
05-30 10:24:06.858 D/nStackXCoAP( 2783): CoapMessageHandler:[133] :2.01
05-30 10:24:06.903 D/TrafficStats( 2616): tagSocket(152) with statsTag=0xffffffff, statsUid=-1
05-30 10:24:07.962 I/WifiHAL ( 570): call wifi_get_link_stats handler
05-30 10:24:07.962 I/WifiHAL ( 570): Creating message to get link statistics; iface = 16
05-30 10:24:07.962 D/WifiHAL ( 570): error code -95 mapped to -3
05-30 10:24:07.963 E/WifiStaIfaceAidlImpl( 745): getLinkLayerStats failed with service-specific exception: android.os.ServiceSpecificException: (code 4)
05-30 10:24:08.404 D/TrafficStats( 2616): tagSocket(153) with statsTag=0xffffffff, statsUid=-1
05-30 10:24:08.407 I/serviceDiscovery( 745): [MdnsAdvertiser] Adding service name: 当贝投屏L5, type: _airplay._tcp, hostAddresses: , port: 45915, network: null, txtRecord: srcvers=220.68features=0x527FFFF7,0x1E'pi=2e388006-13ba-4041-9a67-25dd4a43d536Cpk=b07727d6f6cd6e08b58ede525ec3cdeaa252ad9f683feb212ef8a205246554e7vv=2 flags=0x4model=AppleTV2,1deviceid=1c:79:2d:20:62:b5 with ID 6 and subtype null
05-30 10:24:08.414 D/TrafficStats( 2616): tagSocket(202) with statsTag=0xffffffff, statsUid=-1
05-30 10:24:08.418 I/serviceDiscovery( 745): [MdnsAdvertiser] Adding service name: 1c792d2062b5@当贝投屏L5, type: _raop._tcp, hostAddresses: , port: 45207, network: null, txtRecord: txtvers=1 am=AppleTV2,1ch=2
05-30 10:24:08.418 I/serviceDiscovery( 745): cn=0,1,2,3da=trueet=0,3,5ft=0x527FFFF7,0x1Emd=0,1,2Cpk=b07727d6f6cd6e08b58ede525ec3cdeaa252ad9f683feb212ef8a205246554e7pw=falsesf=0x4sr=44100ss=16sv=falsetp=UDPvn=65537 vs=220.68vv=2 rhd=5.6.0.0 with ID 7 and subtype null
05-30 10:24:08.826 I/SogouIME( 3087): onKeyDown: keyoCode=21
05-30 10:24:08.826 I/DefaultIMS( 3087): onKeyDown: keyoCode=21
05-30 10:24:08.907 I/serviceDiscovery( 745): [MdnsAdvertiser] Adding service name: 当贝投屏L5, type: _db_cast_screen._tcp, hostAddresses: , port: 36519, network: null, txtRecord: au=1cV=20830mV=100h265=1maxR=4096-4096model=DBBOX-A3deviceid=1c:79:2d:20:62:b5 with ID 8 and subtype null
05-30 10:24:08.907 E/MdnsAdvertiser( 745): Name conflict adding services that should have unique names
05-30 10:24:08.907 E/MdnsAdvertiser( 745): android.net.connectivity.com.android.server.connectivity.mdns.NameConflictException
05-30 10:24:08.907 E/MdnsAdvertiser( 745): at android.net.connectivity.com.android.server.connectivity.mdns.MdnsRecordRepository.addService(MdnsRecordRepository.java:314)
05-30 10:24:08.907 E/MdnsAdvertiser( 745): at android.net.connectivity.com.android.server.connectivity.mdns.MdnsInterfaceAdvertiser.addService(MdnsInterfaceAdvertiser.java:217)
05-30 10:24:08.907 E/MdnsAdvertiser( 745): at android.net.connectivity.com.android.server.connectivity.mdns.MdnsAdvertiser$InterfaceAdvertiserRequest.addService(MdnsAdvertiser.java:273)
05-30 10:24:08.907 E/MdnsAdvertiser( 745): at android.net.connectivity.com.android.server.connectivity.mdns.MdnsAdvertiser.addService(MdnsAdvertiser.java:488)
05-30 10:24:08.907 E/MdnsAdvertiser( 745): at android.net.connectivity.com.android.server.NsdService$NsdStateMachine$EnabledState.processMessage(NsdService.java:730)
05-30 10:24:08.907 E/MdnsAdvertiser( 745): at android.net.connectivity.com.android.internal.util.StateMachine$SmHandler.processMsg(StateMachine.java:993)
05-30 10:24:08.907 E/MdnsAdvertiser( 745): at android.net.connectivity.com.android.internal.util.StateMachine$SmHandler.handleMessage(StateMachine.java:810)
05-30 10:24:08.907 E/MdnsAdvertiser( 745): at android.os.Handler.dispatchMessage(Handler.java:106)
05-30 10:24:08.907 E/MdnsAdvertiser( 745): at android.os.Looper.loopOnce(Looper.java:205)
05-30 10:24:08.907 E/MdnsAdvertiser( 745): at android.os.Looper.loop(Looper.java:294)
05-30 10:24:08.907 E/MdnsAdvertiser( 745): at android.os.HandlerThread.run(HandlerThread.java:67)
05-30 10:24:08.929 I/SogouIME( 3087): onKeyUp: keyoCode=21
05-30 10:24:08.929 I/DefaultIMS( 3087): onKeyUp: keyoCode=21
05-30 10:24:09.025 I/SogouIME( 3087): onKeyDown: keyoCode=21
05-30 10:24:09.025 I/DefaultIMS( 3087): onKeyDown: keyoCode=21
05-30 10:24:09.106 I/SogouIME( 3087): onKeyUp: keyoCode=21
05-30 10:24:09.106 I/DefaultIMS( 3087): onKeyUp: keyoCode=21
05-30 10:24:09.193 I/SogouIME( 3087): onKeyDown: keyoCode=21
05-30 10:24:09.193 I/DefaultIMS( 3087): onKeyDown: keyoCode=21
05-30 10:24:09.225 I/serviceDiscovery( 745): [MdnsAdvertiser.wlan0] Probing finished for service 6
05-30 10:24:09.265 I/SogouIME( 3087): onKeyUp: keyoCode=21
05-30 10:24:09.265 I/DefaultIMS( 3087): onKeyUp: keyoCode=21
05-30 10:24:09.332 I/serviceDiscovery( 745): [MdnsAdvertiser.wlan0] Probing finished for service 7
05-30 10:24:09.346 I/SogouIME( 3087): onKeyDown: keyoCode=21
05-30 10:24:09.346 I/DefaultIMS( 3087): onKeyDown: keyoCode=21
05-30 10:24:09.404 I/UpnpServiceImpl( 2616): >>> Starting UPnP service...
05-30 10:24:09.404 I/UpnpServiceImpl( 2616): Using configuration: org.fourthline.cling.android.AndroidUpnpServiceConfiguration
05-30 10:24:09.405 I/Router ( 2616): Creating Router: org.fourthline.cling.android.AndroidRouter
05-30 10:24:09.406 W/Router ( 2616): enable lock:org.fourthline.cling.android.AndroidRouter@ee6c621_java.util.concurrent.locks.ReentrantReadWriteLock$WriteLock@7269a46[Unlocked]
05-30 10:24:09.412 W/tworkAddressFactoryImpl( 2616): Network interface may not be multicast capable: dummy0
05-30 10:24:09.414 I/MulticastReceiver( 2616): Creating wildcard socket (for receiving multicast datagrams) on port: 1900
05-30 10:24:09.414 D/TrafficStats( 2616): tagSocket(203) with statsTag=0xffffffff, statsUid=-1
05-30 10:24:09.415 I/MulticastReceiver( 2616): Joining multicast group: /239.255.255.250:1900 on network interface: wlan0
05-30 10:24:09.425 I/SogouIME( 3087): onKeyUp: keyoCode=21
05-30 10:24:09.425 I/DefaultIMS( 3087): onKeyUp: keyoCode=21
05-30 10:24:09.427 E/accept ( 2616): Adding connector try: 192.168.3.222/192.168.3.222:0
05-30 10:24:09.434 D/TrafficStats( 2616): tagSocket(204) with statsTag=0xffffffff, statsUid=-1
05-30 10:24:09.435 E/accept ( 2616): Adding connector result: 192.168.3.222/192.168.3.222:40125
05-30 10:24:09.496 I/SogouIME( 3087): onKeyDown: keyoCode=21
05-30 10:24:09.496 I/DefaultIMS( 3087): onKeyDown: keyoCode=21
05-30 10:24:09.526 I/JettyServletContainer( 2616): Registering UPnP servlet under context path: /upnp
05-30 10:24:09.530 I/DatagramIO( 2616): Creating bound socket (for datagram input/output) on: 192.168.3.222/192.168.3.222
05-30 10:24:09.530 D/TrafficStats( 2616): tagSocket(205) with statsTag=0xffffffff, statsUid=-1
05-30 10:24:09.531 E/JettyServletContainer( 2616): gogogo
05-30 10:24:09.531 I/JettyServletContainer( 2616): Starting Jetty server...
05-30 10:24:09.532 W/System.err( 2616): 2025-05-30 10:24:09.531:INFO:lcaf.p:jetty-8.y.z-SNAPSHOT
05-30 10:24:09.535 I/Router ( 2616): WiFi multicast lock acquired
05-30 10:24:09.535 I/WifiService( 745): acquireMulticastLock uid=10044
05-30 10:24:09.536 I/Router ( 2616): WiFi lock acquired
05-30 10:24:09.537 I/WifiService( 745): acquireWifiLock uid=10044 lockMode=3
05-30 10:24:09.539 W/Router ( 2616): enable unlock:org.fourthline.cling.android.AndroidRouter@ee6c621
05-30 10:24:09.539 I/UpnpServiceImpl( 2616): <<< UPnP service started successfully
05-30 10:24:09.540 D/WifiHAL ( 570): Setting APF program, halHandle = 0xecf42950
05-30 10:24:09.540 I/WifiHAL ( 570): createRequest: APF set program request
05-30 10:24:09.540 D/WifiHAL ( 570): error code -95 mapped to -3
05-30 10:24:09.540 I/WifiHAL ( 570): Request Response failed for APF, result = -3
05-30 10:24:09.541 E/WifiStaIfaceAidlImpl( 745): installApfPacketFilter failed with service-specific exception: android.os.ServiceSpecificException: (code 4)
05-30 10:24:09.562 W/System.err( 2616): 2025-05-30 10:24:09.562:INFO:lcaf.a:Started @192.168.3.222:40125
05-30 10:24:09.592 I/SogouIME( 3087): onKeyUp: keyoCode=21
05-30 10:24:09.592 I/DefaultIMS( 3087): onKeyUp: keyoCode=21
05-30 10:24:09.674 D/SntpClient( 745): request time failed: java.net.SocketTimeoutException: Poll timed out
05-30 10:24:09.675 D/TrafficStats( 745): tagSocket(423) with statsTag=0xffffff41, statsUid=-1
05-30 10:24:09.697 I/SogouIME( 3087): onKeyDown: keyoCode=21
05-30 10:24:09.697 I/DefaultIMS( 3087): onKeyDown: keyoCode=21
05-30 10:24:09.768 I/SogouIME( 3087): onKeyUp: keyoCode=21
05-30 10:24:09.768 I/DefaultIMS( 3087): onKeyUp: keyoCode=21
05-30 10:24:09.882 I/SogouIME( 3087): onKeyDown: keyoCode=21
05-30 10:24:09.882 I/DefaultIMS( 3087): onKeyDown: keyoCode=21
05-30 10:24:09.962 I/SogouIME( 3087): onKeyUp: keyoCode=21
05-30 10:24:09.962 I/DefaultIMS( 3087): onKeyUp: keyoCode=21
05-30 10:24:10.081 I/SogouIME( 3087): onKeyDown: keyoCode=21
05-30 10:24:10.081 I/DefaultIMS( 3087): onKeyDown: keyoCode=21
05-30 10:24:10.146 I/SogouIME( 3087): onKeyUp: keyoCode=21
05-30 10:24:10.146 I/DefaultIMS( 3087): onKeyUp: keyoCode=21
05-30 10:24:10.265 I/SogouIME( 3087): onKeyDown: keyoCode=21
05-30 10:24:10.265 I/DefaultIMS( 3087): onKeyDown: keyoCode=21
05-30 10:24:10.345 I/SogouIME( 3087): onKeyUp: keyoCode=21
05-30 10:24:10.345 I/DefaultIMS( 3087): onKeyUp: keyoCode=21
05-30 10:24:10.676 D/NU-AmNuPlayerDriver( 659): [#6] reset(0xf1b00550) at state 6
05-30 10:24:10.677 D/NU-AmNuPlayerDriver( 659): [#6] notifyListener_l(0xf1b00550), (8, 0, 0, -1), loop setting(0, 0)
05-30 10:24:10.677 I/NU-GenericSource( 659): --->disconnect<---
05-30 10:24:10.678 I/NU-GenericSource( 659): --->disconnect OK
05-30 10:24:10.679 I/NU-AmNuPlayerDecoder( 659): [#6] [doFlush:1443] audio flushing
05-30 10:24:10.679 I/NU-AmNuPlayerDecoder( 659): [#6] [doFlush:1450] audio flushing
05-30 10:24:10.679 D/NU-AmNuPlayerDriver( 659): [#6] notifyListener_l(0xf1b00550), (211, 0, 0, 20), loop setting(0, 0)
05-30 10:24:10.679 I/NU-AmNuPlayerRenderer( 659): [#6] clearAnchorTime
05-30 10:24:10.679 I/NU-AmNuPlayerRenderer( 659): [#6] flushing audio
05-30 10:24:10.680 I/NU-AmNuPlayerDecoder( 659): [#6] [doFlush:1456] audio flushing
05-30 10:24:10.680 D/NU-AmNuPlayerRenderer( 659): [#6] audio sink pause-flush-stop from [onFlush,4893]
05-30 10:24:10.680 I/NU-AmNuPlayer( 659): [#6] decoder audio flush completed
05-30 10:24:10.683 I/hw-BpHwBinder( 659): onLastStrongRef automatically unlinking death recipients
05-30 10:24:10.683 I/hw-BpHwBinder( 670): onLastStrongRef automatically unlinking death recipients
05-30 10:24:10.683 D/BufferPoolAccessor2.0( 659): bufferpool2 0xeaec2ae8 : 0(0 size) total buffers - 0(0 size) used buffers - 67/75 (recycle/alloc) - 8/140 (fetch/transfer)
05-30 10:24:10.684 D/MediaCodec( 659): flushMediametrics
05-30 10:24:10.685 D/BufferPoolAccessor2.0( 670): bufferpool2 0xe53429c8 : 0(0 size) total buffers - 0(0 size) used buffers - 67/71 (recycle/alloc) - 4/71 (fetch/transfer)
05-30 10:24:10.685 I/NuPlayerDecoderBase( 659): ReadDataHandler release.
05-30 10:24:10.685 I/MessageMonitor( 659): ReadDataHandler MessageMonitor exit
05-30 10:24:10.685 I/NU-AmNuPlayer( 659): [#6] audio shutdown completed
05-30 10:24:10.685 I/NU-AmNuPlayer( 659): [#6] audio setHasNoMedia
05-30 10:24:10.685 I/MessageMonitor( 659): NU-AmNuPlayerDecoder-audN MessageMonitor exit
05-30 10:24:10.685 D/NU-AmNuPlayerDriver( 659): [#6] notifyResetComplete(0xf1b00550)
05-30 10:24:10.685 I/NU-AmNuPlayer( 659): mSeekByUserCompleted_5508: 1
05-30 10:24:10.686 D/NU-AmNuPlayerDriver( 659): [#6] reset(0xf1b00550) at state 0
05-30 10:24:10.686 D/AmlPlayerTimer( 659): func:_timer_delete delete timer.1 success.
05-30 10:24:10.686 I/MessageMonitor( 659): NU-AmNuPlayer MessageMonitor exit
05-30 10:24:10.687 I/audio_hw_hal_primary( 523): [adev_set_parameters:4123] dev:0xe6042930, kv: sound_track=0
05-30 10:24:10.687 D/audio_hw_hal_hfp( 523): [audio_extn_hfp_set_parameters:739] audio_extn_hfp_set_parameters
05-30 10:24:10.687 I/audio_hw_hal_primary( 523): video player sound_track mode 0
05-30 10:24:10.688 I/NU-GenericSource( 659): >>>[~GenericSource 2152]
05-30 10:24:10.688 I/NU-GenericSource( 659): [resetDataSource 684]
05-30 10:24:10.688 I/MessageMonitor( 659): NU-GenericSource MessageMonitor exit
05-30 10:24:10.688 W/RefBase ( 659): RefBase: Explicit destruction, weak count = 0 (in 0xf1c84810). Use sp<> to manage this object.
05-30 10:24:10.688 W/RefBase ( 659): CallStack::getCurrentInternal not linked, returning null
05-30 10:24:10.688 W/RefBase ( 659): CallStack::logStackInternal not linked
05-30 10:24:10.689 I/MessageMonitor( 659): NU-AmNuPlayerRenderer MessageMonitor exit
05-30 10:24:10.689 I/NU-AmNuPlayerRenderer( 659): [#6] ~Renderer
05-30 10:24:10.689 I/audio_hw_hal_primary( 523): [adev_set_parameters:4123] dev:0xe6042930, kv: is_ms12_continuous=1
05-30 10:24:10.689 D/audio_hw_hal_hfp( 523): [audio_extn_hfp_set_parameters:739] audio_extn_hfp_set_parameters
05-30 10:24:10.689 I/audio_hw_hal_primary( 523): adev_set_parameters is_ms12_continuous set to 1
05-30 10:24:10.691 I/AmlPlayerTimer( 659): ~AmlPlayerTimer
05-30 10:24:10.691 W/AMessage( 659): failed to post message as target looper for handler 0 is gone.
05-30 10:24:10.692 V/MediaPlayer( 1493): resetDrmState: mDrmInfo=null mDrmProvisioningThread=null mPrepareDrmInProgress=false mActiveDrmScheme=false
05-30 10:24:10.693 V/MediaPlayer( 1493): cleanDrmObj: mDrmObj=null mDrmSessionId=null
05-30 10:24:10.695 D/audioserver( 583): logFgsApiEnd: FGS Logger Transaction failed, -129
05-30 10:24:10.929 D/OomAdjuster( 745): Not killing cached processes
05-30 10:24:10.970 I/WifiHAL ( 570): call wifi_get_link_stats handler
05-30 10:24:10.970 I/WifiHAL ( 570): Creating message to get link statistics; iface = 16
05-30 10:24:10.970 D/WifiHAL ( 570): error code -95 mapped to -3
05-30 10:24:10.971 E/WifiStaIfaceAidlImpl( 745): getLinkLayerStats failed with service-specific exception: android.os.ServiceSpecificException: (code 4)
05-30 10:24:12.548 D/TrafficStats( 2616): tagSocket(208) with statsTag=0xffffffff, statsUid=-1
05-30 10:24:12.656 D/TrafficStats( 2616): tagSocket(209) with statsTag=0xffffffff, statsUid=-1
05-30 10:24:12.692 W/ServiceDescriptorBinder( 2616): UPnP specification violation: Not producing element to be compatible with WMP12: (ActionArgument, OUT) Actions
05-30 10:24:12.863 W/ServiceDescriptorBinder( 2616): UPnP specification violation: Not producing element to be compatible with WMP12: (ActionArgument, OUT) Actions
05-30 10:24:13.041 W/ServiceDescriptorBinder( 2616): UPnP specification violation: Not producing element to be compatible with WMP12: (ActionArgument, OUT) CurrentVolume
05-30 10:24:13.042 W/ServiceDescriptorBinder( 2616): UPnP specification violation: Not producing element to be compatible with WMP12: (ActionArgument, OUT) CurrentMute
05-30 10:24:13.042 W/ServiceDescriptorBinder( 2616): UPnP specification violation: Not producing element to be compatible with WMP12: (ActionArgument, OUT) CurrentPresetNameList
05-30 10:24:13.042 W/ServiceDescriptorBinder( 2616): UPnP specification violation: Not producing element to be compatible with WMP12: (ActionArgument, OUT) CurrentLoudness
05-30 10:24:13.042 W/ServiceDescriptorBinder( 2616): UPnP specification violation: Not producing element to be compatible with WMP12: (ActionArgument, OUT) CurrentVolume
05-30 10:24:13.048 D/TrafficStats( 2616): tagSocket(210) with statsTag=0xffffffff, statsUid=-1
05-30 10:24:13.059 W/ServiceDescriptorBinder( 2616): UPnP specification violation: Not producing element to be compatible with WMP12: (ActionArgument, OUT) CurrentVolume
05-30 10:24:13.059 W/ServiceDescriptorBinder( 2616): UPnP specification violation: Not producing element to be compatible with WMP12: (ActionArgument, OUT) CurrentMute
05-30 10:24:13.060 W/ServiceDescriptorBinder( 2616): UPnP specification violation: Not producing element to be compatible with WMP12: (ActionArgument, OUT) CurrentPresetNameList
05-30 10:24:13.060 W/ServiceDescriptorBinder( 2616): UPnP specification violation: Not producing element to be compatible with WMP12: (ActionArgument, OUT) CurrentLoudness
05-30 10:24:13.060 W/ServiceDescriptorBinder( 2616): UPnP specification violation: Not producing element to be compatible with WMP12: (ActionArgument, OUT) CurrentVolume
05-30 10:24:13.107 W/ServiceDescriptorBinder( 2616): UPnP specification violation: Not producing element to be compatible with WMP12: (ActionArgument, OUT) ConnectionIDs
05-30 10:24:13.107 W/ServiceDescriptorBinder( 2616): UPnP specification violation: Not producing element to be compatible with WMP12: (ActionArgument, OUT) ConnectionIDs
05-30 10:24:13.116 D/TrafficStats( 2616): tagSocket(211) with statsTag=0xffffffff, statsUid=-1
05-30 10:24:13.574 D/TrafficStats( 2616): tagSocket(212) with statsTag=0xffffffff, statsUid=-1
05-30 10:24:13.672 D/TrafficStats( 2616): tagSocket(213) with statsTag=0xffffffff, statsUid=-1
05-30 10:24:13.862 D/TrafficStats( 2616): tagSocket(213) with statsTag=0xffffffff, statsUid=-1
05-30 10:24:13.977 I/WifiHAL ( 570): call wifi_get_link_stats handler
05-30 10:24:13.977 I/WifiHAL ( 570): Creating message to get link statistics; iface = 16
05-30 10:24:13.978 D/WifiHAL ( 570): error code -95 mapped to -3
05-30 10:24:13.978 E/WifiStaIfaceAidlImpl( 745): getLinkLayerStats failed with service-specific exception: android.os.ServiceSpecificException: (code 4)
05-30 10:24:14.679 D/SntpClient( 745): request time failed: java.net.SocketTimeoutException: Poll timed out
05-30 10:24:14.679 D/SntpClient( 745): request time failed
05-30 10:24:14.691 D/TrafficStats( 745): tagSocket(423) with statsTag=0xffffff41, statsUid=-1
05-30 10:24:14.882 D/TrafficStats( 2310): tagSocket(5) with statsTag=0x0, statsUid=-1
05-30 10:24:15.000 D/SntpClient( 745): round trip: 307ms, clock offset: 35676ms
05-30 10:24:15.003 D/SystemClockTime( 745): Setting time of day to sec=1748571890
05-30 10:24:50.680 E/LazyAlarmStore( 745): Removed TIME_TICK alarm
05-30 10:24:50.695 W/SyncManager( 745): Clock is valid now.
05-30 10:24:50.696 D/ConditionProviders.SCP( 745): onReceive android.intent.action.TIME_SET
05-30 10:24:50.698 D/ActivityManager( 745): sync unfroze 2086 com.android.providers.calendar for 3
05-30 10:24:50.711 D/ActivityManager( 745): sync unfroze 2397 com.android.statementservice for 3
05-30 10:24:50.715 I/UsageStatsService( 745): User[0] Time changed in by 35 seconds
05-30 10:24:50.715 I/UsageStatsService( 745): User[0] Flushing usage stats to disk
05-30 10:24:50.720 D/bbb ( 2139): onStartCommand begin !!!!!!! data分区剩余 54625MB
05-30 10:24:50.722 D/ConditionProviders.SCP( 745): evaluateSubscriptionLocked cal=ScheduleCalendar[mDays={1, 2, 3, 4, 5, 6, 7}, mSchedule=ScheduleInfo{days=[1, 2, 3, 4, 5, 6, 7], startHour=22, startMinute=0, endHour=7, endMinute=0, exitAtAlarm=true, nextAlarm=Thu Jan 01 08:00:00 GMT+08:00 1970 (0)}], now=Fri May 30 10:24:50 GMT+08:00 2025 (1748571890696), nextUserAlarmTime=Thu Jan 01 08:00:00 GMT+08:00 1970 (0)
05-30 10:24:50.722 D/ConditionProviders.SCP( 745): notifyCondition condition://android/schedule?days=1.2.3.4.5.6.7&start=22.0&end=7.0&exitAtAlarm=true STATE_FALSE reason=!meetsSchedule
05-30 10:24:50.723 D/ConditionProviders.SCP( 745): Scheduling evaluate for Fri May 30 22:00:00 GMT+08:00 2025 (1748613600000), in +11h35m9s304ms, now=Fri May 30 10:24:50 GMT+08:00 2025 (1748571890696)
05-30 10:24:50.735 D/CompatibilityChangeReporter( 745): Compat change id reported: 143231523; UID 1000; state: DISABLED
05-30 10:24:50.741 I/UsageStatsDatabase( 745): Time changed by +35s675ms. files deleted: 0 files moved: 4
05-30 10:24:50.749 I/UsageStatsService( 745): User[0] Rollover scheduled @ 2025-05-31 10:21:53(1748658113757)
05-30 10:24:50.753 D/CompatibilityChangeReporter( 745): Compat change id reported: 218533173; UID 10017; state: ENABLED
05-30 10:24:50.753 D/CompatibilityChangeReporter( 745): Compat change id reported: 262645982; UID 10017; state: ENABLED
05-30 10:24:50.754 D/CompatibilityChangeReporter( 745): Compat change id reported: 218533173; UID 10039; state: DISABLED
05-30 10:24:50.754 D/CompatibilityChangeReporter( 745): Compat change id reported: 262645982; UID 10039; state: DISABLED
05-30 10:24:50.754 D/CompatibilityChangeReporter( 745): Compat change id reported: 218533173; UID 10019; state: ENABLED
05-30 10:24:50.755 D/CompatibilityChangeReporter( 745): Compat change id reported: 262645982; UID 10019; state: ENABLED
05-30 10:24:50.758 D/CompatibilityChangeReporter( 745): Compat change id reported: 218533173; UID 10044; state: DISABLED
05-30 10:24:50.758 D/CompatibilityChangeReporter( 745): Compat change id reported: 262645982; UID 10044; state: DISABLED
05-30 10:24:50.759 D/CompatibilityChangeReporter( 745): Compat change id reported: 218533173; UID 10051; state: ENABLED
05-30 10:24:50.760 D/CompatibilityChangeReporter( 745): Compat change id reported: 262645982; UID 10051; state: ENABLED
05-30 10:24:50.762 D/CompatibilityChangeReporter( 745): Compat change id reported: 218533173; UID 10025; state: ENABLED
05-30 10:24:50.762 D/CompatibilityChangeReporter( 745): Compat change id reported: 262645982; UID 10025; state: ENABLED
05-30 10:24:50.763 D/CompatibilityChangeReporter( 745): Compat change id reported: 218533173; UID 10021; state: ENABLED
05-30 10:24:50.764 D/CompatibilityChangeReporter( 745): Compat change id reported: 262645982; UID 10021; state: ENABLED
05-30 10:24:50.767 D/CompatibilityChangeReporter( 745): Compat change id reported: 218533173; UID 10018; state: ENABLED
05-30 10:24:50.767 D/CompatibilityChangeReporter( 745): Compat change id reported: 262645982; UID 10018; state: ENABLED
05-30 10:24:51.360 D/BufferPoolAccessor2.0( 659): bufferpool2 0xeaec2ae8 : 0(0 size) total buffers - 0(0 size) used buffers - 67/75 (recycle/alloc) - 8/140 (fetch/transfer)
05-30 10:24:51.360 D/BufferPoolAccessor2.0( 659): evictor expired: 1, evicted: 1
05-30 10:24:51.361 D/BufferPoolAccessor2.0( 670): bufferpool2 0xe53429c8 : 0(0 size) total buffers - 0(0 size) used buffers - 67/71 (recycle/alloc) - 4/71 (fetch/transfer)
05-30 10:24:51.361 D/BufferPoolAccessor2.0( 670): evictor expired: 1, evicted: 1
05-30 10:24:51.515 D/DhcpClient( 1290): Received packet: 7e:77:3d:13:73:75 ACK: your new IP /192.168.3.211, netmask /255.255.254.0, gateways [/192.168.3.1] DNS servers: /202.96.134.133 /202.96.128.166 , lease time 3600
05-30 10:24:52.658 I/WifiHAL ( 570): call wifi_get_link_stats handler
05-30 10:24:52.658 I/WifiHAL ( 570): Creating message to get link statistics; iface = 16
05-30 10:24:52.658 D/WifiHAL ( 570): error code -95 mapped to -3
05-30 10:24:52.659 E/WifiStaIfaceAidlImpl( 745): getLinkLayerStats failed with service-specific exception: android.os.ServiceSpecificException: (code 4)
05-30 10:24:54.038 I/bt_btif_dm( 1324): packages/modules/Bluetooth/system/btif/src/btif_dm.cc:695 btif_update_remote_properties: class of device (cod) is 0x00050c
05-30 10:24:54.041 D/BluetoothAdapter( 1493): isLeEnabled(): ON
05-30 10:24:54.044 E/dangbei111( 1911): cccccc scan 得到的设备和状态 Dangbei E4:BB:D3:57:C0:69 10
05-30 10:24:54.046 D/ActivityAttributionService( 1324): notifyActivityAttributionInfo UID=1002 packageName=com.android.bluetooth deviceAddress=no_active_device_address
05-30 10:24:54.046 I/bt_btif ( 1324): packages/modules/Bluetooth/system/btif/src/bluetooth.cc:829 get_profile_interface: get_profile_interface: id = activity_attribution
05-30 10:24:54.047 E/dangbei111( 1911): cccccc 扫描到了设备 Dangbei E4:BB:D3:57:C0:69
05-30 10:24:54.050 I/bt_stack( 1324): [INFO:le_scanning_manager.cc(162)] Unregister in shim layer, scanner_id:3
05-30 10:24:54.053 E/dangbei111( 1911): cccccc cancelDiscovery begin
05-30 10:24:54.055 E/dangbei111( 1911): cccccc 停止扫描,开始配对或者连接
05-30 10:24:54.056 D/BluetoothAdapter( 1911): isLeEnabled(): ON
05-30 10:24:54.058 I/bt_btif_dm( 1324): packages/modules/Bluetooth/system/btif/src/btif_dm.cc:695 btif_update_remote_properties: class of device (cod) is 0x00050c
05-30 10:24:54.061 D/ActivityAttributionService( 1324): notifyActivityAttributionInfo UID=1002 packageName=com.android.bluetooth deviceAddress=no_active_device_address
05-30 10:24:54.061 I/bt_btif ( 1324): packages/modules/Bluetooth/system/btif/src/bluetooth.cc:829 get_profile_interface: get_profile_interface: id = activity_attribution
05-30 10:24:54.063 I/bt_stack( 1324): [INFO:le_scanning_manager.cc(162)] Unregister in shim layer, scanner_id:1
05-30 10:24:54.063 E/dangbei111( 1911): bondOrConnect state=10
05-30 10:24:54.064 I/bt_btif_dm( 1324): packages/modules/Bluetooth/system/btif/src/btif_dm.cc:2470 btif_dm_cancel_discovery: Cancel search
05-30 10:24:54.064 I/bluetooth( 1324): packages/modules/Bluetooth/system/bta/dm/bta_dm_main.cc:96 bta_dm_search_sm_execute: state:BTA_DM_SEARCH_IDLE, event:BTA_DM_API_SEARCH_CANCEL_EVT[0x201]
05-30 10:24:54.066 I/BluetoothBondStateMachine( 1324): Bond address is:XX:XX:XX:XX:C0:69
05-30 10:24:54.066 D/BluetoothAdapter( 1493): isLeEnabled(): ON
05-30 10:24:54.067 E/dangbei111( 1911): cccccc 开始配对 Dangbei E4:BB:D3:57:C0:69
05-30 10:24:54.068 I/bt_btif_dm( 1324): packages/modules/Bluetooth/system/btif/src/btif_dm.cc:489 get_cod: get_cod remote_cod = 0x0000050c
05-30 10:24:54.068 I/bt_btif_dm( 1324): packages/modules/Bluetooth/system/btif/src/btif_dm.cc:489 get_cod: get_cod remote_cod = 0x0000050c
05-30 10:24:54.068 I/bt_btif_dm( 1324): packages/modules/Bluetooth/system/btif/src/btif_dm.cc:489 get_cod: get_cod remote_cod = 0x0000050c
05-30 10:24:54.068 I/bt_btif_dm( 1324): packages/modules/Bluetooth/system/btif/src/btif_dm.cc:571 bond_state_changed: Bond state changed to state=1 [0:none, 1:bonding, 2:bonded], prev_state=0, sdp_attempts = 0
05-30 10:24:54.069 I/bluetooth( 1324): packages/modules/Bluetooth/system/stack/btm/btm_dev.cc:174 BTM_SecDeleteDevice: Remove device xx:xx:xx:xx:c0:69 from filter accept list before delete record
05-30 10:24:54.069 I/BluetoothBondStateMachine( 1324): bondStateChangeCallback: Status: 0 Address: XX:XX:XX:XX:C0:69 newState: 1 hciReason: 0
05-30 10:24:54.069 I/bluetooth( 1324): packages/modules/Bluetooth/system/stack/btm/btm_dev.cc:192 BTM_SecDeleteDevice: BTM_SecDeleteDevice xx:xx:xx:xx:c0:69 complete
05-30 10:24:54.069 I/bt_btif_dm( 1324): packages/modules/Bluetooth/system/btif/src/btif_dm.cc:489 get_cod: get_cod remote_cod = 0x0000050c
05-30 10:24:54.069 I/bt_btif_dm( 1324): packages/modules/Bluetooth/system/btif/src/btif_dm.cc:489 get_cod: get_cod remote_cod = 0x0000050c
05-30 10:24:54.069 I/bt_btif_dm( 1324): packages/modules/Bluetooth/system/btif/src/btif_dm.cc:571 bond_state_changed: Bond state changed to state=0 [0:none, 1:bonding, 2:bonded], prev_state=1, sdp_attempts = 0
05-30 10:24:54.069 E/BluetoothMetricIdManager( 1324): packages/modules/Bluetooth/system/gd/common/metric_id_manager.cc:190 ForgetDevice: Failed to remove device from paired_device_cache_
05-30 10:24:54.069 I/bt_btif_dm( 1324): packages/modules/Bluetooth/system/btif/src/btif_dm.cc:620 bond_state_changed: clearing btif pairing_cb
05-30 10:24:54.069 E/bt_stack( 1324): [ERROR:bta_gattc_utils.cc(576)] bta_gattc_mark_bg_conn unable to find the bg connection mask for bd_addr=xx:xx:xx:xx:c0:69
05-30 10:24:54.069 W/bluetooth( 1324): packages/modules/Bluetooth/system/main/shim/acl.cc:189 Remove: Unknown device being removed from acceptlist:e4:bb:d3:57:c0:69[PUBLIC_DEVICE_ADDRESS]
05-30 10:24:54.070 W/bluetooth( 1324): packages/modules/Bluetooth/system/gd/hci/acl_manager/le_impl.h:821 remove_device_from_connect_list: Device not in acceptlist and cannot be removed:e4:bb:d3:57:c0:69[PUBLIC_DEVICE_ADDRESS]
05-30 10:24:54.071 I/bt_stack( 1324): [INFO:le_scanning_manager.cc(168)] Scan in shim layer stopped
05-30 10:24:54.071 I/bluetooth( 1324): packages/modules/Bluetooth/system/gd/hci/le_address_manager.cc:193 unregister_client: Client unregistered
05-30 10:24:54.071 I/BluetoothBondStateMachine( 1324): bondStateChangeCallback: Status: 1 Address: XX:XX:XX:XX:C0:69 newState: 0 hciReason: 1
05-30 10:24:54.072 I/BluetoothBondStateMachine( 1324): Entering PendingCommandState State
05-30 10:24:54.073 D/ActivityAttributionService( 1324): notifyActivityAttributionInfo UID=1002 packageName=com.android.bluetooth deviceAddress=no_active_device_address
05-30 10:24:54.073 I/bt_btif ( 1324): packages/modules/Bluetooth/system/btif/src/bluetooth.cc:829 get_profile_interface: get_profile_interface: id = activity_attribution
05-30 10:24:54.073 I/bt_btif_dm( 1324): packages/modules/Bluetooth/system/btif/src/btif_dm.cc:2470 btif_dm_cancel_discovery: Cancel search
05-30 10:24:54.074 I/bluetooth( 1324): packages/modules/Bluetooth/system/bta/dm/bta_dm_main.cc:96 bta_dm_search_sm_execute: state:BTA_DM_SEARCH_IDLE, event:BTA_DM_API_SEARCH_CANCEL_EVT[0x201]
05-30 10:24:54.076 I/bt_stack( 1324): [INFO:le_scanning_manager.cc(162)] Unregister in shim layer, scanner_id:2
05-30 10:24:54.076 E/dangbei111( 1911): cccccc 配对结果 true Dangbei E4:BB:D3:57:C0:69
05-30 10:24:54.079 I/bt_btif_dm( 1324): packages/modules/Bluetooth/system/btif/src/btif_dm.cc:695 btif_update_remote_properties: class of device (cod) is 0x00050c
05-30 10:24:54.081 D/BluetoothCompanionManager( 1324): register metadata listener: XX:XX:XX:XX:C0:69
05-30 10:24:54.081 D/BluetoothAdapter( 1324): addOnMetadataChangedListener()
05-30 10:24:54.089 I/BluetoothBondStateMachine( 1324): Bond State Change Intent:XX:XX:XX:XX:C0:69 BOND_NONE => BOND_BONDING
05-30 10:24:54.090 D/FastPairService( 745): onReceive: ACTION_BOND_STATE_CHANGED
05-30 10:24:54.093 D/OomAdjuster( 745): Not killing cached processes
05-30 10:24:54.093 D/AdapterProperties( 1324): Failed to remove device: XX:XX:XX:XX:C0:69
05-30 10:24:54.093 D/BluetoothRemoteDevices( 1324): removeDualDevicesMapXX:XX:XX:XX:C0:69
05-30 10:24:54.094 W/ProcessStats( 745): Tracking association SourceState{f4b22c9 system/1000 ImpBg #535} whose proc state 6 is better than process ProcessState{594e98d com.android.rkpdapp/10067 pkg=com.android.rkpdapp} proc state 15 (7 skipped)
05-30 10:24:54.095 I/dangbei111( 1911): cccccc on receiver=android.bluetooth.device.action.BOND_STATE_CHANGED,mac=E4:BB:D3:57:C0:69
05-30 10:24:54.095 I/dangbei111( 1911): Wait for auto connection, processBondStateChange: bondState: 10 --> 11
05-30 10:24:54.095 D/BluetoothRemoteDevices( 1324): mDualDevicesMap not have E4:BB:D3:57:C0:69
05-30 10:24:54.096 D/BluetoothCompanionManager( 1324): remove metadata listener: XX:XX:XX:XX:C0:69
05-30 10:24:54.096 D/BluetoothAdapter( 1324): removeOnMetadataChangedListener()
05-30 10:24:54.097 D/BluetoothDatabase( 1324): updateDatabase XX:XX:XX:XX:C0:69
05-30 10:24:54.098 D/A2dpService( 1324): Bond state changed for device: XX:XX:XX:XX:C0:69 state: 11
05-30 10:24:54.098 D/HearingAidService( 1324): Bond state changed for device: XX:XX:XX:XX:C0:69 state: 11
05-30 10:24:54.098 I/BLE_Service( 1332): BOND STATE CHANGED [Dangbei] - was 10, now is 11
05-30 10:24:54.099 I/cling--ap-3( 2616): type=1400 audit(0.0:2245): avc: denied { search } for name="net" dev="sysfs" ino=12345 scontext=u:r:untrusted_app_27:s0:c44,c256,c512,c768 tcontext=u:object_r:sysfs_net:s0 tclass=dir permissive=1 app=com.dangbei.screencast
05-30 10:24:54.109 D/FastPairService( 745): onReceive: ACTION_BOND_STATE_CHANGED
05-30 10:24:54.109 D/FastPairService( 745): Forget device detect
05-30 10:24:54.109 E/dangbei111( 1911): cccccc 开始扫描
05-30 10:24:54.109 D/BluetoothAdapter( 1911): isLeEnabled(): ON
05-30 10:24:54.110 I/BluetoothBondStateMachine( 1324): Bond State Change Intent:XX:XX:XX:XX:C0:69 BOND_BONDING => BOND_NONE
05-30 10:24:54.110 W/HeadsetClientService( 1324): getHeadsetClientService(): service is null
05-30 10:24:54.110 W/PbapClientService( 1324): getPbapClientService(): service is null
05-30 10:24:54.110 V/BluetoothDatabase( 1324): setProfileConnectionPolicy connection policy not changed.
05-30 10:24:54.111 D/A2dpService( 1324): Saved connectionPolicy XX:XX:XX:XX:C0:69 = -1
05-30 10:24:54.111 V/BluetoothDatabase( 1324): setProfileConnectionPolicy connection policy not changed.
05-30 10:24:54.111 I/HeadsetService( 1324): setConnectionPolicy: device=XX:XX:XX:XX:C0:69, connectionPolicy=-1, uid/pid=1002/1324
05-30 10:24:54.111 V/BluetoothDatabase( 1324): setProfileConnectionPolicy connection policy not changed.
05-30 10:24:54.113 D/A2dpService( 1324): Bond state changed for device: XX:XX:XX:XX:C0:69 state: 10
05-30 10:24:54.114 D/BluetoothDatabase( 1324): getCustomMeta: device XX:XX:XX:XX:C0:69 is not in cache
05-30 10:24:54.115 D/HearingAidService( 1324): Bond state changed for device: XX:XX:XX:XX:C0:69 state: 10
05-30 10:24:54.121 I/BluetoothBondStateMachine( 1324): StableState(): Entering Off State
05-30 10:24:54.122 I/bt_stack( 1324): [INFO:le_scanning_manager.cc(155)] RegisterScanner in shim layer
05-30 10:24:54.122 D/BluetoothLeScanner( 1911): onScannerRegistered() - status=0 scannerId=1 mScannerId=0
05-30 10:24:54.122 I/BluetoothBondStateMachine( 1324): Bond address is:XX:XX:XX:XX:C0:69
05-30 10:24:54.124 I/bt_btif_dm( 1324): packages/modules/Bluetooth/system/btif/src/btif_dm.cc:489 get_cod: get_cod remote_cod = 0x0000050c
05-30 10:24:54.124 I/bt_btif_dm( 1324): packages/modules/Bluetooth/system/btif/src/btif_dm.cc:489 get_cod: get_cod remote_cod = 0x0000050c
05-30 10:24:54.124 I/bt_btif_dm( 1324): packages/modules/Bluetooth/system/btif/src/btif_dm.cc:489 get_cod: get_cod remote_cod = 0x0000050c
05-30 10:24:54.124 I/bt_btif_dm( 1324): packages/modules/Bluetooth/system/btif/src/btif_dm.cc:571 bond_state_changed: Bond state changed to state=1 [0:none, 1:bonding, 2:bonded], prev_state=0, sdp_attempts = 0
05-30 10:24:54.124 I/bluetooth( 1324): packages/modules/Bluetooth/system/stack/btm/btm_dev.cc:174 BTM_SecDeleteDevice: Remove device xx:xx:xx:xx:c0:69 from filter accept list before delete record
05-30 10:24:54.124 I/bluetooth( 1324): packages/modules/Bluetooth/system/stack/btm/btm_dev.cc:192 BTM_SecDeleteDevice: BTM_SecDeleteDevice xx:xx:xx:xx:c0:69 complete
05-30 10:24:54.124 I/bt_btif_dm( 1324): packages/modules/Bluetooth/system/btif/src/btif_dm.cc:489 get_cod: get_cod remote_cod = 0x0000050c
05-30 10:24:54.124 I/bt_btif_dm( 1324): packages/modules/Bluetooth/system/btif/src/btif_dm.cc:489 get_cod: get_cod remote_cod = 0x0000050c
05-30 10:24:54.124 I/bt_btif_dm( 1324): packages/modules/Bluetooth/system/btif/src/btif_dm.cc:571 bond_state_changed: Bond state changed to state=0 [0:none, 1:bonding, 2:bonded], prev_state=1, sdp_attempts = 0
05-30 10:24:54.125 E/BluetoothMetricIdManager( 1324): packages/modules/Bluetooth/system/gd/common/metric_id_manager.cc:190 ForgetDevice: Failed to remove device from paired_device_cache_
05-30 10:24:54.125 W/bluetooth( 1324): packages/modules/Bluetooth/system/main/shim/acl.cc:189 Remove: Unknown device being removed from acceptlist:e4:bb:d3:57:c0:69[PUBLIC_DEVICE_ADDRESS]
05-30 10:24:54.125 I/bt_btif_dm( 1324): packages/modules/Bluetooth/system/btif/src/btif_dm.cc:620 bond_state_changed: clearing btif pairing_cb
05-30 10:24:54.125 W/bluetooth( 1324): packages/modules/Bluetooth/system/gd/hci/acl_manager/le_impl.h:821 remove_device_from_connect_list: Device not in acceptlist and cannot be removed:e4:bb:d3:57:c0:69[PUBLIC_DEVICE_ADDRESS]
05-30 10:24:54.125 E/bt_stack( 1324): [ERROR:bta_gattc_utils.cc(576)] bta_gattc_mark_bg_conn unable to find the bg connection mask for bd_addr=xx:xx:xx:xx:c0:69
05-30 10:24:54.126 D/BluetoothDatabase( 1324): getCustomMeta: device XX:XX:XX:XX:C0:69 is not in cache
05-30 10:24:54.126 I/BluetoothBondStateMachine( 1324): bondStateChangeCallback: Status: 0 Address: XX:XX:XX:XX:C0:69 newState: 1 hciReason: 0
05-30 10:24:54.127 I/BluetoothBondStateMachine( 1324): bondStateChangeCallback: Status: 1 Address: XX:XX:XX:XX:C0:69 newState: 0 hciReason: 1
05-30 10:24:54.127 D/ActivityAttributionService( 1324): notifyActivityAttributionInfo UID=1002 packageName=com.android.bluetooth deviceAddress=no_active_device_address
05-30 10:24:54.127 I/bt_btif ( 1324): packages/modules/Bluetooth/system/btif/src/bluetooth.cc:829 get_profile_interface: get_profile_interface: id = activity_attribution
05-30 10:24:54.127 I/BluetoothBondStateMachine( 1324): Entering PendingCommandState State
05-30 10:24:54.128 I/bt_stack( 1324): [INFO:le_scanning_manager.cc(168)] Scan in shim layer started
05-30 10:24:54.128 I/bluetooth( 1324): packages/modules/Bluetooth/system/gd/hci/le_scanning_manager.cc:588 stop_scan: Scanning already stopped, return!
05-30 10:24:54.128 I/bluetooth( 1324): packages/modules/Bluetooth/system/gd/hci/le_address_manager.cc:178 register_client: Client registered
05-30 10:24:54.128 I/bt_stack( 1324): [INFO:le_scanning_manager.cc(168)] Scan in shim layer stopped
05-30 10:24:54.128 I/bluetooth( 1324): packages/modules/Bluetooth/system/gd/hci/le_address_manager.cc:193 unregister_client: Client unregistered
05-30 10:24:54.128 I/bt_stack( 1324): [INFO:le_scanning_manager.cc(346)] SetScanParameters in shim layer
05-30 10:24:54.129 I/bt_stack( 1324): [INFO:le_scanning_manager.cc(168)] Scan in shim layer started
05-30 10:24:54.129 I/bluetooth( 1324): packages/modules/Bluetooth/system/gd/hci/le_scanning_manager.cc:588 stop_scan: Scanning already stopped, return!
05-30 10:24:54.129 I/bluetooth( 1324): packages/modules/Bluetooth/system/gd/hci/le_address_manager.cc:178 register_client: Client registered
05-30 10:24:54.130 D/BluetoothAdapter( 1493): isLeEnabled(): ON
05-30 10:24:54.132 I/BLE_Service( 1332): BOND STATE CHANGED [Dangbei] - was 11, now is 10
05-30 10:24:54.133 I/bt_stack( 1324): [INFO:le_scanning_manager.cc(155)] RegisterScanner in shim layer
05-30 10:24:54.134 D/BluetoothCompanionManager( 1324): register metadata listener: XX:XX:XX:XX:C0:69
05-30 10:24:54.134 D/BluetoothAdapter( 1324): addOnMetadataChangedListener()
05-30 10:24:54.134 D/BluetoothLeScanner( 1493): onScannerRegistered() - status=0 scannerId=2 mScannerId=0
05-30 10:24:54.135 I/dangbei111( 1911): cccccc on receiver=android.bluetooth.device.action.BOND_STATE_CHANGED,mac=E4:BB:D3:57:C0:69
05-30 10:24:54.135 I/dangbei111( 1911): Wait for auto connection, processBondStateChange: bondState: 11 --> 10
05-30 10:24:54.139 D/ActivityAttributionService( 1324): notifyActivityAttributionInfo UID=1002 packageName=com.android.bluetooth deviceAddress=no_active_device_address
05-30 10:24:54.139 I/bt_btif ( 1324): packages/modules/Bluetooth/system/btif/src/bluetooth.cc:829 get_profile_interface: get_profile_interface: id = activity_attribution
05-30 10:24:54.141 D/FastPairService( 745): onReceive: ACTION_BOND_STATE_CHANGED
05-30 10:24:54.142 I/BluetoothBondStateMachine( 1324): Bond State Change Intent:XX:XX:XX:XX:C0:69 BOND_NONE => BOND_BONDING
05-30 10:24:54.145 D/BluetoothDatabase( 1324): updateDatabase XX:XX:XX:XX:C0:69
05-30 10:24:54.145 D/A2dpService( 1324): Bond state changed for device: XX:XX:XX:XX:C0:69 state: 11
05-30 10:24:54.147 D/HearingAidService( 1324): Bond state changed for device: XX:XX:XX:XX:C0:69 state: 11
05-30 10:24:54.150 D/AdapterProperties( 1324): Failed to remove device: XX:XX:XX:XX:C0:69
05-30 10:24:54.150 D/BluetoothRemoteDevices( 1324): removeDualDevicesMapXX:XX:XX:XX:C0:69
05-30 10:24:54.151 D/BluetoothRemoteDevices( 1324): mDualDevicesMap not have E4:BB:D3:57:C0:69
05-30 10:24:54.153 D/BluetoothCompanionManager( 1324): remove metadata listener: XX:XX:XX:XX:C0:69
05-30 10:24:54.153 D/BluetoothAdapter( 1324): removeOnMetadataChangedListener()
05-30 10:24:54.156 I/dangbei111( 1911): cccccc on receiver=android.bluetooth.device.action.BOND_STATE_CHANGED,mac=E4:BB:D3:57:C0:69
05-30 10:24:54.156 I/dangbei111( 1911): Wait for auto connection, processBondStateChange: bondState: 10 --> 11
05-30 10:24:54.158 I/BluetoothBondStateMachine( 1324): Bond State Change Intent:XX:XX:XX:XX:C0:69 BOND_BONDING => BOND_NONE
