05-30 10:23:24.137 I/DefaultIMS( 3087): onKeyUp: keyoCode=22
05-30 10:23:24.138 I/TvSpecialKeyEventInterceptor( 3087): onKeyUp: onKeyDownConsume false onKeyUpConsume: false repeat: 0
05-30 10:23:24.241 I/SogouIME( 3087): onKeyDown: keyoCode=22
05-30 10:23:24.241 I/DefaultIMS( 3087): onKeyDown: keyoCode=22
05-30 10:23:24.242 I/TvSpecialKeyEventInterceptor( 3087): onKeyDown repeat: 0 onKeyDownConsume: false
05-30 10:23:24.242 I/KeyboardViewPresenter( 3087): getNextKey Key_E
05-30 10:23:24.297 I/SogouIME( 3087): onKeyUp: keyoCode=22
05-30 10:23:24.297 I/DefaultIMS( 3087): onKeyUp: keyoCode=22
05-30 10:23:24.298 I/TvSpecialKeyEventInterceptor( 3087): onKeyUp: onKeyDownConsume false onKeyUpConsume: false repeat: 0
05-30 10:23:24.417 I/SogouIME( 3087): onKeyDown: keyoCode=22
05-30 10:23:24.417 I/DefaultIMS( 3087): onKeyDown: keyoCode=22
05-30 10:23:24.417 I/TvSpecialKeyEventInterceptor( 3087): onKeyDown repeat: 0 onKeyDownConsume: false
05-30 10:23:24.418 I/KeyboardViewPresenter( 3087): getNextKey Key_F
05-30 10:23:24.464 I/SogouIME( 3087): onKeyUp: keyoCode=22
05-30 10:23:24.464 I/DefaultIMS( 3087): onKeyUp: keyoCode=22
05-30 10:23:24.465 I/TvSpecialKeyEventInterceptor( 3087): onKeyUp: onKeyDownConsume false onKeyUpConsume: false repeat: 0
05-30 10:23:24.586 I/SogouIME( 3087): onKeyDown: keyoCode=22
05-30 10:23:24.586 I/DefaultIMS( 3087): onKeyDown: keyoCode=22
05-30 10:23:24.587 I/TvSpecialKeyEventInterceptor( 3087): onKeyDown repeat: 0 onKeyDownConsume: false
05-30 10:23:24.587 I/KeyboardViewPresenter( 3087): getNextKey Key_G
05-30 10:23:24.641 I/SogouIME( 3087): onKeyUp: keyoCode=22
05-30 10:23:24.641 I/DefaultIMS( 3087): onKeyUp: keyoCode=22
05-30 10:23:24.642 I/TvSpecialKeyEventInterceptor( 3087): onKeyUp: onKeyDownConsume false onKeyUpConsume: false repeat: 0
05-30 10:23:24.762 I/SogouIME( 3087): onKeyDown: keyoCode=22
05-30 10:23:24.762 I/DefaultIMS( 3087): onKeyDown: keyoCode=22
05-30 10:23:24.763 I/TvSpecialKeyEventInterceptor( 3087): onKeyDown repeat: 0 onKeyDownConsume: false
05-30 10:23:24.763 I/KeyboardViewPresenter( 3087): getNextKey Key_Shift_Qwerty
05-30 10:23:24.785 I/SogouIME( 3087): onKeyUp: keyoCode=22
05-30 10:23:24.785 I/DefaultIMS( 3087): onKeyUp: keyoCode=22
05-30 10:23:24.786 I/TvSpecialKeyEventInterceptor( 3087): onKeyUp: onKeyDownConsume false onKeyUpConsume: false repeat: 0
05-30 10:23:25.116 D/hq ( 2214): NetWorkStateReceiver:::检查网络,并且持续更新 isConnect=false
05-30 10:23:25.185 I/SogouIME( 3087): onKeyDown: keyoCode=23
05-30 10:23:25.185 I/DefaultIMS( 3087): onKeyDown: keyoCode=23
05-30 10:23:25.185 I/TvSpecialKeyEventInterceptor( 3087): onKeyDown repeat: 0 onKeyDownConsume: false
05-30 10:23:25.305 I/SogouIME( 3087): onKeyUp: keyoCode=23
05-30 10:23:25.305 I/DefaultIMS( 3087): onKeyUp: keyoCode=23
05-30 10:23:25.306 I/TvSpecialKeyEventInterceptor( 3087): onKeyUp: onKeyDownConsume false onKeyUpConsume: false repeat: 0
05-30 10:23:25.307 I/fB ( 3087): onKeyClick: property=-101 code=-101 symbol=null
05-30 10:23:25.307 I/KeyEventTransfer( 3087): doKeyInput: property=-101 code=-101 text=null miniText=null
05-30 10:23:25.547 I/SogouIME( 3087): onKeyDown: keyoCode=20
05-30 10:23:25.547 I/DefaultIMS( 3087): onKeyDown: keyoCode=20
05-30 10:23:25.548 I/TvSpecialKeyEventInterceptor( 3087): onKeyDown repeat: 0 onKeyDownConsume: false
05-30 10:23:25.549 I/KeyboardViewPresenter( 3087): getNextKey Key_EnSwitchToCh
05-30 10:23:25.648 I/SogouIME( 3087): onKeyUp: keyoCode=20
05-30 10:23:25.649 I/DefaultIMS( 3087): onKeyUp: keyoCode=20
05-30 10:23:25.649 I/TvSpecialKeyEventInterceptor( 3087): onKeyUp: onKeyDownConsume false onKeyUpConsume: false repeat: 0
05-30 10:23:26.081 I/SogouIME( 3087): onKeyDown: keyoCode=21
05-30 10:23:26.081 I/DefaultIMS( 3087): onKeyDown: keyoCode=21
05-30 10:23:26.083 I/TvSpecialKeyEventInterceptor( 3087): onKeyDown repeat: 0 onKeyDownConsume: false
05-30 10:23:26.083 I/KeyboardViewPresenter( 3087): getNextKey Key_N
05-30 10:23:26.184 I/SogouIME( 3087): onKeyUp: keyoCode=21
05-30 10:23:26.184 I/DefaultIMS( 3087): onKeyUp: keyoCode=21
05-30 10:23:26.185 I/TvSpecialKeyEventInterceptor( 3087): onKeyUp: onKeyDownConsume false onKeyUpConsume: false repeat: 0
05-30 10:23:26.273 I/SogouIME( 3087): onKeyDown: keyoCode=21
05-30 10:23:26.273 I/DefaultIMS( 3087): onKeyDown: keyoCode=21
05-30 10:23:26.273 I/TvSpecialKeyEventInterceptor( 3087): onKeyDown repeat: 0 onKeyDownConsume: false
05-30 10:23:26.274 I/KeyboardViewPresenter( 3087): getNextKey Key_M
05-30 10:23:26.353 I/SogouIME( 3087): onKeyUp: keyoCode=21
05-30 10:23:26.353 I/DefaultIMS( 3087): onKeyUp: keyoCode=21
05-30 10:23:26.354 I/TvSpecialKeyEventInterceptor( 3087): onKeyUp: onKeyDownConsume false onKeyUpConsume: false repeat: 0
05-30 10:23:26.415 I/efs.send_log( 2616): log cann't be send because net status is disconnected
05-30 10:23:26.449 I/SogouIME( 3087): onKeyDown: keyoCode=21
05-30 10:23:26.449 I/DefaultIMS( 3087): onKeyDown: keyoCode=21
05-30 10:23:26.449 I/TvSpecialKeyEventInterceptor( 3087): onKeyDown repeat: 0 onKeyDownConsume: false
05-30 10:23:26.450 I/KeyboardViewPresenter( 3087): getNextKey Key_L
05-30 10:23:26.522 I/SogouIME( 3087): onKeyUp: keyoCode=21
05-30 10:23:26.522 I/DefaultIMS( 3087): onKeyUp: keyoCode=21
05-30 10:23:26.523 I/TvSpecialKeyEventInterceptor( 3087): onKeyUp: onKeyDownConsume false onKeyUpConsume: false repeat: 0
05-30 10:23:26.617 I/SogouIME( 3087): onKeyDown: keyoCode=21
05-30 10:23:26.617 I/DefaultIMS( 3087): onKeyDown: keyoCode=21
05-30 10:23:26.618 I/TvSpecialKeyEventInterceptor( 3087): onKeyDown repeat: 0 onKeyDownConsume: false
05-30 10:23:26.618 I/KeyboardViewPresenter( 3087): getNextKey Key_K
05-30 10:23:26.674 I/SogouIME( 3087): onKeyUp: keyoCode=21
05-30 10:23:26.674 I/DefaultIMS( 3087): onKeyUp: keyoCode=21
05-30 10:23:26.674 I/TvSpecialKeyEventInterceptor( 3087): onKeyUp: onKeyDownConsume false onKeyUpConsume: false repeat: 0
05-30 10:23:26.737 I/WifiService( 745): startScan uid=10029
05-30 10:23:26.748 D/InstantWifi( 745): Drop, size: 0
05-30 10:23:27.119 D/hq ( 2214): NetWorkStateReceiver:::检查网络,并且持续更新 isConnect=false
05-30 10:23:27.273 I/SogouIME( 3087): onKeyDown: keyoCode=20
05-30 10:23:27.273 I/DefaultIMS( 3087): onKeyDown: keyoCode=20
05-30 10:23:27.274 I/TvSpecialKeyEventInterceptor( 3087): onKeyDown repeat: 0 onKeyDownConsume: false
05-30 10:23:27.274 I/KeyboardViewPresenter( 3087): getNextKey Key_R
05-30 10:23:27.353 I/SogouIME( 3087): onKeyUp: keyoCode=20
05-30 10:23:27.353 I/DefaultIMS( 3087): onKeyUp: keyoCode=20
05-30 10:23:27.354 I/TvSpecialKeyEventInterceptor( 3087): onKeyUp: onKeyDownConsume false onKeyUpConsume: false repeat: 0
05-30 10:23:27.530 I/SogouIME( 3087): onKeyDown: keyoCode=20
05-30 10:23:27.530 I/DefaultIMS( 3087): onKeyDown: keyoCode=20
05-30 10:23:27.531 I/TvSpecialKeyEventInterceptor( 3087): onKeyDown repeat: 0 onKeyDownConsume: false
05-30 10:23:27.531 I/KeyboardViewPresenter( 3087): getNextKey Key_Y
05-30 10:23:27.593 I/SogouIME( 3087): onKeyUp: keyoCode=20
05-30 10:23:27.593 I/DefaultIMS( 3087): onKeyUp: keyoCode=20
05-30 10:23:27.594 I/TvSpecialKeyEventInterceptor( 3087): onKeyUp: onKeyDownConsume false onKeyUpConsume: false repeat: 0
05-30 10:23:27.785 I/SogouIME( 3087): onKeyDown: keyoCode=22
05-30 10:23:27.785 I/DefaultIMS( 3087): onKeyDown: keyoCode=22
05-30 10:23:27.787 I/TvSpecialKeyEventInterceptor( 3087): onKeyDown repeat: 0 onKeyDownConsume: false
05-30 10:23:27.787 I/KeyboardViewPresenter( 3087): getNextKey Key_Z
05-30 10:23:27.896 I/SogouIME( 3087): onKeyUp: keyoCode=22
05-30 10:23:27.897 I/DefaultIMS( 3087): onKeyUp: keyoCode=22
05-30 10:23:27.897 I/TvSpecialKeyEventInterceptor( 3087): onKeyUp: onKeyDownConsume false onKeyUpConsume: false repeat: 0
05-30 10:23:28.121 I/SogouIME( 3087): onKeyDown: keyoCode=23
05-30 10:23:28.121 I/DefaultIMS( 3087): onKeyDown: keyoCode=23
05-30 10:23:28.122 I/TvSpecialKeyEventInterceptor( 3087): onKeyDown repeat: 0 onKeyDownConsume: false
05-30 10:23:28.216 I/SogouIME( 3087): onKeyUp: keyoCode=23
05-30 10:23:28.216 I/DefaultIMS( 3087): onKeyUp: keyoCode=23
05-30 10:23:28.217 I/TvSpecialKeyEventInterceptor( 3087): onKeyUp: onKeyDownConsume false onKeyUpConsume: false repeat: 0
05-30 10:23:28.218 I/fB ( 3087): onKeyClick: property=122 code=122 symbol=null
05-30 10:23:28.218 I/KeyEventTransfer( 3087): doKeyInput: property=122 code=122 text=z miniText=null
05-30 10:23:28.249 I/ENKeyHandler( 3087): on selection update: oldStart: 2, oldEnd: 2, newStart: 3, newEnd: 3, composingStart: -1, composingEnd: -1
05-30 10:23:28.434 I/SogouIME( 3087): onKeyDown: keyoCode=19
05-30 10:23:28.434 I/DefaultIMS( 3087): onKeyDown: keyoCode=19
05-30 10:23:28.435 I/TvSpecialKeyEventInterceptor( 3087): onKeyDown repeat: 0 onKeyDownConsume: false
05-30 10:23:28.435 I/KeyboardViewPresenter( 3087): getNextKey Key_S
05-30 10:23:28.528 I/SogouIME( 3087): onKeyUp: keyoCode=19
05-30 10:23:28.529 I/DefaultIMS( 3087): onKeyUp: keyoCode=19
05-30 10:23:28.529 I/TvSpecialKeyEventInterceptor( 3087): onKeyUp: onKeyDownConsume false onKeyUpConsume: false repeat: 0
05-30 10:23:28.649 I/SogouIME( 3087): onKeyDown: keyoCode=19
05-30 10:23:28.649 I/DefaultIMS( 3087): onKeyDown: keyoCode=19
05-30 10:23:28.650 I/TvSpecialKeyEventInterceptor( 3087): onKeyDown repeat: 0 onKeyDownConsume: false
05-30 10:23:28.650 I/KeyboardViewPresenter( 3087): getNextKey Key_L
05-30 10:23:28.730 I/SogouIME( 3087): onKeyUp: keyoCode=19
05-30 10:23:28.730 I/DefaultIMS( 3087): onKeyUp: keyoCode=19
05-30 10:23:28.731 I/TvSpecialKeyEventInterceptor( 3087): onKeyUp: onKeyDownConsume false onKeyUpConsume: false repeat: 0
05-30 10:23:28.865 I/SogouIME( 3087): onKeyDown: keyoCode=19
05-30 10:23:28.865 I/DefaultIMS( 3087): onKeyDown: keyoCode=19
05-30 10:23:28.866 I/TvSpecialKeyEventInterceptor( 3087): onKeyDown repeat: 0 onKeyDownConsume: false
05-30 10:23:28.866 I/KeyboardViewPresenter( 3087): getNextKey Key_E
05-30 10:23:28.905 I/SogouIME( 3087): onKeyUp: keyoCode=19
05-30 10:23:28.905 I/DefaultIMS( 3087): onKeyUp: keyoCode=19
05-30 10:23:28.906 I/TvSpecialKeyEventInterceptor( 3087): onKeyUp: onKeyDownConsume false onKeyUpConsume: false repeat: 0
05-30 10:23:29.120 D/hq ( 2214): NetWorkStateReceiver:::检查网络,并且持续更新 isConnect=false
05-30 10:23:29.225 I/SogouIME( 3087): onKeyDown: keyoCode=22
05-30 10:23:29.225 I/DefaultIMS( 3087): onKeyDown: keyoCode=22
05-30 10:23:29.226 I/TvSpecialKeyEventInterceptor( 3087): onKeyDown repeat: 0 onKeyDownConsume: false
05-30 10:23:29.226 I/KeyboardViewPresenter( 3087): getNextKey Key_F
05-30 10:23:29.282 D/WifiNl80211Manager( 745): Scan result ready event
05-30 10:23:29.282 D/WifiNative( 745): Scan result ready event
05-30 10:23:29.337 E/hq ( 2214): NetWorkStateReceiver:::NetWorkStateReceiver onReceive: 网络变化广播 >>>> intent.action=android.net.wifi.SCAN_RESULTS
05-30 10:23:29.344 D/PasspointManager( 745): ANQP entry not found for: 10:7c:61:1a:4b:94:<5G>
05-30 10:23:29.346 I/WifiHAL ( 570): call wifi_get_link_stats handler
05-30 10:23:29.346 I/WifiHAL ( 570): Creating message to get link statistics; iface = 16
05-30 10:23:29.346 D/WifiHAL ( 570): error code -95 mapped to -3
05-30 10:23:29.347 E/WifiStaIfaceAidlImpl( 745): getLinkLayerStats failed with service-specific exception: android.os.ServiceSpecificException: (code 4)
05-30 10:23:29.371 W/eventbuscore( 2214): post Event:com.dangbei.leard.base.entity.event.NetWifiRssiEvent
05-30 10:23:29.403 I/SogouIME( 3087): onKeyUp: keyoCode=22
05-30 10:23:29.403 I/DefaultIMS( 3087): onKeyUp: keyoCode=22
05-30 10:23:29.404 I/TvSpecialKeyEventInterceptor( 3087): onKeyUp: onKeyDownConsume false onKeyUpConsume: false repeat: 0
05-30 10:23:29.482 I/SogouIME( 3087): onKeyDown: keyoCode=22
05-30 10:23:29.482 I/DefaultIMS( 3087): onKeyDown: keyoCode=22
05-30 10:23:29.483 I/TvSpecialKeyEventInterceptor( 3087): onKeyDown repeat: 0 onKeyDownConsume: false
05-30 10:23:29.483 I/KeyboardViewPresenter( 3087): getNextKey Key_G
05-30 10:23:29.561 I/SogouIME( 3087): onKeyUp: keyoCode=22
05-30 10:23:29.561 I/DefaultIMS( 3087): onKeyUp: keyoCode=22
05-30 10:23:29.562 I/TvSpecialKeyEventInterceptor( 3087): onKeyUp: onKeyDownConsume false onKeyUpConsume: false repeat: 0
05-30 10:23:29.730 I/SogouIME( 3087): onKeyDown: keyoCode=20
05-30 10:23:29.730 I/DefaultIMS( 3087): onKeyDown: keyoCode=20
05-30 10:23:29.731 I/TvSpecialKeyEventInterceptor( 3087): onKeyDown repeat: 0 onKeyDownConsume: false
05-30 10:23:29.731 I/KeyboardViewPresenter( 3087): getNextKey Key_N
05-30 10:23:29.840 I/SogouIME( 3087): onKeyUp: keyoCode=20
05-30 10:23:29.840 I/DefaultIMS( 3087): onKeyUp: keyoCode=20
05-30 10:23:29.841 I/TvSpecialKeyEventInterceptor( 3087): onKeyUp: onKeyDownConsume false onKeyUpConsume: false repeat: 0
05-30 10:23:29.994 I/SogouIME( 3087): onKeyDown: keyoCode=23
05-30 10:23:29.994 I/DefaultIMS( 3087): onKeyDown: keyoCode=23
05-30 10:23:29.995 I/TvSpecialKeyEventInterceptor( 3087): onKeyDown repeat: 0 onKeyDownConsume: false
05-30 10:23:30.097 I/SogouIME( 3087): onKeyUp: keyoCode=23
05-30 10:23:30.097 I/DefaultIMS( 3087): onKeyUp: keyoCode=23
05-30 10:23:30.098 I/TvSpecialKeyEventInterceptor( 3087): onKeyUp: onKeyDownConsume false onKeyUpConsume: false repeat: 0
05-30 10:23:30.098 I/fB ( 3087): onKeyClick: property=110 code=110 symbol=null
05-30 10:23:30.098 I/KeyEventTransfer( 3087): doKeyInput: property=110 code=110 text=n miniText=null
05-30 10:23:30.118 I/ENKeyHandler( 3087): on selection update: oldStart: 3, oldEnd: 3, newStart: 4, newEnd: 4, composingStart: -1, composingEnd: -1
05-30 10:23:30.450 I/SogouIME( 3087): onKeyDown: keyoCode=21
05-30 10:23:30.450 I/DefaultIMS( 3087): onKeyDown: keyoCode=21
05-30 10:23:30.451 I/TvSpecialKeyEventInterceptor( 3087): onKeyDown repeat: 0 onKeyDownConsume: false
05-30 10:23:30.451 I/KeyboardViewPresenter( 3087): getNextKey Key_M
05-30 10:23:30.553 I/SogouIME( 3087): onKeyUp: keyoCode=21
05-30 10:23:30.553 I/DefaultIMS( 3087): onKeyUp: keyoCode=21
05-30 10:23:30.554 I/TvSpecialKeyEventInterceptor( 3087): onKeyUp: onKeyDownConsume false onKeyUpConsume: false repeat: 0
05-30 10:23:30.650 I/SogouIME( 3087): onKeyDown: keyoCode=21
05-30 10:23:30.650 I/DefaultIMS( 3087): onKeyDown: keyoCode=21
05-30 10:23:30.651 I/TvSpecialKeyEventInterceptor( 3087): onKeyDown repeat: 0 onKeyDownConsume: false
05-30 10:23:30.652 I/KeyboardViewPresenter( 3087): getNextKey Key_L
05-30 10:23:30.722 I/SogouIME( 3087): onKeyUp: keyoCode=21
05-30 10:23:30.722 I/DefaultIMS( 3087): onKeyUp: keyoCode=21
05-30 10:23:30.723 I/TvSpecialKeyEventInterceptor( 3087): onKeyUp: onKeyDownConsume false onKeyUpConsume: false repeat: 0
05-30 10:23:30.816 I/SogouIME( 3087): onKeyDown: keyoCode=21
05-30 10:23:30.816 I/DefaultIMS( 3087): onKeyDown: keyoCode=21
05-30 10:23:30.817 I/TvSpecialKeyEventInterceptor( 3087): onKeyDown repeat: 0 onKeyDownConsume: false
05-30 10:23:30.817 I/KeyboardViewPresenter( 3087): getNextKey Key_K
05-30 10:23:30.889 I/SogouIME( 3087): onKeyUp: keyoCode=21
05-30 10:23:30.889 I/DefaultIMS( 3087): onKeyUp: keyoCode=21
05-30 10:23:30.890 I/TvSpecialKeyEventInterceptor( 3087): onKeyUp: onKeyDownConsume false onKeyUpConsume: false repeat: 0
05-30 10:23:31.121 D/hq ( 2214): NetWorkStateReceiver:::检查网络,并且持续更新 isConnect=false
05-30 10:23:31.289 I/SogouIME( 3087): onKeyDown: keyoCode=21
05-30 10:23:31.289 I/DefaultIMS( 3087): onKeyDown: keyoCode=21
05-30 10:23:31.289 I/TvSpecialKeyEventInterceptor( 3087): onKeyDown repeat: 0 onKeyDownConsume: false
05-30 10:23:31.290 I/KeyboardViewPresenter( 3087): getNextKey Key_J
05-30 10:23:31.427 I/SogouIME( 3087): onKeyUp: keyoCode=21
05-30 10:23:31.427 I/DefaultIMS( 3087): onKeyUp: keyoCode=21
05-30 10:23:31.428 I/TvSpecialKeyEventInterceptor( 3087): onKeyUp: onKeyDownConsume false onKeyUpConsume: false repeat: 0
05-30 10:23:31.658 I/SogouIME( 3087): onKeyDown: keyoCode=19
05-30 10:23:31.658 I/DefaultIMS( 3087): onKeyDown: keyoCode=19
05-30 10:23:31.659 I/TvSpecialKeyEventInterceptor( 3087): onKeyDown repeat: 0 onKeyDownConsume: false
05-30 10:23:31.659 I/KeyboardViewPresenter( 3087): getNextKey Key_C
05-30 10:23:31.760 I/SogouIME( 3087): onKeyUp: keyoCode=19
05-30 10:23:31.760 I/DefaultIMS( 3087): onKeyUp: keyoCode=19
05-30 10:23:31.761 I/TvSpecialKeyEventInterceptor( 3087): onKeyUp: onKeyDownConsume false onKeyUpConsume: false repeat: 0
05-30 10:23:32.138 I/SogouIME( 3087): onKeyDown: keyoCode=22
05-30 10:23:32.138 I/DefaultIMS( 3087): onKeyDown: keyoCode=22
05-30 10:23:32.139 I/TvSpecialKeyEventInterceptor( 3087): onKeyDown repeat: 0 onKeyDownConsume: false
05-30 10:23:32.139 I/KeyboardViewPresenter( 3087): getNextKey Key_D
05-30 10:23:32.218 I/SogouIME( 3087): onKeyUp: keyoCode=22
05-30 10:23:32.218 I/DefaultIMS( 3087): onKeyUp: keyoCode=22
05-30 10:23:32.219 I/TvSpecialKeyEventInterceptor( 3087): onKeyUp: onKeyDownConsume false onKeyUpConsume: false repeat: 0
05-30 10:23:32.460 I/bt_btif_dm( 1324): packages/modules/Bluetooth/system/btif/src/btif_dm.cc:691 btif_update_remote_properties: cod from storage is also unclassified
05-30 10:23:32.464 D/OomAdjuster( 745): Not killing cached processes
05-30 10:23:32.465 W/ProcessStats( 745): Tracking association SourceState{4a7371d system/1000 BFgs #481} whose proc state 4 is better than process ProcessState{3957744 com.sohu.inputmethod.sogou.tv/10039 pkg=com.sohu.inputmethod.sogou.tv} proc state 6 (0 skipped)
05-30 10:23:32.464 I/net_disconnect.( 4161): type=1400 audit(0.0:2191): avc: denied { execute_no_trans } for path="/vendor/bin/rgb_led_ctl" dev="dm-11" ino=334364 scontext=u:r:init:s0 tcontext=u:object_r:vendor_file:s0 tclass=file permissive=1
05-30 10:23:32.476 I/SogouIME( 3087): onKeyDown: keyoCode=23
05-30 10:23:32.476 I/DefaultIMS( 3087): onKeyDown: keyoCode=23
05-30 10:23:32.477 I/TvSpecialKeyEventInterceptor( 3087): onKeyDown repeat: 0 onKeyDownConsume: false
05-30 10:23:32.586 I/SogouIME( 3087): onKeyUp: keyoCode=23
05-30 10:23:32.586 I/DefaultIMS( 3087): onKeyUp: keyoCode=23
05-30 10:23:32.587 I/TvSpecialKeyEventInterceptor( 3087): onKeyUp: onKeyDownConsume false onKeyUpConsume: false repeat: 0
05-30 10:23:32.588 I/fB ( 3087): onKeyClick: property=100 code=100 symbol=null
05-30 10:23:32.588 I/KeyEventTransfer( 3087): doKeyInput: property=100 code=100 text=d miniText=null
05-30 10:23:32.610 I/ENKeyHandler( 3087): on selection update: oldStart: 4, oldEnd: 4, newStart: 5, newEnd: 5, composingStart: -1, composingEnd: -1
05-30 10:23:32.809 I/SogouIME( 3087): onKeyDown: keyoCode=20
05-30 10:23:32.810 I/DefaultIMS( 3087): onKeyDown: keyoCode=20
05-30 10:23:32.810 I/TvSpecialKeyEventInterceptor( 3087): onKeyDown repeat: 0 onKeyDownConsume: false
05-30 10:23:32.811 I/KeyboardViewPresenter( 3087): getNextKey Key_K
05-30 10:23:32.937 I/SogouIME( 3087): onKeyUp: keyoCode=20
05-30 10:23:32.937 I/DefaultIMS( 3087): onKeyUp: keyoCode=20
05-30 10:23:32.938 I/TvSpecialKeyEventInterceptor( 3087): onKeyUp: onKeyDownConsume false onKeyUpConsume: false repeat: 0
05-30 10:23:33.123 D/hq ( 2214): NetWorkStateReceiver:::检查网络,并且持续更新 isConnect=false
05-30 10:23:34.057 I/SogouIME( 3087): onKeyDown: keyoCode=20
05-30 10:23:34.057 I/DefaultIMS( 3087): onKeyDown: keyoCode=20
05-30 10:23:34.058 I/TvSpecialKeyEventInterceptor( 3087): onKeyDown repeat: 0 onKeyDownConsume: false
05-30 10:23:34.058 I/KeyboardViewPresenter( 3087): getNextKey Key_R
05-30 10:23:34.138 I/SogouIME( 3087): onKeyUp: keyoCode=20
05-30 10:23:34.138 I/DefaultIMS( 3087): onKeyUp: keyoCode=20
05-30 10:23:34.138 I/TvSpecialKeyEventInterceptor( 3087): onKeyUp: onKeyDownConsume false onKeyUpConsume: false repeat: 0
05-30 10:23:34.274 I/SogouIME( 3087): onKeyDown: keyoCode=22
05-30 10:23:34.274 I/DefaultIMS( 3087): onKeyDown: keyoCode=22
05-30 10:23:34.274 I/TvSpecialKeyEventInterceptor( 3087): onKeyDown repeat: 0 onKeyDownConsume: false
05-30 10:23:34.275 I/KeyboardViewPresenter( 3087): getNextKey Key_S
05-30 10:23:34.378 I/SogouIME( 3087): onKeyUp: keyoCode=22
05-30 10:23:34.378 I/DefaultIMS( 3087): onKeyUp: keyoCode=22
05-30 10:23:34.379 I/TvSpecialKeyEventInterceptor( 3087): onKeyUp: onKeyDownConsume false onKeyUpConsume: false repeat: 0
05-30 10:23:34.521 I/SogouIME( 3087): onKeyDown: keyoCode=23
05-30 10:23:34.522 I/DefaultIMS( 3087): onKeyDown: keyoCode=23
05-30 10:23:34.522 I/TvSpecialKeyEventInterceptor( 3087): onKeyDown repeat: 0 onKeyDownConsume: false
05-30 10:23:34.666 I/SogouIME( 3087): onKeyUp: keyoCode=23
05-30 10:23:34.666 I/DefaultIMS( 3087): onKeyUp: keyoCode=23
05-30 10:23:34.667 I/TvSpecialKeyEventInterceptor( 3087): onKeyUp: onKeyDownConsume false onKeyUpConsume: false repeat: 0
05-30 10:23:34.668 I/fB ( 3087): onKeyClick: property=115 code=115 symbol=null
05-30 10:23:34.668 I/KeyEventTransfer( 3087): doKeyInput: property=115 code=115 text=s miniText=null
05-30 10:23:34.691 I/ENKeyHandler( 3087): on selection update: oldStart: 5, oldEnd: 5, newStart: 6, newEnd: 6, composingStart: -1, composingEnd: -1
05-30 10:23:34.906 I/SogouIME( 3087): onKeyDown: keyoCode=21
05-30 10:23:34.906 I/DefaultIMS( 3087): onKeyDown: keyoCode=21
05-30 10:23:34.907 I/TvSpecialKeyEventInterceptor( 3087): onKeyDown repeat: 0 onKeyDownConsume: false
05-30 10:23:34.907 I/KeyboardViewPresenter( 3087): getNextKey Key_R
05-30 10:23:35.000 I/SogouIME( 3087): onKeyUp: keyoCode=21
05-30 10:23:35.001 I/DefaultIMS( 3087): onKeyUp: keyoCode=21
05-30 10:23:35.001 I/TvSpecialKeyEventInterceptor( 3087): onKeyUp: onKeyDownConsume false onKeyUpConsume: false repeat: 0
05-30 10:23:35.081 I/SogouIME( 3087): onKeyDown: keyoCode=21
05-30 10:23:35.081 I/DefaultIMS( 3087): onKeyDown: keyoCode=21
05-30 10:23:35.082 I/TvSpecialKeyEventInterceptor( 3087): onKeyDown repeat: 0 onKeyDownConsume: false
05-30 10:23:35.082 I/KeyboardViewPresenter( 3087): getNextKey Key_Q
05-30 10:23:35.124 D/hq ( 2214): NetWorkStateReceiver:::检查网络,并且持续更新 isConnect=false
05-30 10:23:35.153 I/SogouIME( 3087): onKeyUp: keyoCode=21
05-30 10:23:35.153 I/DefaultIMS( 3087): onKeyUp: keyoCode=21
05-30 10:23:35.154 I/TvSpecialKeyEventInterceptor( 3087): onKeyUp: onKeyDownConsume false onKeyUpConsume: false repeat: 0
05-30 10:23:35.250 I/SogouIME( 3087): onKeyDown: keyoCode=21
05-30 10:23:35.251 I/DefaultIMS( 3087): onKeyDown: keyoCode=21
05-30 10:23:35.251 I/TvSpecialKeyEventInterceptor( 3087): onKeyDown repeat: 0 onKeyDownConsume: false
05-30 10:23:35.252 I/KeyboardViewPresenter( 3087): getNextKey Key_P
05-30 10:23:35.312 I/SogouIME( 3087): onKeyUp: keyoCode=21
05-30 10:23:35.312 I/DefaultIMS( 3087): onKeyUp: keyoCode=21
05-30 10:23:35.313 I/TvSpecialKeyEventInterceptor( 3087): onKeyUp: onKeyDownConsume false onKeyUpConsume: false repeat: 0
05-30 10:23:35.417 I/SogouIME( 3087): onKeyDown: keyoCode=21
05-30 10:23:35.417 I/DefaultIMS( 3087): onKeyDown: keyoCode=21
05-30 10:23:35.418 I/TvSpecialKeyEventInterceptor( 3087): onKeyDown repeat: 0 onKeyDownConsume: false
05-30 10:23:35.418 I/KeyboardViewPresenter( 3087): getNextKey Key_O
05-30 10:23:35.480 I/SogouIME( 3087): onKeyUp: keyoCode=21
05-30 10:23:35.480 I/DefaultIMS( 3087): onKeyUp: keyoCode=21
05-30 10:23:35.481 I/TvSpecialKeyEventInterceptor( 3087): onKeyUp: onKeyDownConsume false onKeyUpConsume: false repeat: 0
05-30 10:23:35.578 I/SogouIME( 3087): onKeyDown: keyoCode=21
05-30 10:23:35.578 I/DefaultIMS( 3087): onKeyDown: keyoCode=21
05-30 10:23:35.579 I/TvSpecialKeyEventInterceptor( 3087): onKeyDown repeat: 0 onKeyDownConsume: false
05-30 10:23:35.579 I/KeyboardViewPresenter( 3087): getNextKey Key_9
05-30 10:23:35.650 I/SogouIME( 3087): onKeyUp: keyoCode=21
05-30 10:23:35.651 I/DefaultIMS( 3087): onKeyUp: keyoCode=21
05-30 10:23:35.651 I/TvSpecialKeyEventInterceptor( 3087): onKeyUp: onKeyDownConsume false onKeyUpConsume: false repeat: 0
05-30 10:23:35.764 I/SogouIME( 3087): onKeyDown: keyoCode=21
05-30 10:23:35.764 I/DefaultIMS( 3087): onKeyDown: keyoCode=21
05-30 10:23:35.766 I/TvSpecialKeyEventInterceptor( 3087): onKeyDown repeat: 0 onKeyDownConsume: false
05-30 10:23:35.766 I/KeyboardViewPresenter( 3087): getNextKey Key_8
05-30 10:23:35.817 I/SogouIME( 3087): onKeyUp: keyoCode=21
05-30 10:23:35.817 I/DefaultIMS( 3087): onKeyUp: keyoCode=21
05-30 10:23:35.818 I/TvSpecialKeyEventInterceptor( 3087): onKeyUp: onKeyDownConsume false onKeyUpConsume: false repeat: 0
05-30 10:23:36.065 I/SogouIME( 3087): onKeyDown: keyoCode=19
05-30 10:23:36.065 I/DefaultIMS( 3087): onKeyDown: keyoCode=19
05-30 10:23:36.067 I/TvSpecialKeyEventInterceptor( 3087): onKeyDown repeat: 0 onKeyDownConsume: false
05-30 10:23:36.067 I/KeyboardViewPresenter( 3087): getNextKey Key_5
05-30 10:23:36.152 I/SogouIME( 3087): onKeyUp: keyoCode=19
05-30 10:23:36.152 I/DefaultIMS( 3087): onKeyUp: keyoCode=19
05-30 10:23:36.153 I/TvSpecialKeyEventInterceptor( 3087): onKeyUp: onKeyDownConsume false onKeyUpConsume: false repeat: 0
05-30 10:23:36.265 I/SogouIME( 3087): onKeyDown: keyoCode=19
05-30 10:23:36.265 I/DefaultIMS( 3087): onKeyDown: keyoCode=19
05-30 10:23:36.266 I/TvSpecialKeyEventInterceptor( 3087): onKeyDown repeat: 0 onKeyDownConsume: false
05-30 10:23:36.266 I/KeyboardViewPresenter( 3087): getNextKey Key_2
05-30 10:23:36.344 I/SogouIME( 3087): onKeyUp: keyoCode=19
05-30 10:23:36.345 I/DefaultIMS( 3087): onKeyUp: keyoCode=19
05-30 10:23:36.345 I/TvSpecialKeyEventInterceptor( 3087): onKeyUp: onKeyDownConsume false onKeyUpConsume: false repeat: 0
05-30 10:23:36.453 I/efs.send_log( 2616): log cann't be send because net status is disconnected
05-30 10:23:36.994 I/SogouIME( 3087): onKeyDown: keyoCode=23
05-30 10:23:36.994 I/DefaultIMS( 3087): onKeyDown: keyoCode=23
05-30 10:23:36.995 I/TvSpecialKeyEventInterceptor( 3087): onKeyDown repeat: 0 onKeyDownConsume: false
05-30 10:23:37.114 I/SogouIME( 3087): onKeyUp: keyoCode=23
05-30 10:23:37.114 I/DefaultIMS( 3087): onKeyUp: keyoCode=23
05-30 10:23:37.114 I/TvSpecialKeyEventInterceptor( 3087): onKeyUp: onKeyDownConsume false onKeyUpConsume: false repeat: 0
05-30 10:23:37.115 I/fB ( 3087): onKeyClick: property=61440 code=48 symbol=0x32
05-30 10:23:37.115 I/KeyEventTransfer( 3087): doKeyInput: property=61440 code=48 text=2 miniText=null
05-30 10:23:37.125 D/hq ( 2214): NetWorkStateReceiver:::检查网络,并且持续更新 isConnect=false
05-30 10:23:37.131 I/ENKeyHandler( 3087): on selection update: oldStart: 6, oldEnd: 6, newStart: 7, newEnd: 7, composingStart: -1, composingEnd: -1
05-30 10:23:37.258 I/SogouIME( 3087): onKeyDown: keyoCode=20
05-30 10:23:37.258 I/DefaultIMS( 3087): onKeyDown: keyoCode=20
05-30 10:23:37.259 I/TvSpecialKeyEventInterceptor( 3087): onKeyDown repeat: 0 onKeyDownConsume: false
05-30 10:23:37.260 I/KeyboardViewPresenter( 3087): getNextKey Key_5
05-30 10:23:37.353 I/SogouIME( 3087): onKeyUp: keyoCode=20
05-30 10:23:37.353 I/DefaultIMS( 3087): onKeyUp: keyoCode=20
05-30 10:23:37.355 I/TvSpecialKeyEventInterceptor( 3087): onKeyUp: onKeyDownConsume false onKeyUpConsume: false repeat: 0
05-30 10:23:37.433 I/WifiService( 745): startScan uid=10029
05-30 10:23:37.435 I/WifiScanRequestProxy( 745): Scan request from com.dangbei.hqguide throttled
05-30 10:23:37.436 E/WifiService( 745): Failed to start scan
05-30 10:23:37.440 I/WifiService( 745): startScan uid=10029
05-30 10:23:37.442 I/WifiScanRequestProxy( 745): Scan request from com.dangbei.hqguide throttled
05-30 10:23:37.443 E/WifiService( 745): Failed to start scan
05-30 10:23:37.458 I/SogouIME( 3087): onKeyDown: keyoCode=20
05-30 10:23:37.458 I/DefaultIMS( 3087): onKeyDown: keyoCode=20
05-30 10:23:37.459 I/TvSpecialKeyEventInterceptor( 3087): onKeyDown repeat: 0 onKeyDownConsume: false
05-30 10:23:37.459 I/KeyboardViewPresenter( 3087): getNextKey Key_8
05-30 10:23:37.501 E/WifiScoringParams( 745): Invalid frequency(-1), using 5G as default rssi array
05-30 10:23:37.512 D/InstantWifi( 745): Drop, size: 0
05-30 10:23:37.529 I/SogouIME( 3087): onKeyUp: keyoCode=20
05-30 10:23:37.529 I/DefaultIMS( 3087): onKeyUp: keyoCode=20
05-30 10:23:37.530 I/TvSpecialKeyEventInterceptor( 3087): onKeyUp: onKeyDownConsume false onKeyUpConsume: false repeat: 0
05-30 10:23:37.648 I/SogouIME( 3087): onKeyDown: keyoCode=20
05-30 10:23:37.649 I/DefaultIMS( 3087): onKeyDown: keyoCode=20
05-30 10:23:37.649 I/TvSpecialKeyEventInterceptor( 3087): onKeyDown repeat: 0 onKeyDownConsume: false
05-30 10:23:37.649 I/KeyboardViewPresenter( 3087): getNextKey Key_0
05-30 10:23:37.720 I/SogouIME( 3087): onKeyUp: keyoCode=20
05-30 10:23:37.720 I/DefaultIMS( 3087): onKeyUp: keyoCode=20
05-30 10:23:37.721 I/TvSpecialKeyEventInterceptor( 3087): onKeyUp: onKeyDownConsume false onKeyUpConsume: false repeat: 0
05-30 10:23:37.905 I/SogouIME( 3087): onKeyDown: keyoCode=23
05-30 10:23:37.905 I/DefaultIMS( 3087): onKeyDown: keyoCode=23
05-30 10:23:37.906 I/TvSpecialKeyEventInterceptor( 3087): onKeyDown repeat: 0 onKeyDownConsume: false
05-30 10:23:38.059 I/SogouIME( 3087): onKeyUp: keyoCode=23
05-30 10:23:38.059 I/DefaultIMS( 3087): onKeyUp: keyoCode=23
05-30 10:23:38.060 I/TvSpecialKeyEventInterceptor( 3087): onKeyUp: onKeyDownConsume false onKeyUpConsume: false repeat: 0
05-30 10:23:38.060 I/fB ( 3087): onKeyClick: property=61440 code=48 symbol=0
05-30 10:23:38.061 I/KeyEventTransfer( 3087): doKeyInput: property=61440 code=48 text=0 miniText=null
05-30 10:23:38.084 I/ENKeyHandler( 3087): on selection update: oldStart: 7, oldEnd: 7, newStart: 8, newEnd: 8, composingStart: -1, composingEnd: -1
05-30 10:23:38.178 I/SogouIME( 3087): onKeyDown: keyoCode=19
05-30 10:23:38.178 I/DefaultIMS( 3087): onKeyDown: keyoCode=19
05-30 10:23:38.179 I/TvSpecialKeyEventInterceptor( 3087): onKeyDown repeat: 0 onKeyDownConsume: false
05-30 10:23:38.179 I/KeyboardViewPresenter( 3087): getNextKey Key_8
05-30 10:23:38.305 I/SogouIME( 3087): onKeyUp: keyoCode=19
05-30 10:23:38.305 I/DefaultIMS( 3087): onKeyUp: keyoCode=19
05-30 10:23:38.306 I/TvSpecialKeyEventInterceptor( 3087): onKeyUp: onKeyDownConsume false onKeyUpConsume: false repeat: 0
05-30 10:23:38.425 I/SogouIME( 3087): onKeyDown: keyoCode=19
05-30 10:23:38.426 I/DefaultIMS( 3087): onKeyDown: keyoCode=19
05-30 10:23:38.426 I/TvSpecialKeyEventInterceptor( 3087): onKeyDown repeat: 0 onKeyDownConsume: false
05-30 10:23:38.427 I/KeyboardViewPresenter( 3087): getNextKey Key_5
05-30 10:23:38.497 I/SogouIME( 3087): onKeyUp: keyoCode=19
05-30 10:23:38.497 I/DefaultIMS( 3087): onKeyUp: keyoCode=19
05-30 10:23:38.498 I/TvSpecialKeyEventInterceptor( 3087): onKeyUp: onKeyDownConsume false onKeyUpConsume: false repeat: 0
05-30 10:23:38.617 I/SogouIME( 3087): onKeyDown: keyoCode=19
05-30 10:23:38.617 I/DefaultIMS( 3087): onKeyDown: keyoCode=19
05-30 10:23:38.618 I/TvSpecialKeyEventInterceptor( 3087): onKeyDown repeat: 0 onKeyDownConsume: false
05-30 10:23:38.618 I/KeyboardViewPresenter( 3087): getNextKey Key_2
05-30 10:23:38.688 I/SogouIME( 3087): onKeyUp: keyoCode=19
05-30 10:23:38.688 I/DefaultIMS( 3087): onKeyUp: keyoCode=19
05-30 10:23:38.689 I/TvSpecialKeyEventInterceptor( 3087): onKeyUp: onKeyDownConsume false onKeyUpConsume: false repeat: 0
05-30 10:23:38.841 I/SogouIME( 3087): onKeyDown: keyoCode=21
05-30 10:23:38.841 I/DefaultIMS( 3087): onKeyDown: keyoCode=21
05-30 10:23:38.842 I/TvSpecialKeyEventInterceptor( 3087): onKeyDown repeat: 0 onKeyDownConsume: false
05-30 10:23:38.842 I/KeyboardViewPresenter( 3087): getNextKey Key_1
05-30 10:23:38.953 I/SogouIME( 3087): onKeyUp: keyoCode=21
05-30 10:23:38.953 I/DefaultIMS( 3087): onKeyUp: keyoCode=21
05-30 10:23:38.954 I/TvSpecialKeyEventInterceptor( 3087): onKeyUp: onKeyDownConsume false onKeyUpConsume: false repeat: 0
05-30 10:23:39.126 D/hq ( 2214): NetWorkStateReceiver:::检查网络,并且持续更新 isConnect=false
05-30 10:23:39.161 I/SogouIME( 3087): onKeyDown: keyoCode=23
05-30 10:23:39.161 I/DefaultIMS( 3087): onKeyDown: keyoCode=23
05-30 10:23:39.162 I/TvSpecialKeyEventInterceptor( 3087): onKeyDown repeat: 0 onKeyDownConsume: false
05-30 10:23:39.298 I/SogouIME( 3087): onKeyUp: keyoCode=23
05-30 10:23:39.298 I/DefaultIMS( 3087): onKeyUp: keyoCode=23
05-30 10:23:39.299 I/TvSpecialKeyEventInterceptor( 3087): onKeyUp: onKeyDownConsume false onKeyUpConsume: false repeat: 0
05-30 10:23:39.299 I/fB ( 3087): onKeyClick: property=61440 code=49 symbol=1
05-30 10:23:39.299 I/KeyEventTransfer( 3087): doKeyInput: property=61440 code=49 text=1 miniText=null
05-30 10:23:39.321 I/ENKeyHandler( 3087): on selection update: oldStart: 8, oldEnd: 8, newStart: 9, newEnd: 9, composingStart: -1, composingEnd: -1
05-30 10:23:39.410 I/SogouIME( 3087): onKeyDown: keyoCode=22
05-30 10:23:39.410 I/DefaultIMS( 3087): onKeyDown: keyoCode=22
05-30 10:23:39.412 I/TvSpecialKeyEventInterceptor( 3087): onKeyDown repeat: 0 onKeyDownConsume: false
05-30 10:23:39.412 I/KeyboardViewPresenter( 3087): getNextKey Key_2
05-30 10:23:39.538 I/SogouIME( 3087): onKeyUp: keyoCode=22
05-30 10:23:39.538 I/DefaultIMS( 3087): onKeyUp: keyoCode=22
05-30 10:23:39.540 I/TvSpecialKeyEventInterceptor( 3087): onKeyUp: onKeyDownConsume false onKeyUpConsume: false repeat: 0
05-30 10:23:39.642 I/SogouIME( 3087): onKeyDown: keyoCode=22
05-30 10:23:39.642 I/DefaultIMS( 3087): onKeyDown: keyoCode=22
05-30 10:23:39.643 I/TvSpecialKeyEventInterceptor( 3087): onKeyDown repeat: 0 onKeyDownConsume: false
05-30 10:23:39.643 I/KeyboardViewPresenter( 3087): getNextKey Key_3
05-30 10:23:39.720 I/SogouIME( 3087): onKeyUp: keyoCode=22
05-30 10:23:39.721 I/DefaultIMS( 3087): onKeyUp: keyoCode=22
05-30 10:23:39.721 I/TvSpecialKeyEventInterceptor( 3087): onKeyUp: onKeyDownConsume false onKeyUpConsume: false repeat: 0
05-30 10:23:39.946 I/SogouIME( 3087): onKeyDown: keyoCode=23
05-30 10:23:39.946 I/DefaultIMS( 3087): onKeyDown: keyoCode=23
05-30 10:23:39.947 I/TvSpecialKeyEventInterceptor( 3087): onKeyDown repeat: 0 onKeyDownConsume: false
05-30 10:23:40.045 D/WifiNl80211Manager( 745): Scan result ready event
05-30 10:23:40.045 D/WifiNative( 745): Scan result ready event
05-30 10:23:40.062 D/WificondScannerImpl( 745): Filtering out 12 scan results.
05-30 10:23:40.082 I/SogouIME( 3087): onKeyUp: keyoCode=23
05-30 10:23:40.082 I/DefaultIMS( 3087): onKeyUp: keyoCode=23
05-30 10:23:40.083 I/TvSpecialKeyEventInterceptor( 3087): onKeyUp: onKeyDownConsume false onKeyUpConsume: false repeat: 0
05-30 10:23:40.083 I/fB ( 3087): onKeyClick: property=61440 code=51 symbol=3
05-30 10:23:40.083 I/KeyEventTransfer( 3087): doKeyInput: property=61440 code=51 text=3 miniText=null
05-30 10:23:40.095 E/hq ( 2214): NetWorkStateReceiver:::NetWorkStateReceiver onReceive: 网络变化广播 >>>> intent.action=android.net.wifi.SCAN_RESULTS
05-30 10:23:40.100 I/WifiHAL ( 570): call wifi_get_link_stats handler
05-30 10:23:40.100 I/WifiHAL ( 570): Creating message to get link statistics; iface = 16
05-30 10:23:40.100 D/WifiHAL ( 570): error code -95 mapped to -3
05-30 10:23:40.101 E/WifiStaIfaceAidlImpl( 745): getLinkLayerStats failed with service-specific exception: android.os.ServiceSpecificException: (code 4)
05-30 10:23:40.105 I/ENKeyHandler( 3087): on selection update: oldStart: 9, oldEnd: 9, newStart: 10, newEnd: 10, composingStart: -1, composingEnd: -1
05-30 10:23:40.107 I/SogouIME( 3087): onKeyDown: keyoCode=20
05-30 10:23:40.107 I/DefaultIMS( 3087): onKeyDown: keyoCode=20
05-30 10:23:40.108 I/TvSpecialKeyEventInterceptor( 3087): onKeyDown repeat: 0 onKeyDownConsume: false
05-30 10:23:40.109 I/KeyboardViewPresenter( 3087): getNextKey Key_6
05-30 10:23:40.114 W/eventbuscore( 2214): post Event:com.dangbei.leard.base.entity.event.NetWifiRssiEvent
05-30 10:23:40.217 I/SogouIME( 3087): onKeyUp: keyoCode=20
05-30 10:23:40.218 I/DefaultIMS( 3087): onKeyUp: keyoCode=20
05-30 10:23:40.218 I/TvSpecialKeyEventInterceptor( 3087): onKeyUp: onKeyDownConsume false onKeyUpConsume: false repeat: 0
05-30 10:23:40.329 I/SogouIME( 3087): onKeyDown: keyoCode=20
05-30 10:23:40.329 I/DefaultIMS( 3087): onKeyDown: keyoCode=20
05-30 10:23:40.330 I/TvSpecialKeyEventInterceptor( 3087): onKeyDown repeat: 0 onKeyDownConsume: false
05-30 10:23:40.330 I/KeyboardViewPresenter( 3087): getNextKey Key_9
05-30 10:23:40.400 I/SogouIME( 3087): onKeyUp: keyoCode=20
05-30 10:23:40.400 I/DefaultIMS( 3087): onKeyUp: keyoCode=20
05-30 10:23:40.401 I/TvSpecialKeyEventInterceptor( 3087): onKeyUp: onKeyDownConsume false onKeyUpConsume: false repeat: 0
05-30 10:23:40.529 I/SogouIME( 3087): onKeyDown: keyoCode=20
05-30 10:23:40.529 I/DefaultIMS( 3087): onKeyDown: keyoCode=20
05-30 10:23:40.530 I/TvSpecialKeyEventInterceptor( 3087): onKeyDown repeat: 0 onKeyDownConsume: false
05-30 10:23:40.530 I/KeyboardViewPresenter( 3087): getNextKey Key_At
05-30 10:23:40.584 I/SogouIME( 3087): onKeyUp: keyoCode=20
05-30 10:23:40.584 I/DefaultIMS( 3087): onKeyUp: keyoCode=20
05-30 10:23:40.585 I/TvSpecialKeyEventInterceptor( 3087): onKeyUp: onKeyDownConsume false onKeyUpConsume: false repeat: 0
05-30 10:23:41.081 I/SogouIME( 3087): onKeyDown: keyoCode=21
05-30 10:23:41.081 I/DefaultIMS( 3087): onKeyDown: keyoCode=21
05-30 10:23:41.082 I/TvSpecialKeyEventInterceptor( 3087): onKeyDown repeat: 0 onKeyDownConsume: false
05-30 10:23:41.082 I/KeyboardViewPresenter( 3087): getNextKey Key_0
05-30 10:23:41.128 D/hq ( 2214): NetWorkStateReceiver:::检查网络,并且持续更新 isConnect=false
05-30 10:23:41.217 I/SogouIME( 3087): onKeyUp: keyoCode=21
05-30 10:23:41.217 I/DefaultIMS( 3087): onKeyUp: keyoCode=21
05-30 10:23:41.218 I/TvSpecialKeyEventInterceptor( 3087): onKeyUp: onKeyDownConsume false onKeyUpConsume: false repeat: 0
05-30 10:23:41.433 I/SogouIME( 3087): onKeyDown: keyoCode=23
05-30 10:23:41.433 I/DefaultIMS( 3087): onKeyDown: keyoCode=23
05-30 10:23:41.434 I/TvSpecialKeyEventInterceptor( 3087): onKeyDown repeat: 0 onKeyDownConsume: false
05-30 10:23:41.528 I/SogouIME( 3087): onKeyUp: keyoCode=23
05-30 10:23:41.528 I/DefaultIMS( 3087): onKeyUp: keyoCode=23
05-30 10:23:41.529 I/TvSpecialKeyEventInterceptor( 3087): onKeyUp: onKeyDownConsume false onKeyUpConsume: false repeat: 0
05-30 10:23:41.529 I/fB ( 3087): onKeyClick: property=61440 code=48 symbol=0
05-30 10:23:41.529 I/KeyEventTransfer( 3087): doKeyInput: property=61440 code=48 text=0 miniText=null
05-30 10:23:41.548 I/ENKeyHandler( 3087): on selection update: oldStart: 10, oldEnd: 10, newStart: 11, newEnd: 11, composingStart: -1, composingEnd: -1
05-30 10:23:41.634 I/SogouIME( 3087): onKeyDown: keyoCode=19
05-30 10:23:41.634 I/DefaultIMS( 3087): onKeyDown: keyoCode=19
05-30 10:23:41.635 I/TvSpecialKeyEventInterceptor( 3087): onKeyDown repeat: 0 onKeyDownConsume: false
05-30 10:23:41.636 I/KeyboardViewPresenter( 3087): getNextKey Key_8
05-30 10:23:41.729 I/SogouIME( 3087): onKeyUp: keyoCode=19
05-30 10:23:41.729 I/DefaultIMS( 3087): onKeyUp: keyoCode=19
05-30 10:23:41.731 I/TvSpecialKeyEventInterceptor( 3087): onKeyUp: onKeyDownConsume false onKeyUpConsume: false repeat: 0
05-30 10:23:41.970 I/SogouIME( 3087): onKeyDown: keyoCode=22
05-30 10:23:41.970 I/DefaultIMS( 3087): onKeyDown: keyoCode=22
05-30 10:23:41.971 I/TvSpecialKeyEventInterceptor( 3087): onKeyDown repeat: 0 onKeyDownConsume: false
05-30 10:23:41.971 I/KeyboardViewPresenter( 3087): getNextKey Key_9
05-30 10:23:42.154 I/SogouIME( 3087): onKeyUp: keyoCode=22
05-30 10:23:42.154 I/DefaultIMS( 3087): onKeyUp: keyoCode=22
05-30 10:23:42.155 I/TvSpecialKeyEventInterceptor( 3087): onKeyUp: onKeyDownConsume false onKeyUpConsume: false repeat: 0
05-30 10:23:42.312 I/SogouIME( 3087): onKeyDown: keyoCode=23
05-30 10:23:42.313 I/DefaultIMS( 3087): onKeyDown: keyoCode=23
05-30 10:23:42.313 I/TvSpecialKeyEventInterceptor( 3087): onKeyDown repeat: 0 onKeyDownConsume: false
05-30 10:23:42.400 I/SogouIME( 3087): onKeyUp: keyoCode=23
05-30 10:23:42.400 I/DefaultIMS( 3087): onKeyUp: keyoCode=23
05-30 10:23:42.401 I/TvSpecialKeyEventInterceptor( 3087): onKeyUp: onKeyDownConsume false onKeyUpConsume: false repeat: 0
05-30 10:23:42.402 I/fB ( 3087): onKeyClick: property=61440 code=57 symbol=9
05-30 10:23:42.402 I/KeyEventTransfer( 3087): doKeyInput: property=61440 code=57 text=9 miniText=null
05-30 10:23:42.426 I/ENKeyHandler( 3087): on selection update: oldStart: 11, oldEnd: 11, newStart: 12, newEnd: 12, composingStart: -1, composingEnd: -1
05-30 10:23:42.690 I/SogouIME( 3087): onKeyDown: keyoCode=20
05-30 10:23:42.690 I/DefaultIMS( 3087): onKeyDown: keyoCode=20
05-30 10:23:42.692 I/TvSpecialKeyEventInterceptor( 3087): onKeyDown repeat: 0 onKeyDownConsume: false
05-30 10:23:42.692 I/KeyboardViewPresenter( 3087): getNextKey Key_At
05-30 10:23:42.809 I/SogouIME( 3087): onKeyUp: keyoCode=20
05-30 10:23:42.810 I/DefaultIMS( 3087): onKeyUp: keyoCode=20
05-30 10:23:42.811 I/TvSpecialKeyEventInterceptor( 3087): onKeyUp: onKeyDownConsume false onKeyUpConsume: false repeat: 0
05-30 10:23:42.931 I/SogouIME( 3087): onKeyDown: keyoCode=21
05-30 10:23:42.931 I/DefaultIMS( 3087): onKeyDown: keyoCode=21
05-30 10:23:42.932 I/TvSpecialKeyEventInterceptor( 3087): onKeyDown repeat: 0 onKeyDownConsume: false
05-30 10:23:42.932 I/KeyboardViewPresenter( 3087): getNextKey Key_0
05-30 10:23:43.090 I/SogouIME( 3087): onKeyUp: keyoCode=21
05-30 10:23:43.090 I/DefaultIMS( 3087): onKeyUp: keyoCode=21
05-30 10:23:43.091 I/TvSpecialKeyEventInterceptor( 3087): onKeyUp: onKeyDownConsume false onKeyUpConsume: false repeat: 0
05-30 10:23:43.130 D/hq ( 2214): NetWorkStateReceiver:::检查网络,并且持续更新 isConnect=false
05-30 10:23:43.257 I/SogouIME( 3087): onKeyDown: keyoCode=23
05-30 10:23:43.257 I/DefaultIMS( 3087): onKeyDown: keyoCode=23
05-30 10:23:43.257 I/TvSpecialKeyEventInterceptor( 3087): onKeyDown repeat: 0 onKeyDownConsume: false
05-30 10:23:43.386 I/SogouIME( 3087): onKeyUp: keyoCode=23
05-30 10:23:43.386 I/DefaultIMS( 3087): onKeyUp: keyoCode=23
05-30 10:23:43.387 I/TvSpecialKeyEventInterceptor( 3087): onKeyUp: onKeyDownConsume false onKeyUpConsume: false repeat: 0
05-30 10:23:43.387 I/fB ( 3087): onKeyClick: property=61440 code=48 symbol=0
05-30 10:23:43.387 I/KeyEventTransfer( 3087): doKeyInput: property=61440 code=48 text=0 miniText=null
05-30 10:23:43.411 I/ENKeyHandler( 3087): on selection update: oldStart: 12, oldEnd: 12, newStart: 13, newEnd: 13, composingStart: -1, composingEnd: -1
05-30 10:23:43.411 I/SogouIME( 3087): onKeyDown: keyoCode=19
05-30 10:23:43.411 I/DefaultIMS( 3087): onKeyDown: keyoCode=19
05-30 10:23:43.412 I/TvSpecialKeyEventInterceptor( 3087): onKeyDown repeat: 0 onKeyDownConsume: false
05-30 10:23:43.413 I/KeyboardViewPresenter( 3087): getNextKey Key_8
05-30 10:23:43.497 I/SogouIME( 3087): onKeyUp: keyoCode=19
05-30 10:23:43.497 I/DefaultIMS( 3087): onKeyUp: keyoCode=19
05-30 10:23:43.498 I/TvSpecialKeyEventInterceptor( 3087): onKeyUp: onKeyDownConsume false onKeyUpConsume: false repeat: 0
05-30 10:23:43.625 I/SogouIME( 3087): onKeyDown: keyoCode=19
05-30 10:23:43.626 I/DefaultIMS( 3087): onKeyDown: keyoCode=19
05-30 10:23:43.626 I/TvSpecialKeyEventInterceptor( 3087): onKeyDown repeat: 0 onKeyDownConsume: false
05-30 10:23:43.626 I/KeyboardViewPresenter( 3087): getNextKey Key_5
05-30 10:23:43.696 I/SogouIME( 3087): onKeyUp: keyoCode=19
05-30 10:23:43.696 I/DefaultIMS( 3087): onKeyUp: keyoCode=19
05-30 10:23:43.697 I/TvSpecialKeyEventInterceptor( 3087): onKeyUp: onKeyDownConsume false onKeyUpConsume: false repeat: 0
05-30 10:23:43.866 I/SogouIME( 3087): onKeyDown: keyoCode=23
05-30 10:23:43.866 I/DefaultIMS( 3087): onKeyDown: keyoCode=23
05-30 10:23:43.867 I/TvSpecialKeyEventInterceptor( 3087): onKeyDown repeat: 0 onKeyDownConsume: false
05-30 10:23:43.977 I/SogouIME( 3087): onKeyUp: keyoCode=23
05-30 10:23:43.977 I/DefaultIMS( 3087): onKeyUp: keyoCode=23
05-30 10:23:43.977 I/TvSpecialKeyEventInterceptor( 3087): onKeyUp: onKeyDownConsume false onKeyUpConsume: false repeat: 0
05-30 10:23:43.978 I/fB ( 3087): onKeyClick: property=61440 code=53 symbol=5
05-30 10:23:43.978 I/KeyEventTransfer( 3087): doKeyInput: property=61440 code=53 text=5 miniText=null
05-30 10:23:43.996 I/ENKeyHandler( 3087): on selection update: oldStart: 13, oldEnd: 13, newStart: 14, newEnd: 14, composingStart: -1, composingEnd: -1
05-30 10:23:44.353 I/SogouIME( 3087): onKeyDown: keyoCode=19
05-30 10:23:44.353 I/DefaultIMS( 3087): onKeyDown: keyoCode=19
05-30 10:23:44.354 I/TvSpecialKeyEventInterceptor( 3087): onKeyDown repeat: 0 onKeyDownConsume: false
05-30 10:23:44.354 I/KeyboardViewPresenter( 3087): getNextKey Key_2
05-30 10:23:44.426 I/SogouIME( 3087): onKeyUp: keyoCode=19
05-30 10:23:44.426 I/DefaultIMS( 3087): onKeyUp: keyoCode=19
05-30 10:23:44.427 I/TvSpecialKeyEventInterceptor( 3087): onKeyUp: onKeyDownConsume false onKeyUpConsume: false repeat: 0
05-30 10:23:44.793 I/SogouIME( 3087): onKeyDown: keyoCode=22
05-30 10:23:44.793 I/DefaultIMS( 3087): onKeyDown: keyoCode=22
05-30 10:23:44.795 I/TvSpecialKeyEventInterceptor( 3087): onKeyDown repeat: 0 onKeyDownConsume: false
05-30 10:23:44.795 I/KeyboardViewPresenter( 3087): getNextKey Key_3
05-30 10:23:44.897 I/SogouIME( 3087): onKeyUp: keyoCode=22
05-30 10:23:44.897 I/DefaultIMS( 3087): onKeyUp: keyoCode=22
05-30 10:23:44.898 I/TvSpecialKeyEventInterceptor( 3087): onKeyUp: onKeyDownConsume false onKeyUpConsume: false repeat: 0
05-30 10:23:45.001 I/SogouIME( 3087): onKeyDown: keyoCode=22
05-30 10:23:45.001 I/DefaultIMS( 3087): onKeyDown: keyoCode=22
05-30 10:23:45.002 I/TvSpecialKeyEventInterceptor( 3087): onKeyDown repeat: 0 onKeyDownConsume: false
05-30 10:23:45.002 I/KeyboardViewPresenter( 3087): getNextKey Key_A
05-30 10:23:45.072 I/SogouIME( 3087): onKeyUp: keyoCode=22
05-30 10:23:45.072 I/DefaultIMS( 3087): onKeyUp: keyoCode=22
05-30 10:23:45.073 I/TvSpecialKeyEventInterceptor( 3087): onKeyUp: onKeyDownConsume false onKeyUpConsume: false repeat: 0
05-30 10:23:45.131 D/hq ( 2214): NetWorkStateReceiver:::检查网络,并且持续更新 isConnect=false
05-30 10:23:45.185 I/SogouIME( 3087): onKeyDown: keyoCode=22
05-30 10:23:45.186 I/DefaultIMS( 3087): onKeyDown: keyoCode=22
05-30 10:23:45.186 I/TvSpecialKeyEventInterceptor( 3087): onKeyDown repeat: 0 onKeyDownConsume: false
05-30 10:23:45.186 I/KeyboardViewPresenter( 3087): getNextKey Key_B
05-30 10:23:45.248 I/SogouIME( 3087): onKeyUp: keyoCode=22
05-30 10:23:45.248 I/DefaultIMS( 3087): onKeyUp: keyoCode=22
05-30 10:23:45.249 I/TvSpecialKeyEventInterceptor( 3087): onKeyUp: onKeyDownConsume false onKeyUpConsume: false repeat: 0
05-30 10:23:45.361 I/SogouIME( 3087): onKeyDown: keyoCode=22
05-30 10:23:45.362 I/DefaultIMS( 3087): onKeyDown: keyoCode=22
05-30 10:23:45.362 I/TvSpecialKeyEventInterceptor( 3087): onKeyDown repeat: 0 onKeyDownConsume: false
05-30 10:23:45.363 I/KeyboardViewPresenter( 3087): getNextKey Key_C
05-30 10:23:45.432 I/SogouIME( 3087): onKeyUp: keyoCode=22
05-30 10:23:45.432 I/DefaultIMS( 3087): onKeyUp: keyoCode=22
05-30 10:23:45.433 I/TvSpecialKeyEventInterceptor( 3087): onKeyUp: onKeyDownConsume false onKeyUpConsume: false repeat: 0
05-30 10:23:45.546 I/SogouIME( 3087): onKeyDown: keyoCode=22
05-30 10:23:45.546 I/DefaultIMS( 3087): onKeyDown: keyoCode=22
05-30 10:23:45.547 I/TvSpecialKeyEventInterceptor( 3087): onKeyDown repeat: 0 onKeyDownConsume: false
05-30 10:23:45.547 I/KeyboardViewPresenter( 3087): getNextKey Key_D
05-30 10:23:45.617 I/SogouIME( 3087): onKeyUp: keyoCode=22
05-30 10:23:45.617 I/DefaultIMS( 3087): onKeyUp: keyoCode=22
05-30 10:23:45.618 I/TvSpecialKeyEventInterceptor( 3087): onKeyUp: onKeyDownConsume false onKeyUpConsume: false repeat: 0
05-30 10:23:45.729 I/SogouIME( 3087): onKeyDown: keyoCode=22
05-30 10:23:45.730 I/DefaultIMS( 3087): onKeyDown: keyoCode=22
05-30 10:23:45.730 I/TvSpecialKeyEventInterceptor( 3087): onKeyDown repeat: 0 onKeyDownConsume: false
05-30 10:23:45.730 I/KeyboardViewPresenter( 3087): getNextKey Key_E
05-30 10:23:45.784 I/SogouIME( 3087): onKeyUp: keyoCode=22
05-30 10:23:45.785 I/DefaultIMS( 3087): onKeyUp: keyoCode=22
05-30 10:23:45.786 I/TvSpecialKeyEventInterceptor( 3087): onKeyUp: onKeyDownConsume false onKeyUpConsume: false repeat: 0
05-30 10:23:45.905 I/SogouIME( 3087): onKeyDown: keyoCode=22
05-30 10:23:45.905 I/DefaultIMS( 3087): onKeyDown: keyoCode=22
05-30 10:23:45.906 I/TvSpecialKeyEventInterceptor( 3087): onKeyDown repeat: 0 onKeyDownConsume: false
05-30 10:23:45.906 I/KeyboardViewPresenter( 3087): getNextKey Key_F
05-30 10:23:45.960 I/SogouIME( 3087): onKeyUp: keyoCode=22
05-30 10:23:45.960 I/DefaultIMS( 3087): onKeyUp: keyoCode=22
05-30 10:23:45.961 I/TvSpecialKeyEventInterceptor( 3087): onKeyUp: onKeyDownConsume false onKeyUpConsume: false repeat: 0
05-30 10:23:46.081 I/SogouIME( 3087): onKeyDown: keyoCode=22
05-30 10:23:46.081 I/DefaultIMS( 3087): onKeyDown: keyoCode=22
05-30 10:23:46.082 I/TvSpecialKeyEventInterceptor( 3087): onKeyDown repeat: 0 onKeyDownConsume: false
05-30 10:23:46.082 I/KeyboardViewPresenter( 3087): getNextKey Key_G
05-30 10:23:46.137 I/SogouIME( 3087): onKeyUp: keyoCode=22
05-30 10:23:46.137 I/DefaultIMS( 3087): onKeyUp: keyoCode=22
05-30 10:23:46.138 I/TvSpecialKeyEventInterceptor( 3087): onKeyUp: onKeyDownConsume false onKeyUpConsume: false repeat: 0
05-30 10:23:46.274 I/SogouIME( 3087): onKeyDown: keyoCode=22
05-30 10:23:46.274 I/DefaultIMS( 3087): onKeyDown: keyoCode=22
05-30 10:23:46.275 I/TvSpecialKeyEventInterceptor( 3087): onKeyDown repeat: 0 onKeyDownConsume: false
05-30 10:23:46.275 I/KeyboardViewPresenter( 3087): getNextKey Key_Shift_Qwerty
05-30 10:23:46.337 I/SogouIME( 3087): onKeyUp: keyoCode=22
05-30 10:23:46.337 I/DefaultIMS( 3087): onKeyUp: keyoCode=22
05-30 10:23:46.338 I/TvSpecialKeyEventInterceptor( 3087): onKeyUp: onKeyDownConsume false onKeyUpConsume: false repeat: 0
05-30 10:23:46.481 I/SogouIME( 3087): onKeyDown: keyoCode=22
05-30 10:23:46.481 I/DefaultIMS( 3087): onKeyDown: keyoCode=22
05-30 10:23:46.482 I/TvSpecialKeyEventInterceptor( 3087): onKeyDown repeat: 0 onKeyDownConsume: false
05-30 10:23:46.482 I/KeyboardViewPresenter( 3087): getNextKey Key_Hide_Keyboard
05-30 10:23:46.493 I/efs.send_log( 2616): log cann't be send because net status is disconnected
05-30 10:23:46.545 I/SogouIME( 3087): onKeyUp: keyoCode=22
05-30 10:23:46.545 I/DefaultIMS( 3087): onKeyUp: keyoCode=22
05-30 10:23:46.546 I/TvSpecialKeyEventInterceptor( 3087): onKeyUp: onKeyDownConsume false onKeyUpConsume: false repeat: 0
05-30 10:23:47.132 D/hq ( 2214): NetWorkStateReceiver:::检查网络,并且持续更新 isConnect=false
05-30 10:23:47.520 I/SogouIME( 3087): onKeyDown: keyoCode=23
05-30 10:23:47.521 I/DefaultIMS( 3087): onKeyDown: keyoCode=23
05-30 10:23:47.522 I/TvSpecialKeyEventInterceptor( 3087): onKeyDown repeat: 0 onKeyDownConsume: false
