05-29 20:51:46.418 E/nStackXCoAP( 3061): IsInSameNetwork:[281] :IsInSameNetwork: not priority process
05-29 20:51:46.431 E/martin ( 1453): 组件:2025-05-29
05-29 20:51:46.435 E/weatherWidget( 1453): dataChange:Thu May 29 20:51:46 GMT+08:00 2025
05-29 20:51:46.446 D/XHttpObservable( 1802): createNetWorkObservable subscribe: ShowMessageEntity{code=0, data=TipEntity{movieType=[我想看喜剧片, 动作片, 枪战片], movie=[庆余年, 误杀, 美丽人生, 爆笑虫子, 哪吒, 小猪佩奇, 胡歌的电视剧, 张艺谋导演的电影, 切换到1080P, 收藏], appController=[打开当贝市场, 下载哈趣影视, 爱奇艺, 卸载腾讯视频], weather=[今天的天气, 未来五天的天气, 杭州天气怎么样, 明天下不下雨], music=[我要听歌, 周杰伦的歌, 上一首, 下一首, 快进一分钟, 暂停], liveAppDownload='非常抱歉,根据监管部门政策管理要求,暂不提供相应服务。', subscreen=null, wakeUpVoiceResponse=[ProbabilityEntity{word='在呢', probability=30}, ProbabilityEntity{word='我在', probability=35}, ProbabilityEntity{word='你说', probability=15}, ProbabilityEntity{word='来啦', probability=20}], unrecognizedVoiceResponse=[ProbabilityEntity{word='可以再说一遍么', probability=45}, ProbabilityEntity{word='可以说的详细一点么', probability=30}, ProbabilityEntity{word='请问有什么可以帮您', probability=25}], notUnderstandVoiceResponse=[ProbabilityEntity{word='换个说法试试吧', probability=100}]}, message='success'} ,,, isDisposed = false
05-29 20:51:46.462 I/System.out( 2643): true
05-29 20:51:46.462 D/XHttpObservable( 1802): createNetWorkObservable subscribe: MediaControlEntity{code=0, data=PageEntity{list=[ContentEntity{packageName='com.dangbei.leard.leradlauncher', activityName='FilmDetailActivity'}, ContentEntity{packageName='com.dangbei.leard.leradlauncher', activityName='FullScreenDetailActivity'}, ContentEntity{packageName='com.dangbei.leard.leradlauncher', activityName='TencentSportActivity'}, ContentEntity{packageName='com.dangbei.leradVideoPlugins', activityName='FilmDetailActivity'}, ContentEntity{packageName='com.dangbei.leradVideoPlugins', activityName='FullScreenDetailActivity'}, ContentEntity{packageName='com.dangbei.leradVideoPlugins', activityName='TencentSportActivity'}, ContentEntity{packageName='com.dangbei.leradVideoPlugins', activityName='ShortPlayActivity'}, ContentEntity{packageName='com.dangbei.hqmedia', activityName='FilmDetailActivity'}, ContentEntity{packageName='com.dangbei.hqmedia', activityName='FullScreenDetailActivity'}, ContentEntity{packageName='com.dangbei.leradVideoPlugins', activityName='MangoMediaActivity'}, ContentEntity{packageName='com.dangbei.leradVideoPlugins', activityName='VcinemaActivity'}]}, message='success'} ,,, isDisposed = false
05-29 20:51:46.465 D/TrafficStats( 1453): tagSocket(130) with statsTag=0xffffffff, statsUid=-1
05-29 20:51:46.466 D/TrafficStats( 1453): tagSocket(135) with statsTag=0xffffffff, statsUid=-1
05-29 20:51:46.469 D/TrafficStats( 2643): tagSocket(5) with statsTag=0xffffffff, statsUid=-1
05-29 20:51:46.486 I/serviceDiscovery( 720): [MdnsAdvertiser.wlan0] Probing finished for service 5
05-29 20:51:46.487 D/LanCommander( 1400): com.dangbei.andes.bean.RegistrationData@f142c45----------------onServiceRegistered
05-29 20:51:46.490 D/TrafficStats( 1453): tagSocket(124) with statsTag=0xffffffff, statsUid=-1
05-29 20:51:46.496 D/config.Worker( 2179): config,ver: null
05-29 20:51:46.496 D/ab.Worker( 2179): ab,ver: null
05-29 20:51:46.503 E/nStackXDFinder( 3061): GetLocalIp:[401] :GetLocalIp exec
05-29 20:51:46.503 E/nStackXDFinder( 3061): GetLocalIp:[401] :GetLocalIp exec
05-29 20:51:46.503 E/nStackXDFinder( 3061): GetLocalIp:[401] :GetLocalIp exec
05-29 20:51:46.505 D/TrafficStats( 1453): tagSocket(140) with statsTag=0xffffffff, statsUid=-1
05-29 20:51:46.505 I/nStackXCoAP( 3061): CoapServiceDiscoverTimerHandle:[524] :the 6 times for device discover.
05-29 20:51:46.507 D/TrafficStats( 1453): tagSocket(155) with statsTag=0xffffffff, statsUid=-1
05-29 20:51:46.518 D/nStackXCoAP( 3061): IsInSameNetwork:[276] :IsInSameNetwork exec
05-29 20:51:46.518 I/nStackXDFinder( 3061): GetLocalInterfaceDetail:[461] :GetLocalInterfaceDetail in
05-29 20:51:46.518 E/nStackXCoAP( 3061): IsInSameNetwork:[281] :IsInSameNetwork: not priority process
05-29 20:51:46.519 D/nStackXCoAP( 3061): IsInSameNetwork:[276] :IsInSameNetwork exec
05-29 20:51:46.519 I/nStackXDFinder( 3061): GetLocalInterfaceDetail:[461] :GetLocalInterfaceDetail in
05-29 20:51:46.519 E/nStackXCoAP( 3061): IsInSameNetwork:[281] :IsInSameNetwork: not priority process
05-29 20:51:46.531 D/nStackXCoAP( 3061): IsInSameNetwork:[276] :IsInSameNetwork exec
05-29 20:51:46.531 I/nStackXDFinder( 3061): GetLocalInterfaceDetail:[461] :GetLocalInterfaceDetail in
05-29 20:51:46.531 E/nStackXCoAP( 3061): IsInSameNetwork:[281] :IsInSameNetwork: not priority process
05-29 20:51:46.571 D/AppManager( 1453): checkLocalAppsIsValid: success
05-29 20:51:46.575 D/nStackXCoAP( 3061): IsInSameNetwork:[276] :IsInSameNetwork exec
05-29 20:51:46.575 I/nStackXDFinder( 3061): GetLocalInterfaceDetail:[461] :GetLocalInterfaceDetail in
05-29 20:51:46.575 E/nStackXCoAP( 3061): IsInSameNetwork:[281] :IsInSameNetwork: not priority process
05-29 20:51:46.576 D/nStackXCoAP( 3061): IsInSameNetwork:[276] :IsInSameNetwork exec
05-29 20:51:46.576 I/nStackXDFinder( 3061): GetLocalInterfaceDetail:[461] :GetLocalInterfaceDetail in
05-29 20:51:46.576 E/nStackXCoAP( 3061): IsInSameNetwork:[281] :IsInSameNetwork: not priority process
05-29 20:51:46.576 D/nStackXCoAP( 3061): IsInSameNetwork:[276] :IsInSameNetwork exec
05-29 20:51:46.576 I/nStackXDFinder( 3061): GetLocalInterfaceDetail:[461] :GetLocalInterfaceDetail in
05-29 20:51:46.576 E/nStackXCoAP( 3061): IsInSameNetwork:[281] :IsInSameNetwork: not priority process
05-29 20:51:46.577 D/nStackXCoAP( 3061): IsInSameNetwork:[276] :IsInSameNetwork exec
05-29 20:51:46.577 I/nStackXDFinder( 3061): GetLocalInterfaceDetail:[461] :GetLocalInterfaceDetail in
05-29 20:51:46.577 E/nStackXCoAP( 3061): IsInSameNetwork:[281] :IsInSameNetwork: not priority process
05-29 20:51:46.578 D/nStackXCoAP( 3061): IsInSameNetwork:[276] :IsInSameNetwork exec
05-29 20:51:46.578 I/nStackXDFinder( 3061): GetLocalInterfaceDetail:[461] :GetLocalInterfaceDetail in
05-29 20:51:46.578 E/nStackXCoAP( 3061): IsInSameNetwork:[281] :IsInSameNetwork: not priority process
05-29 20:51:46.581 D/TrafficStats( 1453): tagSocket(125) with statsTag=0xffffffff, statsUid=-1
05-29 20:51:46.588 D/nStackXCoAP( 3061): IsInSameNetwork:[276] :IsInSameNetwork exec
05-29 20:51:46.588 I/nStackXDFinder( 3061): GetLocalInterfaceDetail:[461] :GetLocalInterfaceDetail in
05-29 20:51:46.588 E/nStackXCoAP( 3061): IsInSameNetwork:[281] :IsInSameNetwork: not priority process
05-29 20:51:46.594 D/TrafficStats( 1453): tagSocket(124) with statsTag=0xffffffff, statsUid=-1
05-29 20:51:46.606 D/TrafficStats( 1453): tagSocket(135) with statsTag=0xffffffff, statsUid=-1
05-29 20:51:46.612 D/nStackXCoAP( 3061): IsInSameNetwork:[276] :IsInSameNetwork exec
05-29 20:51:46.612 I/nStackXDFinder( 3061): GetLocalInterfaceDetail:[461] :GetLocalInterfaceDetail in
05-29 20:51:46.612 E/nStackXCoAP( 3061): IsInSameNetwork:[281] :IsInSameNetwork: not priority process
05-29 20:51:46.613 D/nStackXCoAP( 3061): IsInSameNetwork:[276] :IsInSameNetwork exec
05-29 20:51:46.614 I/nStackXDFinder( 3061): GetLocalInterfaceDetail:[461] :GetLocalInterfaceDetail in
05-29 20:51:46.614 E/nStackXCoAP( 3061): IsInSameNetwork:[281] :IsInSameNetwork: not priority process
05-29 20:51:46.616 D/nStackXCoAP( 3061): IsInSameNetwork:[276] :IsInSameNetwork exec
05-29 20:51:46.616 I/nStackXDFinder( 3061): GetLocalInterfaceDetail:[461] :GetLocalInterfaceDetail in
05-29 20:51:46.616 E/nStackXCoAP( 3061): IsInSameNetwork:[281] :IsInSameNetwork: not priority process
05-29 20:51:46.621 D/TrafficStats( 1453): tagSocket(140) with statsTag=0xffffffff, statsUid=-1
05-29 20:51:46.622 D/nStackXCoAP( 3061): IsInSameNetwork:[276] :IsInSameNetwork exec
05-29 20:51:46.622 I/nStackXDFinder( 3061): GetLocalInterfaceDetail:[461] :GetLocalInterfaceDetail in
05-29 20:51:46.622 E/nStackXCoAP( 3061): IsInSameNetwork:[281] :IsInSameNetwork: not priority process
05-29 20:51:46.624 D/nStackXCoAP( 3061): IsInSameNetwork:[276] :IsInSameNetwork exec
05-29 20:51:46.624 I/nStackXDFinder( 3061): GetLocalInterfaceDetail:[461] :GetLocalInterfaceDetail in
05-29 20:51:46.624 E/nStackXCoAP( 3061): IsInSameNetwork:[281] :IsInSameNetwork: not priority process
05-29 20:51:46.627 D/nStackXCoAP( 3061): IsInSameNetwork:[276] :IsInSameNetwork exec
05-29 20:51:46.627 I/nStackXDFinder( 3061): GetLocalInterfaceDetail:[461] :GetLocalInterfaceDetail in
05-29 20:51:46.627 E/nStackXCoAP( 3061): IsInSameNetwork:[281] :IsInSameNetwork: not priority process
05-29 20:51:46.632 D/nStackXCoAP( 3061): IsInSameNetwork:[276] :IsInSameNetwork exec
05-29 20:51:46.632 I/nStackXDFinder( 3061): GetLocalInterfaceDetail:[461] :GetLocalInterfaceDetail in
05-29 20:51:46.632 E/nStackXCoAP( 3061): IsInSameNetwork:[281] :IsInSameNetwork: not priority process
05-29 20:51:46.633 D/nStackXCoAP( 3061): IsInSameNetwork:[276] :IsInSameNetwork exec
05-29 20:51:46.633 I/nStackXDFinder( 3061): GetLocalInterfaceDetail:[461] :GetLocalInterfaceDetail in
05-29 20:51:46.633 E/nStackXCoAP( 3061): IsInSameNetwork:[281] :IsInSameNetwork: not priority process
05-29 20:51:46.634 D/nStackXCoAP( 3061): IsInSameNetwork:[276] :IsInSameNetwork exec
05-29 20:51:46.634 I/nStackXDFinder( 3061): GetLocalInterfaceDetail:[461] :GetLocalInterfaceDetail in
05-29 20:51:46.634 E/nStackXCoAP( 3061): IsInSameNetwork:[281] :IsInSameNetwork: not priority process
05-29 20:51:46.645 D/nStackXCoAP( 3061): IsInSameNetwork:[276] :IsInSameNetwork exec
05-29 20:51:46.645 I/nStackXDFinder( 3061): GetLocalInterfaceDetail:[461] :GetLocalInterfaceDetail in
05-29 20:51:46.645 E/nStackXCoAP( 3061): IsInSameNetwork:[281] :IsInSameNetwork: not priority process
05-29 20:51:46.672 I/efs.base( 2861): lt=event`ev_ct=efs_core`ev_ac=log_lag`tm=2025-05-29 20:51:67`dn=71341b1b-9906-4da5-ae19-1fe3767c9d42`ps=com.dangbei.screencast`um_os=android`stime=1748522705044`pid=2861`fr=android`pkg=com.dangbei.screencast`vcode=20830`dsp_w=1920`uid=71341b1b-9906-4da5-ae19-1fe3767c9d42`rom=14`wid=71341b1b-9906-4da5-ae19-1fe3767c9d42`um_app_carrier=`um_access=unknow`um_app_channel=os`um_crash_sdk_version=1.4.0`ctime=1748523106`model=dbbox-a3`lang=zh`net=wifi`brand=amlogic`dsp_h=1080`um_network_type=0`ver=v2.8.3`cnt=7`build_model=DBBOX-A3`w_tm=1748523106`appid=5fc60c21094d637f3130af19`um_umid_header=aie8abf783f8226a4dd3a89d831f83b59a`sdk=34`tzone=Asia/Shanghai`sdk_ver=1.3.6.umeng
05-29 20:51:46.688 I/d.leradlauncher( 1453): Background concurrent copying GC freed 179369(8893KB) AllocSpace objects, 24(2556KB) LOS objects, 50% free, 15MB/31MB, paused 847us,266us total 686.525ms
05-29 20:51:46.738 D/TrafficStats( 1453): tagSocket(125) with statsTag=0xffffffff, statsUid=-1
05-29 20:51:46.745 D/TrafficStats( 1453): tagSocket(130) with statsTag=0xffffffff, statsUid=-1
05-29 20:51:46.759 D/TrafficStats( 2861): tagSocket(5) with statsTag=0xffffffff, statsUid=-1
05-29 20:51:46.761 D/TrafficStats( 2861): tagSocket(212) with statsTag=0xffffffff, statsUid=-1
05-29 20:51:46.762 D/TrafficStats( 1453): tagSocket(135) with statsTag=0xffffffff, statsUid=-1
05-29 20:51:46.818 D/nStackXCoAP( 3061): IsInSameNetwork:[276] :IsInSameNetwork exec
05-29 20:51:46.818 I/nStackXDFinder( 3061): GetLocalInterfaceDetail:[461] :GetLocalInterfaceDetail in
05-29 20:51:46.818 E/nStackXCoAP( 3061): IsInSameNetwork:[281] :IsInSameNetwork: not priority process
05-29 20:51:46.818 E/nStackXCoAP( 3061): ParseServiceDataJsonData:[186] :parse device serviceData error
05-29 20:51:46.906 I/audio_hw_hal_alsamgr( 504): alsa format =0x9000000 delay frames =2048 total frames=19968000
05-29 20:51:46.906 I/audio_hw_hal_alsamgr( 504): alsa format =0xa000000 delay frames =8192 total frames=79872000
05-29 20:51:46.933 D/nStackXCoAP( 3061): IsInSameNetwork:[276] :IsInSameNetwork exec
05-29 20:51:46.934 I/nStackXDFinder( 3061): GetLocalInterfaceDetail:[461] :GetLocalInterfaceDetail in
05-29 20:51:46.934 E/nStackXCoAP( 3061): IsInSameNetwork:[281] :IsInSameNetwork: not priority process
05-29 20:51:47.005 E/nStackXDFinder( 3061): GetLocalIp:[401] :GetLocalIp exec
05-29 20:51:47.005 E/nStackXDFinder( 3061): GetLocalIp:[401] :GetLocalIp exec
05-29 20:51:47.005 E/nStackXDFinder( 3061): GetLocalIp:[401] :GetLocalIp exec
05-29 20:51:47.006 I/nStackXCoAP( 3061): CoapServiceDiscoverTimerHandle:[524] :the 7 times for device discover.
05-29 20:51:47.018 D/nStackXCoAP( 3061): IsInSameNetwork:[276] :IsInSameNetwork exec
05-29 20:51:47.018 I/efs.base( 2861): wa upload succ, HttpResponse {succ=true, code=200, data='暂不支持该服务', extra={req_url=https://errlog.umeng.com/api/crashsdk/logcollect}}
05-29 20:51:47.018 I/nStackXDFinder( 3061): GetLocalInterfaceDetail:[461] :GetLocalInterfaceDetail in
05-29 20:51:47.018 E/nStackXCoAP( 3061): IsInSameNetwork:[281] :IsInSameNetwork: not priority process
05-29 20:51:47.021 D/TrafficStats( 2861): tagSocket(5) with statsTag=0xffffffff, statsUid=-1
05-29 20:51:47.025 D/config.Worker( 2179): config,ver: null
05-29 20:51:47.025 D/ab.Worker( 2179): ab,ver: null
05-29 20:51:47.027 D/nStackXCoAP( 3061): IsInSameNetwork:[276] :IsInSameNetwork exec
05-29 20:51:47.027 I/nStackXDFinder( 3061): GetLocalInterfaceDetail:[461] :GetLocalInterfaceDetail in
05-29 20:51:47.027 E/nStackXCoAP( 3061): IsInSameNetwork:[281] :IsInSameNetwork: not priority process
05-29 20:51:47.038 D/nStackXCoAP( 3061): IsInSameNetwork:[276] :IsInSameNetwork exec
05-29 20:51:47.038 I/nStackXDFinder( 3061): GetLocalInterfaceDetail:[461] :GetLocalInterfaceDetail in
05-29 20:51:47.038 E/nStackXCoAP( 3061): IsInSameNetwork:[281] :IsInSameNetwork: not priority process
05-29 20:51:47.041 D/nStackXCoAP( 3061): IsInSameNetwork:[276] :IsInSameNetwork exec
05-29 20:51:47.042 I/nStackXDFinder( 3061): GetLocalInterfaceDetail:[461] :GetLocalInterfaceDetail in
05-29 20:51:47.042 E/nStackXCoAP( 3061): IsInSameNetwork:[281] :IsInSameNetwork: not priority process
05-29 20:51:47.062 D/nStackXCoAP( 3061): IsInSameNetwork:[276] :IsInSameNetwork exec
05-29 20:51:47.062 I/nStackXDFinder( 3061): GetLocalInterfaceDetail:[461] :GetLocalInterfaceDetail in
05-29 20:51:47.062 E/nStackXCoAP( 3061): IsInSameNetwork:[281] :IsInSameNetwork: not priority process
05-29 20:51:47.073 D/nStackXCoAP( 3061): IsInSameNetwork:[276] :IsInSameNetwork exec
05-29 20:51:47.073 I/nStackXDFinder( 3061): GetLocalInterfaceDetail:[461] :GetLocalInterfaceDetail in
05-29 20:51:47.073 E/nStackXCoAP( 3061): IsInSameNetwork:[281] :IsInSameNetwork: not priority process
05-29 20:51:47.074 D/nStackXCoAP( 3061): IsInSameNetwork:[276] :IsInSameNetwork exec
05-29 20:51:47.074 I/nStackXDFinder( 3061): GetLocalInterfaceDetail:[461] :GetLocalInterfaceDetail in
05-29 20:51:47.074 E/nStackXCoAP( 3061): IsInSameNetwork:[281] :IsInSameNetwork: not priority process
05-29 20:51:47.078 I/nStackXDFinder( 3061): NotifyDeviceListChanged:[540] :notify callback: device list changed callback is null
05-29 20:51:47.082 D/nStackXCoAP( 3061): IsInSameNetwork:[276] :IsInSameNetwork exec
05-29 20:51:47.082 I/nStackXDFinder( 3061): GetLocalInterfaceDetail:[461] :GetLocalInterfaceDetail in
05-29 20:51:47.082 E/nStackXCoAP( 3061): IsInSameNetwork:[281] :IsInSameNetwork: not priority process
05-29 20:51:47.083 D/nStackXCoAP( 3061): IsInSameNetwork:[276] :IsInSameNetwork exec
05-29 20:51:47.083 I/nStackXDFinder( 3061): GetLocalInterfaceDetail:[461] :GetLocalInterfaceDetail in
05-29 20:51:47.083 E/nStackXCoAP( 3061): IsInSameNetwork:[281] :IsInSameNetwork: not priority process
05-29 20:51:47.086 D/nStackXCoAP( 3061): IsInSameNetwork:[276] :IsInSameNetwork exec
05-29 20:51:47.086 I/nStackXDFinder( 3061): GetLocalInterfaceDetail:[461] :GetLocalInterfaceDetail in
05-29 20:51:47.086 E/nStackXCoAP( 3061): IsInSameNetwork:[281] :IsInSameNetwork: not priority process
05-29 20:51:47.087 D/nStackXCoAP( 3061): IsInSameNetwork:[276] :IsInSameNetwork exec
05-29 20:51:47.087 I/nStackXDFinder( 3061): GetLocalInterfaceDetail:[461] :GetLocalInterfaceDetail in
05-29 20:51:47.087 E/nStackXCoAP( 3061): IsInSameNetwork:[281] :IsInSameNetwork: not priority process
05-29 20:51:47.087 D/nStackXCoAP( 3061): IsInSameNetwork:[276] :IsInSameNetwork exec
05-29 20:51:47.087 I/nStackXDFinder( 3061): GetLocalInterfaceDetail:[461] :GetLocalInterfaceDetail in
05-29 20:51:47.087 E/nStackXCoAP( 3061): IsInSameNetwork:[281] :IsInSameNetwork: not priority process
05-29 20:51:47.102 D/nStackXCoAP( 3061): IsInSameNetwork:[276] :IsInSameNetwork exec
05-29 20:51:47.102 I/nStackXDFinder( 3061): GetLocalInterfaceDetail:[461] :GetLocalInterfaceDetail in
05-29 20:51:47.102 E/nStackXCoAP( 3061): IsInSameNetwork:[281] :IsInSameNetwork: not priority process
05-29 20:51:47.103 D/nStackXCoAP( 3061): IsInSameNetwork:[276] :IsInSameNetwork exec
05-29 20:51:47.103 I/nStackXDFinder( 3061): GetLocalInterfaceDetail:[461] :GetLocalInterfaceDetail in
05-29 20:51:47.103 E/nStackXCoAP( 3061): IsInSameNetwork:[281] :IsInSameNetwork: not priority process
05-29 20:51:47.117 D/nStackXCoAP( 3061): IsInSameNetwork:[276] :IsInSameNetwork exec
05-29 20:51:47.117 I/nStackXDFinder( 3061): GetLocalInterfaceDetail:[461] :GetLocalInterfaceDetail in
05-29 20:51:47.117 E/nStackXCoAP( 3061): IsInSameNetwork:[281] :IsInSameNetwork: not priority process
05-29 20:51:47.122 D/nStackXCoAP( 3061): IsInSameNetwork:[276] :IsInSameNetwork exec
05-29 20:51:47.122 I/nStackXDFinder( 3061): GetLocalInterfaceDetail:[461] :GetLocalInterfaceDetail in
05-29 20:51:47.122 E/nStackXCoAP( 3061): IsInSameNetwork:[281] :IsInSameNetwork: not priority process
05-29 20:51:47.123 D/nStackXCoAP( 3061): IsInSameNetwork:[276] :IsInSameNetwork exec
05-29 20:51:47.123 I/nStackXDFinder( 3061): GetLocalInterfaceDetail:[461] :GetLocalInterfaceDetail in
05-29 20:51:47.123 E/nStackXCoAP( 3061): IsInSameNetwork:[281] :IsInSameNetwork: not priority process
05-29 20:51:47.124 D/nStackXCoAP( 3061): IsInSameNetwork:[276] :IsInSameNetwork exec
05-29 20:51:47.124 I/nStackXDFinder( 3061): GetLocalInterfaceDetail:[461] :GetLocalInterfaceDetail in
05-29 20:51:47.124 E/nStackXCoAP( 3061): IsInSameNetwork:[281] :IsInSameNetwork: not priority process
05-29 20:51:47.134 I/efs.base( 2861): wa upload succ, HttpResponse {succ=true, code=200, data='暂不支持该服务', extra={req_url=https://errlog.umeng.com/api/crashsdk/logcollect}}
05-29 20:51:47.136 D/TrafficStats( 2861): tagSocket(212) with statsTag=0xffffffff, statsUid=-1
05-29 20:51:47.150 D/nStackXCoAP( 3061): IsInSameNetwork:[276] :IsInSameNetwork exec
05-29 20:51:47.150 I/nStackXDFinder( 3061): GetLocalInterfaceDetail:[461] :GetLocalInterfaceDetail in
05-29 20:51:47.150 E/nStackXCoAP( 3061): IsInSameNetwork:[281] :IsInSameNetwork: not priority process
05-29 20:51:47.164 D/nStackXCoAP( 3061): IsInSameNetwork:[276] :IsInSameNetwork exec
05-29 20:51:47.164 I/nStackXDFinder( 3061): GetLocalInterfaceDetail:[461] :GetLocalInterfaceDetail in
05-29 20:51:47.164 E/nStackXCoAP( 3061): IsInSameNetwork:[281] :IsInSameNetwork: not priority process
05-29 20:51:47.168 D/nStackXCoAP( 3061): IsInSameNetwork:[276] :IsInSameNetwork exec
05-29 20:51:47.168 I/nStackXDFinder( 3061): GetLocalInterfaceDetail:[461] :GetLocalInterfaceDetail in
05-29 20:51:47.168 E/nStackXCoAP( 3061): IsInSameNetwork:[281] :IsInSameNetwork: not priority process
05-29 20:51:47.183 D/nStackXCoAP( 3061): IsInSameNetwork:[276] :IsInSameNetwork exec
05-29 20:51:47.183 I/nStackXDFinder( 3061): GetLocalInterfaceDetail:[461] :GetLocalInterfaceDetail in
05-29 20:51:47.183 E/nStackXCoAP( 3061): IsInSameNetwork:[281] :IsInSameNetwork: not priority process
05-29 20:51:47.183 E/nStackXCoAP( 3061): ParseServiceDataJsonData:[186] :parse device serviceData error
05-29 20:51:47.227 D/nStackXCoAP( 3061): IsInSameNetwork:[276] :IsInSameNetwork exec
05-29 20:51:47.227 I/nStackXDFinder( 3061): GetLocalInterfaceDetail:[461] :GetLocalInterfaceDetail in
05-29 20:51:47.227 E/nStackXCoAP( 3061): IsInSameNetwork:[281] :IsInSameNetwork: not priority process
05-29 20:51:47.229 D/nStackXCoAP( 3061): IsInSameNetwork:[276] :IsInSameNetwork exec
05-29 20:51:47.229 I/nStackXDFinder( 3061): GetLocalInterfaceDetail:[461] :GetLocalInterfaceDetail in
05-29 20:51:47.229 E/nStackXCoAP( 3061): IsInSameNetwork:[281] :IsInSameNetwork: not priority process
05-29 20:51:47.232 D/nStackXCoAP( 3061): IsInSameNetwork:[276] :IsInSameNetwork exec
05-29 20:51:47.232 I/nStackXDFinder( 3061): GetLocalInterfaceDetail:[461] :GetLocalInterfaceDetail in
05-29 20:51:47.232 E/nStackXCoAP( 3061): IsInSameNetwork:[281] :IsInSameNetwork: not priority process
05-29 20:51:47.264 I/WifiHAL ( 531): call wifi_get_link_stats handler
05-29 20:51:47.264 I/WifiHAL ( 531): Creating message to get link statistics; iface = 16
05-29 20:51:47.264 D/WifiHAL ( 531): error code -95 mapped to -3
05-29 20:51:47.264 E/WifiStaIfaceAidlImpl( 720): getLinkLayerStats failed with service-specific exception: android.os.ServiceSpecificException: (code 4)
05-29 20:51:47.272 I/d.leradlauncher( 1453): Background young concurrent copying GC freed 120934(7041KB) AllocSpace objects, 159(5848KB) LOS objects, 23% free, 23MB/31MB, paused 293us,111us total 221.181ms
05-29 20:51:47.274 D/InstantWifi( 720): Receive Wifi is connected, freq = 5260 and currentNetworkId : 2, wifiinfo = SSID: , BSSID: 02:00:00:00:00:00, MAC: 02:00:00:00:00:00, IP: /192.168.3.195, Security type: 2, Supplicant state: COMPLETED, Wi-Fi standard: 6, RSSI: -69, Link speed: 1200Mbps, Tx Link speed: 1200Mbps, Max Supported Tx Link speed: 1200Mbps, Rx Link speed: 216Mbps, Max Supported Rx Link speed: 1200Mbps, Frequency: 5260MHz, Net ID: -1, Metered hint: false, score: 60, isUsable: true, CarrierMerged: false, SubscriptionId: -1, IsPrimary: 1, Trusted: true, Restricted: false, Ephemeral: false, OEM paid: false, OEM private: false, OSU AP: false, FQDN: , Provider friendly name: , Requesting package name: MLO Information: , Is TID-To-Link negotiation supported by the AP: false, AP MLD Address: , AP MLO Link Id: , AP MLO Affiliated links:
05-29 20:51:47.281 W/IPCThreadState( 720): Sending oneway calls to frozen process.
05-29 20:51:47.284 W/IPCThreadState( 720): Sending oneway calls to frozen process.
05-29 20:51:47.288 I/efs.base( 2861): wa upload succ, HttpResponse {succ=true, code=200, data='暂不支持该服务', extra={req_url=https://errlog.umeng.com/api/crashsdk/logcollect}}
05-29 20:51:47.290 D/TrafficStats( 2861): tagSocket(5) with statsTag=0xffffffff, statsUid=-1
05-29 20:51:47.296 D/config.Worker( 2179): config,ver: null
05-29 20:51:47.296 D/ab.Worker( 2179): ab,ver: null
05-29 20:51:47.352 I/efs.base( 2861): wa upload succ, HttpResponse {succ=true, code=200, data='暂不支持该服务', extra={req_url=https://errlog.umeng.com/api/crashsdk/logcollect}}
05-29 20:51:47.506 E/nStackXDFinder( 3061): GetLocalIp:[401] :GetLocalIp exec
05-29 20:51:47.506 E/nStackXDFinder( 3061): GetLocalIp:[401] :GetLocalIp exec
05-29 20:51:47.506 E/nStackXDFinder( 3061): GetLocalIp:[401] :GetLocalIp exec
05-29 20:51:47.506 I/nStackXCoAP( 3061): CoapServiceDiscoverTimerHandle:[524] :the 8 times for device discover.
05-29 20:51:47.517 D/nStackXCoAP( 3061): IsInSameNetwork:[276] :IsInSameNetwork exec
05-29 20:51:47.517 I/nStackXDFinder( 3061): GetLocalInterfaceDetail:[461] :GetLocalInterfaceDetail in
05-29 20:51:47.517 E/nStackXCoAP( 3061): IsInSameNetwork:[281] :IsInSameNetwork: not priority process
05-29 20:51:47.522 D/nStackXCoAP( 3061): IsInSameNetwork:[276] :IsInSameNetwork exec
05-29 20:51:47.522 I/nStackXDFinder( 3061): GetLocalInterfaceDetail:[461] :GetLocalInterfaceDetail in
05-29 20:51:47.522 E/nStackXCoAP( 3061): IsInSameNetwork:[281] :IsInSameNetwork: not priority process
05-29 20:51:47.522 D/nStackXCoAP( 3061): IsInSameNetwork:[276] :IsInSameNetwork exec
05-29 20:51:47.522 I/nStackXDFinder( 3061): GetLocalInterfaceDetail:[461] :GetLocalInterfaceDetail in
05-29 20:51:47.522 E/nStackXCoAP( 3061): IsInSameNetwork:[281] :IsInSameNetwork: not priority process
05-29 20:51:47.526 D/nStackXCoAP( 3061): IsInSameNetwork:[276] :IsInSameNetwork exec
05-29 20:51:47.526 I/nStackXDFinder( 3061): GetLocalInterfaceDetail:[461] :GetLocalInterfaceDetail in
05-29 20:51:47.526 E/nStackXCoAP( 3061): IsInSameNetwork:[281] :IsInSameNetwork: not priority process
05-29 20:51:47.527 D/nStackXCoAP( 3061): IsInSameNetwork:[276] :IsInSameNetwork exec
05-29 20:51:47.527 I/nStackXDFinder( 3061): GetLocalInterfaceDetail:[461] :GetLocalInterfaceDetail in
05-29 20:51:47.527 E/nStackXCoAP( 3061): IsInSameNetwork:[281] :IsInSameNetwork: not priority process
05-29 20:51:47.536 D/config.Worker( 2179): config,ver: null
05-29 20:51:47.536 D/ab.Worker( 2179): ab,ver: null
05-29 20:51:47.541 D/nStackXCoAP( 3061): IsInSameNetwork:[276] :IsInSameNetwork exec
05-29 20:51:47.541 I/nStackXDFinder( 3061): GetLocalInterfaceDetail:[461] :GetLocalInterfaceDetail in
05-29 20:51:47.541 E/nStackXCoAP( 3061): IsInSameNetwork:[281] :IsInSameNetwork: not priority process
05-29 20:51:47.544 D/nStackXCoAP( 3061): IsInSameNetwork:[276] :IsInSameNetwork exec
05-29 20:51:47.544 I/nStackXDFinder( 3061): GetLocalInterfaceDetail:[461] :GetLocalInterfaceDetail in
05-29 20:51:47.544 E/nStackXCoAP( 3061): IsInSameNetwork:[281] :IsInSameNetwork: not priority process
05-29 20:51:47.546 D/nStackXCoAP( 3061): IsInSameNetwork:[276] :IsInSameNetwork exec
05-29 20:51:47.547 I/nStackXDFinder( 3061): GetLocalInterfaceDetail:[461] :GetLocalInterfaceDetail in
05-29 20:51:47.547 E/nStackXCoAP( 3061): IsInSameNetwork:[281] :IsInSameNetwork: not priority process
05-29 20:51:47.547 D/nStackXCoAP( 3061): IsInSameNetwork:[276] :IsInSameNetwork exec
05-29 20:51:47.548 I/nStackXDFinder( 3061): GetLocalInterfaceDetail:[461] :GetLocalInterfaceDetail in
05-29 20:51:47.548 E/nStackXCoAP( 3061): IsInSameNetwork:[281] :IsInSameNetwork: not priority process
05-29 20:51:47.574 D/nStackXCoAP( 3061): IsInSameNetwork:[276] :IsInSameNetwork exec
05-29 20:51:47.574 I/nStackXDFinder( 3061): GetLocalInterfaceDetail:[461] :GetLocalInterfaceDetail in
05-29 20:51:47.575 E/nStackXCoAP( 3061): IsInSameNetwork:[281] :IsInSameNetwork: not priority process
05-29 20:51:47.575 D/nStackXCoAP( 3061): IsInSameNetwork:[276] :IsInSameNetwork exec
05-29 20:51:47.576 I/nStackXDFinder( 3061): GetLocalInterfaceDetail:[461] :GetLocalInterfaceDetail in
05-29 20:51:47.576 E/nStackXCoAP( 3061): IsInSameNetwork:[281] :IsInSameNetwork: not priority process
05-29 20:51:47.595 D/nStackXCoAP( 3061): IsInSameNetwork:[276] :IsInSameNetwork exec
05-29 20:51:47.595 I/nStackXDFinder( 3061): GetLocalInterfaceDetail:[461] :GetLocalInterfaceDetail in
05-29 20:51:47.595 E/nStackXCoAP( 3061): IsInSameNetwork:[281] :IsInSameNetwork: not priority process
05-29 20:51:47.596 D/nStackXCoAP( 3061): IsInSameNetwork:[276] :IsInSameNetwork exec
05-29 20:51:47.596 I/nStackXDFinder( 3061): GetLocalInterfaceDetail:[461] :GetLocalInterfaceDetail in
05-29 20:51:47.596 E/nStackXCoAP( 3061): IsInSameNetwork:[281] :IsInSameNetwork: not priority process
05-29 20:51:47.596 D/nStackXCoAP( 3061): IsInSameNetwork:[276] :IsInSameNetwork exec
05-29 20:51:47.596 I/nStackXDFinder( 3061): GetLocalInterfaceDetail:[461] :GetLocalInterfaceDetail in
05-29 20:51:47.596 E/nStackXCoAP( 3061): IsInSameNetwork:[281] :IsInSameNetwork: not priority process
05-29 20:51:47.597 D/nStackXCoAP( 3061): IsInSameNetwork:[276] :IsInSameNetwork exec
05-29 20:51:47.597 I/nStackXDFinder( 3061): GetLocalInterfaceDetail:[461] :GetLocalInterfaceDetail in
05-29 20:51:47.597 E/nStackXCoAP( 3061): IsInSameNetwork:[281] :IsInSameNetwork: not priority process
05-29 20:51:47.616 D/nStackXCoAP( 3061): IsInSameNetwork:[276] :IsInSameNetwork exec
05-29 20:51:47.617 I/nStackXDFinder( 3061): GetLocalInterfaceDetail:[461] :GetLocalInterfaceDetail in
05-29 20:51:47.617 E/nStackXCoAP( 3061): IsInSameNetwork:[281] :IsInSameNetwork: not priority process
05-29 20:51:47.617 D/nStackXCoAP( 3061): IsInSameNetwork:[276] :IsInSameNetwork exec
05-29 20:51:47.617 I/nStackXDFinder( 3061): GetLocalInterfaceDetail:[461] :GetLocalInterfaceDetail in
05-29 20:51:47.617 E/nStackXCoAP( 3061): IsInSameNetwork:[281] :IsInSameNetwork: not priority process
05-29 20:51:47.628 D/nStackXCoAP( 3061): IsInSameNetwork:[276] :IsInSameNetwork exec
05-29 20:51:47.629 I/nStackXDFinder( 3061): GetLocalInterfaceDetail:[461] :GetLocalInterfaceDetail in
05-29 20:51:47.629 E/nStackXCoAP( 3061): IsInSameNetwork:[281] :IsInSameNetwork: not priority process
05-29 20:51:47.629 D/nStackXCoAP( 3061): IsInSameNetwork:[276] :IsInSameNetwork exec
05-29 20:51:47.629 I/nStackXDFinder( 3061): GetLocalInterfaceDetail:[461] :GetLocalInterfaceDetail in
05-29 20:51:47.629 E/nStackXCoAP( 3061): IsInSameNetwork:[281] :IsInSameNetwork: not priority process
05-29 20:51:47.641 D/nStackXCoAP( 3061): IsInSameNetwork:[276] :IsInSameNetwork exec
05-29 20:51:47.641 I/nStackXDFinder( 3061): GetLocalInterfaceDetail:[461] :GetLocalInterfaceDetail in
05-29 20:51:47.641 E/nStackXCoAP( 3061): IsInSameNetwork:[281] :IsInSameNetwork: not priority process
05-29 20:51:47.647 D/nStackXCoAP( 3061): IsInSameNetwork:[276] :IsInSameNetwork exec
05-29 20:51:47.647 I/nStackXDFinder( 3061): GetLocalInterfaceDetail:[461] :GetLocalInterfaceDetail in
05-29 20:51:47.647 E/nStackXCoAP( 3061): IsInSameNetwork:[281] :IsInSameNetwork: not priority process
05-29 20:51:47.648 D/nStackXCoAP( 3061): IsInSameNetwork:[276] :IsInSameNetwork exec
05-29 20:51:47.648 I/nStackXDFinder( 3061): GetLocalInterfaceDetail:[461] :GetLocalInterfaceDetail in
05-29 20:51:47.648 E/nStackXCoAP( 3061): IsInSameNetwork:[281] :IsInSameNetwork: not priority process
05-29 20:51:47.650 D/nStackXCoAP( 3061): IsInSameNetwork:[276] :IsInSameNetwork exec
05-29 20:51:47.650 I/nStackXDFinder( 3061): GetLocalInterfaceDetail:[461] :GetLocalInterfaceDetail in
05-29 20:51:47.650 E/nStackXCoAP( 3061): IsInSameNetwork:[281] :IsInSameNetwork: not priority process
05-29 20:51:47.660 D/nStackXCoAP( 3061): IsInSameNetwork:[276] :IsInSameNetwork exec
05-29 20:51:47.660 I/nStackXDFinder( 3061): GetLocalInterfaceDetail:[461] :GetLocalInterfaceDetail in
05-29 20:51:47.660 E/nStackXCoAP( 3061): IsInSameNetwork:[281] :IsInSameNetwork: not priority process
05-29 20:51:47.683 D/nStackXCoAP( 3061): IsInSameNetwork:[276] :IsInSameNetwork exec
05-29 20:51:47.683 I/nStackXDFinder( 3061): GetLocalInterfaceDetail:[461] :GetLocalInterfaceDetail in
05-29 20:51:47.683 E/nStackXCoAP( 3061): IsInSameNetwork:[281] :IsInSameNetwork: not priority process
05-29 20:51:47.683 E/nStackXCoAP( 3061): ParseServiceDataJsonData:[186] :parse device serviceData error
05-29 20:51:47.698 D/config.Worker( 2179): config,ver: null
05-29 20:51:47.698 D/ab.Worker( 2179): ab,ver: null
05-29 20:51:47.760 D/nStackXCoAP( 3061): IsInSameNetwork:[276] :IsInSameNetwork exec
05-29 20:51:47.761 I/nStackXDFinder( 3061): GetLocalInterfaceDetail:[461] :GetLocalInterfaceDetail in
05-29 20:51:47.761 E/nStackXCoAP( 3061): IsInSameNetwork:[281] :IsInSameNetwork: not priority process
05-29 20:51:47.787 D/nStackXCoAP( 3061): IsInSameNetwork:[276] :IsInSameNetwork exec
05-29 20:51:47.787 I/nStackXDFinder( 3061): GetLocalInterfaceDetail:[461] :GetLocalInterfaceDetail in
05-29 20:51:47.788 E/nStackXCoAP( 3061): IsInSameNetwork:[281] :IsInSameNetwork: not priority process
05-29 20:51:47.901 D/nStackXCoAP( 3061): IsInSameNetwork:[276] :IsInSameNetwork exec
05-29 20:51:47.901 I/nStackXDFinder( 3061): GetLocalInterfaceDetail:[461] :GetLocalInterfaceDetail in
05-29 20:51:47.902 E/nStackXCoAP( 3061): IsInSameNetwork:[281] :IsInSameNetwork: not priority process
05-29 20:51:47.928 D/nStackXCoAP( 3061): IsInSameNetwork:[276] :IsInSameNetwork exec
05-29 20:51:47.928 I/nStackXDFinder( 3061): GetLocalInterfaceDetail:[461] :GetLocalInterfaceDetail in
05-29 20:51:47.928 E/nStackXCoAP( 3061): IsInSameNetwork:[281] :IsInSameNetwork: not priority process
05-29 20:51:47.949 D/nStackXCoAP( 3061): IsInSameNetwork:[276] :IsInSameNetwork exec
05-29 20:51:47.949 I/nStackXDFinder( 3061): GetLocalInterfaceDetail:[461] :GetLocalInterfaceDetail in
05-29 20:51:47.949 E/nStackXCoAP( 3061): IsInSameNetwork:[281] :IsInSameNetwork: not priority process
05-29 20:51:48.007 E/nStackXDFinder( 3061): GetLocalIp:[401] :GetLocalIp exec
05-29 20:51:48.007 E/nStackXDFinder( 3061): GetLocalIp:[401] :GetLocalIp exec
05-29 20:51:48.007 E/nStackXDFinder( 3061): GetLocalIp:[401] :GetLocalIp exec
05-29 20:51:48.008 I/nStackXCoAP( 3061): CoapServiceDiscoverTimerHandle:[524] :the 9 times for device discover.
05-29 20:51:48.011 I/efs.base( 2861): wa upload succ, HttpResponse {succ=true, code=200, data='暂不支持该服务', extra={req_url=https://errlog.umeng.com/api/crashsdk/logcollect}}
05-29 20:51:48.017 D/TrafficStats( 2861): tagSocket(141) with statsTag=0xffffffff, statsUid=-1
05-29 20:51:48.017 D/TrafficStats( 2861): tagSocket(5) with statsTag=0xffffffff, statsUid=-1
05-29 20:51:48.020 I/MediaProvider( 1404): Deleted 1 0 0 0 0 0 0 items on external_primary due to com.gitvdemo.video
05-29 20:51:48.063 D/nStackXCoAP( 3061): IsInSameNetwork:[276] :IsInSameNetwork exec
05-29 20:51:48.063 I/nStackXDFinder( 3061): GetLocalInterfaceDetail:[461] :GetLocalInterfaceDetail in
05-29 20:51:48.063 E/nStackXCoAP( 3061): IsInSameNetwork:[281] :IsInSameNetwork: not priority process
05-29 20:51:48.065 D/nStackXCoAP( 3061): IsInSameNetwork:[276] :IsInSameNetwork exec
05-29 20:51:48.065 I/nStackXDFinder( 3061): GetLocalInterfaceDetail:[461] :GetLocalInterfaceDetail in
05-29 20:51:48.065 E/nStackXCoAP( 3061): IsInSameNetwork:[281] :IsInSameNetwork: not priority process
05-29 20:51:48.066 D/nStackXCoAP( 3061): IsInSameNetwork:[276] :IsInSameNetwork exec
05-29 20:51:48.066 I/nStackXDFinder( 3061): GetLocalInterfaceDetail:[461] :GetLocalInterfaceDetail in
05-29 20:51:48.066 E/nStackXCoAP( 3061): IsInSameNetwork:[281] :IsInSameNetwork: not priority process
05-29 20:51:48.067 D/nStackXCoAP( 3061): IsInSameNetwork:[276] :IsInSameNetwork exec
05-29 20:51:48.067 I/nStackXDFinder( 3061): GetLocalInterfaceDetail:[461] :GetLocalInterfaceDetail in
05-29 20:51:48.067 E/nStackXCoAP( 3061): IsInSameNetwork:[281] :IsInSameNetwork: not priority process
05-29 20:51:48.068 D/nStackXCoAP( 3061): IsInSameNetwork:[276] :IsInSameNetwork exec
05-29 20:51:48.068 I/nStackXDFinder( 3061): GetLocalInterfaceDetail:[461] :GetLocalInterfaceDetail in
05-29 20:51:48.068 E/nStackXCoAP( 3061): IsInSameNetwork:[281] :IsInSameNetwork: not priority process
05-29 20:51:48.071 E/hq ( 1453): ErrorCoroutineExceptionHandler:::runTry error:com.dangbei.leard.base.proider.error.EmptyApiException: 数据为空 from=requestMessageDialog from=requestMessageDialog
05-29 20:51:48.106 D/nStackXCoAP( 3061): IsInSameNetwork:[276] :IsInSameNetwork exec
05-29 20:51:48.106 I/nStackXDFinder( 3061): GetLocalInterfaceDetail:[461] :GetLocalInterfaceDetail in
05-29 20:51:48.106 E/nStackXCoAP( 3061): IsInSameNetwork:[281] :IsInSameNetwork: not priority process
05-29 20:51:48.107 D/nStackXCoAP( 3061): IsInSameNetwork:[276] :IsInSameNetwork exec
05-29 20:51:48.107 I/nStackXDFinder( 3061): GetLocalInterfaceDetail:[461] :GetLocalInterfaceDetail in
05-29 20:51:48.107 E/nStackXCoAP( 3061): IsInSameNetwork:[281] :IsInSameNetwork: not priority process
05-29 20:51:48.108 D/nStackXCoAP( 3061): IsInSameNetwork:[276] :IsInSameNetwork exec
05-29 20:51:48.108 I/nStackXDFinder( 3061): GetLocalInterfaceDetail:[461] :GetLocalInterfaceDetail in
05-29 20:51:48.108 E/nStackXCoAP( 3061): IsInSameNetwork:[281] :IsInSameNetwork: not priority process
05-29 20:51:48.109 D/nStackXCoAP( 3061): IsInSameNetwork:[276] :IsInSameNetwork exec
05-29 20:51:48.109 I/nStackXDFinder( 3061): GetLocalInterfaceDetail:[461] :GetLocalInterfaceDetail in
05-29 20:51:48.109 E/nStackXCoAP( 3061): IsInSameNetwork:[281] :IsInSameNetwork: not priority process
05-29 20:51:48.110 D/nStackXCoAP( 3061): IsInSameNetwork:[276] :IsInSameNetwork exec
05-29 20:51:48.110 I/nStackXDFinder( 3061): GetLocalInterfaceDetail:[461] :GetLocalInterfaceDetail in
05-29 20:51:48.110 E/nStackXCoAP( 3061): IsInSameNetwork:[281] :IsInSameNetwork: not priority process
05-29 20:51:48.111 D/nStackXCoAP( 3061): IsInSameNetwork:[276] :IsInSameNetwork exec
05-29 20:51:48.111 I/nStackXDFinder( 3061): GetLocalInterfaceDetail:[461] :GetLocalInterfaceDetail in
05-29 20:51:48.111 E/nStackXCoAP( 3061): IsInSameNetwork:[281] :IsInSameNetwork: not priority process
05-29 20:51:48.136 D/nStackXCoAP( 3061): IsInSameNetwork:[276] :IsInSameNetwork exec
05-29 20:51:48.136 I/nStackXDFinder( 3061): GetLocalInterfaceDetail:[461] :GetLocalInterfaceDetail in
05-29 20:51:48.136 E/nStackXCoAP( 3061): IsInSameNetwork:[281] :IsInSameNetwork: not priority process
05-29 20:51:48.137 D/nStackXCoAP( 3061): IsInSameNetwork:[276] :IsInSameNetwork exec
05-29 20:51:48.137 I/nStackXDFinder( 3061): GetLocalInterfaceDetail:[461] :GetLocalInterfaceDetail in
05-29 20:51:48.137 E/nStackXCoAP( 3061): IsInSameNetwork:[281] :IsInSameNetwork: not priority process
05-29 20:51:48.138 D/nStackXCoAP( 3061): IsInSameNetwork:[276] :IsInSameNetwork exec
05-29 20:51:48.138 I/nStackXDFinder( 3061): GetLocalInterfaceDetail:[461] :GetLocalInterfaceDetail in
05-29 20:51:48.138 E/nStackXCoAP( 3061): IsInSameNetwork:[281] :IsInSameNetwork: not priority process
05-29 20:51:48.139 D/nStackXCoAP( 3061): IsInSameNetwork:[276] :IsInSameNetwork exec
05-29 20:51:48.139 I/nStackXDFinder( 3061): GetLocalInterfaceDetail:[461] :GetLocalInterfaceDetail in
05-29 20:51:48.139 E/nStackXCoAP( 3061): IsInSameNetwork:[281] :IsInSameNetwork: not priority process
05-29 20:51:48.139 D/nStackXCoAP( 3061): IsInSameNetwork:[276] :IsInSameNetwork exec
05-29 20:51:48.139 I/nStackXDFinder( 3061): GetLocalInterfaceDetail:[461] :GetLocalInterfaceDetail in
05-29 20:51:48.139 E/nStackXCoAP( 3061): IsInSameNetwork:[281] :IsInSameNetwork: not priority process
05-29 20:51:48.141 D/nStackXCoAP( 3061): IsInSameNetwork:[276] :IsInSameNetwork exec
05-29 20:51:48.141 I/nStackXDFinder( 3061): GetLocalInterfaceDetail:[461] :GetLocalInterfaceDetail in
05-29 20:51:48.141 E/nStackXCoAP( 3061): IsInSameNetwork:[281] :IsInSameNetwork: not priority process
05-29 20:51:48.141 I/nStackXDFinder( 3061): NotifyDeviceListChanged:[540] :notify callback: device list changed callback is null
05-29 20:51:48.152 D/nStackXCoAP( 3061): IsInSameNetwork:[276] :IsInSameNetwork exec
05-29 20:51:48.152 I/nStackXDFinder( 3061): GetLocalInterfaceDetail:[461] :GetLocalInterfaceDetail in
05-29 20:51:48.152 E/nStackXCoAP( 3061): IsInSameNetwork:[281] :IsInSameNetwork: not priority process
05-29 20:51:48.161 D/nStackXCoAP( 3061): IsInSameNetwork:[276] :IsInSameNetwork exec
05-29 20:51:48.161 I/nStackXDFinder( 3061): GetLocalInterfaceDetail:[461] :GetLocalInterfaceDetail in
05-29 20:51:48.161 E/nStackXCoAP( 3061): IsInSameNetwork:[281] :IsInSameNetwork: not priority process
05-29 20:51:48.201 D/nStackXCoAP( 3061): IsInSameNetwork:[276] :IsInSameNetwork exec
05-29 20:51:48.201 I/nStackXDFinder( 3061): GetLocalInterfaceDetail:[461] :GetLocalInterfaceDetail in
05-29 20:51:48.201 E/nStackXCoAP( 3061): IsInSameNetwork:[281] :IsInSameNetwork: not priority process
05-29 20:51:48.201 E/nStackXCoAP( 3061): ParseServiceDataJsonData:[186] :parse device serviceData error
05-29 20:51:48.218 D/nStackXCoAP( 3061): IsInSameNetwork:[276] :IsInSameNetwork exec
05-29 20:51:48.218 I/nStackXDFinder( 3061): GetLocalInterfaceDetail:[461] :GetLocalInterfaceDetail in
05-29 20:51:48.218 E/nStackXCoAP( 3061): IsInSameNetwork:[281] :IsInSameNetwork: not priority process
05-29 20:51:48.218 D/nStackXCoAP( 3061): ParseServiceDiscover:[330] :new device join
05-29 20:51:48.218 E/nStackXDFinder( 3061): GetLocalIp:[401] :GetLocalIp exec
05-29 20:51:48.220 D/nStackXCoAP( 3061): IsInSameNetwork:[276] :IsInSameNetwork exec
05-29 20:51:48.220 I/nStackXDFinder( 3061): GetLocalInterfaceDetail:[461] :GetLocalInterfaceDetail in
05-29 20:51:48.220 E/nStackXCoAP( 3061): IsInSameNetwork:[281] :IsInSameNetwork: not priority process
05-29 20:51:48.227 D/nStackXCoAP( 3061): IsInSameNetwork:[276] :IsInSameNetwork exec
05-29 20:51:48.227 I/nStackXDFinder( 3061): GetLocalInterfaceDetail:[461] :GetLocalInterfaceDetail in
05-29 20:51:48.227 E/nStackXCoAP( 3061): IsInSameNetwork:[281] :IsInSameNetwork: not priority process
05-29 20:51:48.228 D/nStackXCoAP( 3061): IsInSameNetwork:[276] :IsInSameNetwork exec
05-29 20:51:48.228 I/nStackXDFinder( 3061): GetLocalInterfaceDetail:[461] :GetLocalInterfaceDetail in
05-29 20:51:48.228 E/nStackXCoAP( 3061): IsInSameNetwork:[281] :IsInSameNetwork: not priority process
05-29 20:51:48.230 D/nStackXCoAP( 3061): IsInSameNetwork:[276] :IsInSameNetwork exec
05-29 20:51:48.230 I/nStackXDFinder( 3061): GetLocalInterfaceDetail:[461] :GetLocalInterfaceDetail in
05-29 20:51:48.230 E/nStackXCoAP( 3061): IsInSameNetwork:[281] :IsInSameNetwork: not priority process
05-29 20:51:48.247 D/nStackXCoAP( 3061): IsInSameNetwork:[276] :IsInSameNetwork exec
05-29 20:51:48.247 I/nStackXDFinder( 3061): GetLocalInterfaceDetail:[461] :GetLocalInterfaceDetail in
05-29 20:51:48.247 E/nStackXCoAP( 3061): IsInSameNetwork:[281] :IsInSameNetwork: not priority process
05-29 20:51:48.268 I/work_thread( 2643): type=1400 audit(0.0:1953): avc: denied { search } for name="net" dev="sysfs" ino=12345 scontext=u:r:system_app:s0 tcontext=u:object_r:sysfs_net:s0 tclass=dir permissive=1
05-29 20:51:48.320 D/nStackXCoAP( 3061): IsInSameNetwork:[276] :IsInSameNetwork exec
05-29 20:51:48.320 I/nStackXDFinder( 3061): GetLocalInterfaceDetail:[461] :GetLocalInterfaceDetail in
05-29 20:51:48.320 E/nStackXCoAP( 3061): IsInSameNetwork:[281] :IsInSameNetwork: not priority process
05-29 20:51:48.320 D/nStackXCoAP( 3061): ParseServiceDiscover:[330] :new device join
05-29 20:51:48.320 E/nStackXDFinder( 3061): GetLocalIp:[401] :GetLocalIp exec
05-29 20:51:48.342 D/nStackXCoAP( 3061): CoapMessageHandler:[133] :2.01
05-29 20:51:48.342 D/nStackXCoAP( 3061): CoapMessageHandler:[133] :2.01
05-29 20:51:48.404 I/HCDN_DownloadEn( 2113): type=1400 audit(0.0:1954): avc: denied { open } for path="/proc/stat" dev="proc" ino=4026532003 scontext=u:r:untrusted_app_27:s0:c512,c768 tcontext=u:object_r:proc_stat:s0 tclass=file permissive=1 app=com.gitvdemo.video
05-29 20:51:48.404 I/HCDN_DownloadEn( 2113): type=1400 audit(0.0:1955): avc: denied { getattr } for path="/proc/stat" dev="proc" ino=4026532003 scontext=u:r:untrusted_app_27:s0:c512,c768 tcontext=u:object_r:proc_stat:s0 tclass=file permissive=1 app=com.gitvdemo.video
05-29 20:51:48.450 D/nStackXCoAP( 3061): IsInSameNetwork:[276] :IsInSameNetwork exec
05-29 20:51:48.450 I/nStackXDFinder( 3061): GetLocalInterfaceDetail:[461] :GetLocalInterfaceDetail in
05-29 20:51:48.450 E/nStackXCoAP( 3061): IsInSameNetwork:[281] :IsInSameNetwork: not priority process
05-29 20:51:48.482 I/efs.base( 2861): wa upload succ, HttpResponse {succ=true, code=200, data='暂不支持该服务', extra={req_url=https://errlog.umeng.com/api/crashsdk/logcollect}}
05-29 20:51:48.508 E/nStackXDFinder( 3061): GetLocalIp:[401] :GetLocalIp exec
05-29 20:51:48.508 E/nStackXDFinder( 3061): GetLocalIp:[401] :GetLocalIp exec
05-29 20:51:48.508 E/nStackXDFinder( 3061): GetLocalIp:[401] :GetLocalIp exec
05-29 20:51:48.509 I/nStackXCoAP( 3061): CoapServiceDiscoverTimerHandle:[524] :the 10 times for device discover.
05-29 20:51:48.519 D/nStackXCoAP( 3061): IsInSameNetwork:[276] :IsInSameNetwork exec
05-29 20:51:48.519 I/nStackXDFinder( 3061): GetLocalInterfaceDetail:[461] :GetLocalInterfaceDetail in
05-29 20:51:48.519 E/nStackXCoAP( 3061): IsInSameNetwork:[281] :IsInSameNetwork: not priority process
05-29 20:51:48.520 D/nStackXCoAP( 3061): IsInSameNetwork:[276] :IsInSameNetwork exec
05-29 20:51:48.520 I/nStackXDFinder( 3061): GetLocalInterfaceDetail:[461] :GetLocalInterfaceDetail in
05-29 20:51:48.520 E/nStackXCoAP( 3061): IsInSameNetwork:[281] :IsInSameNetwork: not priority process
05-29 20:51:48.521 D/nStackXCoAP( 3061): IsInSameNetwork:[276] :IsInSameNetwork exec
05-29 20:51:48.521 I/nStackXDFinder( 3061): GetLocalInterfaceDetail:[461] :GetLocalInterfaceDetail in
05-29 20:51:48.521 E/nStackXCoAP( 3061): IsInSameNetwork:[281] :IsInSameNetwork: not priority process
05-29 20:51:48.526 D/nStackXCoAP( 3061): IsInSameNetwork:[276] :IsInSameNetwork exec
05-29 20:51:48.526 I/nStackXDFinder( 3061): GetLocalInterfaceDetail:[461] :GetLocalInterfaceDetail in
05-29 20:51:48.526 E/nStackXCoAP( 3061): IsInSameNetwork:[281] :IsInSameNetwork: not priority process
05-29 20:51:48.527 D/nStackXCoAP( 3061): IsInSameNetwork:[276] :IsInSameNetwork exec
05-29 20:51:48.527 I/nStackXDFinder( 3061): GetLocalInterfaceDetail:[461] :GetLocalInterfaceDetail in
05-29 20:51:48.527 E/nStackXCoAP( 3061): IsInSameNetwork:[281] :IsInSameNetwork: not priority process
05-29 20:51:48.537 D/nStackXCoAP( 3061): IsInSameNetwork:[276] :IsInSameNetwork exec
05-29 20:51:48.537 I/nStackXDFinder( 3061): GetLocalInterfaceDetail:[461] :GetLocalInterfaceDetail in
05-29 20:51:48.537 E/nStackXCoAP( 3061): IsInSameNetwork:[281] :IsInSameNetwork: not priority process
05-29 20:51:48.538 D/nStackXCoAP( 3061): IsInSameNetwork:[276] :IsInSameNetwork exec
05-29 20:51:48.538 I/nStackXDFinder( 3061): GetLocalInterfaceDetail:[461] :GetLocalInterfaceDetail in
05-29 20:51:48.538 E/nStackXCoAP( 3061): IsInSameNetwork:[281] :IsInSameNetwork: not priority process
05-29 20:51:48.539 D/nStackXCoAP( 3061): IsInSameNetwork:[276] :IsInSameNetwork exec
05-29 20:51:48.539 I/nStackXDFinder( 3061): GetLocalInterfaceDetail:[461] :GetLocalInterfaceDetail in
05-29 20:51:48.539 E/nStackXCoAP( 3061): IsInSameNetwork:[281] :IsInSameNetwork: not priority process
05-29 20:51:48.540 D/nStackXCoAP( 3061): IsInSameNetwork:[276] :IsInSameNetwork exec
05-29 20:51:48.540 I/nStackXDFinder( 3061): GetLocalInterfaceDetail:[461] :GetLocalInterfaceDetail in
05-29 20:51:48.540 E/nStackXCoAP( 3061): IsInSameNetwork:[281] :IsInSameNetwork: not priority process
05-29 20:51:48.540 D/nStackXCoAP( 3061): IsInSameNetwork:[276] :IsInSameNetwork exec
05-29 20:51:48.540 I/nStackXDFinder( 3061): GetLocalInterfaceDetail:[461] :GetLocalInterfaceDetail in
05-29 20:51:48.540 E/nStackXCoAP( 3061): IsInSameNetwork:[281] :IsInSameNetwork: not priority process
05-29 20:51:48.546 D/nStackXCoAP( 3061): IsInSameNetwork:[276] :IsInSameNetwork exec
05-29 20:51:48.546 I/nStackXDFinder( 3061): GetLocalInterfaceDetail:[461] :GetLocalInterfaceDetail in
05-29 20:51:48.546 E/nStackXCoAP( 3061): IsInSameNetwork:[281] :IsInSameNetwork: not priority process
05-29 20:51:48.550 D/nStackXCoAP( 3061): IsInSameNetwork:[276] :IsInSameNetwork exec
05-29 20:51:48.550 I/nStackXDFinder( 3061): GetLocalInterfaceDetail:[461] :GetLocalInterfaceDetail in
05-29 20:51:48.550 E/nStackXCoAP( 3061): IsInSameNetwork:[281] :IsInSameNetwork: not priority process
05-29 20:51:48.552 D/nStackXCoAP( 3061): IsInSameNetwork:[276] :IsInSameNetwork exec
05-29 20:51:48.552 I/nStackXDFinder( 3061): GetLocalInterfaceDetail:[461] :GetLocalInterfaceDetail in
05-29 20:51:48.552 E/nStackXCoAP( 3061): IsInSameNetwork:[281] :IsInSameNetwork: not priority process
05-29 20:51:48.557 D/nStackXCoAP( 3061): IsInSameNetwork:[276] :IsInSameNetwork exec
05-29 20:51:48.557 I/nStackXDFinder( 3061): GetLocalInterfaceDetail:[461] :GetLocalInterfaceDetail in
05-29 20:51:48.557 E/nStackXCoAP( 3061): IsInSameNetwork:[281] :IsInSameNetwork: not priority process
05-29 20:51:48.558 D/nStackXCoAP( 3061): IsInSameNetwork:[276] :IsInSameNetwork exec
05-29 20:51:48.558 I/nStackXDFinder( 3061): GetLocalInterfaceDetail:[461] :GetLocalInterfaceDetail in
05-29 20:51:48.558 E/nStackXCoAP( 3061): IsInSameNetwork:[281] :IsInSameNetwork: not priority process
05-29 20:51:48.564 D/nStackXCoAP( 3061): IsInSameNetwork:[276] :IsInSameNetwork exec
05-29 20:51:48.564 I/nStackXDFinder( 3061): GetLocalInterfaceDetail:[461] :GetLocalInterfaceDetail in
05-29 20:51:48.564 E/nStackXCoAP( 3061): IsInSameNetwork:[281] :IsInSameNetwork: not priority process
05-29 20:51:48.567 D/nStackXCoAP( 3061): IsInSameNetwork:[276] :IsInSameNetwork exec
05-29 20:51:48.567 I/nStackXDFinder( 3061): GetLocalInterfaceDetail:[461] :GetLocalInterfaceDetail in
05-29 20:51:48.567 E/nStackXCoAP( 3061): IsInSameNetwork:[281] :IsInSameNetwork: not priority process
05-29 20:51:48.581 D/nStackXCoAP( 3061): IsInSameNetwork:[276] :IsInSameNetwork exec
05-29 20:51:48.581 I/nStackXDFinder( 3061): GetLocalInterfaceDetail:[461] :GetLocalInterfaceDetail in
05-29 20:51:48.581 E/nStackXCoAP( 3061): IsInSameNetwork:[281] :IsInSameNetwork: not priority process
05-29 20:51:48.587 D/nStackXCoAP( 3061): IsInSameNetwork:[276] :IsInSameNetwork exec
05-29 20:51:48.587 I/nStackXDFinder( 3061): GetLocalInterfaceDetail:[461] :GetLocalInterfaceDetail in
05-29 20:51:48.587 E/nStackXCoAP( 3061): IsInSameNetwork:[281] :IsInSameNetwork: not priority process
05-29 20:51:48.587 E/nStackXCoAP( 3061): ParseServiceDataJsonData:[186] :parse device serviceData error
05-29 20:51:48.592 D/nStackXCoAP( 3061): IsInSameNetwork:[276] :IsInSameNetwork exec
05-29 20:51:48.592 I/nStackXDFinder( 3061): GetLocalInterfaceDetail:[461] :GetLocalInterfaceDetail in
05-29 20:51:48.593 E/nStackXCoAP( 3061): IsInSameNetwork:[281] :IsInSameNetwork: not priority process
05-29 20:51:48.593 D/nStackXCoAP( 3061): IsInSameNetwork:[276] :IsInSameNetwork exec
05-29 20:51:48.593 I/nStackXDFinder( 3061): GetLocalInterfaceDetail:[461] :GetLocalInterfaceDetail in
05-29 20:51:48.593 E/nStackXCoAP( 3061): IsInSameNetwork:[281] :IsInSameNetwork: not priority process
05-29 20:51:48.597 D/nStackXCoAP( 3061): IsInSameNetwork:[276] :IsInSameNetwork exec
05-29 20:51:48.597 I/nStackXDFinder( 3061): GetLocalInterfaceDetail:[461] :GetLocalInterfaceDetail in
05-29 20:51:48.598 E/nStackXCoAP( 3061): IsInSameNetwork:[281] :IsInSameNetwork: not priority process
05-29 20:51:48.601 D/nStackXCoAP( 3061): IsInSameNetwork:[276] :IsInSameNetwork exec
05-29 20:51:48.601 I/nStackXDFinder( 3061): GetLocalInterfaceDetail:[461] :GetLocalInterfaceDetail in
05-29 20:51:48.601 E/nStackXCoAP( 3061): IsInSameNetwork:[281] :IsInSameNetwork: not priority process
05-29 20:51:48.613 D/nStackXCoAP( 3061): IsInSameNetwork:[276] :IsInSameNetwork exec
05-29 20:51:48.613 I/nStackXDFinder( 3061): GetLocalInterfaceDetail:[461] :GetLocalInterfaceDetail in
05-29 20:51:48.613 E/nStackXCoAP( 3061): IsInSameNetwork:[281] :IsInSameNetwork: not priority process
