--------- beginning of system
01-01 08:00:04.984 I/vold ( 278): Vold 3.0 (the awakening) firing up
01-01 08:00:04.985 D/vold ( 278): Detected support for: ext4 f2fs vfat
01-01 08:00:05.001 D/vold ( 278): VoldNativeService::start() completed OK
01-01 08:00:05.633 I/vold ( 278): Using AIDL version of IBootControl
01-01 08:00:05.657 I/keystore2( 312): system/security/keystore2/src/keystore2_main.rs:61 - Keystore2 is starting.
01-01 08:00:05.657 I/keystore2( 312): system/security/keystore2/src/keystore2_main.rs:67 - Setting up sqlite logging for keystore2
01-01 08:00:05.662 D/vold ( 278): fscrypt_mount_metadata_encrypted: /data encrypt: 0 format: 0 with null block device: /dev/block/by-name/userdata and zoned device:
01-01 08:00:05.662 D/vold ( 278): metadata_key_dir/key: /metadata/vold/metadata_encryption/key
01-01 08:00:05.663 W/keystore2( 312): system/security/keystore2/src/metrics_store.rs:577 - In update_keystore_crash_sysprop: Failed to read the existing system property due to: system/security/keystore2/src/metrics_store.rs:608: Property not set..Therefore, keystore crashes will not be logged.
01-01 08:00:05.669 I/keystore2( 312): system/security/keystore2/src/keystore2_main.rs:97 - Starting thread pool now.
01-01 08:00:05.672 I/keystore2( 312): system/security/keystore2/src/globals.rs:256 - KeyMint device is current version (Some(300)) for security level: r#TRUSTED_ENVIRONMENT
01-01 08:00:05.672 D/vold ( 278): Key exists, using: /metadata/vold/metadata_encryption/key
01-01 08:00:05.684 I/keystore2( 312): system/security/keystore2/src/shared_secret_negotiation.rs:47 - Shared secret negotiation concluded successfully.
01-01 08:00:05.684 I/keystore2( 312): system/security/keystore2/src/keystore2_main.rs:152 - Successfully registered Keystore 2.0 service.
01-01 08:00:05.685 I/keystore2( 312): system/security/keystore2/src/keystore2_main.rs:154 - Joining thread pool now.
01-01 08:00:05.690 D/vold ( 278): Mounting metadata-encrypted filesystem:/data
01-01 08:00:05.693 I/keystore2( 312): system/security/keystore2/src/shared_secret_negotiation.rs:294 - No StrongBox Keymint available, so no RoT transfer
01-01 08:00:05.696 I/vold ( 278): [libfs_mgr] Running /system/bin/fsck.f2fs -a -c 10000 --debug-cache /dev/block/dm-56
01-01 08:00:06.285 I/vold ( 278): [libfs_mgr] __mount(source=/dev/block/dm-56,target=/data,type=f2fs)=0: Success
01-01 08:00:06.286 D/vold ( 278): Mounted /data
01-01 08:00:06.343 I/Checkpoint( 278): cp_prepareCheckpoint called
01-01 08:00:06.367 I/vold ( 278): fscrypt_initialize_systemwide_keys
01-01 08:00:06.367 D/vold ( 278): Key exists, using: /data/unencrypted/key
01-01 08:00:06.373 D/vold ( 278): Installed fscrypt key with ref 7b4937b41e5614881be8f8d0cb38a8e9 to /data
01-01 08:00:06.374 D/vold ( 278): Added fscrypt-provisioning key for 7b4937b41e5614881be8f8d0cb38a8e9 to session keyring
01-01 08:00:06.377 I/vold ( 278): Wrote system DE key reference to:/data/unencrypted/ref
01-01 08:00:06.377 D/vold ( 278): Generating standard storage key
01-01 08:00:06.377 D/vold ( 278): Installed fscrypt key with ref 8650b3aa61c06940b0c869931f8ed014 to /data
01-01 08:00:06.377 D/vold ( 278): Added fscrypt-provisioning key for 8650b3aa61c06940b0c869931f8ed014 to session keyring
01-01 08:00:06.379 I/vold ( 278): Wrote per boot key reference to:/data/unencrypted/per_boot_ref
01-01 08:00:06.418 I/incfs ( 278): Initial API level of the device: 34
01-01 08:00:06.418 I/incfs ( 278): ro.incremental.enable: yes
01-01 08:00:06.418 I/incfs ( 278): isFsAvailable: true
01-01 08:00:06.418 I/incfs ( 278): isFsAvailable: true
01-01 08:00:06.418 I/incfs ( 278): IncFs_Features: v2
01-01 08:00:06.419 I/keystore2( 312): system/security/keystore2/src/maintenance.rs:206 - In early_boot_ended.
01-01 08:00:06.430 I/keystore2( 312): system/security/keystore2/src/globals.rs:66 - Touching Keystore 2.0 database for this first time since boot.
01-01 08:00:06.431 I/keystore2( 312): system/security/keystore2/src/globals.rs:68 - Calling cleanup leftovers.
01-01 08:00:06.431 I/keystore2( 312): system/security/keystore2/src/boot_level_keys.rs:57 - ro.keystore.boot_level_key.strategy not set, inferring from installed KM instances
01-01 08:00:06.431 I/keystore2( 312): system/security/keystore2/src/boot_level_keys.rs:115 - In get_level_zero_key: security_level=r#SOFTWARE, deny_later_strategy=EarlyBootOnly
01-01 08:00:06.434 I/keystore2( 312): system/security/keystore2/src/super_key.rs:293 - Starting boot level watcher.
01-01 08:00:06.435 I/keystore2( 312): system/security/keystore2/src/maintenance.rs:187 - Call to earlyBootEnded succeeded for security level TRUSTED_ENVIRONMENT.
01-01 08:00:06.435 I/keystore2( 312): system/security/keystore2/src/super_key.rs:325 - Read keystore.boot_level value 30
01-01 08:00:06.435 I/keystore2( 312): system/security/keystore2/src/super_key.rs:325 - Read keystore.boot_level value 30
01-01 08:00:06.436 E/keystore2( 312): system/security/keystore2/src/maintenance.rs:192 - Call to earlyBootEnded failed for security level STRONGBOX: system/security/keystore2/src/maintenance.rs:167: getting keymint device.
01-01 08:00:06.436 E/keystore2( 312): system/security/keystore2/src/error.rs:180 - system/security/keystore2/src/maintenance.rs:167: getting keymint device
01-01 08:00:06.436 E/keystore2( 312):
01-01 08:00:06.436 E/keystore2( 312): Caused by:
01-01 08:00:06.436 E/keystore2( 312): 0: system/security/keystore2/src/globals.rs:335: Cannot connect to Keymint
01-01 08:00:06.436 E/keystore2( 312): 1: system/security/keystore2/src/globals.rs:246: Trying to get Legacy wrapper.
01-01 08:00:06.436 E/keystore2( 312): 2: Error::Km(r#HARDWARE_TYPE_UNAVAILABLE)
01-01 08:00:06.436 E/vold ( 278): keystore2 Keystore earlyBootEnded returned service specific error: -68
01-01 08:00:06.871 D/BootAnimation( 282): BootAnimation::threadLoop
01-01 08:00:06.872 D/BootAnimation( 282): bootVideoProp=50, mConfig=0, mVol=50, mMute=0
01-01 08:00:06.897 D/BootAnimation( 282): BootAnimationShownTiming start time: 6897ms
01-01 08:00:07.275 D/vold ( 278): fscrypt_init_user0
01-01 08:00:07.275 D/vold ( 278): Preparing: /data/misc/vold/user_keys
01-01 08:00:07.280 D/vold ( 278): Preparing: /data/misc/vold/user_keys/ce
01-01 08:00:07.281 D/vold ( 278): Preparing: /data/misc/vold/user_keys/de
01-01 08:00:07.289 D/vold ( 278): Installed fscrypt key with ref ed0a7ddba0ff8a4676263ff728b53cef to /data
01-01 08:00:07.290 D/vold ( 278): Added fscrypt-provisioning key for ed0a7ddba0ff8a4676263ff728b53cef to session keyring
01-01 08:00:07.290 D/vold ( 278): Installed de key for user 0
01-01 08:00:07.290 D/vold ( 278): Preparing: /data/data
01-01 08:00:07.291 D/vold ( 278): Preparing: /data/user/0
01-01 08:00:07.292 D/vold ( 278): Preparing: /data/media/obb
01-01 08:00:07.293 D/vold ( 278): fscrypt_prepare_user_storage for volume null, user 0, serial 0, flags 1
01-01 08:00:07.293 D/vold ( 278): Preparing: /data/system/users/0
01-01 08:00:07.294 D/vold ( 278): Preparing: /data/misc/profiles/cur/0
01-01 08:00:07.295 D/vold ( 278): Preparing: /data/system_de/0
01-01 08:00:07.296 I/vold ( 278): Verified that /data/system_de/0 has the encryption policy ed0a7ddba0ff8a4676263ff728b53cef v2 modes 1/4 flags 0xa
01-01 08:00:07.296 D/vold ( 278): Preparing: /data/vendor_de/0
01-01 08:00:07.297 I/vold ( 278): Verified that /data/vendor_de/0 has the encryption policy ed0a7ddba0ff8a4676263ff728b53cef v2 modes 1/4 flags 0xa
01-01 08:00:07.297 D/vold ( 278): Preparing: /data/misc_de/0
01-01 08:00:07.299 I/vold ( 278): Verified that /data/misc_de/0 has the encryption policy ed0a7ddba0ff8a4676263ff728b53cef v2 modes 1/4 flags 0xa
01-01 08:00:07.299 D/vold ( 278): Preparing: /data/user_de/0
01-01 08:00:07.300 I/vold ( 278): Verified that /data/user_de/0 has the encryption policy ed0a7ddba0ff8a4676263ff728b53cef v2 modes 1/4 flags 0xa
01-01 08:00:07.300 D/vold ( 278): /system/bin/vold_prepare_subdirs
01-01 08:00:07.300 D/vold ( 278): prepare
01-01 08:00:07.300 D/vold ( 278):
01-01 08:00:07.300 D/vold ( 278): 0
01-01 08:00:07.300 D/vold ( 278): 1
01-01 08:00:07.371 D/vold ( 278): Detected support for FS_IOC_ADD_ENCRYPTION_KEY
01-01 08:00:07.503 I/odsign ( 472): Trying to retrieve existing HMAC key...
01-01 08:00:07.504 I/odsign ( 472): Trying to retrieve existing keystore key...
01-01 08:00:07.509 I/odsign ( 472): Verified public key signature.
01-01 08:00:07.509 I/odsign ( 472): Initialized Keystore key.
01-01 08:00:07.510 I/odsign ( 472): Found and verified existing public key certificate: /data/misc/odsign/key.cert
01-01 08:00:07.649 I/odrefresh( 473): ART APEX version 340090000
01-01 08:00:07.790 I/odrefresh( 473): Boot images on /system OK (arm)
01-01 08:00:07.795 I/odrefresh( 473): system_server artifacts on /system OK
01-01 08:00:07.810 I/odsign ( 472): /data/misc/odsign/odsign.info.signature matches.
01-01 08:00:07.810 I/odsign ( 472): Loaded /data/misc/odsign/odsign.info
01-01 08:00:07.811 I/odsign ( 472): All root hashes match.
01-01 08:00:07.811 I/odsign ( 472): odrefresh said artifacts are VALID
01-01 08:00:07.811 I/odsign ( 472): On-device signing done.
01-01 08:00:07.811 I/odsign ( 472): Metrics report is empty
01-01 08:00:07.833 I/keystore2( 312): system/security/keystore2/src/super_key.rs:330 - keystore.boot_level 1000000000 hits maximum 1000000000, finishing.
01-01 08:00:08.895 I/android.hardware.wifi-service.droidlogic( 531): Wifi Hal is booting up...
01-01 08:00:08.899 I/android.hardware.wifi-service.droidlogic( 531): Joining RPC thread pool
01-01 08:00:09.212 I/gsid ( 583): no DSU: No such file or directory
01-01 08:00:09.590 I/installd( 634): installd firing up
01-01 08:00:09.743 I/wificond( 640): wificond is starting up...
01-01 08:00:09.756 E/HidlServiceManagement( 640): Service android.system.wifi.keystore@1.0::IKeystore/default must be in VINTF manifest in order to register/get.
01-01 08:00:09.756 I/wificond( 640): Did not register wifi keystore HIDL HAL service: -2147483648
01-01 08:00:09.976 W/storaged( 639): health: invalid battery status
01-01 08:00:12.606 D/SystemServerTiming( 720): InitBeforeStartServices
01-01 08:00:12.610 I/SystemServer( 720): Entered the Android system server!
01-01 08:00:12.917 I/SystemServerInitThreadPool( 720): Creating instance with 4 threads
01-01 08:00:13.499 D/SystemServerTiming( 720): StartServices
01-01 08:00:13.500 D/SystemServerTiming( 720): startBootstrapServices
01-01 08:00:13.500 D/SystemServerTiming( 720): ArtModuleServiceInitializer
01-01 08:00:13.501 D/SystemServerTiming( 720): StartWatchdog
01-01 08:00:13.506 I/SystemServer( 720): Reading configuration...
01-01 08:00:13.506 D/SystemServerTiming( 720): ReadingSystemConfig
01-01 08:00:13.506 D/SystemServerTiming( 720): PlatformCompat
01-01 08:00:13.506 D/SystemServerTimingAsync( 720): InitThreadPoolExec:ReadingSystemConfig
01-01 08:00:13.507 D/CompatConfig( 720): Found a config file: /system/etc/compatconfig/TeleService-platform-compat-config.xml
01-01 08:00:13.507 D/CompatConfig( 720): Adding: com.android.server.compat.config.Change@218bf05
01-01 08:00:13.508 D/CompatConfig( 720): Adding: com.android.server.compat.config.Change@19b0b5a
01-01 08:00:13.508 D/CompatConfig( 720): Adding: com.android.server.compat.config.Change@43be268
01-01 08:00:13.508 D/CompatConfig( 720): Adding: com.android.server.compat.config.Change@eb4681
01-01 08:00:13.508 D/CompatConfig( 720): Adding: com.android.server.compat.config.Change@c6e8326
01-01 08:00:13.508 D/CompatConfig( 720): Adding: com.android.server.compat.config.Change@c679b67
01-01 08:00:13.508 I/SystemConfig( 720): Reading permissions from /system/etc/sysconfig/framework-sysconfig.xml
01-01 08:00:13.511 D/CompatConfig( 720): Found a config file: /system/etc/compatconfig/calendar-provider-compat-config.xml
01-01 08:00:13.512 D/CompatConfig( 720): Adding: com.android.server.compat.config.Change@3afabb2
01-01 08:00:13.512 I/SystemConfig( 720): Reading permissions from /system/etc/sysconfig/hiddenapi-package-whitelist.xml
01-01 08:00:13.512 D/CompatConfig( 720): Found a config file: /system/etc/compatconfig/contacts-provider-platform-compat-config.xml
01-01 08:00:13.513 I/SystemConfig( 720): Reading permissions from /system/etc/sysconfig/initial-package-stopped-states.xml
01-01 08:00:13.513 D/CompatConfig( 720): Found a config file: /system/etc/compatconfig/documents-ui-compat-config.xml
01-01 08:00:13.514 I/SystemConfig( 720): Reading permissions from /system/etc/sysconfig/preinstalled-packages-asl-files.xml
01-01 08:00:13.514 D/CompatConfig( 720): Adding: com.android.server.compat.config.Change@7c2905f
01-01 08:00:13.515 D/CompatConfig( 720): Found a config file: /system/etc/compatconfig/framework-platform-compat-config.xml
01-01 08:00:13.515 I/SystemConfig( 720): Reading permissions from /system/etc/sysconfig/preinstalled-packages-com.android.providers.media.module.xml
01-01 08:00:13.516 I/SystemConfig( 720): Reading permissions from /system/etc/sysconfig/preinstalled-packages-platform.xml
01-01 08:00:13.517 I/SystemConfig( 720): Reading permissions from /system/etc/permissions/android.hardware.bluetooth.xml
01-01 08:00:13.518 I/SystemConfig( 720): Reading permissions from /system/etc/permissions/android.hardware.bluetooth_le.xml
01-01 08:00:13.519 I/SystemConfig( 720): Reading permissions from /system/etc/permissions/android.software.webview.xml
01-01 08:00:13.519 I/SystemConfig( 720): Reading permissions from /system/etc/permissions/android.test.base.xml
01-01 08:00:13.520 I/SystemConfig( 720): Reading permissions from /system/etc/permissions/android.test.mock.xml
01-01 08:00:13.522 I/SystemConfig( 720): Reading permissions from /system/etc/permissions/android.test.runner.xml
01-01 08:00:13.522 D/CompatConfig( 720): Adding: com.android.server.compat.config.Change@4609c2d
01-01 08:00:13.522 D/CompatConfig( 720): Adding: com.android.server.compat.config.Change@4866562
01-01 08:00:13.522 D/CompatConfig( 720): Adding: com.android.server.compat.config.Change@be936f3
01-01 08:00:13.522 D/CompatConfig( 720): Adding: com.android.server.compat.config.Change@3fc9fb0
01-01 08:00:13.522 D/CompatConfig( 720): Adding: com.android.server.compat.config.Change@d57ce29
01-01 08:00:13.522 D/CompatConfig( 720): Adding: com.android.server.compat.config.Change@be975ae
01-01 08:00:13.522 D/CompatConfig( 720): Adding: com.android.server.compat.config.Change@6d64f4f
01-01 08:00:13.522 D/CompatConfig( 720): Adding: com.android.server.compat.config.Change@b8406dc
01-01 08:00:13.523 D/CompatConfig( 720): Adding: com.android.server.compat.config.Change@b7623e5
01-01 08:00:13.523 D/CompatConfig( 720): Adding: com.android.server.compat.config.Change@85b3eba
01-01 08:00:13.523 D/CompatConfig( 720): Adding: com.android.server.compat.config.Change@9d2916b
01-01 08:00:13.523 D/CompatConfig( 720): Adding: com.android.server.compat.config.Change@26a1961
01-01 08:00:13.523 D/CompatConfig( 720): Adding: com.android.server.compat.config.Change@cee8c86
01-01 08:00:13.523 D/CompatConfig( 720): Adding: com.android.server.compat.config.Change@606d947
01-01 08:00:13.523 D/CompatConfig( 720): Adding: com.android.server.compat.config.Change@b085574
01-01 08:00:13.523 D/CompatConfig( 720): Adding: com.android.server.compat.config.Change@84dea9d
01-01 08:00:13.523 D/CompatConfig( 720): Adding: com.android.server.compat.config.Change@916eb12
01-01 08:00:13.523 I/SystemConfig( 720): Reading permissions from /system/etc/permissions/com.android.adservices.sdksandbox.xml
01-01 08:00:13.523 D/CompatConfig( 720): Adding: com.android.server.compat.config.Change@c4dc2e3
01-01 08:00:13.523 D/CompatConfig( 720): Adding: com.android.server.compat.config.Change@d0f54e0
01-01 08:00:13.523 D/CompatConfig( 720): Adding: com.android.server.compat.config.Change@a39399
01-01 08:00:13.523 D/CompatConfig( 720): Adding: com.android.server.compat.config.Change@df4a65e
01-01 08:00:13.523 D/CompatConfig( 720): Adding: com.android.server.compat.config.Change@68faa3f
01-01 08:00:13.523 D/CompatConfig( 720): Adding: com.android.server.compat.config.Change@cc4df0c
01-01 08:00:13.523 D/CompatConfig( 720): Adding: com.android.server.compat.config.Change@b10d055
01-01 08:00:13.523 D/CompatConfig( 720): Adding: com.android.server.compat.config.Change@c60ca6a
01-01 08:00:13.523 D/CompatConfig( 720): Adding: com.android.server.compat.config.Change@adeab5b
01-01 08:00:13.523 D/CompatConfig( 720): Adding: com.android.server.compat.config.Change@c66dff8
01-01 08:00:13.523 D/CompatConfig( 720): Adding: com.android.server.compat.config.Change@1db1cd1
01-01 08:00:13.523 D/CompatConfig( 720): Adding: com.android.server.compat.config.Change@7b92336
01-01 08:00:13.523 D/CompatConfig( 720): Adding: com.android.server.compat.config.Change@452a237
01-01 08:00:13.523 D/CompatConfig( 720): Adding: com.android.server.compat.config.Change@22603a4
01-01 08:00:13.523 D/CompatConfig( 720): Adding: com.android.server.compat.config.Change@423b50d
01-01 08:00:13.523 D/CompatConfig( 720): Adding: com.android.server.compat.config.Change@96c3cc2
01-01 08:00:13.523 D/CompatConfig( 720): Adding: com.android.server.compat.config.Change@da52ad3
01-01 08:00:13.523 D/CompatConfig( 720): Adding: com.android.server.compat.config.Change@491b610
01-01 08:00:13.523 D/CompatConfig( 720): Adding: com.android.server.compat.config.Change@7e39509
01-01 08:00:13.523 D/CompatConfig( 720): Adding: com.android.server.compat.config.Change@145630e
01-01 08:00:13.523 D/CompatConfig( 720): Adding: com.android.server.compat.config.Change@98da12f
01-01 08:00:13.523 D/CompatConfig( 720): Adding: com.android.server.compat.config.Change@1c4233c
01-01 08:00:13.523 D/CompatConfig( 720): Adding: com.android.server.compat.config.Change@fa778c5
01-01 08:00:13.523 D/CompatConfig( 720): Adding: com.android.server.compat.config.Change@e78a21a
01-01 08:00:13.523 D/CompatConfig( 720): Adding: com.android.server.compat.config.Change@4dd214b
01-01 08:00:13.523 D/CompatConfig( 720): Adding: com.android.server.compat.config.Change@bdc41
01-01 08:00:13.523 D/CompatConfig( 720): Adding: com.android.server.compat.config.Change@d6ec5e6
01-01 08:00:13.523 D/CompatConfig( 720): Adding: com.android.server.compat.config.Change@e5a8727
01-01 08:00:13.523 D/CompatConfig( 720): Adding: com.android.server.compat.config.Change@e39dd4
01-01 08:00:13.523 D/CompatConfig( 720): Adding: com.android.server.compat.config.Change@f8fb7d
01-01 08:00:13.523 D/CompatConfig( 720): Adding: com.android.server.compat.config.Change@6515a72
01-01 08:00:13.523 I/SystemConfig( 720): Reading permissions from /system/etc/permissions/com.android.future.usb.accessory.xml
01-01 08:00:13.523 D/CompatConfig( 720): Adding: com.android.server.compat.config.Change@5e6ec3
01-01 08:00:13.523 D/CompatConfig( 720): Adding: com.android.server.compat.config.Change@bc6c340
01-01 08:00:13.523 D/CompatConfig( 720): Adding: com.android.server.compat.config.Change@69ed279
01-01 08:00:13.523 D/CompatConfig( 720): Adding: com.android.server.compat.config.Change@856abbe
01-01 08:00:13.523 D/CompatConfig( 720): Adding: com.android.server.compat.config.Change@82f341f
01-01 08:00:13.523 D/CompatConfig( 720): Adding: com.android.server.compat.config.Change@cf4d36c
01-01 08:00:13.523 D/CompatConfig( 720): Adding: com.android.server.compat.config.Change@e311d35
01-01 08:00:13.523 D/CompatConfig( 720): Adding: com.android.server.compat.config.Change@dcdc5ca
01-01 08:00:13.523 D/CompatConfig( 720): Adding: com.android.server.compat.config.Change@71cf33b
01-01 08:00:13.523 D/CompatConfig( 720): Adding: com.android.server.compat.config.Change@411ba58
01-01 08:00:13.523 D/CompatConfig( 720): Adding: com.android.server.compat.config.Change@a6357b1
01-01 08:00:13.523 D/CompatConfig( 720): Adding: com.android.server.compat.config.Change@4ea7496
01-01 08:00:13.523 D/CompatConfig( 720): Adding: com.android.server.compat.config.Change@95d8817
01-01 08:00:13.524 D/CompatConfig( 720): Adding: com.android.server.compat.config.Change@5142404
01-01 08:00:13.524 D/CompatConfig( 720): Adding: com.android.server.compat.config.Change@ba4bded
01-01 08:00:13.524 D/CompatConfig( 720): Adding: com.android.server.compat.config.Change@9514422
01-01 08:00:13.524 D/CompatConfig( 720): Adding: com.android.server.compat.config.Change@ea88eb3
01-01 08:00:13.524 D/CompatConfig( 720): Adding: com.android.server.compat.config.Change@ab17c70
01-01 08:00:13.524 D/CompatConfig( 720): Adding: com.android.server.compat.config.Change@1c4be9
01-01 08:00:13.524 D/CompatConfig( 720): Adding: com.android.server.compat.config.Change@a63806e
01-01 08:00:13.524 D/CompatConfig( 720): Adding: com.android.server.compat.config.Change@93630f
01-01 08:00:13.524 D/CompatConfig( 720): Adding: com.android.server.compat.config.Change@389ef9c
01-01 08:00:13.524 D/CompatConfig( 720): Adding: com.android.server.compat.config.Change@764bda5
01-01 08:00:13.524 D/CompatConfig( 720): Adding: com.android.server.compat.config.Change@a4b357a
01-01 08:00:13.524 D/CompatConfig( 720): Adding: com.android.server.compat.config.Change@2ad212b
01-01 08:00:13.524 D/CompatConfig( 720): Adding: com.android.server.compat.config.Change@6146988
01-01 08:00:13.524 D/CompatConfig( 720): Adding: com.android.server.compat.config.Change@6088f21
01-01 08:00:13.524 D/CompatConfig( 720): Adding: com.android.server.compat.config.Change@1c72f46
01-01 08:00:13.524 D/CompatConfig( 720): Adding: com.android.server.compat.config.Change@85aa507
01-01 08:00:13.524 D/CompatConfig( 720): Adding: com.android.server.compat.config.Change@74a9634
01-01 08:00:13.524 D/CompatConfig( 720): Adding: com.android.server.compat.config.Change@4bdfc5d
01-01 08:00:13.524 D/CompatConfig( 720): Adding: com.android.server.compat.config.Change@4b6f9d2
01-01 08:00:13.524 D/CompatConfig( 720): Adding: com.android.server.compat.config.Change@c728aa3
01-01 08:00:13.524 D/CompatConfig( 720): Adding: com.android.server.compat.config.Change@14e1a0
01-01 08:00:13.524 D/CompatConfig( 720): Adding: com.android.server.compat.config.Change@7630159
01-01 08:00:13.524 D/CompatConfig( 720): Adding: com.android.server.compat.config.Change@366e11e
01-01 08:00:13.524 D/CompatConfig( 720): Adding: com.android.server.compat.config.Change@6992dff
01-01 08:00:13.524 D/CompatConfig( 720): Adding: com.android.server.compat.config.Change@7b95a15
01-01 08:00:13.524 D/CompatConfig( 720): Adding: com.android.server.compat.config.Change@49bf12a
01-01 08:00:13.524 D/CompatConfig( 720): Adding: com.android.server.compat.config.Change@a5cab1b
01-01 08:00:13.524 I/SystemConfig( 720): Reading permissions from /system/etc/permissions/com.android.intentresolver.xml
01-01 08:00:13.525 D/CompatConfig( 720): Adding: com.android.server.compat.config.Change@77944b8
01-01 08:00:13.525 D/CompatConfig( 720): Adding: com.android.server.compat.config.Change@fe28291
01-01 08:00:13.525 D/CompatConfig( 720): Adding: com.android.server.compat.config.Change@45ff5f6
01-01 08:00:13.525 D/CompatConfig( 720): Adding: com.android.server.compat.config.Change@c10ddf7
01-01 08:00:13.525 D/CompatConfig( 720): Adding: com.android.server.compat.config.Change@ad9f464
01-01 08:00:13.525 D/CompatConfig( 720): Adding: com.android.server.compat.config.Change@9bb6cd
01-01 08:00:13.525 D/CompatConfig( 720): Adding: com.android.server.compat.config.Change@38d7b82
01-01 08:00:13.525 D/CompatConfig( 720): Adding: com.android.server.compat.config.Change@76b6293
01-01 08:00:13.525 D/CompatConfig( 720): Adding: com.android.server.compat.config.Change@173f2d0
01-01 08:00:13.525 D/CompatConfig( 720): Adding: com.android.server.compat.config.Change@f39f2c9
01-01 08:00:13.525 D/CompatConfig( 720): Adding: com.android.server.compat.config.Change@41bcdce
01-01 08:00:13.525 D/CompatConfig( 720): Adding: com.android.server.compat.config.Change@3df94ef
01-01 08:00:13.525 D/CompatConfig( 720): Adding: com.android.server.compat.config.Change@56d6bfc
01-01 08:00:13.525 D/CompatConfig( 720): Adding: com.android.server.compat.config.Change@765f285
01-01 08:00:13.525 D/CompatConfig( 720): Adding: com.android.server.compat.config.Change@e2af8da
01-01 08:00:13.525 D/CompatConfig( 720): Adding: com.android.server.compat.config.Change@2ba910b
01-01 08:00:13.525 D/CompatConfig( 720): Adding: com.android.server.compat.config.Change@b234be8
01-01 08:00:13.525 D/CompatConfig( 720): Adding: com.android.server.compat.config.Change@c983201
01-01 08:00:13.525 D/CompatConfig( 720): Adding: com.android.server.compat.config.Change@9cfc8a6
01-01 08:00:13.525 D/CompatConfig( 720): Adding: com.android.server.compat.config.Change@2ff32e7
01-01 08:00:13.525 D/CompatConfig( 720): Adding: com.android.server.compat.config.Change@dd53e94
01-01 08:00:13.525 D/CompatConfig( 720): Adding: com.android.server.compat.config.Change@754ed3d
01-01 08:00:13.525 D/CompatConfig( 720): Adding: com.android.server.compat.config.Change@99fc932
01-01 08:00:13.525 D/CompatConfig( 720): Adding: com.android.server.compat.config.Change@7021683
01-01 08:00:13.525 D/CompatConfig( 720): Adding: com.android.server.compat.config.Change@b11b000
01-01 08:00:13.525 D/CompatConfig( 720): Adding: com.android.server.compat.config.Change@1fd467e
01-01 08:00:13.525 D/CompatConfig( 720): Adding: com.android.server.compat.config.Change@7c597df
01-01 08:00:13.525 D/CompatConfig( 720): Adding: com.android.server.compat.config.Change@8e1cc2c
01-01 08:00:13.525 D/CompatConfig( 720): Adding: com.android.server.compat.config.Change@a6186f5
01-01 08:00:13.525 D/CompatConfig( 720): Adding: com.android.server.compat.config.Change@9234c8a
01-01 08:00:13.525 D/CompatConfig( 720): Adding: com.android.server.compat.config.Change@215d2fb
01-01 08:00:13.525 I/SystemConfig( 720): Reading permissions from /system/etc/permissions/com.android.location.provider.xml
01-01 08:00:13.525 D/CompatConfig( 720): Adding: com.android.server.compat.config.Change@2b57f18
01-01 08:00:13.525 D/CompatConfig( 720): Adding: com.android.server.compat.config.Change@8909d71
01-01 08:00:13.525 D/CompatConfig( 720): Adding: com.android.server.compat.config.Change@bf1a756
01-01 08:00:13.525 D/CompatConfig( 720): Adding: com.android.server.compat.config.Change@964a3d7
01-01 08:00:13.525 D/CompatConfig( 720): Adding: com.android.server.compat.config.Change@90f74c4
01-01 08:00:13.525 D/CompatConfig( 720): Adding: com.android.server.compat.config.Change@4c09fad
01-01 08:00:13.525 D/CompatConfig( 720): Adding: com.android.server.compat.config.Change@378e2e2
01-01 08:00:13.525 D/CompatConfig( 720): Adding: com.android.server.compat.config.Change@c65a673
01-01 08:00:13.525 D/CompatConfig( 720): Adding: com.android.server.compat.config.Change@ff11930
01-01 08:00:13.526 I/SystemConfig( 720): Reading permissions from /system/etc/permissions/com.android.media.remotedisplay.xml
01-01 08:00:13.526 D/CompatConfig( 720): Found a config file: /system/etc/compatconfig/icu4j-platform-compat-config.xml
01-01 08:00:13.527 D/CompatConfig( 720): Adding: com.android.server.compat.config.Change@76a36cf
01-01 08:00:13.527 I/SystemConfig( 720): Reading permissions from /system/etc/permissions/com.android.media.tv.remoteprovider.xml
01-01 08:00:13.527 D/CompatConfig( 720): Found a config file: /system/etc/compatconfig/services-platform-compat-config.xml
01-01 08:00:13.527 I/SystemConfig( 720): Reading permissions from /system/etc/permissions/com.android.mediadrm.signer.xml
01-01 08:00:13.528 I/SystemConfig( 720): Reading permissions from /system/etc/permissions/com.android.networkstack.xml
01-01 08:00:13.529 I/SystemConfig( 720): Reading permissions from /system/etc/permissions/javax.obex.xml
01-01 08:00:13.530 I/SystemConfig( 720): Reading permissions from /system/etc/permissions/org.apache.http.legacy.xml
01-01 08:00:13.530 D/CompatConfig( 720): Adding: com.android.server.compat.config.Change@1609206
01-01 08:00:13.530 D/CompatConfig( 720): Adding: com.android.server.compat.config.Change@94030c7
01-01 08:00:13.530 D/CompatConfig( 720): Adding: com.android.server.compat.config.Change@1b96f4
01-01 08:00:13.531 D/CompatConfig( 720): Adding: com.android.server.compat.config.Change@875ce1d
01-01 08:00:13.531 D/CompatConfig( 720): Adding: com.android.server.compat.config.Change@663c892
01-01 08:00:13.531 D/CompatConfig( 720): Adding: com.android.server.compat.config.Change@2851263
01-01 08:00:13.531 D/CompatConfig( 720): Adding: com.android.server.compat.config.Change@9d52e60
01-01 08:00:13.531 D/CompatConfig( 720): Adding: com.android.server.compat.config.Change@2262f19
01-01 08:00:13.531 D/CompatConfig( 720): Adding: com.android.server.compat.config.Change@2f1dbde
01-01 08:00:13.531 D/CompatConfig( 720): Adding: com.android.server.compat.config.Change@dac71bf
01-01 08:00:13.531 D/CompatConfig( 720): Adding: com.android.server.compat.config.Change@5ced08c
01-01 08:00:13.531 D/CompatConfig( 720): Adding: com.android.server.compat.config.Change@4e1a3d5
01-01 08:00:13.531 D/CompatConfig( 720): Adding: com.android.server.compat.config.Change@fbbd7ea
01-01 08:00:13.531 D/CompatConfig( 720): Adding: com.android.server.compat.config.Change@7c06adb
01-01 08:00:13.531 D/CompatConfig( 720): Adding: com.android.server.compat.config.Change@dde6978
01-01 08:00:13.531 D/CompatConfig( 720): Adding: com.android.server.compat.config.Change@6a5a851
01-01 08:00:13.531 D/CompatConfig( 720): Adding: com.android.server.compat.config.Change@d7788b6
01-01 08:00:13.531 D/CompatConfig( 720): Adding: com.android.server.compat.config.Change@a50d9b7
01-01 08:00:13.531 D/CompatConfig( 720): Adding: com.android.server.compat.config.Change@14ca524
01-01 08:00:13.531 D/CompatConfig( 720): Adding: com.android.server.compat.config.Change@5cb788d
01-01 08:00:13.531 D/CompatConfig( 720): Adding: com.android.server.compat.config.Change@6b7a42
01-01 08:00:13.531 D/CompatConfig( 720): Adding: com.android.server.compat.config.Change@e0f5a53
01-01 08:00:13.531 D/CompatConfig( 720): Adding: com.android.server.compat.config.Change@940ef90
01-01 08:00:13.531 D/CompatConfig( 720): Adding: com.android.server.compat.config.Change@3041089
01-01 08:00:13.531 D/CompatConfig( 720): Adding: com.android.server.compat.config.Change@8baf88e
01-01 08:00:13.531 D/CompatConfig( 720): Adding: com.android.server.compat.config.Change@b2b48af
01-01 08:00:13.531 D/CompatConfig( 720): Adding: com.android.server.compat.config.Change@7ed74bc
01-01 08:00:13.531 D/CompatConfig( 720): Adding: com.android.server.compat.config.Change@f142c45
01-01 08:00:13.531 D/CompatConfig( 720): Adding: com.android.server.compat.config.Change@3720f9a
01-01 08:00:13.531 D/CompatConfig( 720): Adding: com.android.server.compat.config.Change@36dc0cb
01-01 08:00:13.532 D/CompatConfig( 720): Adding: com.android.server.compat.config.Change@e7b20a8
01-01 08:00:13.532 D/CompatConfig( 720): Adding: com.android.server.compat.config.Change@85047c1
01-01 08:00:13.532 D/CompatConfig( 720): Adding: com.android.server.compat.config.Change@518b66
01-01 08:00:13.532 D/CompatConfig( 720): Adding: com.android.server.compat.config.Change@2159ea7
01-01 08:00:13.532 D/CompatConfig( 720): Adding: com.android.server.compat.config.Change@5b59f54
01-01 08:00:13.532 D/CompatConfig( 720): Adding: com.android.server.compat.config.Change@3d89efd
01-01 08:00:13.532 D/CompatConfig( 720): Adding: com.android.server.compat.config.Change@85af7f2
01-01 08:00:13.532 D/CompatConfig( 720): Adding: com.android.server.compat.config.Change@d737e43
01-01 08:00:13.532 D/CompatConfig( 720): Adding: com.android.server.compat.config.Change@5775cc0
01-01 08:00:13.532 D/CompatConfig( 720): Adding: com.android.server.compat.config.Change@e952df9
01-01 08:00:13.532 D/CompatConfig( 720): Adding: com.android.server.compat.config.Change@11ca13e
01-01 08:00:13.532 D/CompatConfig( 720): Adding: com.android.server.compat.config.Change@645bb9f
01-01 08:00:13.532 D/CompatConfig( 720): Adding: com.android.server.compat.config.Change@1f1b0b5
01-01 08:00:13.532 D/CompatConfig( 720): Adding: com.android.server.compat.config.Change@8bd934a
01-01 08:00:13.532 D/CompatConfig( 720): Adding: com.android.server.compat.config.Change@d472bb
01-01 08:00:13.532 D/CompatConfig( 720): Adding: com.android.server.compat.config.Change@d0c03d8
01-01 08:00:13.532 D/CompatConfig( 720): Adding: com.android.server.compat.config.Change@859a331
01-01 08:00:13.532 D/CompatConfig( 720): Adding: com.android.server.compat.config.Change@6c99a16
01-01 08:00:13.532 D/CompatConfig( 720): Adding: com.android.server.compat.config.Change@3cd7f97
01-01 08:00:13.532 D/CompatConfig( 720): Adding: com.android.server.compat.config.Change@1298584
01-01 08:00:13.532 D/CompatConfig( 720): Adding: com.android.server.compat.config.Change@d74416d
01-01 08:00:13.532 I/SystemConfig( 720): Reading permissions from /system/etc/permissions/privapp-permissions-oranth.xml
01-01 08:00:13.532 D/CompatConfig( 720): Adding: com.android.server.compat.config.Change@dbd41a2
01-01 08:00:13.532 D/CompatConfig( 720): Adding: com.android.server.compat.config.Change@8e07e33
01-01 08:00:13.532 D/CompatConfig( 720): Adding: com.android.server.compat.config.Change@c7b75f0
01-01 08:00:13.532 D/CompatConfig( 720): Adding: com.android.server.compat.config.Change@6208769
01-01 08:00:13.532 D/CompatConfig( 720): Adding: com.android.server.compat.config.Change@951d5ee
01-01 08:00:13.532 D/CompatConfig( 720): Adding: com.android.server.compat.config.Change@b1aca8f
01-01 08:00:13.532 D/CompatConfig( 720): Adding: com.android.server.compat.config.Change@dba011c
01-01 08:00:13.532 D/CompatConfig( 720): Adding: com.android.server.compat.config.Change@c313125
01-01 08:00:13.532 D/CompatConfig( 720): Adding: com.android.server.compat.config.Change@58962fa
01-01 08:00:13.532 D/CompatConfig( 720): Adding: com.android.server.compat.config.Change@f0380ab
01-01 08:00:13.532 D/CompatConfig( 720): Adding: com.android.server.compat.config.Change@4f41308
01-01 08:00:13.532 D/CompatConfig( 720): Adding: com.android.server.compat.config.Change@9e8baa1
01-01 08:00:13.532 D/CompatConfig( 720): Adding: com.android.server.compat.config.Change@a7ab4c6
01-01 08:00:13.532 D/CompatConfig( 720): Adding: com.android.server.compat.config.Change@777c87
01-01 08:00:13.532 D/CompatConfig( 720): Adding: com.android.server.compat.config.Change@23b57b4
01-01 08:00:13.532 D/CompatConfig( 720): Adding: com.android.server.compat.config.Change@1355fdd
01-01 08:00:13.532 D/CompatConfig( 720): Adding: com.android.server.compat.config.Change@8dd5752
01-01 08:00:13.532 D/CompatConfig( 720): Adding: com.android.server.compat.config.Change@2455a23
01-01 08:00:13.532 D/CompatConfig( 720): Adding: com.android.server.compat.config.Change@3103b20
01-01 08:00:13.532 D/CompatConfig( 720): Adding: com.android.server.compat.config.Change@aad1cd9
01-01 08:00:13.533 D/CompatConfig( 720): Adding: com.android.server.compat.config.Change@355969e
01-01 08:00:13.533 D/CompatConfig( 720): Adding: com.android.server.compat.config.Change@b89757f
01-01 08:00:13.533 D/CompatConfig( 720): Adding: com.android.server.compat.config.Change@a8de94c
01-01 08:00:13.533 D/CompatConfig( 720): Adding: com.android.server.compat.config.Change@849ad95
01-01 08:00:13.533 D/CompatConfig( 720): Adding: com.android.server.compat.config.Change@807eaa
01-01 08:00:13.533 D/CompatConfig( 720): Adding: com.android.server.compat.config.Change@ec9ea9b
01-01 08:00:13.533 D/CompatConfig( 720): Adding: com.android.server.compat.config.Change@564e38
01-01 08:00:13.533 D/CompatConfig( 720): Adding: com.android.server.compat.config.Change@7e48e11
01-01 08:00:13.533 D/CompatConfig( 720): Adding: com.android.server.compat.config.Change@1bfdb76
01-01 08:00:13.533 D/CompatConfig( 720): Adding: com.android.server.compat.config.Change@6d29577
01-01 08:00:13.533 D/CompatConfig( 720): Adding: com.android.server.compat.config.Change@23e15e4
01-01 08:00:13.533 D/CompatConfig( 720): Adding: com.android.server.compat.config.Change@172fa4d
01-01 08:00:13.533 D/CompatConfig( 720): Adding: com.android.server.compat.config.Change@ac63902
01-01 08:00:13.533 D/CompatConfig( 720): Adding: com.android.server.compat.config.Change@5511213
01-01 08:00:13.533 D/CompatConfig( 720): Adding: com.android.server.compat.config.Change@4b8ac50
01-01 08:00:13.533 D/CompatConfig( 720): Adding: com.android.server.compat.config.Change@d01ee49
01-01 08:00:13.533 D/CompatConfig( 720): Adding: com.android.server.compat.config.Change@5e2e34e
01-01 08:00:13.533 I/SystemConfig( 720): Reading permissions from /system/etc/permissions/privapp-permissions-platform.xml
01-01 08:00:13.534 D/CompatConfig( 720): No directory /system/system_ext/etc/compatconfig, skipping
01-01 08:00:13.534 D/ApexManagerTiming( 720): getActiveApexInfos_noCache
01-01 08:00:13.548 I/SystemConfig( 720): Reading permissions from /system/etc/permissions/privapp_allowlist_com.android.adservices.api.xml
01-01 08:00:13.550 I/SystemConfig( 720): Reading permissions from /system/etc/permissions/privapp_allowlist_com.android.providers.media.module.xml
01-01 08:00:13.552 D/CompatConfig( 720): No directory /apex/com.android.resolv/etc/compatconfig, skipping
01-01 08:00:13.552 I/SystemConfig( 720): Reading permissions from /system/etc/permissions/tv_core_hardware.xml
01-01 08:00:13.553 I/SystemConfig( 720): Reading permissions from /system/etc/permissions/platform.xml
01-01 08:00:13.553 D/CompatConfig( 720): Found a config file: /apex/com.android.wifi/etc/compatconfig/wifi-compat-config.xml
01-01 08:00:13.555 D/CompatConfig( 720): Adding: com.android.server.compat.config.Change@bd59786
01-01 08:00:13.555 D/CompatConfig( 720): Adding: com.android.server.compat.config.Change@5c08847
01-01 08:00:13.555 D/CompatConfig( 720): Adding: com.android.server.compat.config.Change@a69d874
01-01 08:00:13.556 D/CompatConfig( 720): No directory /apex/com.amlogic.mediaextractor/etc/compatconfig, skipping
01-01 08:00:13.556 D/CompatConfig( 720): No directory /apex/com.android.adbd/etc/compatconfig, skipping
01-01 08:00:13.556 D/CompatConfig( 720): No directory /apex/com.android.scheduling/etc/compatconfig, skipping
01-01 08:00:13.557 D/CompatConfig( 720): Found a config file: /apex/com.android.art/etc/compatconfig/libcore-platform-compat-config.xml
01-01 08:00:13.558 I/SystemConfig( 720): Reading permissions from /vendor/etc/permissions/android.hardware.audio.output.xml
01-01 08:00:13.560 D/CompatConfig( 720): Adding: com.android.server.compat.config.Change@48607e0
01-01 08:00:13.560 D/CompatConfig( 720): Adding: com.android.server.compat.config.Change@ab7ca99
01-01 08:00:13.560 D/CompatConfig( 720): Adding: com.android.server.compat.config.Change@b52115e
01-01 08:00:13.560 D/CompatConfig( 720): Adding: com.android.server.compat.config.Change@ff0393f
01-01 08:00:13.560 I/SystemConfig( 720): Reading permissions from /vendor/etc/permissions/android.hardware.bluetooth.xml
01-01 08:00:13.560 D/CompatConfig( 720): Adding: com.android.server.compat.config.Change@73c20c
01-01 08:00:13.560 D/CompatConfig( 720): Adding: com.android.server.compat.config.Change@7b17755
01-01 08:00:13.560 D/CompatConfig( 720): Adding: com.android.server.compat.config.Change@9a9e56a
01-01 08:00:13.560 D/CompatConfig( 720): Adding: com.android.server.compat.config.Change@b392a5b
01-01 08:00:13.561 D/CompatConfig( 720): Adding: com.android.server.compat.config.Change@fa0f2f8
01-01 08:00:13.561 D/CompatConfig( 720): Adding: com.android.server.compat.config.Change@55f33d1
01-01 08:00:13.561 D/CompatConfig( 720): Adding: com.android.server.compat.config.Change@ff8ee36
01-01 08:00:13.561 D/CompatConfig( 720): No directory /apex/com.android.ipsec/etc/compatconfig, skipping
01-01 08:00:13.561 I/SystemConfig( 720): Reading permissions from /vendor/etc/permissions/android.hardware.bluetooth_le.xml
01-01 08:00:13.561 D/CompatConfig( 720): No directory /apex/com.android.runtime/etc/compatconfig, skipping
01-01 08:00:13.562 D/CompatConfig( 720): No directory /apex/com.android.extservices/etc/compatconfig, skipping
01-01 08:00:13.562 D/CompatConfig( 720): No directory /apex/com.android.ondevicepersonalization/etc/compatconfig, skipping
01-01 08:00:13.562 D/CompatConfig( 720): No directory /apex/com.android.permission/etc/compatconfig, skipping
01-01 08:00:13.562 D/CompatConfig( 720): No directory /apex/com.android.configinfrastructure/etc/compatconfig, skipping
01-01 08:00:13.562 D/CompatConfig( 720): No directory /apex/com.google.android.widevine/etc/compatconfig, skipping
01-01 08:00:13.562 D/CompatConfig( 720): No directory /apex/com.android.apex.cts.shim/etc/compatconfig, skipping
01-01 08:00:13.562 I/SystemConfig( 720): Reading permissions from /vendor/etc/permissions/android.hardware.camera.external.xml
01-01 08:00:13.563 D/CompatConfig( 720): Found a config file: /apex/com.android.btservices/etc/compatconfig/bluetoothapk-platform-compat-config.xml
01-01 08:00:13.563 I/SystemConfig( 720): Reading permissions from /vendor/etc/permissions/android.hardware.ethernet.xml
01-01 08:00:13.563 D/CompatConfig( 720): Adding: com.android.server.compat.config.Change@f089d3
01-01 08:00:13.564 I/SystemConfig( 720): Reading permissions from /vendor/etc/permissions/android.hardware.gamepad.xml
01-01 08:00:13.564 D/CompatConfig( 720): Found a config file: /apex/com.android.btservices/etc/compatconfig/bluetooth-compat-config.xml
01-01 08:00:13.565 I/SystemConfig( 720): Reading permissions from /vendor/etc/permissions/android.hardware.hardware_keystore.xml
01-01 08:00:13.565 D/CompatConfig( 720): Adding: com.android.server.compat.config.Change@faff02f
01-01 08:00:13.565 I/SystemConfig( 720): Reading permissions from /vendor/etc/permissions/android.hardware.hdmi.cec.xml
01-01 08:00:13.566 I/SystemConfig( 720): Reading permissions from /vendor/etc/permissions/android.hardware.keystore.app_attest_key.xml
01-01 08:00:13.567 I/SystemConfig( 720): Reading permissions from /vendor/etc/permissions/android.hardware.location.xml
01-01 08:00:13.568 D/CompatConfig( 720): Found a config file: /apex/com.android.btservices/etc/compatconfig/framework-bluetooth-compat-config.xml
01-01 08:00:13.568 I/SystemConfig( 720): Reading permissions from /vendor/etc/permissions/android.hardware.opengles.aep.xml
01-01 08:00:13.569 D/CompatConfig( 720): Adding: com.android.server.compat.config.Change@443b341
01-01 08:00:13.569 D/CompatConfig( 720): No directory /apex/com.android.uwb/etc/compatconfig, skipping
01-01 08:00:13.570 D/CompatConfig( 720): No directory /apex/com.android.devicelock/etc/compatconfig, skipping
01-01 08:00:13.570 I/SystemConfig( 720): Reading permissions from /vendor/etc/permissions/android.hardware.usb.host.xml
01-01 08:00:13.570 D/CompatConfig( 720): No directory /apex/com.android.sdkext/etc/compatconfig, skipping
01-01 08:00:13.570 D/CompatConfig( 720): No directory /apex/com.android.adservices/etc/compatconfig, skipping
01-01 08:00:13.571 I/SystemConfig( 720): Reading permissions from /vendor/etc/permissions/android.hardware.vulkan.compute.xml
01-01 08:00:13.571 D/CompatConfig( 720): Found a config file: /apex/com.android.tethering/etc/compatconfig/connectivity-platform-compat-config.xml
01-01 08:00:13.572 I/SystemConfig( 720): Reading permissions from /vendor/etc/permissions/android.hardware.vulkan.level.xml
01-01 08:00:13.572 D/CompatConfig( 720): Adding: com.android.server.compat.config.Change@3179572
01-01 08:00:13.572 D/CompatConfig( 720): Adding: com.android.server.compat.config.Change@8bf8dc3
01-01 08:00:13.572 D/CompatConfig( 720): Adding: com.android.server.compat.config.Change@e92f640
01-01 08:00:13.572 D/CompatConfig( 720): Adding: com.android.server.compat.config.Change@11a8979
01-01 08:00:13.573 I/SystemConfig( 720): Reading permissions from /vendor/etc/permissions/android.hardware.vulkan.version.xml
01-01 08:00:13.573 D/CompatConfig( 720): No directory /apex/com.android.vndk.v34/etc/compatconfig, skipping
01-01 08:00:13.574 D/CompatConfig( 720): No directory /apex/com.android.rkpd/etc/compatconfig, skipping
01-01 08:00:13.574 D/CompatConfig( 720): No directory /apex/com.android.media.swcodec/etc/compatconfig, skipping
01-01 08:00:13.574 D/CompatConfig( 720): No directory /apex/com.android.virt/etc/compatconfig, skipping
01-01 08:00:13.574 D/CompatConfig( 720): No directory /apex/com.android.os.statsd/etc/compatconfig, skipping
01-01 08:00:13.574 I/SystemConfig( 720): Reading permissions from /vendor/etc/permissions/android.hardware.wifi.direct.xml
01-01 08:00:13.574 D/CompatConfig( 720): No directory /apex/com.android.media/etc/compatconfig, skipping
01-01 08:00:13.574 D/CompatConfig( 720): No directory /apex/com.android.i18n/etc/compatconfig, skipping
01-01 08:00:13.574 D/CompatConfig( 720): No directory /apex/com.android.tzdata/etc/compatconfig, skipping
01-01 08:00:13.574 D/CompatConfig( 720): No directory /apex/com.android.conscrypt/etc/compatconfig, skipping
01-01 08:00:13.575 D/CompatConfig( 720): No directory /apex/com.android.healthfitness/etc/compatconfig, skipping
01-01 08:00:13.575 D/CompatConfig( 720): No directory /apex/com.android.neuralnetworks/etc/compatconfig, skipping
01-01 08:00:13.575 I/SystemConfig( 720): Reading permissions from /vendor/etc/permissions/android.hardware.wifi.passpoint.xml
01-01 08:00:13.575 D/CompatConfig( 720): Found a config file: /apex/com.android.mediaprovider/etc/compatconfig/media-provider-platform-compat-config.xml
01-01 08:00:13.576 I/SystemConfig( 720): Reading permissions from /vendor/etc/permissions/android.hardware.wifi.xml
01-01 08:00:13.576 I/SystemConfig( 720): Reading permissions from /vendor/etc/permissions/android.software.app_widgets.xml
01-01 08:00:13.577 D/CompatConfig( 720): Adding: com.android.server.compat.config.Change@7d14d58
01-01 08:00:13.577 D/CompatConfig( 720): Adding: com.android.server.compat.config.Change@3beeeb1
01-01 08:00:13.577 D/CompatConfig( 720): Adding: com.android.server.compat.config.Change@2ebbf96
01-01 08:00:13.577 D/CompatConfig( 720): Adding: com.android.server.compat.config.Change@6c47717
01-01 08:00:13.577 D/CompatConfig( 720): Adding: com.android.server.compat.config.Change@b9e704
01-01 08:00:13.577 D/CompatConfig( 720): Adding: com.android.server.compat.config.Change@4a2c4ed
01-01 08:00:13.577 D/CompatConfig( 720): Adding: com.android.server.compat.config.Change@d9c3f22
01-01 08:00:13.577 I/SystemConfig( 720): Reading permissions from /vendor/etc/permissions/android.software.backup.xml
01-01 08:00:13.579 D/CompatConfig( 720): No directory /apex/com.android.appsearch/etc/compatconfig, skipping
01-01 08:00:13.580 I/SystemConfig( 720): Reading permissions from /vendor/etc/permissions/android.software.cant_save_state.xml
01-01 08:00:13.581 I/SystemConfig( 720): Reading permissions from /vendor/etc/permissions/android.software.farfield.xml
01-01 08:00:13.582 I/SystemConfig( 720): Reading permissions from /vendor/etc/permissions/android.software.ipsec_tunnels.xml
01-01 08:00:13.583 D/SystemServerTiming( 720): StartFileIntegrityService
01-01 08:00:13.583 I/SystemServiceManager( 720): Starting com.android.server.security.FileIntegrityService
01-01 08:00:13.583 I/SystemConfig( 720): Reading permissions from /vendor/etc/permissions/android.software.opengles.deqp.level-2023-03-01.xml
01-01 08:00:13.584 I/SystemConfig( 720): Reading permissions from /vendor/etc/permissions/android.software.verified_boot.xml
01-01 08:00:13.585 D/SystemServerTiming( 720): StartInstaller
01-01 08:00:13.585 I/SystemServiceManager( 720): Starting com.android.server.pm.Installer
01-01 08:00:13.586 I/SystemConfig( 720): Reading permissions from /vendor/etc/permissions/android.software.vulkan.deqp.level-2023-03-01.xml
01-01 08:00:13.587 I/SystemConfig( 720): Reading permissions from /vendor/etc/permissions/aosp_excluded_hardware.xml
01-01 08:00:13.588 D/SystemConfig( 720): Removed unavailable feature android.hardware.location.network
01-01 08:00:13.588 I/SystemConfig( 720): Reading permissions from /vendor/etc/permissions/com.droidlogic.appinstaller.xml
01-01 08:00:13.589 I/SystemConfig( 720): Reading permissions from /vendor/etc/permissions/com.google.android.feature.SILENT_OTA.xml
01-01 08:00:13.589 I/SystemConfig( 720): Reading permissions from /vendor/etc/permissions/droidlogic.jasplayer.xml
01-01 08:00:13.590 D/SystemServerTiming( 720): DeviceIdentifiersPolicyService
01-01 08:00:13.590 I/SystemServiceManager( 720): Starting com.android.server.os.DeviceIdentifiersPolicyService
01-01 08:00:13.591 D/SystemServerTiming( 720): StartFeatureFlagsService
01-01 08:00:13.591 I/SystemServiceManager( 720): Starting com.android.server.flags.FeatureFlagsService
01-01 08:00:13.591 I/SystemConfig( 720): Reading permissions from /vendor/etc/permissions/droidlogic.jniasplayer.xml
01-01 08:00:13.592 D/FeatureFlagsService( 720): Started Feature Flag Service
01-01 08:00:13.593 I/SystemConfig( 720): Reading permissions from /vendor/etc/permissions/droidlogic.software.core.xml
01-01 08:00:13.594 W/SystemConfig( 720): name is required for in START_TAG (empty) @27:35 in java.io.FileReader@8cbc35d
01-01 08:00:13.594 I/SystemConfig( 720): Reading permissions from /vendor/etc/permissions/droidlogic.tv.software.core.xml
01-01 08:00:13.595 I/SystemConfig( 720): Ignore shared library droidlogic.tv.software.core: /vendor/framework/droidlogic.tv.software.core.jar does not exist
01-01 08:00:13.595 D/SystemServerTiming( 720): UriGrantsManagerService
01-01 08:00:13.595 I/SystemServiceManager( 720): Starting com.android.server.uri.UriGrantsManagerService$Lifecycle
01-01 08:00:13.595 I/SystemConfig( 720): Reading permissions from /vendor/etc/permissions/prime.xml
01-01 08:00:13.596 D/SystemServerTiming( 720): StartPowerStatsService
01-01 08:00:13.596 I/SystemServiceManager( 720): Starting com.android.server.powerstats.PowerStatsService
01-01 08:00:13.597 I/SystemConfig( 720): Reading permissions from /product/etc/sysconfig/atv-component-overrides.xml
01-01 08:00:13.599 I/SystemConfig( 720): Reading permissions from /product/etc/permissions/android.hardware.gamepad.xml
01-01 08:00:13.599 I/SystemConfig( 720): Reading permissions from /product/etc/permissions/com.android.settings.intelligence.xml
