05-29 20:47:33.077 W/ResourcesManager( 2113): at android.app.ResourcesManager$ApkAssetsSupplier.load(ResourcesManager.java:167)
05-29 20:47:33.077 W/ResourcesManager( 2113): at android.app.ResourcesManager.createAssetManager(ResourcesManager.java:550)
05-29 20:47:33.077 W/ResourcesManager( 2113): at android.app.ResourcesManager.createResourcesImpl(ResourcesManager.java:637)
05-29 20:47:33.077 W/ResourcesManager( 2113): at android.app.ResourcesManager.findOrCreateResourcesImplForKeyLocked(ResourcesManager.java:689)
05-29 20:47:33.077 W/ResourcesManager( 2113): at android.app.ResourcesManager.createResources(ResourcesManager.java:1035)
05-29 20:47:33.077 W/ResourcesManager( 2113): at android.app.ResourcesManager.getResources(ResourcesManager.java:1138)
05-29 20:47:33.077 W/ResourcesManager( 2113): at android.app.ContextImpl.createResources(ContextImpl.java:2601)
05-29 20:47:33.077 W/ResourcesManager( 2113): at android.app.ContextImpl.createConfigurationContext(ContextImpl.java:2764)
05-29 20:47:33.077 W/ResourcesManager( 2113): at com.gala.video.plugincenter.sdk.internal.ResourcesManager$ResourcesManagerCompatForP.resolveResourcesImplMap(ResourcesManager.java:762)
05-29 20:47:33.077 W/ResourcesManager( 2113): at com.gala.video.plugincenter.sdk.internal.ResourcesManager.hookAssetManagerAboveL(ResourcesManager.java:428)
05-29 20:47:33.077 W/ResourcesManager( 2113): at com.gala.video.plugincenter.sdk.internal.ResourcesManager.hookAssetManager(ResourcesManager.java:116)
05-29 20:47:33.077 W/ResourcesManager( 2113): at com.gala.video.plugincenter.sdk.internal.ResourcesManager.createResources(ResourcesManager.java:88)
05-29 20:47:33.077 W/ResourcesManager( 2113): at com.gala.video.plugincenter.sdk.internal.PluginLoadedApk$1.run(PluginLoadedApk.java:302)
05-29 20:47:33.077 W/ResourcesManager( 2113): at com.gala.video.plugincenter.sdk.utils.RunUtil$InternalHandler.handleMessage(RunUtil.java:133)
05-29 20:47:33.077 W/ResourcesManager( 2113): at android.os.Handler.dispatchMessage(Handler.java:106)
05-29 20:47:33.077 W/ResourcesManager( 2113): at android.os.Looper.loopOnce(Looper.java:205)
05-29 20:47:33.077 W/ResourcesManager( 2113): at android.os.Looper.loop(Looper.java:294)
05-29 20:47:33.077 W/ResourcesManager( 2113): at android.app.ActivityThread.main(ActivityThread.java:8255)
05-29 20:47:33.077 W/ResourcesManager( 2113): at java.lang.reflect.Method.invoke(Native Method)
05-29 20:47:33.077 W/ResourcesManager( 2113): at com.android.internal.os.RuntimeInit$MethodAndArgsCaller.run(RuntimeInit.java:552)
05-29 20:47:33.077 W/ResourcesManager( 2113): at com.android.internal.os.ZygoteInit.main(ZygoteInit.java:978)
05-29 20:47:33.079 W/ziparchive( 2113): Unable to open '/system/app/WebViewGoogle/WebViewGoogle.apk': No such file or directory
05-29 20:47:33.079 E/.gitvdemo.video( 2113): Failed to open APK '/system/app/WebViewGoogle/WebViewGoogle.apk': I/O error
05-29 20:47:33.080 W/ResourcesManager( 2113): asset path '/system/app/WebViewGoogle/WebViewGoogle.apk' does not exist or contains no resources
05-29 20:47:33.080 W/ResourcesManager( 2113): java.io.IOException: Failed to load asset path /system/app/WebViewGoogle/WebViewGoogle.apk
05-29 20:47:33.080 W/ResourcesManager( 2113): at android.content.res.ApkAssets.nativeLoad(Native Method)
05-29 20:47:33.080 W/ResourcesManager( 2113): at android.content.res.ApkAssets.(ApkAssets.java:298)
05-29 20:47:33.080 W/ResourcesManager( 2113): at android.content.res.ApkAssets.loadFromPath(ApkAssets.java:147)
05-29 20:47:33.080 W/ResourcesManager( 2113): at android.app.ResourcesManager.loadApkAssets(ResourcesManager.java:474)
05-29 20:47:33.080 W/ResourcesManager( 2113): at android.app.ResourcesManager.createAssetManager(ResourcesManager.java:550)
05-29 20:47:33.080 W/ResourcesManager( 2113): at android.app.ResourcesManager.createResourcesImpl(ResourcesManager.java:637)
05-29 20:47:33.080 W/ResourcesManager( 2113): at android.app.ResourcesManager.findOrCreateResourcesImplForKeyLocked(ResourcesManager.java:689)
05-29 20:47:33.080 W/ResourcesManager( 2113): at android.app.ResourcesManager.findOrCreateResourcesImplForKeyLocked(ResourcesManager.java:678)
05-29 20:47:33.080 W/ResourcesManager( 2113): at android.app.ResourcesManager.redirectResourcesToNewImplLocked(ResourcesManager.java:1576)
05-29 20:47:33.080 W/ResourcesManager( 2113): at android.app.ResourcesManager.appendLibAssetsForMainAssetPath(ResourcesManager.java:1469)
05-29 20:47:33.080 W/ResourcesManager( 2113): at android.app.ResourcesManager.appendLibAssetForMainAssetPath(ResourcesManager.java:1428)
05-29 20:47:33.080 W/ResourcesManager( 2113): at com.gala.video.plugincenter.sdk.internal.ResourcesManager.hookAssetManagerAboveL(ResourcesManager.java:437)
05-29 20:47:33.080 W/ResourcesManager( 2113): at com.gala.video.plugincenter.sdk.internal.ResourcesManager.hookAssetManager(ResourcesManager.java:116)
05-29 20:47:33.080 W/ResourcesManager( 2113): at com.gala.video.plugincenter.sdk.internal.ResourcesManager.createResources(ResourcesManager.java:88)
05-29 20:47:33.080 W/ResourcesManager( 2113): at com.gala.video.plugincenter.sdk.internal.PluginLoadedApk$1.run(PluginLoadedApk.java:302)
05-29 20:47:33.080 W/ResourcesManager( 2113): at com.gala.video.plugincenter.sdk.utils.RunUtil$InternalHandler.handleMessage(RunUtil.java:133)
05-29 20:47:33.080 W/ResourcesManager( 2113): at android.os.Handler.dispatchMessage(Handler.java:106)
05-29 20:47:33.080 W/ResourcesManager( 2113): at android.os.Looper.loopOnce(Looper.java:205)
05-29 20:47:33.080 W/ResourcesManager( 2113): at android.os.Looper.loop(Looper.java:294)
05-29 20:47:33.080 W/ResourcesManager( 2113): at android.app.ActivityThread.main(ActivityThread.java:8255)
05-29 20:47:33.080 W/ResourcesManager( 2113): at java.lang.reflect.Method.invoke(Native Method)
05-29 20:47:33.080 W/ResourcesManager( 2113): at com.android.internal.os.RuntimeInit$MethodAndArgsCaller.run(RuntimeInit.java:552)
05-29 20:47:33.080 W/ResourcesManager( 2113): at com.android.internal.os.ZygoteInit.main(ZygoteInit.java:978)
05-29 20:47:33.081 E/IM-VIDEO( 2113): [KEPLER_TP_STANDARD] tasks = 1, actives = 1, largest pool size =1
05-29 20:47:33.085 E/.gitvdemo.video( 2113): Attempt to load writable dex file: /data/user/0/com.gitvdemo.video/app_plugin_patch/com.gala.video.plugin.danmaku.15.6.0.197899.apk
05-29 20:47:33.085 W/.gitvdemo.video( 2113): Unsupported class loader
05-29 20:47:33.091 D/JavaThread( 2113): JavaThread constructor!
05-29 20:47:33.092 D/JavaThread( 2113): CreateJavaThread!
05-29 20:47:33.097 D/IM-VIDEO( 2113): NexusConfiguration init, domain: multitv
05-29 20:47:33.099 E/IM-VIDEO( 2113): [DomainManager] HOST_API is empty
05-29 20:47:33.102 D/JavaThread( 2113): JavaThread run!
05-29 20:47:33.111 E/IM-VIDEO( 2113): [DomainManager] HOST_HISTORY is empty
05-29 20:47:33.111 W/.gitvdemo.video( 2113): Unsupported class loader
05-29 20:47:33.111 W/.gitvdemo.video( 2113): Unsupported class loader
05-29 20:47:33.112 D/IM_PS ( 2113): [KPush] push init versionName: v2.6.16.28 buildDate: 250220-1156
05-29 20:47:33.113 D/IM_PS ( 2113): KPush-Init start running.
05-29 20:47:33.115 D/IM_PS ( 2113): [KPush] {"appId":1021,"appVer":"15.5.0.196866","platform":24,"osVersion":"34","osPlatform":0,"deviceIdentifier":"tv_94a529479db8c9c9708b61933f5f1e03_1747915974705_5906344608"}
05-29 20:47:33.120 D/IM_PS ( 2113): [KPush] enableNotification isEnabled = true
05-29 20:47:33.121 D/IM-VIDEO( 2113): [HCSDK] start imservice: , 2113 - 4982
05-29 20:47:33.122 D/IM-VIDEO( 2113): KeplerApi, input app_id=1021|app_version=15.5.0.196866|brand=Amlogic_UD2A.240505.001.W1.eng.server.20250529.204748 release-keys|device_id=tv_94a529479db8c9c9708b61933f5f1e03_1747915974705_5906344608|local=1|mft=Amlogic|network=1|os_version=34|platform=24|push_token=tv_94a529479db8c9c9708b61933f5f1e03_1747915974705_5906344608|push_type=1|ua=DBBOX-A3|uid=|ce656850400574e9f9cffb285ee8abc0
05-29 20:47:33.123 D/IM-VIDEO( 2113): KeplerApi, sign is b3e5d5e664f55248734d166a1b01fa7a
05-29 20:47:33.123 E/upload ( 2113): getPushType url = https://kepler.ptqy.gitv.tv/kepler/apis/device/upload.action?device_id=tv_94a529479db8c9c9708b61933f5f1e03_1747915974705_5906344608&app_version=15.5.0.196866&os_version=34&sign=b3e5d5e664f55248734d166a1b01fa7a&ua=DBBOX-A3&platform=24&local=1&network=1&push_type=1&uid=&mft=Amlogic&app_id=1021&brand=Amlogic_UD2A.240505.001.W1.eng.server.20250529.204748 release-keys&push_token=tv_94a529479db8c9c9708b61933f5f1e03_1747915974705_5906344608
05-29 20:47:33.123 D/OomAdjuster( 720): Not killing cached processes
05-29 20:47:33.123 D/IM_PS ( 2113): [PrefUtils] set kepler_push_channel error context = null || value = null
05-29 20:47:33.124 I/IM-VIDEO-I( 2113): ipv6HttpUtils performGetRequest, Url: https://kepler.ptqy.gitv.tv/kepler/apis/device/upload.action?device_id=tv_94a529479db8c9c9708b61933f5f1e03_1747915974705_5906344608&app_version=15.5.0.196866&os_version=34&sign=b3e5d5e664f55248734d166a1b01fa7a&ua=DBBOX-A3&platform=24&local=1&network=1&push_type=1&uid=&mft=Amlogic&app_id=1021&brand=Amlogic_UD2A.240505.001.W1.eng.server.20250529.204748 release-keys&push_token=tv_94a529479db8c9c9708b61933f5f1e03_1747915974705_5906344608
05-29 20:47:33.124 D/IM_PS ( 2113): [PrefUtils] set kepler_push_region error context = null || value = null
05-29 20:47:33.124 D/IM_PS ( 2113): [PrefUtils] set kepler_push_ua error context = null || value = null
05-29 20:47:33.126 D/IM-VIDEO( 2113): [IMService] onCreate.
05-29 20:47:33.127 D/IM-VIDEO( 2113): [IMService] onStartCommand. --- 2113 - 2113
05-29 20:47:33.129 E/LogRecoder( 2113): start init LogRecoder.
05-29 20:47:33.129 D/IM-VIDEO( 2113): [IMService] onStartCommand start SingleThread. --- 2113 - 4982
05-29 20:47:33.131 D/UtilLog ( 2643): 日志批量上报 进行正常循环 !!!!!!本次有0次请求,共0条数据
05-29 20:47:33.136 W/ActivityManager( 720): Foreground service started from background can not have location/camera/microphone access: service com.gitvdemo.video/com.gala.video.plugincenter.sdk.delegate.LocalService
05-29 20:47:33.138 D/IM-VIDEO( 2113): [IMService] onStartCommand, init done.
05-29 20:47:33.139 E/LogRecoder( 2113): finish init LogRecoder instance.
05-29 20:47:33.148 D/IM-VIDEO( 2113): Nexus connectUsingConfiguration
05-29 20:47:33.154 W/IM-VIDEO( 2113): Could not connect to multitv-im-conn.ptqy.gitv.tv:5333: remote-server-timeout(504) -- caused by: java.net.UnknownHostException: Unable to resolve host "multitv-im-conn.ptqy.gitv.tv": No address associated with hostname
05-29 20:47:33.154 W/IM-VIDEO( 2113): at com.earth.nexus.Nexus.connectUsingConfiguration(Nexus.java:253)
05-29 20:47:33.154 W/IM-VIDEO( 2113): at com.earth.nexus.Nexus.connectSocket(Nexus.java:588)
05-29 20:47:33.154 W/IM-VIDEO( 2113): at com.earth.hcim.connector.Connector.connectSocket(Connector.java:131)
05-29 20:47:33.154 W/IM-VIDEO( 2113): at com.earth.hcim.service.IMService$2.run(IMService.java:171)
05-29 20:47:33.154 W/IM-VIDEO( 2113): at java.util.concurrent.ThreadPoolExecutor.runWorker(ThreadPoolExecutor.java:1145)
05-29 20:47:33.154 W/IM-VIDEO( 2113): at java.util.concurrent.ThreadPoolExecutor$Worker.run(ThreadPoolExecutor.java:644)
05-29 20:47:33.154 W/IM-VIDEO( 2113): at java.lang.Thread.run(Thread.java:1012)
05-29 20:47:33.154 W/IM-VIDEO( 2113): Nested Exception:
05-29 20:47:33.154 W/IM-VIDEO( 2113): java.net.UnknownHostException: Unable to resolve host "multitv-im-conn.ptqy.gitv.tv": No address associated with hostname
05-29 20:47:33.154 W/IM-VIDEO( 2113): at java.net.Inet6AddressImpl.lookupHostByName(Inet6AddressImpl.java:156)
05-29 20:47:33.154 W/IM-VIDEO( 2113): at java.net.Inet6AddressImpl.lookupAllHostAddr(Inet6AddressImpl.java:103)
05-29 20:47:33.154 W/IM-VIDEO( 2113): at java.net.InetAddress.getAllByName(InetAddress.java:1152)
05-29 20:47:33.154 W/IM-VIDEO( 2113): at com.earth.nexus.proxy.DirectSocketFactory.createSocket(DirectSocketFactory.java:52)
05-29 20:47:33.154 W/IM-VIDEO( 2113): at com.earth.nexus.Nexus.connectUsingConfiguration(Nexus.java:245)
05-29 20:47:33.154 W/IM-VIDEO( 2113): at com.earth.nexus.Nexus.connectSocket(Nexus.java:588)
05-29 20:47:33.154 W/IM-VIDEO( 2113): at com.earth.hcim.connector.Connector.connectSocket(Connector.java:131)
05-29 20:47:33.154 W/IM-VIDEO( 2113): at com.earth.hcim.service.IMService$2.run(IMService.java:171)
05-29 20:47:33.154 W/IM-VIDEO( 2113): at java.util.concurrent.ThreadPoolExecutor.runWorker(ThreadPoolExecutor.java:1145)
05-29 20:47:33.154 W/IM-VIDEO( 2113): at java.util.concurrent.ThreadPoolExecutor$Worker.run(ThreadPoolExecutor.java:644)
05-29 20:47:33.154 W/IM-VIDEO( 2113): at java.lang.Thread.run(Thread.java:1012)
05-29 20:47:33.154 W/IM-VIDEO( 2113): Caused by: android.system.GaiException: android_getaddrinfo failed: EAI_NODATA (No address associated with hostname)
05-29 20:47:33.154 W/IM-VIDEO( 2113): at libcore.io.Linux.android_getaddrinfo(Native Method)
05-29 20:47:33.154 W/IM-VIDEO( 2113): at libcore.io.ForwardingOs.android_getaddrinfo(ForwardingOs.java:133)
05-29 20:47:33.154 W/IM-VIDEO( 2113): at libcore.io.BlockGuardOs.android_getaddrinfo(BlockGuardOs.java:222)
05-29 20:47:33.154 W/IM-VIDEO( 2113): at libcore.io.ForwardingOs.android_getaddrinfo(ForwardingOs.java:133)
05-29 20:47:33.154 W/IM-VIDEO( 2113): at java.net.Inet6AddressImpl.lookupHostByName(Inet6AddressImpl.java:135)
05-29 20:47:33.154 W/IM-VIDEO( 2113): ... 10 more
05-29 20:47:33.157 D/IM-VIDEO( 2113): HCHttpActions getStandardTime, URL: https://data.video.ptqy.gitv.tv/t
05-29 20:47:33.157 I/IM-VIDEO-I( 2113): ipv6HttpUtils performGetRequest, Url: https://data.video.ptqy.gitv.tv/t
05-29 20:47:33.159 W/System.err( 2113): java.net.UnknownHostException: Unable to resolve host "kepler.ptqy.gitv.tv": No address associated with hostname
05-29 20:47:33.159 W/System.err( 2113): at java.net.Inet6AddressImpl.lookupHostByName(Inet6AddressImpl.java:156)
05-29 20:47:33.159 W/System.err( 2113): at java.net.Inet6AddressImpl.lookupAllHostAddr(Inet6AddressImpl.java:103)
05-29 20:47:33.159 W/System.err( 2113): at java.net.InetAddress.getAllByName(InetAddress.java:1152)
05-29 20:47:33.159 W/System.err( 2113): at okhttp3.Dns$1.lookup(Dns.java:40)
05-29 20:47:33.159 W/System.err( 2113): at okhttp3.internal.connection.RouteSelector.fillInetSocketAddresses(RouteSelector.java:203)
05-29 20:47:33.159 W/System.err( 2113): at okhttp3.internal.connection.RouteSelector.resetNextInetSocketAddress(RouteSelector.java:188)
05-29 20:47:33.159 W/System.err( 2113): at okhttp3.internal.connection.RouteSelector.nextProxy(RouteSelector.java:154)
05-29 20:47:33.159 W/System.err( 2113): at okhttp3.internal.connection.RouteSelector.next(RouteSelector.java:89)
05-29 20:47:33.159 W/System.err( 2113): at okhttp3.internal.connection.StreamAllocation.findConnection(StreamAllocation.java:237)
05-29 20:47:33.159 W/System.err( 2113): at okhttp3.internal.connection.StreamAllocation.findHealthyConnection(StreamAllocation.java:152)
05-29 20:47:33.159 W/System.err( 2113): at okhttp3.internal.connection.StreamAllocation.newStream(StreamAllocation.java:128)
05-29 20:47:33.159 W/System.err( 2113): at okhttp3.internal.connection.ConnectInterceptor.intercept(ConnectInterceptor.java:43)
05-29 20:47:33.159 W/System.err( 2113): at okhttp3.internal.http.RealInterceptorChain.proceed(RealInterceptorChain.java:147)
05-29 20:47:33.159 W/System.err( 2113): at okhttp3.internal.http.RealInterceptorChain.proceed(RealInterceptorChain.java:121)
05-29 20:47:33.159 W/System.err( 2113): at okhttp3.internal.cache.CacheInterceptor.intercept(CacheInterceptor.java:93)
05-29 20:47:33.159 W/System.err( 2113): at okhttp3.internal.http.RealInterceptorChain.proceed(RealInterceptorChain.java:147)
05-29 20:47:33.159 W/System.err( 2113): at okhttp3.internal.http.RealInterceptorChain.proceed(RealInterceptorChain.java:121)
05-29 20:47:33.159 W/System.err( 2113): at okhttp3.internal.http.BridgeInterceptor.intercept(BridgeInterceptor.java:93)
05-29 20:47:33.160 W/System.err( 2113): at okhttp3.internal.http.RealInterceptorChain.proceed(RealInterceptorChain.java:147)
05-29 20:47:33.160 W/System.err( 2113): at okhttp3.internal.http.RetryAndFollowUpInterceptor.intercept(RetryAndFollowUpInterceptor.java:130)
05-29 20:47:33.160 W/System.err( 2113): at okhttp3.internal.http.RealInterceptorChain.proceed(RealInterceptorChain.java:147)
05-29 20:47:33.160 W/System.err( 2113): at okhttp3.internal.http.RealInterceptorChain.proceed(RealInterceptorChain.java:121)
05-29 20:47:33.160 W/System.err( 2113): at okhttp3.RealCall.getResponseWithInterceptorChain(RealCall.java:316)
05-29 20:47:33.160 W/System.err( 2113): at okhttp3.RealCall.executeSync(RealCall.java:144)
05-29 20:47:33.160 W/System.err( 2113): at okhttp3.RealCall.execute(RealCall.java:130)
05-29 20:47:33.160 W/System.err( 2113): at com.earth.hcim.utils.http.ImHttpIpv6Utils.doGetRequestForString(ImHttpIpv6Utils.java:82)
05-29 20:47:33.160 W/System.err( 2113): at com.earth.commom.manager.KeplerApi.uploadDevice(KeplerApi.java:59)
05-29 20:47:33.160 W/System.err( 2113): at com.gala.push.impush.IMInitHelper$1.doWork(IMInitHelper.java:122)
05-29 20:47:33.160 W/System.err( 2113): at com.gala.video.job.j.d(JobWrapper.java:59)
05-29 20:47:33.160 W/System.err( 2113): at com.gala.video.job.j.run(JobWrapper.java:38)
05-29 20:47:33.160 W/System.err( 2113): at java.util.concurrent.ThreadPoolExecutor.runWorker(ThreadPoolExecutor.java:1145)
05-29 20:47:33.160 W/System.err( 2113): at java.util.concurrent.ThreadPoolExecutor$Worker.run(ThreadPoolExecutor.java:644)
05-29 20:47:33.160 W/System.err( 2113): at java.lang.Thread.run(Thread.java:1012)
05-29 20:47:33.160 W/System.err( 2113): Caused by: android.system.GaiException: android_getaddrinfo failed: EAI_NODATA (No address associated with hostname)
05-29 20:47:33.160 W/System.err( 2113): at libcore.io.Linux.android_getaddrinfo(Native Method)
05-29 20:47:33.160 W/System.err( 2113): at libcore.io.ForwardingOs.android_getaddrinfo(ForwardingOs.java:133)
05-29 20:47:33.160 W/System.err( 2113): at libcore.io.BlockGuardOs.android_getaddrinfo(BlockGuardOs.java:222)
05-29 20:47:33.160 W/System.err( 2113): at libcore.io.ForwardingOs.android_getaddrinfo(ForwardingOs.java:133)
05-29 20:47:33.160 W/System.err( 2113): at java.net.Inet6AddressImpl.lookupHostByName(Inet6AddressImpl.java:135)
05-29 20:47:33.160 W/System.err( 2113): ... 32 more
05-29 20:47:33.160 E/upload ( 2113): getPushType result =
05-29 20:47:33.160 D/upload ( 2113): getPushType result null type = -1
05-29 20:47:33.160 D/IM_PS ( 2113): [ImPushServiceManager] setPushCallback
05-29 20:47:33.161 D/IM_PS ( 2113): KPush-Init end run.
05-29 20:47:33.162 W/System.err( 2113): java.net.UnknownHostException: Unable to resolve host "data.video.ptqy.gitv.tv": No address associated with hostname
05-29 20:47:33.162 W/System.err( 2113): at java.net.Inet6AddressImpl.lookupHostByName(Inet6AddressImpl.java:156)
05-29 20:47:33.163 W/System.err( 2113): at java.net.Inet6AddressImpl.lookupAllHostAddr(Inet6AddressImpl.java:103)
05-29 20:47:33.163 W/System.err( 2113): at java.net.InetAddress.getAllByName(InetAddress.java:1152)
05-29 20:47:33.163 W/System.err( 2113): at okhttp3.Dns$1.lookup(Dns.java:40)
05-29 20:47:33.163 W/System.err( 2113): at okhttp3.internal.connection.RouteSelector.fillInetSocketAddresses(RouteSelector.java:203)
05-29 20:47:33.163 W/System.err( 2113): at okhttp3.internal.connection.RouteSelector.resetNextInetSocketAddress(RouteSelector.java:188)
05-29 20:47:33.163 W/System.err( 2113): at okhttp3.internal.connection.RouteSelector.nextProxy(RouteSelector.java:154)
05-29 20:47:33.163 W/System.err( 2113): at okhttp3.internal.connection.RouteSelector.next(RouteSelector.java:89)
05-29 20:47:33.163 W/System.err( 2113): at okhttp3.internal.connection.StreamAllocation.findConnection(StreamAllocation.java:237)
05-29 20:47:33.163 W/System.err( 2113): at okhttp3.internal.connection.StreamAllocation.findHealthyConnection(StreamAllocation.java:152)
05-29 20:47:33.163 W/System.err( 2113): at okhttp3.internal.connection.StreamAllocation.newStream(StreamAllocation.java:128)
05-29 20:47:33.163 W/System.err( 2113): at okhttp3.internal.connection.ConnectInterceptor.intercept(ConnectInterceptor.java:43)
05-29 20:47:33.163 W/System.err( 2113): at okhttp3.internal.http.RealInterceptorChain.proceed(RealInterceptorChain.java:147)
05-29 20:47:33.163 W/System.err( 2113): at okhttp3.internal.http.RealInterceptorChain.proceed(RealInterceptorChain.java:121)
05-29 20:47:33.163 W/System.err( 2113): at okhttp3.internal.cache.CacheInterceptor.intercept(CacheInterceptor.java:93)
05-29 20:47:33.163 W/System.err( 2113): at okhttp3.internal.http.RealInterceptorChain.proceed(RealInterceptorChain.java:147)
05-29 20:47:33.163 W/System.err( 2113): at okhttp3.internal.http.RealInterceptorChain.proceed(RealInterceptorChain.java:121)
05-29 20:47:33.163 W/System.err( 2113): at okhttp3.internal.http.BridgeInterceptor.intercept(BridgeInterceptor.java:93)
05-29 20:47:33.163 W/System.err( 2113): at okhttp3.internal.http.RealInterceptorChain.proceed(RealInterceptorChain.java:147)
05-29 20:47:33.163 W/System.err( 2113): at okhttp3.internal.http.RetryAndFollowUpInterceptor.intercept(RetryAndFollowUpInterceptor.java:130)
05-29 20:47:33.163 W/System.err( 2113): at okhttp3.internal.http.RealInterceptorChain.proceed(RealInterceptorChain.java:147)
05-29 20:47:33.163 W/System.err( 2113): at okhttp3.internal.http.RealInterceptorChain.proceed(RealInterceptorChain.java:121)
05-29 20:47:33.163 W/System.err( 2113): at okhttp3.RealCall.getResponseWithInterceptorChain(RealCall.java:316)
05-29 20:47:33.163 W/System.err( 2113): at okhttp3.RealCall.executeSync(RealCall.java:144)
05-29 20:47:33.163 W/System.err( 2113): at okhttp3.RealCall.execute(RealCall.java:130)
05-29 20:47:33.163 W/System.err( 2113): at com.earth.hcim.utils.http.ImHttpIpv6Utils.doGetRequestForString(ImHttpIpv6Utils.java:82)
05-29 20:47:33.163 W/System.err( 2113): at com.earth.hcim.http.HCHttpActions.getStandardTime(HCHttpActions.java:258)
05-29 20:47:33.163 W/System.err( 2113): at com.earth.hcim.utils.StandardTimeUtils.sync(StandardTimeUtils.java:29)
05-29 20:47:33.163 W/System.err( 2113): at com.earth.hcim.service.IMService$2.run(IMService.java:172)
05-29 20:47:33.163 W/System.err( 2113): at java.util.concurrent.ThreadPoolExecutor.runWorker(ThreadPoolExecutor.java:1145)
05-29 20:47:33.163 W/System.err( 2113): at java.util.concurrent.ThreadPoolExecutor$Worker.run(ThreadPoolExecutor.java:644)
05-29 20:47:33.163 W/System.err( 2113): at java.lang.Thread.run(Thread.java:1012)
05-29 20:47:33.163 W/System.err( 2113): Caused by: android.system.GaiException: android_getaddrinfo failed: EAI_NODATA (No address associated with hostname)
05-29 20:47:33.163 W/System.err( 2113): at libcore.io.Linux.android_getaddrinfo(Native Method)
05-29 20:47:33.163 W/System.err( 2113): at libcore.io.ForwardingOs.android_getaddrinfo(ForwardingOs.java:133)
05-29 20:47:33.163 W/System.err( 2113): at libcore.io.BlockGuardOs.android_getaddrinfo(BlockGuardOs.java:222)
05-29 20:47:33.163 W/System.err( 2113): at libcore.io.ForwardingOs.android_getaddrinfo(ForwardingOs.java:133)
05-29 20:47:33.163 W/System.err( 2113): at java.net.Inet6AddressImpl.lookupHostByName(Inet6AddressImpl.java:135)
05-29 20:47:33.163 W/System.err( 2113): ... 31 more
05-29 20:47:33.164 D/IM-VIDEO( 2113): HCHttpActions getStandardTime, RES:
05-29 20:47:33.164 W/System.err( 2113): org.json.JSONException: End of input at character 0 of
05-29 20:47:33.164 W/System.err( 2113): at org.json.JSONTokener.syntaxError(JSONTokener.java:469)
05-29 20:47:33.164 W/System.err( 2113): at org.json.JSONTokener.nextValue(JSONTokener.java:101)
05-29 20:47:33.164 W/System.err( 2113): at org.json.JSONObject.(JSONObject.java:168)
05-29 20:47:33.164 W/System.err( 2113): at org.json.JSONObject.(JSONObject.java:185)
05-29 20:47:33.164 W/System.err( 2113): at com.earth.hcim.utils.json.HCJsonUtils.getStandardTime(HCJsonUtils.java:15)
05-29 20:47:33.164 W/System.err( 2113): at com.earth.hcim.http.HCHttpActions.getStandardTime(HCHttpActions.java:260)
05-29 20:47:33.164 W/System.err( 2113): at com.earth.hcim.utils.StandardTimeUtils.sync(StandardTimeUtils.java:29)
05-29 20:47:33.164 W/System.err( 2113): at com.earth.hcim.service.IMService$2.run(IMService.java:172)
05-29 20:47:33.164 W/System.err( 2113): at java.util.concurrent.ThreadPoolExecutor.runWorker(ThreadPoolExecutor.java:1145)
05-29 20:47:33.164 W/System.err( 2113): at java.util.concurrent.ThreadPoolExecutor$Worker.run(ThreadPoolExecutor.java:644)
05-29 20:47:33.164 W/System.err( 2113): at java.lang.Thread.run(Thread.java:1012)
05-29 20:47:33.164 D/IM-VIDEO( 2113): [IMService] cached-thread connectServer over.
05-29 20:47:33.166 D/TrafficStats( 2113): tagSocket(236) with statsTag=0xffffffff, statsUid=-1
05-29 20:47:33.167 I/CLog ( 2113): 2025-05-29 20:47:33.167 T:4984 ERROR: [CUPID]ChmodFile(): /storage/emulated/0/qcache/adcache/share.db get file stat error: No such file or directory
05-29 20:47:33.170 D/IM-VIDEO( 2113): [HCPing] startDynamicHeartbeatThread, new executor.
05-29 20:47:33.170 E/IM-VIDEO( 2113): [KEPLER_TP_SCHEDULE] tasks = 1, actives = 0, largest pool size =0
05-29 20:47:33.174 D/TrafficStats( 2113): tagSocket(235) with statsTag=0xffffffff, statsUid=-1
05-29 20:47:33.181 D/TrafficStats( 2113): tagSocket(235) with statsTag=0xffffffff, statsUid=-1
05-29 20:47:33.544 D/XM_HIDREAD( 1873): poll ret=1, event=1
05-29 20:47:33.544 D/XM_HIDREAD( 1873): [9 bytes]:01 00 00 28 00 00 00 00 00
05-29 20:47:33.547 I/SogouIME( 1431): onKeyDown: keyoCode=23
05-29 20:47:33.548 I/DefaultIMS( 1431): onKeyDown: keyoCode=23
05-29 20:47:33.656 D/XM_HIDREAD( 1873): poll ret=1, event=1
05-29 20:47:33.656 D/XM_HIDREAD( 1873): [9 bytes]:01 00 00 00 00 00 00 00 00
05-29 20:47:33.659 I/SogouIME( 1431): onKeyUp: keyoCode=23
05-29 20:47:33.659 I/DefaultIMS( 1431): onKeyUp: keyoCode=23
05-29 20:47:33.660 E/ccc ( 1400): cccccc onClick null
05-29 20:47:33.754 D/hq ( 1453): NetWorkStateReceiver:::检查网络,并且持续更新 isConnect=false
05-29 20:47:34.039 D/XM_HIDREAD( 1873): poll ret=1, event=1
05-29 20:47:34.039 D/XM_HIDREAD( 1873): [9 bytes]:01 00 00 29 00 00 00 00 00
05-29 20:47:34.042 I/SogouIME( 1431): onKeyDown: keyoCode=4
05-29 20:47:34.042 I/DefaultIMS( 1431): onKeyDown: keyoCode=4
05-29 20:47:34.151 D/XM_HIDREAD( 1873): poll ret=1, event=1
05-29 20:47:34.151 D/XM_HIDREAD( 1873): [9 bytes]:01 00 00 00 00 00 00 00 00
05-29 20:47:34.156 I/SogouIME( 1431): onKeyUp: keyoCode=4
05-29 20:47:34.156 I/DefaultIMS( 1431): onKeyUp: keyoCode=4
05-29 20:47:34.193 V/WindowManagerShell( 950): Transition requested: android.os.BinderProxy@e476617 TransitionRequestInfo { type = 2, triggerTask = TaskInfo{userId=0 taskId=251 displayId=0 isRunning=false baseIntent=Intent { flg=0x10800000 cmp=com.dangbei.lerad.etna.haqu/com.dangbei.etna.update.ota.OtaUpdateActivity } baseActivity=null topActivity=null origActivity=null realActivity=ComponentInfo{com.dangbei.lerad.etna.haqu/com.dangbei.etna.update.ota.OtaUpdateActivity} numActivities=0 lastActiveTime=71013 supportsMultiWindow=true resizeMode=1 isResizeable=true minWidth=-1 minHeight=-1 defaultMinSize=220 token=WCT{android.window.IWindowContainerToken$Stub$Proxy@24baa04} topActivityType=1 pictureInPictureParams=null shouldDockBigOverlays=false launchIntoPipHostTaskId=-1 lastParentTaskIdBeforePip=-1 displayCutoutSafeInsets=null topActivityInfo=null launchCookies=[] positionInParent=Point(0, 0) parentTaskId=-1 isFocused=true isVisible=true isVisibleRequested=true isSleeping=false topActivityInSizeCompat=false topActivityEligibleForLetterboxEducation= false isLetterboxDoubleTapEnabled= false topActivityEligibleForUserAspectRatioButton= false topActivityBoundsLetterboxed= false isFromLetterboxDoubleTap= false topActivityLetterboxVerticalPosition= -1 topActivityLetterboxHorizontalPosition= -1 topActivityLetterboxWidth=-1 topActivityLetterboxHeight=-1 isUserFullscreenOverrideEnabled=false isTopActivityTransparent=false locusId=null displayAreaFeatureId=1 cameraCompatControlState=hidden}, remoteTransition = null, displayChange = null, flags = 0 }
05-29 20:47:34.220 E/ccc ( 1400): cccccc OtaUpdateActivity onPause
05-29 20:47:34.220 W/ActivityTaskManager( 720): Finishing task with all activities already finished
05-29 20:47:34.220 W/ActivityTaskManager( 720): Duplicate finish request for r=ActivityRecord{a650317 u0 com.dangbei.lerad.etna.haqu/com.dangbei.etna.update.ota.OtaUpdateActivity t251 f}}
05-29 20:47:34.224 V/WindowManager( 720): app ------------- force_land :0
05-29 20:47:34.226 I/BpBinder( 294): onLastStrongRef automatically unlinking death recipients:
05-29 20:47:34.233 V/WindowManager( 720): Sent Transition #4 createdAt=05-29 20:47:34.191 via request=TransitionRequestInfo { type = 2, triggerTask = TaskInfo{userId=0 taskId=251 displayId=0 isRunning=false baseIntent=Intent { flg=0x10800000 cmp=com.dangbei.lerad.etna.haqu/com.dangbei.etna.update.ota.OtaUpdateActivity } baseActivity=null topActivity=null origActivity=null realActivity=ComponentInfo{com.dangbei.lerad.etna.haqu/com.dangbei.etna.update.ota.OtaUpdateActivity} numActivities=0 lastActiveTime=71013 supportsMultiWindow=true resizeMode=1 isResizeable=true minWidth=-1 minHeight=-1 defaultMinSize=220 token=WCT{RemoteToken{f102f5d Task{ebd8304 #251 type=standard A=1000:com.dangbei.lerad.etna.haqu}}} topActivityType=1 pictureInPictureParams=null shouldDockBigOverlays=false launchIntoPipHostTaskId=-1 lastParentTaskIdBeforePip=-1 displayCutoutSafeInsets=null topActivityInfo=null launchCookies=[] positionInParent=Point(0, 0) parentTaskId=-1 isFocused=true isVisible=true isVisibleRequested=true isSleeping=false topActivityInSizeCompat=false topActivityEligibleForLetterboxEducation= false isLetterboxDoubleTapEnabled= false topActivityEligibleForUserAspectRatioButton= false topActivityBoundsLetterboxed= false isFromLetterboxDoubleTap= false topActivityLetterboxVerticalPosition= -1 topActivityLetterboxHorizontalPosition= -1 topActivityLetterboxWidth=-1 topActivityLetterboxHeight=-1 isUserFullscreenOverrideEnabled=false isTopActivityTransparent=false locusId=null displayAreaFeatureId=1 cameraCompatControlState=hidden}, remoteTransition = null, displayChange = null, flags = 0 }
05-29 20:47:34.233 V/WindowManager( 720): startWCT=WindowContainerTransaction { changes = {} hops = [] errorCallbackToken=null taskFragmentOrganizer=null }
05-29 20:47:34.234 V/WindowManager( 720): info={id=4 t=CLOSE f=0x0 trk=0 r=[0@Point(0, 0)] c=[{WCT{RemoteToken{f102f5d Task{ebd8304 #251 type=standard A=1000:com.dangbei.lerad.etna.haqu}}} m=CLOSE f=TRANSLUCENT leash=Surface(name=Task=251)/@0xa537646 sb=Rect(0, 0 - 1920, 1080) eb=Rect(0, 0 - 1920, 1080) d=0}]}
05-29 20:47:34.236 V/WindowManagerShell( 950): onTransitionReady android.os.BinderProxy@e476617: {id=4 t=CLOSE f=0x0 trk=0 r=[0@Point(0, 0)] c=[{WCT{android.window.IWindowContainerToken$Stub$Proxy@b524cb3} m=CLOSE f=TRANSLUCENT leash=Surface(name=Task=251)/@0xb1ccbed sb=Rect(0, 0 - 1920, 1080) eb=Rect(0, 0 - 1920, 1080) d=0}]}
05-29 20:47:34.236 V/WindowManagerShell( 950): Playing animation for (#4)android.os.BinderProxy@e476617@0
05-29 20:47:34.237 V/WindowManagerShell( 950): try handler com.android.wm.shell.keyguard.KeyguardTransitionHandler@2963747
05-29 20:47:34.237 V/WindowManagerShell( 950): try handler com.android.wm.shell.pip.tv.TvPipTransition@6b75b74
05-29 20:47:34.237 V/WindowManagerShell( 950): try handler com.android.wm.shell.activityembedding.ActivityEmbeddingController@9a7789d
05-29 20:47:34.237 V/WindowManagerShell( 950): try handler com.android.wm.shell.transition.RemoteTransitionHandler@97c6112
05-29 20:47:34.237 V/WindowManagerShell( 950): Transition doesn't have explicit remote, search filters for match for {id=4 t=CLOSE f=0x0 trk=0 r=[0@Point(0, 0)] c=[{WCT{android.window.IWindowContainerToken$Stub$Proxy@b524cb3} m=CLOSE f=TRANSLUCENT leash=Surface(name=Task=251)/@0xb1ccbed sb=Rect(0, 0 - 1920, 1080) eb=Rect(0, 0 - 1920, 1080) d=0}]}
05-29 20:47:34.237 V/WindowManagerShell( 950): Delegate animation for #4 to null
05-29 20:47:34.237 V/WindowManagerShell( 950): try handler com.android.wm.shell.transition.DefaultTransitionHandler@57500e3
05-29 20:47:34.237 V/WindowManagerShell( 950): start default transition animation, info = {id=4 t=CLOSE f=0x0 trk=0 r=[0@Point(0, 0)] c=[{WCT{android.window.IWindowContainerToken$Stub$Proxy@b524cb3} m=CLOSE f=TRANSLUCENT leash=Surface(name=Task=251)/@0xb1ccbed sb=Rect(0, 0 - 1920, 1080) eb=Rect(0, 0 - 1920, 1080) d=0}]}
05-29 20:47:34.239 E/ccc ( 1400): cccccc UpdateHelper onMessageReceived com.dangbei.haqusetting com.dangbei.etna.update {"action":"get","functionTag":"leaf_controller_function_controller_dangbei_update","value":0} com.dangbei.lerad.etna.aidl.IEtnaAidlCallback$Stub$Proxy@3f5d1bc
05-29 20:47:34.239 E/ccc ( 1400): cccccc 请求电量缓存 100
05-29 20:47:34.239 V/WindowManagerShell( 950): loadAnimation: anim=android.view.animation.AlphaAnimation@beed66e animAttr=0x7 type=CLOSE isEntrance=false
05-29 20:47:34.239 E/ccc ( 1400): cccccc 缓存获取遥控器版本 DB-15B-H5-R0108
05-29 20:47:34.242 V/WindowManagerShell( 950): animated by com.android.wm.shell.transition.DefaultTransitionHandler@57500e3
05-29 20:47:34.263 I/ImeTracker( 720): com.dangbei.haqusetting:bc14c165: onRequestHide at ORIGIN_SERVER_HIDE_INPUT reason HIDE_UNSPECIFIED_WINDOW
05-29 20:47:34.263 I/ImeTracker( 720): com.dangbei.haqusetting:bc14c165: onCancelled at PHASE_SERVER_SHOULD_HIDE
05-29 20:47:34.266 I/DefaultIMS( 1431): onStartInput attribute=android.view.inputmethod.EditorInfo@1441c23 restarting=false inputType: 0
05-29 20:47:34.275 W/ProcessStats( 720): Tracking association SourceState{8907474 com.ktcp.video:daemon/10091 Fgs #565} whose proc state 3 is better than process ProcessState{a8eb676 com.ktcp.video/10091 pkg=com.ktcp.video} proc state 10 (1 skipped)
05-29 20:47:34.296 W/WindowOnBackDispatcher( 1400): sendCancelIfRunning: isInProgress=falsecallback=android.view.ViewRootImpl$$ExternalSyntheticLambda17@ea69040
05-29 20:47:34.297 D/CoreBackPreview( 720): Window{d2bac2b u0 com.dangbei.lerad.etna.haqu/com.dangbei.etna.update.ota.OtaUpdateActivity}: Setting back callback null
05-29 20:47:34.300 W/InputManager-JNI( 720): Input channel object 'd2bac2b com.dangbei.lerad.etna.haqu/com.dangbei.etna.update.ota.OtaUpdateActivity (client)' was disposed without first being removed with the input manager!
05-29 20:47:34.324 W/ContextImpl( 720): Calling a method in the system process without a qualified user: android.app.ContextImpl.startService:1899 com.android.server.wm.DisplayPolicy.lambda$focusChangedLw$5:2126 com.android.server.wm.DisplayPolicy.$r8$lambda$Znxk63oh-WzVnzo_WQefN7uxV48:0 com.android.server.wm.DisplayPolicy$$ExternalSyntheticLambda13.run:0 android.os.Handler.handleCallback:958
05-29 20:47:34.327 D/WindowManagerShell( 950): TvPipController: onTaskStackChanged()
05-29 20:47:34.329 D/aaa ( 1665): LedStatusService onStartCommand begin
05-29 20:47:34.331 D/aaa ( 1665): topPkg is -------------- :com.dangbei.haqusetting
05-29 20:47:34.411 D/XM_HIDREAD( 1873): poll ret=1, event=1
05-29 20:47:34.411 D/XM_HIDREAD( 1873): [9 bytes]:01 00 00 29 00 00 00 00 00
05-29 20:47:34.414 I/SogouIME( 1431): onKeyDown: keyoCode=4
05-29 20:47:34.414 I/DefaultIMS( 1431): onKeyDown: keyoCode=4
05-29 20:47:34.500 D/XM_HIDREAD( 1873): poll ret=1, event=1
05-29 20:47:34.500 D/XM_HIDREAD( 1873): [9 bytes]:01 00 00 00 00 00 00 00 00
05-29 20:47:34.501 I/SogouIME( 1431): onKeyUp: keyoCode=4
05-29 20:47:34.501 I/DefaultIMS( 1431): onKeyUp: keyoCode=4
05-29 20:47:34.528 I/DefaultIMS( 1431): onStartInput attribute=android.view.inputmethod.EditorInfo@a4d520 restarting=false inputType: 0
05-29 20:47:34.658 V/WindowManagerShell( 950): Transition animation finished (aborted=false), notifying core (#4)android.os.BinderProxy@e476617@0
05-29 20:47:34.662 V/WindowManager( 720): Finish Transition #4: created at
05-29 20:47:34.191 collect-started=0.103ms request-sent=0.272ms started=5.528ms ready=35.06ms sent=41.15ms finished=468.927ms
05-29 20:47:34.670 V/WindowManagerShell( 950): Track 0 became idle
05-29 20:47:34.670 V/WindowManagerShell( 950): All active transition animations finished
05-29 20:47:35.197 D/XM_HIDREAD( 1873): poll ret=1, event=1
05-29 20:47:35.197 D/XM_HIDREAD( 1873): [9 bytes]:01 00 00 4F 00 00 00 00 00
05-29 20:47:35.200 I/SogouIME( 1431): onKeyDown: keyoCode=22
05-29 20:47:35.200 I/DefaultIMS( 1431): onKeyDown: keyoCode=22
05-29 20:47:35.332 D/XM_HIDREAD( 1873): poll ret=1, event=1
05-29 20:47:35.333 D/XM_HIDREAD( 1873): [9 bytes]:01 00 00 00 00 00 00 00 00
05-29 20:47:35.335 I/SogouIME( 1431): onKeyUp: keyoCode=22
05-29 20:47:35.335 I/DefaultIMS( 1431): onKeyUp: keyoCode=22
05-29 20:47:35.625 D/XM_HIDREAD( 1873): poll ret=1, event=1
05-29 20:47:35.625 D/XM_HIDREAD( 1873): [9 bytes]:01 00 00 51 00 00 00 00 00
05-29 20:47:35.626 I/SogouIME( 1431): onKeyDown: keyoCode=20
05-29 20:47:35.626 I/DefaultIMS( 1431): onKeyDown: keyoCode=20
05-29 20:47:35.675 I/okhttp.OkHttpClient( 1400): --> POST http://tymsgapi.qun7.com/v1/core/rom (527-byte body)
05-29 20:47:35.680 I/okhttp.OkHttpClient( 1400): <-- HTTP FAILED: java.net.UnknownHostException: Unable to resolve host "tymsgapi.qun7.com": No address associated with hostname
05-29 20:47:35.682 W/System.err( 1400): java.net.UnknownHostException: Unable to resolve host "tymsgapi.qun7.com": No address associated with hostname
05-29 20:47:35.682 W/System.err( 1400): at java.net.Inet6AddressImpl.lookupHostByName(Inet6AddressImpl.java:156)
05-29 20:47:35.682 W/System.err( 1400): at java.net.Inet6AddressImpl.lookupAllHostAddr(Inet6AddressImpl.java:103)
05-29 20:47:35.683 W/System.err( 1400): at java.net.InetAddress.getAllByName(InetAddress.java:1152)
05-29 20:47:35.683 W/System.err( 1400): at okhttp3.Dns$Companion$DnsSystem.lookup(Dns.kt:49)
05-29 20:47:35.683 W/System.err( 1400): at okhttp3.internal.connection.RouteSelector.resetNextInetSocketAddress(RouteSelector.kt:164)
05-29 20:47:35.683 W/System.err( 1400): at okhttp3.internal.connection.RouteSelector.nextProxy(RouteSelector.kt:129)
05-29 20:47:35.683 W/System.err( 1400): at okhttp3.internal.connection.RouteSelector.next(RouteSelector.kt:71)
05-29 20:47:35.683 W/System.err( 1400): at okhttp3.internal.connection.ExchangeFinder.findConnection(ExchangeFinder.kt:205)
05-29 20:47:35.683 W/System.err( 1400): at okhttp3.internal.connection.ExchangeFinder.findHealthyConnection(ExchangeFinder.kt:106)
05-29 20:47:35.683 W/System.err( 1400): at okhttp3.internal.connection.ExchangeFinder.find(ExchangeFinder.kt:74)
05-29 20:47:35.683 W/System.err( 1400): at okhttp3.internal.connection.RealCall.initExchange$okhttp(RealCall.kt:255)
05-29 20:47:35.683 W/System.err( 1400): at okhttp3.internal.connection.ConnectInterceptor.intercept(ConnectInterceptor.kt:32)
05-29 20:47:35.683 W/System.err( 1400): at okhttp3.internal.http.RealInterceptorChain.proceed(RealInterceptorChain.kt:109)
05-29 20:47:35.683 W/System.err( 1400): at okhttp3.internal.cache.CacheInterceptor.intercept(CacheInterceptor.kt:95)
05-29 20:47:35.683 W/System.err( 1400): at okhttp3.internal.http.RealInterceptorChain.proceed(RealInterceptorChain.kt:109)
05-29 20:47:35.683 W/System.err( 1400): at okhttp3.internal.http.BridgeInterceptor.intercept(BridgeInterceptor.kt:83)
05-29 20:47:35.683 W/System.err( 1400): at okhttp3.internal.http.RealInterceptorChain.proceed(RealInterceptorChain.kt:109)
05-29 20:47:35.683 W/System.err( 1400): at okhttp3.internal.http.RetryAndFollowUpInterceptor.intercept(RetryAndFollowUpInterceptor.kt:76)
05-29 20:47:35.683 W/System.err( 1400): at okhttp3.internal.http.RealInterceptorChain.proceed(RealInterceptorChain.kt:109)
05-29 20:47:35.683 W/System.err( 1400): at okhttp3.logging.HttpLoggingInterceptor.intercept(HttpLoggingInterceptor.kt:221)
05-29 20:47:35.683 W/System.err( 1400): at okhttp3.internal.http.RealInterceptorChain.proceed(RealInterceptorChain.kt:109)
05-29 20:47:35.683 W/System.err( 1400): at com.etna.haqu.model.net.interceptor.RequestSignAndEncryptInterceptor.intercept(RequestSignAndEncryptInterceptor.kt:93)
05-29 20:47:35.683 W/System.err( 1400): at okhttp3.internal.http.RealInterceptorChain.proceed(RealInterceptorChain.kt:109)
05-29 20:47:35.683 W/System.err( 1400): at com.etna.haqu.model.net.interceptor.CommonParamsInterceptor.intercept(CommonParamsInterceptor.kt:141)
05-29 20:47:35.683 W/System.err( 1400): at okhttp3.internal.http.RealInterceptorChain.proceed(RealInterceptorChain.kt:109)
05-29 20:47:35.683 W/System.err( 1400): at okhttp3.internal.connection.RealCall.getResponseWithInterceptorChain$okhttp(RealCall.kt:201)
05-29 20:47:35.683 W/System.err( 1400): at okhttp3.internal.connection.RealCall.execute(RealCall.kt:154)
05-29 20:47:35.683 W/System.err( 1400): at retrofit2.OkHttpCall.execute(OkHttpCall.java:204)
05-29 20:47:35.683 W/System.err( 1400): at com.etna.haqu.support.network.call_adapter.flow.sync.BodyFlowCallAdapterKt$bodyFlow$1.invokeSuspend(BodyFlowCallAdapter.kt:26)
05-29 20:47:35.683 W/System.err( 1400): at com.etna.haqu.support.network.call_adapter.flow.sync.BodyFlowCallAdapterKt$bodyFlow$1.invoke(Unknown Source:8)
05-29 20:47:35.683 W/System.err( 1400): at com.etna.haqu.support.network.call_adapter.flow.sync.BodyFlowCallAdapterKt$bodyFlow$1.invoke(Unknown Source:4)
05-29 20:47:35.683 W/System.err( 1400): at kotlinx.coroutines.flow.SafeFlow.collectSafely(Builders.kt:61)
05-29 20:47:35.683 W/System.err( 1400): at kotlinx.coroutines.flow.AbstractFlow.collect(Flow.kt:230)
05-29 20:47:35.684 W/System.err( 1400): at kotlinx.coroutines.flow.FlowKt__LimitKt$take$$inlined$unsafeFlow$1.collect(SafeCollector.common.kt:115)
05-29 20:47:35.684 W/System.err( 1400): at kotlinx.coroutines.flow.internal.ChannelFlowOperatorImpl.flowCollect(ChannelFlow.kt:195)
05-29 20:47:35.684 W/System.err( 1400): at kotlinx.coroutines.flow.internal.ChannelFlowOperator.collectTo$suspendImpl(ChannelFlow.kt:157)
05-29 20:47:35.684 W/System.err( 1400): at kotlinx.coroutines.flow.internal.ChannelFlowOperator.collectTo(Unknown Source:0)
05-29 20:47:35.684 W/System.err( 1400): at kotlinx.coroutines.flow.internal.ChannelFlow$collectToFun$1.invokeSuspend(ChannelFlow.kt:60)
05-29 20:47:35.684 W/System.err( 1400): at kotlin.coroutines.jvm.internal.BaseContinuationImpl.resumeWith(ContinuationImpl.kt:33)
05-29 20:47:35.684 W/System.err( 1400): at kotlinx.coroutines.DispatchedTask.run(DispatchedTask.kt:106)
05-29 20:47:35.684 W/System.err( 1400): at kotlinx.coroutines.internal.LimitedDispatcher.run(LimitedDispatcher.kt:42)
05-29 20:47:35.684 W/System.err( 1400): at kotlinx.coroutines.scheduling.TaskImpl.run(Tasks.kt:95)
05-29 20:47:35.684 W/System.err( 1400): at kotlinx.coroutines.scheduling.CoroutineScheduler.runSafely(CoroutineScheduler.kt:570)
05-29 20:47:35.684 W/System.err( 1400): at kotlinx.coroutines.scheduling.CoroutineScheduler$Worker.executeTask(CoroutineScheduler.kt:749)
05-29 20:47:35.684 W/System.err( 1400): at kotlinx.coroutines.scheduling.CoroutineScheduler$Worker.runWorker(CoroutineScheduler.kt:677)
05-29 20:47:35.684 W/System.err( 1400): at kotlinx.coroutines.scheduling.CoroutineScheduler$Worker.run(CoroutineScheduler.kt:664)
05-29 20:47:35.684 W/System.err( 1400): Caused by: android.system.GaiException: android_getaddrinfo failed: EAI_NODATA (No address associated with hostname)
05-29 20:47:35.684 W/System.err( 1400): at libcore.io.Linux.android_getaddrinfo(Native Method)
05-29 20:47:35.684 W/System.err( 1400): at libcore.io.ForwardingOs.android_getaddrinfo(ForwardingOs.java:133)
05-29 20:47:35.684 W/System.err( 1400): at libcore.io.BlockGuardOs.android_getaddrinfo(BlockGuardOs.java:222)
05-29 20:47:35.684 W/System.err( 1400): at libcore.io.ForwardingOs.android_getaddrinfo(ForwardingOs.java:133)
05-29 20:47:35.684 W/System.err( 1400): at java.net.Inet6AddressImpl.lookupHostByName(Inet6AddressImpl.java:135)
05-29 20:47:35.684 W/System.err( 1400): ... 45 more
05-29 20:47:35.686 E/ccc ( 3287): cccccc notifyUpdateChanged {"code":1,"data":{"hasUpdate":false,"what":3,"why":-1},"message":"更新状态变化"}
05-29 20:47:35.688 E/ccc ( 1400): cccccc updateHelper 通知更新
05-29 20:47:35.688 E/ccc ( 1400): cccccc requestOtaInfo exception Unable to resolve host "tymsgapi.qun7.com": No address associated with hostname
05-29 20:47:35.755 D/hq ( 1453): NetWorkStateReceiver:::检查网络,并且持续更新 isConnect=false
05-29 20:47:35.765 I/efs.send_log( 2861): log cann't be send because net status is disconnected
05-29 20:47:35.771 D/XM_HIDREAD( 1873): poll ret=1, event=1
05-29 20:47:35.771 D/XM_HIDREAD( 1873): [9 bytes]:01 00 00 00 00 00 00 00 00
05-29 20:47:35.774 I/SogouIME( 1431): onKeyUp: keyoCode=20
05-29 20:47:35.774 I/DefaultIMS( 1431): onKeyUp: keyoCode=20
05-29 20:47:35.841 E/ccc ( 1400): cccccc UpdateHelper onMessageReceived com.dangbei.haqusetting com.dangbei.etna.update {"action":"get","functionTag":"leaf_controller_function_controller_dangbei_update","value":0} com.dangbei.lerad.etna.aidl.IEtnaAidlCallback$Stub$Proxy@4cc9c54
05-29 20:47:35.841 E/ccc ( 1400): cccccc 缓存获取遥控器版本 DB-15B-H5-R0108
05-29 20:47:35.842 E/ccc ( 1400): cccccc UpdateHelper onMessageReceived com.dangbei.haqusetting com.dangbei.etna.update {"action":"get","functionTag":"leaf_controller_function_controller_dangbei_update","value":0} com.dangbei.lerad.etna.aidl.IEtnaAidlCallback$Stub$Proxy@fb857fd
05-29 20:47:35.843 E/ccc ( 1400): cccccc 缓存获取遥控器版本 DB-15B-H5-R0108
05-29 20:47:35.845 E/ccc ( 1400): cccccc 请求电量缓存 100
05-29 20:47:35.851 E/ccc ( 1400): cccccc UpdateHelper onMessageReceived com.dangbei.haqusetting com.dangbei.etna.update {"action":"get","functionTag":"leaf_controller_function_controller_dangbei_update","value":0} com.dangbei.lerad.etna.aidl.IEtnaAidlCallback$Stub$Proxy@6fabcf2
05-29 20:47:35.851 E/ccc ( 1400): cccccc 缓存获取遥控器版本 DB-15B-H5-R0108
05-29 20:47:36.266 D/XM_HIDREAD( 1873): poll ret=1, event=1
05-29 20:47:36.266 D/XM_HIDREAD( 1873): [9 bytes]:01 00 00 50 00 00 00 00 00
05-29 20:47:36.269 I/SogouIME( 1431): onKeyDown: keyoCode=21
05-29 20:47:36.269 I/DefaultIMS( 1431): onKeyDown: keyoCode=21
05-29 20:47:36.379 D/XM_HIDREAD( 1873): poll ret=1, event=1
05-29 20:47:36.379 D/XM_HIDREAD( 1873): [9 bytes]:01 00 00 00 00 00 00 00 00
05-29 20:47:36.382 I/SogouIME( 1431): onKeyUp: keyoCode=21
05-29 20:47:36.382 I/DefaultIMS( 1431): onKeyUp: keyoCode=21
05-29 20:47:36.907 D/XM_HIDREAD( 1873): poll ret=1, event=1
05-29 20:47:36.907 D/XM_HIDREAD( 1873): [9 bytes]:01 00 00 28 00 00 00 00 00
05-29 20:47:36.909 I/SogouIME( 1431): onKeyDown: keyoCode=23
05-29 20:47:36.910 I/DefaultIMS( 1431): onKeyDown: keyoCode=23
05-29 20:47:37.008 D/XM_HIDREAD( 1873): poll ret=1, event=1
05-29 20:47:37.009 D/XM_HIDREAD( 1873): [9 bytes]:01 00 00 00 00 00 00 00 00
05-29 20:47:37.012 I/SogouIME( 1431): onKeyUp: keyoCode=23
05-29 20:47:37.012 I/DefaultIMS( 1431): onKeyUp: keyoCode=23
05-29 20:47:37.016 D/CompatibilityChangeReporter( 3287): Compat change id reported: 147798919; UID 1000; state: ENABLED
05-29 20:47:37.016 E/ccc ( 1400): cccccc UpdateHelper onMessageReceived com.dangbei.haqusetting com.dangbei.etna.update {"action":"do","functionTag":"leaf_controller_function_controller_dangbei_update","value":0} com.dangbei.lerad.etna.aidl.IEtnaAidlCallback$Stub$Proxy@3805f43
05-29 20:47:37.020 E/RCInfo ( 1400): vid:000d
05-29 20:47:37.020 E/RCInfo ( 1400): pid:3838
05-29 20:47:37.012 I/DefaultDispatch( 1400): type=1400 audit(0.0:1860): avc: denied { read } for name="devices" dev="proc" ino=4026531982 scontext=u:r:system_app:s0 tcontext=u:object_r:proc:s0 tclass=file permissive=1
05-29 20:47:37.021 E/RCInfo ( 1400): vid:000d
05-29 20:47:37.021 E/RCInfo ( 1400): pid:3838
05-29 20:47:37.012 I/DefaultDispatch( 1400): type=1400 audit(0.0:1861): avc: denied { open } for path="/proc/bus/input/devices" dev="proc" ino=4026531982 scontext=u:r:system_app:s0 tcontext=u:object_r:proc:s0 tclass=file permissive=1
05-29 20:47:37.012 I/DefaultDispatch( 1400): type=1400 audit(0.0:1862): avc: denied { getattr } for path="/proc/bus/input/devices" dev="proc" ino=4026531982 scontext=u:r:system_app:s0 tcontext=u:object_r:proc:s0 tclass=file permissive=1
05-29 20:47:37.028 D/BluetoothGatt( 1400): connect(void) - device: E4:BB:D3:57:C0:18, auto=true
05-29 20:47:37.030 I/bt_btif_gattc( 1046): packages/modules/Bluetooth/system/btif/src/btif_gatt_client.cc:340 btif_gattc_open_impl: Transport=2, device type=2, address type =0, phy=1
05-29 20:47:37.031 I/bluetooth( 1046): packages/modules/Bluetooth/system/stack/gatt/gatt_main.cc:405 gatt_update_app_use_link_flag: disable link idle timer for xx:xx:xx:xx:c0:18
05-29 20:47:37.031 I/bt_stack( 1046): [INFO:l2c_api.cc(1607)] L2CA_MarkLeLinkAsActivesetting link to e4:bb:d3:57:c0:18 as active
05-29 20:47:37.031 D/BluetoothGatt( 1400): discoverServices() - device: E4:BB:D3:57:C0:18
05-29 20:47:37.031 I/bluetooth( 1046): packages/modules/Bluetooth/system/stack/gatt/gatt_api.cc:1206 GATT_SetIdleTimeout: idle_timeout=65535, is_active=1, status=1 (1-OK 0-not performed)
05-29 20:47:37.034 I/bt_bta_gattc( 1046): packages/modules/Bluetooth/system/bta/gatt/bta_gattc_cache.cc:1035 bta_gattc_get_gatt_db: bta_gattc_get_gatt_db
05-29 20:47:37.037 D/BluetoothGatt( 1400): onSearchComplete() = Device=E4:BB:D3:57:C0:18 Status=0
05-29 20:47:37.042 W/WindowManager( 720): [addWindow] title:Toast
05-29 20:47:37.052 D/CoreBackPreview( 720): Window{adbd165 u0 Toast}: Setting back callback OnBackInvokedCallbackInfo{mCallback=android.window.IOnBackInvokedCallback$Stub$Proxy@866048, mPriority=0, mIsAnimationCallback=false}
05-29 20:47:37.067 E/OpenGLRenderer( 950): Unable to match the desired swap behavior.
05-29 20:47:37.075 D/PermissionCache( 720): checking android.permission.ROTATE_SURFACE_FLINGER for uid=10052 => granted (135 us)
05-29 20:47:37.075 D/PermissionCache( 720): checking android.permission.INTERNAL_SYSTEM_WINDOW for uid=10052 => granted (79 us)
05-29 20:47:37.076 D/PermissionCache( 720): checking android.permission.ACCESS_SURFACE_FLINGER for uid=10052 => granted (45 us)
05-29 20:47:37.133 E/ccc ( 1400): cccccc hhhhhhhhhh RC version is DB-15B-H5-R0108
05-29 20:47:37.134 E/RCInfo ( 1400): vid:000d
05-29 20:47:37.134 E/RCInfo ( 1400): pid:3838
05-29 20:47:37.134 E/RCInfo ( 1400): vid:000d
