05-29 20:45:14.906 D/CompatibilityChangeReporter( 720): Compat change id reported: 197654537; UID 1000; state: ENABLED
05-29 20:45:14.908 D/CompatibilityChangeReporter( 720): Compat change id reported: 205907456; UID 1000; state: DISABLED
05-29 20:45:14.912 I/ActivityTaskManager( 720): START u0 {dat=haqu://setting:8080/... flg=0x10000000 pkg=com.dangbei.haqusetting cmp=com.dangbei.haqusetting/.ui.HomeActivity} with LAUNCH_MULTIPLE from uid 1000 (BAL_ALLOW_ALLOWLISTED_UID) result code=0
05-29 20:45:14.912 V/WindowManagerShell( 950): Transition requested: android.os.BinderProxy@13f8309 TransitionRequestInfo { type = 1, triggerTask = TaskInfo{userId=0 taskId=250 displayId=0 isRunning=true baseIntent=Intent { dat=haqu://setting:8080/... flg=0x10000000 pkg=com.dangbei.haqusetting cmp=com.dangbei.haqusetting/.ui.HomeActivity } baseActivity=ComponentInfo{com.dangbei.haqusetting/com.dangbei.haqusetting.ui.HomeActivity} topActivity=ComponentInfo{com.dangbei.haqusetting/com.dangbei.haqusetting.ui.HomeActivity} origActivity=null realActivity=ComponentInfo{com.dangbei.haqusetting/com.dangbei.haqusetting.ui.HomeActivity} numActivities=1 lastActiveTime=44962 supportsMultiWindow=true resizeMode=1 isResizeable=true minWidth=-1 minHeight=-1 defaultMinSize=220 token=WCT{android.window.IWindowContainerToken$Stub$Proxy@3edb90e} topActivityType=1 pictureInPictureParams=null shouldDockBigOverlays=true launchIntoPipHostTaskId=-1 lastParentTaskIdBeforePip=-1 displayCutoutSafeInsets=null topActivityInfo=ActivityInfo{96e3f2f com.dangbei.haqusetting.ui.HomeActivity} launchCookies=[] positionInParent=Point(0, 0) parentTaskId=-1 isFocused=false isVisible=false isVisibleRequested=false isSleeping=false topActivityInSizeCompat=false topActivityEligibleForLetterboxEducation= false isLetterboxDoubleTapEnabled= false topActivityEligibleForUserAspectRatioButton= false topActivityBoundsLetterboxed= false isFromLetterboxDoubleTap= false topActivityLetterboxVerticalPosition= -1 topActivityLetterboxHorizontalPosition= -1 topActivityLetterboxWidth=-1 topActivityLetterboxHeight=-1 isUserFullscreenOverrideEnabled=false isTopActivityTransparent=true locusId=null displayAreaFeatureId=1 cameraCompatControlState=hidden}, remoteTransition = null, displayChange = null, flags = 0 }
05-29 20:45:14.915 I/ActivityManager( 720): com.dangbei.haqusetting is exempt from freezer
05-29 20:45:14.915 D/CompatibilityChangeReporter( 720): Compat change id reported: 135634846; UID 1000; state: DISABLED
05-29 20:45:14.930 I/ActivityManager( 720): Start proc 3287:com.dangbei.haqusetting/1000 for next-top-activity {com.dangbei.haqusetting/com.dangbei.haqusetting.ui.HomeActivity}
05-29 20:45:14.961 D/CompatibilityChangeReporter( 720): Compat change id reported: 168419799; UID 1000; state: DISABLED
05-29 20:45:14.961 D/CompatibilityChangeReporter( 720): Compat change id reported: 273564678; UID 1000; state: DISABLED
05-29 20:45:15.030 D/WindowManagerShell( 950): TvPipController: onTaskStackChanged()
05-29 20:45:15.098 V/WindowManager( 720): app ------------- force_land :0
05-29 20:45:15.106 D/CompatibilityChangeReporter( 720): Compat change id reported: 197654537; UID 1000; state: DISABLED
05-29 20:45:15.107 W/ContextImpl( 3287): Calling a method in the system process without a qualified user: android.app.ContextImpl.bindService:1988 android.content.ContextWrapper.bindService:861 com.dangbei.lerad.etna.lib.client.EtnaClient.bindServer:138 com.dangbei.lerad.etna.lib.client.EtnaClient.access$600:29 com.dangbei.lerad.etna.lib.client.EtnaClient$3.call:205
05-29 20:45:15.108 D/CompatibilityChangeReporter( 720): Compat change id reported: 261072174; UID 1000; state: DISABLED
05-29 20:45:15.164 W/WindowManager( 720): [addWindow] title:com.dangbei.haqusetting/com.dangbei.haqusetting.ui.HomeActivity
05-29 20:45:15.181 D/CoreBackPreview( 720): Window{e67677d u0 com.dangbei.haqusetting/com.dangbei.haqusetting.ui.HomeActivity}: Setting back callback OnBackInvokedCallbackInfo{mCallback=android.window.IOnBackInvokedCallback$Stub$Proxy@7a0bac3, mPriority=0, mIsAnimationCallback=false}
05-29 20:45:15.267 V/WindowManagerShell( 950): onTransitionReady android.os.BinderProxy@13f8309: {id=2 t=OPEN f=0x0 trk=0 r=[0@Point(0, 0)] c=[{WCT{android.window.IWindowContainerToken$Stub$Proxy@5299f4b} m=OPEN f=TRANSLUCENT leash=Surface(name=Task=250)/@0x88b693c sb=Rect(0, 0 - 1920, 1080) eb=Rect(0, 0 - 1920, 1080) d=0}]}
05-29 20:45:15.267 V/WindowManagerShell( 950): Playing animation for (#2)android.os.BinderProxy@13f8309@0
05-29 20:45:15.267 V/WindowManagerShell( 950): try handler com.android.wm.shell.keyguard.KeyguardTransitionHandler@2963747
05-29 20:45:15.267 V/WindowManagerShell( 950): try handler com.android.wm.shell.pip.tv.TvPipTransition@6b75b74
05-29 20:45:15.267 V/WindowManagerShell( 950): try handler com.android.wm.shell.activityembedding.ActivityEmbeddingController@9a7789d
05-29 20:45:15.267 V/WindowManagerShell( 950): try handler com.android.wm.shell.transition.RemoteTransitionHandler@97c6112
05-29 20:45:15.268 V/WindowManagerShell( 950): Transition doesn't have explicit remote, search filters for match for {id=2 t=OPEN f=0x0 trk=0 r=[0@Point(0, 0)] c=[{WCT{android.window.IWindowContainerToken$Stub$Proxy@5299f4b} m=OPEN f=TRANSLUCENT leash=Surface(name=Task=250)/@0x88b693c sb=Rect(0, 0 - 1920, 1080) eb=Rect(0, 0 - 1920, 1080) d=0}]}
05-29 20:45:15.268 V/WindowManagerShell( 950): Delegate animation for #2 to null
05-29 20:45:15.268 V/WindowManagerShell( 950): try handler com.android.wm.shell.transition.DefaultTransitionHandler@57500e3
05-29 20:45:15.268 V/WindowManagerShell( 950): start default transition animation, info = {id=2 t=OPEN f=0x0 trk=0 r=[0@Point(0, 0)] c=[{WCT{android.window.IWindowContainerToken$Stub$Proxy@5299f4b} m=OPEN f=TRANSLUCENT leash=Surface(name=Task=250)/@0x88b693c sb=Rect(0, 0 - 1920, 1080) eb=Rect(0, 0 - 1920, 1080) d=0}]}
05-29 20:45:15.268 V/WindowManagerShell( 950): loadAnimation: anim=android.view.animation.AlphaAnimation@43dd28 animAttr=0x4 type=OPEN isEntrance=true
05-29 20:45:15.269 V/WindowManager( 720): Sent Transition #2 createdAt=05-29 20:45:14.901 via request=TransitionRequestInfo { type = 1, triggerTask = TaskInfo{userId=0 taskId=250 displayId=0 isRunning=true baseIntent=Intent { dat=haqu://setting:8080/... flg=0x10000000 pkg=com.dangbei.haqusetting cmp=com.dangbei.haqusetting/.ui.HomeActivity } baseActivity=ComponentInfo{com.dangbei.haqusetting/com.dangbei.haqusetting.ui.HomeActivity} topActivity=ComponentInfo{com.dangbei.haqusetting/com.dangbei.haqusetting.ui.HomeActivity} origActivity=null realActivity=ComponentInfo{com.dangbei.haqusetting/com.dangbei.haqusetting.ui.HomeActivity} numActivities=1 lastActiveTime=44962 supportsMultiWindow=true resizeMode=1 isResizeable=true minWidth=-1 minHeight=-1 defaultMinSize=220 token=WCT{RemoteToken{f4a401f Task{fb2fb0c #250 type=standard A=1000:com.dangbei.haqusetting}}} topActivityType=1 pictureInPictureParams=null shouldDockBigOverlays=true launchIntoPipHostTaskId=-1 lastParentTaskIdBeforePip=-1 displayCutoutSafeInsets=null topActivityInfo=ActivityInfo{920ef6c com.dangbei.haqusetting.ui.HomeActivity} launchCookies=[] positionInParent=Point(0, 0) parentTaskId=-1 isFocused=false isVisible=false isVisibleRequested=false isSleeping=false topActivityInSizeCompat=false topActivityEligibleForLetterboxEducation= false isLetterboxDoubleTapEnabled= false topActivityEligibleForUserAspectRatioButton= false topActivityBoundsLetterboxed= false isFromLetterboxDoubleTap= false topActivityLetterboxVerticalPosition= -1 topActivityLetterboxHorizontalPosition= -1 topActivityLetterboxWidth=-1 topActivityLetterboxHeight=-1 isUserFullscreenOverrideEnabled=false isTopActivityTransparent=true locusId=null displayAreaFeatureId=1 cameraCompatControlState=hidden}, remoteTransition = null, displayChange = null, flags = 0 }
05-29 20:45:15.269 V/WindowManager( 720): startWCT=WindowContainerTransaction { changes = {} hops = [] errorCallbackToken=null taskFragmentOrganizer=null }
05-29 20:45:15.270 V/WindowManager( 720): info={id=2 t=OPEN f=0x0 trk=0 r=[0@Point(0, 0)] c=[{WCT{RemoteToken{f4a401f Task{fb2fb0c #250 type=standard A=1000:com.dangbei.haqusetting}}} m=OPEN f=TRANSLUCENT leash=Surface(name=Task=250)/@0xe291f40 sb=Rect(0, 0 - 1920, 1080) eb=Rect(0, 0 - 1920, 1080) d=0}]}
05-29 20:45:15.273 V/WindowManagerShell( 950): animated by com.android.wm.shell.transition.DefaultTransitionHandler@57500e3
05-29 20:45:15.286 W/ContextImpl( 720): Calling a method in the system process without a qualified user: android.app.ContextImpl.startService:1899 com.android.server.wm.DisplayPolicy.lambda$focusChangedLw$5:2126 com.android.server.wm.DisplayPolicy.$r8$lambda$Znxk63oh-WzVnzo_WQefN7uxV48:0 com.android.server.wm.DisplayPolicy$$ExternalSyntheticLambda13.run:0 android.os.Handler.handleCallback:958
05-29 20:45:15.324 D/CompatibilityChangeReporter( 720): Compat change id reported: 214016041; UID 1000; state: DISABLED
05-29 20:45:15.324 D/CompatibilityChangeReporter( 720): Compat change id reported: 214016041; UID 1000; state: ENABLED
05-29 20:45:15.497 W/NotificationHistory( 720): Attempted to add notif for locked/gone/disabled user 0
05-29 20:45:15.687 V/WindowManagerShell( 950): Transition animation finished (aborted=false), notifying core (#2)android.os.BinderProxy@13f8309@0
05-29 20:45:15.688 V/WindowManager( 720): Finish Transition #2: created at
05-29 20:45:14.901 collect-started=0.099ms request-sent=10.14ms started=12.208ms ready=200.365ms sent=357.77ms finished=787.157ms
05-29 20:45:15.691 V/WindowManagerShell( 950): Track 0 became idle
05-29 20:45:15.691 V/WindowManagerShell( 950): All active transition animations finished
05-29 20:45:16.764 D/CompatibilityChangeReporter( 720): Compat change id reported: 171306433; UID 10091; state: DISABLED
05-29 20:45:17.896 D/OomAdjuster( 720): Not killing cached processes
05-29 20:45:18.914 E/TaskPersister( 720): File error accessing recents directory (directory doesn't exist?).
05-29 20:45:20.152 I/ActivityManager( 720): Waited long enough for: ServiceRecord{b4598a3 u0 com.ktcp.video/.service.DaemonLiveService}
05-29 20:45:20.616 I/keystore2( 312): system/security/keystore2/src/watchdog.rs:319 - Watchdog thread idle -> terminating. Have a great day.
05-29 20:45:21.547 E/ActivityThread( 2113): Failed to find provider info for com.tcl.xian.StartandroidService.MyContentProvider
05-29 20:45:21.644 W/ProcessStats( 720): Tracking association SourceState{8907474 com.ktcp.video:daemon/10091 Fgs #505} whose proc state 3 is better than process ProcessState{a8eb676 com.ktcp.video/10091 pkg=com.ktcp.video} proc state 10 (17 skipped)
05-29 20:45:23.349 D/OomAdjuster( 720): Not killing cached processes
05-29 20:45:28.000 D/ActivityManager( 720): freezing 1435 com.antutu.ABenchMark.lite:push
05-29 20:45:28.001 D/ActivityManager( 720): freezing 1666 com.antutu.ABenchMark.lite
05-29 20:45:31.649 D/ActivityManager( 720): freezing 2113 com.gitvdemo.video
05-29 20:45:31.650 D/ActivityManager( 720): freezing 1571 android.process.acore
05-29 20:45:32.320 D/ActivityManager( 720): freezing 2514 com.android.permissioncontroller
05-29 20:45:32.356 D/ActivityManager( 720): freezing 2539 com.android.providers.calendar
05-29 20:45:32.448 D/ActivityManager( 720): freezing 2561 com.android.providers.tv
05-29 20:45:32.526 D/OomAdjuster( 720): Not killing cached processes
05-29 20:45:32.527 W/ProcessStats( 720): Tracking association SourceState{8907474 com.ktcp.video:daemon/10091 Fgs #517} whose proc state 3 is better than process ProcessState{a8eb676 com.ktcp.video/10091 pkg=com.ktcp.video} proc state 10 (19 skipped)
05-29 20:45:32.604 D/ActivityManager( 720): freezing 2580 com.android.rkpdapp
05-29 20:45:32.843 D/ActivityManager( 720): freezing 2623 com.android.statementservice
05-29 20:45:34.833 D/ActivityManager( 720): freezing 1878 android.process.media
05-29 20:45:37.290 D/ActivityManager( 720): sync unfroze 2561 com.android.providers.tv for 6 --------- beginning of main
05-29 20:45:38.521 D/XM_HIDREAD( 1873): poll ret=1, event=1
05-29 20:45:38.521 D/XM_HIDREAD( 1873): [9 bytes]:01 00 00 00 00 00 00 00 00
05-29 20:45:38.523 I/SogouIME( 1431): onKeyUp: keyoCode=4
05-29 20:45:38.524 I/DefaultIMS( 1431): onKeyUp: keyoCode=4
05-29 20:45:38.527 D/OomAdjuster( 720): Not killing cached processes
05-29 20:45:39.207 D/XM_HIDREAD( 1873): poll ret=1, event=1
05-29 20:45:39.207 D/XM_HIDREAD( 1873): [9 bytes]:01 00 00 52 00 00 00 00 00
05-29 20:45:39.209 I/SogouIME( 1431): onKeyDown: keyoCode=19
05-29 20:45:39.209 I/DefaultIMS( 1431): onKeyDown: keyoCode=19
05-29 20:45:39.353 D/XM_HIDREAD( 1873): poll ret=1, event=1
05-29 20:45:39.353 D/XM_HIDREAD( 1873): [9 bytes]:01 00 00 00 00 00 00 00 00
05-29 20:45:39.355 I/SogouIME( 1431): onKeyUp: keyoCode=19
05-29 20:45:39.355 I/DefaultIMS( 1431): onKeyUp: keyoCode=19
05-29 20:45:39.489 D/XM_HIDREAD( 1873): poll ret=1, event=1
05-29 20:45:39.489 D/XM_HIDREAD( 1873): [9 bytes]:01 00 00 28 00 00 00 00 00
05-29 20:45:39.491 I/SogouIME( 1431): onKeyDown: keyoCode=23
05-29 20:45:39.491 I/DefaultIMS( 1431): onKeyDown: keyoCode=23
05-29 20:45:39.635 D/XM_HIDREAD( 1873): poll ret=1, event=1
05-29 20:45:39.635 D/XM_HIDREAD( 1873): [9 bytes]:01 00 00 00 00 00 00 00 00
05-29 20:45:39.637 I/SogouIME( 1431): onKeyUp: keyoCode=23
05-29 20:45:39.637 I/DefaultIMS( 1431): onKeyUp: keyoCode=23
05-29 20:45:39.658 E/ccc ( 1400): cccccc SystemUpdateHelper systemUpdate {"launcherCodeLocal":0,"launcherCodeNet":0,"otaCodeLocal":5007,"otaCodeNet":0,"otaVersionLocal":"5.0.0.7","otaVersionNet":"","remoteNeedUpdate":false}
05-29 20:45:39.660 E/ccc ( 1400): cccccc SystemUpdateHelper launcherUpdate {"launcherCodeLocal":102941,"launcherCodeNet":0,"launcherVersionLocal":"2.9.4.1","launcherVersionNet":"","otaCodeLocal":0,"otaCodeNet":0,"remoteNeedUpdate":false,"updateType":""}
05-29 20:45:39.695 D/hq ( 1453): NetWorkStateReceiver:::检查网络,并且持续更新 isConnect=false
05-29 20:45:39.696 W/View ( 3287): requestLayout() improperly called by android.widget.LinearLayout{3beeeb1 V.E...... ......ID 200,0-460,100} during layout: running second layout pass
05-29 20:45:39.696 W/View ( 3287): requestLayout() improperly called by com.dangbei.haqusetting.ui.base.atom.LeafUpdateItemView{2ebbf96 VFE...C.. .F....ID 0,0-480,100} during layout: running second layout pass
05-29 20:45:39.696 W/View ( 3287): requestLayout() improperly called by com.google.android.material.textview.MaterialTextView{6c47717 V.ED..... ..S...ID 20,0-220,100 #7f0901e9 app:id/leaf_update_item_sub_tv} during layout: running second layout pass
05-29 20:45:40.485 D/uninstall( 3054): isAllowStart last_delay 0, current_time 1748522740
05-29 20:45:40.485 I/uninstall( 3054): enable_service com.ktcp.video/com.tencent.qqlivetv.keeplive.proc.DaemonService com.ktcp.video/(null)
05-29 20:45:40.486 D/uninstall( 3054): enable_service waitpid
05-29 20:45:40.486 D/uninstall( 3693): enable_service pid == 0
05-29 20:45:40.486 D/uninstall( 3693): enable_service version >= 17 || version == 0 version == 34
05-29 20:45:40.533 I/uninstall( 3054): watchdaemon process_name = com.ktcp.video:daemon has gone, start it
05-29 20:45:40.533 D/uninstall( 3054): watchdaemon waitpid
05-29 20:45:40.534 D/uninstall( 3698): watchdaemon pid == 0
05-29 20:45:40.534 D/uninstall( 3698): watchdaemon version >= 17 || version == 0 version == 34
05-29 20:45:40.782 D/XM_HIDREAD( 1873): poll ret=1, event=1
05-29 20:45:40.782 D/XM_HIDREAD( 1873): [9 bytes]:01 00 00 28 00 00 00 00 00
05-29 20:45:40.784 I/SogouIME( 1431): onKeyDown: keyoCode=23
05-29 20:45:40.784 I/DefaultIMS( 1431): onKeyDown: keyoCode=23
05-29 20:45:40.906 D/XM_HIDREAD( 1873): poll ret=1, event=1
05-29 20:45:40.906 D/XM_HIDREAD( 1873): [9 bytes]:01 00 00 00 00 00 00 00 00
05-29 20:45:40.908 I/SogouIME( 1431): onKeyUp: keyoCode=23
05-29 20:45:40.908 I/DefaultIMS( 1431): onKeyUp: keyoCode=23
05-29 20:45:40.910 E/ccc ( 1400): cccccc UpdateHelper onMessageReceived com.dangbei.haqusetting com.dangbei.etna.update {"action":"do","functionTag":"leaf_system_function_system_update_system","value":0} null
05-29 20:45:40.924 W/ContextImpl( 1400): Calling a method in the system process without a qualified user: android.app.ContextImpl.startActivity:1102 android.content.ContextWrapper.startActivity:436 com.dangbei.etna.update.ota.OtaUpdateHelper.startOtaUpdateActivity:389 com.dangbei.etna.update.UpdateHelper.onMessageReceived:85 com.dangbei.etna.update.UpdateEtnaClientListener.onMessageReceived:24
05-29 20:45:40.924 W/ContextImpl( 1400): Calling a method in the system process without a qualified user: android.app.ContextImpl.startActivity:1114 android.app.ContextImpl.startActivity:1103 android.content.ContextWrapper.startActivity:436 com.dangbei.etna.update.ota.OtaUpdateHelper.startOtaUpdateActivity:389 com.dangbei.etna.update.UpdateHelper.onMessageReceived:85
05-29 20:45:40.927 D/CompatibilityChangeReporter( 720): Compat change id reported: 265464455; UID 1000; state: DISABLED
05-29 20:45:40.928 D/CompatibilityChangeReporter( 720): Compat change id reported: 265452344; UID 1000; state: DISABLED
05-29 20:45:40.928 D/CompatibilityChangeReporter( 720): Compat change id reported: 266124927; UID 1000; state: DISABLED
05-29 20:45:40.929 D/CompatibilityChangeReporter( 720): Compat change id reported: 265451093; UID 1000; state: DISABLED
05-29 20:45:40.929 D/CompatibilityChangeReporter( 720): Compat change id reported: 265456536; UID 1000; state: DISABLED
05-29 20:45:40.929 D/CompatibilityChangeReporter( 720): Compat change id reported: 255940284; UID 1000; state: DISABLED
05-29 20:45:40.929 D/CompatibilityChangeReporter( 720): Compat change id reported: 236283604; UID 1000; state: DISABLED
05-29 20:45:40.930 D/CompatibilityChangeReporter( 720): Compat change id reported: 263959004; UID 1000; state: DISABLED
05-29 20:45:40.930 D/CompatibilityChangeReporter( 720): Compat change id reported: 264304459; UID 1000; state: DISABLED
05-29 20:45:40.930 D/CompatibilityChangeReporter( 720): Compat change id reported: 264301586; UID 1000; state: DISABLED
05-29 20:45:40.930 D/CompatibilityChangeReporter( 720): Compat change id reported: 254631730; UID 1000; state: DISABLED
05-29 20:45:40.930 D/CompatibilityChangeReporter( 720): Compat change id reported: 273509367; UID 1000; state: DISABLED
05-29 20:45:40.931 D/CompatibilityChangeReporter( 720): Compat change id reported: 263259275; UID 1000; state: DISABLED
05-29 20:45:40.931 D/CompatibilityChangeReporter( 720): Compat change id reported: 174042980; UID 1000; state: DISABLED
05-29 20:45:40.931 D/CompatibilityChangeReporter( 720): Compat change id reported: 174042936; UID 1000; state: DISABLED
05-29 20:45:40.932 D/CompatibilityChangeReporter( 720): Compat change id reported: 181136395; UID 1000; state: DISABLED
05-29 20:45:40.940 E/CellBroadcastUtils( 720): getDefaultCellBroadcastReceiverPackageName: no package found
05-29 20:45:40.947 D/CompatibilityChangeReporter( 720): Compat change id reported: 205907456; UID 1000; state: DISABLED
05-29 20:45:40.950 I/ActivityTaskManager( 720): START u0 {flg=0x10000000 cmp=com.dangbei.lerad.etna.haqu/com.dangbei.etna.update.ota.OtaUpdateActivity} with LAUNCH_SINGLE_TASK from uid 1000 (BAL_ALLOW_ALLOWLISTED_UID) result code=0
05-29 20:45:40.950 V/WindowManagerShell( 950): Transition requested: android.os.BinderProxy@48da3d4 TransitionRequestInfo { type = 1, triggerTask = TaskInfo{userId=0 taskId=251 displayId=0 isRunning=true baseIntent=Intent { flg=0x10800000 cmp=com.dangbei.lerad.etna.haqu/com.dangbei.etna.update.ota.OtaUpdateActivity } baseActivity=ComponentInfo{com.dangbei.lerad.etna.haqu/com.dangbei.etna.update.ota.OtaUpdateActivity} topActivity=ComponentInfo{com.dangbei.lerad.etna.haqu/com.dangbei.etna.update.ota.OtaUpdateActivity} origActivity=null realActivity=ComponentInfo{com.dangbei.lerad.etna.haqu/com.dangbei.etna.update.ota.OtaUpdateActivity} numActivities=1 lastActiveTime=71001 supportsMultiWindow=true resizeMode=1 isResizeable=true minWidth=-1 minHeight=-1 defaultMinSize=220 token=WCT{android.window.IWindowContainerToken$Stub$Proxy@231897d} topActivityType=1 pictureInPictureParams=null shouldDockBigOverlays=true launchIntoPipHostTaskId=-1 lastParentTaskIdBeforePip=-1 displayCutoutSafeInsets=null topActivityInfo=ActivityInfo{aa9d072 com.dangbei.etna.update.ota.OtaUpdateActivity} launchCookies=[] positionInParent=Point(0, 0) parentTaskId=-1 isFocused=false isVisible=false isVisibleRequested=false isSleeping=false topActivityInSizeCompat=false topActivityEligibleForLetterboxEducation= false isLetterboxDoubleTapEnabled= false topActivityEligibleForUserAspectRatioButton= false topActivityBoundsLetterboxed= false isFromLetterboxDoubleTap= false topActivityLetterboxVerticalPosition= -1 topActivityLetterboxHorizontalPosition= -1 topActivityLetterboxWidth=-1 topActivityLetterboxHeight=-1 isUserFullscreenOverrideEnabled=false isTopActivityTransparent=true locusId=null displayAreaFeatureId=1 cameraCompatControlState=hidden}, remoteTransition = null, displayChange = null, flags = 0 }
05-29 20:45:40.959 V/WindowManager( 720): app ------------- force_land :0
05-29 20:45:40.980 I/BpBinder( 294): onLastStrongRef automatically unlinking death recipients:
05-29 20:45:41.020 E/ccc ( 1400): cccccc OtaUpdateActivity i onCreate
05-29 20:45:41.045 D/CompatibilityChangeReporter( 1400): Compat change id reported: 210923482; UID 1000; state: DISABLED
05-29 20:45:41.045 D/CompatibilityChangeReporter( 1400): Compat change id reported: 37756858; UID 1000; state: ENABLED
05-29 20:45:41.054 D/CompatibilityChangeReporter( 1400): Compat change id reported: 171228096; UID 1000; state: ENABLED
05-29 20:45:41.064 D/WindowManagerShell( 950): TvPipController: onTaskStackChanged()
05-29 20:45:41.117 D/CompatibilityChangeReporter( 1400): Compat change id reported: 237531167; UID 1000; state: DISABLED
05-29 20:45:41.119 W/WindowManager( 720): [addWindow] title:com.dangbei.lerad.etna.haqu/com.dangbei.etna.update.ota.OtaUpdateActivity
05-29 20:45:41.119 W/WindowManager( 720): Failed looking up window session=Session{78f90a5 1400:1000} callers=com.android.server.wm.WindowManagerService.windowForClientLocked:6075 com.android.server.wm.Session.updateRequestedVisibleTypes:695 android.view.IWindowSession$Stub.onTransact:1034
05-29 20:45:41.120 D/CompatibilityChangeReporter( 720): Compat change id reported: 168419799; UID 1000; state: DISABLED
05-29 20:45:41.120 D/CompatibilityChangeReporter( 720): Compat change id reported: 273564678; UID 1000; state: DISABLED
05-29 20:45:41.130 D/CoreBackPreview( 720): Window{d2bac2b u0 com.dangbei.lerad.etna.haqu/com.dangbei.etna.update.ota.OtaUpdateActivity}: Setting back callback OnBackInvokedCallbackInfo{mCallback=android.window.IOnBackInvokedCallback$Stub$Proxy@98d9221, mPriority=0, mIsAnimationCallback=false}
05-29 20:45:41.157 I/DMABUFHEAPS( 293): Using DMA-BUF heap named: system
05-29 20:45:41.160 I/DMABUFHEAPS( 1400): Using : Non-legacy ION heaps
05-29 20:45:41.160 I/DMABUFHEAPS( 1400): Using DMA-BUF heap named: heap-gfx
05-29 20:45:41.160 I/DMABUFHEAPS( 1400): Using DMA-BUF heap named: heap-fb
05-29 20:45:41.160 I/DMABUFHEAPS( 1400): Using DMA-BUF heap named: heap-cached-codecmm
05-29 20:45:41.161 I/DMABUFHEAPS( 1400): Using DMA-BUF heap named: heap-secure
05-29 20:45:41.161 I/DMABUFHEAPS( 1400): Using DMA-BUF heap named: heap-codecmm
05-29 20:45:41.156 I/lerad.etna.haqu( 1400): type=1400 audit(0.0:1839): avc: denied { read } for name="heap-gfx" dev="tmpfs" ino=621 scontext=u:r:system_app:s0 tcontext=u:object_r:dmabuf_heap_device:s0 tclass=chr_file permissive=1
05-29 20:45:41.156 I/lerad.etna.haqu( 1400): type=1400 audit(0.0:1840): avc: denied { open } for path="/dev/dma_heap/heap-gfx" dev="tmpfs" ino=621 scontext=u:r:system_app:s0 tcontext=u:object_r:dmabuf_heap_device:s0 tclass=chr_file permissive=1
05-29 20:45:41.210 V/WindowManagerShell( 950): onTransitionReady android.os.BinderProxy@48da3d4: {id=3 t=OPEN f=0x0 trk=0 r=[0@Point(0, 0)] c=[{WCT{android.window.IWindowContainerToken$Stub$Proxy@dd24079} m=OPEN f=TRANSLUCENT leash=Surface(name=Task=251)/@0x1fcacc3 sb=Rect(0, 0 - 1920, 1080) eb=Rect(0, 0 - 1920, 1080) d=0}]}
05-29 20:45:41.210 V/WindowManagerShell( 950): Playing animation for (#3)android.os.BinderProxy@48da3d4@0
05-29 20:45:41.210 V/WindowManagerShell( 950): try handler com.android.wm.shell.keyguard.KeyguardTransitionHandler@2963747
05-29 20:45:41.210 V/WindowManagerShell( 950): try handler com.android.wm.shell.pip.tv.TvPipTransition@6b75b74
05-29 20:45:41.210 V/WindowManagerShell( 950): try handler com.android.wm.shell.activityembedding.ActivityEmbeddingController@9a7789d
05-29 20:45:41.210 V/WindowManagerShell( 950): try handler com.android.wm.shell.transition.RemoteTransitionHandler@97c6112
05-29 20:45:41.211 V/WindowManagerShell( 950): Transition doesn't have explicit remote, search filters for match for {id=3 t=OPEN f=0x0 trk=0 r=[0@Point(0, 0)] c=[{WCT{android.window.IWindowContainerToken$Stub$Proxy@dd24079} m=OPEN f=TRANSLUCENT leash=Surface(name=Task=251)/@0x1fcacc3 sb=Rect(0, 0 - 1920, 1080) eb=Rect(0, 0 - 1920, 1080) d=0}]}
05-29 20:45:41.211 V/WindowManagerShell( 950): Delegate animation for #3 to null
05-29 20:45:41.211 V/WindowManagerShell( 950): try handler com.android.wm.shell.transition.DefaultTransitionHandler@57500e3
05-29 20:45:41.211 V/WindowManagerShell( 950): start default transition animation, info = {id=3 t=OPEN f=0x0 trk=0 r=[0@Point(0, 0)] c=[{WCT{android.window.IWindowContainerToken$Stub$Proxy@dd24079} m=OPEN f=TRANSLUCENT leash=Surface(name=Task=251)/@0x1fcacc3 sb=Rect(0, 0 - 1920, 1080) eb=Rect(0, 0 - 1920, 1080) d=0}]}
05-29 20:45:41.211 V/WindowManagerShell( 950): loadAnimation: anim=android.view.animation.AlphaAnimation@8c081be animAttr=0x4 type=OPEN isEntrance=true
05-29 20:45:41.212 V/WindowManagerShell( 950): animated by com.android.wm.shell.transition.DefaultTransitionHandler@57500e3
05-29 20:45:41.218 I/ActivityTaskManager( 720): Displayed com.dangbei.lerad.etna.haqu/com.dangbei.etna.update.ota.OtaUpdateActivity for user 0: +278ms
05-29 20:45:41.219 V/WindowManager( 720): Sent Transition #3 createdAt=05-29 20:45:40.938 via request=TransitionRequestInfo { type = 1, triggerTask = TaskInfo{userId=0 taskId=251 displayId=0 isRunning=true baseIntent=Intent { flg=0x10800000 cmp=com.dangbei.lerad.etna.haqu/com.dangbei.etna.update.ota.OtaUpdateActivity } baseActivity=ComponentInfo{com.dangbei.lerad.etna.haqu/com.dangbei.etna.update.ota.OtaUpdateActivity} topActivity=ComponentInfo{com.dangbei.lerad.etna.haqu/com.dangbei.etna.update.ota.OtaUpdateActivity} origActivity=null realActivity=ComponentInfo{com.dangbei.lerad.etna.haqu/com.dangbei.etna.update.ota.OtaUpdateActivity} numActivities=1 lastActiveTime=71001 supportsMultiWindow=true resizeMode=1 isResizeable=true minWidth=-1 minHeight=-1 defaultMinSize=220 token=WCT{RemoteToken{f102f5d Task{ebd8304 #251 type=standard A=1000:com.dangbei.lerad.etna.haqu}}} topActivityType=1 pictureInPictureParams=null shouldDockBigOverlays=true launchIntoPipHostTaskId=-1 lastParentTaskIdBeforePip=-1 displayCutoutSafeInsets=null topActivityInfo=ActivityInfo{740b0d2 com.dangbei.etna.update.ota.OtaUpdateActivity} launchCookies=[] positionInParent=Point(0, 0) parentTaskId=-1 isFocused=false isVisible=false isVisibleRequested=false isSleeping=false topActivityInSizeCompat=false topActivityEligibleForLetterboxEducation= false isLetterboxDoubleTapEnabled= false topActivityEligibleForUserAspectRatioButton= false topActivityBoundsLetterboxed= false isFromLetterboxDoubleTap= false topActivityLetterboxVerticalPosition= -1 topActivityLetterboxHorizontalPosition= -1 topActivityLetterboxWidth=-1 topActivityLetterboxHeight=-1 isUserFullscreenOverrideEnabled=false isTopActivityTransparent=true locusId=null displayAreaFeatureId=1 cameraCompatControlState=hidden}, remoteTransition = null, displayChange = null, flags = 0 }
05-29 20:45:41.219 V/WindowManager( 720): startWCT=WindowContainerTransaction { changes = {} hops = [] errorCallbackToken=null taskFragmentOrganizer=null }
05-29 20:45:41.219 V/WindowManager( 720): info={id=3 t=OPEN f=0x0 trk=0 r=[0@Point(0, 0)] c=[{WCT{RemoteToken{f102f5d Task{ebd8304 #251 type=standard A=1000:com.dangbei.lerad.etna.haqu}}} m=OPEN f=TRANSLUCENT leash=Surface(name=Task=251)/@0xa537646 sb=Rect(0, 0 - 1920, 1080) eb=Rect(0, 0 - 1920, 1080) d=0}]}
05-29 20:45:41.237 W/LOTTIE ( 1400): You have 5 images. Lottie should primarily be used with shapes. If you are using Adobe Illustrator, convert the Illustrator layers to shape layers.
05-29 20:45:41.242 W/ContextImpl( 720): Calling a method in the system process without a qualified user: android.app.ContextImpl.startService:1899 com.android.server.wm.DisplayPolicy.lambda$focusChangedLw$5:2126 com.android.server.wm.DisplayPolicy.$r8$lambda$Znxk63oh-WzVnzo_WQefN7uxV48:0 com.android.server.wm.DisplayPolicy$$ExternalSyntheticLambda13.run:0 android.os.Handler.handleCallback:958
05-29 20:45:41.245 D/aaa ( 1665): LedStatusService onStartCommand begin
05-29 20:45:41.247 D/aaa ( 1665): topPkg is -------------- :com.dangbei.lerad.etna.haqu
05-29 20:45:41.326 I/ImeTracker( 720): com.dangbei.lerad.etna.haqu:2f358be4: onRequestHide at ORIGIN_SERVER_HIDE_INPUT reason HIDE_UNSPECIFIED_WINDOW
05-29 20:45:41.326 I/ImeTracker( 720): com.dangbei.lerad.etna.haqu:2f358be4: onCancelled at PHASE_SERVER_SHOULD_HIDE
05-29 20:45:41.333 I/DefaultIMS( 1431): onStartInput attribute=android.view.inputmethod.EditorInfo@611d1dd restarting=false inputType: 0
05-29 20:45:41.630 V/WindowManagerShell( 950): Transition animation finished (aborted=false), notifying core (#3)android.os.BinderProxy@48da3d4@0
05-29 20:45:41.634 V/WindowManager( 720): Finish Transition #3: created at
05-29 20:45:40.938 collect-started=0.139ms request-sent=10.735ms started=14.036ms ready=24.705ms sent=269.301ms finished=693.82ms
05-29 20:45:41.636 V/WindowManagerShell( 950): Track 0 became idle
05-29 20:45:41.636 V/WindowManagerShell( 950): All active transition animations finished
05-29 20:45:41.697 D/hq ( 1453): NetWorkStateReceiver:::检查网络,并且持续更新 isConnect=false
05-29 20:45:42.553 I/audio_hw_hal_alsamgr( 504): alsa format =0x1 delay frames =768 total frames=2972160
05-29 20:45:43.131 D/UtilLog ( 2643): 日志批量上报 进行正常循环 !!!!!!本次有0次请求,共0条数据
05-29 20:45:43.142 E/ccc ( 1400): cccccc onRequestingOtaInfo 333333333333
05-29 20:45:43.164 I/DefaultDispatch( 1400): type=1400 audit(0.0:1841): avc: denied { read } for name="u:object_r:serialno_prop:s0" dev="tmpfs" ino=350 scontext=u:r:system_app:s0 tcontext=u:object_r:serialno_prop:s0 tclass=file permissive=1
05-29 20:45:43.164 I/DefaultDispatch( 1400): type=1400 audit(0.0:1842): avc: denied { open } for path="/dev/__properties__/u:object_r:serialno_prop:s0" dev="tmpfs" ino=350 scontext=u:r:system_app:s0 tcontext=u:object_r:serialno_prop:s0 tclass=file permissive=1
05-29 20:45:43.164 I/DefaultDispatch( 1400): type=1400 audit(0.0:1843): avc: denied { getattr } for path="/dev/__properties__/u:object_r:serialno_prop:s0" dev="tmpfs" ino=350 scontext=u:r:system_app:s0 tcontext=u:object_r:serialno_prop:s0 tclass=file permissive=1
05-29 20:45:43.179 D/getEthernetMacAddr( 1400): getEthernetMacAddr use eth0
05-29 20:45:43.164 I/DefaultDispatch( 1400): type=1400 audit(0.0:1844): avc: denied { map } for path="/dev/__properties__/u:object_r:serialno_prop:s0" dev="tmpfs" ino=350 scontext=u:r:system_app:s0 tcontext=u:object_r:serialno_prop:s0 tclass=file permissive=1
05-29 20:45:43.164 I/DefaultDispatch( 1400): type=1400 audit(0.0:1845): avc: denied { search } for name="net" dev="sysfs" ino=12345 scontext=u:r:system_app:s0 tcontext=u:object_r:sysfs_net:s0 tclass=dir permissive=1
05-29 20:45:43.164 I/DefaultDispatch( 1400): type=1400 audit(0.0:1846): avc: denied { read } for name="address" dev="sysfs" ino=22127 scontext=u:r:system_app:s0 tcontext=u:object_r:sysfs_net:s0 tclass=file permissive=1
05-29 20:45:43.164 I/DefaultDispatch( 1400): type=1400 audit(0.0:1847): avc: denied { open } for path="/sys/devices/virtual/net/dummy0/address" dev="sysfs" ino=22127 scontext=u:r:system_app:s0 tcontext=u:object_r:sysfs_net:s0 tclass=file permissive=1
05-29 20:45:43.164 I/DefaultDispatch( 1400): type=1400 audit(0.0:1848): avc: denied { getattr } for path="/sys/devices/virtual/net/dummy0/address" dev="sysfs" ino=22127 scontext=u:r:system_app:s0 tcontext=u:object_r:sysfs_net:s0 tclass=file permissive=1
05-29 20:45:43.209 D/getEthernetMacAddr( 1400): getEthernetMacAddr use eth0
05-29 20:45:43.204 I/net_disconnect.( 3735): type=1400 audit(0.0:1849): avc: denied { execute_no_trans } for path="/vendor/bin/rgb_led_ctl" dev="dm-17" ino=334364 scontext=u:r:init:s0 tcontext=u:object_r:vendor_file:s0 tclass=file permissive=1
05-29 20:45:43.241 I/okhttp.OkHttpClient( 1400): --> POST http://tymsgapi.qun7.com/v1/core/rom (527-byte body)
05-29 20:45:43.247 I/okhttp.OkHttpClient( 1400): <-- HTTP FAILED: java.net.UnknownHostException: Unable to resolve host "tymsgapi.qun7.com": No address associated with hostname
05-29 20:45:43.264 W/System.err( 1400): java.net.UnknownHostException: Unable to resolve host "tymsgapi.qun7.com": No address associated with hostname
05-29 20:45:43.265 W/System.err( 1400): at java.net.Inet6AddressImpl.lookupHostByName(Inet6AddressImpl.java:156)
05-29 20:45:43.265 W/System.err( 1400): at java.net.Inet6AddressImpl.lookupAllHostAddr(Inet6AddressImpl.java:103)
05-29 20:45:43.265 W/System.err( 1400): at java.net.InetAddress.getAllByName(InetAddress.java:1152)
05-29 20:45:43.265 W/System.err( 1400): at okhttp3.Dns$Companion$DnsSystem.lookup(Dns.kt:49)
05-29 20:45:43.265 W/System.err( 1400): at okhttp3.internal.connection.RouteSelector.resetNextInetSocketAddress(RouteSelector.kt:164)
05-29 20:45:43.265 W/System.err( 1400): at okhttp3.internal.connection.RouteSelector.nextProxy(RouteSelector.kt:129)
05-29 20:45:43.265 W/System.err( 1400): at okhttp3.internal.connection.RouteSelector.next(RouteSelector.kt:71)
05-29 20:45:43.265 W/System.err( 1400): at okhttp3.internal.connection.ExchangeFinder.findConnection(ExchangeFinder.kt:205)
05-29 20:45:43.265 W/System.err( 1400): at okhttp3.internal.connection.ExchangeFinder.findHealthyConnection(ExchangeFinder.kt:106)
05-29 20:45:43.265 W/System.err( 1400): at okhttp3.internal.connection.ExchangeFinder.find(ExchangeFinder.kt:74)
05-29 20:45:43.265 W/System.err( 1400): at okhttp3.internal.connection.RealCall.initExchange$okhttp(RealCall.kt:255)
05-29 20:45:43.265 W/System.err( 1400): at okhttp3.internal.connection.ConnectInterceptor.intercept(ConnectInterceptor.kt:32)
05-29 20:45:43.265 W/System.err( 1400): at okhttp3.internal.http.RealInterceptorChain.proceed(RealInterceptorChain.kt:109)
05-29 20:45:43.265 W/System.err( 1400): at okhttp3.internal.cache.CacheInterceptor.intercept(CacheInterceptor.kt:95)
05-29 20:45:43.265 W/System.err( 1400): at okhttp3.internal.http.RealInterceptorChain.proceed(RealInterceptorChain.kt:109)
05-29 20:45:43.265 W/System.err( 1400): at okhttp3.internal.http.BridgeInterceptor.intercept(BridgeInterceptor.kt:83)
05-29 20:45:43.265 W/System.err( 1400): at okhttp3.internal.http.RealInterceptorChain.proceed(RealInterceptorChain.kt:109)
05-29 20:45:43.265 W/System.err( 1400): at okhttp3.internal.http.RetryAndFollowUpInterceptor.intercept(RetryAndFollowUpInterceptor.kt:76)
05-29 20:45:43.265 W/System.err( 1400): at okhttp3.internal.http.RealInterceptorChain.proceed(RealInterceptorChain.kt:109)
05-29 20:45:43.265 W/System.err( 1400): at okhttp3.logging.HttpLoggingInterceptor.intercept(HttpLoggingInterceptor.kt:221)
05-29 20:45:43.265 W/System.err( 1400): at okhttp3.internal.http.RealInterceptorChain.proceed(RealInterceptorChain.kt:109)
05-29 20:45:43.265 W/System.err( 1400): at com.etna.haqu.model.net.interceptor.RequestSignAndEncryptInterceptor.intercept(RequestSignAndEncryptInterceptor.kt:93)
05-29 20:45:43.265 W/System.err( 1400): at okhttp3.internal.http.RealInterceptorChain.proceed(RealInterceptorChain.kt:109)
05-29 20:45:43.265 W/System.err( 1400): at com.etna.haqu.model.net.interceptor.CommonParamsInterceptor.intercept(CommonParamsInterceptor.kt:141)
05-29 20:45:43.265 W/System.err( 1400): at okhttp3.internal.http.RealInterceptorChain.proceed(RealInterceptorChain.kt:109)
05-29 20:45:43.265 W/System.err( 1400): at okhttp3.internal.connection.RealCall.getResponseWithInterceptorChain$okhttp(RealCall.kt:201)
05-29 20:45:43.265 W/System.err( 1400): at okhttp3.internal.connection.RealCall.execute(RealCall.kt:154)
05-29 20:45:43.265 W/System.err( 1400): at retrofit2.OkHttpCall.execute(OkHttpCall.java:204)
05-29 20:45:43.265 W/System.err( 1400): at com.etna.haqu.support.network.call_adapter.flow.sync.BodyFlowCallAdapterKt$bodyFlow$1.invokeSuspend(BodyFlowCallAdapter.kt:26)
05-29 20:45:43.265 W/System.err( 1400): at com.etna.haqu.support.network.call_adapter.flow.sync.BodyFlowCallAdapterKt$bodyFlow$1.invoke(Unknown Source:8)
05-29 20:45:43.265 W/System.err( 1400): at com.etna.haqu.support.network.call_adapter.flow.sync.BodyFlowCallAdapterKt$bodyFlow$1.invoke(Unknown Source:4)
05-29 20:45:43.265 W/System.err( 1400): at kotlinx.coroutines.flow.SafeFlow.collectSafely(Builders.kt:61)
05-29 20:45:43.266 W/System.err( 1400): at kotlinx.coroutines.flow.AbstractFlow.collect(Flow.kt:230)
05-29 20:45:43.266 W/System.err( 1400): at kotlinx.coroutines.flow.FlowKt__LimitKt$take$$inlined$unsafeFlow$1.collect(SafeCollector.common.kt:115)
05-29 20:45:43.266 W/System.err( 1400): at kotlinx.coroutines.flow.internal.ChannelFlowOperatorImpl.flowCollect(ChannelFlow.kt:195)
05-29 20:45:43.266 W/System.err( 1400): at kotlinx.coroutines.flow.internal.ChannelFlowOperator.collectTo$suspendImpl(ChannelFlow.kt:157)
05-29 20:45:43.266 W/System.err( 1400): at kotlinx.coroutines.flow.internal.ChannelFlowOperator.collectTo(Unknown Source:0)
05-29 20:45:43.266 W/System.err( 1400): at kotlinx.coroutines.flow.internal.ChannelFlow$collectToFun$1.invokeSuspend(ChannelFlow.kt:60)
05-29 20:45:43.266 W/System.err( 1400): at kotlin.coroutines.jvm.internal.BaseContinuationImpl.resumeWith(ContinuationImpl.kt:33)
05-29 20:45:43.266 W/System.err( 1400): at kotlinx.coroutines.DispatchedTask.run(DispatchedTask.kt:106)
05-29 20:45:43.266 W/System.err( 1400): at kotlinx.coroutines.internal.LimitedDispatcher.run(LimitedDispatcher.kt:42)
05-29 20:45:43.266 W/System.err( 1400): at kotlinx.coroutines.scheduling.TaskImpl.run(Tasks.kt:95)
05-29 20:45:43.266 W/System.err( 1400): at kotlinx.coroutines.scheduling.CoroutineScheduler.runSafely(CoroutineScheduler.kt:570)
05-29 20:45:43.266 W/System.err( 1400): at kotlinx.coroutines.scheduling.CoroutineScheduler$Worker.executeTask(CoroutineScheduler.kt:749)
05-29 20:45:43.266 W/System.err( 1400): at kotlinx.coroutines.scheduling.CoroutineScheduler$Worker.runWorker(CoroutineScheduler.kt:677)
05-29 20:45:43.266 W/System.err( 1400): at kotlinx.coroutines.scheduling.CoroutineScheduler$Worker.run(CoroutineScheduler.kt:664)
05-29 20:45:43.266 W/System.err( 1400): Caused by: android.system.GaiException: android_getaddrinfo failed: EAI_NODATA (No address associated with hostname)
05-29 20:45:43.267 W/System.err( 1400): at libcore.io.Linux.android_getaddrinfo(Native Method)
05-29 20:45:43.267 W/System.err( 1400): at libcore.io.ForwardingOs.android_getaddrinfo(ForwardingOs.java:133)
05-29 20:45:43.267 W/System.err( 1400): at libcore.io.BlockGuardOs.android_getaddrinfo(BlockGuardOs.java:222)
05-29 20:45:43.267 W/System.err( 1400): at libcore.io.ForwardingOs.android_getaddrinfo(ForwardingOs.java:133)
05-29 20:45:43.267 W/System.err( 1400): at java.net.Inet6AddressImpl.lookupHostByName(Inet6AddressImpl.java:135)
05-29 20:45:43.267 W/System.err( 1400): ... 45 more
05-29 20:45:43.267 E/ccc ( 1400): cccccc onRequestCoreInfo 11111111111111111
05-29 20:45:43.271 E/ccc ( 3287): cccccc notifyUpdateChanged {"code":1,"data":{"hasUpdate":false,"what":3,"why":-1},"message":"更新状态变化"}
05-29 20:45:43.275 E/ccc ( 1400): cccccc updateHelper 通知更新
05-29 20:45:43.275 E/ccc ( 1400): cccccc requestOtaInfo exception Unable to resolve host "tymsgapi.qun7.com": No address associated with hostname
05-29 20:45:43.277 E/ccc ( 1400): cccccc SystemUpdateHelper systemUpdate {"launcherCodeLocal":0,"launcherCodeNet":0,"otaCodeLocal":5007,"otaCodeNet":0,"otaVersionLocal":"5.0.0.7","otaVersionNet":"","remoteNeedUpdate":false}
05-29 20:45:43.328 I/DefaultIMS( 1431): onStartInput attribute=android.view.inputmethod.EditorInfo@175e152 restarting=false inputType: 0
05-29 20:45:43.698 D/hq ( 1453): NetWorkStateReceiver:::检查网络,并且持续更新 isConnect=false
05-29 20:45:45.375 I/efs.send_log( 2861): log cann't be send because net status is disconnected
05-29 20:45:45.699 D/hq ( 1453): NetWorkStateReceiver:::检查网络,并且持续更新 isConnect=false
05-29 20:45:47.252 I/WifiService( 720): startScan uid=1000
05-29 20:45:47.255 E/ccc ( 3287): cccccc i will start scan
05-29 20:45:47.263 D/InstantWifi( 720): Drop, size: 0
05-29 20:45:47.379 D/ActivityManager( 720): freezing 2561 com.android.providers.tv
05-29 20:45:47.700 D/hq ( 1453): NetWorkStateReceiver:::检查网络,并且持续更新 isConnect=false
05-29 20:45:47.867 D/ActivityManager( 720): sync unfroze 2514 com.android.permissioncontroller for 6
05-29 20:45:47.868 D/OomAdjuster( 720): Not killing cached processes
05-29 20:45:47.869 W/ProcessStats( 720): Tracking association SourceState{960a9cd system/1000 ImpFg #535} whose proc state 5 is better than process ProcessState{bb6f65a com.android.permissioncontroller/10055 pkg=com.android.permissioncontroller} proc state 15 (7 skipped)
05-29 20:45:47.880 I/PermissionControllerServiceImpl( 2514): Updating user sensitive for user 0
05-29 20:45:47.999 D/CompatibilityChangeReporter( 720): Compat change id reported: 161145287; UID 10055; state: ENABLED
05-29 20:45:49.701 D/hq ( 1453): NetWorkStateReceiver:::检查网络,并且持续更新 isConnect=false
05-29 20:45:50.617 D/uninstall( 3054): isAllowStart last_delay 0, current_time 1748522750
05-29 20:45:50.617 I/uninstall( 3054): enable_service com.ktcp.video/com.tencent.qqlivetv.keeplive.proc.DaemonService com.ktcp.video/(null)
05-29 20:45:50.618 D/uninstall( 3054): enable_service waitpid
05-29 20:45:50.618 D/uninstall( 3813): enable_service pid == 0
05-29 20:45:50.618 D/uninstall( 3813): enable_service version >= 17 || version == 0 version == 34
05-29 20:45:50.665 I/uninstall( 3054): watchdaemon process_name = com.ktcp.video:daemon has gone, start it
05-29 20:45:50.665 D/uninstall( 3054): watchdaemon waitpid
05-29 20:45:50.665 D/uninstall( 3817): watchdaemon pid == 0
05-29 20:45:50.666 D/uninstall( 3817): watchdaemon version >= 17 || version == 0 version == 34
05-29 20:45:50.867 D/WifiNl80211Manager( 720): Scan result ready event
05-29 20:45:50.867 D/WifiNative( 720): Scan result ready event
05-29 20:45:50.872 D/PasspointManager( 720): ANQP entry not found for: 10:7c:61:1a:4b:94:<5G>
05-29 20:45:50.873 I/WifiHAL ( 531): call wifi_get_link_stats handler
05-29 20:45:50.873 I/WifiHAL ( 531): Creating message to get link statistics; iface = 16
05-29 20:45:50.873 D/WifiHAL ( 531): error code -95 mapped to -3
05-29 20:45:50.874 E/ccc ( 3287): cccccc SCAN_RESULTS_AVAILABLE_ACTION hhhh
05-29 20:45:50.874 E/WifiStaIfaceAidlImpl( 720): getLinkLayerStats failed with service-specific exception: android.os.ServiceSpecificException: (code 4)
05-29 20:45:50.875 E/hq ( 1453): NetWorkStateReceiver:::NetWorkStateReceiver onReceive: 网络变化广播 >>>> intent.action=android.net.wifi.SCAN_RESULTS
05-29 20:45:50.879 E/ccc ( 3287): cccccc result is not empty call back
05-29 20:45:50.879 E/ccc ( 3287): cccccc 666666666666666
05-29 20:45:50.880 W/eventbuscore( 1453): post Event:com.dangbei.leard.base.entity.event.NetWifiRssiEvent
05-29 20:45:50.903 E/ccc ( 3287): cccccc sort 10 1
05-29 20:45:50.988 I/system_server( 720): Background young concurrent copying GC freed 302623(14MB) AllocSpace objects, 5(100KB) LOS objects, 48% free, 15MB/30MB, paused 521us,154us total 103.733ms
05-29 20:45:50.990 W/System ( 720): A resource failed to call release.
05-29 20:45:50.990 W/System ( 720): A resource failed to call release.
05-29 20:45:51.703 D/hq ( 1453): NetWorkStateReceiver:::检查网络,并且持续更新 isConnect=false
05-29 20:45:53.131 D/UtilLog ( 2643): 日志批量上报 进行正常循环 !!!!!!本次有0次请求,共0条数据
05-29 20:45:53.261 D/OomAdjuster( 720): Not killing cached processes
05-29 20:45:53.606 E/WifiScoringParams( 720): Invalid frequency(-1), using 5G as default rssi array
05-29 20:45:53.615 D/InstantWifi( 720): Drop, size: 0
05-29 20:45:53.704 D/hq ( 1453): NetWorkStateReceiver:::检查网络,并且持续更新 isConnect=false
05-29 20:45:54.074 W/BatteryExternalStatsWorker( 720): error reading Bluetooth stats: 11
05-29 20:45:54.905 I/audio_hw_hal_alsamgr( 504): alsa format =0x9000000 delay frames =2048 total frames=3072000
05-29 20:45:54.905 I/audio_hw_hal_alsamgr( 504): alsa format =0xa000000 delay frames =8320 total frames=12288000
05-29 20:45:55.415 I/efs.send_log( 2861): log cann't be send because net status is disconnected
05-29 20:45:55.705 D/hq ( 1453): NetWorkStateReceiver:::检查网络,并且持续更新 isConnect=false
05-29 20:45:56.836 D/bbb ( 1736): onStartCommand begin !!!!!!! data分区剩余 50931MB
05-29 20:45:56.838 D/CompatibilityChangeReporter( 720): Compat change id reported: 171306433; UID 1000; state: ENABLED
05-29 20:45:56.839 D/CompatibilityChangeReporter( 720): Compat change id reported: 218533173; UID 1000; state: ENABLED
05-29 20:45:57.218 D/WifiNl80211Manager( 720): Scan result ready event
05-29 20:45:57.219 D/WifiNative( 720): Scan result ready event
05-29 20:45:57.224 D/PasspointManager( 720): ANQP entry not found for: 10:7c:61:1a:4b:94:<5G>
05-29 20:45:57.225 I/WifiHAL ( 531): call wifi_get_link_stats handler
05-29 20:45:57.225 I/WifiHAL ( 531): Creating message to get link statistics; iface = 16
05-29 20:45:57.225 D/WifiHAL ( 531): error code -95 mapped to -3
05-29 20:45:57.226 E/WifiStaIfaceAidlImpl( 720): getLinkLayerStats failed with service-specific exception: android.os.ServiceSpecificException: (code 4)
05-29 20:45:57.228 E/hq ( 1453): NetWorkStateReceiver:::NetWorkStateReceiver onReceive: 网络变化广播 >>>> intent.action=android.net.wifi.SCAN_RESULTS
05-29 20:45:57.228 E/ccc ( 3287): cccccc SCAN_RESULTS_AVAILABLE_ACTION hhhh
05-29 20:45:57.230 E/ccc ( 3287): cccccc result is not empty call back
05-29 20:45:57.230 E/ccc ( 3287): cccccc 666666666666666
05-29 20:45:57.230 W/eventbuscore( 1453): post Event:com.dangbei.leard.base.entity.event.NetWifiRssiEvent
05-29 20:45:57.243 E/ccc ( 3287): cccccc sort 10 1
05-29 20:45:57.706 D/hq ( 1453): NetWorkStateReceiver:::检查网络,并且持续更新 isConnect=false
05-29 20:45:59.707 D/hq ( 1453): NetWorkStateReceiver:::检查网络,并且持续更新 isConnect=false
05-29 20:46:00.753 D/uninstall( 3054): isAllowStart last_delay 0, current_time 1748522760
05-29 20:46:00.754 I/uninstall( 3054): enable_service com.ktcp.video/com.tencent.qqlivetv.keeplive.proc.DaemonService com.ktcp.video/(null)
05-29 20:46:00.755 D/uninstall( 3054): enable_service waitpid
05-29 20:46:00.755 D/uninstall( 3917): enable_service pid == 0
05-29 20:46:00.755 D/uninstall( 3917): enable_service version >= 17 || version == 0 version == 34
05-29 20:46:00.801 I/uninstall( 3054): watchdaemon process_name = com.ktcp.video:daemon has gone, start it
05-29 20:46:00.802 D/uninstall( 3054): watchdaemon waitpid
05-29 20:46:00.802 D/uninstall( 3921): watchdaemon pid == 0
05-29 20:46:00.802 D/uninstall( 3921): watchdaemon version >= 17 || version == 0 version == 34
05-29 20:46:01.708 D/hq ( 1453): NetWorkStateReceiver:::检查网络,并且持续更新 isConnect=false
05-29 20:46:03.131 D/UtilLog ( 2643): 日志批量上报 进行正常循环 !!!!!!本次有0次请求,共0条数据
05-29 20:46:03.266 D/OomAdjuster( 720): Not killing cached processes
05-29 20:46:03.268 W/ProcessStats( 720): Tracking association SourceState{8907474 com.ktcp.video:daemon/10091 Fgs #544} whose proc state 3 is better than process ProcessState{a8eb676 com.ktcp.video/10091 pkg=com.ktcp.video} proc state 10 (3 skipped)
05-29 20:46:03.709 D/hq ( 1453): NetWorkStateReceiver:::检查网络,并且持续更新 isConnect=false
05-29 20:46:04.647 D/TrafficStats( 2695): tagSocket(190) with statsTag=0xffffffff, statsUid=-1
05-29 20:46:04.655 D/TrafficStats( 2695): tagSocket(184) with statsTag=0xffffffff, statsUid=-1
05-29 20:46:04.657 D/TrafficStats( 2695): tagSocket(191) with statsTag=0xffffffff, statsUid=-1
05-29 20:46:04.660 D/TrafficStats( 2695): tagSocket(184) with statsTag=0xffffffff, statsUid=-1
05-29 20:46:04.665 D/TrafficStats( 2695): tagSocket(184) with statsTag=0xffffffff, statsUid=-1
05-29 20:46:04.671 D/TrafficStats( 2695): tagSocket(184) with statsTag=0xffffffff, statsUid=-1
05-29 20:46:04.677 D/TrafficStats( 2695): tagSocket(184) with statsTag=0xffffffff, statsUid=-1
05-29 20:46:04.682 D/TrafficStats( 2695): tagSocket(191) with statsTag=0xffffffff, statsUid=-1
05-29 20:46:05.417 I/efs.send_log( 2861): log cann't be send because net status is disconnected
05-29 20:46:05.710 D/hq ( 1453): NetWorkStateReceiver:::检查网络,并且持续更新 isConnect=false
05-29 20:46:07.711 D/hq ( 1453): NetWorkStateReceiver:::检查网络,并且持续更新 isConnect=false
05-29 20:46:08.199 D/ActivityManager( 720): freezing 2514 com.android.permissioncontroller
05-29 20:46:09.712 D/hq ( 1453): NetWorkStateReceiver:::检查网络,并且持续更新 isConnect=false
05-29 20:46:10.866 D/uninstall( 3054): isAllowStart last_delay 0, current_time 1748522770
05-29 20:46:10.866 I/uninstall( 3054): enable_service com.ktcp.video/com.tencent.qqlivetv.keeplive.proc.DaemonService com.ktcp.video/(null)
05-29 20:46:10.866 D/uninstall( 3054): enable_service waitpid
05-29 20:46:10.866 D/uninstall( 4041): enable_service pid == 0
05-29 20:46:10.867 D/uninstall( 4041): enable_service version >= 17 || version == 0 version == 34
05-29 20:46:10.901 I/uninstall( 3054): watchdaemon process_name = com.ktcp.video:daemon has gone, start it
05-29 20:46:10.902 D/uninstall( 3054): watchdaemon waitpid
05-29 20:46:10.902 D/uninstall( 4045): watchdaemon pid == 0
05-29 20:46:10.902 D/uninstall( 4045): watchdaemon version >= 17 || version == 0 version == 34
05-29 20:46:11.713 D/hq ( 1453): NetWorkStateReceiver:::检查网络,并且持续更新 isConnect=false
05-29 20:46:13.130 D/UtilLog ( 2643): 日志批量上报 进行正常循环 !!!!!!本次有0次请求,共0条数据
