05-29 20:51:44.503 W/BroadcastLoopers( 720): Found previously unknown looper Thread[ConnectivityServiceThread,5,main]
05-29 20:51:44.504 D/ConnectivityService( 720): [100 WIFI] EVENT_NETWORK_INFO_CHANGED, going from CONNECTING to CONNECTED
05-29 20:51:44.504 W/ContextImpl( 720): Calling a method in the system process without a qualified user: android.app.ContextImpl.sendStickyBroadcast:1626 com.android.server.wifi.ClientModeImpl.sendNetworkChangeBroadcast:3008 com.android.server.wifi.ClientModeImpl.lambda$sendNetworkChangeBroadcastWithCurrentState$14:2985 com.android.server.wifi.ClientModeImpl.$r8$lambda$q-j88Pjw4gROgoJFr8wBlBVbuJI:0 com.android.server.wifi.ClientModeImpl$$ExternalSyntheticLambda4.send:0
05-29 20:51:44.505 W/IPCThreadState( 720): Sending oneway calls to frozen process.
05-29 20:51:44.505 W/IPCThreadState( 720): Sending oneway calls to frozen process.
05-29 20:51:44.505 W/IPCThreadState( 720): Sending oneway calls to frozen process.
05-29 20:51:44.506 W/IPCThreadState( 720): Sending oneway calls to frozen process.
05-29 20:51:44.506 W/IPCThreadState( 720): Sending oneway calls to frozen process.
05-29 20:51:44.506 W/IPCThreadState( 720): Sending oneway calls to frozen process.
05-29 20:51:44.507 W/IPCThreadState( 720): Sending oneway calls to frozen process.
05-29 20:51:44.507 W/IPCThreadState( 720): Sending oneway calls to frozen process.
05-29 20:51:44.507 D/DnsManager( 720): sendDnsConfigurationForNetwork(100, [202.96.134.133, 202.96.128.166], [], 1800, 25, 8, 64, 0, 0, , [])
05-29 20:51:44.507 W/IPCThreadState( 720): Sending oneway calls to frozen process.
05-29 20:51:44.507 W/IPCThreadState( 720): Sending oneway calls to frozen process.
05-29 20:51:44.507 W/IPCThreadState( 720): Sending oneway calls to frozen process.
05-29 20:51:44.512 E/ccc ( 3287): cccccc 4444444444444444444 CONNECTED
05-29 20:51:44.515 W/DnsManager( 720): updatePrivateDns(100, PrivateDnsConfig{true:/[]})
05-29 20:51:44.515 D/ConnectivityService( 720): Setting DNS servers for network 100 to [/202.96.134.133, /202.96.128.166]
05-29 20:51:44.515 D/RockyReceiver( 1802): action: android.net.wifi.STATE_CHANGE
05-29 20:51:44.517 D/DnsManager( 720): sendDnsConfigurationForNetwork(100, [202.96.134.133, 202.96.128.166], [], 1800, 25, 8, 64, 0, 0, , [202.96.134.133, 202.96.128.166])
05-29 20:51:44.517 W/resolv ( 492): Validating DnsTlsServer 202.96.128.166 with mark 0xf0064
05-29 20:51:44.518 W/resolv ( 492): Validating DnsTlsServer 202.96.134.133 with mark 0xf0064
05-29 20:51:44.520 D/ConnectivityService( 720): Adding iface wlan0 to network 100
05-29 20:51:44.520 W/resolv ( 492): Socket failed to connect: Network is unreachable
05-29 20:51:44.520 W/IPCThreadState( 720): Sending oneway calls to frozen process.
05-29 20:51:44.520 W/IPCThreadState( 720): Sending oneway calls to frozen process.
05-29 20:51:44.520 W/IPCThreadState( 720): Sending oneway calls to frozen process.
05-29 20:51:44.521 W/IPCThreadState( 720): Sending oneway calls to frozen process.
05-29 20:51:44.521 W/IPCThreadState( 720): Sending oneway calls to frozen process.
05-29 20:51:44.521 W/resolv ( 492): TCP Handshake failed: 101
05-29 20:51:44.521 W/resolv ( 492): query failed
05-29 20:51:44.521 W/resolv ( 492): validateDnsTlsServer returned 0 for 202.96.128.166
05-29 20:51:44.521 W/IPCThreadState( 720): Sending oneway calls to frozen process.
05-29 20:51:44.521 W/IPCThreadState( 720): Sending oneway calls to frozen process.
05-29 20:51:44.521 W/IPCThreadState( 720): Sending oneway calls to frozen process.
05-29 20:51:44.521 W/resolv ( 492): Validation failed
05-29 20:51:44.522 W/IPCThreadState( 720): Sending oneway calls to frozen process.
05-29 20:51:44.522 W/IPCThreadState( 720): Sending oneway calls to frozen process.
05-29 20:51:44.522 W/IPCThreadState( 720): Sending oneway calls to frozen process.
05-29 20:51:44.524 W/resolv ( 492): Socket failed to connect: Network is unreachable
05-29 20:51:44.524 W/resolv ( 492): TCP Handshake failed: 101
05-29 20:51:44.524 W/resolv ( 492): query failed
05-29 20:51:44.524 W/resolv ( 492): validateDnsTlsServer returned 0 for 202.96.134.133
05-29 20:51:44.524 W/resolv ( 492): Validation failed
05-29 20:51:44.525 W/WifiScoreReport( 720): Cannot start external scoring netId=100 currentNetId=100 currentNetCapabilities=[ Transports: WIFI Capabilities: NOT_METERED&INTERNET&NOT_RESTRICTED&TRUSTED&NOT_VPN&NOT_ROAMING&NOT_CONGESTED&NOT_SUSPENDED&NOT_VCN_MANAGED LinkUpBandwidth>=12000Kbps LinkDnBandwidth>=30000Kbps Specifier: TransportInfo: , Provider friendly name: , Requesting package name: "DZNB"wpa2-pskMLO Information: , Is TID-To-Link negotiation supported by the AP: false, AP MLD Address: , AP MLO Link Id: , AP MLO Affiliated links: > SignalStrength: -69 AllowedUids: <{1000}> OwnerUid: 1000 AdminUids: [1000] SSID: "DZNB" UnderlyingNetworks: Null] sessionId=1008
05-29 20:51:44.532 D/WifiMemoryStoreImpl( 720): Set cluster Gb2a289a5d02affa8 for W56636e69e20a925a: SUCCESS
05-29 20:51:44.541 D/ConnectivityService( 720): Setting DNS servers for network 100 to [/202.96.134.133, /202.96.128.166]
05-29 20:51:44.545 D/DnsManager( 720): sendDnsConfigurationForNetwork(100, [202.96.134.133, 202.96.128.166], [], 1800, 25, 8, 64, 0, 0, , [202.96.134.133, 202.96.128.166])
05-29 20:51:44.546 W/resolv ( 492): Validating DnsTlsServer 202.96.134.133 with mark 0xf0064
05-29 20:51:44.546 E/ccc ( 3287): cccccc sort 10 22
05-29 20:51:44.547 D/WifiMemoryStoreImpl( 720): Set cluster Gb2a289a5d02affa8 for W6927da729f332faa: SUCCESS
05-29 20:51:44.551 W/IPCThreadState( 720): Sending oneway calls to frozen process.
05-29 20:51:44.551 W/IPCThreadState( 720): Sending oneway calls to frozen process.
05-29 20:51:44.551 W/IPCThreadState( 720): Sending oneway calls to frozen process.
05-29 20:51:44.551 W/IPCThreadState( 720): Sending oneway calls to frozen process.
05-29 20:51:44.552 W/IPCThreadState( 720): Sending oneway calls to frozen process.
05-29 20:51:44.552 W/IPCThreadState( 720): Sending oneway calls to frozen process.
05-29 20:51:44.552 W/IPCThreadState( 720): Sending oneway calls to frozen process.
05-29 20:51:44.552 W/IPCThreadState( 720): Sending oneway calls to frozen process.
05-29 20:51:44.552 W/IPCThreadState( 720): Sending oneway calls to frozen process.
05-29 20:51:44.552 W/IPCThreadState( 720): Sending oneway calls to frozen process.
05-29 20:51:44.552 W/IPCThreadState( 720): Sending oneway calls to frozen process.
05-29 20:51:44.554 W/BestClock( 720): java.time.DateTimeException: Missing network time fix
05-29 20:51:44.554 W/resolv ( 492): Validating DnsTlsServer 202.96.128.166 with mark 0xf0064
05-29 20:51:44.556 D/WifiMemoryStoreImpl( 720): Set cluster Gb2a289a5d02affa8 for Wea9f481a0433e131: SUCCESS
05-29 20:51:44.563 D/WifiMemoryStoreImpl( 720): Set cluster Ga1f6880e8ece38fd for W55ede5eba4187837: SUCCESS
05-29 20:51:44.571 W/BestClock( 720): java.time.DateTimeException: Missing network time fix
05-29 20:51:44.573 D/WifiMemoryStoreImpl( 720): Set cluster Gb2a289a5d02affa8 for Wb2a289a5d02affa8: SUCCESS
05-29 20:51:44.578 D/ConnectivityService( 720): Switching to new default network for: uid/pid:1000/720 activeRequest: 1 callbackRequest: 1 [NetworkRequest [ REQUEST id=1, [ Capabilities: INTERNET&NOT_RESTRICTED&TRUSTED&NOT_VPN&NOT_VCN_MANAGED RequestorUid: 1000 RequestorPkg: android UnderlyingNetworks: Null] ]] callback flags: 1 order: 2147483647 using NetworkAgentInfo{network{100} handle{432902426637} ni{WIFI CONNECTED extra: } created=2025-05-29T12:51:44.219Z Score(Policies : TRANSPORT_PRIMARY&IS_UNMETERED ; KeepConnected : 0) created 434560 lp{{InterfaceName: wlan0 LinkAddresses: [ fe80::fe71:94dd:8714:f39f/64,192.168.3.195/23 ] DnsAddresses: [ /202.96.134.133,/202.96.128.166 ] Domains: null MTU: 0 ServerAddress: /192.168.3.1 TcpBufferSizes: 524288,1048576,2097152,262144,524288,1048576 Routes: [ fe80::/64 -> :: wlan0 mtu 0,192.168.2.0/23 -> 0.0.0.0 wlan0 mtu 0,0.0.0.0/0 -> 192.168.3.1 wlan0 mtu 0 ]}} nc{[ Transports: WIFI Capabilities: NOT_METERED&INTERNET&NOT_RESTRICTED&TRUSTED&NOT_VPN&NOT_ROAMING&FOREGROUND&NOT_CONGESTED&NOT_SUSPENDED&NOT_VCN_MANAGED LinkUpBandwidth>=12000Kbps LinkDnBandwidth>=30000Kbps Specifier: TransportInfo: , Provider friendly name: , Requesting package name: "DZNB"wpa2-pskMLO Information: , Is TID-To-Link negotiation supported by the AP: false, AP MLD Address: , AP MLO Link Id: , AP MLO Affiliated links: > SignalStrength: -69 OwnerUid: 1000 AdminUids: [1000] SSID: "DZNB" UnderlyingNetworks: Null]} factorySerialNumber=4}
05-29 20:51:44.579 D/NetworkMonitor/100( 999): Validation disabled.
05-29 20:51:44.580 E/WifiStaIfaceAidlImpl( 720): stopRssiMonitoring failed with service-specific exception: android.os.ServiceSpecificException: (code 5)
05-29 20:51:44.582 D/XM_HIDREAD( 1873): add@ add@/devices/virtual/xt_idletimer/timers
05-29 20:51:44.576 I/xm_hidread( 1873): type=1400 audit(0.0:1916): avc: denied { read } for scontext=u:r:init:s0 tcontext=u:r:init:s0 tclass=netlink_kobject_uevent_socket permissive=1
05-29 20:51:44.583 E/NetlinkEvent( 492): NetlinkEvent::FindParam(): Parameter 'INTERFACE' not found
05-29 20:51:44.583 E/NetlinkEvent( 492): NetlinkEvent::FindParam(): Parameter 'STATE' not found
05-29 20:51:44.583 E/NetlinkEvent( 492): NetlinkEvent::FindParam(): Parameter 'TIME_NS' not found
05-29 20:51:44.583 E/NetlinkEvent( 492): NetlinkEvent::FindParam(): Parameter 'UID' not found
05-29 20:51:44.590 W/BestClock( 720): java.time.DateTimeException: Missing network time fix
05-29 20:51:44.623 W/BestClock( 720): java.time.DateTimeException: Missing network time fix
05-29 20:51:44.625 D/NetworkTimeUpdateService( 720): New default network 100; checking time.
05-29 20:51:44.629 W/IPCThreadState( 720): Sending oneway calls to frozen process.
05-29 20:51:44.631 W/IPCThreadState( 720): Sending oneway calls to frozen process.
05-29 20:51:44.631 W/XLOGReport( 2695): OtherSize: 30749, MainSize: 2783
05-29 20:51:44.635 D/UpstreamNetworkMonitor( 999): New default Internet network: 100
05-29 20:51:44.636 W/IPCThreadState( 720): Sending oneway calls to frozen process.
05-29 20:51:44.637 I/FileLockLib( 2695): [2695]file 94 unlocked. fl.pid=0
05-29 20:51:44.639 I/FileLockLib( 2695): [2695]file 94 unlocked. fl.pid=0
05-29 20:51:44.639 W/IPCThreadState( 720): Sending oneway calls to frozen process.
05-29 20:51:44.649 W/BestClock( 720): java.time.DateTimeException: Missing network time fix
05-29 20:51:44.656 W/BestClock( 720): java.time.DateTimeException: Missing network time fix
05-29 20:51:44.657 I/UniNetworkJNIlog( 2113): JAPIGroup::callSync
05-29 20:51:44.665 I/chromium( 1488): [0529/205144.665656:INFO:httpdns.cc(381)] OnEffectiveConnectionTypeChanged called by httpdns context networks 5
05-29 20:51:44.666 I/chromium( 1488): [0529/205144.665960:INFO:httpdns.cc(387)] OnNetworkChanged called by httpdns context networks 6
05-29 20:51:44.666 I/chromium( 1488): [0529/205144.666052:INFO:httpdns.cc(387)] OnNetworkChanged called by httpdns context networks 2
05-29 20:51:44.669 I/FileLockLib( 2695): [2695]file 94 unlocked. fl.pid=0
05-29 20:51:44.678 D/InstantWifi( 720): Receive Wifi is connected, freq = 5260 and currentNetworkId : 2, wifiinfo = SSID: , BSSID: 02:00:00:00:00:00, MAC: 02:00:00:00:00:00, IP: /192.168.3.195, Security type: 2, Supplicant state: COMPLETED, Wi-Fi standard: 6, RSSI: -69, Link speed: 1200Mbps, Tx Link speed: 1200Mbps, Max Supported Tx Link speed: 1200Mbps, Rx Link speed: 6Mbps, Max Supported Rx Link speed: 1200Mbps, Frequency: 5260MHz, Net ID: -1, Metered hint: false, score: 60, isUsable: true, CarrierMerged: false, SubscriptionId: -1, IsPrimary: 1, Trusted: true, Restricted: false, Ephemeral: false, OEM paid: false, OEM private: false, OSU AP: false, FQDN: , Provider friendly name: , Requesting package name: MLO Information: , Is TID-To-Link negotiation supported by the AP: false, AP MLD Address: , AP MLO Link Id: , AP MLO Affiliated links:
05-29 20:51:44.680 I/FileLockLib( 2695): [2695]file 94 unlocked. fl.pid=0
05-29 20:51:44.682 I/FileLockLib( 2695): [2695]file 94 unlocked. fl.pid=0
05-29 20:51:44.684 I/FileLockLib( 2695): [2695]file 94 unlocked. fl.pid=0
05-29 20:51:44.686 D/ConnectivityService( 720): Sending CONNECTED broadcast for type 1 [100 WIFI] isDefaultNetwork=true
05-29 20:51:44.687 W/ContextImpl( 720): Calling a method in the system process without a qualified user: android.app.ContextImpl.sendStickyBroadcast:1626 android.net.connectivity.com.android.server.ConnectivityService.sendStickyBroadcast:3280 android.net.connectivity.com.android.server.ConnectivityService.sendGeneralBroadcast:3250 android.net.connectivity.com.android.server.ConnectivityService.sendConnectedBroadcast:3223 android.net.connectivity.com.android.server.ConnectivityService.sendLegacyNetworkBroadcast:10138
05-29 20:51:44.689 I/chromium( 2179): [0529/205144.688946:INFO:httpdns.cc(381)] OnEffectiveConnectionTypeChanged called by httpdns context networks 5
05-29 20:51:44.689 I/chromium( 2179): [0529/205144.689209:INFO:httpdns.cc(387)] OnNetworkChanged called by httpdns context networks 6
05-29 20:51:44.689 I/chromium( 2179): [0529/205144.689284:INFO:httpdns.cc(387)] OnNetworkChanged called by httpdns context networks 2
05-29 20:51:44.691 I/FileLockLib( 2695): [2695]file 94 unlocked. fl.pid=0
05-29 20:51:44.694 D/ConnectivityService( 720): NetReassign [16 : null → 100, 33 : null → 100, 24 : null → 100, 43 : null → 100, 14 : null → 100, 67 : null → 100, 28 : null → 100, 75 : null → 100, 45 : null → 100, 52 : null → 100, 36 : null → 100, 1 : null → 100, 41 : null → 100, 65 : null → 100, 20 : null → 100, 63 : null → 100, 57 : null → 100, 69 : null → 100, 59 : null → 100, 50 : null → 100, 7 : null → 100, 47 : null → 100, 80 : null → 100, 26 : null → 100, 61 : null → 100, 18 : null → 100, 54 : null → 100] [c 0] [a 117] [i 2]
05-29 20:51:44.696 I/FileLockLib( 2695): [2695]file 94 unlocked. fl.pid=0
05-29 20:51:44.696 I/FileLockLib( 2695): [2695]file 94 unlocked. fl.pid=0
05-29 20:51:44.697 D/TrafficStats( 720): tagSocket(529) with statsTag=0xffffffff, statsUid=-1
05-29 20:51:44.698 I/FileLockLib( 2695): [2695]file 94 unlocked. fl.pid=0
05-29 20:51:44.699 I/FileLockLib( 2695): [2695]file 94 unlocked. fl.pid=0
05-29 20:51:44.704 W/IPCThreadState( 720): Sending oneway calls to frozen process.
05-29 20:51:44.707 W/IPCThreadState( 720): Sending oneway calls to frozen process.
05-29 20:51:44.707 W/IPCThreadState( 720): Sending oneway calls to frozen process.
05-29 20:51:44.707 W/IPCThreadState( 720): Sending oneway calls to frozen process.
05-29 20:51:44.708 E/MdnsAdvertiser( 720): Name conflict adding services that should have unique names
05-29 20:51:44.708 E/MdnsAdvertiser( 720): android.net.connectivity.com.android.server.connectivity.mdns.NameConflictException
05-29 20:51:44.708 E/MdnsAdvertiser( 720): at android.net.connectivity.com.android.server.connectivity.mdns.MdnsRecordRepository.addService(MdnsRecordRepository.java:314)
05-29 20:51:44.708 E/MdnsAdvertiser( 720): at android.net.connectivity.com.android.server.connectivity.mdns.MdnsInterfaceAdvertiser.addService(MdnsInterfaceAdvertiser.java:217)
05-29 20:51:44.708 E/MdnsAdvertiser( 720): at android.net.connectivity.com.android.server.connectivity.mdns.MdnsAdvertiser$InterfaceAdvertiserRequest.onSocketCreated(MdnsAdvertiser.java:304)
05-29 20:51:44.708 E/MdnsAdvertiser( 720): at android.net.connectivity.com.android.server.connectivity.mdns.MdnsSocketProvider.notifySocketCreated(MdnsSocketProvider.java:585)
05-29 20:51:44.708 E/MdnsAdvertiser( 720): at android.net.connectivity.com.android.server.connectivity.mdns.MdnsSocketProvider.createSocket(MdnsSocketProvider.java:526)
05-29 20:51:44.708 E/MdnsAdvertiser( 720): at android.net.connectivity.com.android.server.connectivity.mdns.MdnsSocketProvider.handleLinkPropertiesChanged(MdnsSocketProvider.java:411)
05-29 20:51:44.708 E/MdnsAdvertiser( 720): at android.net.connectivity.com.android.server.connectivity.mdns.MdnsSocketProvider.-$$Nest$mhandleLinkPropertiesChanged(MdnsSocketProvider.java:0)
05-29 20:51:44.708 E/MdnsAdvertiser( 720): at android.net.connectivity.com.android.server.connectivity.mdns.MdnsSocketProvider$2.onLinkPropertiesChanged(MdnsSocketProvider.java:185)
05-29 20:51:44.708 E/MdnsAdvertiser( 720): at android.net.ConnectivityManager$NetworkCallback.onAvailable(ConnectivityManager.java:3960)
05-29 20:51:44.708 E/MdnsAdvertiser( 720): at android.net.ConnectivityManager$NetworkCallback.onAvailable(ConnectivityManager.java:3936)
05-29 20:51:44.708 E/MdnsAdvertiser( 720): at android.net.ConnectivityManager$CallbackHandler.handleMessage(ConnectivityManager.java:4263)
05-29 20:51:44.708 E/MdnsAdvertiser( 720): at android.os.Handler.dispatchMessage(Handler.java:106)
05-29 20:51:44.708 E/MdnsAdvertiser( 720): at android.os.Looper.loopOnce(Looper.java:205)
05-29 20:51:44.708 E/MdnsAdvertiser( 720): at android.os.Looper.loop(Looper.java:294)
05-29 20:51:44.708 E/MdnsAdvertiser( 720): at android.os.HandlerThread.run(HandlerThread.java:67)
05-29 20:51:44.711 I/ConnectivityService( 720): Update score for net 100 : +EVER_EVALUATED
05-29 20:51:44.711 D/ConnectivityService( 720): [100 WIFI] validation passed
05-29 20:51:44.711 I/ConnectivityService( 720): Update capabilities for net 100 : +VALIDATED
05-29 20:51:44.711 I/ConnectivityService( 720): Update score for net 100 : +EVER_VALIDATED+IS_VALIDATED
05-29 20:51:44.714 D/ConnectivityService( 720): NetReassign [no changes] [c 0] [a 1] [i 2]
05-29 20:51:44.719 D/InstantWifi( 720): Receive Wifi is connected, freq = 5260 and currentNetworkId : 2, wifiinfo = SSID: , BSSID: 02:00:00:00:00:00, MAC: 02:00:00:00:00:00, IP: /192.168.3.195, Security type: 2, Supplicant state: COMPLETED, Wi-Fi standard: 6, RSSI: -69, Link speed: 1200Mbps, Tx Link speed: 1200Mbps, Max Supported Tx Link speed: 1200Mbps, Rx Link speed: 6Mbps, Max Supported Rx Link speed: 1200Mbps, Frequency: 5260MHz, Net ID: -1, Metered hint: false, score: 60, isUsable: true, CarrierMerged: false, SubscriptionId: -1, IsPrimary: 1, Trusted: true, Restricted: false, Ephemeral: false, OEM paid: false, OEM private: false, OSU AP: false, FQDN: , Provider friendly name: , Requesting package name: MLO Information: , Is TID-To-Link negotiation supported by the AP: false, AP MLD Address: , AP MLO Link Id: , AP MLO Affiliated links:
05-29 20:51:44.724 D/TrafficStats( 2695): tagSocket(195) with statsTag=0xffffffff, statsUid=-1
05-29 20:51:44.725 D/OomAdjuster( 720): Not killing cached processes
05-29 20:51:44.731 W/IPCThreadState( 720): Sending oneway calls to frozen process.
05-29 20:51:44.736 W/IPCThreadState( 720): Sending oneway calls to frozen process.
05-29 20:51:44.738 W/IPCThreadState( 720): Sending oneway calls to frozen process.
05-29 20:51:44.739 W/IPCThreadState( 720): Sending oneway calls to frozen process.
05-29 20:51:44.743 D/ConnectivityService( 720): Setting DNS servers for network 100 to [/202.96.134.133, /202.96.128.166]
05-29 20:51:44.744 D/DnsManager( 720): sendDnsConfigurationForNetwork(100, [202.96.134.133, 202.96.128.166], [], 1800, 25, 8, 64, 0, 0, , [202.96.134.133, 202.96.128.166])
05-29 20:51:44.745 D/ActivityManager( 720): sync unfroze 2580 com.android.rkpdapp for 6
05-29 20:51:44.749 W/ContextImpl( 720): Calling a method in the system process without a qualified user: android.app.ContextImpl.sendStickyBroadcast:1626 android.net.connectivity.com.android.server.ConnectivityService.sendStickyBroadcast:3280 android.net.connectivity.com.android.server.ConnectivityService.sendGeneralBroadcast:3250 android.net.connectivity.com.android.server.ConnectivityService.sendInetConditionBroadcast:3227 android.net.connectivity.com.android.server.ConnectivityService.updateInetCondition:9819
05-29 20:51:44.749 W/IPCThreadState( 720): Sending oneway calls to frozen process.
05-29 20:51:44.750 W/IPCThreadState( 720): Sending oneway calls to frozen process.
05-29 20:51:44.750 W/IPCThreadState( 720): Sending oneway calls to frozen process.
05-29 20:51:44.750 W/IPCThreadState( 720): Sending oneway calls to frozen process.
05-29 20:51:44.750 W/IPCThreadState( 720): Sending oneway calls to frozen process.
05-29 20:51:44.750 W/IPCThreadState( 720): Sending oneway calls to frozen process.
05-29 20:51:44.750 W/IPCThreadState( 720): Sending oneway calls to frozen process.
05-29 20:51:44.751 W/IPCThreadState( 720): Sending oneway calls to frozen process.
05-29 20:51:44.751 W/IPCThreadState( 720): Sending oneway calls to frozen process.
05-29 20:51:44.751 W/LastMileLogger( 720): Failed to stop event tracing: /sys/kernel/debug/tracing/instances/wifi/tracing_on: open failed: ENOENT (No such file or directory)
05-29 20:51:44.751 W/IPCThreadState( 720): Sending oneway calls to frozen process.
05-29 20:51:44.756 D/WifiMemoryStoreImpl( 720): Set cluster Gb2a289a5d02affa8 for W56636e69e20a925a: SUCCESS
05-29 20:51:44.761 I/FileLockLib( 2695): [2695]file 94 unlocked. fl.pid=0
05-29 20:51:44.762 I/FileLockLib( 2695): [2695]file 94 unlocked. fl.pid=0
05-29 20:51:44.770 D/CompatibilityChangeReporter( 1353): Compat change id reported: 263076149; UID 10059; state: ENABLED
05-29 20:51:44.771 I/FileLockLib( 2695): [2695]file 94 unlocked. fl.pid=0
05-29 20:51:44.771 D/ActivityManager( 720): sync unfroze 2623 com.android.statementservice for 6
05-29 20:51:44.778 I/FileLockLib( 2695): [2695]file 94 unlocked. fl.pid=0
05-29 20:51:44.780 D/CompatibilityChangeReporter( 950): Compat change id reported: 186082280; UID 10052; state: ENABLED
05-29 20:51:44.780 I/FileLockLib( 2695): [2695]file 94 unlocked. fl.pid=0
05-29 20:51:44.782 D/WifiConfigStore( 720): Writing to stores completed in 17 ms.
05-29 20:51:44.792 D/TrafficStats( 2695): tagSocket(196) with statsTag=0xffffffff, statsUid=-1
05-29 20:51:44.805 D/TrafficStats( 2695): tagSocket(198) with statsTag=0xffffffff, statsUid=-1
05-29 20:51:44.810 D/TrafficStats( 2695): tagSocket(199) with statsTag=0xffffffff, statsUid=-1
05-29 20:51:44.815 D/TrafficStats( 2695): tagSocket(200) with statsTag=0xffffffff, statsUid=-1
05-29 20:51:44.816 E/TaskWorkerFactory( 1353): Cannot create worker: com.android.devicelockcontroller.provision.worker.DeviceCheckInWorker
05-29 20:51:44.816 E/TaskWorkerFactory( 1353): java.lang.NoSuchMethodException: com.android.devicelockcontroller.provision.worker.DeviceCheckInWorker. [class android.content.Context, class androidx.work.WorkerParameters, interface com.google.common.util.concurrent.ListeningExecutorService]
05-29 20:51:44.816 E/TaskWorkerFactory( 1353): at java.lang.Class.getConstructor0(Class.java:3325)
05-29 20:51:44.816 E/TaskWorkerFactory( 1353): at java.lang.Class.getDeclaredConstructor(Class.java:3063)
05-29 20:51:44.816 E/TaskWorkerFactory( 1353): at com.android.devicelockcontroller.policy.TaskWorkerFactory.createWorker(TaskWorkerFactory.java:53)
05-29 20:51:44.816 E/TaskWorkerFactory( 1353): at androidx.work.DelegatingWorkerFactory.createWorker(DelegatingWorkerFactory.java:71)
05-29 20:51:44.816 E/TaskWorkerFactory( 1353): at androidx.work.WorkerFactory.createWorkerWithDefaultFallback(WorkerFactory.java:82)
05-29 20:51:44.816 E/TaskWorkerFactory( 1353): at androidx.work.impl.WorkerWrapper.runWorker(WorkerWrapper.java:240)
05-29 20:51:44.816 E/TaskWorkerFactory( 1353): at androidx.work.impl.WorkerWrapper.run(WorkerWrapper.java:142)
05-29 20:51:44.816 E/TaskWorkerFactory( 1353): at androidx.work.impl.utils.SerialExecutorImpl$Task.run(SerialExecutorImpl.java:96)
05-29 20:51:44.816 E/TaskWorkerFactory( 1353): at java.util.concurrent.ThreadPoolExecutor.runWorker(ThreadPoolExecutor.java:1145)
05-29 20:51:44.816 E/TaskWorkerFactory( 1353): at java.util.concurrent.ThreadPoolExecutor$Worker.run(ThreadPoolExecutor.java:644)
05-29 20:51:44.816 E/TaskWorkerFactory( 1353): at java.lang.Thread.run(Thread.java:1012)
05-29 20:51:44.826 D/CompatibilityChangeReporter( 2580): Compat change id reported: 263076149; UID 10053; state: ENABLED
05-29 20:51:44.827 D/TrafficStats( 2695): tagSocket(201) with statsTag=0xffffffff, statsUid=-1
05-29 20:51:44.828 D/CompatibilityChangeReporter( 2623): Compat change id reported: 263076149; UID 10026; state: DISABLED
05-29 20:51:44.832 D/TrafficStats( 2695): tagSocket(201) with statsTag=0xffffffff, statsUid=-1
05-29 20:51:44.849 I/CheckInWorker( 1353): perform check-in request
05-29 20:51:44.854 D/TrafficStats( 2695): tagSocket(207) with statsTag=0xffffffff, statsUid=-1
05-29 20:51:44.867 W/CheckInWorker( 1353): CheckIn failed. No device identifier available!
05-29 20:51:44.869 I/WM-WorkerWrapper( 1353): Worker result FAILURE for Work [ id=7a1d6b8f-0e73-4e67-ae33-5674c23d228c, tags={ com.android.devicelockcontroller.provision.worker.DeviceCheckInWorker } ]
05-29 20:51:44.911 I/DrmHalHidl( 2580): No hidl drm factories found
05-29 20:51:44.911 I/hwservicemanager( 264): getTransport: Cannot find entry android.hardware.drm@1.0::IDrmFactory/default in either framework or device VINTF manifest.
05-29 20:51:44.912 E/DrmHalHidl( 2580): Failed to find passthrough drm factories
05-29 20:51:44.916 I/WM-WorkerWrapper( 2623): Worker result SUCCESS for Work [ id=dc698a1b-3797-481d-8ffb-f74e46a293fb, tags={ com.android.statementservice.domain.worker.RetryRequestWorker } ]
05-29 20:51:44.917 I/DrmUtils( 2580): found IDrmFactory. Instance name:[android.hardware.drm.IDrmFactory/clearkey]
05-29 20:51:44.920 I/DrmUtils( 2580): found IDrmFactory. Instance name:[android.hardware.drm.IDrmFactory/widevine]
05-29 20:51:44.922 I/WVCdm-DrmFactory( 556): [app][com.android.rkpdapp] calling virtual ::ndk::ScopedAStatus wvdrm::hardware::drm::widevine::WVDrmFactory::createDrmPlugin(const Uuid &, const string &, std::shared_ptr< ::aidl::android::hardware::drm::IDrmPlugin> *)
05-29 20:51:44.922 D/WVCdm ( 556): Instantiating CDM.
05-29 20:51:44.929 D/WVCdm ( 556): [cdm_engine.cpp(581):QueryStatus] security_level = Default, query_token = WidevineCdmVersion
05-29 20:51:44.931 D/WVCdm ( 556): [cdm_engine.cpp(581):QueryStatus] security_level = Default, query_token = ProvisioningModel
05-29 20:51:44.932 I/RkpdWidevine( 2580): Not a WV provisioning 4.0 device. No provisioning required.
05-29 20:51:44.941 D/statsd_drm( 637): statsd_mediadrm skipping empty entry
05-29 20:51:44.943 I/WVCdm ( 556): [(0):] L3 Terminate.
05-29 20:51:44.945 I/WM-WorkerWrapper( 2580): Worker result SUCCESS for Work [ id=a7d323e7-c466-4edd-a934-5b7803fdc34f, tags={ com.android.rkpdapp.provisioner.WidevineProvisioner, WidevineProvisioner } ]
05-29 20:51:44.955 W/JobScheduler( 720): Job didn't exist in JobStore: d955dc3 #u0a53/125 com.android.rkpdapp/androidx.work.impl.background.systemjob.SystemJobService
05-29 20:51:44.971 E/nStackXDFinder( 3061): GetLocalIp:[401] :GetLocalIp exec
05-29 20:51:44.971 W/nStackXCoAP( 3061): CoapServiceDiscoverInner:[565] :clear device list
05-29 20:51:44.971 E/nStackXDFinder( 3061): GetLocalIp:[401] :GetLocalIp exec
05-29 20:51:44.971 E/nStackXDFinder( 3061): GetLocalIp:[401] :GetLocalIp exec
05-29 20:51:44.972 I/nStackXCoAP( 3061): CoapServiceDiscoverInner:[580] :the first time for device discover.
05-29 20:51:44.992 E/ActivityThread( 2179): Failed to find provider info for com.tcl.xian.StartandroidService.MyContentProvider
05-29 20:51:44.994 D/nStackXCoAP( 3061): IsInSameNetwork:[276] :IsInSameNetwork exec
05-29 20:51:44.994 I/nStackXDFinder( 3061): GetLocalInterfaceDetail:[461] :GetLocalInterfaceDetail in
05-29 20:51:44.994 E/nStackXCoAP( 3061): IsInSameNetwork:[281] :IsInSameNetwork: not priority process
05-29 20:51:44.994 I/nStackXDFinder( 3061): NotifyDeviceListChanged:[540] :notify callback: device list changed callback is null
05-29 20:51:44.996 D/nStackXCoAP( 3061): IsInSameNetwork:[276] :IsInSameNetwork exec
05-29 20:51:44.996 I/nStackXDFinder( 3061): GetLocalInterfaceDetail:[461] :GetLocalInterfaceDetail in
05-29 20:51:44.996 E/nStackXCoAP( 3061): IsInSameNetwork:[281] :IsInSameNetwork: not priority process
05-29 20:51:44.996 I/nStackXDFinder( 3061): NotifyDeviceListChanged:[540] :notify callback: device list changed callback is null
05-29 20:51:44.999 D/nStackXCoAP( 3061): IsInSameNetwork:[276] :IsInSameNetwork exec
05-29 20:51:44.999 I/nStackXDFinder( 3061): GetLocalInterfaceDetail:[461] :GetLocalInterfaceDetail in
05-29 20:51:44.999 E/nStackXCoAP( 3061): IsInSameNetwork:[281] :IsInSameNetwork: not priority process
05-29 20:51:44.999 I/nStackXDFinder( 3061): NotifyDeviceListChanged:[540] :notify callback: device list changed callback is null
05-29 20:51:45.008 D/nStackXCoAP( 3061): IsInSameNetwork:[276] :IsInSameNetwork exec
05-29 20:51:45.008 I/nStackXDFinder( 3061): GetLocalInterfaceDetail:[461] :GetLocalInterfaceDetail in
05-29 20:51:45.008 E/nStackXCoAP( 3061): IsInSameNetwork:[281] :IsInSameNetwork: not priority process
05-29 20:51:45.009 I/nStackXDFinder( 3061): NotifyDeviceListChanged:[540] :notify callback: device list changed callback is null
05-29 20:51:45.043 D/BLOG-EVENT-Network( 2179): network changed: 3=>1
05-29 20:51:45.056 W/chromium( 2179): [0529/205145.056022:WARNING:record_cache.cc(53)] Cache on network changed cache_policy {disable_clear=1, enable_multi_caches=1}
05-29 20:51:45.072 E/nStackXDFinder( 3061): GetLocalIp:[401] :GetLocalIp exec
05-29 20:51:45.072 E/nStackXDFinder( 3061): GetLocalIp:[401] :GetLocalIp exec
05-29 20:51:45.072 E/nStackXDFinder( 3061): GetLocalIp:[401] :GetLocalIp exec
05-29 20:51:45.073 I/nStackXCoAP( 3061): CoapServiceDiscoverTimerHandle:[524] :the 2 times for device discover.
05-29 20:51:45.101 D/uninstall( 3054): isAllowStart last_delay 0, current_time 1748523105
05-29 20:51:45.101 I/uninstall( 3054): enable_service com.ktcp.video/com.tencent.qqlivetv.keeplive.proc.DaemonService com.ktcp.video/(null)
05-29 20:51:45.102 D/uninstall( 3054): enable_service waitpid
05-29 20:51:45.102 D/uninstall( 8575): enable_service pid == 0
05-29 20:51:45.102 D/uninstall( 8575): enable_service version >= 17 || version == 0 version == 34
05-29 20:51:45.111 D/nStackXCoAP( 3061): IsInSameNetwork:[276] :IsInSameNetwork exec
05-29 20:51:45.111 I/nStackXDFinder( 3061): GetLocalInterfaceDetail:[461] :GetLocalInterfaceDetail in
05-29 20:51:45.111 E/nStackXCoAP( 3061): IsInSameNetwork:[281] :IsInSameNetwork: not priority process
05-29 20:51:45.111 I/nStackXDFinder( 3061): NotifyDeviceListChanged:[540] :notify callback: device list changed callback is null
05-29 20:51:45.112 D/nStackXCoAP( 3061): IsInSameNetwork:[276] :IsInSameNetwork exec
05-29 20:51:45.112 I/nStackXDFinder( 3061): GetLocalInterfaceDetail:[461] :GetLocalInterfaceDetail in
05-29 20:51:45.112 E/nStackXCoAP( 3061): IsInSameNetwork:[281] :IsInSameNetwork: not priority process
05-29 20:51:45.112 I/nStackXDFinder( 3061): NotifyDeviceListChanged:[540] :notify callback: device list changed callback is null
05-29 20:51:45.113 D/nStackXCoAP( 3061): IsInSameNetwork:[276] :IsInSameNetwork exec
05-29 20:51:45.113 I/nStackXDFinder( 3061): GetLocalInterfaceDetail:[461] :GetLocalInterfaceDetail in
05-29 20:51:45.113 E/nStackXCoAP( 3061): IsInSameNetwork:[281] :IsInSameNetwork: not priority process
05-29 20:51:45.114 I/nStackXDFinder( 3061): NotifyDeviceListChanged:[540] :notify callback: device list changed callback is null
05-29 20:51:45.115 D/nStackXCoAP( 3061): IsInSameNetwork:[276] :IsInSameNetwork exec
05-29 20:51:45.115 I/nStackXDFinder( 3061): GetLocalInterfaceDetail:[461] :GetLocalInterfaceDetail in
05-29 20:51:45.115 E/nStackXCoAP( 3061): IsInSameNetwork:[281] :IsInSameNetwork: not priority process
05-29 20:51:45.116 I/nStackXDFinder( 3061): NotifyDeviceListChanged:[540] :notify callback: device list changed callback is null
05-29 20:51:45.117 D/nStackXCoAP( 3061): IsInSameNetwork:[276] :IsInSameNetwork exec
05-29 20:51:45.117 I/nStackXDFinder( 3061): GetLocalInterfaceDetail:[461] :GetLocalInterfaceDetail in
05-29 20:51:45.117 E/nStackXCoAP( 3061): IsInSameNetwork:[281] :IsInSameNetwork: not priority process
05-29 20:51:45.117 I/nStackXDFinder( 3061): NotifyDeviceListChanged:[540] :notify callback: device list changed callback is null
05-29 20:51:45.119 D/nStackXCoAP( 3061): IsInSameNetwork:[276] :IsInSameNetwork exec
05-29 20:51:45.119 I/nStackXDFinder( 3061): GetLocalInterfaceDetail:[461] :GetLocalInterfaceDetail in
05-29 20:51:45.119 E/nStackXCoAP( 3061): IsInSameNetwork:[281] :IsInSameNetwork: not priority process
05-29 20:51:45.119 I/nStackXDFinder( 3061): NotifyDeviceListChanged:[540] :notify callback: device list changed callback is null
05-29 20:51:45.120 D/nStackXCoAP( 3061): IsInSameNetwork:[276] :IsInSameNetwork exec
05-29 20:51:45.121 I/nStackXDFinder( 3061): GetLocalInterfaceDetail:[461] :GetLocalInterfaceDetail in
05-29 20:51:45.121 E/nStackXCoAP( 3061): IsInSameNetwork:[281] :IsInSameNetwork: not priority process
05-29 20:51:45.121 I/nStackXDFinder( 3061): NotifyDeviceListChanged:[540] :notify callback: device list changed callback is null
05-29 20:51:45.141 I/uninstall( 3054): watchdaemon process_name = com.ktcp.video:daemon has gone, start it
05-29 20:51:45.141 D/uninstall( 3054): watchdaemon waitpid
05-29 20:51:45.141 D/uninstall( 8579): watchdaemon pid == 0
05-29 20:51:45.141 D/uninstall( 8579): watchdaemon version >= 17 || version == 0 version == 34
05-29 20:51:45.187 D/nStackXCoAP( 3061): IsInSameNetwork:[276] :IsInSameNetwork exec
05-29 20:51:45.187 I/nStackXDFinder( 3061): GetLocalInterfaceDetail:[461] :GetLocalInterfaceDetail in
05-29 20:51:45.187 E/nStackXCoAP( 3061): IsInSameNetwork:[281] :IsInSameNetwork: not priority process
05-29 20:51:45.187 I/nStackXDFinder( 3061): NotifyDeviceListChanged:[540] :notify callback: device list changed callback is null
05-29 20:51:45.189 D/nStackXCoAP( 3061): IsInSameNetwork:[276] :IsInSameNetwork exec
05-29 20:51:45.189 I/nStackXDFinder( 3061): GetLocalInterfaceDetail:[461] :GetLocalInterfaceDetail in
05-29 20:51:45.189 E/nStackXCoAP( 3061): IsInSameNetwork:[281] :IsInSameNetwork: not priority process
05-29 20:51:45.189 I/nStackXDFinder( 3061): NotifyDeviceListChanged:[540] :notify callback: device list changed callback is null
05-29 20:51:45.190 D/NearFieldManagerImpl( 3061): onReceive action get:android.net.conn.CONNECTIVITY_CHANGE
05-29 20:51:45.190 D/nStackXCoAP( 3061): IsInSameNetwork:[276] :IsInSameNetwork exec
05-29 20:51:45.190 I/nStackXDFinder( 3061): GetLocalInterfaceDetail:[461] :GetLocalInterfaceDetail in
05-29 20:51:45.190 E/nStackXCoAP( 3061): IsInSameNetwork:[281] :IsInSameNetwork: not priority process
05-29 20:51:45.191 I/nStackXDFinder( 3061): NotifyDeviceListChanged:[540] :notify callback: device list changed callback is null
05-29 20:51:45.191 D/NearFieldUtils( 3061): getPreferredIpAddress exec
05-29 20:51:45.191 D/NearFieldUtils( 3061): getPreferredIpAddress by custom priority
05-29 20:51:45.191 D/NearFieldUtils( 3061): getIpByInterfaceSetting customIdnNetworkPriority:[]
05-29 20:51:45.192 D/NearFieldUtils( 3061): getPreferredIpAddress by default priority
05-29 20:51:45.202 I/SendAliveManager( 1431): doWhenNetworkStateChanged
05-29 20:51:45.205 E/hq ( 1453): NetWorkStateReceiver:::NetWorkStateReceiver onReceive: 网络变化广播 >>>> intent.action=android.net.conn.CONNECTIVITY_CHANGE
05-29 20:51:45.206 D/BLOG-EVENT-Network( 1488): network changed: 3=>1
05-29 20:51:45.207 D/IM-VIDEO( 2113): [BroadcastCenter] onReceive: android.net.conn.CONNECTIVITY_CHANGE
05-29 20:51:45.208 E/IM-VIDEO( 2113): [KEPLER_TP_STANDARD] tasks = 10, actives = 0, largest pool size =2
05-29 20:51:45.209 D/BLOG-EVENT-Network( 1488): network changed: 3=>1
05-29 20:51:45.210 I/FileLockLib( 2695): [2695]file 94 unlocked. fl.pid=0
05-29 20:51:45.212 I/FileLockLib( 2695): [2695]file 94 unlocked. fl.pid=0
05-29 20:51:45.213 I/FileLockLib( 2695): [2695]file 94 unlocked. fl.pid=0
05-29 20:51:45.214 D/LanSocketServer( 1400): connect
05-29 20:51:45.215 E/StartupService( 2861): onConnected:
05-29 20:51:45.215 D/nStackXCoAP( 3061): IsInSameNetwork:[276] :IsInSameNetwork exec
05-29 20:51:45.215 I/nStackXDFinder( 3061): GetLocalInterfaceDetail:[461] :GetLocalInterfaceDetail in
05-29 20:51:45.215 E/nStackXCoAP( 3061): IsInSameNetwork:[281] :IsInSameNetwork: not priority process
05-29 20:51:45.215 I/nStackXDFinder( 3061): NotifyDeviceListChanged:[540] :notify callback: device list changed callback is null
05-29 20:51:45.216 D/IM-VIDEO( 2113): [BroadcastCenter] onReceive: android.net.conn.CONNECTIVITY_CHANGE
05-29 20:51:45.216 E/IM-VIDEO( 2113): [KEPLER_TP_STANDARD] tasks = 11, actives = 1, largest pool size =2
05-29 20:51:45.218 D/nStackXCoAP( 3061): IsInSameNetwork:[276] :IsInSameNetwork exec
05-29 20:51:45.218 I/nStackXDFinder( 3061): GetLocalInterfaceDetail:[461] :GetLocalInterfaceDetail in
05-29 20:51:45.218 E/nStackXCoAP( 3061): IsInSameNetwork:[281] :IsInSameNetwork: not priority process
05-29 20:51:45.218 W/BestClock( 720): java.time.DateTimeException: Missing network time fix
05-29 20:51:45.218 W/BestClock( 720): java.time.DateTimeException: Missing network time fix
05-29 20:51:45.220 I/FileLockLib( 2839): [2839]file 86 locked by pid: 2695. lock type: 0
05-29 20:51:45.220 I/FileLockLib( 2695): [2695]file 94 unlocked. fl.pid=0
05-29 20:51:45.220 I/FileLockLib( 2839): [2839]unlock 86 success.
05-29 20:51:45.220 W/System.err( 1069): java.lang.NoSuchMethodException: android.net.SntpClient.requestTime [class java.lang.String, int, class android.net.Network]
05-29 20:51:45.221 W/System.err( 1069): at java.lang.Class.getMethod(Class.java:2937)
05-29 20:51:45.221 W/System.err( 1069): at java.lang.Class.getMethod(Class.java:2449)
05-29 20:51:45.221 W/System.err( 1069): at com.droidlogic.NtpService.SyncTimeLock(NtpService.java:113)
05-29 20:51:45.221 W/System.err( 1069): at com.droidlogic.NtpService.-$$Nest$mSyncTimeLock(Unknown Source:0)
05-29 20:51:45.221 W/System.err( 1069): at com.droidlogic.NtpService$2.run(NtpService.java:104)
05-29 20:51:45.221 W/System.err( 1069): at android.os.Handler.handleCallback(Handler.java:958)
05-29 20:51:45.221 W/System.err( 1069): at android.os.Handler.dispatchMessage(Handler.java:99)
05-29 20:51:45.221 W/System.err( 1069): at android.os.Looper.loopOnce(Looper.java:205)
05-29 20:51:45.221 W/System.err( 1069): at android.os.Looper.loop(Looper.java:294)
05-29 20:51:45.221 W/System.err( 1069): at android.os.HandlerThread.run(HandlerThread.java:67)
05-29 20:51:45.221 D/nStackXCoAP( 3061): IsInSameNetwork:[276] :IsInSameNetwork exec
05-29 20:51:45.221 I/nStackXDFinder( 3061): GetLocalInterfaceDetail:[461] :GetLocalInterfaceDetail in
05-29 20:51:45.221 E/nStackXCoAP( 3061): IsInSameNetwork:[281] :IsInSameNetwork: not priority process
05-29 20:51:45.222 E/hq ( 1453): NetWorkStateReceiver:::Network is available. isConnect=false 是否频次过快=false t=1748523105222
05-29 20:51:45.222 W/eventbuscore( 1453): post Event:com.dangbei.leard.base.entity.event.NetStateEvent
05-29 20:51:45.222 D/AppManager( 1453): requestBlackAndWhiteList
05-29 20:51:45.223 D/AppListModel( 1453): requestAppFilterList: true , false
05-29 20:51:45.223 D/nStackXCoAP( 3061): IsInSameNetwork:[276] :IsInSameNetwork exec
05-29 20:51:45.223 I/nStackXDFinder( 3061): GetLocalInterfaceDetail:[461] :GetLocalInterfaceDetail in
05-29 20:51:45.223 E/nStackXCoAP( 3061): IsInSameNetwork:[281] :IsInSameNetwork: not priority process
05-29 20:51:45.224 D/NearFieldUtils( 3061): to get wlan0 ip address
05-29 20:51:45.224 D/NearFieldUtils( 3061): get wlan0 IP succeed.
05-29 20:51:45.224 E/NearFieldManagerImpl( 3061): notifyByPriority: interfaceNameInUse is null
05-29 20:51:45.224 D/NearFieldManagerImpl( 3061): handleConnectivityAction: notified by default
05-29 20:51:45.225 D/nStackXCoAP( 3061): IsInSameNetwork:[276] :IsInSameNetwork exec
05-29 20:51:45.225 I/nStackXDFinder( 3061): GetLocalInterfaceDetail:[461] :GetLocalInterfaceDetail in
05-29 20:51:45.225 E/nStackXCoAP( 3061): IsInSameNetwork:[281] :IsInSameNetwork: not priority process
05-29 20:51:45.226 D/nStackXCoAP( 3061): IsInSameNetwork:[276] :IsInSameNetwork exec
05-29 20:51:45.226 W/eventbuscore( 1453): post Event:com.dangbei.leard.base.entity.event.NetChangeEvent
05-29 20:51:45.226 I/nStackXDFinder( 3061): GetLocalInterfaceDetail:[461] :GetLocalInterfaceDetail in
05-29 20:51:45.226 E/nStackXCoAP( 3061): IsInSameNetwork:[281] :IsInSameNetwork: not priority process
05-29 20:51:45.226 I/nStackXDFinder( 3061): NotifyDeviceListChanged:[540] :notify callback: device list changed callback is null
05-29 20:51:45.227 D/RockyReceiver( 1802): action: android.net.conn.CONNECTIVITY_CHANGE
05-29 20:51:45.228 D/nStackXCoAP( 3061): IsInSameNetwork:[276] :IsInSameNetwork exec
05-29 20:51:45.228 I/nStackXDFinder( 3061): GetLocalInterfaceDetail:[461] :GetLocalInterfaceDetail in
05-29 20:51:45.228 E/nStackXCoAP( 3061): IsInSameNetwork:[281] :IsInSameNetwork: not priority process
05-29 20:51:45.229 D/nStackXCoAP( 3061): IsInSameNetwork:[276] :IsInSameNetwork exec
05-29 20:51:45.229 I/nStackXDFinder( 3061): GetLocalInterfaceDetail:[461] :GetLocalInterfaceDetail in
05-29 20:51:45.229 E/nStackXCoAP( 3061): IsInSameNetwork:[281] :IsInSameNetwork: not priority process
05-29 20:51:45.229 I/nStackXDFinder( 3061): NotifyDeviceListChanged:[540] :notify callback: device list changed callback is null
05-29 20:51:45.229 D/IM-VIDEO( 2113): [ProcessBroadcastTask] run: android.net.conn.CONNECTIVITY_CHANGE
05-29 20:51:45.232 D/nStackXCoAP( 3061): IsInSameNetwork:[276] :IsInSameNetwork exec
05-29 20:51:45.232 I/nStackXDFinder( 3061): GetLocalInterfaceDetail:[461] :GetLocalInterfaceDetail in
05-29 20:51:45.232 E/nStackXCoAP( 3061): IsInSameNetwork:[281] :IsInSameNetwork: not priority process
05-29 20:51:45.233 E/IM-VIDEO( 2113): [KEPLER_TP_STANDARD] tasks = 12, actives = 2, largest pool size =2
05-29 20:51:45.233 E/IM-VIDEO( 2113): [KEPLER_TP_STANDARD] tasks = 13, actives = 3, largest pool size =3
05-29 20:51:45.234 D/nStackXCoAP( 3061): IsInSameNetwork:[276] :IsInSameNetwork exec
05-29 20:51:45.234 I/nStackXDFinder( 3061): GetLocalInterfaceDetail:[461] :GetLocalInterfaceDetail in
05-29 20:51:45.234 E/nStackXCoAP( 3061): IsInSameNetwork:[281] :IsInSameNetwork: not priority process
05-29 20:51:45.234 D/nStackXCoAP( 3061): IsInSameNetwork:[276] :IsInSameNetwork exec
05-29 20:51:45.234 I/nStackXDFinder( 3061): GetLocalInterfaceDetail:[461] :GetLocalInterfaceDetail in
05-29 20:51:45.235 E/nStackXCoAP( 3061): IsInSameNetwork:[281] :IsInSameNetwork: not priority process
05-29 20:51:45.235 D/nStackXCoAP( 3061): IsInSameNetwork:[276] :IsInSameNetwork exec
05-29 20:51:45.235 I/nStackXDFinder( 3061): GetLocalInterfaceDetail:[461] :GetLocalInterfaceDetail in
05-29 20:51:45.235 E/nStackXCoAP( 3061): IsInSameNetwork:[281] :IsInSameNetwork: not priority process
05-29 20:51:45.236 D/nStackXCoAP( 3061): IsInSameNetwork:[276] :IsInSameNetwork exec
05-29 20:51:45.236 I/nStackXDFinder( 3061): GetLocalInterfaceDetail:[461] :GetLocalInterfaceDetail in
05-29 20:51:45.236 E/nStackXCoAP( 3061): IsInSameNetwork:[281] :IsInSameNetwork: not priority process
05-29 20:51:45.236 I/nStackXDFinder( 3061): NotifyDeviceListChanged:[540] :notify callback: device list changed callback is null
05-29 20:51:45.236 W/chromium( 1488): [0529/205145.236630:WARNING:record_cache.cc(53)] Cache on network changed cache_policy {disable_clear=1, enable_multi_caches=1}
05-29 20:51:45.237 D/yc_test ( 1453): refreshWeather: null
05-29 20:51:45.237 E/DangXiaoBeiManager( 1453): setMessageList: true
05-29 20:51:45.237 E/hq ( 1453): 当小贝:::message list add complete data.messageList:[]
05-29 20:51:45.237 E/hq ( 1453): data.tabList=[]
05-29 20:51:45.238 I/hq ( 1453): 当小贝:::showMessage from=net_change
05-29 20:51:45.238 I/hq ( 1453): 当小贝:::showMessage 没有消息需要显示
05-29 20:51:45.239 D/IM-VIDEO( 2113): [ProcessBroadcastTask] run: android.net.conn.CONNECTIVITY_CHANGE
05-29 20:51:45.240 D/nStackXCoAP( 3061): IsInSameNetwork:[276] :IsInSameNetwork exec
05-29 20:51:45.240 I/nStackXDFinder( 3061): GetLocalInterfaceDetail:[461] :GetLocalInterfaceDetail in
05-29 20:51:45.240 E/nStackXCoAP( 3061): IsInSameNetwork:[281] :IsInSameNetwork: not priority process
05-29 20:51:45.240 E/IM-VIDEO( 2113): [KEPLER_TP_STANDARD] tasks = 14, actives = 4, largest pool size =4
05-29 20:51:45.241 D/nStackXCoAP( 3061): IsInSameNetwork:[276] :IsInSameNetwork exec
05-29 20:51:45.241 I/nStackXDFinder( 3061): GetLocalInterfaceDetail:[461] :GetLocalInterfaceDetail in
05-29 20:51:45.241 E/nStackXCoAP( 3061): IsInSameNetwork:[281] :IsInSameNetwork: not priority process
05-29 20:51:45.241 D/nStackXCoAP( 3061): IsInSameNetwork:[276] :IsInSameNetwork exec
05-29 20:51:45.241 I/nStackXDFinder( 3061): GetLocalInterfaceDetail:[461] :GetLocalInterfaceDetail in
05-29 20:51:45.241 E/nStackXCoAP( 3061): IsInSameNetwork:[281] :IsInSameNetwork: not priority process
05-29 20:51:45.242 D/nStackXCoAP( 3061): IsInSameNetwork:[276] :IsInSameNetwork exec
05-29 20:51:45.242 I/nStackXDFinder( 3061): GetLocalInterfaceDetail:[461] :GetLocalInterfaceDetail in
05-29 20:51:45.242 E/nStackXCoAP( 3061): IsInSameNetwork:[281] :IsInSameNetwork: not priority process
05-29 20:51:45.244 E/IM-VIDEO( 2113): [KEPLER_TP_STANDARD] tasks = 15, actives = 5, largest pool size =5
05-29 20:51:45.244 D/nStackXCoAP( 3061): IsInSameNetwork:[276] :IsInSameNetwork exec
05-29 20:51:45.244 I/nStackXDFinder( 3061): GetLocalInterfaceDetail:[461] :GetLocalInterfaceDetail in
05-29 20:51:45.244 E/nStackXCoAP( 3061): IsInSameNetwork:[281] :IsInSameNetwork: not priority process
05-29 20:51:45.245 E/IM-VIDEO( 2113): [KEPLER_TP_STANDARD] tasks = 16, actives = 6, largest pool size =6
05-29 20:51:45.252 D/IM-VIDEO( 2113): PingbackStore batchUpload, done
05-29 20:51:45.254 D/NearFieldUtils( 3061): to get wlan0 ip address
05-29 20:51:45.254 D/NearFieldUtils( 3061): get wlan0 IP succeed.
05-29 20:51:45.254 I/NearFieldManagerImpl( 3061): wlan Connected
05-29 20:51:45.254 I/HicomNf_java_to_c( 3061): notifyNetworkStateChanged with maskStr, networkType: 0, networkState: 0, mask:
05-29 20:51:45.254 I/HicomNfMainCtrlManager( 3061): NotifyNetworkStateChanged is called with networkState: 0
05-29 20:51:45.254 I/HicomNfMainCtrlManager( 3061): P2P and USB are both disconnected
05-29 20:51:45.254 I/HicomNfSecureManager( 3061): stop listening
05-29 20:51:45.254 I/HicomNfSecureManager( 3061): StopListening, m_sessionInfoLock out, before calling NSTACKX_DMsgClose 2
05-29 20:51:45.254 I/HicomNfSecureManager( 3061): StopListening, after calling NSTACKX_DMsgClose 2
05-29 20:51:45.255 D/IM-VIDEO( 2113): [HCPing] sendOnChildThread.
05-29 20:51:45.256 D/IM-VIDEO( 2113): [HCPing] sendOnChildThread.
05-29 20:51:45.256 D/IM-VIDEO( 2113): PingbackStore batchUpload, done
05-29 20:51:45.256 D/aaa ( 1665): action:android.net.conn.CONNECTIVITY_CHANGE
05-29 20:51:45.257 I/Receiver( 1802): 网络连接成功
05-29 20:51:45.260 D/nStackXCoAP( 3061): IsInSameNetwork:[276] :IsInSameNetwork exec
05-29 20:51:45.260 I/nStackXDFinder( 3061): GetLocalInterfaceDetail:[461] :GetLocalInterfaceDetail in
05-29 20:51:45.260 E/nStackXCoAP( 3061): IsInSameNetwork:[281] :IsInSameNetwork: not priority process
05-29 20:51:45.261 D/nStackXCoAP( 3061): IsInSameNetwork:[276] :IsInSameNetwork exec
05-29 20:51:45.261 I/nStackXDFinder( 3061): GetLocalInterfaceDetail:[461] :GetLocalInterfaceDetail in
05-29 20:51:45.261 E/nStackXCoAP( 3061): IsInSameNetwork:[281] :IsInSameNetwork: not priority process
05-29 20:51:45.261 I/nStackXDFinder( 3061): NotifyDeviceListChanged:[540] :notify callback: device list changed callback is null
05-29 20:51:45.266 D/BLOG-EVENT-Network( 1488): network changed: 3=>1
05-29 20:51:45.273 I/System.out( 2643): true
05-29 20:51:45.276 D/nStackXCoAP( 3061): IsInSameNetwork:[276] :IsInSameNetwork exec
05-29 20:51:45.279 I/nStackXDFinder( 3061): GetLocalInterfaceDetail:[461] :GetLocalInterfaceDetail in
05-29 20:51:45.279 E/nStackXCoAP( 3061): IsInSameNetwork:[281] :IsInSameNetwork: not priority process
05-29 20:51:45.280 I/nStackXDFinder( 3061): NotifyDeviceListChanged:[540] :notify callback: device list changed callback is null
05-29 20:51:45.281 W/System.err( 2113): java.lang.IllegalStateException: Not connected to server.
05-29 20:51:45.281 W/System.err( 2113): at com.earth.hcim.connector.ConnectorExceptionCode$2.getThrowableException(ConnectorExceptionCode.java:26)
05-29 20:51:45.281 W/System.err( 2113): at com.earth.hcim.connector.Connector.ping(Connector.java:402)
05-29 20:51:45.281 W/System.err( 2113): at com.earth.hcim.manager.HeartbeatState.sendPingPacket(HeartbeatState.java:236)
05-29 20:51:45.281 W/System.err( 2113): at com.earth.hcim.core.im.HCPing$1.run(HCPing.java:51)
05-29 20:51:45.281 W/System.err( 2113): at java.util.concurrent.ThreadPoolExecutor.runWorker(ThreadPoolExecutor.java:1145)
05-29 20:51:45.281 W/System.err( 2113): at java.util.concurrent.ThreadPoolExecutor$Worker.run(ThreadPoolExecutor.java:644)
05-29 20:51:45.281 W/System.err( 2113): at java.lang.Thread.run(Thread.java:1012)
05-29 20:51:45.283 W/System.err( 2113): java.lang.IllegalStateException: Not connected to server.
05-29 20:51:45.283 W/System.err( 2113): at com.earth.hcim.connector.ConnectorExceptionCode$2.getThrowableException(ConnectorExceptionCode.java:26)
05-29 20:51:45.283 W/System.err( 2113): at com.earth.hcim.connector.Connector.ping(Connector.java:402)
05-29 20:51:45.283 W/System.err( 2113): at com.earth.hcim.manager.HeartbeatState.sendPingPacket(HeartbeatState.java:236)
05-29 20:51:45.283 W/System.err( 2113): at com.earth.hcim.core.im.HCPing$1.run(HCPing.java:51)
05-29 20:51:45.283 W/System.err( 2113): at java.util.concurrent.ThreadPoolExecutor.runWorker(ThreadPoolExecutor.java:1145)
05-29 20:51:45.283 W/System.err( 2113): at java.util.concurrent.ThreadPoolExecutor$Worker.run(ThreadPoolExecutor.java:644)
05-29 20:51:45.283 W/System.err( 2113): at java.lang.Thread.run(Thread.java:1012)
05-29 20:51:45.283 D/IM-VIDEO( 2113): Q> ConnState onPingFailure
05-29 20:51:45.283 D/IM-VIDEO( 2113): Broadcast sendTo: com.earth.hotchat.connect.ping.timeout
05-29 20:51:45.284 D/IM-VIDEO( 2113): Nexus connectUsingConfiguration
05-29 20:51:45.244 I/lerad.etna.haqu( 1400): type=1400 audit(0.0:1936): avc: denied { read } for name="address" dev="sysfs" ino=12361 scontext=u:r:system_app:s0 tcontext=u:object_r:sysfs_net:s0 tclass=file permissive=1
05-29 20:51:45.289 E/hq ( 1453): listenerNet:::重新来网了 key=image_error isConnect=true
