05-29 20:49:46.240 I/efs.send_log( 2861): log cann't be send because net status is disconnected
05-29 20:49:47.818 D/hq ( 1453): NetWorkStateReceiver:::检查网络,并且持续更新 isConnect=false
05-29 20:49:49.819 D/hq ( 1453): NetWorkStateReceiver:::检查网络,并且持续更新 isConnect=false
05-29 20:49:51.820 D/hq ( 1453): NetWorkStateReceiver:::检查网络,并且持续更新 isConnect=false
05-29 20:49:53.131 D/UtilLog ( 2643): 日志批量上报 进行正常循环 !!!!!!本次有0次请求,共0条数据
05-29 20:49:53.676 D/uninstall( 3054): isAllowStart last_delay 0, current_time 1748522993
05-29 20:49:53.676 I/uninstall( 3054): enable_service com.ktcp.video/com.tencent.qqlivetv.keeplive.proc.DaemonService com.ktcp.video/(null)
05-29 20:49:53.677 D/uninstall( 3054): enable_service waitpid
05-29 20:49:53.677 D/uninstall( 7319): enable_service pid == 0
05-29 20:49:53.677 D/uninstall( 7319): enable_service version >= 17 || version == 0 version == 34
05-29 20:49:53.692 I/rgb_led_ctl( 7320): type=1400 audit(0.0:1903): avc: denied { write } for name="spidev1.0" dev="tmpfs" ino=557 scontext=u:r:init:s0 tcontext=u:object_r:device:s0 tclass=chr_file permissive=1
05-29 20:49:53.692 I/rgb_led_ctl( 7320): type=1400 audit(0.0:1904): avc: denied { open } for path="/dev/spidev1.0" dev="tmpfs" ino=557 scontext=u:r:init:s0 tcontext=u:object_r:device:s0 tclass=chr_file permissive=1
05-29 20:49:53.692 I/rgb_led_ctl( 7320): type=1400 audit(0.0:1905): avc: denied { ioctl } for path="/dev/spidev1.0" dev="tmpfs" ino=557 ioctlcmd=0x6b01 scontext=u:r:init:s0 tcontext=u:object_r:device:s0 tclass=chr_file permissive=1
05-29 20:49:53.715 E/WifiScoringParams( 720): Invalid frequency(-1), using 5G as default rssi array
05-29 20:49:53.723 D/InstantWifi( 720): Drop, size: 0
05-29 20:49:53.723 I/uninstall( 3054): watchdaemon process_name = com.ktcp.video:daemon has gone, start it
05-29 20:49:53.724 D/uninstall( 3054): watchdaemon waitpid
05-29 20:49:53.724 D/uninstall( 7325): watchdaemon pid == 0
05-29 20:49:53.724 D/uninstall( 7325): watchdaemon version >= 17 || version == 0 version == 34
05-29 20:49:53.821 D/hq ( 1453): NetWorkStateReceiver:::检查网络,并且持续更新 isConnect=false
05-29 20:49:54.237 D/OomAdjuster( 720): Not killing cached processes
05-29 20:49:55.665 E/CrashHandler( 1453): clear CrashInfo
05-29 20:49:55.665 I/FrameWorkHelper( 1453): setLastCrashInfo:
05-29 20:49:55.822 D/hq ( 1453): NetWorkStateReceiver:::检查网络,并且持续更新 isConnect=false
05-29 20:49:56.258 I/efs.send_log( 2861): log cann't be send because net status is disconnected
05-29 20:49:56.855 D/bbb ( 1736): onStartCommand begin !!!!!!! data分区剩余 50924MB
05-29 20:49:57.327 D/WifiNl80211Manager( 720): Scan result ready event
05-29 20:49:57.327 D/WifiNative( 720): Scan result ready event
05-29 20:49:57.332 D/PasspointManager( 720): ANQP entry not found for: 10:7c:61:1a:4b:94:<5G>
05-29 20:49:57.333 I/WifiHAL ( 531): call wifi_get_link_stats handler
05-29 20:49:57.333 I/WifiHAL ( 531): Creating message to get link statistics; iface = 16
05-29 20:49:57.334 D/WifiHAL ( 531): error code -95 mapped to -3
05-29 20:49:57.334 E/WifiStaIfaceAidlImpl( 720): getLinkLayerStats failed with service-specific exception: android.os.ServiceSpecificException: (code 4)
05-29 20:49:57.337 E/hq ( 1453): NetWorkStateReceiver:::NetWorkStateReceiver onReceive: 网络变化广播 >>>> intent.action=android.net.wifi.SCAN_RESULTS
05-29 20:49:57.340 W/eventbuscore( 1453): post Event:com.dangbei.leard.base.entity.event.NetWifiRssiEvent
05-29 20:49:57.823 D/hq ( 1453): NetWorkStateReceiver:::检查网络,并且持续更新 isConnect=false
05-29 20:49:58.554 I/audio_hw_hal_alsamgr( 504): alsa format =0x1 delay frames =768 total frames=15260160
05-29 20:49:59.824 D/hq ( 1453): NetWorkStateReceiver:::检查网络,并且持续更新 isConnect=false
05-29 20:50:01.825 D/hq ( 1453): NetWorkStateReceiver:::检查网络,并且持续更新 isConnect=false
05-29 20:50:03.130 D/UtilLog ( 2643): 日志批量上报 进行正常循环 !!!!!!本次有0次请求,共0条数据
05-29 20:50:03.803 D/uninstall( 3054): isAllowStart last_delay 0, current_time 1748523003
05-29 20:50:03.803 I/uninstall( 3054): enable_service com.ktcp.video/com.tencent.qqlivetv.keeplive.proc.DaemonService com.ktcp.video/(null)
05-29 20:50:03.804 D/uninstall( 3054): enable_service waitpid
05-29 20:50:03.804 D/uninstall( 7421): enable_service pid == 0
05-29 20:50:03.804 D/uninstall( 7421): enable_service version >= 17 || version == 0 version == 34
05-29 20:50:03.826 D/hq ( 1453): NetWorkStateReceiver:::检查网络,并且持续更新 isConnect=false
05-29 20:50:03.849 I/uninstall( 3054): watchdaemon process_name = com.ktcp.video:daemon has gone, start it
05-29 20:50:03.850 D/uninstall( 3054): watchdaemon waitpid
05-29 20:50:03.850 D/uninstall( 7425): watchdaemon pid == 0
05-29 20:50:03.850 D/uninstall( 7425): watchdaemon version >= 17 || version == 0 version == 34
05-29 20:50:04.960 D/fingerprint-tag:(2.5.4,44)-tag:( 2113): diff < ONE_DAY_MILLfalse
05-29 20:50:04.960 D/fingerprint-tag:(2.5.4,44)-tag:( 2113): lastDayString=2025-05-22 20:13:01,diff=607023960
05-29 20:50:04.960 D/fingerprint-tag:(2.5.4,44)-tag:( 2113): 今日未上报
05-29 20:50:04.961 D/fingerprint-tag:(2.5.4,44)-tag:( 2113): 返回cache:14a96a293041054d6e907a379e826203a0b2736edd052d20070a2ad1ce5328c09a
05-29 20:50:04.962 D/fingerprint-tag:(2.5.4,44)-tag:( 2113): 不允许在后台请求dfp
05-29 20:50:05.827 D/hq ( 1453): NetWorkStateReceiver:::检查网络,并且持续更新 isConnect=false
05-29 20:50:06.259 I/efs.send_log( 2861): log cann't be send because net status is disconnected
05-29 20:50:07.828 D/hq ( 1453): NetWorkStateReceiver:::检查网络,并且持续更新 isConnect=false
05-29 20:50:09.829 D/hq ( 1453): NetWorkStateReceiver:::检查网络,并且持续更新 isConnect=false
05-29 20:50:10.907 I/audio_hw_hal_alsamgr( 504): alsa format =0x9000000 delay frames =1920 total frames=15360000
05-29 20:50:10.907 I/audio_hw_hal_alsamgr( 504): alsa format =0xa000000 delay frames =8064 total frames=61440000
05-29 20:50:11.830 D/hq ( 1453): NetWorkStateReceiver:::检查网络,并且持续更新 isConnect=false
05-29 20:50:13.130 D/UtilLog ( 2643): 日志批量上报 进行正常循环 !!!!!!本次有0次请求,共0条数据
05-29 20:50:13.831 D/hq ( 1453): NetWorkStateReceiver:::检查网络,并且持续更新 isConnect=false
05-29 20:50:13.941 D/uninstall( 3054): isAllowStart last_delay 0, current_time 1748523013
05-29 20:50:13.941 I/uninstall( 3054): enable_service com.ktcp.video/com.tencent.qqlivetv.keeplive.proc.DaemonService com.ktcp.video/(null)
05-29 20:50:13.942 D/uninstall( 3054): enable_service waitpid
05-29 20:50:13.942 D/uninstall( 7524): enable_service pid == 0
05-29 20:50:13.942 D/uninstall( 7524): enable_service version >= 17 || version == 0 version == 34
05-29 20:50:13.982 I/uninstall( 3054): watchdaemon process_name = com.ktcp.video:daemon has gone, start it
05-29 20:50:13.982 D/uninstall( 3054): watchdaemon waitpid
05-29 20:50:13.983 D/uninstall( 7528): watchdaemon pid == 0
05-29 20:50:13.983 D/uninstall( 7528): watchdaemon version >= 17 || version == 0 version == 34
05-29 20:50:15.832 D/hq ( 1453): NetWorkStateReceiver:::检查网络,并且持续更新 isConnect=false
05-29 20:50:16.302 I/efs.send_log( 2861): log cann't be send because net status is disconnected
05-29 20:50:17.833 D/hq ( 1453): NetWorkStateReceiver:::检查网络,并且持续更新 isConnect=false
05-29 20:50:19.834 D/hq ( 1453): NetWorkStateReceiver:::检查网络,并且持续更新 isConnect=false
05-29 20:50:21.835 D/hq ( 1453): NetWorkStateReceiver:::检查网络,并且持续更新 isConnect=false
05-29 20:50:23.131 D/UtilLog ( 2643): 日志批量上报 进行正常循环 !!!!!!本次有0次请求,共0条数据
05-29 20:50:23.836 D/hq ( 1453): NetWorkStateReceiver:::检查网络,并且持续更新 isConnect=false
05-29 20:50:24.047 D/uninstall( 3054): isAllowStart last_delay 0, current_time 1748523024
05-29 20:50:24.047 I/uninstall( 3054): enable_service com.ktcp.video/com.tencent.qqlivetv.keeplive.proc.DaemonService com.ktcp.video/(null)
05-29 20:50:24.048 D/uninstall( 3054): enable_service waitpid
05-29 20:50:24.048 D/uninstall( 7648): enable_service pid == 0
05-29 20:50:24.048 D/uninstall( 7648): enable_service version >= 17 || version == 0 version == 34
05-29 20:50:24.094 I/uninstall( 3054): watchdaemon process_name = com.ktcp.video:daemon has gone, start it
05-29 20:50:24.095 D/uninstall( 7652): watchdaemon pid == 0
05-29 20:50:24.095 D/uninstall( 7652): watchdaemon version >= 17 || version == 0 version == 34
05-29 20:50:24.095 D/uninstall( 3054): watchdaemon waitpid
05-29 20:50:24.337 D/OomAdjuster( 720): Not killing cached processes
05-29 20:50:25.837 D/hq ( 1453): NetWorkStateReceiver:::检查网络,并且持续更新 isConnect=false
05-29 20:50:26.340 I/efs.send_log( 2861): log cann't be send because net status is disconnected
05-29 20:50:27.838 D/hq ( 1453): NetWorkStateReceiver:::检查网络,并且持续更新 isConnect=false
05-29 20:50:29.839 D/hq ( 1453): NetWorkStateReceiver:::检查网络,并且持续更新 isConnect=false
05-29 20:50:30.555 I/audio_hw_hal_alsamgr( 504): alsa format =0x1 delay frames =768 total frames=16796160
05-29 20:50:31.656 W/MediaProvider( 1404): isAppCloneUserPair for user 0: false
05-29 20:50:31.665 I/MediaProvider( 1404): Deleted 1 0 0 0 0 0 0 items on external_primary due to com.gitvdemo.video
05-29 20:50:31.686 W/MediaProvider( 1404): Failed to update quota for uri: content://media/external_primary/file/1000039410
05-29 20:50:31.686 W/MediaProvider( 1404): java.io.FileNotFoundException: No item at content://media/external_primary/file/1000039410
05-29 20:50:31.686 W/MediaProvider( 1404): at com.android.providers.media.MediaProvider.queryForSingleItem(MediaProvider.java:8587)
05-29 20:50:31.686 W/MediaProvider( 1404): at com.android.providers.media.MediaProvider.queryForDataFile(MediaProvider.java:8527)
05-29 20:50:31.686 W/MediaProvider( 1404): at com.android.providers.media.MediaProvider.queryForDataFile(MediaProvider.java:8519)
05-29 20:50:31.686 W/MediaProvider( 1404): at com.android.providers.media.MediaProvider.updateQuotaTypeForUri(MediaProvider.java:844)
05-29 20:50:31.686 W/MediaProvider( 1404): at com.android.providers.media.MediaProvider.-$$Nest$mupdateQuotaTypeForUri(MediaProvider.java:0)
05-29 20:50:31.686 W/MediaProvider( 1404): at com.android.providers.media.MediaProvider$5.lambda$onUpdate$1(MediaProvider.java:956)
05-29 20:50:31.686 W/MediaProvider( 1404): at com.android.providers.media.MediaProvider$5.$r8$lambda$d1oamlpYRGmLAqSobOWu_Cv09p8(MediaProvider.java:0)
05-29 20:50:31.686 W/MediaProvider( 1404): at com.android.providers.media.MediaProvider$5$$ExternalSyntheticLambda2.run(R8$$SyntheticClass:0)
05-29 20:50:31.686 W/MediaProvider( 1404): at android.os.Handler.handleCallback(Handler.java:958)
05-29 20:50:31.686 W/MediaProvider( 1404): at android.os.Handler.dispatchMessage(Handler.java:99)
05-29 20:50:31.686 W/MediaProvider( 1404): at android.os.Looper.loopOnce(Looper.java:205)
05-29 20:50:31.686 W/MediaProvider( 1404): at android.os.Looper.loop(Looper.java:294)
05-29 20:50:31.686 W/MediaProvider( 1404): at android.os.HandlerThread.run(HandlerThread.java:67)
05-29 20:50:31.840 D/hq ( 1453): NetWorkStateReceiver:::检查网络,并且持续更新 isConnect=false
05-29 20:50:33.130 D/UtilLog ( 2643): 日志批量上报 进行正常循环 !!!!!!本次有0次请求,共0条数据
05-29 20:50:33.841 D/hq ( 1453): NetWorkStateReceiver:::检查网络,并且持续更新 isConnect=false
05-29 20:50:34.188 D/uninstall( 3054): isAllowStart last_delay 0, current_time 1748523034
05-29 20:50:34.188 I/uninstall( 3054): enable_service com.ktcp.video/com.tencent.qqlivetv.keeplive.proc.DaemonService com.ktcp.video/(null)
05-29 20:50:34.189 D/uninstall( 3054): enable_service waitpid
05-29 20:50:34.189 D/uninstall( 7755): enable_service pid == 0
05-29 20:50:34.189 D/uninstall( 7755): enable_service version >= 17 || version == 0 version == 34
05-29 20:50:34.233 I/uninstall( 3054): watchdaemon process_name = com.ktcp.video:daemon has gone, start it
05-29 20:50:34.234 D/uninstall( 3054): watchdaemon waitpid
05-29 20:50:34.234 D/uninstall( 7759): watchdaemon pid == 0
05-29 20:50:34.234 D/uninstall( 7759): watchdaemon version >= 17 || version == 0 version == 34
05-29 20:50:35.842 D/hq ( 1453): NetWorkStateReceiver:::检查网络,并且持续更新 isConnect=false
05-29 20:50:36.368 I/efs.send_log( 2861): log cann't be send because net status is disconnected
05-29 20:50:37.843 D/hq ( 1453): NetWorkStateReceiver:::检查网络,并且持续更新 isConnect=false
05-29 20:50:38.171 E/IM-VIDEO( 2113): [KEPLER_TP_STANDARD] tasks = 9, actives = 0, largest pool size =2
05-29 20:50:38.172 W/System.err( 2113): java.lang.IllegalStateException: Not connected to server.
05-29 20:50:38.172 W/System.err( 2113): at com.earth.hcim.connector.ConnectorExceptionCode$2.getThrowableException(ConnectorExceptionCode.java:26)
05-29 20:50:38.172 W/System.err( 2113): at com.earth.hcim.connector.Connector.ping(Connector.java:402)
05-29 20:50:38.172 W/System.err( 2113): at com.earth.hcim.manager.HeartbeatState.sendPingPacket(HeartbeatState.java:236)
05-29 20:50:38.172 W/System.err( 2113): at com.earth.hcim.manager.HeartbeatState$1.pingImple(HeartbeatState.java:17)
05-29 20:50:38.172 W/System.err( 2113): at com.earth.hcim.manager.HeartbeatState.ping(HeartbeatState.java:96)
05-29 20:50:38.172 W/System.err( 2113): at com.earth.hcim.core.im.HCPing.sendHeartbeat(HCPing.java:58)
05-29 20:50:38.172 W/System.err( 2113): at com.earth.hcim.core.im.HCPing$5.run(HCPing.java:201)
05-29 20:50:38.172 W/System.err( 2113): at java.util.concurrent.Executors$RunnableAdapter.call(Executors.java:487)
05-29 20:50:38.172 W/System.err( 2113): at java.util.concurrent.FutureTask.runAndReset(FutureTask.java:305)
05-29 20:50:38.172 W/System.err( 2113): at java.util.concurrent.ScheduledThreadPoolExecutor$ScheduledFutureTask.run(ScheduledThreadPoolExecutor.java:308)
05-29 20:50:38.172 W/System.err( 2113): at java.util.concurrent.ThreadPoolExecutor.runWorker(ThreadPoolExecutor.java:1145)
05-29 20:50:38.172 W/System.err( 2113): at java.util.concurrent.ThreadPoolExecutor$Worker.run(ThreadPoolExecutor.java:644)
05-29 20:50:38.172 W/System.err( 2113): at java.lang.Thread.run(Thread.java:1012)
05-29 20:50:38.172 D/IM-VIDEO( 2113): Q> ConnState onPingFailure
05-29 20:50:38.173 D/IM-VIDEO( 2113): Broadcast sendTo: com.earth.hotchat.connect.ping.timeout
05-29 20:50:38.174 D/IM-VIDEO( 2113): Nexus connectUsingConfiguration
05-29 20:50:38.177 W/IM-VIDEO( 2113): Could not connect to multitv-im-conn.ptqy.gitv.tv:5333: remote-server-timeout(504) -- caused by: java.net.UnknownHostException: Unable to resolve host "multitv-im-conn.ptqy.gitv.tv": No address associated with hostname
05-29 20:50:38.177 W/IM-VIDEO( 2113): at com.earth.nexus.Nexus.connectUsingConfiguration(Nexus.java:253)
05-29 20:50:38.177 W/IM-VIDEO( 2113): at com.earth.nexus.Nexus.connectSocket(Nexus.java:588)
05-29 20:50:38.177 W/IM-VIDEO( 2113): at com.earth.hcim.connector.Connector.connectSocket(Connector.java:131)
05-29 20:50:38.177 W/IM-VIDEO( 2113): at com.earth.hcim.manager.HeartbeatState.onPingFailure(HeartbeatState.java:263)
05-29 20:50:38.177 W/IM-VIDEO( 2113): at com.earth.hcim.manager.HeartbeatState.sendPingPacket(HeartbeatState.java:254)
05-29 20:50:38.177 W/IM-VIDEO( 2113): at com.earth.hcim.manager.HeartbeatState$1.pingImple(HeartbeatState.java:17)
05-29 20:50:38.177 W/IM-VIDEO( 2113): at com.earth.hcim.manager.HeartbeatState.ping(HeartbeatState.java:96)
05-29 20:50:38.177 W/IM-VIDEO( 2113): at com.earth.hcim.core.im.HCPing.sendHeartbeat(HCPing.java:58)
05-29 20:50:38.177 W/IM-VIDEO( 2113): at com.earth.hcim.core.im.HCPing$5.run(HCPing.java:201)
05-29 20:50:38.177 W/IM-VIDEO( 2113): at java.util.concurrent.Executors$RunnableAdapter.call(Executors.java:487)
05-29 20:50:38.177 W/IM-VIDEO( 2113): at java.util.concurrent.FutureTask.runAndReset(FutureTask.java:305)
05-29 20:50:38.177 W/IM-VIDEO( 2113): at java.util.concurrent.ScheduledThreadPoolExecutor$ScheduledFutureTask.run(ScheduledThreadPoolExecutor.java:308)
05-29 20:50:38.177 W/IM-VIDEO( 2113): at java.util.concurrent.ThreadPoolExecutor.runWorker(ThreadPoolExecutor.java:1145)
05-29 20:50:38.177 W/IM-VIDEO( 2113): at java.util.concurrent.ThreadPoolExecutor$Worker.run(ThreadPoolExecutor.java:644)
05-29 20:50:38.177 W/IM-VIDEO( 2113): at java.lang.Thread.run(Thread.java:1012)
05-29 20:50:38.177 W/IM-VIDEO( 2113): Nested Exception:
05-29 20:50:38.177 W/IM-VIDEO( 2113): java.net.UnknownHostException: Unable to resolve host "multitv-im-conn.ptqy.gitv.tv": No address associated with hostname
05-29 20:50:38.177 W/IM-VIDEO( 2113): at java.net.Inet6AddressImpl.lookupHostByName(Inet6AddressImpl.java:156)
05-29 20:50:38.177 W/IM-VIDEO( 2113): at java.net.Inet6AddressImpl.lookupAllHostAddr(Inet6AddressImpl.java:103)
05-29 20:50:38.177 W/IM-VIDEO( 2113): at java.net.InetAddress.getAllByName(InetAddress.java:1152)
05-29 20:50:38.177 W/IM-VIDEO( 2113): at com.earth.nexus.proxy.DirectSocketFactory.createSocket(DirectSocketFactory.java:52)
05-29 20:50:38.177 W/IM-VIDEO( 2113): at com.earth.nexus.Nexus.connectUsingConfiguration(Nexus.java:245)
05-29 20:50:38.177 W/IM-VIDEO( 2113): at com.earth.nexus.Nexus.connectSocket(Nexus.java:588)
05-29 20:50:38.177 W/IM-VIDEO( 2113): at com.earth.hcim.connector.Connector.connectSocket(Connector.java:131)
05-29 20:50:38.177 W/IM-VIDEO( 2113): at com.earth.hcim.manager.HeartbeatState.onPingFailure(HeartbeatState.java:263)
05-29 20:50:38.177 W/IM-VIDEO( 2113): at com.earth.hcim.manager.HeartbeatState.sendPingPacket(HeartbeatState.java:254)
05-29 20:50:38.177 W/IM-VIDEO( 2113): at com.earth.hcim.manager.HeartbeatState$1.pingImple(HeartbeatState.java:17)
05-29 20:50:38.177 W/IM-VIDEO( 2113): at com.earth.hcim.manager.HeartbeatState.ping(HeartbeatState.java:96)
05-29 20:50:38.177 W/IM-VIDEO( 2113): at com.earth.hcim.core.im.HCPing.sendHeartbeat(HCPing.java:58)
05-29 20:50:38.177 W/IM-VIDEO( 2113): at com.earth.hcim.core.im.HCPing$5.run(HCPing.java:201)
05-29 20:50:38.177 W/IM-VIDEO( 2113): at java.util.concurrent.Executors$RunnableAdapter.call(Executors.java:487)
05-29 20:50:38.177 W/IM-VIDEO( 2113): at java.util.concurrent.FutureTask.runAndReset(FutureTask.java:305)
05-29 20:50:38.177 W/IM-VIDEO( 2113): at java.util.concurrent.ScheduledThreadPoolExecutor$ScheduledFutureTask.run(ScheduledThreadPoolExecutor.java:308)
05-29 20:50:38.177 W/IM-VIDEO( 2113): at java.util.concurrent.ThreadPoolExecutor.runWorker(ThreadPoolExecutor.java:1145)
05-29 20:50:38.177 W/IM-VIDEO( 2113): at java.util.concurrent.ThreadPoolExecutor$Worker.run(ThreadPoolExecutor.java:644)
05-29 20:50:38.177 W/IM-VIDEO( 2113): at java.lang.Thread.run(Thread.java:1012)
05-29 20:50:38.177 W/IM-VIDEO( 2113): Caused by: android.system.GaiException: android_getaddrinfo failed: EAI_NODATA (No address associated with hostname)
05-29 20:50:38.177 W/IM-VIDEO( 2113): at libcore.io.Linux.android_getaddrinfo(Native Method)
05-29 20:50:38.177 W/IM-VIDEO( 2113): at libcore.io.ForwardingOs.android_getaddrinfo(ForwardingOs.java:133)
05-29 20:50:38.177 W/IM-VIDEO( 2113): at libcore.io.BlockGuardOs.android_getaddrinfo(BlockGuardOs.java:222)
05-29 20:50:38.177 W/IM-VIDEO( 2113): at libcore.io.ForwardingOs.android_getaddrinfo(ForwardingOs.java:133)
05-29 20:50:38.177 W/IM-VIDEO( 2113): at java.net.Inet6AddressImpl.lookupHostByName(Inet6AddressImpl.java:135)
05-29 20:50:38.177 W/IM-VIDEO( 2113): ... 18 more
05-29 20:50:39.844 D/hq ( 1453): NetWorkStateReceiver:::检查网络,并且持续更新 isConnect=false
05-29 20:50:41.845 D/hq ( 1453): NetWorkStateReceiver:::检查网络,并且持续更新 isConnect=false
05-29 20:50:42.907 I/audio_hw_hal_alsamgr( 504): alsa format =0x9000000 delay frames =1920 total frames=16896000
05-29 20:50:42.907 I/audio_hw_hal_alsamgr( 504): alsa format =0xa000000 delay frames =7936 total frames=67584000
05-29 20:50:43.131 D/UtilLog ( 2643): 日志批量上报 进行正常循环 !!!!!!本次有0次请求,共0条数据
05-29 20:50:43.845 D/hq ( 1453): NetWorkStateReceiver:::检查网络,并且持续更新 isConnect=false
05-29 20:50:44.321 D/uninstall( 3054): isAllowStart last_delay 0, current_time 1748523044
05-29 20:50:44.321 I/uninstall( 3054): enable_service com.ktcp.video/com.tencent.qqlivetv.keeplive.proc.DaemonService com.ktcp.video/(null)
05-29 20:50:44.322 D/uninstall( 3054): enable_service waitpid
05-29 20:50:44.322 D/uninstall( 7859): enable_service pid == 0
05-29 20:50:44.322 D/uninstall( 7859): enable_service version >= 17 || version == 0 version == 34
05-29 20:50:44.364 I/uninstall( 3054): watchdaemon process_name = com.ktcp.video:daemon has gone, start it
05-29 20:50:44.364 D/uninstall( 3054): watchdaemon waitpid
05-29 20:50:44.364 D/uninstall( 7863): watchdaemon pid == 0
05-29 20:50:44.364 D/uninstall( 7863): watchdaemon version >= 17 || version == 0 version == 34
05-29 20:50:45.846 D/hq ( 1453): NetWorkStateReceiver:::检查网络,并且持续更新 isConnect=false
05-29 20:50:46.415 I/efs.send_log( 2861): log cann't be send because net status is disconnected
05-29 20:50:47.847 D/hq ( 1453): NetWorkStateReceiver:::检查网络,并且持续更新 isConnect=false
05-29 20:50:49.848 D/hq ( 1453): NetWorkStateReceiver:::检查网络,并且持续更新 isConnect=false
05-29 20:50:51.849 D/hq ( 1453): NetWorkStateReceiver:::检查网络,并且持续更新 isConnect=false
05-29 20:50:53.131 D/UtilLog ( 2643): 日志批量上报 进行正常循环 !!!!!!本次有0次请求,共0条数据
05-29 20:50:53.850 D/hq ( 1453): NetWorkStateReceiver:::检查网络,并且持续更新 isConnect=false
05-29 20:50:54.436 D/uninstall( 3054): isAllowStart last_delay 0, current_time 1748523054
05-29 20:50:54.436 I/uninstall( 3054): enable_service com.ktcp.video/com.tencent.qqlivetv.keeplive.proc.DaemonService com.ktcp.video/(null)
05-29 20:50:54.437 D/OomAdjuster( 720): Not killing cached processes
05-29 20:50:54.437 D/uninstall( 3054): enable_service waitpid
05-29 20:50:54.437 D/uninstall( 7960): enable_service pid == 0
05-29 20:50:54.438 D/uninstall( 7960): enable_service version >= 17 || version == 0 version == 34
05-29 20:50:54.481 I/uninstall( 3054): watchdaemon process_name = com.ktcp.video:daemon has gone, start it
05-29 20:50:54.482 D/uninstall( 3054): watchdaemon waitpid
05-29 20:50:54.482 D/uninstall( 7965): watchdaemon pid == 0
05-29 20:50:54.482 D/uninstall( 7965): watchdaemon version >= 17 || version == 0 version == 34
05-29 20:50:55.851 D/hq ( 1453): NetWorkStateReceiver:::检查网络,并且持续更新 isConnect=false
05-29 20:50:56.463 I/efs.send_log( 2861): log cann't be send because net status is disconnected
05-29 20:50:56.567 E/ccc ( 1400): cccccc sendCycleCheckBroadcast
05-29 20:50:56.568 W/ContextImpl( 1400): Calling a method in the system process without a qualified user: android.app.ContextImpl.sendBroadcast:1220 android.content.ContextWrapper.sendBroadcast:504 com.dangbei.etna.setting.core.SettingHelper.sendCycleToProjector:257 com.dangbei.etna.setting.core.SettingHelper.sendCycleCheckBroadcast:226 com.dangbei.etna.setting.core.SettingHelper.startLoop$lambda-0:185
05-29 20:50:56.569 W/ContextImpl( 1400): Calling a method in the system process without a qualified user: android.app.ContextImpl.sendBroadcast:1220 android.content.ContextWrapper.sendBroadcast:504 com.dangbei.etna.setting.core.SettingHelper.sendCycleToVoice:242 com.dangbei.etna.setting.core.SettingHelper.sendCycleCheckBroadcast:227 com.dangbei.etna.setting.core.SettingHelper.startLoop$lambda-0:185
05-29 20:50:56.574 D/RockyVoice( 1802): RestartReceiver onReceive
05-29 20:50:56.860 D/bbb ( 1736): onStartCommand begin !!!!!!! data分区剩余 50924MB
05-29 20:50:57.852 D/hq ( 1453): NetWorkStateReceiver:::检查网络,并且持续更新 isConnect=false
05-29 20:50:59.853 D/hq ( 1453): NetWorkStateReceiver:::检查网络,并且持续更新 isConnect=false
05-29 20:51:01.854 D/hq ( 1453): NetWorkStateReceiver:::检查网络,并且持续更新 isConnect=false
05-29 20:51:02.553 I/audio_hw_hal_alsamgr( 504): alsa format =0x1 delay frames =768 total frames=18332160
05-29 20:51:03.131 D/UtilLog ( 2643): 日志批量上报 进行正常循环 !!!!!!本次有0次请求,共0条数据
05-29 20:51:03.855 D/hq ( 1453): NetWorkStateReceiver:::检查网络,并且持续更新 isConnect=false
05-29 20:51:04.571 D/uninstall( 3054): isAllowStart last_delay 0, current_time 1748523064
05-29 20:51:04.571 I/uninstall( 3054): enable_service com.ktcp.video/com.tencent.qqlivetv.keeplive.proc.DaemonService com.ktcp.video/(null)
05-29 20:51:04.572 D/uninstall( 8062): enable_service pid == 0
05-29 20:51:04.572 D/uninstall( 8062): enable_service version >= 17 || version == 0 version == 34
05-29 20:51:04.572 D/uninstall( 3054): enable_service waitpid
05-29 20:51:04.616 I/uninstall( 3054): watchdaemon process_name = com.ktcp.video:daemon has gone, start it
05-29 20:51:04.617 D/uninstall( 3054): watchdaemon waitpid
05-29 20:51:04.617 D/uninstall( 8066): watchdaemon pid == 0
05-29 20:51:04.617 D/uninstall( 8066): watchdaemon version >= 17 || version == 0 version == 34
05-29 20:51:05.856 D/hq ( 1453): NetWorkStateReceiver:::检查网络,并且持续更新 isConnect=false
05-29 20:51:06.238 E/dangbei111( 1400): cccccc 检查遥控器是否连接: Dangbei E4:BB:D3:57:C0:18
05-29 20:51:06.241 E/dangbei111( 1400): cccccc 检查遥控器是否连接: 蓝牙的结果 Dangbei E4:BB:D3:57:C0:18 true
05-29 20:51:06.241 E/dangbei111( 1400): cccccc 确实有遥控器 存在
05-29 20:51:06.241 E/dangbei111( 1400): cccccc rc is connected, stop scan =E4:BB:D3:57:C0:18
05-29 20:51:06.467 I/efs.send_log( 2861): log cann't be send because net status is disconnected
05-29 20:51:07.857 D/hq ( 1453): NetWorkStateReceiver:::检查网络,并且持续更新 isConnect=false
05-29 20:51:09.858 D/hq ( 1453): NetWorkStateReceiver:::检查网络,并且持续更新 isConnect=false
05-29 20:51:11.859 D/hq ( 1453): NetWorkStateReceiver:::检查网络,并且持续更新 isConnect=false
05-29 20:51:13.131 D/UtilLog ( 2643): 日志批量上报 进行正常循环 !!!!!!本次有0次请求,共0条数据
05-29 20:51:13.860 D/hq ( 1453): NetWorkStateReceiver:::检查网络,并且持续更新 isConnect=false
05-29 20:51:14.695 D/uninstall( 3054): isAllowStart last_delay 0, current_time 1748523074
05-29 20:51:14.695 I/uninstall( 3054): enable_service com.ktcp.video/com.tencent.qqlivetv.keeplive.proc.DaemonService com.ktcp.video/(null)
05-29 20:51:14.696 D/uninstall( 3054): enable_service waitpid
05-29 20:51:14.696 D/uninstall( 8165): enable_service pid == 0
05-29 20:51:14.696 D/uninstall( 8165): enable_service version >= 17 || version == 0 version == 34
05-29 20:51:14.740 I/uninstall( 3054): watchdaemon process_name = com.ktcp.video:daemon has gone, start it
05-29 20:51:14.740 D/uninstall( 3054): watchdaemon waitpid
05-29 20:51:14.740 D/uninstall( 8169): watchdaemon pid == 0
05-29 20:51:14.740 D/uninstall( 8169): watchdaemon version >= 17 || version == 0 version == 34
05-29 20:51:14.906 I/audio_hw_hal_alsamgr( 504): alsa format =0x9000000 delay frames =2048 total frames=18432000
05-29 20:51:14.906 I/audio_hw_hal_alsamgr( 504): alsa format =0xa000000 delay frames =8192 total frames=73728000
05-29 20:51:15.860 D/hq ( 1453): NetWorkStateReceiver:::检查网络,并且持续更新 isConnect=false
05-29 20:51:16.517 I/efs.send_log( 2861): log cann't be send because net status is disconnected
05-29 20:51:17.861 D/hq ( 1453): NetWorkStateReceiver:::检查网络,并且持续更新 isConnect=false
05-29 20:51:19.862 D/hq ( 1453): NetWorkStateReceiver:::检查网络,并且持续更新 isConnect=false
05-29 20:51:21.863 D/hq ( 1453): NetWorkStateReceiver:::检查网络,并且持续更新 isConnect=false
05-29 20:51:23.130 D/UtilLog ( 2643): 日志批量上报 进行正常循环 !!!!!!本次有0次请求,共0条数据
05-29 20:51:23.864 D/hq ( 1453): NetWorkStateReceiver:::检查网络,并且持续更新 isConnect=false
05-29 20:51:24.529 D/OomAdjuster( 720): Not killing cached processes
05-29 20:51:24.832 D/uninstall( 3054): isAllowStart last_delay 0, current_time 1748523084
05-29 20:51:24.833 I/uninstall( 3054): enable_service com.ktcp.video/com.tencent.qqlivetv.keeplive.proc.DaemonService com.ktcp.video/(null)
05-29 20:51:24.833 D/uninstall( 3054): enable_service waitpid
05-29 20:51:24.833 D/uninstall( 8268): enable_service pid == 0
05-29 20:51:24.833 D/uninstall( 8268): enable_service version >= 17 || version == 0 version == 34
05-29 20:51:24.877 I/uninstall( 3054): watchdaemon process_name = com.ktcp.video:daemon has gone, start it
05-29 20:51:24.878 D/uninstall( 3054): watchdaemon waitpid
05-29 20:51:24.878 D/uninstall( 8272): watchdaemon pid == 0
05-29 20:51:24.878 D/uninstall( 8272): watchdaemon version >= 17 || version == 0 version == 34
05-29 20:51:25.865 D/hq ( 1453): NetWorkStateReceiver:::检查网络,并且持续更新 isConnect=false
05-29 20:51:26.566 I/efs.send_log( 2861): log cann't be send because net status is disconnected
05-29 20:51:27.866 D/hq ( 1453): NetWorkStateReceiver:::检查网络,并且持续更新 isConnect=false
05-29 20:51:29.867 D/hq ( 1453): NetWorkStateReceiver:::检查网络,并且持续更新 isConnect=false
05-29 20:51:31.663 W/MediaProvider( 1404): isAppCloneUserPair for user 0: false
05-29 20:51:31.681 I/MediaProvider( 1404): Deleted 1 0 0 0 0 0 0 items on external_primary due to com.gitvdemo.video
05-29 20:51:31.693 W/MediaProvider( 1404): Failed to update quota for uri: content://media/external_primary/file/1000039410
05-29 20:51:31.693 W/MediaProvider( 1404): java.io.FileNotFoundException: No item at content://media/external_primary/file/1000039410
05-29 20:51:31.693 W/MediaProvider( 1404): at com.android.providers.media.MediaProvider.queryForSingleItem(MediaProvider.java:8587)
05-29 20:51:31.693 W/MediaProvider( 1404): at com.android.providers.media.MediaProvider.queryForDataFile(MediaProvider.java:8527)
05-29 20:51:31.693 W/MediaProvider( 1404): at com.android.providers.media.MediaProvider.queryForDataFile(MediaProvider.java:8519)
05-29 20:51:31.693 W/MediaProvider( 1404): at com.android.providers.media.MediaProvider.updateQuotaTypeForUri(MediaProvider.java:844)
05-29 20:51:31.693 W/MediaProvider( 1404): at com.android.providers.media.MediaProvider.-$$Nest$mupdateQuotaTypeForUri(MediaProvider.java:0)
05-29 20:51:31.693 W/MediaProvider( 1404): at com.android.providers.media.MediaProvider$5.lambda$onUpdate$1(MediaProvider.java:956)
05-29 20:51:31.693 W/MediaProvider( 1404): at com.android.providers.media.MediaProvider$5.$r8$lambda$d1oamlpYRGmLAqSobOWu_Cv09p8(MediaProvider.java:0)
05-29 20:51:31.693 W/MediaProvider( 1404): at com.android.providers.media.MediaProvider$5$$ExternalSyntheticLambda2.run(R8$$SyntheticClass:0)
05-29 20:51:31.693 W/MediaProvider( 1404): at android.os.Handler.handleCallback(Handler.java:958)
05-29 20:51:31.693 W/MediaProvider( 1404): at android.os.Handler.dispatchMessage(Handler.java:99)
05-29 20:51:31.693 W/MediaProvider( 1404): at android.os.Looper.loopOnce(Looper.java:205)
05-29 20:51:31.693 W/MediaProvider( 1404): at android.os.Looper.loop(Looper.java:294)
05-29 20:51:31.693 W/MediaProvider( 1404): at android.os.HandlerThread.run(HandlerThread.java:67)
05-29 20:51:31.868 D/hq ( 1453): NetWorkStateReceiver:::检查网络,并且持续更新 isConnect=false
05-29 20:51:33.131 D/UtilLog ( 2643): 日志批量上报 进行正常循环 !!!!!!本次有0次请求,共0条数据
05-29 20:51:33.869 D/hq ( 1453): NetWorkStateReceiver:::检查网络,并且持续更新 isConnect=false
05-29 20:51:34.553 I/audio_hw_hal_alsamgr( 504): alsa format =0x1 delay frames =768 total frames=19868160
05-29 20:51:34.964 D/uninstall( 3054): isAllowStart last_delay 0, current_time 1748523094
05-29 20:51:34.964 I/uninstall( 3054): enable_service com.ktcp.video/com.tencent.qqlivetv.keeplive.proc.DaemonService com.ktcp.video/(null)
05-29 20:51:34.965 D/uninstall( 3054): enable_service waitpid
05-29 20:51:34.965 D/uninstall( 8386): enable_service pid == 0
05-29 20:51:34.965 D/uninstall( 8386): enable_service version >= 17 || version == 0 version == 34
05-29 20:51:35.009 I/uninstall( 3054): watchdaemon process_name = com.ktcp.video:daemon has gone, start it
05-29 20:51:35.010 D/uninstall( 3054): watchdaemon waitpid
05-29 20:51:35.010 D/uninstall( 8391): watchdaemon pid == 0
05-29 20:51:35.010 D/uninstall( 8391): watchdaemon version >= 17 || version == 0 version == 34
05-29 20:51:36.581 I/efs.send_log( 2861): log cann't be send because net status is disconnected
05-29 20:51:37.438 D/XM_HIDREAD( 1873): poll ret=1, event=1
05-29 20:51:37.438 D/XM_HIDREAD( 1873): [9 bytes]:01 00 00 52 00 00 00 00 00
05-29 20:51:37.441 I/SogouIME( 1431): onKeyDown: keyoCode=19
05-29 20:51:37.442 I/DefaultIMS( 1431): onKeyDown: keyoCode=19
05-29 20:51:37.442 E/SecondScreen( 1453): FirstScreenLayoutView dispatchKeyEvent 19
05-29 20:51:37.447 I/DefaultIMS( 1431): onStartInput attribute=android.view.inputmethod.EditorInfo@8b2577f restarting=false inputType: 0
05-29 20:51:37.562 D/XM_HIDREAD( 1873): poll ret=1, event=1
05-29 20:51:37.562 D/XM_HIDREAD( 1873): [9 bytes]:01 00 00 00 00 00 00 00 00
05-29 20:51:37.563 I/SogouIME( 1431): onKeyUp: keyoCode=19
05-29 20:51:37.563 I/DefaultIMS( 1431): onKeyUp: keyoCode=19
05-29 20:51:37.564 E/SecondScreen( 1453): FirstScreenLayoutView dispatchKeyEvent 19
05-29 20:51:37.668 I/net_disconnect.( 8418): type=1400 audit(0.0:1906): avc: denied { execute_no_trans } for path="/vendor/bin/rgb_led_ctl" dev="dm-17" ino=334364 scontext=u:r:init:s0 tcontext=u:object_r:vendor_file:s0 tclass=file permissive=1
05-29 20:51:37.685 D/XM_HIDREAD( 1873): poll ret=1, event=1
05-29 20:51:37.685 D/XM_HIDREAD( 1873): [9 bytes]:01 00 00 52 00 00 00 00 00
05-29 20:51:37.687 I/SogouIME( 1431): onKeyDown: keyoCode=19
05-29 20:51:37.687 I/DefaultIMS( 1431): onKeyDown: keyoCode=19
05-29 20:51:37.688 E/SecondScreen( 1453): FirstScreenLayoutView dispatchKeyEvent 19
05-29 20:51:37.776 D/XM_HIDREAD( 1873): poll ret=1, event=1
05-29 20:51:37.776 D/XM_HIDREAD( 1873): [9 bytes]:01 00 00 00 00 00 00 00 00
05-29 20:51:37.777 I/SogouIME( 1431): onKeyUp: keyoCode=19
05-29 20:51:37.777 I/DefaultIMS( 1431): onKeyUp: keyoCode=19
05-29 20:51:37.778 E/SecondScreen( 1453): FirstScreenLayoutView dispatchKeyEvent 19
05-29 20:51:37.899 D/XM_HIDREAD( 1873): poll ret=1, event=1
05-29 20:51:37.899 D/XM_HIDREAD( 1873): [9 bytes]:01 00 00 52 00 00 00 00 00
05-29 20:51:37.903 I/SogouIME( 1431): onKeyDown: keyoCode=19
05-29 20:51:37.903 I/DefaultIMS( 1431): onKeyDown: keyoCode=19
05-29 20:51:37.904 E/SecondScreen( 1453): FirstScreenLayoutView dispatchKeyEvent 19
05-29 20:51:37.955 D/XM_HIDREAD( 1873): poll ret=1, event=1
05-29 20:51:37.955 D/XM_HIDREAD( 1873): [9 bytes]:01 00 00 00 00 00 00 00 00
05-29 20:51:37.956 I/SogouIME( 1431): onKeyUp: keyoCode=19
05-29 20:51:37.956 I/DefaultIMS( 1431): onKeyUp: keyoCode=19
05-29 20:51:37.957 E/SecondScreen( 1453): FirstScreenLayoutView dispatchKeyEvent 19
05-29 20:51:38.147 D/XM_HIDREAD( 1873): poll ret=1, event=1
05-29 20:51:38.147 D/XM_HIDREAD( 1873): [9 bytes]:01 00 00 4F 00 00 00 00 00
05-29 20:51:38.150 I/SogouIME( 1431): onKeyDown: keyoCode=22
05-29 20:51:38.150 I/DefaultIMS( 1431): onKeyDown: keyoCode=22
05-29 20:51:38.153 E/SecondScreen( 1453): FirstScreenLayoutView dispatchKeyEvent 22
05-29 20:51:38.237 D/XM_HIDREAD( 1873): poll ret=1, event=1
05-29 20:51:38.237 D/XM_HIDREAD( 1873): [9 bytes]:01 00 00 00 00 00 00 00 00
05-29 20:51:38.239 I/SogouIME( 1431): onKeyUp: keyoCode=22
05-29 20:51:38.239 I/DefaultIMS( 1431): onKeyUp: keyoCode=22
05-29 20:51:38.239 E/SecondScreen( 1453): FirstScreenLayoutView dispatchKeyEvent 22
05-29 20:51:38.327 D/XM_HIDREAD( 1873): poll ret=1, event=1
05-29 20:51:38.327 D/XM_HIDREAD( 1873): [9 bytes]:01 00 00 4F 00 00 00 00 00
05-29 20:51:38.329 I/SogouIME( 1431): onKeyDown: keyoCode=22
05-29 20:51:38.329 I/DefaultIMS( 1431): onKeyDown: keyoCode=22
05-29 20:51:38.330 E/SecondScreen( 1453): FirstScreenLayoutView dispatchKeyEvent 22
05-29 20:51:38.408 I/HCDN_DownloadEn( 2113): type=1400 audit(0.0:1907): avc: denied { open } for path="/proc/stat" dev="proc" ino=4026532003 scontext=u:r:untrusted_app_27:s0:c512,c768 tcontext=u:object_r:proc_stat:s0 tclass=file permissive=1 app=com.gitvdemo.video
05-29 20:51:38.408 I/HCDN_DownloadEn( 2113): type=1400 audit(0.0:1908): avc: denied { getattr } for path="/proc/stat" dev="proc" ino=4026532003 scontext=u:r:untrusted_app_27:s0:c512,c768 tcontext=u:object_r:proc_stat:s0 tclass=file permissive=1 app=com.gitvdemo.video
05-29 20:51:38.428 D/XM_HIDREAD( 1873): poll ret=1, event=1
05-29 20:51:38.428 D/XM_HIDREAD( 1873): [9 bytes]:01 00 00 00 00 00 00 00 00
05-29 20:51:38.430 I/SogouIME( 1431): onKeyUp: keyoCode=22
05-29 20:51:38.430 I/DefaultIMS( 1431): onKeyUp: keyoCode=22
05-29 20:51:38.430 E/SecondScreen( 1453): FirstScreenLayoutView dispatchKeyEvent 22
05-29 20:51:38.518 D/XM_HIDREAD( 1873): poll ret=1, event=1
05-29 20:51:38.518 D/XM_HIDREAD( 1873): [9 bytes]:01 00 00 4F 00 00 00 00 00
05-29 20:51:38.521 I/SogouIME( 1431): onKeyDown: keyoCode=22
05-29 20:51:38.521 I/DefaultIMS( 1431): onKeyDown: keyoCode=22
05-29 20:51:38.522 E/SecondScreen( 1453): FirstScreenLayoutView dispatchKeyEvent 22
05-29 20:51:38.608 D/XM_HIDREAD( 1873): poll ret=1, event=1
05-29 20:51:38.608 D/XM_HIDREAD( 1873): [9 bytes]:01 00 00 00 00 00 00 00 00
05-29 20:51:38.610 I/SogouIME( 1431): onKeyUp: keyoCode=22
05-29 20:51:38.610 I/DefaultIMS( 1431): onKeyUp: keyoCode=22
05-29 20:51:38.611 E/SecondScreen( 1453): FirstScreenLayoutView dispatchKeyEvent 22
05-29 20:51:38.721 D/XM_HIDREAD( 1873): poll ret=1, event=1
05-29 20:51:38.721 D/XM_HIDREAD( 1873): [9 bytes]:01 00 00 4F 00 00 00 00 00
05-29 20:51:38.723 I/SogouIME( 1431): onKeyDown: keyoCode=22
05-29 20:51:38.723 I/DefaultIMS( 1431): onKeyDown: keyoCode=22
05-29 20:51:38.723 E/SecondScreen( 1453): FirstScreenLayoutView dispatchKeyEvent 22
05-29 20:51:38.844 D/XM_HIDREAD( 1873): poll ret=1, event=1
05-29 20:51:38.844 D/XM_HIDREAD( 1873): [9 bytes]:01 00 00 00 00 00 00 00 00
05-29 20:51:38.846 I/SogouIME( 1431): onKeyUp: keyoCode=22
05-29 20:51:38.846 I/DefaultIMS( 1431): onKeyUp: keyoCode=22
05-29 20:51:38.847 E/SecondScreen( 1453): FirstScreenLayoutView dispatchKeyEvent 22
05-29 20:51:39.193 D/XM_HIDREAD( 1873): poll ret=1, event=1
05-29 20:51:39.193 D/XM_HIDREAD( 1873): [9 bytes]:01 00 00 28 00 00 00 00 00
05-29 20:51:39.195 I/SogouIME( 1431): onKeyDown: keyoCode=23
05-29 20:51:39.195 I/DefaultIMS( 1431): onKeyDown: keyoCode=23
05-29 20:51:39.195 E/SecondScreen( 1453): FirstScreenLayoutView dispatchKeyEvent 23
05-29 20:51:39.294 D/XM_HIDREAD( 1873): poll ret=1, event=1
05-29 20:51:39.294 D/XM_HIDREAD( 1873): [9 bytes]:01 00 00 00 00 00 00 00 00
05-29 20:51:39.296 I/SogouIME( 1431): onKeyUp: keyoCode=23
05-29 20:51:39.296 I/DefaultIMS( 1431): onKeyUp: keyoCode=23
05-29 20:51:39.297 E/SecondScreen( 1453): FirstScreenLayoutView dispatchKeyEvent 23
05-29 20:51:39.303 E/CellBroadcastUtils( 720): getDefaultCellBroadcastReceiverPackageName: no package found
05-29 20:51:39.314 I/ActivityTaskManager( 720): START u0 {dat=haqu://setting:8080/... flg=0x10000000 pkg=com.dangbei.haqusetting cmp=com.dangbei.haqusetting/.ui.HomeActivity} with LAUNCH_MULTIPLE from uid 1000 (BAL_ALLOW_ALLOWLISTED_UID) result code=0
05-29 20:51:39.315 V/WindowManagerShell( 950): Transition requested: android.os.BinderProxy@d3f68a1 TransitionRequestInfo { type = 1, triggerTask = TaskInfo{userId=0 taskId=252 displayId=0 isRunning=true baseIntent=Intent { dat=haqu://setting:8080/... flg=0x10000000 pkg=com.dangbei.haqusetting cmp=com.dangbei.haqusetting/.ui.HomeActivity } baseActivity=ComponentInfo{com.dangbei.haqusetting/com.dangbei.haqusetting.ui.HomeActivity} topActivity=ComponentInfo{com.dangbei.haqusetting/com.dangbei.haqusetting.ui.HomeActivity} origActivity=null realActivity=ComponentInfo{com.dangbei.haqusetting/com.dangbei.haqusetting.ui.HomeActivity} numActivities=1 lastActiveTime=429365 supportsMultiWindow=true resizeMode=1 isResizeable=true minWidth=-1 minHeight=-1 defaultMinSize=220 token=WCT{android.window.IWindowContainerToken$Stub$Proxy@366cac6} topActivityType=1 pictureInPictureParams=null shouldDockBigOverlays=true launchIntoPipHostTaskId=-1 lastParentTaskIdBeforePip=-1 displayCutoutSafeInsets=null topActivityInfo=ActivityInfo{fb0da87 com.dangbei.haqusetting.ui.HomeActivity} launchCookies=[] positionInParent=Point(0, 0) parentTaskId=-1 isFocused=false isVisible=false isVisibleRequested=false isSleeping=false topActivityInSizeCompat=false topActivityEligibleForLetterboxEducation= false isLetterboxDoubleTapEnabled= false topActivityEligibleForUserAspectRatioButton= false topActivityBoundsLetterboxed= false isFromLetterboxDoubleTap= false topActivityLetterboxVerticalPosition= -1 topActivityLetterboxHorizontalPosition= -1 topActivityLetterboxWidth=-1 topActivityLetterboxHeight=-1 isUserFullscreenOverrideEnabled=false isTopActivityTransparent=true locusId=null displayAreaFeatureId=1 cameraCompatControlState=hidden}, remoteTransition = null, displayChange = null, flags = 0 }
05-29 20:51:39.323 V/WindowManager( 720): app ------------- force_land :0
05-29 20:51:39.337 I/BpBinder( 294): onLastStrongRef automatically unlinking death recipients:
05-29 20:51:39.337 W/SQLiteLog( 1453): (28) double-quoted string literal: "
05-29 20:51:39.337 W/SQLiteLog( 1453): (28) double-quoted string literal: "8F2A35AAF5173D4F69A1C4FA215773D5"
05-29 20:51:39.350 E/ccc ( 1400): cccccc UpdateHelper onMessageReceived com.dangbei.haqusetting com.dangbei.etna.update {"action":"get","functionTag":"leaf_controller_function_controller_dangbei_update","value":0} com.dangbei.lerad.etna.aidl.IEtnaAidlCallback$Stub$Proxy@679c284
05-29 20:51:39.351 E/ccc ( 1400): cccccc 缓存获取遥控器版本 DB-15B-H5-R0108
05-29 20:51:39.354 W/WindowManager( 720): [addWindow] title:com.dangbei.haqusetting/com.dangbei.haqusetting.ui.HomeActivity
05-29 20:51:39.358 D/BluetoothGatt( 1400): connect(void) - device: E4:BB:D3:57:C0:18, auto=true
05-29 20:51:39.359 I/bt_btif_gattc( 1046): packages/modules/Bluetooth/system/btif/src/btif_gatt_client.cc:340 btif_gattc_open_impl: Transport=2, device type=2, address type =0, phy=1
05-29 20:51:39.359 D/BluetoothGatt( 1400): discoverServices() - device: E4:BB:D3:57:C0:18
05-29 20:51:39.360 I/bluetooth( 1046): packages/modules/Bluetooth/system/stack/gatt/gatt_main.cc:405 gatt_update_app_use_link_flag: disable link idle timer for xx:xx:xx:xx:c0:18
05-29 20:51:39.360 I/bt_stack( 1046): [INFO:l2c_api.cc(1607)] L2CA_MarkLeLinkAsActivesetting link to e4:bb:d3:57:c0:18 as active
05-29 20:51:39.360 I/bluetooth( 1046): packages/modules/Bluetooth/system/stack/gatt/gatt_api.cc:1206 GATT_SetIdleTimeout: idle_timeout=65535, is_active=1, status=1 (1-OK 0-not performed)
05-29 20:51:39.361 E/ccc ( 1400): cccccc 请求电量实时 100
05-29 20:51:39.361 I/bt_bta_gattc( 1046): packages/modules/Bluetooth/system/bta/gatt/bta_gattc_cache.cc:1035 bta_gattc_get_gatt_db: bta_gattc_get_gatt_db
05-29 20:51:39.362 D/BluetoothGatt( 1400): onSearchComplete() = Device=E4:BB:D3:57:C0:18 Status=0
05-29 20:51:39.370 D/CoreBackPreview( 720): Window{142dcc8 u0 com.dangbei.haqusetting/com.dangbei.haqusetting.ui.HomeActivity}: Setting back callback OnBackInvokedCallbackInfo{mCallback=android.window.IOnBackInvokedCallback$Stub$Proxy@7a8f486, mPriority=0, mIsAnimationCallback=false}
05-29 20:51:39.378 E/OpenGLRenderer( 3287): Unable to match the desired swap behavior.
05-29 20:51:39.379 W/RecyclerView( 3287): No adapter attached; skipping layout
05-29 20:51:39.402 V/WindowManagerShell( 950): onTransitionReady android.os.BinderProxy@d3f68a1: {id=6 t=OPEN f=0x0 trk=0 r=[0@Point(0, 0)] c=[{WCT{android.window.IWindowContainerToken$Stub$Proxy@374cd52} m=OPEN f=TRANSLUCENT leash=Surface(name=Task=252)/@0xc4c5db4 sb=Rect(0, 0 - 1920, 1080) eb=Rect(0, 0 - 1920, 1080) d=0}]}
05-29 20:51:39.402 V/WindowManagerShell( 950): Playing animation for (#6)android.os.BinderProxy@d3f68a1@0
05-29 20:51:39.402 V/WindowManagerShell( 950): try handler com.android.wm.shell.keyguard.KeyguardTransitionHandler@2963747
05-29 20:51:39.402 V/WindowManagerShell( 950): try handler com.android.wm.shell.pip.tv.TvPipTransition@6b75b74
05-29 20:51:39.402 V/WindowManagerShell( 950): try handler com.android.wm.shell.activityembedding.ActivityEmbeddingController@9a7789d
05-29 20:51:39.402 V/WindowManagerShell( 950): try handler com.android.wm.shell.transition.RemoteTransitionHandler@97c6112
05-29 20:51:39.403 V/WindowManagerShell( 950): Transition doesn't have explicit remote, search filters for match for {id=6 t=OPEN f=0x0 trk=0 r=[0@Point(0, 0)] c=[{WCT{android.window.IWindowContainerToken$Stub$Proxy@374cd52} m=OPEN f=TRANSLUCENT leash=Surface(name=Task=252)/@0xc4c5db4 sb=Rect(0, 0 - 1920, 1080) eb=Rect(0, 0 - 1920, 1080) d=0}]}
05-29 20:51:39.403 V/WindowManagerShell( 950): Delegate animation for #6 to null
05-29 20:51:39.403 V/WindowManagerShell( 950): try handler com.android.wm.shell.transition.DefaultTransitionHandler@57500e3
05-29 20:51:39.403 V/WindowManagerShell( 950): start default transition animation, info = {id=6 t=OPEN f=0x0 trk=0 r=[0@Point(0, 0)] c=[{WCT{android.window.IWindowContainerToken$Stub$Proxy@374cd52} m=OPEN f=TRANSLUCENT leash=Surface(name=Task=252)/@0xc4c5db4 sb=Rect(0, 0 - 1920, 1080) eb=Rect(0, 0 - 1920, 1080) d=0}]}
05-29 20:51:39.404 V/WindowManagerShell( 950): loadAnimation: anim=android.view.animation.AlphaAnimation@6b8ad9 animAttr=0x4 type=OPEN isEntrance=true
05-29 20:51:39.406 V/WindowManagerShell( 950): animated by com.android.wm.shell.transition.DefaultTransitionHandler@57500e3
05-29 20:51:39.407 D/OomAdjuster( 720): Not killing cached processes
05-29 20:51:39.409 W/ProcessStats( 720): Tracking association SourceState{8907474 com.ktcp.video:daemon/10091 Fgs #631} whose proc state 3 is better than process ProcessState{a8eb676 com.ktcp.video/10091 pkg=com.ktcp.video} proc state 10 (1 skipped)
05-29 20:51:39.411 I/ActivityTaskManager( 720): Displayed com.dangbei.haqusetting/.ui.HomeActivity for user 0: +98ms
05-29 20:51:39.413 V/WindowManager( 720): Sent Transition #6 createdAt=05-29 20:51:39.302 via request=TransitionRequestInfo { type = 1, triggerTask = TaskInfo{userId=0 taskId=252 displayId=0 isRunning=true baseIntent=Intent { dat=haqu://setting:8080/... flg=0x10000000 pkg=com.dangbei.haqusetting cmp=com.dangbei.haqusetting/.ui.HomeActivity } baseActivity=ComponentInfo{com.dangbei.haqusetting/com.dangbei.haqusetting.ui.HomeActivity} topActivity=ComponentInfo{com.dangbei.haqusetting/com.dangbei.haqusetting.ui.HomeActivity} origActivity=null realActivity=ComponentInfo{com.dangbei.haqusetting/com.dangbei.haqusetting.ui.HomeActivity} numActivities=1 lastActiveTime=429365 supportsMultiWindow=true resizeMode=1 isResizeable=true minWidth=-1 minHeight=-1 defaultMinSize=220 token=WCT{RemoteToken{90fd312 Task{4d8abe5 #252 type=standard A=1000:com.dangbei.haqusetting}}} topActivityType=1 pictureInPictureParams=null shouldDockBigOverlays=true launchIntoPipHostTaskId=-1 lastParentTaskIdBeforePip=-1 displayCutoutSafeInsets=null topActivityInfo=ActivityInfo{ff88ae3 com.dangbei.haqusetting.ui.HomeActivity} launchCookies=[] positionInParent=Point(0, 0) parentTaskId=-1 isFocused=false isVisible=false isVisibleRequested=false isSleeping=false topActivityInSizeCompat=false topActivityEligibleForLetterboxEducation= false isLetterboxDoubleTapEnabled= false topActivityEligibleForUserAspectRatioButton= false topActivityBoundsLetterboxed= false isFromLetterboxDoubleTap= false topActivityLetterboxVerticalPosition= -1 topActivityLetterboxHorizontalPosition= -1 topActivityLetterboxWidth=-1 topActivityLetterboxHeight=-1 isUserFullscreenOverrideEnabled=false isTopActivityTransparent=true locusId=null displayAreaFeatureId=1 cameraCompatControlState=hidden}, remoteTransition = null, displayChange = null, flags = 0 }
05-29 20:51:39.413 V/WindowManager( 720): startWCT=WindowContainerTransaction { changes = {} hops = [] errorCallbackToken=null taskFragmentOrganizer=null }
05-29 20:51:39.413 V/WindowManager( 720): info={id=6 t=OPEN f=0x0 trk=0 r=[0@Point(0, 0)] c=[{WCT{RemoteToken{90fd312 Task{4d8abe5 #252 type=standard A=1000:com.dangbei.haqusetting}}} m=OPEN f=TRANSLUCENT leash=Surface(name=Task=252)/@0x3152147 sb=Rect(0, 0 - 1920, 1080) eb=Rect(0, 0 - 1920, 1080) d=0}]}
05-29 20:51:39.427 D/WindowManagerShell( 950): TvPipController: onTaskStackChanged()
05-29 20:51:39.457 I/ImeTracker( 720): com.dangbei.haqusetting:a2c5dd9: onRequestHide at ORIGIN_SERVER_HIDE_INPUT reason HIDE_UNSPECIFIED_WINDOW
05-29 20:51:39.457 I/ImeTracker( 720): com.dangbei.haqusetting:a2c5dd9: onCancelled at PHASE_SERVER_SHOULD_HIDE
05-29 20:51:39.459 I/DefaultIMS( 1431): onStartInput attribute=android.view.inputmethod.EditorInfo@5d2234c restarting=false inputType: 0
05-29 20:51:39.476 W/ContextImpl( 720): Calling a method in the system process without a qualified user: android.app.ContextImpl.startService:1899 com.android.server.wm.DisplayPolicy.lambda$focusChangedLw$5:2126 com.android.server.wm.DisplayPolicy.$r8$lambda$Znxk63oh-WzVnzo_WQefN7uxV48:0 com.android.server.wm.DisplayPolicy$$ExternalSyntheticLambda13.run:0 android.os.Handler.handleCallback:958
05-29 20:51:39.479 D/aaa ( 1665): LedStatusService onStartCommand begin
05-29 20:51:39.479 D/aaa ( 1665): topPkg is -------------- :com.dangbei.haqusetting
05-29 20:51:39.670 E/ccc ( 1400): cccccc UpdateHelper onMessageReceived com.dangbei.haqusetting com.dangbei.etna.update {"action":"get","functionTag":"leaf_controller_function_controller_dangbei_update","value":0} com.dangbei.lerad.etna.aidl.IEtnaAidlCallback$Stub$Proxy@1343a6d
05-29 20:51:39.671 E/ccc ( 1400): cccccc 缓存获取遥控器版本 DB-15B-H5-R0108
05-29 20:51:39.671 E/ccc ( 1400): cccccc 请求电量缓存 100
05-29 20:51:39.732 D/ConnectivityService( 720): requestNetwork for uid/pid:1000/3287 activeRequest: null callbackRequest: 79 [NetworkRequest [ REQUEST id=80, [ Capabilities: INTERNET&NOT_RESTRICTED&TRUSTED&NOT_VCN_MANAGED Uid: 1000 RequestorUid: 1000 RequestorPkg: com.dangbei.haqusetting UnderlyingNetworks: Null] ]] callback flags: 0 order: 2147483647
05-29 20:51:39.735 D/WifiNetworkFactory( 720): got request NetworkRequest [ REQUEST id=80, [ Capabilities: INTERNET&NOT_RESTRICTED&TRUSTED&NOT_VCN_MANAGED Uid: 1000 RequestorUid: 1000 RequestorPkg: com.dangbei.haqusetting UnderlyingNetworks: Null] ]
05-29 20:51:39.736 D/UntrustedWifiNetworkFactory( 720): got request NetworkRequest [ REQUEST id=80, [ Capabilities: INTERNET&NOT_RESTRICTED&TRUSTED&NOT_VCN_MANAGED Uid: 1000 RequestorUid: 1000 RequestorPkg: com.dangbei.haqusetting UnderlyingNetworks: Null] ]
05-29 20:51:39.736 D/OemPaidWifiNetworkFactory( 720): got request NetworkRequest [ REQUEST id=80, [ Capabilities: INTERNET&NOT_RESTRICTED&TRUSTED&NOT_VCN_MANAGED Uid: 1000 RequestorUid: 1000 RequestorPkg: com.dangbei.haqusetting UnderlyingNetworks: Null] ]
05-29 20:51:39.737 D/MultiInternetWifiNetworkFactory( 720): got request NetworkRequest [ REQUEST id=80, [ Capabilities: INTERNET&NOT_RESTRICTED&TRUSTED&NOT_VCN_MANAGED Uid: 1000 RequestorUid: 1000 RequestorPkg: com.dangbei.haqusetting UnderlyingNetworks: Null] ]
05-29 20:51:39.737 D/ConnectivityService( 720): NetReassign [no changes] [c 0] [a 0] [i 3]
05-29 20:51:39.743 I/DefaultIMS( 1431): onStartInput attribute=android.view.inputmethod.EditorInfo@a025f95 restarting=false inputType: 0
05-29 20:51:39.820 V/WindowManagerShell( 950): Transition animation finished (aborted=false), notifying core (#6)android.os.BinderProxy@d3f68a1@0
