05-29 20:44:53.489 D/ActivityManagerTiming( 720): OnBootPhase_1000_com.android.server.bluetooth.BluetoothService
05-29 20:44:53.489 D/ActivityManagerTiming( 720): OnBootPhase_1000_com.android.server.connectivity.IpConnectivityMetrics
05-29 20:44:53.489 D/ActivityManagerTiming( 720): OnBootPhase_1000_com.android.server.net.watchlist.NetworkWatchlistService$Lifecycle
05-29 20:44:53.489 D/ActivityManagerTiming( 720): OnBootPhase_1000_com.android.server.PinnerService
05-29 20:44:53.489 D/ActivityManagerTiming( 720): OnBootPhase_1000_com.android.server.integrity.AppIntegrityManagerService
05-29 20:44:53.489 D/ActivityManagerTiming( 720): OnBootPhase_1000_com.android.server.logcat.LogcatManagerService
05-29 20:44:53.489 D/ActivityManagerTiming( 720): OnBootPhase_1000_com.android.server.inputmethod.InputMethodManagerService$Lifecycle
05-29 20:44:53.489 D/ActivityManagerTiming( 720): OnBootPhase_1000_com.android.server.accessibility.AccessibilityManagerService$Lifecycle
05-29 20:44:53.489 D/ActivityManagerTiming( 720): OnBootPhase_1000_com.android.server.StorageManagerService$Lifecycle
05-29 20:44:53.489 D/ActivityManagerTiming( 720): OnBootPhase_1000_com.android.server.usage.StorageStatsService$Lifecycle
05-29 20:44:53.489 D/ActivityManagerTiming( 720): OnBootPhase_1000_com.android.server.UiModeManagerService
05-29 20:44:53.489 D/ActivityManagerTiming( 720): OnBootPhase_1000_com.android.server.locales.LocaleManagerService
05-29 20:44:53.489 D/ActivityManagerTiming( 720): OnBootPhase_1000_com.android.server.grammaticalinflection.GrammaticalInflectionService
05-29 20:44:53.489 D/ActivityManagerTiming( 720): OnBootPhase_1000_com.android.server.apphibernation.AppHibernationService
05-29 20:44:53.489 D/StorageManagerService( 720): Thinking about reset, mBootCompleted=true, mDaemonConnected=true
05-29 20:44:53.489 I/StorageSessionController( 720): Started resetting external storage service...
05-29 20:44:53.489 I/StorageSessionController( 720): Finished resetting external storage service
05-29 20:44:53.490 I/StorageManagerService( 720): Resetting vold...
05-29 20:44:53.490 D/ActivityManagerTiming( 720): OnBootPhase_1000_com.android.server.locksettings.LockSettingsService$Lifecycle
05-29 20:44:53.490 D/ActivityManagerTiming( 720): OnBootPhase_1000_com.android.server.PersistentDataBlockService
05-29 20:44:53.490 D/ActivityManagerTiming( 720): OnBootPhase_1000_com.android.server.testharness.TestHarnessModeService
05-29 20:44:53.490 D/TestHarnessModeService( 720): Completing Test Harness Mode setup.
05-29 20:44:53.490 I/StorageManagerService( 720): Reset vold
05-29 20:44:53.491 I/HibernationStateDiskStore( 720): No hibernation file on disk for file /data/system/hibernation/states
05-29 20:44:53.491 I/vold ( 278): onUserAdded: 0
05-29 20:44:53.517 D/ActivityManagerTiming( 720): OnBootPhase_1000_com.android.server.oemlock.OemLockService
05-29 20:44:53.517 D/ActivityManagerTiming( 720): OnBootPhase_1000_com.android.server.DeviceIdleController
05-29 20:44:53.517 D/ActivityManagerTiming( 720): OnBootPhase_1000_com.android.server.devicepolicy.DevicePolicyManagerService$Lifecycle
05-29 20:44:53.517 D/ActivityManagerTiming( 720): OnBootPhase_1000_com.android.server.texttospeech.TextToSpeechManagerService
05-29 20:44:53.517 D/ActivityManagerTiming( 720): OnBootPhase_1000_com.android.server.ambientcontext.AmbientContextManagerService
05-29 20:44:53.517 D/ActivityManagerTiming( 720): OnBootPhase_1000_com.android.server.wearable.WearableSensingManagerService
05-29 20:44:53.517 D/ActivityManagerTiming( 720): OnBootPhase_1000_com.android.server.speech.SpeechRecognitionManagerService
05-29 20:44:53.517 D/ActivityManagerTiming( 720): OnBootPhase_1000_com.android.server.searchui.SearchUiManagerService
05-29 20:44:53.517 D/ActivityManagerTiming( 720): OnBootPhase_1000_com.android.server.smartspace.SmartspaceManagerService
05-29 20:44:53.517 D/ActivityManagerTiming( 720): OnBootPhase_1000_com.android.server.graphics.fonts.FontManagerService$Lifecycle
05-29 20:44:53.517 D/ActivityManagerTiming( 720): OnBootPhase_1000_com.android.server.textservices.TextServicesManagerService$Lifecycle
05-29 20:44:53.517 D/ActivityManagerTiming( 720): OnBootPhase_1000_com.android.server.textclassifier.TextClassificationManagerService$Lifecycle
05-29 20:44:53.517 D/ActivityManagerTiming( 720): OnBootPhase_1000_com.android.server.NetworkScoreService$Lifecycle
05-29 20:44:53.517 D/ActivityManagerTiming( 720): OnBootPhase_1000_com.android.server.NetworkStatsServiceInitializer
05-29 20:44:53.517 D/ActivityManagerTiming( 720): OnBootPhase_1000_com.android.server.wifi.WifiService
05-29 20:44:53.518 D/ActivityManagerTiming( 720): OnBootPhase_1000_com.android.server.wifi.scanner.WifiScanningService
05-29 20:44:53.518 D/ActivityManagerTiming( 720): OnBootPhase_1000_com.android.server.wifi.p2p.WifiP2pService
05-29 20:44:53.518 D/ActivityManagerTiming( 720): OnBootPhase_1000_com.android.server.ConnectivityServiceInitializer
05-29 20:44:53.523 D/CompatibilityChangeReporter( 720): Compat change id reported: 161145287; UID 1000; state: ENABLED
05-29 20:44:53.523 D/CompatibilityChangeReporter( 720): Compat change id reported: 161145287; UID 1000; state: DISABLED
05-29 20:44:53.525 D/ActivityManagerTiming( 720): OnBootPhase_1000_com.android.server.notification.NotificationManagerService
05-29 20:44:53.525 D/ActivityManagerTiming( 720): OnBootPhase_1000_com.android.server.storage.DeviceStorageMonitorService
05-29 20:44:53.525 D/ActivityManagerTiming( 720): OnBootPhase_1000_com.android.server.timedetector.TimeDetectorService$Lifecycle
05-29 20:44:53.525 D/ActivityManagerTiming( 720): OnBootPhase_1000_com.android.server.location.LocationManagerService$Lifecycle
05-29 20:44:53.525 D/ActivityManagerTiming( 720): OnBootPhase_1000_com.android.server.timezonedetector.TimeZoneDetectorService$Lifecycle
05-29 20:44:53.525 D/ActivityManagerTiming( 720): OnBootPhase_1000_com.android.server.location.altitude.AltitudeService$Lifecycle
05-29 20:44:53.525 D/ActivityManagerTiming( 720): OnBootPhase_1000_com.android.server.timezonedetector.location.LocationTimeZoneManagerService$Lifecycle
05-29 20:44:53.525 D/ActivityManagerTiming( 720): OnBootPhase_1000_com.android.server.search.SearchManagerService$Lifecycle
05-29 20:44:53.525 D/ActivityManagerTiming( 720): OnBootPhase_1000_com.android.server.wallpaper.WallpaperManagerService$Lifecycle
05-29 20:44:53.525 D/ActivityManagerTiming( 720): OnBootPhase_1000_com.android.server.wallpapereffectsgeneration.WallpaperEffectsGenerationManagerService
05-29 20:44:53.525 D/ActivityManagerTiming( 720): OnBootPhase_1000_com.android.server.audio.AudioService$Lifecycle
05-29 20:44:53.525 D/ActivityManagerTiming( 720): OnBootPhase_1000_com.android.server.soundtrigger_middleware.SoundTriggerMiddlewareService$Lifecycle
05-29 20:44:53.525 D/ActivityManagerTiming( 720): OnBootPhase_1000_com.android.server.adb.AdbService$Lifecycle
05-29 20:44:53.526 D/ActivityManagerTiming( 720): OnBootPhase_1000_com.android.server.usb.UsbService$Lifecycle
05-29 20:44:53.526 D/ActivityManagerTiming( 720): OnBootPhase_1000_com.android.server.twilight.TwilightService
05-29 20:44:53.527 D/ActivityManagerTiming( 720): OnBootPhase_1000_com.android.server.display.color.ColorDisplayService
05-29 20:44:53.527 D/ActivityManagerTiming( 720): OnBootPhase_1000_com.android.server.job.JobSchedulerService
05-29 20:44:53.527 D/ActivityManagerTiming( 720): OnBootPhase_1000_com.android.server.soundtrigger.SoundTriggerService
05-29 20:44:53.527 D/SoundTriggerService( 720): onBootPhase: 1000 : false
05-29 20:44:53.527 D/ActivityManagerTiming( 720): OnBootPhase_1000_com.android.server.trust.TrustManagerService
05-29 20:44:53.527 D/ActivityManagerTiming( 720): OnBootPhase_1000_com.android.server.backup.BackupManagerService$Lifecycle
05-29 20:44:53.527 D/ActivityManagerTiming( 720): OnBootPhase_1000_com.android.server.appwidget.AppWidgetService
05-29 20:44:53.527 D/ActivityManagerTiming( 720): OnBootPhase_1000_com.android.server.voiceinteraction.VoiceInteractionManagerService
05-29 20:44:53.527 D/ActivityManagerTiming( 720): OnBootPhase_1000_com.android.server.GestureLauncherService
05-29 20:44:53.527 D/ActivityManagerTiming( 720): OnBootPhase_1000_com.android.server.SensorNotificationService
05-29 20:44:53.528 I/UsbDeviceManager( 720): Setting USB config to
05-29 20:44:53.528 D/UsbDeviceManager( 720): setUsbConfig(4) request:1
05-29 20:44:53.529 D/CompatibilityChangeReporter( 720): Compat change id reported: 168936375; UID 1000; state: ENABLED
05-29 20:44:53.529 D/CompatibilityChangeReporter( 720): Compat change id reported: 168936375; UID 1000; state: DISABLED
05-29 20:44:53.539 D/CompatibilityChangeReporter( 720): Compat change id reported: 73144566; UID 1000; state: ENABLED
05-29 20:44:53.540 D/CompatibilityChangeReporter( 720): Compat change id reported: 73144566; UID 1000; state: DISABLED
05-29 20:44:53.544 D/ActivityManagerTiming( 720): OnBootPhase_1000_com.android.server.emergency.EmergencyAffordanceService
05-29 20:44:53.544 D/ActivityManagerTiming( 720): OnBootPhase_1000_com.android.server.blob.BlobStoreManagerService
05-29 20:44:53.549 D/ActivityManagerTiming( 720): OnBootPhase_1000_com.android.server.dreams.DreamManagerService
05-29 20:44:53.549 D/ActivityManagerTiming( 720): OnBootPhase_1000_com.android.server.security.AttestationVerificationManagerService
05-29 20:44:53.549 D/ActivityManagerTiming( 720): OnBootPhase_1000_com.android.server.restrictions.RestrictionsManagerService
05-29 20:44:53.549 D/ActivityManagerTiming( 720): OnBootPhase_1000_com.android.server.media.MediaSessionService
05-29 20:44:53.551 D/ActivityManagerTiming( 720): OnBootPhase_1000_com.android.server.hdmi.HdmiControlService
05-29 20:44:53.552 D/ActivityManagerTiming( 720): OnBootPhase_1000_com.android.server.tv.interactive.TvInteractiveAppManagerService
05-29 20:44:53.552 D/ActivityManagerTiming( 720): OnBootPhase_1000_com.android.server.tv.TvInputManagerService
05-29 20:44:53.552 D/ActivityManagerTiming( 720): OnBootPhase_1000_com.android.server.media.MediaResourceMonitorService
05-29 20:44:53.552 D/ActivityManagerTiming( 720): OnBootPhase_1000_com.android.server.tv.TvRemoteService
05-29 20:44:53.552 D/ActivityManagerTiming( 720): OnBootPhase_1000_com.android.server.biometrics.BiometricService
05-29 20:44:53.552 D/ActivityManagerTiming( 720): OnBootPhase_1000_com.android.server.biometrics.AuthService
05-29 20:44:53.552 D/ActivityManagerTiming( 720): OnBootPhase_1000_com.android.server.pm.ShortcutService$Lifecycle
05-29 20:44:53.552 I/HdmiControlService( 720): bootCompleted
05-29 20:44:53.552 D/ActivityManagerTiming( 720): OnBootPhase_1000_com.android.server.pm.LauncherAppsService
05-29 20:44:53.552 D/ActivityManagerTiming( 720): OnBootPhase_1000_com.android.server.pm.CrossProfileAppsService
05-29 20:44:53.552 D/ActivityManagerTiming( 720): OnBootPhase_1000_com.android.server.people.PeopleService
05-29 20:44:53.552 D/ActivityManagerTiming( 720): OnBootPhase_1000_com.android.server.media.metrics.MediaMetricsManagerService
05-29 20:44:53.552 D/ActivityManagerTiming( 720): OnBootPhase_1000_com.android.server.pm.BackgroundInstallControlService
05-29 20:44:53.552 D/ActivityManagerTiming( 720): OnBootPhase_1000_com.android.server.media.projection.MediaProjectionManagerService
05-29 20:44:53.552 D/ActivityManagerTiming( 720): OnBootPhase_1000_com.android.server.slice.SliceManagerService$Lifecycle
05-29 20:44:53.552 D/ActivityManagerTiming( 720): OnBootPhase_1000_com.android.server.stats.StatsCompanion$Lifecycle
05-29 20:44:53.552 D/ActivityManagerTiming( 720): OnBootPhase_1000_com.android.server.scheduling.RebootReadinessManagerService$Lifecycle
05-29 20:44:53.552 D/ActivityManagerTiming( 720): OnBootPhase_1000_com.android.server.stats.pull.StatsPullAtomService
05-29 20:44:53.552 D/ActivityManagerTiming( 720): OnBootPhase_1000_com.android.server.stats.bootstrap.StatsBootstrapAtomService$Lifecycle
05-29 20:44:53.552 D/ActivityManagerTiming( 720): OnBootPhase_1000_com.android.server.incident.IncidentCompanionService
05-29 20:44:53.552 D/ActivityManagerTiming( 720): OnBootPhase_1000_com.android.server.sdksandbox.SdkSandboxManagerService$Lifecycle
05-29 20:44:53.552 D/ActivityManagerTiming( 720): OnBootPhase_1000_com.android.server.adservices.AdServicesManagerService$Lifecycle
05-29 20:44:53.552 D/ActivityManagerTiming( 720): OnBootPhase_1000_com.android.server.ondevicepersonalization.OnDevicePersonalizationSystemService$Lifecycle
05-29 20:44:53.552 D/ActivityManagerTiming( 720): OnBootPhase_1000_com.android.server.autofill.AutofillManagerService
05-29 20:44:53.552 D/ActivityManagerTiming( 720): OnBootPhase_1000_com.android.server.clipboard.ClipboardService
05-29 20:44:53.552 D/ActivityManagerTiming( 720): OnBootPhase_1000_com.android.server.appbinding.AppBindingService$Lifecycle
05-29 20:44:53.552 D/ActivityManagerTiming( 720): OnBootPhase_1000_com.android.server.tracing.TracingServiceProxy
05-29 20:44:53.552 D/ActivityManagerTiming( 720): OnBootPhase_1000_com.android.server.policy.PermissionPolicyService
05-29 20:44:53.553 D/ActivityManagerTiming( 720): OnBootPhase_1000_com.android.server.pm.StagingManager$Lifecycle
05-29 20:44:53.554 D/ActivityManagerTiming( 720): OnBootPhase_1000_com.android.server.app.GameManagerService$Lifecycle
05-29 20:44:53.554 D/GameManagerService( 720): onBootCompleted
05-29 20:44:53.554 V/GameManagerService( 720): Game loading power mode OFF (game manager service start/restart)
05-29 20:44:53.555 V/GameManagerService( 720): Game power mode OFF (game manager service start/restart)
05-29 20:44:53.557 D/ActivityManagerTiming( 720): OnBootPhase_1000_com.android.safetycenter.SafetyCenterService
05-29 20:44:53.557 D/ActivityManagerTiming( 720): OnBootPhase_1000_com.android.server.appsearch.AppSearchModule$Lifecycle
05-29 20:44:53.558 D/ActivityManagerTiming( 720): OnBootPhase_1000_com.android.server.media.MediaCommunicationService
05-29 20:44:53.558 D/ActivityManagerTiming( 720): OnBootPhase_1000_com.android.server.compat.overrides.AppCompatOverridesService$Lifecycle
05-29 20:44:53.558 D/ActivityManagerTiming( 720): OnBootPhase_1000_com.android.server.healthconnect.HealthConnectManagerService
05-29 20:44:53.558 D/ActivityManagerTiming( 720): OnBootPhase_1000_com.android.server.devicelock.DeviceLockService
05-29 20:44:53.558 D/DeviceLockService( 720): onBootPhase: 1000
05-29 20:44:53.558 V/ActivityManagerTiming( 720): TotalBootTime took to complete: 11004ms
05-29 20:44:53.558 D/SystemServerInitThreadPool( 720): Shutdown requested
05-29 20:44:53.558 D/SystemServerTiming( 720): WaitInitThreadPoolShutdown
05-29 20:44:53.563 D/SystemServerInitThreadPool( 720): Shutdown successful
05-29 20:44:53.569 I/ActivityManager( 720): User 0 state changed from BOOTING to RUNNING_LOCKED
05-29 20:44:53.572 I/LockSettingsService( 720): Unwrapping synthetic password for unsecured user 0
05-29 20:44:53.593 D/vold ( 278): fscrypt_unlock_user_key 0 serial=0
05-29 20:44:53.593 D/vold ( 278): Trying user CE key /data/misc/vold/user_keys/ce/0/current
05-29 20:44:53.595 D/vold ( 278): Successfully retrieved key
05-29 20:44:53.595 D/vold ( 278): Installed fscrypt key with ref fccfc805e38d9200d877dd3a7438d666 to /data
05-29 20:44:53.595 D/vold ( 278): Added fscrypt-provisioning key for fccfc805e38d9200d877dd3a7438d666 to session keyring
05-29 20:44:53.595 D/vold ( 278): Installed ce key for user 0
05-29 20:44:53.597 I/LockSettingsService( 720): Unlocked CE storage for unsecured user 0
05-29 20:44:53.597 D/SystemServerTiming( 720): finishUserUnlocking-0
05-29 20:44:53.597 D/ActivityManager( 720): Started unlocking user 0
05-29 20:44:53.597 D/ActivityManager( 720): Unlocking user 0 progress 0
05-29 20:44:53.597 D/ActivityManager( 720): Unlocking user 0 progress 5
05-29 20:44:53.597 D/SystemServerTiming( 720): UM.onBeforeUnlockUser-0
05-29 20:44:53.598 D/SystemServerTiming( 720): prepareUserData-0
05-29 20:44:53.598 D/vold ( 278): fscrypt_prepare_user_storage for volume null, user 0, serial 0, flags 2
05-29 20:44:53.598 D/vold ( 278): Preparing: /data/system_ce/0
05-29 20:44:53.599 I/vold ( 278): Verified that /data/system_ce/0 has the encryption policy fccfc805e38d9200d877dd3a7438d666 v2 modes 1/4 flags 0xa
05-29 20:44:53.599 D/vold ( 278): Preparing: /data/vendor_ce/0
05-29 20:44:53.600 I/vold ( 278): Verified that /data/vendor_ce/0 has the encryption policy fccfc805e38d9200d877dd3a7438d666 v2 modes 1/4 flags 0xa
05-29 20:44:53.600 D/vold ( 278): Preparing: /data/media/0
05-29 20:44:53.602 I/vold ( 278): Verified that /data/media/0 has the encryption policy fccfc805e38d9200d877dd3a7438d666 v2 modes 1/4 flags 0xa
05-29 20:44:53.603 D/vold ( 278): Preparing: /data/misc_ce/0
05-29 20:44:53.603 I/vold ( 278): Verified that /data/misc_ce/0 has the encryption policy fccfc805e38d9200d877dd3a7438d666 v2 modes 1/4 flags 0xa
05-29 20:44:53.603 D/vold ( 278): Preparing: /data/user/0
05-29 20:44:53.604 I/vold ( 278): Verified that /data/user/0 has the encryption policy fccfc805e38d9200d877dd3a7438d666 v2 modes 1/4 flags 0xa
05-29 20:44:53.604 D/vold ( 278): Starting restorecon of /data/system_ce/0
05-29 20:44:53.607 V/WindowManager( 720): app ------------- force_land :0
05-29 20:44:53.611 D/vold ( 278): Finished restorecon of /data/system_ce/0
05-29 20:44:53.611 D/vold ( 278): Starting restorecon of /data/vendor_ce/0
05-29 20:44:53.612 V/WindowManager( 720): app ------------- force_land :0
05-29 20:44:53.617 D/vold ( 278): Finished restorecon of /data/vendor_ce/0
05-29 20:44:53.617 D/vold ( 278): Starting restorecon of /data/misc_ce/0
05-29 20:44:53.622 D/ColorDisplayService( 720): setUp: currentUser=0
05-29 20:44:53.624 D/vold ( 278): Finished restorecon of /data/misc_ce/0
05-29 20:44:53.624 D/vold ( 278): /system/bin/vold_prepare_subdirs
05-29 20:44:53.624 D/vold ( 278): prepare
05-29 20:44:53.624 D/vold ( 278):
05-29 20:44:53.624 D/vold ( 278): 0
05-29 20:44:53.624 D/vold ( 278): 2
05-29 20:44:53.629 I/ActivityManager( 720): com.android.devicelockcontroller is exempt from freezer
05-29 20:44:53.630 D/CompatibilityChangeReporter( 720): Compat change id reported: 135634846; UID 10059; state: DISABLED
05-29 20:44:53.630 D/CompatibilityChangeReporter( 720): Compat change id reported: 177438394; UID 10059; state: DISABLED
05-29 20:44:53.630 D/CompatibilityChangeReporter( 720): Compat change id reported: 135772972; UID 10059; state: DISABLED
05-29 20:44:53.630 D/CompatibilityChangeReporter( 720): Compat change id reported: 135754954; UID 10059; state: ENABLED
05-29 20:44:53.631 D/CompatibilityChangeReporter( 720): Compat change id reported: 143937733; UID 10059; state: ENABLED
05-29 20:44:53.649 I/ActivityManager( 720): Start proc 1353:com.android.devicelockcontroller/u0a59 for broadcast {com.android.devicelockcontroller/com.android.devicelockcontroller.receivers.LockedBootCompletedReceiver}
05-29 20:44:53.682 D/CompatibilityChangeReporter( 720): Compat change id reported: 168419799; UID 10059; state: DISABLED
05-29 20:44:53.683 D/CompatibilityChangeReporter( 720): Compat change id reported: 273564678; UID 10059; state: DISABLED
05-29 20:44:53.688 D/CompatibilityChangeReporter( 720): Compat change id reported: 265195908; UID 10059; state: ENABLED
05-29 20:44:53.691 D/CompatibilityChangeReporter( 720): Compat change id reported: 170503758; UID 10059; state: ENABLED
05-29 20:44:53.776 V/UserDataPreparer( 720): Found /data/user/0 with serial number 0
05-29 20:44:53.776 V/UserDataPreparer( 720): Found /data/system_ce/0 with serial number 0
05-29 20:44:53.778 D/UserDataPreparer( 720): Setting property: sys.user.0.ce_available=true
05-29 20:44:53.781 D/SystemServerTiming( 720): reconcileAppsData-0
05-29 20:44:53.782 V/PackageManager( 720): reconcileAppsData for null u0 0x2 migrateAppData=false
05-29 20:44:53.785 W/PackageManager( 720): Skipping preparing app data for com.android.configinfrastructure
05-29 20:44:53.785 W/PackageManager( 720): Skipping preparing app data for com.android.appsearch
05-29 20:44:53.786 W/PackageManager( 720): Skipping preparing app data for com.android.adservices
05-29 20:44:53.786 W/PackageManager( 720): Skipping preparing app data for com.android.scheduling
05-29 20:44:53.786 W/PackageManager( 720): Skipping preparing app data for com.google.android.widevine.nonupdatable
05-29 20:44:53.787 W/PackageManager( 720): Skipping preparing app data for com.android.permission
05-29 20:44:53.787 W/PackageManager( 720): Skipping preparing app data for com.android.art
05-29 20:44:53.787 W/PackageManager( 720): Skipping preparing app data for com.android.uwb
05-29 20:44:53.787 W/PackageManager( 720): Skipping preparing app data for com.android.tethering
05-29 20:44:53.787 W/PackageManager( 720): Skipping preparing app data for com.android.btservices
05-29 20:44:53.787 W/PackageManager( 720): Skipping preparing app data for com.android.media.swcodec
05-29 20:44:53.787 W/PackageManager( 720): Skipping preparing app data for com.android.conscrypt
05-29 20:44:53.788 W/PackageManager( 720): Skipping preparing app data for com.android.adbd
05-29 20:44:53.788 W/PackageManager( 720): Skipping preparing app data for com.android.i18n
05-29 20:44:53.788 W/PackageManager( 720): Skipping preparing app data for com.android.rkpd
05-29 20:44:53.788 W/PackageManager( 720): Skipping preparing app data for com.android.virt
05-29 20:44:53.788 W/PackageManager( 720): Skipping preparing app data for com.android.wifi
05-29 20:44:53.788 W/PackageManager( 720): Skipping preparing app data for com.android.runtime
05-29 20:44:53.788 W/PackageManager( 720): Skipping preparing app data for com.android.devicelock
05-29 20:44:53.788 W/PackageManager( 720): Skipping preparing app data for com.android.apex.cts.shim
05-29 20:44:53.788 W/PackageManager( 720): Skipping preparing app data for com.android.neuralnetworks
05-29 20:44:53.788 W/PackageManager( 720): Skipping preparing app data for com.android.healthfitness
05-29 20:44:53.788 W/PackageManager( 720): Skipping preparing app data for com.android.resolv
05-29 20:44:53.788 W/PackageManager( 720): Skipping preparing app data for com.android.sdkext
05-29 20:44:53.788 W/PackageManager( 720): Skipping preparing app data for com.android.tzdata
05-29 20:44:53.788 W/PackageManager( 720): Skipping preparing app data for com.android.vndk.v34
05-29 20:44:53.788 W/PackageManager( 720): Skipping preparing app data for com.android.os.statsd
05-29 20:44:53.789 W/PackageManager( 720): Skipping preparing app data for com.android.extservices
05-29 20:44:53.789 W/PackageManager( 720): Skipping preparing app data for com.amlogic.mediaextractor
05-29 20:44:53.789 W/PackageManager( 720): Skipping preparing app data for com.android.ipsec
05-29 20:44:53.789 W/PackageManager( 720): Skipping preparing app data for com.android.media
05-29 20:44:53.789 W/PackageManager( 720): Skipping preparing app data for com.android.sdksandbox
05-29 20:44:53.789 W/PackageManager( 720): Skipping preparing app data for com.android.mediaprovider
05-29 20:44:53.789 W/PackageManager( 720): Skipping preparing app data for com.android.ondevicepersonalization
05-29 20:44:53.814 W/NotificationHistory( 720): Attempted to add notif for locked/gone/disabled user 0
05-29 20:44:53.849 I/DeviceLockControllerApplication( 1353): onCreate
05-29 20:44:53.853 I/DeviceStateControllerImpl( 1353): Starting state is 0
05-29 20:44:53.857 I/UserRestrictionsPolicyHandler( 1353): Build type DEBUG = false
05-29 20:44:53.874 D/CompatibilityChangeReporter( 720): Compat change id reported: 261072174; UID 10059; state: ENABLED
05-29 20:44:53.876 I/DlcClient( 1353): Binding com.android.devicelockcontroller/.storage.SetupParametersService
05-29 20:44:53.885 I/DeviceLockControllerApplication( 1353): Policies enforced
05-29 20:44:53.965 V/PackageManager( 720): reconcileAppsData finished 163 packages
05-29 20:44:53.965 I/ActivityManager( 720): User 0 state changed from RUNNING_LOCKED to RUNNING_UNLOCKING
05-29 20:44:53.966 D/ActivityManager( 720): Unlocking user 0 progress 20
05-29 20:44:53.966 W/Looper ( 720): Slow dispatch took 368ms android.fg h=android.os.Handler c=com.android.server.am.UserController$$ExternalSyntheticLambda2@d2d2103 m=0
05-29 20:44:53.966 D/SystemServerTimingAsync( 720): ssm.UnlockingUser-0
05-29 20:44:53.966 W/Looper ( 720): Slow delivery took 368ms android.fg h=android.os.Handler c=com.android.server.am.UserController$$ExternalSyntheticLambda9@7982880 m=0
05-29 20:44:53.966 I/SystemServiceManager( 720): Calling onUnlockingUser 0
05-29 20:44:53.966 D/SystemServerTimingAsync( 720): ssm.onUnlockingUser-0_com.android.server.security.FileIntegrityService
05-29 20:44:53.967 D/SystemServerTimingAsync( 720): ssm.onUnlockingUser-0_com.android.server.pm.Installer
05-29 20:44:53.967 D/SystemServerTimingAsync( 720): ssm.onUnlockingUser-0_com.android.server.os.DeviceIdentifiersPolicyService
05-29 20:44:53.967 D/SystemServerTimingAsync( 720): ssm.onUnlockingUser-0_com.android.server.flags.FeatureFlagsService
05-29 20:44:53.967 D/SystemServerTimingAsync( 720): ssm.onUnlockingUser-0_com.android.server.uri.UriGrantsManagerService$Lifecycle
05-29 20:44:53.967 I/BroadcastQueue( 720): BOOT_COMPLETED_BROADCAST_COMPLETION_LATENCY_REPORTED action:android.intent.action.LOCKED_BOOT_COMPLETED dispatchLatency:27 completeLatency:395 dispatchRealLatency:27 completeRealLatency:395 receiversSize:4 userId:0 userType:android.os.usertype.full.SYSTEM
05-29 20:44:53.967 D/SystemServerTimingAsync( 720): ssm.onUnlockingUser-0_com.android.server.powerstats.PowerStatsService
05-29 20:44:53.967 D/SystemServerTimingAsync( 720): ssm.onUnlockingUser-0_com.android.server.permission.access.AccessCheckingService
05-29 20:44:53.967 D/SystemServerTimingAsync( 720): ssm.onUnlockingUser-0_com.android.server.wm.ActivityTaskManagerService$Lifecycle
05-29 20:44:53.967 D/SystemServerTimingAsync( 720): ssm.onUnlockingUser-0_com.android.server.am.ActivityManagerService$Lifecycle
05-29 20:44:53.967 D/SystemServerTimingAsync( 720): ssm.onUnlockingUser-0_com.android.server.pm.DataLoaderManagerService
05-29 20:44:53.967 D/SystemServerTimingAsync( 720): ssm.onUnlockingUser-0_com.android.server.power.PowerManagerService
05-29 20:44:53.967 D/SystemServerTimingAsync( 720): ssm.onUnlockingUser-0_com.android.server.power.ThermalManagerService
05-29 20:44:53.967 D/SystemServerTimingAsync( 720): ssm.onUnlockingUser-0_com.android.server.power.hint.HintManagerService
05-29 20:44:53.967 D/SystemServerTimingAsync( 720): ssm.onUnlockingUser-0_com.android.server.recoverysystem.RecoverySystemService$Lifecycle
05-29 20:44:53.967 D/SystemServerTimingAsync( 720): ssm.onUnlockingUser-0_com.android.server.lights.LightsService
05-29 20:44:53.967 D/SystemServerTimingAsync( 720): ssm.onUnlockingUser-0_com.android.server.display.DisplayManagerService
05-29 20:44:53.967 D/SystemServerTimingAsync( 720): ssm.onUnlockingUser-0_com.android.server.pm.verify.domain.DomainVerificationService
05-29 20:44:53.967 D/SystemServerTimingAsync( 720): ssm.onUnlockingUser-0_com.android.server.pm.PackageInstallerService$Lifecycle
05-29 20:44:53.967 D/SystemServerTimingAsync( 720): ssm.onUnlockingUser-0_com.android.server.pm.UserManagerService$LifeCycle
05-29 20:44:53.967 D/SystemServerTimingAsync( 720): ssm.onUnlockingUser-0_com.android.server.om.OverlayManagerService
05-29 20:44:53.967 D/SystemServerTimingAsync( 720): ssm.onUnlockingUser-0_com.android.server.resources.ResourcesManagerService
05-29 20:44:53.967 D/SystemServerTimingAsync( 720): ssm.onUnlockingUser-0_com.android.server.sensorprivacy.SensorPrivacyService
05-29 20:44:53.967 D/SystemServerTimingAsync( 720): ssm.onUnlockingUser-0_com.android.server.sensors.SensorService
05-29 20:44:53.967 D/SystemServerTimingAsync( 720): ssm.onUnlockingUser-0_com.android.server.SystemConfigService
05-29 20:44:53.967 D/SystemServerTimingAsync( 720): ssm.onUnlockingUser-0_com.android.server.BatteryService
05-29 20:44:53.967 D/SystemServerTimingAsync( 720): ssm.onUnlockingUser-0_com.android.server.usage.UsageStatsService
05-29 20:44:53.967 D/SystemServerTimingAsync( 720): ssm.onUnlockingUser-0_com.android.server.webkit.WebViewUpdateService
05-29 20:44:53.967 D/SystemServerTimingAsync( 720): ssm.onUnlockingUser-0_com.android.server.CachedDeviceStateService
05-29 20:44:53.967 D/SystemServerTimingAsync( 720): ssm.onUnlockingUser-0_com.android.server.BinderCallsStatsService$LifeCycle
05-29 20:44:53.967 D/SystemServerTimingAsync( 720): ssm.onUnlockingUser-0_com.android.server.LooperStatsService$Lifecycle
05-29 20:44:53.967 D/SystemServerTimingAsync( 720): ssm.onUnlockingUser-0_com.android.server.rollback.RollbackManagerService
05-29 20:44:53.967 W/Looper ( 720): Drained
05-29 20:44:53.968 D/SystemServerTimingAsync( 720): ssm.onUnlockingUser-0_com.android.server.os.NativeTombstoneManagerService
05-29 20:44:53.968 D/SystemServerTimingAsync( 720): ssm.onUnlockingUser-0_com.android.server.os.BugreportManagerService
05-29 20:44:53.968 D/SystemServerTimingAsync( 720): ssm.onUnlockingUser-0_com.android.server.gpu.GpuService
05-29 20:44:53.968 D/SystemServerTimingAsync( 720): ssm.onUnlockingUser-0_com.android.server.security.rkp.RemoteProvisioningService
05-29 20:44:53.968 D/SystemServerTimingAsync( 720): ssm.onUnlockingUser-0_com.android.server.security.KeyChainSystemService
05-29 20:44:53.968 D/SystemServerTimingAsync( 720): ssm.onUnlockingUser-0_com.android.server.BinaryTransparencyService
05-29 20:44:53.968 D/SystemServerTimingAsync( 720): ssm.onUnlockingUser-0_com.android.server.accounts.AccountManagerService$Lifecycle
05-29 20:44:53.968 D/SystemServerTimingAsync( 720): ssm.onUnlockingUser-0_com.android.server.content.ContentService$Lifecycle
05-29 20:44:53.968 D/SystemServerTimingAsync( 720): ssm.onUnlockingUser-0_com.android.server.deviceconfig.DeviceConfigInit$Lifecycle
05-29 20:44:53.968 D/SystemServerTimingAsync( 720): ssm.onUnlockingUser-0_com.android.server.DropBoxManagerService
05-29 20:44:53.968 D/SystemServerTimingAsync( 720): ssm.onUnlockingUser-0_com.android.role.RoleService
05-29 20:44:53.968 D/SystemServerTimingAsync( 720): ssm.onUnlockingUser-0_com.android.server.vibrator.VibratorManagerService$Lifecycle
05-29 20:44:53.968 D/SystemServerTimingAsync( 720): ssm.onUnlockingUser-0_com.android.server.tare.InternalResourceService
05-29 20:44:53.968 D/SystemServerTimingAsync( 720): ssm.onUnlockingUser-0_com.android.server.alarm.AlarmManagerService
05-29 20:44:53.968 D/SystemServerTimingAsync( 720): ssm.onUnlockingUser-0_com.android.server.devicestate.DeviceStateManagerService
05-29 20:44:53.968 D/SystemServerTimingAsync( 720): ssm.onUnlockingUser-0_com.android.server.camera.CameraServiceProxy
05-29 20:44:53.968 D/SystemServerTimingAsync( 720): ssm.onUnlockingUser-0_com.android.server.bluetooth.BluetoothService
05-29 20:44:53.969 D/SystemServerTimingAsync( 720): ssm.onUnlockingUser-0_com.android.server.connectivity.IpConnectivityMetrics
05-29 20:44:53.969 D/SystemServerTimingAsync( 720): ssm.onUnlockingUser-0_com.android.server.net.watchlist.NetworkWatchlistService$Lifecycle
05-29 20:44:53.969 D/SystemServerTimingAsync( 720): ssm.onUnlockingUser-0_com.android.server.PinnerService
05-29 20:44:53.969 D/SystemServerTimingAsync( 720): ssm.onUnlockingUser-0_com.android.server.integrity.AppIntegrityManagerService
05-29 20:44:53.969 D/SystemServerTimingAsync( 720): ssm.onUnlockingUser-0_com.android.server.logcat.LogcatManagerService
05-29 20:44:53.969 D/SystemServerTimingAsync( 720): ssm.onUnlockingUser-0_com.android.server.inputmethod.InputMethodManagerService$Lifecycle
05-29 20:44:53.969 D/SystemServerTimingAsync( 720): ssm.onUnlockingUser-0_com.android.server.accessibility.AccessibilityManagerService$Lifecycle
05-29 20:44:53.969 D/SystemServerTimingAsync( 720): ssm.onUnlockingUser-0_com.android.server.StorageManagerService$Lifecycle
05-29 20:44:53.969 D/StorageManagerService( 720): onUnlockUser 0
05-29 20:44:53.969 I/StorageSessionController( 720): On user unlock 0
05-29 20:44:53.969 I/StorageSessionController( 720): Initialialising...
05-29 20:44:53.971 I/vold ( 278): onUserStarted: 0
05-29 20:44:53.977 V/StorageManagerService( 720): Found primary storage at VolumeInfo{emulated;0}:
05-29 20:44:53.977 V/StorageManagerService( 720): type=EMULATED diskId=null partGuid= mountFlags=0 mountUserId=0
05-29 20:44:53.977 V/StorageManagerService( 720): state=UNMOUNTED
05-29 20:44:53.977 V/StorageManagerService( 720): fsType=null fsUuid=null fsLabel=null
05-29 20:44:53.977 V/StorageManagerService( 720): path=null internalPath=null
05-29 20:44:53.978 I/StorageManagerService( 720): Mounting volume VolumeInfo{emulated;0}:
05-29 20:44:53.978 I/StorageManagerService( 720): type=EMULATED diskId=null partGuid= mountFlags=PRIMARY|VISIBLE_FOR_WRITE
05-29 20:44:53.978 I/StorageManagerService( 720): mountUserId=0 state=UNMOUNTED
05-29 20:44:53.978 I/StorageManagerService( 720): fsType=null fsUuid=null fsLabel=null
05-29 20:44:53.978 I/StorageManagerService( 720): path=null internalPath=null
05-29 20:44:53.980 I/vold ( 278): Mounting emulated fuse volume
05-29 20:44:53.982 D/SystemServerTimingAsync( 720): ssm.onUnlockingUser-0_com.android.server.usage.StorageStatsService$Lifecycle
05-29 20:44:53.982 D/SystemServerTimingAsync( 720): ssm.onUnlockingUser-0_com.android.server.UiModeManagerService
05-29 20:44:53.982 D/SystemServerTimingAsync( 720): ssm.onUnlockingUser-0_com.android.server.locales.LocaleManagerService
05-29 20:44:53.982 D/SystemServerTimingAsync( 720): ssm.onUnlockingUser-0_com.android.server.grammaticalinflection.GrammaticalInflectionService
05-29 20:44:53.982 D/SystemServerTimingAsync( 720): ssm.onUnlockingUser-0_com.android.server.apphibernation.AppHibernationService
05-29 20:44:53.982 D/SystemServerTimingAsync( 720): ssm.onUnlockingUser-0_com.android.server.locksettings.LockSettingsService$Lifecycle
05-29 20:44:53.983 D/SystemServerTimingAsync( 720): ssm.onUnlockingUser-0_com.android.server.PersistentDataBlockService
05-29 20:44:53.983 D/SystemServerTimingAsync( 720): ssm.onUnlockingUser-0_com.android.server.testharness.TestHarnessModeService
05-29 20:44:53.983 I/HibernationStateDiskStore( 720): No hibernation file on disk for file /data/system_ce/0/hibernation/states
05-29 20:44:53.983 D/SystemServerTimingAsync( 720): ssm.onUnlockingUser-0_com.android.server.oemlock.OemLockService
05-29 20:44:53.983 D/SystemServerTimingAsync( 720): ssm.onUnlockingUser-0_com.android.server.DeviceIdleController
05-29 20:44:53.983 D/SystemServerTimingAsync( 720): ssm.onUnlockingUser-0_com.android.server.devicepolicy.DevicePolicyManagerService$Lifecycle
05-29 20:44:53.983 D/LockSettingsService( 720): Hiding encryption notification for user 0
05-29 20:44:53.983 D/CompatibilityChangeReporter( 720): Compat change id reported: 261072174; UID 1000; state: ENABLED
05-29 20:44:53.983 D/SystemServerTimingAsync( 720): ssm.onUnlockingUser-0_com.android.server.texttospeech.TextToSpeechManagerService
05-29 20:44:53.985 D/SystemServerTimingAsync( 720): ssm.onUnlockingUser-0_com.android.server.ambientcontext.AmbientContextManagerService
05-29 20:44:53.985 I/AmbientContextManagerService( 720): serviceNames sent in newServiceListLocked is null, or empty
05-29 20:44:53.985 D/SystemServerTimingAsync( 720): ssm.onUnlockingUser-0_com.android.server.wearable.WearableSensingManagerService
05-29 20:44:53.985 D/WearableSensingManagerService( 720): onServiceRemoved
05-29 20:44:53.985 D/WearableSensingManagerPerUserService( 720): Trying to cancel the remote request. Reason: Service destroyed.
05-29 20:44:53.986 D/SystemServerTimingAsync( 720): ssm.onUnlockingUser-0_com.android.server.speech.SpeechRecognitionManagerService
05-29 20:44:53.986 W/BatteryExternalStatsWorker( 720): error reading modem stats:ERROR_PHONE_NOT_AVAILABLE
05-29 20:44:53.986 D/SystemServerTimingAsync( 720): ssm.onUnlockingUser-0_com.android.server.searchui.SearchUiManagerService
05-29 20:44:53.986 W/BatteryExternalStatsWorker( 720): error reading Bluetooth stats: 11
05-29 20:44:53.987 D/SystemServerTimingAsync( 720): ssm.onUnlockingUser-0_com.android.server.smartspace.SmartspaceManagerService
05-29 20:44:53.987 D/SystemServerTimingAsync( 720): ssm.onUnlockingUser-0_com.android.server.graphics.fonts.FontManagerService$Lifecycle
05-29 20:44:53.987 D/SystemServerTimingAsync( 720): ssm.onUnlockingUser-0_com.android.server.textservices.TextServicesManagerService$Lifecycle
05-29 20:44:53.987 W/TextServicesManagerService( 720): no available spell checker services found
05-29 20:44:53.988 D/SystemServerTimingAsync( 720): ssm.onUnlockingUser-0_com.android.server.textclassifier.TextClassificationManagerService$Lifecycle
05-29 20:44:53.988 D/SystemServerTimingAsync( 720): ssm.onUnlockingUser-0_com.android.server.NetworkScoreService$Lifecycle
05-29 20:44:53.988 D/SystemServerTimingAsync( 720): ssm.onUnlockingUser-0_com.android.server.NetworkStatsServiceInitializer
05-29 20:44:53.988 D/SystemServerTimingAsync( 720): ssm.onUnlockingUser-0_com.android.server.wifi.WifiService
05-29 20:44:53.989 D/SystemServerTimingAsync( 720): ssm.onUnlockingUser-0_com.android.server.wifi.scanner.WifiScanningService
05-29 20:44:53.991 D/SystemServerTimingAsync( 720): ssm.onUnlockingUser-0_com.android.server.wifi.p2p.WifiP2pService
05-29 20:44:53.991 D/SystemServerTimingAsync( 720): ssm.onUnlockingUser-0_com.android.server.ConnectivityServiceInitializer
05-29 20:44:53.991 D/SystemServerTimingAsync( 720): ssm.onUnlockingUser-0_com.android.server.notification.NotificationManagerService
05-29 20:44:53.991 D/SystemServerTimingAsync( 720): ssm.onUnlockingUser-0_com.android.server.storage.DeviceStorageMonitorService
05-29 20:44:53.991 D/SystemServerTimingAsync( 720): ssm.onUnlockingUser-0_com.android.server.timedetector.TimeDetectorService$Lifecycle
05-29 20:44:53.991 D/SystemServerTimingAsync( 720): ssm.onUnlockingUser-0_com.android.server.location.LocationManagerService$Lifecycle
05-29 20:44:53.991 D/SystemServerTimingAsync( 720): ssm.onUnlockingUser-0_com.android.server.timezonedetector.TimeZoneDetectorService$Lifecycle
05-29 20:44:53.991 D/SystemServerTimingAsync( 720): ssm.onUnlockingUser-0_com.android.server.location.altitude.AltitudeService$Lifecycle
05-29 20:44:53.991 D/SystemServerTimingAsync( 720): ssm.onUnlockingUser-0_com.android.server.timezonedetector.location.LocationTimeZoneManagerService$Lifecycle
05-29 20:44:53.991 D/SystemServerTimingAsync( 720): ssm.onUnlockingUser-0_com.android.server.search.SearchManagerService$Lifecycle
05-29 20:44:53.992 D/SystemServerTimingAsync( 720): ssm.onUnlockingUser-0_com.android.server.wallpaper.WallpaperManagerService$Lifecycle
05-29 20:44:53.992 D/SystemServerTimingAsync( 720): ssm.onUnlockingUser-0_com.android.server.wallpapereffectsgeneration.WallpaperEffectsGenerationManagerService
05-29 20:44:53.992 D/SystemServerTimingAsync( 720): ssm.onUnlockingUser-0_com.android.server.audio.AudioService$Lifecycle
05-29 20:44:53.992 D/SystemServerTimingAsync( 720): ssm.onUnlockingUser-0_com.android.server.soundtrigger_middleware.SoundTriggerMiddlewareService$Lifecycle
05-29 20:44:53.992 D/SystemServerTimingAsync( 720): ssm.onUnlockingUser-0_com.android.server.adb.AdbService$Lifecycle
05-29 20:44:53.992 D/SystemServerTimingAsync( 720): ssm.onUnlockingUser-0_com.android.server.usb.UsbService$Lifecycle
05-29 20:44:53.993 I/vold ( 278): Bind mounting /data/media to /mnt/pass_through/0/emulated
05-29 20:44:53.994 D/SystemServerTimingAsync( 720): ssm.onUnlockingUser-0_com.android.server.twilight.TwilightService
05-29 20:44:53.994 D/SystemServerTimingAsync( 720): ssm.onUnlockingUser-0_com.android.server.display.color.ColorDisplayService
05-29 20:44:53.994 D/SystemServerTimingAsync( 720): ssm.onUnlockingUser-0_com.android.server.job.JobSchedulerService
05-29 20:44:53.994 D/SystemServerTimingAsync( 720): ssm.onUnlockingUser-0_com.android.server.soundtrigger.SoundTriggerService
05-29 20:44:53.994 D/SystemServerTimingAsync( 720): ssm.onUnlockingUser-0_com.android.server.trust.TrustManagerService
05-29 20:44:53.994 D/SystemServerTimingAsync( 720): ssm.onUnlockingUser-0_com.android.server.backup.BackupManagerService$Lifecycle
05-29 20:44:53.994 D/SystemServerTimingAsync( 720): ssm.onUnlockingUser-0_com.android.server.appwidget.AppWidgetService
05-29 20:44:53.994 D/SystemServerTimingAsync( 720): ssm.onUnlockingUser-0_com.android.server.voiceinteraction.VoiceInteractionManagerService
05-29 20:44:53.995 W/VoiceInteractionManager( 720): no available voice recognition services found for user 0
05-29 20:44:53.996 D/SystemServerTimingAsync( 720): ssm.onUnlockingUser-0_com.android.server.GestureLauncherService
05-29 20:44:53.996 D/SystemServerTimingAsync( 720): ssm.onUnlockingUser-0_com.android.server.SensorNotificationService
05-29 20:44:53.996 D/SystemServerTimingAsync( 720): ssm.onUnlockingUser-0_com.android.server.emergency.EmergencyAffordanceService
05-29 20:44:53.996 D/SystemServerTimingAsync( 720): ssm.onUnlockingUser-0_com.android.server.blob.BlobStoreManagerService
05-29 20:44:53.996 D/SystemServerTimingAsync( 720): ssm.onUnlockingUser-0_com.android.server.dreams.DreamManagerService
05-29 20:44:53.996 D/SystemServerTimingAsync( 720): ssm.onUnlockingUser-0_com.android.server.security.AttestationVerificationManagerService
05-29 20:44:53.996 D/SystemServerTimingAsync( 720): ssm.onUnlockingUser-0_com.android.server.restrictions.RestrictionsManagerService
05-29 20:44:53.996 I/BackupManagerService( 720): Starting service for user: 0
05-29 20:44:53.996 D/SystemServerTimingAsync( 720): ssm.onUnlockingUser-0_com.android.server.media.MediaSessionService
05-29 20:44:53.996 D/SystemServerTimingAsync( 720): ssm.onUnlockingUser-0_com.android.server.hdmi.HdmiControlService
05-29 20:44:53.996 D/SystemServerTimingAsync( 720): ssm.onUnlockingUser-0_com.android.server.tv.interactive.TvInteractiveAppManagerService
05-29 20:44:53.996 D/SystemServerTimingAsync( 720): ssm.onUnlockingUser-0_com.android.server.tv.TvInputManagerService
05-29 20:44:53.997 D/SystemServerTimingAsync( 720): ssm.onUnlockingUser-0_com.android.server.media.MediaResourceMonitorService
05-29 20:44:53.997 D/SystemServerTimingAsync( 720): ssm.onUnlockingUser-0_com.android.server.tv.TvRemoteService
05-29 20:44:53.997 D/SystemServerTimingAsync( 720): ssm.onUnlockingUser-0_com.android.server.biometrics.BiometricService
05-29 20:44:53.997 D/SystemServerTimingAsync( 720): ssm.onUnlockingUser-0_com.android.server.biometrics.AuthService
05-29 20:44:53.997 D/SystemServerTimingAsync( 720): ssm.onUnlockingUser-0_com.android.server.pm.ShortcutService$Lifecycle
05-29 20:44:53.998 D/SystemServerTimingAsync( 720): ssm.onUnlockingUser-0_com.android.server.pm.LauncherAppsService
05-29 20:44:53.998 D/SystemServerTimingAsync( 720): ssm.onUnlockingUser-0_com.android.server.pm.CrossProfileAppsService
05-29 20:44:53.998 D/SystemServerTimingAsync( 720): ssm.onUnlockingUser-0_com.android.server.people.PeopleService
05-29 20:44:53.998 D/SystemServerTimingAsync( 720): ssm.onUnlockingUser-0_com.android.server.media.metrics.MediaMetricsManagerService
05-29 20:44:53.998 D/SystemServerTimingAsync( 720): ssm.onUnlockingUser-0_com.android.server.pm.BackgroundInstallControlService
05-29 20:44:53.998 D/SystemServerTimingAsync( 720): ssm.onUnlockingUser-0_com.android.server.media.projection.MediaProjectionManagerService
05-29 20:44:53.998 D/SystemServerTimingAsync( 720): ssm.onUnlockingUser-0_com.android.server.slice.SliceManagerService$Lifecycle
05-29 20:44:53.998 D/SystemServerTimingAsync( 720): ssm.onUnlockingUser-0_com.android.server.stats.StatsCompanion$Lifecycle
05-29 20:44:53.998 D/SystemServerTimingAsync( 720): ssm.onUnlockingUser-0_com.android.server.scheduling.RebootReadinessManagerService$Lifecycle
05-29 20:44:53.998 D/SystemServerTimingAsync( 720): ssm.onUnlockingUser-0_com.android.server.stats.pull.StatsPullAtomService
05-29 20:44:53.998 D/SystemServerTimingAsync( 720): ssm.onUnlockingUser-0_com.android.server.stats.bootstrap.StatsBootstrapAtomService$Lifecycle
05-29 20:44:53.998 D/SystemServerTimingAsync( 720): ssm.onUnlockingUser-0_com.android.server.incident.IncidentCompanionService
05-29 20:44:53.998 D/SystemServerTimingAsync( 720): ssm.onUnlockingUser-0_com.android.server.sdksandbox.SdkSandboxManagerService$Lifecycle
05-29 20:44:53.998 D/SystemServerTimingAsync( 720): ssm.onUnlockingUser-0_com.android.server.adservices.AdServicesManagerService$Lifecycle
05-29 20:44:53.998 D/SystemServerTimingAsync( 720): ssm.onUnlockingUser-0_com.android.server.ondevicepersonalization.OnDevicePersonalizationSystemService$Lifecycle
05-29 20:44:53.998 D/SystemServerTimingAsync( 720): ssm.onUnlockingUser-0_com.android.server.autofill.AutofillManagerService
05-29 20:44:53.999 V/BackupManagerService( 720): [UserID:0] Starting with transport com.android.localtransport/.LocalTransport
05-29 20:44:54.000 D/SystemServerTimingAsync( 720): ssm.onUnlockingUser-0_com.android.server.clipboard.ClipboardService
05-29 20:44:54.000 D/SystemServerTimingAsync( 720): ssm.onUnlockingUser-0_com.android.server.appbinding.AppBindingService$Lifecycle
05-29 20:44:54.000 W/AppBindingService( 720): [Default SMS app] u0 Target package not found
05-29 20:44:54.000 D/SystemServerTimingAsync( 720): ssm.onUnlockingUser-0_com.android.server.tracing.TracingServiceProxy
05-29 20:44:54.000 D/SystemServerTimingAsync( 720): ssm.onUnlockingUser-0_com.android.server.policy.PermissionPolicyService
05-29 20:44:54.000 D/SystemServerTimingAsync( 720): ssm.onUnlockingUser-0_com.android.server.pm.StagingManager$Lifecycle
05-29 20:44:54.000 D/SystemServerTimingAsync( 720): ssm.onUnlockingUser-0_com.android.server.app.GameManagerService$Lifecycle
05-29 20:44:54.000 D/SystemServerTimingAsync( 720): ssm.onUnlockingUser-0_com.android.safetycenter.SafetyCenterService
05-29 20:44:54.000 D/SystemServerTimingAsync( 720): ssm.onUnlockingUser-0_com.android.server.appsearch.AppSearchModule$Lifecycle
05-29 20:44:54.006 D/SystemServerTimingAsync( 720): ssm.onUnlockingUser-0_com.android.server.media.MediaCommunicationService
05-29 20:44:54.006 D/SystemServerTimingAsync( 720): ssm.onUnlockingUser-0_com.android.server.compat.overrides.AppCompatOverridesService$Lifecycle
05-29 20:44:54.006 D/SystemServerTimingAsync( 720): ssm.onUnlockingUser-0_com.android.server.healthconnect.HealthConnectManagerService
05-29 20:44:54.006 D/SystemServerTimingAsync( 720): ssm.onUnlockingUser-0_com.android.server.devicelock.DeviceLockService
05-29 20:44:54.006 D/DeviceLockService( 720): onUserUnlocking
05-29 20:44:54.006 D/SystemServerTiming( 720): finishUserUnlocked-0
05-29 20:44:54.007 I/ActivityManager( 720): User 0 state changed from RUNNING_UNLOCKING to RUNNING_UNLOCKED
05-29 20:44:54.007 I/ActivityTaskManager( 720): Loading recents for user 0 into memory.
05-29 20:44:54.007 V/SystemServerTiming( 720): SystemUserUnlock took to complete: 410ms
05-29 20:44:54.010 D/BackupManagerService( 720): [UserID:0] Started thread backup-0
05-29 20:44:54.021 I/StorageSessionController( 720): On volume mount VolumeInfo{emulated;0}:
05-29 20:44:54.021 I/StorageSessionController( 720): type=EMULATED diskId=null partGuid= mountFlags=PRIMARY|VISIBLE_FOR_WRITE
05-29 20:44:54.021 I/StorageSessionController( 720): mountUserId=0 state=CHECKING
05-29 20:44:54.021 I/StorageSessionController( 720): fsType=null fsUuid=null fsLabel=null
05-29 20:44:54.021 I/StorageSessionController( 720): path=/storage/emulated internalPath=/data/media
05-29 20:44:54.025 I/StorageSessionController( 720): Creating connection for user: 0
05-29 20:44:54.028 I/StorageSessionController( 720): Creating and starting session with id: emulated;0
05-29 20:44:54.029 I/StorageUserConnection( 720): Binding to the ExternalStorageService for user 0
05-29 20:44:54.044 E/BackupPasswordManager( 720): Unable to read backup pw version
05-29 20:44:54.045 E/BackupPasswordManager( 720): Unable to read saved backup pw hash
05-29 20:44:54.055 I/UsageStatsService( 720): User[0] Rollover scheduled @ 2025-05-30 20:44:54(1748609094001)
05-29 20:44:54.056 I/UsageStatsService( 720): Time changed in by 1748522669 seconds
05-29 20:44:54.067 V/PackageConfigPersister( 720): loadPackages: empty list files from /data/system_ce/0/package_configs
05-29 20:44:54.069 I/ActivityManager( 720): com.dangbei.lerad.etna.haqu is exempt from freezer
05-29 20:44:54.069 D/CompatibilityChangeReporter( 720): Compat change id reported: 135634846; UID 1000; state: DISABLED
05-29 20:44:54.072 D/CompatibilityChangeReporter( 720): Compat change id reported: 135634846; UID 10065; state: DISABLED
05-29 20:44:54.074 I/StorageUserConnection( 720): Bound to the ExternalStorageService for user 0
05-29 20:44:54.077 W/BroadcastLoopers( 720): Found previously unknown looper Thread[ActivityManager,5,main]
05-29 20:44:54.079 I/ActivityManager( 720): Posting BOOT_COMPLETED user #0
05-29 20:44:54.080 I/UsageStatsService( 720): User[0] Flushing usage stats to disk
05-29 20:44:54.086 D/CompatibilityChangeReporter( 720): Compat change id reported: 214016041; UID 1000; state: DISABLED
05-29 20:44:54.086 D/CompatibilityChangeReporter( 720): Compat change id reported: 214016041; UID 1000; state: ENABLED
05-29 20:44:54.087 D/SystemServerTimingAsync( 720): ssm.UnlockedUser-0
05-29 20:44:54.087 I/SystemServiceManager( 720): Calling onUnlockedUser 0
05-29 20:44:54.087 D/SystemServerTimingAsync( 720): ssm.onUnlockedUser-0_com.android.server.security.FileIntegrityService
05-29 20:44:54.087 D/SystemServerTimingAsync( 720): ssm.onUnlockedUser-0_com.android.server.pm.Installer
05-29 20:44:54.087 D/SystemServerTimingAsync( 720): ssm.onUnlockedUser-0_com.android.server.os.DeviceIdentifiersPolicyService
05-29 20:44:54.087 D/SystemServerTimingAsync( 720): ssm.onUnlockedUser-0_com.android.server.flags.FeatureFlagsService
05-29 20:44:54.087 D/SystemServerTimingAsync( 720): ssm.onUnlockedUser-0_com.android.server.uri.UriGrantsManagerService$Lifecycle
05-29 20:44:54.087 D/SystemServerTimingAsync( 720): ssm.onUnlockedUser-0_com.android.server.powerstats.PowerStatsService
05-29 20:44:54.087 D/SystemServerTimingAsync( 720): ssm.onUnlockedUser-0_com.android.server.permission.access.AccessCheckingService
