05-29 20:52:29.964 V/WindowManager( 720): Sent Transition #11 createdAt=05-29 20:52:29.763 via request=TransitionRequestInfo { type = 1, triggerTask = TaskInfo{userId=0 taskId=254 displayId=0 isRunning=true baseIntent=Intent { flg=0x10800000 cmp=com.dangbei.lerad.etna.haqu/com.dangbei.etna.update.ota.OtaUpdateActivity } baseActivity=ComponentInfo{com.dangbei.lerad.etna.haqu/com.dangbei.etna.update.ota.OtaUpdateActivity} topActivity=ComponentInfo{com.dangbei.lerad.etna.haqu/com.dangbei.etna.update.ota.OtaUpdateActivity} origActivity=null realActivity=ComponentInfo{com.dangbei.lerad.etna.haqu/com.dangbei.etna.update.ota.OtaUpdateActivity} numActivities=1 lastActiveTime=479827 supportsMultiWindow=true resizeMode=1 isResizeable=true minWidth=-1 minHeight=-1 defaultMinSize=220 token=WCT{RemoteToken{578f60c Task{b6d8c47 #254 type=standard A=1000:com.dangbei.lerad.etna.haqu}}} topActivityType=1 pictureInPictureParams=null shouldDockBigOverlays=true launchIntoPipHostTaskId=-1 lastParentTaskIdBeforePip=-1 displayCutoutSafeInsets=null topActivityInfo=ActivityInfo{8c09b55 com.dangbei.etna.update.ota.OtaUpdateActivity} launchCookies=[] positionInParent=Point(0, 0) parentTaskId=-1 isFocused=false isVisible=false isVisibleRequested=false isSleeping=false topActivityInSizeCompat=false topActivityEligibleForLetterboxEducation= false isLetterboxDoubleTapEnabled= false topActivityEligibleForUserAspectRatioButton= false topActivityBoundsLetterboxed= false isFromLetterboxDoubleTap= false topActivityLetterboxVerticalPosition= -1 topActivityLetterboxHorizontalPosition= -1 topActivityLetterboxWidth=-1 topActivityLetterboxHeight=-1 isUserFullscreenOverrideEnabled=false isTopActivityTransparent=true locusId=null displayAreaFeatureId=1 cameraCompatControlState=hidden}, remoteTransition = null, displayChange = null, flags = 0 }
05-29 20:52:29.964 V/WindowManager( 720): startWCT=WindowContainerTransaction { changes = {} hops = [] errorCallbackToken=null taskFragmentOrganizer=null }
05-29 20:52:29.965 D/OomAdjuster( 720): Not killing cached processes
05-29 20:52:29.966 V/WindowManager( 720): info={id=11 t=OPEN f=0x0 trk=0 r=[0@Point(0, 0)] c=[{WCT{RemoteToken{578f60c Task{b6d8c47 #254 type=standard A=1000:com.dangbei.lerad.etna.haqu}}} m=OPEN f=TRANSLUCENT leash=Surface(name=Task=254)/@0xc5cae99 sb=Rect(0, 0 - 1920, 1080) eb=Rect(0, 0 - 1920, 1080) d=0}]}
05-29 20:52:29.967 W/ProcessStats( 720): Tracking association SourceState{8907474 com.ktcp.video:daemon/10091 Fgs #710} whose proc state 3 is better than process ProcessState{a8eb676 com.ktcp.video/10091 pkg=com.ktcp.video} proc state 10 (1 skipped)
05-29 20:52:29.993 E/mali_gralloc( 1400): Attempt to call unlock*() on an buffer locked with invalid write locks buffer (0xefa89800)
05-29 20:52:30.001 W/ContextImpl( 720): Calling a method in the system process without a qualified user: android.app.ContextImpl.startService:1899 com.android.server.wm.DisplayPolicy.lambda$focusChangedLw$5:2126 com.android.server.wm.DisplayPolicy.$r8$lambda$Znxk63oh-WzVnzo_WQefN7uxV48:0 com.android.server.wm.DisplayPolicy$$ExternalSyntheticLambda13.run:0 android.os.Handler.handleCallback:958
05-29 20:52:30.002 E/mali_gralloc( 1400): Attempt to call unlock*() on an buffer locked with invalid write locks buffer (0xefa89800)
05-29 20:52:30.006 D/aaa ( 1665): LedStatusService onStartCommand begin
05-29 20:52:30.007 D/aaa ( 1665): topPkg is -------------- :com.dangbei.lerad.etna.haqu
05-29 20:52:30.020 E/mali_gralloc( 1400): Attempt to call unlock*() on an buffer locked with invalid write locks buffer (0xefa89800)
05-29 20:52:30.056 I/ImeTracker( 720): com.dangbei.lerad.etna.haqu:74923666: onRequestHide at ORIGIN_SERVER_HIDE_INPUT reason HIDE_UNSPECIFIED_WINDOW
05-29 20:52:30.057 I/ImeTracker( 720): com.dangbei.lerad.etna.haqu:74923666: onCancelled at PHASE_SERVER_SHOULD_HIDE
05-29 20:52:30.059 I/DefaultIMS( 1431): onStartInput attribute=android.view.inputmethod.EditorInfo@a472c1b restarting=false inputType: 0
05-29 20:52:30.063 E/mali_gralloc( 1400): Attempt to call unlock*() on an buffer locked with invalid write locks buffer (0xefa89800)
05-29 20:52:30.073 E/mali_gralloc( 1400): Attempt to call unlock*() on an buffer locked with invalid write locks buffer (0xefa89800)
05-29 20:52:30.086 E/mali_gralloc( 1400): Attempt to call unlock*() on an buffer locked with invalid write locks buffer (0xefa89800)
05-29 20:52:30.120 E/mali_gralloc( 1400): Attempt to call unlock*() on an buffer locked with invalid write locks buffer (0xefa89800)
05-29 20:52:30.136 E/mali_gralloc( 1400): Attempt to call unlock*() on an buffer locked with invalid write locks buffer (0xefa89800)
05-29 20:52:30.141 E/mali_gralloc( 1400): Attempt to call unlock*() on an buffer locked with invalid write locks buffer (0xefa89800)
05-29 20:52:30.182 E/mali_gralloc( 1400): Attempt to call unlock*() on an buffer locked with invalid write locks buffer (0xefa89800)
05-29 20:52:30.200 E/mali_gralloc( 1400): Attempt to call unlock*() on an buffer locked with invalid write locks buffer (0xefa89800)
05-29 20:52:30.206 E/mali_gralloc( 1400): Attempt to call unlock*() on an buffer locked with invalid write locks buffer (0xefa89800)
05-29 20:52:30.236 E/mali_gralloc( 1400): Attempt to call unlock*() on an buffer locked with invalid write locks buffer (0xefa89800)
05-29 20:52:30.247 E/mali_gralloc( 1400): Attempt to call unlock*() on an buffer locked with invalid write locks buffer (0xefa89800)
05-29 20:52:30.253 E/mali_gralloc( 1400): Attempt to call unlock*() on an buffer locked with invalid write locks buffer (0xefa89800)
05-29 20:52:30.287 E/mali_gralloc( 1400): Attempt to call unlock*() on an buffer locked with invalid write locks buffer (0xefa89800)
05-29 20:52:30.306 E/mali_gralloc( 1400): Attempt to call unlock*() on an buffer locked with invalid write locks buffer (0xefa89800)
05-29 20:52:30.312 E/mali_gralloc( 1400): Attempt to call unlock*() on an buffer locked with invalid write locks buffer (0xefa89800)
05-29 20:52:30.353 E/mali_gralloc( 1400): Attempt to call unlock*() on an buffer locked with invalid write locks buffer (0xefa89800)
05-29 20:52:30.364 E/mali_gralloc( 1400): Attempt to call unlock*() on an buffer locked with invalid write locks buffer (0xefa89800)
05-29 20:52:30.370 E/mali_gralloc( 1400): Attempt to call unlock*() on an buffer locked with invalid write locks buffer (0xefa89800)
05-29 20:52:30.370 V/WindowManagerShell( 950): Transition animation finished (aborted=false), notifying core (#11)android.os.BinderProxy@ac2cca4@0
05-29 20:52:30.376 V/WindowManager( 720): Finish Transition #11: created at
05-29 20:52:29.763 collect-started=0.117ms request-sent=11.312ms started=14.555ms ready=25.12ms sent=191.336ms finished=609.022ms
05-29 20:52:30.379 V/WindowManagerShell( 950): Track 0 became idle
05-29 20:52:30.379 V/WindowManagerShell( 950): All active transition animations finished
05-29 20:52:30.421 E/mali_gralloc( 1400): Attempt to call unlock*() on an buffer locked with invalid write locks buffer (0xefa89800)
05-29 20:52:30.431 E/mali_gralloc( 1400): Attempt to call unlock*() on an buffer locked with invalid write locks buffer (0xefa89800)
05-29 20:52:30.437 E/mali_gralloc( 1400): Attempt to call unlock*() on an buffer locked with invalid write locks buffer (0xefa89800)
05-29 20:52:30.490 E/mali_gralloc( 1400): Attempt to call unlock*() on an buffer locked with invalid write locks buffer (0xefa89800)
05-29 20:52:30.500 E/mali_gralloc( 1400): Attempt to call unlock*() on an buffer locked with invalid write locks buffer (0xefa89800)
05-29 20:52:30.506 E/mali_gralloc( 1400): Attempt to call unlock*() on an buffer locked with invalid write locks buffer (0xefa89800)
05-29 20:52:30.553 E/mali_gralloc( 1400): Attempt to call unlock*() on an buffer locked with invalid write locks buffer (0xefa89800)
05-29 20:52:30.564 E/mali_gralloc( 1400): Attempt to call unlock*() on an buffer locked with invalid write locks buffer (0xefa89800)
05-29 20:52:30.574 E/mali_gralloc( 1400): Attempt to call unlock*() on an buffer locked with invalid write locks buffer (0xefa89800)
05-29 20:52:30.622 E/mali_gralloc( 1400): Attempt to call unlock*() on an buffer locked with invalid write locks buffer (0xefa89800)
05-29 20:52:30.632 E/mali_gralloc( 1400): Attempt to call unlock*() on an buffer locked with invalid write locks buffer (0xefa89800)
05-29 20:52:30.638 E/mali_gralloc( 1400): Attempt to call unlock*() on an buffer locked with invalid write locks buffer (0xefa89800)
05-29 20:52:30.671 E/mali_gralloc( 1400): Attempt to call unlock*() on an buffer locked with invalid write locks buffer (0xefa89800)
05-29 20:52:30.681 E/mali_gralloc( 1400): Attempt to call unlock*() on an buffer locked with invalid write locks buffer (0xefa89800)
05-29 20:52:30.687 E/mali_gralloc( 1400): Attempt to call unlock*() on an buffer locked with invalid write locks buffer (0xefa89800)
05-29 20:52:30.721 E/mali_gralloc( 1400): Attempt to call unlock*() on an buffer locked with invalid write locks buffer (0xefa89800)
05-29 20:52:30.731 E/mali_gralloc( 1400): Attempt to call unlock*() on an buffer locked with invalid write locks buffer (0xefa89800)
05-29 20:52:30.737 E/mali_gralloc( 1400): Attempt to call unlock*() on an buffer locked with invalid write locks buffer (0xefa89800)
05-29 20:52:30.771 E/mali_gralloc( 1400): Attempt to call unlock*() on an buffer locked with invalid write locks buffer (0xefa89800)
05-29 20:52:30.785 E/mali_gralloc( 1400): Attempt to call unlock*() on an buffer locked with invalid write locks buffer (0xefa89800)
05-29 20:52:30.791 E/mali_gralloc( 1400): Attempt to call unlock*() on an buffer locked with invalid write locks buffer (0xefa89800)
05-29 20:52:30.837 E/mali_gralloc( 1400): Attempt to call unlock*() on an buffer locked with invalid write locks buffer (0xefa89800)
05-29 20:52:30.847 E/mali_gralloc( 1400): Attempt to call unlock*() on an buffer locked with invalid write locks buffer (0xefa89800)
05-29 20:52:30.854 E/mali_gralloc( 1400): Attempt to call unlock*() on an buffer locked with invalid write locks buffer (0xefa89800)
05-29 20:52:30.887 E/mali_gralloc( 1400): Attempt to call unlock*() on an buffer locked with invalid write locks buffer (0xefa89800)
05-29 20:52:30.897 E/mali_gralloc( 1400): Attempt to call unlock*() on an buffer locked with invalid write locks buffer (0xefa89800)
05-29 20:52:30.904 E/mali_gralloc( 1400): Attempt to call unlock*() on an buffer locked with invalid write locks buffer (0xefa89800)
05-29 20:52:30.937 E/mali_gralloc( 1400): Attempt to call unlock*() on an buffer locked with invalid write locks buffer (0xefa89800)
05-29 20:52:30.947 E/mali_gralloc( 1400): Attempt to call unlock*() on an buffer locked with invalid write locks buffer (0xefa89800)
05-29 20:52:30.954 E/mali_gralloc( 1400): Attempt to call unlock*() on an buffer locked with invalid write locks buffer (0xefa89800)
05-29 20:52:30.987 E/mali_gralloc( 1400): Attempt to call unlock*() on an buffer locked with invalid write locks buffer (0xefa89800)
05-29 20:52:30.998 E/mali_gralloc( 1400): Attempt to call unlock*() on an buffer locked with invalid write locks buffer (0xefa89800)
05-29 20:52:31.004 E/mali_gralloc( 1400): Attempt to call unlock*() on an buffer locked with invalid write locks buffer (0xefa89800)
05-29 20:52:31.038 E/mali_gralloc( 1400): Attempt to call unlock*() on an buffer locked with invalid write locks buffer (0xefa89800)
05-29 20:52:31.048 E/mali_gralloc( 1400): Attempt to call unlock*() on an buffer locked with invalid write locks buffer (0xefa89800)
05-29 20:52:31.055 E/mali_gralloc( 1400): Attempt to call unlock*() on an buffer locked with invalid write locks buffer (0xefa89800)
05-29 20:52:31.104 E/mali_gralloc( 1400): Attempt to call unlock*() on an buffer locked with invalid write locks buffer (0xefa89800)
05-29 20:52:31.114 E/mali_gralloc( 1400): Attempt to call unlock*() on an buffer locked with invalid write locks buffer (0xefa89800)
05-29 20:52:31.121 E/mali_gralloc( 1400): Attempt to call unlock*() on an buffer locked with invalid write locks buffer (0xefa89800)
05-29 20:52:31.154 E/mali_gralloc( 1400): Attempt to call unlock*() on an buffer locked with invalid write locks buffer (0xefa89800)
05-29 20:52:31.164 E/mali_gralloc( 1400): Attempt to call unlock*() on an buffer locked with invalid write locks buffer (0xefa89800)
05-29 20:52:31.171 E/mali_gralloc( 1400): Attempt to call unlock*() on an buffer locked with invalid write locks buffer (0xefa89800)
05-29 20:52:31.204 E/mali_gralloc( 1400): Attempt to call unlock*() on an buffer locked with invalid write locks buffer (0xefa89800)
05-29 20:52:31.214 E/mali_gralloc( 1400): Attempt to call unlock*() on an buffer locked with invalid write locks buffer (0xefa89800)
05-29 20:52:31.221 E/mali_gralloc( 1400): Attempt to call unlock*() on an buffer locked with invalid write locks buffer (0xefa89800)
05-29 20:52:31.255 E/mali_gralloc( 1400): Attempt to call unlock*() on an buffer locked with invalid write locks buffer (0xefa89800)
05-29 20:52:31.270 E/mali_gralloc( 1400): Attempt to call unlock*() on an buffer locked with invalid write locks buffer (0xefa89800)
05-29 20:52:31.275 E/mali_gralloc( 1400): Attempt to call unlock*() on an buffer locked with invalid write locks buffer (0xefa89800)
05-29 20:52:31.321 E/mali_gralloc( 1400): Attempt to call unlock*() on an buffer locked with invalid write locks buffer (0xefa89800)
05-29 20:52:31.331 E/mali_gralloc( 1400): Attempt to call unlock*() on an buffer locked with invalid write locks buffer (0xefa89800)
05-29 20:52:31.338 E/mali_gralloc( 1400): Attempt to call unlock*() on an buffer locked with invalid write locks buffer (0xefa89800)
05-29 20:52:31.371 E/mali_gralloc( 1400): Attempt to call unlock*() on an buffer locked with invalid write locks buffer (0xefa89800)
05-29 20:52:31.381 E/mali_gralloc( 1400): Attempt to call unlock*() on an buffer locked with invalid write locks buffer (0xefa89800)
05-29 20:52:31.388 E/mali_gralloc( 1400): Attempt to call unlock*() on an buffer locked with invalid write locks buffer (0xefa89800)
05-29 20:52:31.422 E/mali_gralloc( 1400): Attempt to call unlock*() on an buffer locked with invalid write locks buffer (0xefa89800)
05-29 20:52:31.436 E/mali_gralloc( 1400): Attempt to call unlock*() on an buffer locked with invalid write locks buffer (0xefa89800)
05-29 20:52:31.441 E/mali_gralloc( 1400): Attempt to call unlock*() on an buffer locked with invalid write locks buffer (0xefa89800)
05-29 20:52:31.459 I/Utils ( 2113): getTargetIp #
05-29 20:52:31.459 I/Utils ( 2113): getTargetIp #
05-29 20:52:31.492 E/mali_gralloc( 1400): Attempt to call unlock*() on an buffer locked with invalid write locks buffer (0xefa89800)
05-29 20:52:31.502 E/mali_gralloc( 1400): Attempt to call unlock*() on an buffer locked with invalid write locks buffer (0xefa89800)
05-29 20:52:31.507 E/mali_gralloc( 1400): Attempt to call unlock*() on an buffer locked with invalid write locks buffer (0xefa89800)
05-29 20:52:31.557 E/mali_gralloc( 1400): Attempt to call unlock*() on an buffer locked with invalid write locks buffer (0xefa89800)
05-29 20:52:31.572 E/mali_gralloc( 1400): Attempt to call unlock*() on an buffer locked with invalid write locks buffer (0xefa89800)
05-29 20:52:31.577 E/mali_gralloc( 1400): Attempt to call unlock*() on an buffer locked with invalid write locks buffer (0xefa89800)
05-29 20:52:31.621 E/mali_gralloc( 1400): Attempt to call unlock*() on an buffer locked with invalid write locks buffer (0xefa89800)
05-29 20:52:31.632 E/mali_gralloc( 1400): Attempt to call unlock*() on an buffer locked with invalid write locks buffer (0xefa89800)
05-29 20:52:31.637 I/WifiHAL ( 531): call wifi_get_link_stats handler
05-29 20:52:31.638 I/WifiHAL ( 531): Creating message to get link statistics; iface = 16
05-29 20:52:31.638 E/mali_gralloc( 1400): Attempt to call unlock*() on an buffer locked with invalid write locks buffer (0xefa89800)
05-29 20:52:31.638 D/WifiHAL ( 531): error code -95 mapped to -3
05-29 20:52:31.639 E/WifiStaIfaceAidlImpl( 720): getLinkLayerStats failed with service-specific exception: android.os.ServiceSpecificException: (code 4)
05-29 20:52:31.666 W/MediaProvider( 1404): isAppCloneUserPair for user 0: false
05-29 20:52:31.672 E/mali_gralloc( 1400): Attempt to call unlock*() on an buffer locked with invalid write locks buffer (0xefa89800)
05-29 20:52:31.682 E/mali_gralloc( 1400): Attempt to call unlock*() on an buffer locked with invalid write locks buffer (0xefa89800)
05-29 20:52:31.690 E/mali_gralloc( 1400): Attempt to call unlock*() on an buffer locked with invalid write locks buffer (0xefa89800)
05-29 20:52:31.696 I/MediaProvider( 1404): Deleted 1 0 0 0 0 0 0 items on external_primary due to com.gitvdemo.video
05-29 20:52:31.708 W/MediaProvider( 1404): Failed to update quota for uri: content://media/external_primary/file/1000039410
05-29 20:52:31.708 W/MediaProvider( 1404): java.io.FileNotFoundException: No item at content://media/external_primary/file/1000039410
05-29 20:52:31.708 W/MediaProvider( 1404): at com.android.providers.media.MediaProvider.queryForSingleItem(MediaProvider.java:8587)
05-29 20:52:31.708 W/MediaProvider( 1404): at com.android.providers.media.MediaProvider.queryForDataFile(MediaProvider.java:8527)
05-29 20:52:31.708 W/MediaProvider( 1404): at com.android.providers.media.MediaProvider.queryForDataFile(MediaProvider.java:8519)
05-29 20:52:31.708 W/MediaProvider( 1404): at com.android.providers.media.MediaProvider.updateQuotaTypeForUri(MediaProvider.java:844)
05-29 20:52:31.708 W/MediaProvider( 1404): at com.android.providers.media.MediaProvider.-$$Nest$mupdateQuotaTypeForUri(MediaProvider.java:0)
05-29 20:52:31.708 W/MediaProvider( 1404): at com.android.providers.media.MediaProvider$5.lambda$onUpdate$1(MediaProvider.java:956)
05-29 20:52:31.708 W/MediaProvider( 1404): at com.android.providers.media.MediaProvider$5.$r8$lambda$d1oamlpYRGmLAqSobOWu_Cv09p8(MediaProvider.java:0)
05-29 20:52:31.708 W/MediaProvider( 1404): at com.android.providers.media.MediaProvider$5$$ExternalSyntheticLambda2.run(R8$$SyntheticClass:0)
05-29 20:52:31.708 W/MediaProvider( 1404): at android.os.Handler.handleCallback(Handler.java:958)
05-29 20:52:31.708 W/MediaProvider( 1404): at android.os.Handler.dispatchMessage(Handler.java:99)
05-29 20:52:31.708 W/MediaProvider( 1404): at android.os.Looper.loopOnce(Looper.java:205)
05-29 20:52:31.708 W/MediaProvider( 1404): at android.os.Looper.loop(Looper.java:294)
05-29 20:52:31.708 W/MediaProvider( 1404): at android.os.HandlerThread.run(HandlerThread.java:67)
05-29 20:52:31.738 E/mali_gralloc( 1400): Attempt to call unlock*() on an buffer locked with invalid write locks buffer (0xefa89800)
05-29 20:52:31.749 E/mali_gralloc( 1400): Attempt to call unlock*() on an buffer locked with invalid write locks buffer (0xefa89800)
05-29 20:52:31.756 E/mali_gralloc( 1400): Attempt to call unlock*() on an buffer locked with invalid write locks buffer (0xefa89800)
05-29 20:52:31.789 E/mali_gralloc( 1400): Attempt to call unlock*() on an buffer locked with invalid write locks buffer (0xefa89800)
05-29 20:52:31.799 E/mali_gralloc( 1400): Attempt to call unlock*() on an buffer locked with invalid write locks buffer (0xefa89800)
05-29 20:52:31.807 E/mali_gralloc( 1400): Attempt to call unlock*() on an buffer locked with invalid write locks buffer (0xefa89800)
05-29 20:52:31.840 W/MediaProvider( 1404): isAppCloneUserPair for user 0: false
05-29 20:52:31.846 E/mali_gralloc( 1400): Attempt to call unlock*() on an buffer locked with invalid write locks buffer (0xefa89800)
05-29 20:52:31.850 I/MediaProvider( 1404): Deleted 1 0 0 0 0 0 0 items on external_primary due to com.gitvdemo.video
05-29 20:52:31.857 E/mali_gralloc( 1400): Attempt to call unlock*() on an buffer locked with invalid write locks buffer (0xefa89800)
05-29 20:52:31.863 W/MediaProvider( 1404): Failed to update quota for uri: content://media/external_primary/file/1000039410
05-29 20:52:31.863 W/MediaProvider( 1404): java.io.FileNotFoundException: No item at content://media/external_primary/file/1000039410
05-29 20:52:31.863 W/MediaProvider( 1404): at com.android.providers.media.MediaProvider.queryForSingleItem(MediaProvider.java:8587)
05-29 20:52:31.863 W/MediaProvider( 1404): at com.android.providers.media.MediaProvider.queryForDataFile(MediaProvider.java:8527)
05-29 20:52:31.863 W/MediaProvider( 1404): at com.android.providers.media.MediaProvider.queryForDataFile(MediaProvider.java:8519)
05-29 20:52:31.863 W/MediaProvider( 1404): at com.android.providers.media.MediaProvider.updateQuotaTypeForUri(MediaProvider.java:844)
05-29 20:52:31.863 W/MediaProvider( 1404): at com.android.providers.media.MediaProvider.-$$Nest$mupdateQuotaTypeForUri(MediaProvider.java:0)
05-29 20:52:31.863 W/MediaProvider( 1404): at com.android.providers.media.MediaProvider$5.lambda$onUpdate$1(MediaProvider.java:956)
05-29 20:52:31.863 W/MediaProvider( 1404): at com.android.providers.media.MediaProvider$5.$r8$lambda$d1oamlpYRGmLAqSobOWu_Cv09p8(MediaProvider.java:0)
05-29 20:52:31.863 W/MediaProvider( 1404): at com.android.providers.media.MediaProvider$5$$ExternalSyntheticLambda2.run(R8$$SyntheticClass:0)
05-29 20:52:31.863 W/MediaProvider( 1404): at android.os.Handler.handleCallback(Handler.java:958)
05-29 20:52:31.863 W/MediaProvider( 1404): at android.os.Handler.dispatchMessage(Handler.java:99)
05-29 20:52:31.863 W/MediaProvider( 1404): at android.os.Looper.loopOnce(Looper.java:205)
05-29 20:52:31.863 W/MediaProvider( 1404): at android.os.Looper.loop(Looper.java:294)
05-29 20:52:31.863 W/MediaProvider( 1404): at android.os.HandlerThread.run(HandlerThread.java:67)
05-29 20:52:31.866 W/MediaProvider( 1404): isAppCloneUserPair for user 0: false
05-29 20:52:31.876 E/mali_gralloc( 1400): Attempt to call unlock*() on an buffer locked with invalid write locks buffer (0xefa89800)
05-29 20:52:31.889 I/MediaProvider( 1404): Deleted 1 0 0 0 0 0 0 items on external_primary due to com.gitvdemo.video
05-29 20:52:31.899 W/MediaProvider( 1404): Failed to update quota for uri: content://media/external_primary/file/1000039410
05-29 20:52:31.899 W/MediaProvider( 1404): java.io.FileNotFoundException: No item at content://media/external_primary/file/1000039410
05-29 20:52:31.899 W/MediaProvider( 1404): at com.android.providers.media.MediaProvider.queryForSingleItem(MediaProvider.java:8587)
05-29 20:52:31.899 W/MediaProvider( 1404): at com.android.providers.media.MediaProvider.queryForDataFile(MediaProvider.java:8527)
05-29 20:52:31.899 W/MediaProvider( 1404): at com.android.providers.media.MediaProvider.queryForDataFile(MediaProvider.java:8519)
05-29 20:52:31.899 W/MediaProvider( 1404): at com.android.providers.media.MediaProvider.updateQuotaTypeForUri(MediaProvider.java:844)
05-29 20:52:31.899 W/MediaProvider( 1404): at com.android.providers.media.MediaProvider.-$$Nest$mupdateQuotaTypeForUri(MediaProvider.java:0)
05-29 20:52:31.899 W/MediaProvider( 1404): at com.android.providers.media.MediaProvider$5.lambda$onUpdate$1(MediaProvider.java:956)
05-29 20:52:31.899 W/MediaProvider( 1404): at com.android.providers.media.MediaProvider$5.$r8$lambda$d1oamlpYRGmLAqSobOWu_Cv09p8(MediaProvider.java:0)
05-29 20:52:31.899 W/MediaProvider( 1404): at com.android.providers.media.MediaProvider$5$$ExternalSyntheticLambda2.run(R8$$SyntheticClass:0)
05-29 20:52:31.899 W/MediaProvider( 1404): at android.os.Handler.handleCallback(Handler.java:958)
05-29 20:52:31.899 W/MediaProvider( 1404): at android.os.Handler.dispatchMessage(Handler.java:99)
05-29 20:52:31.899 W/MediaProvider( 1404): at android.os.Looper.loopOnce(Looper.java:205)
05-29 20:52:31.899 W/MediaProvider( 1404): at android.os.Looper.loop(Looper.java:294)
05-29 20:52:31.899 W/MediaProvider( 1404): at android.os.HandlerThread.run(HandlerThread.java:67)
05-29 20:52:31.902 W/MediaProvider( 1404): isAppCloneUserPair for user 0: false
05-29 20:52:31.914 I/MediaProvider( 1404): Deleted 1 0 0 0 0 0 0 items on external_primary due to com.gitvdemo.video
05-29 20:52:31.922 E/mali_gralloc( 1400): Attempt to call unlock*() on an buffer locked with invalid write locks buffer (0xefa89800)
05-29 20:52:31.929 W/MediaProvider( 1404): Failed to update quota for uri: content://media/external_primary/file/1000039410
05-29 20:52:31.929 W/MediaProvider( 1404): java.io.FileNotFoundException: No item at content://media/external_primary/file/1000039410
05-29 20:52:31.929 W/MediaProvider( 1404): at com.android.providers.media.MediaProvider.queryForSingleItem(MediaProvider.java:8587)
05-29 20:52:31.929 W/MediaProvider( 1404): at com.android.providers.media.MediaProvider.queryForDataFile(MediaProvider.java:8527)
05-29 20:52:31.929 W/MediaProvider( 1404): at com.android.providers.media.MediaProvider.queryForDataFile(MediaProvider.java:8519)
05-29 20:52:31.929 W/MediaProvider( 1404): at com.android.providers.media.MediaProvider.updateQuotaTypeForUri(MediaProvider.java:844)
05-29 20:52:31.929 W/MediaProvider( 1404): at com.android.providers.media.MediaProvider.-$$Nest$mupdateQuotaTypeForUri(MediaProvider.java:0)
05-29 20:52:31.929 W/MediaProvider( 1404): at com.android.providers.media.MediaProvider$5.lambda$onUpdate$1(MediaProvider.java:956)
05-29 20:52:31.929 W/MediaProvider( 1404): at com.android.providers.media.MediaProvider$5.$r8$lambda$d1oamlpYRGmLAqSobOWu_Cv09p8(MediaProvider.java:0)
05-29 20:52:31.929 W/MediaProvider( 1404): at com.android.providers.media.MediaProvider$5$$ExternalSyntheticLambda2.run(R8$$SyntheticClass:0)
05-29 20:52:31.929 W/MediaProvider( 1404): at android.os.Handler.handleCallback(Handler.java:958)
05-29 20:52:31.929 W/MediaProvider( 1404): at android.os.Handler.dispatchMessage(Handler.java:99)
05-29 20:52:31.929 W/MediaProvider( 1404): at android.os.Looper.loopOnce(Looper.java:205)
05-29 20:52:31.929 W/MediaProvider( 1404): at android.os.Looper.loop(Looper.java:294)
05-29 20:52:31.929 W/MediaProvider( 1404): at android.os.HandlerThread.run(HandlerThread.java:67)
05-29 20:52:31.932 E/mali_gralloc( 1400): Attempt to call unlock*() on an buffer locked with invalid write locks buffer (0xefa89800)
05-29 20:52:31.933 E/ccc ( 1400): cccccc onRequestingOtaInfo 333333333333
05-29 20:52:31.939 E/mali_gralloc( 1400): Attempt to call unlock*() on an buffer locked with invalid write locks buffer (0xefa89800)
05-29 20:52:31.946 I/okhttp.OkHttpClient( 1400): --> POST http://tymsgapi.qun7.com/v1/core/rom (527-byte body)
05-29 20:52:31.972 E/mali_gralloc( 1400): Attempt to call unlock*() on an buffer locked with invalid write locks buffer (0xefa89800)
05-29 20:52:31.979 I/okhttp.OkHttpClient( 1400): <-- 200 OK http://tymsgapi.qun7.com/v1/core/rom (32ms, unknown-length body)
05-29 20:52:31.983 E/mali_gralloc( 1400): Attempt to call unlock*() on an buffer locked with invalid write locks buffer (0xefa89800)
05-29 20:52:31.989 E/mali_gralloc( 1400): Attempt to call unlock*() on an buffer locked with invalid write locks buffer (0xefa89800)
05-29 20:52:32.001 E/ccc ( 1400): cccccc requestOtaInfo result BaseResponse{message='success', data=OtaUpdateBean{downloadId='3859', updateType=1, romVersionName='5.0.0.7', romCode=66666, current=0, romMd5v='e5fc8d9a29132ffd8efdc3842c3c35a5', romLength=1107791189, romSize='1.0 GB', downUrl='http://dl.qun7.com/H5/H5Pro/5.0.0.6-20250530-wsyv%20/user_H5P_S905X5M_20250529_3-ota.zip', reUrl='http://dl.v5tv.com/H5/H5Pro/5.0.0.6-20250530-wsyv%20/user_H5P_S905X5M_20250529_3-ota.zip', reUrl2='http://dl.tymcdn.com/H5/H5Pro/5.0.0.6-20250530-wsyv%20/user_H5P_S905X5M_20250529_3-ota.zip', tempUrl='null', remark='30号早上9点配置OTA升级
05-29 20:52:32.001 E/ccc ( 1400): 固件时间:29号晚上10点
05-29 20:52:32.001 E/ccc ( 1400): 更新信息:
05-29 20:52:32.001 E/ccc ( 1400): user_H5P_S905X5M_20250529_3
05-29 20:52:32.001 E/ccc ( 1400): 链接: https://pan.baidu.com/s/13dvHYrF9ktJxYMb1qkA6TA?pwd=wsyv 提取码: wsyv
05-29 20:52:32.001 E/ccc ( 1400): 1.修复深度清理卡死log异常 对应Redmine bug 10
05-29 20:52:32.001 E/ccc ( 1400): 2.47981 47937对应相关禅道bug
05-29 20:52:32.001 E/ccc ( 1400): 对应Redmine bug #29 #19 #78 #52 #27 #26
05-29 20:52:32.001 E/ccc ( 1400): 加油,各位老表,干完今天回家过端午', status=idle, progress=0.0, filterMac=[], localPath='null', popup=1, isPaused=false, cancelled=false, extraInfo='null'}, code=0}
05-29 20:52:32.003 E/ccc ( 3287): cccccc notifyUpdateChanged {"code":1,"data":{"hasUpdate":true,"what":3,"why":-1},"message":"更新状态变化"}
05-29 20:52:32.004 E/ccc ( 1400): cccccc updateHelper 通知更新
05-29 20:52:32.004 E/ccc ( 1400): cccccc OtaUpdateHelper 普通更新 1
05-29 20:52:32.007 E/ccc ( 1400): cccccc onRequestCoreInfo 22222222222222
05-29 20:52:32.010 E/ccc ( 1400): cccccc SystemUpdateHelper systemUpdate {"launcherCodeLocal":0,"launcherCodeNet":0,"otaCodeLocal":5007,"otaCodeNet":66666,"otaVersionLocal":"5.0.0.7","otaVersionNet":"5.0.0.7","remoteNeedUpdate":false}
05-29 20:52:32.042 W/System ( 1400): A resource failed to call close.
05-29 20:52:32.043 W/System ( 1400): A resource failed to call close.
05-29 20:52:32.043 W/System ( 1400): A resource failed to call close.
05-29 20:52:32.043 W/System ( 1400): A resource failed to call close.
05-29 20:52:32.052 I/DefaultIMS( 1431): onStartInput attribute=android.view.inputmethod.EditorInfo@7a031b8 restarting=false inputType: 0
05-29 20:52:32.052 E/ccc ( 1400): cccccc 状态 下载完成 hahahaha
05-29 20:52:32.146 E/mali_gralloc( 1400): Attempt to call unlock*() on an buffer locked with invalid write locks buffer (0xefa89800)
05-29 20:52:32.150 I/DefaultIMS( 1431): onStartInput attribute=android.view.inputmethod.EditorInfo@aab6b91 restarting=false inputType: 0
05-29 20:52:32.160 E/mali_gralloc( 1400): Attempt to call unlock*() on an buffer locked with invalid write locks buffer (0xefa89800)
05-29 20:52:33.130 D/UtilLog ( 2643): 日志批量上报 进行正常循环 !!!!!!本次有0次请求,共0条数据
05-29 20:52:33.158 E/mali_gralloc( 1400): Attempt to call unlock*() on an buffer locked with invalid write locks buffer (0xefa89800)
05-29 20:52:33.161 E/mali_gralloc( 1400): Attempt to call unlock*() on an buffer locked with invalid write locks buffer (0xefa89800)
05-29 20:52:33.660 E/mali_gralloc( 1400): Attempt to call unlock*() on an buffer locked with invalid write locks buffer (0xefa89800)
05-29 20:52:33.725 E/mali_gralloc( 1400): Attempt to call unlock*() on an buffer locked with invalid write locks buffer (0xefa89800)
05-29 20:52:33.728 E/mali_gralloc( 1400): Attempt to call unlock*() on an buffer locked with invalid write locks buffer (0xefa89800)
05-29 20:52:33.744 E/mali_gralloc( 1400): Attempt to call unlock*() on an buffer locked with invalid write locks buffer (0xefa89800)
05-29 20:52:33.781 E/mali_gralloc( 1400): Attempt to call unlock*() on an buffer locked with invalid write locks buffer (0xefa89800)
05-29 20:52:33.784 E/mali_gralloc( 1400): Attempt to call unlock*() on an buffer locked with invalid write locks buffer (0xefa89800)
05-29 20:52:33.795 E/mali_gralloc( 1400): Attempt to call unlock*() on an buffer locked with invalid write locks buffer (0xefa89800)
05-29 20:52:33.830 E/mali_gralloc( 1400): Attempt to call unlock*() on an buffer locked with invalid write locks buffer (0xefa89800)
05-29 20:52:33.833 E/mali_gralloc( 1400): Attempt to call unlock*() on an buffer locked with invalid write locks buffer (0xefa89800)
05-29 20:52:33.843 E/mali_gralloc( 1400): Attempt to call unlock*() on an buffer locked with invalid write locks buffer (0xefa89800)
05-29 20:52:33.878 E/mali_gralloc( 1400): Attempt to call unlock*() on an buffer locked with invalid write locks buffer (0xefa89800)
05-29 20:52:33.880 E/mali_gralloc( 1400): Attempt to call unlock*() on an buffer locked with invalid write locks buffer (0xefa89800)
05-29 20:52:33.893 E/mali_gralloc( 1400): Attempt to call unlock*() on an buffer locked with invalid write locks buffer (0xefa89800)
05-29 20:52:33.914 D/XM_HIDREAD( 1873): poll ret=1, event=1
05-29 20:52:33.914 D/XM_HIDREAD( 1873): [9 bytes]:01 00 00 52 00 00 00 00 00
05-29 20:52:33.916 I/SogouIME( 1431): onKeyDown: keyoCode=19
05-29 20:52:33.916 I/DefaultIMS( 1431): onKeyDown: keyoCode=19
05-29 20:52:33.928 E/mali_gralloc( 1400): Attempt to call unlock*() on an buffer locked with invalid write locks buffer (0xefa89800)
05-29 20:52:33.929 E/mali_gralloc( 1400): Attempt to call unlock*() on an buffer locked with invalid write locks buffer (0xefa89800)
05-29 20:52:34.072 D/XM_HIDREAD( 1873): poll ret=1, event=1
05-29 20:52:34.072 D/XM_HIDREAD( 1873): [9 bytes]:01 00 00 00 00 00 00 00 00
05-29 20:52:34.074 I/SogouIME( 1431): onKeyUp: keyoCode=19
05-29 20:52:34.074 I/DefaultIMS( 1431): onKeyUp: keyoCode=19
05-29 20:52:34.160 E/mali_gralloc( 1400): Attempt to call unlock*() on an buffer locked with invalid write locks buffer (0xefa89800)
05-29 20:52:34.500 D/XM_HIDREAD( 1873): poll ret=1, event=1
05-29 20:52:34.500 D/XM_HIDREAD( 1873): [9 bytes]:01 00 00 51 00 00 00 00 00
05-29 20:52:34.502 I/SogouIME( 1431): onKeyDown: keyoCode=20
05-29 20:52:34.502 I/DefaultIMS( 1431): onKeyDown: keyoCode=20
05-29 20:52:34.537 E/mali_gralloc( 1400): Attempt to call unlock*() on an buffer locked with invalid write locks buffer (0xefa89800)
05-29 20:52:34.563 E/mali_gralloc( 1400): Attempt to call unlock*() on an buffer locked with invalid write locks buffer (0xefa89800)
05-29 20:52:34.569 E/mali_gralloc( 1400): Attempt to call unlock*() on an buffer locked with invalid write locks buffer (0xefa89800)
05-29 20:52:34.589 D/XM_HIDREAD( 1873): poll ret=1, event=1
05-29 20:52:34.589 D/XM_HIDREAD( 1873): [9 bytes]:01 00 00 00 00 00 00 00 00
05-29 20:52:34.611 I/SogouIME( 1431): onKeyUp: keyoCode=20
05-29 20:52:34.611 I/DefaultIMS( 1431): onKeyUp: keyoCode=20
05-29 20:52:34.615 E/mali_gralloc( 1400): Attempt to call unlock*() on an buffer locked with invalid write locks buffer (0xefa89800)
05-29 20:52:34.629 E/mali_gralloc( 1400): Attempt to call unlock*() on an buffer locked with invalid write locks buffer (0xefa89800)
05-29 20:52:34.642 E/mali_gralloc( 1400): Attempt to call unlock*() on an buffer locked with invalid write locks buffer (0xefa89800)
05-29 20:52:34.645 I/WifiHAL ( 531): call wifi_get_link_stats handler
05-29 20:52:34.645 I/WifiHAL ( 531): Creating message to get link statistics; iface = 16
05-29 20:52:34.645 D/WifiHAL ( 531): error code -95 mapped to -3
05-29 20:52:34.646 E/WifiStaIfaceAidlImpl( 720): getLinkLayerStats failed with service-specific exception: android.os.ServiceSpecificException: (code 4)
05-29 20:52:34.691 E/mali_gralloc( 1400): Attempt to call unlock*() on an buffer locked with invalid write locks buffer (0xefa89800)
05-29 20:52:34.704 E/mali_gralloc( 1400): Attempt to call unlock*() on an buffer locked with invalid write locks buffer (0xefa89800)
05-29 20:52:34.709 E/mali_gralloc( 1400): Attempt to call unlock*() on an buffer locked with invalid write locks buffer (0xefa89800)
05-29 20:52:34.724 D/XM_HIDREAD( 1873): poll ret=1, event=1
05-29 20:52:34.724 D/XM_HIDREAD( 1873): [9 bytes]:01 00 00 51 00 00 00 00 00
05-29 20:52:34.758 I/SogouIME( 1431): onKeyDown: keyoCode=20
05-29 20:52:34.758 I/DefaultIMS( 1431): onKeyDown: keyoCode=20
05-29 20:52:34.762 E/mali_gralloc( 1400): Attempt to call unlock*() on an buffer locked with invalid write locks buffer (0xefa89800)
05-29 20:52:34.774 E/mali_gralloc( 1400): Attempt to call unlock*() on an buffer locked with invalid write locks buffer (0xefa89800)
05-29 20:52:34.791 E/mali_gralloc( 1400): Attempt to call unlock*() on an buffer locked with invalid write locks buffer (0xefa89800)
05-29 20:52:34.825 D/XM_HIDREAD( 1873): poll ret=1, event=1
05-29 20:52:34.825 D/XM_HIDREAD( 1873): [9 bytes]:01 00 00 00 00 00 00 00 00
05-29 20:52:34.827 I/SogouIME( 1431): onKeyUp: keyoCode=20
05-29 20:52:34.827 I/DefaultIMS( 1431): onKeyUp: keyoCode=20
05-29 20:52:35.096 D/XM_HIDREAD( 1873): poll ret=1, event=1
05-29 20:52:35.096 D/XM_HIDREAD( 1873): [9 bytes]:01 00 00 51 00 00 00 00 00
05-29 20:52:35.098 I/SogouIME( 1431): onKeyDown: keyoCode=20
05-29 20:52:35.098 I/DefaultIMS( 1431): onKeyDown: keyoCode=20
05-29 20:52:35.180 E/mali_gralloc( 1400): Attempt to call unlock*() on an buffer locked with invalid write locks buffer (0xefa89800)
05-29 20:52:35.197 D/XM_HIDREAD( 1873): poll ret=1, event=1
05-29 20:52:35.197 D/XM_HIDREAD( 1873): [9 bytes]:01 00 00 00 00 00 00 00 00
05-29 20:52:35.200 E/mali_gralloc( 1400): Attempt to call unlock*() on an buffer locked with invalid write locks buffer (0xefa89800)
05-29 20:52:35.202 I/SogouIME( 1431): onKeyUp: keyoCode=20
05-29 20:52:35.202 I/DefaultIMS( 1431): onKeyUp: keyoCode=20
05-29 20:52:35.214 E/mali_gralloc( 1400): Attempt to call unlock*() on an buffer locked with invalid write locks buffer (0xefa89800)
05-29 20:52:35.249 E/mali_gralloc( 1400): Attempt to call unlock*() on an buffer locked with invalid write locks buffer (0xefa89800)
05-29 20:52:35.251 E/mali_gralloc( 1400): Attempt to call unlock*() on an buffer locked with invalid write locks buffer (0xefa89800)
05-29 20:52:35.263 E/mali_gralloc( 1400): Attempt to call unlock*() on an buffer locked with invalid write locks buffer (0xefa89800)
05-29 20:52:35.296 E/mali_gralloc( 1400): Attempt to call unlock*() on an buffer locked with invalid write locks buffer (0xefa89800)
05-29 20:52:35.298 E/mali_gralloc( 1400): Attempt to call unlock*() on an buffer locked with invalid write locks buffer (0xefa89800)
05-29 20:52:35.313 E/mali_gralloc( 1400): Attempt to call unlock*() on an buffer locked with invalid write locks buffer (0xefa89800)
05-29 20:52:35.347 E/mali_gralloc( 1400): Attempt to call unlock*() on an buffer locked with invalid write locks buffer (0xefa89800)
05-29 20:52:35.350 E/mali_gralloc( 1400): Attempt to call unlock*() on an buffer locked with invalid write locks buffer (0xefa89800)
05-29 20:52:35.364 E/mali_gralloc( 1400): Attempt to call unlock*() on an buffer locked with invalid write locks buffer (0xefa89800)
05-29 20:52:35.397 E/mali_gralloc( 1400): Attempt to call unlock*() on an buffer locked with invalid write locks buffer (0xefa89800)
05-29 20:52:35.400 E/mali_gralloc( 1400): Attempt to call unlock*() on an buffer locked with invalid write locks buffer (0xefa89800)
05-29 20:52:35.414 E/mali_gralloc( 1400): Attempt to call unlock*() on an buffer locked with invalid write locks buffer (0xefa89800)
05-29 20:52:35.447 E/mali_gralloc( 1400): Attempt to call unlock*() on an buffer locked with invalid write locks buffer (0xefa89800)
05-29 20:52:35.449 E/mali_gralloc( 1400): Attempt to call unlock*() on an buffer locked with invalid write locks buffer (0xefa89800)
05-29 20:52:35.749 D/uninstall( 3054): isAllowStart last_delay 0, current_time 1748523155
05-29 20:52:35.749 I/uninstall( 3054): enable_service com.ktcp.video/com.tencent.qqlivetv.keeplive.proc.DaemonService com.ktcp.video/(null)
05-29 20:52:35.750 D/uninstall( 3054): enable_service waitpid
05-29 20:52:35.750 D/uninstall( 9065): enable_service pid == 0
05-29 20:52:35.751 D/uninstall( 9065): enable_service version >= 17 || version == 0 version == 34
05-29 20:52:35.796 I/uninstall( 3054): watchdaemon process_name = com.ktcp.video:daemon has gone, start it
05-29 20:52:35.797 D/uninstall( 3054): watchdaemon waitpid
05-29 20:52:35.797 D/uninstall( 9069): watchdaemon pid == 0
05-29 20:52:35.797 D/uninstall( 9069): watchdaemon version >= 17 || version == 0 version == 34
05-29 20:52:36.162 E/mali_gralloc( 1400): Attempt to call unlock*() on an buffer locked with invalid write locks buffer (0xefa89800)
05-29 20:52:36.479 D/XM_HIDREAD( 1873): poll ret=1, event=1
05-29 20:52:36.479 D/XM_HIDREAD( 1873): [9 bytes]:01 00 00 4F 00 00 00 00 00
05-29 20:52:36.482 I/SogouIME( 1431): onKeyDown: keyoCode=22
05-29 20:52:36.482 I/DefaultIMS( 1431): onKeyDown: keyoCode=22
05-29 20:52:36.524 I/Utils ( 2113): getTargetIp #
05-29 20:52:36.524 I/Utils ( 2113): getTargetIp #
05-29 20:52:36.637 D/XM_HIDREAD( 1873): poll ret=1, event=1
05-29 20:52:36.637 D/XM_HIDREAD( 1873): [9 bytes]:01 00 00 00 00 00 00 00 00
05-29 20:52:36.639 I/SogouIME( 1431): onKeyUp: keyoCode=22
05-29 20:52:36.639 I/DefaultIMS( 1431): onKeyUp: keyoCode=22
05-29 20:52:37.008 D/XM_HIDREAD( 1873): poll ret=1, event=1
05-29 20:52:37.008 D/XM_HIDREAD( 1873): [9 bytes]:01 00 00 28 00 00 00 00 00
05-29 20:52:37.011 I/SogouIME( 1431): onKeyDown: keyoCode=23
05-29 20:52:37.011 I/DefaultIMS( 1431): onKeyDown: keyoCode=23
05-29 20:52:37.121 D/XM_HIDREAD( 1873): poll ret=1, event=1
05-29 20:52:37.121 D/XM_HIDREAD( 1873): [9 bytes]:01 00 00 00 00 00 00 00 00
05-29 20:52:37.123 I/SogouIME( 1431): onKeyUp: keyoCode=23
05-29 20:52:37.123 I/DefaultIMS( 1431): onKeyUp: keyoCode=23
05-29 20:52:37.124 E/ccc ( 1400): cccccc onClick completed
05-29 20:52:37.129 V/WindowManagerShell( 950): Transition requested: android.os.BinderProxy@82e331a TransitionRequestInfo { type = 2, triggerTask = TaskInfo{userId=0 taskId=254 displayId=0 isRunning=false baseIntent=Intent { flg=0x10800000 cmp=com.dangbei.lerad.etna.haqu/com.dangbei.etna.update.ota.OtaUpdateActivity } baseActivity=null topActivity=null origActivity=null realActivity=ComponentInfo{com.dangbei.lerad.etna.haqu/com.dangbei.etna.update.ota.OtaUpdateActivity} numActivities=0 lastActiveTime=479838 supportsMultiWindow=true resizeMode=1 isResizeable=true minWidth=-1 minHeight=-1 defaultMinSize=220 token=WCT{android.window.IWindowContainerToken$Stub$Proxy@f59de4b} topActivityType=1 pictureInPictureParams=null shouldDockBigOverlays=false launchIntoPipHostTaskId=-1 lastParentTaskIdBeforePip=-1 displayCutoutSafeInsets=null topActivityInfo=null launchCookies=[] positionInParent=Point(0, 0) parentTaskId=-1 isFocused=true isVisible=true isVisibleRequested=true isSleeping=false topActivityInSizeCompat=false topActivityEligibleForLetterboxEducation= false isLetterboxDoubleTapEnabled= false topActivityEligibleForUserAspectRatioButton= false topActivityBoundsLetterboxed= false isFromLetterboxDoubleTap= false topActivityLetterboxVerticalPosition= -1 topActivityLetterboxHorizontalPosition= -1 topActivityLetterboxWidth=-1 topActivityLetterboxHeight=-1 isUserFullscreenOverrideEnabled=false isTopActivityTransparent=false locusId=null displayAreaFeatureId=1 cameraCompatControlState=hidden}, remoteTransition = null, displayChange = null, flags = 0 }
05-29 20:52:37.133 E/ccc ( 1400): cccccc OtaUpdateActivity onPause
05-29 20:52:37.133 W/ActivityTaskManager( 720): Finishing task with all activities already finished
05-29 20:52:37.133 W/ActivityTaskManager( 720): Duplicate finish request for r=ActivityRecord{fc42b86 u0 com.dangbei.lerad.etna.haqu/com.dangbei.etna.update.ota.OtaUpdateActivity t254 f}}
05-29 20:52:37.139 V/WindowManager( 720): app ------------- force_land :0
05-29 20:52:37.143 E/ccc ( 1400): cccccc UpdateHelper onMessageReceived com.dangbei.haqusetting com.dangbei.etna.update {"action":"get","functionTag":"leaf_controller_function_controller_dangbei_update","value":0} com.dangbei.lerad.etna.aidl.IEtnaAidlCallback$Stub$Proxy@b9e704
05-29 20:52:37.145 E/ccc ( 1400): cccccc 缓存获取遥控器版本 DB-15B-H5-R0108
05-29 20:52:37.147 E/ccc ( 1400): cccccc 请求电量缓存 100
05-29 20:52:37.150 V/WindowManager( 720): Sent Transition #12 createdAt=05-29 20:52:37.126 via request=TransitionRequestInfo { type = 2, triggerTask = TaskInfo{userId=0 taskId=254 displayId=0 isRunning=false baseIntent=Intent { flg=0x10800000 cmp=com.dangbei.lerad.etna.haqu/com.dangbei.etna.update.ota.OtaUpdateActivity } baseActivity=null topActivity=null origActivity=null realActivity=ComponentInfo{com.dangbei.lerad.etna.haqu/com.dangbei.etna.update.ota.OtaUpdateActivity} numActivities=0 lastActiveTime=479838 supportsMultiWindow=true resizeMode=1 isResizeable=true minWidth=-1 minHeight=-1 defaultMinSize=220 token=WCT{RemoteToken{578f60c Task{b6d8c47 #254 type=standard A=1000:com.dangbei.lerad.etna.haqu}}} topActivityType=1 pictureInPictureParams=null shouldDockBigOverlays=false launchIntoPipHostTaskId=-1 lastParentTaskIdBeforePip=-1 displayCutoutSafeInsets=null topActivityInfo=null launchCookies=[] positionInParent=Point(0, 0) parentTaskId=-1 isFocused=true isVisible=true isVisibleRequested=true isSleeping=false topActivityInSizeCompat=false topActivityEligibleForLetterboxEducation= false isLetterboxDoubleTapEnabled= false topActivityEligibleForUserAspectRatioButton= false topActivityBoundsLetterboxed= false isFromLetterboxDoubleTap= false topActivityLetterboxVerticalPosition= -1 topActivityLetterboxHorizontalPosition= -1 topActivityLetterboxWidth=-1 topActivityLetterboxHeight=-1 isUserFullscreenOverrideEnabled=false isTopActivityTransparent=false locusId=null displayAreaFeatureId=1 cameraCompatControlState=hidden}, remoteTransition = null, displayChange = null, flags = 0 }
05-29 20:52:37.150 V/WindowManager( 720): startWCT=WindowContainerTransaction { changes = {} hops = [] errorCallbackToken=null taskFragmentOrganizer=null }
05-29 20:52:37.150 V/WindowManager( 720): info={id=12 t=CLOSE f=0x0 trk=0 r=[0@Point(0, 0)] c=[{WCT{RemoteToken{578f60c Task{b6d8c47 #254 type=standard A=1000:com.dangbei.lerad.etna.haqu}}} m=CLOSE f=TRANSLUCENT leash=Surface(name=Task=254)/@0xc5cae99 sb=Rect(0, 0 - 1920, 1080) eb=Rect(0, 0 - 1920, 1080) d=0}]}
05-29 20:52:37.150 V/WindowManagerShell( 950): onTransitionReady android.os.BinderProxy@82e331a: {id=12 t=CLOSE f=0x0 trk=0 r=[0@Point(0, 0)] c=[{WCT{android.window.IWindowContainerToken$Stub$Proxy@b6c66e6} m=CLOSE f=TRANSLUCENT leash=Surface(name=Task=254)/@0x400b028 sb=Rect(0, 0 - 1920, 1080) eb=Rect(0, 0 - 1920, 1080) d=0}]}
05-29 20:52:37.151 V/WindowManagerShell( 950): Playing animation for (#12)android.os.BinderProxy@82e331a@0
05-29 20:52:37.151 V/WindowManagerShell( 950): try handler com.android.wm.shell.keyguard.KeyguardTransitionHandler@2963747
05-29 20:52:37.151 V/WindowManagerShell( 950): try handler com.android.wm.shell.pip.tv.TvPipTransition@6b75b74
05-29 20:52:37.151 V/WindowManagerShell( 950): try handler com.android.wm.shell.activityembedding.ActivityEmbeddingController@9a7789d
05-29 20:52:37.151 V/WindowManagerShell( 950): try handler com.android.wm.shell.transition.RemoteTransitionHandler@97c6112
05-29 20:52:37.151 V/WindowManagerShell( 950): Transition doesn't have explicit remote, search filters for match for {id=12 t=CLOSE f=0x0 trk=0 r=[0@Point(0, 0)] c=[{WCT{android.window.IWindowContainerToken$Stub$Proxy@b6c66e6} m=CLOSE f=TRANSLUCENT leash=Surface(name=Task=254)/@0x400b028 sb=Rect(0, 0 - 1920, 1080) eb=Rect(0, 0 - 1920, 1080) d=0}]}
05-29 20:52:37.152 V/WindowManagerShell( 950): Delegate animation for #12 to null
05-29 20:52:37.152 V/WindowManagerShell( 950): try handler com.android.wm.shell.transition.DefaultTransitionHandler@57500e3
05-29 20:52:37.152 V/WindowManagerShell( 950): start default transition animation, info = {id=12 t=CLOSE f=0x0 trk=0 r=[0@Point(0, 0)] c=[{WCT{android.window.IWindowContainerToken$Stub$Proxy@b6c66e6} m=CLOSE f=TRANSLUCENT leash=Surface(name=Task=254)/@0x400b028 sb=Rect(0, 0 - 1920, 1080) eb=Rect(0, 0 - 1920, 1080) d=0}]}
05-29 20:52:37.152 V/WindowManagerShell( 950): loadAnimation: anim=android.view.animation.AlphaAnimation@661427 animAttr=0x7 type=CLOSE isEntrance=false
05-29 20:52:37.154 V/WindowManagerShell( 950): animated by com.android.wm.shell.transition.DefaultTransitionHandler@57500e3
05-29 20:52:37.165 E/mali_gralloc( 1400): Attempt to call unlock*() on an buffer locked with invalid write locks buffer (0xefa89800)
05-29 20:52:37.172 E/mali_gralloc( 1400): Attempt to call unlock*() on an buffer locked with invalid write locks buffer (0xefa89800)
05-29 20:52:37.180 I/ImeTracker( 720): com.dangbei.haqusetting:d2090cff: onRequestHide at ORIGIN_SERVER_HIDE_INPUT reason HIDE_UNSPECIFIED_WINDOW
05-29 20:52:37.180 I/ImeTracker( 720): com.dangbei.haqusetting:d2090cff: onCancelled at PHASE_SERVER_SHOULD_HIDE
05-29 20:52:37.185 I/DefaultIMS( 1431): onStartInput attribute=android.view.inputmethod.EditorInfo@8e92af6 restarting=false inputType: 0
05-29 20:52:37.189 D/OomAdjuster( 720): Not killing cached processes
05-29 20:52:37.193 W/WindowOnBackDispatcher( 1400): sendCancelIfRunning: isInProgress=falsecallback=android.view.ViewRootImpl$$ExternalSyntheticLambda17@942a0d4
05-29 20:52:37.194 D/CoreBackPreview( 720): Window{d277a12 u0 com.dangbei.lerad.etna.haqu/com.dangbei.etna.update.ota.OtaUpdateActivity}: Setting back callback null
05-29 20:52:37.196 W/InputManager-JNI( 720): Input channel object 'd277a12 com.dangbei.lerad.etna.haqu/com.dangbei.etna.update.ota.OtaUpdateActivity (client)' was disposed without first being removed with the input manager!
05-29 20:52:37.239 W/ContextImpl( 720): Calling a method in the system process without a qualified user: android.app.ContextImpl.startService:1899 com.android.server.wm.DisplayPolicy.lambda$focusChangedLw$5:2126 com.android.server.wm.DisplayPolicy.$r8$lambda$Znxk63oh-WzVnzo_WQefN7uxV48:0 com.android.server.wm.DisplayPolicy$$ExternalSyntheticLambda13.run:0 android.os.Handler.handleCallback:958
05-29 20:52:37.242 D/WindowManagerShell( 950): TvPipController: onTaskStackChanged()
05-29 20:52:37.243 D/aaa ( 1665): LedStatusService onStartCommand begin
05-29 20:52:37.244 D/aaa ( 1665): topPkg is -------------- :com.dangbei.haqusetting
05-29 20:52:37.560 V/WindowManagerShell( 950): Transition animation finished (aborted=false), notifying core (#12)android.os.BinderProxy@82e331a@0
05-29 20:52:37.563 V/WindowManager( 720): Finish Transition #12: created at
05-29 20:52:37.126 collect-started=0.104ms request-sent=0.415ms started=5.589ms ready=13.699ms sent=22.023ms finished=435.253ms
05-29 20:52:37.573 V/WindowManagerShell( 950): Track 0 became idle
05-29 20:52:37.573 V/WindowManagerShell( 950): All active transition animations finished
05-29 20:52:37.651 I/WifiHAL ( 531): call wifi_get_link_stats handler
05-29 20:52:37.651 I/WifiHAL ( 531): Creating message to get link statistics; iface = 16
05-29 20:52:37.651 D/WifiHAL ( 531): error code -95 mapped to -3
05-29 20:52:37.651 E/WifiStaIfaceAidlImpl( 720): getLinkLayerStats failed with service-specific exception: android.os.ServiceSpecificException: (code 4)
05-29 20:52:38.369 D/XM_HIDREAD( 1873): poll ret=1, event=1
05-29 20:52:38.369 D/XM_HIDREAD( 1873): [9 bytes]:01 00 00 4F 00 00 00 00 00
