05-29 20:46:13.714 D/hq ( 1453): NetWorkStateReceiver:::检查网络,并且持续更新 isConnect=false
05-29 20:46:14.555 I/audio_hw_hal_alsamgr( 504): alsa format =0x1 delay frames =768 total frames=4508160
05-29 20:46:15.463 I/efs.send_log( 2861): log cann't be send because net status is disconnected
05-29 20:46:15.715 D/hq ( 1453): NetWorkStateReceiver:::检查网络,并且持续更新 isConnect=false
05-29 20:46:17.716 D/hq ( 1453): NetWorkStateReceiver:::检查网络,并且持续更新 isConnect=false
05-29 20:46:19.717 D/hq ( 1453): NetWorkStateReceiver:::检查网络,并且持续更新 isConnect=false
05-29 20:46:20.989 D/uninstall( 3054): isAllowStart last_delay 0, current_time 1748522780
05-29 20:46:20.989 I/uninstall( 3054): enable_service com.ktcp.video/com.tencent.qqlivetv.keeplive.proc.DaemonService com.ktcp.video/(null)
05-29 20:46:20.990 D/uninstall( 3054): enable_service waitpid
05-29 20:46:20.990 D/uninstall( 4141): enable_service pid == 0
05-29 20:46:20.990 D/uninstall( 4141): enable_service version >= 17 || version == 0 version == 34
05-29 20:46:21.033 I/uninstall( 3054): watchdaemon process_name = com.ktcp.video:daemon has gone, start it
05-29 20:46:21.034 D/uninstall( 3054): watchdaemon waitpid
05-29 20:46:21.034 D/uninstall( 4148): watchdaemon pid == 0
05-29 20:46:21.034 D/uninstall( 4148): watchdaemon version >= 17 || version == 0 version == 34
05-29 20:46:21.718 D/hq ( 1453): NetWorkStateReceiver:::检查网络,并且持续更新 isConnect=false
05-29 20:46:23.131 D/UtilLog ( 2643): 日志批量上报 进行正常循环 !!!!!!本次有0次请求,共0条数据
05-29 20:46:23.544 D/OomAdjuster( 720): Not killing cached processes
05-29 20:46:23.719 D/hq ( 1453): NetWorkStateReceiver:::检查网络,并且持续更新 isConnect=false
05-29 20:46:25.506 I/efs.send_log( 2861): log cann't be send because net status is disconnected
05-29 20:46:25.721 D/hq ( 1453): NetWorkStateReceiver:::检查网络,并且持续更新 isConnect=false
05-29 20:46:26.905 I/audio_hw_hal_alsamgr( 504): alsa format =0x9000000 delay frames =2048 total frames=4608000
05-29 20:46:26.905 I/audio_hw_hal_alsamgr( 504): alsa format =0xa000000 delay frames =8320 total frames=18432000
05-29 20:46:27.274 I/WifiService( 720): startScan uid=1000
05-29 20:46:27.276 E/ccc ( 3287): cccccc i will start scan
05-29 20:46:27.285 D/InstantWifi( 720): Drop, size: 0
05-29 20:46:27.722 D/hq ( 1453): NetWorkStateReceiver:::检查网络,并且持续更新 isConnect=false
05-29 20:46:29.723 D/hq ( 1453): NetWorkStateReceiver:::检查网络,并且持续更新 isConnect=false
05-29 20:46:30.890 D/WifiNl80211Manager( 720): Scan result ready event
05-29 20:46:30.891 D/WifiNative( 720): Scan result ready event
05-29 20:46:30.897 D/PasspointManager( 720): ANQP entry not found for: 10:7c:61:1a:4b:94:<5G>
05-29 20:46:30.897 I/WifiHAL ( 531): call wifi_get_link_stats handler
05-29 20:46:30.897 I/WifiHAL ( 531): Creating message to get link statistics; iface = 16
05-29 20:46:30.897 D/WifiHAL ( 531): error code -95 mapped to -3
05-29 20:46:30.898 E/ccc ( 3287): cccccc SCAN_RESULTS_AVAILABLE_ACTION hhhh
05-29 20:46:30.898 E/WifiStaIfaceAidlImpl( 720): getLinkLayerStats failed with service-specific exception: android.os.ServiceSpecificException: (code 4)
05-29 20:46:30.898 E/hq ( 1453): NetWorkStateReceiver:::NetWorkStateReceiver onReceive: 网络变化广播 >>>> intent.action=android.net.wifi.SCAN_RESULTS
05-29 20:46:30.902 E/ccc ( 3287): cccccc result is not empty call back
05-29 20:46:30.902 E/ccc ( 3287): cccccc 666666666666666
05-29 20:46:30.903 W/eventbuscore( 1453): post Event:com.dangbei.leard.base.entity.event.NetWifiRssiEvent
05-29 20:46:30.921 E/ccc ( 3287): cccccc sort 10 1
05-29 20:46:31.117 D/uninstall( 3054): isAllowStart last_delay 0, current_time 1748522791
05-29 20:46:31.117 I/uninstall( 3054): enable_service com.ktcp.video/com.tencent.qqlivetv.keeplive.proc.DaemonService com.ktcp.video/(null)
05-29 20:46:31.118 D/uninstall( 3054): enable_service waitpid
05-29 20:46:31.119 D/uninstall( 4244): enable_service pid == 0
05-29 20:46:31.119 D/uninstall( 4244): enable_service version >= 17 || version == 0 version == 34
05-29 20:46:31.162 I/uninstall( 3054): watchdaemon process_name = com.ktcp.video:daemon has gone, start it
05-29 20:46:31.163 D/uninstall( 4248): watchdaemon pid == 0
05-29 20:46:31.163 D/uninstall( 3054): watchdaemon waitpid
05-29 20:46:31.163 D/uninstall( 4248): watchdaemon version >= 17 || version == 0 version == 34
05-29 20:46:31.724 D/hq ( 1453): NetWorkStateReceiver:::检查网络,并且持续更新 isConnect=false
05-29 20:46:33.130 D/UtilLog ( 2643): 日志批量上报 进行正常循环 !!!!!!本次有0次请求,共0条数据
05-29 20:46:33.725 D/hq ( 1453): NetWorkStateReceiver:::检查网络,并且持续更新 isConnect=false
05-29 20:46:35.530 I/efs.send_log( 2861): log cann't be send because net status is disconnected
05-29 20:46:35.726 D/hq ( 1453): NetWorkStateReceiver:::检查网络,并且持续更新 isConnect=false
05-29 20:46:37.727 D/hq ( 1453): NetWorkStateReceiver:::检查网络,并且持续更新 isConnect=false
05-29 20:46:39.728 D/hq ( 1453): NetWorkStateReceiver:::检查网络,并且持续更新 isConnect=false
05-29 20:46:41.253 D/uninstall( 3054): isAllowStart last_delay 0, current_time 1748522801
05-29 20:46:41.253 I/uninstall( 3054): enable_service com.ktcp.video/com.tencent.qqlivetv.keeplive.proc.DaemonService com.ktcp.video/(null)
05-29 20:46:41.254 D/uninstall( 3054): enable_service waitpid
05-29 20:46:41.254 D/uninstall( 4346): enable_service pid == 0
05-29 20:46:41.255 D/uninstall( 4346): enable_service version >= 17 || version == 0 version == 34
05-29 20:46:41.297 I/uninstall( 3054): watchdaemon process_name = com.ktcp.video:daemon has gone, start it
05-29 20:46:41.298 D/uninstall( 3054): watchdaemon waitpid
05-29 20:46:41.298 D/uninstall( 4350): watchdaemon pid == 0
05-29 20:46:41.298 D/uninstall( 4350): watchdaemon version >= 17 || version == 0 version == 34
05-29 20:46:41.729 D/hq ( 1453): NetWorkStateReceiver:::检查网络,并且持续更新 isConnect=false
05-29 20:46:43.130 D/UtilLog ( 2643): 日志批量上报 进行正常循环 !!!!!!本次有0次请求,共0条数据
05-29 20:46:43.730 D/hq ( 1453): NetWorkStateReceiver:::检查网络,并且持续更新 isConnect=false
05-29 20:46:45.579 I/efs.send_log( 2861): log cann't be send because net status is disconnected
05-29 20:46:45.731 D/hq ( 1453): NetWorkStateReceiver:::检查网络,并且持续更新 isConnect=false
05-29 20:46:46.554 I/audio_hw_hal_alsamgr( 504): alsa format =0x1 delay frames =768 total frames=6044160
05-29 20:46:47.732 D/hq ( 1453): NetWorkStateReceiver:::检查网络,并且持续更新 isConnect=false
05-29 20:46:49.733 D/hq ( 1453): NetWorkStateReceiver:::检查网络,并且持续更新 isConnect=false
05-29 20:46:51.393 D/uninstall( 3054): isAllowStart last_delay 0, current_time 1748522811
05-29 20:46:51.393 I/uninstall( 3054): enable_service com.ktcp.video/com.tencent.qqlivetv.keeplive.proc.DaemonService com.ktcp.video/(null)
05-29 20:46:51.394 D/uninstall( 4448): enable_service pid == 0
05-29 20:46:51.394 D/uninstall( 4448): enable_service version >= 17 || version == 0 version == 34
05-29 20:46:51.394 D/uninstall( 3054): enable_service waitpid
05-29 20:46:51.437 I/uninstall( 3054): watchdaemon process_name = com.ktcp.video:daemon has gone, start it
05-29 20:46:51.437 D/uninstall( 3054): watchdaemon waitpid
05-29 20:46:51.437 D/uninstall( 4452): watchdaemon pid == 0
05-29 20:46:51.437 D/uninstall( 4452): watchdaemon version >= 17 || version == 0 version == 34
05-29 20:46:51.734 D/hq ( 1453): NetWorkStateReceiver:::检查网络,并且持续更新 isConnect=false
05-29 20:46:53.131 D/UtilLog ( 2643): 日志批量上报 进行正常循环 !!!!!!本次有0次请求,共0条数据
05-29 20:46:53.637 D/OomAdjuster( 720): Not killing cached processes
05-29 20:46:53.735 D/hq ( 1453): NetWorkStateReceiver:::检查网络,并且持续更新 isConnect=false
05-29 20:46:55.627 I/efs.send_log( 2861): log cann't be send because net status is disconnected
05-29 20:46:55.736 D/hq ( 1453): NetWorkStateReceiver:::检查网络,并且持续更新 isConnect=false
05-29 20:46:56.839 D/bbb ( 1736): onStartCommand begin !!!!!!! data分区剩余 50930MB
05-29 20:46:57.737 D/hq ( 1453): NetWorkStateReceiver:::检查网络,并且持续更新 isConnect=false
05-29 20:46:58.906 I/audio_hw_hal_alsamgr( 504): alsa format =0x9000000 delay frames =2048 total frames=6144000
05-29 20:46:58.906 I/audio_hw_hal_alsamgr( 504): alsa format =0xa000000 delay frames =8192 total frames=24576000
05-29 20:46:59.738 D/hq ( 1453): NetWorkStateReceiver:::检查网络,并且持续更新 isConnect=false
05-29 20:47:00.933 I/WifiService( 720): startScan uid=1000
05-29 20:47:00.936 E/ccc ( 3287): cccccc i will start scan
05-29 20:47:00.945 D/InstantWifi( 720): Drop, size: 0
05-29 20:47:01.525 D/uninstall( 3054): isAllowStart last_delay 0, current_time 1748522821
05-29 20:47:01.525 I/uninstall( 3054): enable_service com.ktcp.video/com.tencent.qqlivetv.keeplive.proc.DaemonService com.ktcp.video/(null)
05-29 20:47:01.526 D/uninstall( 3054): enable_service waitpid
05-29 20:47:01.526 D/uninstall( 4549): enable_service pid == 0
05-29 20:47:01.526 D/uninstall( 4549): enable_service version >= 17 || version == 0 version == 34
05-29 20:47:01.570 I/uninstall( 3054): watchdaemon process_name = com.ktcp.video:daemon has gone, start it
05-29 20:47:01.571 D/uninstall( 3054): watchdaemon waitpid
05-29 20:47:01.571 D/uninstall( 4554): watchdaemon pid == 0
05-29 20:47:01.571 D/uninstall( 4554): watchdaemon version >= 17 || version == 0 version == 34
05-29 20:47:01.738 D/hq ( 1453): NetWorkStateReceiver:::检查网络,并且持续更新 isConnect=false
05-29 20:47:03.130 D/UtilLog ( 2643): 日志批量上报 进行正常循环 !!!!!!本次有0次请求,共0条数据
05-29 20:47:03.740 D/hq ( 1453): NetWorkStateReceiver:::检查网络,并且持续更新 isConnect=false
05-29 20:47:04.549 D/WifiNl80211Manager( 720): Scan result ready event
05-29 20:47:04.549 D/WifiNative( 720): Scan result ready event
05-29 20:47:04.554 D/PasspointManager( 720): ANQP entry not found for: 10:7c:61:1a:4b:94:<5G>
05-29 20:47:04.555 I/WifiHAL ( 531): call wifi_get_link_stats handler
05-29 20:47:04.555 I/WifiHAL ( 531): Creating message to get link statistics; iface = 16
05-29 20:47:04.555 D/WifiHAL ( 531): error code -95 mapped to -3
05-29 20:47:04.556 E/ccc ( 3287): cccccc SCAN_RESULTS_AVAILABLE_ACTION hhhh
05-29 20:47:04.556 E/WifiStaIfaceAidlImpl( 720): getLinkLayerStats failed with service-specific exception: android.os.ServiceSpecificException: (code 4)
05-29 20:47:04.557 E/hq ( 1453): NetWorkStateReceiver:::NetWorkStateReceiver onReceive: 网络变化广播 >>>> intent.action=android.net.wifi.SCAN_RESULTS
05-29 20:47:04.561 E/ccc ( 3287): cccccc result is not empty call back
05-29 20:47:04.561 E/ccc ( 3287): cccccc 666666666666666
05-29 20:47:04.562 W/eventbuscore( 1453): post Event:com.dangbei.leard.base.entity.event.NetWifiRssiEvent
05-29 20:47:04.580 E/ccc ( 3287): cccccc sort 10 1
05-29 20:47:05.629 I/efs.send_log( 2861): log cann't be send because net status is disconnected
05-29 20:47:05.741 D/hq ( 1453): NetWorkStateReceiver:::检查网络,并且持续更新 isConnect=false
05-29 20:47:07.742 D/hq ( 1453): NetWorkStateReceiver:::检查网络,并且持续更新 isConnect=false
05-29 20:47:09.743 D/hq ( 1453): NetWorkStateReceiver:::检查网络,并且持续更新 isConnect=false
05-29 20:47:11.653 D/uninstall( 3054): isAllowStart last_delay 0, current_time 1748522831
05-29 20:47:11.653 I/uninstall( 3054): enable_service com.ktcp.video/com.tencent.qqlivetv.keeplive.proc.DaemonService com.ktcp.video/(null)
05-29 20:47:11.653 D/uninstall( 3054): enable_service waitpid
05-29 20:47:11.653 D/uninstall( 4651): enable_service pid == 0
05-29 20:47:11.654 D/uninstall( 4651): enable_service version >= 17 || version == 0 version == 34
05-29 20:47:11.696 I/uninstall( 3054): watchdaemon process_name = com.ktcp.video:daemon has gone, start it
05-29 20:47:11.697 D/uninstall( 3054): watchdaemon waitpid
05-29 20:47:11.697 D/uninstall( 4655): watchdaemon pid == 0
05-29 20:47:11.697 D/uninstall( 4655): watchdaemon version >= 17 || version == 0 version == 34
05-29 20:47:11.743 D/hq ( 1453): NetWorkStateReceiver:::检查网络,并且持续更新 isConnect=false
05-29 20:47:13.130 D/UtilLog ( 2643): 日志批量上报 进行正常循环 !!!!!!本次有0次请求,共0条数据
05-29 20:47:13.615 E/WifiScoringParams( 720): Invalid frequency(-1), using 5G as default rssi array
05-29 20:47:13.626 D/InstantWifi( 720): Drop, size: 0
05-29 20:47:13.745 D/hq ( 1453): NetWorkStateReceiver:::检查网络,并且持续更新 isConnect=false
05-29 20:47:15.667 I/efs.send_log( 2861): log cann't be send because net status is disconnected
05-29 20:47:15.745 D/hq ( 1453): NetWorkStateReceiver:::检查网络,并且持续更新 isConnect=false
05-29 20:47:17.229 D/WifiNl80211Manager( 720): Scan result ready event
05-29 20:47:17.229 D/WifiNative( 720): Scan result ready event
05-29 20:47:17.233 D/PasspointManager( 720): ANQP entry not found for: 10:7c:61:1a:4b:94:<5G>
05-29 20:47:17.233 I/WifiHAL ( 531): call wifi_get_link_stats handler
05-29 20:47:17.233 I/WifiHAL ( 531): Creating message to get link statistics; iface = 16
05-29 20:47:17.233 D/WifiHAL ( 531): error code -95 mapped to -3
05-29 20:47:17.234 E/WifiStaIfaceAidlImpl( 720): getLinkLayerStats failed with service-specific exception: android.os.ServiceSpecificException: (code 4)
05-29 20:47:17.234 E/hq ( 1453): NetWorkStateReceiver:::NetWorkStateReceiver onReceive: 网络变化广播 >>>> intent.action=android.net.wifi.SCAN_RESULTS
05-29 20:47:17.234 E/ccc ( 3287): cccccc SCAN_RESULTS_AVAILABLE_ACTION hhhh
05-29 20:47:17.238 W/eventbuscore( 1453): post Event:com.dangbei.leard.base.entity.event.NetWifiRssiEvent
05-29 20:47:17.238 E/ccc ( 3287): cccccc result is not empty call back
05-29 20:47:17.238 E/ccc ( 3287): cccccc 666666666666666
05-29 20:47:17.248 E/ccc ( 3287): cccccc sort 10 1
05-29 20:47:17.746 D/hq ( 1453): NetWorkStateReceiver:::检查网络,并且持续更新 isConnect=false
05-29 20:47:18.555 I/audio_hw_hal_alsamgr( 504): alsa format =0x1 delay frames =640 total frames=7580160
05-29 20:47:19.747 D/hq ( 1453): NetWorkStateReceiver:::检查网络,并且持续更新 isConnect=false
05-29 20:47:21.748 D/hq ( 1453): NetWorkStateReceiver:::检查网络,并且持续更新 isConnect=false
05-29 20:47:21.764 D/uninstall( 3054): isAllowStart last_delay 0, current_time 1748522841
05-29 20:47:21.764 I/uninstall( 3054): enable_service com.ktcp.video/com.tencent.qqlivetv.keeplive.proc.DaemonService com.ktcp.video/(null)
05-29 20:47:21.765 D/uninstall( 3054): enable_service waitpid
05-29 20:47:21.765 D/uninstall( 4751): enable_service pid == 0
05-29 20:47:21.765 D/uninstall( 4751): enable_service version >= 17 || version == 0 version == 34
05-29 20:47:21.810 I/uninstall( 3054): watchdaemon process_name = com.ktcp.video:daemon has gone, start it
05-29 20:47:21.811 D/uninstall( 3054): watchdaemon waitpid
05-29 20:47:21.811 D/uninstall( 4757): watchdaemon pid == 0
05-29 20:47:21.811 D/uninstall( 4757): watchdaemon version >= 17 || version == 0 version == 34
05-29 20:47:23.131 D/UtilLog ( 2643): 日志批量上报 进行正常循环 !!!!!!本次有0次请求,共0条数据
05-29 20:47:23.737 D/OomAdjuster( 720): Not killing cached processes
05-29 20:47:23.749 D/hq ( 1453): NetWorkStateReceiver:::检查网络,并且持续更新 isConnect=false
05-29 20:47:25.715 I/efs.send_log( 2861): log cann't be send because net status is disconnected
05-29 20:47:25.750 D/hq ( 1453): NetWorkStateReceiver:::检查网络,并且持续更新 isConnect=false
05-29 20:47:27.751 D/hq ( 1453): NetWorkStateReceiver:::检查网络,并且持续更新 isConnect=false
05-29 20:47:29.752 D/hq ( 1453): NetWorkStateReceiver:::检查网络,并且持续更新 isConnect=false
05-29 20:47:30.906 I/audio_hw_hal_alsamgr( 504): alsa format =0x9000000 delay frames =1920 total frames=7680000
05-29 20:47:30.906 I/audio_hw_hal_alsamgr( 504): alsa format =0xa000000 delay frames =8192 total frames=30720000
05-29 20:47:31.568 D/ActivityManager( 720): sync unfroze 2113 com.gitvdemo.video for 3
05-29 20:47:31.588 I/apm_tracker( 2113): type=1400 audit(0.0:1850): avc: denied { open } for path="/proc/stat" dev="proc" ino=4026532003 scontext=u:r:untrusted_app_27:s0:c512,c768 tcontext=u:object_r:proc_stat:s0 tclass=file permissive=1 app=com.gitvdemo.video
05-29 20:47:31.619 I/MMKV ( 2113): open fd[0xc7], /data/user/0/com.gitvdemo.video/files/mmkv/recreation_config
05-29 20:47:31.616 I/apm_tracker( 2113): type=1400 audit(0.0:1851): avc: denied { getattr } for path="/proc/stat" dev="proc" ino=4026532003 scontext=u:r:untrusted_app_27:s0:c512,c768 tcontext=u:object_r:proc_stat:s0 tclass=file permissive=1 app=com.gitvdemo.video
05-29 20:47:31.625 I/MMKV ( 2113): open fd[0xc3], /data/user/0/com.gitvdemo.video/files/mmkv/recreation_config.crc
05-29 20:47:31.627 I/MMKV ( 2113): loading [recreation_config] with 152 actual size, file size 4096, InterProcess 1, meta info version:3
05-29 20:47:31.627 I/MMKV ( 2113): loading [recreation_config] with crc 2076918793 sequence 1 version 3
05-29 20:47:31.627 I/MMKV ( 2113): loaded [recreation_config] with 2 key-values
05-29 20:47:31.635 W/MediaProvider( 1404): isAppCloneUserPair for user 0: false
05-29 20:47:31.646 I/MediaProvider( 1404): Deleted 1 0 0 0 0 0 0 items on external_primary due to com.gitvdemo.video
05-29 20:47:31.656 W/MediaProvider( 1404): Failed to update quota for uri: content://media/external_primary/file/1000039410
05-29 20:47:31.656 W/MediaProvider( 1404): java.io.FileNotFoundException: No item at content://media/external_primary/file/1000039410
05-29 20:47:31.656 W/MediaProvider( 1404): at com.android.providers.media.MediaProvider.queryForSingleItem(MediaProvider.java:8587)
05-29 20:47:31.656 W/MediaProvider( 1404): at com.android.providers.media.MediaProvider.queryForDataFile(MediaProvider.java:8527)
05-29 20:47:31.656 W/MediaProvider( 1404): at com.android.providers.media.MediaProvider.queryForDataFile(MediaProvider.java:8519)
05-29 20:47:31.656 W/MediaProvider( 1404): at com.android.providers.media.MediaProvider.updateQuotaTypeForUri(MediaProvider.java:844)
05-29 20:47:31.656 W/MediaProvider( 1404): at com.android.providers.media.MediaProvider.-$$Nest$mupdateQuotaTypeForUri(MediaProvider.java:0)
05-29 20:47:31.656 W/MediaProvider( 1404): at com.android.providers.media.MediaProvider$5.lambda$onUpdate$1(MediaProvider.java:956)
05-29 20:47:31.656 W/MediaProvider( 1404): at com.android.providers.media.MediaProvider$5.$r8$lambda$d1oamlpYRGmLAqSobOWu_Cv09p8(MediaProvider.java:0)
05-29 20:47:31.656 W/MediaProvider( 1404): at com.android.providers.media.MediaProvider$5$$ExternalSyntheticLambda2.run(R8$$SyntheticClass:0)
05-29 20:47:31.656 W/MediaProvider( 1404): at android.os.Handler.handleCallback(Handler.java:958)
05-29 20:47:31.656 W/MediaProvider( 1404): at android.os.Handler.dispatchMessage(Handler.java:99)
05-29 20:47:31.656 W/MediaProvider( 1404): at android.os.Looper.loopOnce(Looper.java:205)
05-29 20:47:31.656 W/MediaProvider( 1404): at android.os.Looper.loop(Looper.java:294)
05-29 20:47:31.656 W/MediaProvider( 1404): at android.os.HandlerThread.run(HandlerThread.java:67)
05-29 20:47:31.697 I/MMKV ( 2113): open fd[0xc4], /data/user/0/com.gitvdemo.video/files/mmkv/push_preference
05-29 20:47:31.699 I/MMKV ( 2113): open fd[0xc5], /data/user/0/com.gitvdemo.video/files/mmkv/push_preference.crc
05-29 20:47:31.701 I/MMKV ( 2113): loading [push_preference] with 922 actual size, file size 4096, InterProcess 1, meta info version:3
05-29 20:47:31.701 I/MMKV ( 2113): loading [push_preference] with crc 1263999100 sequence 1 version 3
05-29 20:47:31.701 I/MMKV ( 2113): loaded [push_preference] with 5 key-values
05-29 20:47:31.710 I/MMKV ( 2113): open fd[0xd1], /data/user/0/com.gitvdemo.video/files/mmkv/delete_collection
05-29 20:47:31.710 I/MMKV ( 2113): open fd[0xc1], /data/user/0/com.gitvdemo.video/files/mmkv/delete_collection.crc
05-29 20:47:31.712 I/MMKV ( 2113): loading [delete_collection] with 184 actual size, file size 4096, InterProcess 1, meta info version:3
05-29 20:47:31.712 I/MMKV ( 2113): loading [delete_collection] with crc 1448483330 sequence 1 version 3
05-29 20:47:31.712 I/MMKV ( 2113): loaded [delete_collection] with 1 key-values
05-29 20:47:31.726 I/UniNetworkJNIlog( 2113): JAPIGroup::callSync
05-29 20:47:31.733 I/UniNetworkJNIlog( 2113): JAPIGroup::callSync
05-29 20:47:31.742 W/System.err( 2113): java.io.FileNotFoundException: bundle.json
05-29 20:47:31.744 I/UniNetworkJNIlog( 2113): JAPIGroup::callSync
05-29 20:47:31.747 W/System.err( 2113): at android.content.res.AssetManager.nativeOpenAsset(Native Method)
05-29 20:47:31.747 W/System.err( 2113): at android.content.res.AssetManager.open(AssetManager.java:908)
05-29 20:47:31.747 W/System.err( 2113): at android.content.res.AssetManager.open(AssetManager.java:885)
05-29 20:47:31.747 W/System.err( 2113): at com.gala.video.plugincenter.host.HostPluginEnvProvider.getDefaultBundleJson(HostPluginEnvProvider.java:32)
05-29 20:47:31.747 W/System.err( 2113): at com.gala.video.plugincenter.host.HostPluginEnvProvider.getHostPluginApiParams(HostPluginEnvProvider.java:80)
05-29 20:47:31.747 W/System.err( 2113): at com.gala.video.plugincenter.PluginListFetcher.createHostOtherPluginApiParam(PluginListFetcher.java:102)
05-29 20:47:31.747 W/System.err( 2113): at com.gala.video.plugincenter.PluginListFetcher.getHostOtherPluginList(PluginListFetcher.java:47)
05-29 20:47:31.747 W/System.err( 2113): at com.gala.video.plugincenter.PluginController$4.run(PluginController.java:786)
05-29 20:47:31.747 W/System.err( 2113): at android.os.Handler.handleCallback(Handler.java:958)
05-29 20:47:31.748 W/System.err( 2113): at android.os.Handler.dispatchMessage(Handler.java:99)
05-29 20:47:31.748 W/System.err( 2113): at android.os.Looper.loopOnce(Looper.java:205)
05-29 20:47:31.748 W/System.err( 2113): at android.os.Looper.loop(Looper.java:294)
05-29 20:47:31.748 W/System.err( 2113): at android.os.HandlerThread.run(HandlerThread.java:67)
05-29 20:47:31.748 W/System.err( 2113): org.json.JSONException: End of input at character 0 of
05-29 20:47:31.748 W/System.err( 2113): at org.json.JSONTokener.syntaxError(JSONTokener.java:469)
05-29 20:47:31.748 W/System.err( 2113): at org.json.JSONTokener.nextValue(JSONTokener.java:101)
05-29 20:47:31.748 W/System.err( 2113): at org.json.JSONObject.(JSONObject.java:168)
05-29 20:47:31.748 W/System.err( 2113): at org.json.JSONObject.(JSONObject.java:185)
05-29 20:47:31.748 W/System.err( 2113): at com.gala.video.plugincenter.host.HostPluginEnvProvider.getDefaultBundleJson(HostPluginEnvProvider.java:43)
05-29 20:47:31.748 W/System.err( 2113): at com.gala.video.plugincenter.host.HostPluginEnvProvider.getHostPluginApiParams(HostPluginEnvProvider.java:80)
05-29 20:47:31.748 W/System.err( 2113): at com.gala.video.plugincenter.PluginListFetcher.createHostOtherPluginApiParam(PluginListFetcher.java:102)
05-29 20:47:31.748 W/System.err( 2113): at com.gala.video.plugincenter.PluginListFetcher.getHostOtherPluginList(PluginListFetcher.java:47)
05-29 20:47:31.748 W/System.err( 2113): at com.gala.video.plugincenter.PluginController$4.run(PluginController.java:786)
05-29 20:47:31.748 W/System.err( 2113): at android.os.Handler.handleCallback(Handler.java:958)
05-29 20:47:31.748 W/System.err( 2113): at android.os.Handler.dispatchMessage(Handler.java:99)
05-29 20:47:31.748 W/System.err( 2113): at android.os.Looper.loopOnce(Looper.java:205)
05-29 20:47:31.748 W/System.err( 2113): at android.os.Looper.loop(Looper.java:294)
05-29 20:47:31.748 W/System.err( 2113): at android.os.HandlerThread.run(HandlerThread.java:67)
05-29 20:47:31.744 I/rgb_led_ctl( 4879): type=1400 audit(0.0:1852): avc: denied { write } for name="spidev1.0" dev="tmpfs" ino=557 scontext=u:r:init:s0 tcontext=u:object_r:device:s0 tclass=chr_file permissive=1
05-29 20:47:31.753 D/hq ( 1453): NetWorkStateReceiver:::检查网络,并且持续更新 isConnect=false
05-29 20:47:31.744 I/rgb_led_ctl( 4879): type=1400 audit(0.0:1853): avc: denied { open } for path="/dev/spidev1.0" dev="tmpfs" ino=557 scontext=u:r:init:s0 tcontext=u:object_r:device:s0 tclass=chr_file permissive=1
05-29 20:47:31.744 I/rgb_led_ctl( 4879): type=1400 audit(0.0:1854): avc: denied { ioctl } for path="/dev/spidev1.0" dev="tmpfs" ino=557 ioctlcmd=0x6b01 scontext=u:r:init:s0 tcontext=u:object_r:device:s0 tclass=chr_file permissive=1
05-29 20:47:31.758 I/MMKV ( 2113): open fd[0xd3], /data/user/0/com.gitvdemo.video/files/mmkv/secret_debug
05-29 20:47:31.764 I/MMKV ( 2113): open fd[0xd5], /data/user/0/com.gitvdemo.video/files/mmkv/secret_debug.crc
05-29 20:47:31.774 I/MMKV ( 2113): loading [secret_debug] with 0 actual size, file size 4096, InterProcess 1, meta info version:1
05-29 20:47:31.774 I/MMKV ( 2113): loaded [secret_debug] with 0 key-values
05-29 20:47:31.778 I/UniNetworkJNIlog( 2113): JNIUtil copyDownloadResult() callback::getDownloadResult() is NULL!
05-29 20:47:31.829 I/MMKV ( 2113): open fd[0xce], /data/user/0/com.gitvdemo.video/files/mmkv/last_login_db
05-29 20:47:31.830 I/MMKV ( 2113): open fd[0xcf], /data/user/0/com.gitvdemo.video/files/mmkv/last_login_db.crc
05-29 20:47:31.837 I/MMKV ( 2113): loading [last_login_db] with 0 actual size, file size 4096, InterProcess 1, meta info version:1
05-29 20:47:31.837 I/MMKV ( 2113): loaded [last_login_db] with 0 key-values
05-29 20:47:31.844 I/UniNetworkJNIlog( 2113): JAPIGroup::callSync
05-29 20:47:31.846 I/MMKV ( 2113): open fd[0xd0], /data/user/0/com.gitvdemo.video/files/mmkv/DeviceFeatureMgr
05-29 20:47:31.846 I/MMKV ( 2113): open fd[0xd2], /data/user/0/com.gitvdemo.video/files/mmkv/DeviceFeatureMgr.crc
05-29 20:47:31.848 I/MMKV ( 2113): loading [DeviceFeatureMgr] with 412 actual size, file size 4096, InterProcess 1, meta info version:3
05-29 20:47:31.848 I/MMKV ( 2113): loading [DeviceFeatureMgr] with crc 770034404 sequence 1 version 3
05-29 20:47:31.848 I/MMKV ( 2113): loaded [DeviceFeatureMgr] with 1 key-values
05-29 20:47:31.862 D/uninstall( 3054): isAllowStart last_delay 0, current_time 1748522851
05-29 20:47:31.862 I/uninstall( 3054): enable_service com.ktcp.video/com.tencent.qqlivetv.keeplive.proc.DaemonService com.ktcp.video/(null)
05-29 20:47:31.863 D/uninstall( 3054): enable_service waitpid
05-29 20:47:31.863 D/uninstall( 4901): enable_service pid == 0
05-29 20:47:31.863 D/uninstall( 4901): enable_service version >= 17 || version == 0 version == 34
05-29 20:47:31.903 I/uninstall( 3054): watchdaemon process_name = com.ktcp.video:daemon has gone, start it
05-29 20:47:31.903 D/uninstall( 3054): watchdaemon waitpid
05-29 20:47:31.903 D/uninstall( 4920): watchdaemon pid == 0
05-29 20:47:31.904 D/uninstall( 4920): watchdaemon version >= 17 || version == 0 version == 34
05-29 20:47:31.904 W/Settings( 2113): Setting android_id has moved from android.provider.Settings.System to android.provider.Settings.Secure, returning read-only value.
05-29 20:47:31.937 I/UniNetworkJNIlog( 2113): JAPIGroup::callSync
05-29 20:47:32.001 I/MMKV ( 2113): open fd[0xcb], /data/user/0/com.gitvdemo.video/files/mmkv/system_options
05-29 20:47:32.002 I/MMKV ( 2113): open fd[0xcd], /data/user/0/com.gitvdemo.video/files/mmkv/system_options.crc
05-29 20:47:32.004 I/MMKV ( 2113): loading [system_options] with 0 actual size, file size 4096, InterProcess 1, meta info version:1
05-29 20:47:32.004 I/MMKV ( 2113): loaded [system_options] with 0 key-values
05-29 20:47:32.014 D/TrafficStats( 2113): tagSocket(212) with statsTag=0xffffffff, statsUid=-1
05-29 20:47:32.018 I/MMKV ( 2113): open fd[0xd6], /data/user/0/com.gitvdemo.video/files/mmkv/puma_options
05-29 20:47:32.019 I/MMKV ( 2113): open fd[0xc8], /data/user/0/com.gitvdemo.video/files/mmkv/puma_options.crc
05-29 20:47:32.025 I/MMKV ( 2113): loading [puma_options] with 0 actual size, file size 4096, InterProcess 1, meta info version:1
05-29 20:47:32.025 I/MMKV ( 2113): loaded [puma_options] with 0 key-values
05-29 20:47:32.027 I/MMKV ( 2113): open fd[0xc0], /data/user/0/com.gitvdemo.video/files/mmkv/debug_hcdn_setting
05-29 20:47:32.029 I/MMKV ( 2113): open fd[0xd9], /data/user/0/com.gitvdemo.video/files/mmkv/debug_hcdn_setting.crc
05-29 20:47:32.034 I/MMKV ( 2113): loading [debug_hcdn_setting] with 0 actual size, file size 4096, InterProcess 1, meta info version:1
05-29 20:47:32.034 I/MMKV ( 2113): loaded [debug_hcdn_setting] with 0 key-values
05-29 20:47:32.036 D/PluginProviderHelper( 2113): get native library dir from list
05-29 20:47:32.036 D/PluginProviderHelper( 2113): get native library dir, path = /data/user/0/com.gitvdemo.video/app_robust_patch/2/15.5.0.196880/so;/data/app/~~hfysZiPDft15mRwImewIkw==/com.gitvdemo.video-91FXltttBD-_aERnSfTyxw==/lib/arm;/data/app/~~hfysZiPDft15mRwImewIkw==/com.gitvdemo.video-91FXltttBD-_aERnSfTyxw==/base.apk!/lib/armeabi-v7a;
05-29 20:47:32.036 D/PluginProviderHelper( 2113): application native library dir = /data/app/~~hfysZiPDft15mRwImewIkw==/com.gitvdemo.video-91FXltttBD-_aERnSfTyxw==/lib/arm
05-29 20:47:32.067 D/TrafficStats( 2113): tagSocket(218) with statsTag=0xffffffff, statsUid=-1
05-29 20:47:32.068 D/TrafficStats( 2113): tagSocket(220) with statsTag=0xffffffff, statsUid=-1
05-29 20:47:32.101 D/TrafficStats( 2113): tagSocket(204) with statsTag=0xffffffff, statsUid=-1
05-29 20:47:32.108 I/MMKV ( 2113): open fd[0xdf], /data/user/0/com.gitvdemo.video/files/mmkv/player_common_abtest
05-29 20:47:32.108 I/MMKV ( 2113): open fd[0xe0], /data/user/0/com.gitvdemo.video/files/mmkv/player_common_abtest.crc
05-29 20:47:32.111 I/MMKV ( 2113): loading [player_common_abtest] with 0 actual size, file size 4096, InterProcess 1, meta info version:1
05-29 20:47:32.111 I/MMKV ( 2113): loaded [player_common_abtest] with 0 key-values
05-29 20:47:32.159 D/TrafficStats( 2113): tagSocket(212) with statsTag=0xffffffff, statsUid=-1
05-29 20:47:32.198 D/TrafficStats( 2113): tagSocket(204) with statsTag=0xffffffff, statsUid=-1
05-29 20:47:32.229 D/TrafficStats( 2113): tagSocket(216) with statsTag=0xffffffff, statsUid=-1
05-29 20:47:32.266 D/TrafficStats( 2113): tagSocket(204) with statsTag=0xffffffff, statsUid=-1
05-29 20:47:32.266 D/TrafficStats( 2113): tagSocket(216) with statsTag=0xffffffff, statsUid=-1
05-29 20:47:32.269 D/TrafficStats( 2113): tagSocket(212) with statsTag=0xffffffff, statsUid=-1
05-29 20:47:32.296 W/ziparchive( 2113): Unable to open '/system/app/WebViewGoogle/WebViewGoogle.apk': No such file or directory
05-29 20:47:32.296 E/.gitvdemo.video( 2113): Failed to open APK '/system/app/WebViewGoogle/WebViewGoogle.apk': I/O error
05-29 20:47:32.297 W/ResourcesManager( 2113): failed to preload asset path '/system/app/WebViewGoogle/WebViewGoogle.apk'
05-29 20:47:32.297 W/ResourcesManager( 2113): java.io.IOException: Failed to load asset path /system/app/WebViewGoogle/WebViewGoogle.apk
05-29 20:47:32.297 W/ResourcesManager( 2113): at android.content.res.ApkAssets.nativeLoad(Native Method)
05-29 20:47:32.297 W/ResourcesManager( 2113): at android.content.res.ApkAssets.(ApkAssets.java:298)
05-29 20:47:32.297 W/ResourcesManager( 2113): at android.content.res.ApkAssets.loadFromPath(ApkAssets.java:147)
05-29 20:47:32.297 W/ResourcesManager( 2113): at android.app.ResourcesManager.loadApkAssets(ResourcesManager.java:474)
05-29 20:47:32.297 W/ResourcesManager( 2113): at android.app.ResourcesManager.-$$Nest$mloadApkAssets(Unknown Source:0)
05-29 20:47:32.297 W/ResourcesManager( 2113): at android.app.ResourcesManager$ApkAssetsSupplier.load(ResourcesManager.java:167)
05-29 20:47:32.297 W/ResourcesManager( 2113): at android.app.ResourcesManager.createApkAssetsSupplierNotLocked(ResourcesManager.java:1004)
05-29 20:47:32.297 W/ResourcesManager( 2113): at android.app.ResourcesManager.getResources(ResourcesManager.java:1125)
05-29 20:47:32.297 W/ResourcesManager( 2113): at android.app.ContextImpl.createResources(ContextImpl.java:2601)
05-29 20:47:32.297 W/ResourcesManager( 2113): at android.app.ContextImpl.createConfigurationContext(ContextImpl.java:2764)
05-29 20:47:32.297 W/ResourcesManager( 2113): at com.gala.video.plugincenter.sdk.internal.ResourcesManager$ResourcesManagerCompatForP.resolveResourcesImplMap(ResourcesManager.java:762)
05-29 20:47:32.297 W/ResourcesManager( 2113): at com.gala.video.plugincenter.sdk.internal.ResourcesManager.hookAssetManagerAboveL(ResourcesManager.java:428)
05-29 20:47:32.297 W/ResourcesManager( 2113): at com.gala.video.plugincenter.sdk.internal.ResourcesManager.hookAssetManager(ResourcesManager.java:116)
05-29 20:47:32.297 W/ResourcesManager( 2113): at com.gala.video.plugincenter.sdk.internal.ResourcesManager.createResources(ResourcesManager.java:88)
05-29 20:47:32.297 W/ResourcesManager( 2113): at com.gala.video.plugincenter.sdk.internal.PluginLoadedApk$1.run(PluginLoadedApk.java:302)
05-29 20:47:32.297 W/ResourcesManager( 2113): at com.gala.video.plugincenter.sdk.utils.RunUtil$InternalHandler.handleMessage(RunUtil.java:133)
05-29 20:47:32.297 W/ResourcesManager( 2113): at android.os.Handler.dispatchMessage(Handler.java:106)
05-29 20:47:32.297 W/ResourcesManager( 2113): at android.os.Looper.loopOnce(Looper.java:205)
05-29 20:47:32.297 W/ResourcesManager( 2113): at android.os.Looper.loop(Looper.java:294)
05-29 20:47:32.297 W/ResourcesManager( 2113): at android.app.ActivityThread.main(ActivityThread.java:8255)
05-29 20:47:32.297 W/ResourcesManager( 2113): at java.lang.reflect.Method.invoke(Native Method)
05-29 20:47:32.297 W/ResourcesManager( 2113): at com.android.internal.os.RuntimeInit$MethodAndArgsCaller.run(RuntimeInit.java:552)
05-29 20:47:32.297 W/ResourcesManager( 2113): at com.android.internal.os.ZygoteInit.main(ZygoteInit.java:978)
05-29 20:47:32.297 W/ziparchive( 2113): Unable to open '/system/app/WebViewGoogle/WebViewGoogle.apk': No such file or directory
05-29 20:47:32.297 E/.gitvdemo.video( 2113): Failed to open APK '/system/app/WebViewGoogle/WebViewGoogle.apk': I/O error
05-29 20:47:32.298 W/ResourcesManager( 2113): asset path '/system/app/WebViewGoogle/WebViewGoogle.apk' does not exist or contains no resources
05-29 20:47:32.298 W/ResourcesManager( 2113): java.io.IOException: Failed to load asset path /system/app/WebViewGoogle/WebViewGoogle.apk
05-29 20:47:32.298 W/ResourcesManager( 2113): at android.content.res.ApkAssets.nativeLoad(Native Method)
05-29 20:47:32.298 W/ResourcesManager( 2113): at android.content.res.ApkAssets.(ApkAssets.java:298)
05-29 20:47:32.298 W/ResourcesManager( 2113): at android.content.res.ApkAssets.loadFromPath(ApkAssets.java:147)
05-29 20:47:32.298 W/ResourcesManager( 2113): at android.app.ResourcesManager.loadApkAssets(ResourcesManager.java:474)
05-29 20:47:32.298 W/ResourcesManager( 2113): at android.app.ResourcesManager.-$$Nest$mloadApkAssets(Unknown Source:0)
05-29 20:47:32.298 W/ResourcesManager( 2113): at android.app.ResourcesManager$ApkAssetsSupplier.load(ResourcesManager.java:167)
05-29 20:47:32.298 W/ResourcesManager( 2113): at android.app.ResourcesManager.createAssetManager(ResourcesManager.java:550)
05-29 20:47:32.298 W/ResourcesManager( 2113): at android.app.ResourcesManager.createResourcesImpl(ResourcesManager.java:637)
05-29 20:47:32.298 W/ResourcesManager( 2113): at android.app.ResourcesManager.findOrCreateResourcesImplForKeyLocked(ResourcesManager.java:689)
05-29 20:47:32.298 W/ResourcesManager( 2113): at android.app.ResourcesManager.createResources(ResourcesManager.java:1035)
05-29 20:47:32.298 W/ResourcesManager( 2113): at android.app.ResourcesManager.getResources(ResourcesManager.java:1138)
05-29 20:47:32.298 W/ResourcesManager( 2113): at android.app.ContextImpl.createResources(ContextImpl.java:2601)
05-29 20:47:32.298 W/ResourcesManager( 2113): at android.app.ContextImpl.createConfigurationContext(ContextImpl.java:2764)
05-29 20:47:32.298 W/ResourcesManager( 2113): at com.gala.video.plugincenter.sdk.internal.ResourcesManager$ResourcesManagerCompatForP.resolveResourcesImplMap(ResourcesManager.java:762)
05-29 20:47:32.298 W/ResourcesManager( 2113): at com.gala.video.plugincenter.sdk.internal.ResourcesManager.hookAssetManagerAboveL(ResourcesManager.java:428)
05-29 20:47:32.298 W/ResourcesManager( 2113): at com.gala.video.plugincenter.sdk.internal.ResourcesManager.hookAssetManager(ResourcesManager.java:116)
05-29 20:47:32.298 W/ResourcesManager( 2113): at com.gala.video.plugincenter.sdk.internal.ResourcesManager.createResources(ResourcesManager.java:88)
05-29 20:47:32.298 W/ResourcesManager( 2113): at com.gala.video.plugincenter.sdk.internal.PluginLoadedApk$1.run(PluginLoadedApk.java:302)
05-29 20:47:32.298 W/ResourcesManager( 2113): at com.gala.video.plugincenter.sdk.utils.RunUtil$InternalHandler.handleMessage(RunUtil.java:133)
05-29 20:47:32.298 W/ResourcesManager( 2113): at android.os.Handler.dispatchMessage(Handler.java:106)
05-29 20:47:32.298 W/ResourcesManager( 2113): at android.os.Looper.loopOnce(Looper.java:205)
05-29 20:47:32.298 W/ResourcesManager( 2113): at android.os.Looper.loop(Looper.java:294)
05-29 20:47:32.298 W/ResourcesManager( 2113): at android.app.ActivityThread.main(ActivityThread.java:8255)
05-29 20:47:32.298 W/ResourcesManager( 2113): at java.lang.reflect.Method.invoke(Native Method)
05-29 20:47:32.298 W/ResourcesManager( 2113): at com.android.internal.os.RuntimeInit$MethodAndArgsCaller.run(RuntimeInit.java:552)
05-29 20:47:32.298 W/ResourcesManager( 2113): at com.android.internal.os.ZygoteInit.main(ZygoteInit.java:978)
05-29 20:47:32.312 W/ziparchive( 2113): Unable to open '/system/app/WebViewGoogle/WebViewGoogle.apk': No such file or directory
05-29 20:47:32.312 E/.gitvdemo.video( 2113): Failed to open APK '/system/app/WebViewGoogle/WebViewGoogle.apk': I/O error
05-29 20:47:32.314 W/ResourcesManager( 2113): asset path '/system/app/WebViewGoogle/WebViewGoogle.apk' does not exist or contains no resources
05-29 20:47:32.314 W/ResourcesManager( 2113): java.io.IOException: Failed to load asset path /system/app/WebViewGoogle/WebViewGoogle.apk
05-29 20:47:32.314 W/ResourcesManager( 2113): at android.content.res.ApkAssets.nativeLoad(Native Method)
05-29 20:47:32.314 W/ResourcesManager( 2113): at android.content.res.ApkAssets.(ApkAssets.java:298)
05-29 20:47:32.314 W/ResourcesManager( 2113): at android.content.res.ApkAssets.loadFromPath(ApkAssets.java:147)
05-29 20:47:32.314 W/ResourcesManager( 2113): at android.app.ResourcesManager.loadApkAssets(ResourcesManager.java:474)
05-29 20:47:32.314 W/ResourcesManager( 2113): at android.app.ResourcesManager.createAssetManager(ResourcesManager.java:550)
05-29 20:47:32.314 W/ResourcesManager( 2113): at android.app.ResourcesManager.createResourcesImpl(ResourcesManager.java:637)
05-29 20:47:32.314 W/ResourcesManager( 2113): at android.app.ResourcesManager.findOrCreateResourcesImplForKeyLocked(ResourcesManager.java:689)
05-29 20:47:32.314 W/ResourcesManager( 2113): at android.app.ResourcesManager.findOrCreateResourcesImplForKeyLocked(ResourcesManager.java:678)
05-29 20:47:32.314 W/ResourcesManager( 2113): at android.app.ResourcesManager.redirectResourcesToNewImplLocked(ResourcesManager.java:1576)
05-29 20:47:32.314 W/ResourcesManager( 2113): at android.app.ResourcesManager.appendLibAssetsForMainAssetPath(ResourcesManager.java:1469)
05-29 20:47:32.314 W/ResourcesManager( 2113): at android.app.ResourcesManager.appendLibAssetForMainAssetPath(ResourcesManager.java:1428)
05-29 20:47:32.314 W/ResourcesManager( 2113): at com.gala.video.plugincenter.sdk.internal.ResourcesManager.hookAssetManagerAboveL(ResourcesManager.java:437)
05-29 20:47:32.314 W/ResourcesManager( 2113): at com.gala.video.plugincenter.sdk.internal.ResourcesManager.hookAssetManager(ResourcesManager.java:116)
05-29 20:47:32.314 W/ResourcesManager( 2113): at com.gala.video.plugincenter.sdk.internal.ResourcesManager.createResources(ResourcesManager.java:88)
05-29 20:47:32.314 W/ResourcesManager( 2113): at com.gala.video.plugincenter.sdk.internal.PluginLoadedApk$1.run(PluginLoadedApk.java:302)
05-29 20:47:32.314 W/ResourcesManager( 2113): at com.gala.video.plugincenter.sdk.utils.RunUtil$InternalHandler.handleMessage(RunUtil.java:133)
05-29 20:47:32.314 W/ResourcesManager( 2113): at android.os.Handler.dispatchMessage(Handler.java:106)
05-29 20:47:32.314 W/ResourcesManager( 2113): at android.os.Looper.loopOnce(Looper.java:205)
05-29 20:47:32.314 W/ResourcesManager( 2113): at android.os.Looper.loop(Looper.java:294)
05-29 20:47:32.314 W/ResourcesManager( 2113): at android.app.ActivityThread.main(ActivityThread.java:8255)
05-29 20:47:32.314 W/ResourcesManager( 2113): at java.lang.reflect.Method.invoke(Native Method)
05-29 20:47:32.314 W/ResourcesManager( 2113): at com.android.internal.os.RuntimeInit$MethodAndArgsCaller.run(RuntimeInit.java:552)
05-29 20:47:32.314 W/ResourcesManager( 2113): at com.android.internal.os.ZygoteInit.main(ZygoteInit.java:978)
05-29 20:47:32.341 E/.gitvdemo.video( 2113): Attempt to load writable dex file: /data/user/0/com.gitvdemo.video/app_plugin_patch/com.gala.video.plugin.push.15.3.0.193746.apk
05-29 20:47:32.341 W/.gitvdemo.video( 2113): Unsupported class loader
05-29 20:47:32.414 D/TrafficStats( 2113): tagSocket(215) with statsTag=0xffffffff, statsUid=-1
05-29 20:47:32.451 D/TrafficStats( 2113): tagSocket(212) with statsTag=0xffffffff, statsUid=-1
05-29 20:47:32.464 D/TrafficStats( 2113): tagSocket(216) with statsTag=0xffffffff, statsUid=-1
05-29 20:47:32.508 D/TrafficStats( 2113): tagSocket(212) with statsTag=0xffffffff, statsUid=-1
05-29 20:47:32.514 D/TrafficStats( 2113): tagSocket(218) with statsTag=0xffffffff, statsUid=-1
05-29 20:47:32.535 D/TrafficStats( 2113): tagSocket(216) with statsTag=0xffffffff, statsUid=-1
05-29 20:47:32.561 D/TrafficStats( 2113): tagSocket(215) with statsTag=0xffffffff, statsUid=-1
05-29 20:47:32.578 D/TrafficStats( 2113): tagSocket(218) with statsTag=0xffffffff, statsUid=-1
05-29 20:47:32.616 D/TrafficStats( 2113): tagSocket(212) with statsTag=0xffffffff, statsUid=-1
05-29 20:47:32.655 D/TrafficStats( 2113): tagSocket(212) with statsTag=0xffffffff, statsUid=-1
05-29 20:47:32.714 D/TrafficStats( 2113): tagSocket(216) with statsTag=0xffffffff, statsUid=-1
05-29 20:47:32.769 D/TrafficStats( 2113): tagSocket(218) with statsTag=0xffffffff, statsUid=-1
05-29 20:47:32.782 D/TrafficStats( 2113): tagSocket(216) with statsTag=0xffffffff, statsUid=-1
05-29 20:47:32.793 D/TrafficStats( 2113): tagSocket(212) with statsTag=0xffffffff, statsUid=-1
05-29 20:47:32.801 D/TrafficStats( 2113): tagSocket(218) with statsTag=0xffffffff, statsUid=-1
05-29 20:47:32.815 W/.gitvdemo.video( 2113): Unsupported class loader
05-29 20:47:32.815 W/.gitvdemo.video( 2113): Unsupported class loader
05-29 20:47:32.833 D/TrafficStats( 2113): tagSocket(212) with statsTag=0xffffffff, statsUid=-1
05-29 20:47:32.838 I/UniNetworkJNIlog( 2113): JAPIGroup::callSync
05-29 20:47:32.858 D/TrafficStats( 2113): tagSocket(215) with statsTag=0xffffffff, statsUid=-1
05-29 20:47:32.889 D/TrafficStats( 2113): tagSocket(212) with statsTag=0xffffffff, statsUid=-1
05-29 20:47:32.922 I/.gitvdemo.video( 2113): Waiting for a blocking GC ClassLinker
05-29 20:47:32.944 I/.gitvdemo.video( 2113): WaitForGcToComplete blocked ClassLinker on Background for 22.461ms
05-29 20:47:33.030 I/ActivityManager( 720): Background started FGS: Allowed [callingPackage: com.gitvdemo.video; callingUid: 10094; uidState: CEM ; uidBFSL: n/a; intent: Intent { cmp=com.gitvdemo.video/com.gala.video.plugincenter.sdk.delegate.LocalService (has extras) }; code:SYSTEM_ALERT_WINDOW_PERMISSION; tempAllowListReason:; targetSdkVersion:26; callerTargetSdkVersion:26; startForegroundCount:0; bindFromPackage:null: isBindService:false]
05-29 20:47:33.033 D/CompatibilityChangeReporter( 720): Compat change id reported: 265195908; UID 10094; state: ENABLED
05-29 20:47:33.040 I/load-playerplug( 2113): type=1400 audit(0.0:1856): avc: denied { search } for name="net" dev="sysfs" ino=12345 scontext=u:r:untrusted_app_27:s0:c512,c768 tcontext=u:object_r:sysfs_net:s0 tclass=dir permissive=1 app=com.gitvdemo.video
05-29 20:47:33.040 I/load-playerplug( 2113): type=1400 audit(0.0:1857): avc: denied { read } for name="address" dev="sysfs" ino=45362 scontext=u:r:untrusted_app_27:s0:c512,c768 tcontext=u:object_r:sysfs_net:s0 tclass=file permissive=1 app=com.gitvdemo.video
05-29 20:47:33.046 D/CompatibilityChangeReporter( 720): Compat change id reported: 170668199; UID 10094; state: DISABLED
05-29 20:47:33.047 W/ActivityManager( 720): Foreground service started from background can not have location/camera/microphone access: service com.gitvdemo.video/com.gala.video.plugincenter.sdk.delegate.LocalService
05-29 20:47:33.047 D/CompatibilityChangeReporter( 720): Compat change id reported: 255038118; UID 10094; state: DISABLED
05-29 20:47:33.047 D/TrafficStats( 2113): tagSocket(204) with statsTag=0xffffffff, statsUid=-1
05-29 20:47:33.047 D/CompatibilityChangeReporter( 720): Compat change id reported: 255042465; UID 10094; state: DISABLED
05-29 20:47:33.048 W/ForegroundServiceTypeLoggerModule( 720): Foreground service start for UID: 10094 does not have any types
05-29 20:47:33.051 I/ActivityManager( 720): Deferring FGS notification in legacy app com.gitvdemo.video/u0a94 : Notification(channel=kiwifruitServiceId shortcut=null contentView=null vibrate=null sound=null defaults=0x0 flags=0x40 color=0x00000000 vis=PRIVATE)
05-29 20:47:33.054 D/TrafficStats( 2113): tagSocket(204) with statsTag=0xffffffff, statsUid=-1
05-29 20:47:33.056 W/ActivityManager( 720): Foreground service started from background can not have location/camera/microphone access: service com.gitvdemo.video/com.gala.video.plugincenter.sdk.delegate.LocalService
05-29 20:47:33.062 D/TrafficStats( 2113): tagSocket(204) with statsTag=0xffffffff, statsUid=-1
05-29 20:47:33.040 I/load-playerplug( 2113): type=1400 audit(0.0:1858): avc: denied { open } for path="/sys/devices/platform/soc/fe368000.ethernet/net/eth0/address" dev="sysfs" ino=45362 scontext=u:r:untrusted_app_27:s0:c512,c768 tcontext=u:object_r:sysfs_net:s0 tclass=file permissive=1 app=com.gitvdemo.video
05-29 20:47:33.040 I/load-playerplug( 2113): type=1400 audit(0.0:1859): avc: denied { getattr } for path="/sys/devices/platform/soc/fe368000.ethernet/net/eth0/address" dev="sysfs" ino=45362 scontext=u:r:untrusted_app_27:s0:c512,c768 tcontext=u:object_r:sysfs_net:s0 tclass=file permissive=1 app=com.gitvdemo.video
05-29 20:47:33.073 D/IM ( 2113): [HCSDK] init, ver: v4.0.12.21(240222-1110)
05-29 20:47:33.073 D/IM-VIDEO( 2113): [HCSDK] init, config: {"serviceName":"multitv","clientVersion":"15.5.0.196866","hostmap":"multitv-im-conn.ptqy.gitv.tv"}
05-29 20:47:33.075 W/ziparchive( 2113): Unable to open '/system/app/WebViewGoogle/WebViewGoogle.apk': No such file or directory
05-29 20:47:33.075 E/.gitvdemo.video( 2113): Failed to open APK '/system/app/WebViewGoogle/WebViewGoogle.apk': I/O error
05-29 20:47:33.076 W/ResourcesManager( 2113): failed to preload asset path '/system/app/WebViewGoogle/WebViewGoogle.apk'
05-29 20:47:33.076 W/ResourcesManager( 2113): java.io.IOException: Failed to load asset path /system/app/WebViewGoogle/WebViewGoogle.apk
05-29 20:47:33.076 W/ResourcesManager( 2113): at android.content.res.ApkAssets.nativeLoad(Native Method)
05-29 20:47:33.076 W/ResourcesManager( 2113): at android.content.res.ApkAssets.(ApkAssets.java:298)
05-29 20:47:33.076 W/ResourcesManager( 2113): at android.content.res.ApkAssets.loadFromPath(ApkAssets.java:147)
05-29 20:47:33.076 W/ResourcesManager( 2113): at android.app.ResourcesManager.loadApkAssets(ResourcesManager.java:474)
05-29 20:47:33.076 W/ResourcesManager( 2113): at android.app.ResourcesManager.-$$Nest$mloadApkAssets(Unknown Source:0)
05-29 20:47:33.076 W/ResourcesManager( 2113): at android.app.ResourcesManager$ApkAssetsSupplier.load(ResourcesManager.java:167)
05-29 20:47:33.076 W/ResourcesManager( 2113): at android.app.ResourcesManager.createApkAssetsSupplierNotLocked(ResourcesManager.java:1004)
05-29 20:47:33.076 W/ResourcesManager( 2113): at android.app.ResourcesManager.getResources(ResourcesManager.java:1125)
05-29 20:47:33.076 W/ResourcesManager( 2113): at android.app.ContextImpl.createResources(ContextImpl.java:2601)
05-29 20:47:33.076 W/ResourcesManager( 2113): at android.app.ContextImpl.createConfigurationContext(ContextImpl.java:2764)
05-29 20:47:33.076 W/ResourcesManager( 2113): at com.gala.video.plugincenter.sdk.internal.ResourcesManager$ResourcesManagerCompatForP.resolveResourcesImplMap(ResourcesManager.java:762)
05-29 20:47:33.076 W/ResourcesManager( 2113): at com.gala.video.plugincenter.sdk.internal.ResourcesManager.hookAssetManagerAboveL(ResourcesManager.java:428)
05-29 20:47:33.076 W/ResourcesManager( 2113): at com.gala.video.plugincenter.sdk.internal.ResourcesManager.hookAssetManager(ResourcesManager.java:116)
05-29 20:47:33.076 W/ResourcesManager( 2113): at com.gala.video.plugincenter.sdk.internal.ResourcesManager.createResources(ResourcesManager.java:88)
05-29 20:47:33.076 W/ResourcesManager( 2113): at com.gala.video.plugincenter.sdk.internal.PluginLoadedApk$1.run(PluginLoadedApk.java:302)
05-29 20:47:33.076 W/ResourcesManager( 2113): at com.gala.video.plugincenter.sdk.utils.RunUtil$InternalHandler.handleMessage(RunUtil.java:133)
05-29 20:47:33.076 W/ResourcesManager( 2113): at android.os.Handler.dispatchMessage(Handler.java:106)
05-29 20:47:33.076 W/ResourcesManager( 2113): at android.os.Looper.loopOnce(Looper.java:205)
05-29 20:47:33.076 W/ResourcesManager( 2113): at android.os.Looper.loop(Looper.java:294)
05-29 20:47:33.076 W/ResourcesManager( 2113): at android.app.ActivityThread.main(ActivityThread.java:8255)
05-29 20:47:33.076 W/ResourcesManager( 2113): at java.lang.reflect.Method.invoke(Native Method)
05-29 20:47:33.076 W/ResourcesManager( 2113): at com.android.internal.os.RuntimeInit$MethodAndArgsCaller.run(RuntimeInit.java:552)
05-29 20:47:33.076 W/ResourcesManager( 2113): at com.android.internal.os.ZygoteInit.main(ZygoteInit.java:978)
05-29 20:47:33.076 W/ziparchive( 2113): Unable to open '/system/app/WebViewGoogle/WebViewGoogle.apk': No such file or directory
05-29 20:47:33.076 E/.gitvdemo.video( 2113): Failed to open APK '/system/app/WebViewGoogle/WebViewGoogle.apk': I/O error
05-29 20:47:33.077 W/ResourcesManager( 2113): asset path '/system/app/WebViewGoogle/WebViewGoogle.apk' does not exist or contains no resources
05-29 20:47:33.077 W/ResourcesManager( 2113): java.io.IOException: Failed to load asset path /system/app/WebViewGoogle/WebViewGoogle.apk
05-29 20:47:33.077 W/ResourcesManager( 2113): at android.content.res.ApkAssets.nativeLoad(Native Method)
05-29 20:47:33.077 W/ResourcesManager( 2113): at android.content.res.ApkAssets.(ApkAssets.java:298)
05-29 20:47:33.077 W/ResourcesManager( 2113): at android.content.res.ApkAssets.loadFromPath(ApkAssets.java:147)
05-29 20:47:33.077 W/ResourcesManager( 2113): at android.app.ResourcesManager.loadApkAssets(ResourcesManager.java:474)
05-29 20:47:33.077 W/ResourcesManager( 2113): at android.app.ResourcesManager.-$$Nest$mloadApkAssets(Unknown Source:0)
