05-29 20:52:07.306 D/CoreBackPreview( 720): Window{6ab5525 u0 com.dangbei.haqusetting/com.dangbei.haqusetting.ui.HomeActivity}: Setting back callback OnBackInvokedCallbackInfo{mCallback=android.window.IOnBackInvokedCallback$Stub$Proxy@cc444ab, mPriority=0, mIsAnimationCallback=false}
05-29 20:52:07.313 E/OpenGLRenderer( 3287): Unable to match the desired swap behavior.
05-29 20:52:07.320 I/rainbow_flow( 8701): type=1400 audit(0.0:2006): avc: denied { ioctl } for path="/dev/spidev1.0" dev="tmpfs" ino=557 ioctlcmd=0x6b00 scontext=u:r:init:s0 tcontext=u:object_r:device:s0 tclass=chr_file permissive=1
05-29 20:52:07.334 V/WindowManagerShell( 950): onTransitionReady android.os.BinderProxy@3a53329: {id=10 t=OPEN f=0x0 trk=0 r=[0@Point(0, 0)] c=[{WCT{android.window.IWindowContainerToken$Stub$Proxy@2344fba} m=OPEN f=TRANSLUCENT leash=Surface(name=Task=253)/@0x7686fdc sb=Rect(0, 0 - 1920, 1080) eb=Rect(0, 0 - 1920, 1080) d=0}]}
05-29 20:52:07.334 V/WindowManagerShell( 950): Playing animation for (#10)android.os.BinderProxy@3a53329@0
05-29 20:52:07.334 V/WindowManagerShell( 950): try handler com.android.wm.shell.keyguard.KeyguardTransitionHandler@2963747
05-29 20:52:07.334 V/WindowManagerShell( 950): try handler com.android.wm.shell.pip.tv.TvPipTransition@6b75b74
05-29 20:52:07.334 V/WindowManagerShell( 950): try handler com.android.wm.shell.activityembedding.ActivityEmbeddingController@9a7789d
05-29 20:52:07.334 V/WindowManagerShell( 950): try handler com.android.wm.shell.transition.RemoteTransitionHandler@97c6112
05-29 20:52:07.335 V/WindowManagerShell( 950): Transition doesn't have explicit remote, search filters for match for {id=10 t=OPEN f=0x0 trk=0 r=[0@Point(0, 0)] c=[{WCT{android.window.IWindowContainerToken$Stub$Proxy@2344fba} m=OPEN f=TRANSLUCENT leash=Surface(name=Task=253)/@0x7686fdc sb=Rect(0, 0 - 1920, 1080) eb=Rect(0, 0 - 1920, 1080) d=0}]}
05-29 20:52:07.335 V/WindowManagerShell( 950): Delegate animation for #10 to null
05-29 20:52:07.335 V/WindowManagerShell( 950): try handler com.android.wm.shell.transition.DefaultTransitionHandler@57500e3
05-29 20:52:07.335 V/WindowManagerShell( 950): start default transition animation, info = {id=10 t=OPEN f=0x0 trk=0 r=[0@Point(0, 0)] c=[{WCT{android.window.IWindowContainerToken$Stub$Proxy@2344fba} m=OPEN f=TRANSLUCENT leash=Surface(name=Task=253)/@0x7686fdc sb=Rect(0, 0 - 1920, 1080) eb=Rect(0, 0 - 1920, 1080) d=0}]}
05-29 20:52:07.336 V/WindowManagerShell( 950): loadAnimation: anim=android.view.animation.AlphaAnimation@46cce6b animAttr=0x4 type=OPEN isEntrance=true
05-29 20:52:07.338 V/WindowManagerShell( 950): animated by com.android.wm.shell.transition.DefaultTransitionHandler@57500e3
05-29 20:52:07.341 I/ActivityTaskManager( 720): Displayed com.dangbei.haqusetting/.ui.HomeActivity for user 0: +98ms
05-29 20:52:07.342 V/WindowManager( 720): Sent Transition #10 createdAt=05-29 20:52:07.236 via request=TransitionRequestInfo { type = 1, triggerTask = TaskInfo{userId=0 taskId=253 displayId=0 isRunning=true baseIntent=Intent { dat=haqu://setting:8080/... flg=0x10000000 pkg=com.dangbei.haqusetting cmp=com.dangbei.haqusetting/.ui.HomeActivity } baseActivity=ComponentInfo{com.dangbei.haqusetting/com.dangbei.haqusetting.ui.HomeActivity} topActivity=ComponentInfo{com.dangbei.haqusetting/com.dangbei.haqusetting.ui.HomeActivity} origActivity=null realActivity=ComponentInfo{com.dangbei.haqusetting/com.dangbei.haqusetting.ui.HomeActivity} numActivities=1 lastActiveTime=457298 supportsMultiWindow=true resizeMode=1 isResizeable=true minWidth=-1 minHeight=-1 defaultMinSize=220 token=WCT{RemoteToken{3808087 Task{39de9ee #253 type=standard A=1000:com.dangbei.haqusetting}}} topActivityType=1 pictureInPictureParams=null shouldDockBigOverlays=true launchIntoPipHostTaskId=-1 lastParentTaskIdBeforePip=-1 displayCutoutSafeInsets=null topActivityInfo=ActivityInfo{44a0bb4 com.dangbei.haqusetting.ui.HomeActivity} launchCookies=[] positionInParent=Point(0, 0) parentTaskId=-1 isFocused=false isVisible=false isVisibleRequested=false isSleeping=false topActivityInSizeCompat=false topActivityEligibleForLetterboxEducation= false isLetterboxDoubleTapEnabled= false topActivityEligibleForUserAspectRatioButton= false topActivityBoundsLetterboxed= false isFromLetterboxDoubleTap= false topActivityLetterboxVerticalPosition= -1 topActivityLetterboxHorizontalPosition= -1 topActivityLetterboxWidth=-1 topActivityLetterboxHeight=-1 isUserFullscreenOverrideEnabled=false isTopActivityTransparent=true locusId=null displayAreaFeatureId=1 cameraCompatControlState=hidden}, remoteTransition = null, displayChange = null, flags = 0 }
05-29 20:52:07.342 V/WindowManager( 720): startWCT=WindowContainerTransaction { changes = {} hops = [] errorCallbackToken=null taskFragmentOrganizer=null }
05-29 20:52:07.342 V/WindowManager( 720): info={id=10 t=OPEN f=0x0 trk=0 r=[0@Point(0, 0)] c=[{WCT{RemoteToken{3808087 Task{39de9ee #253 type=standard A=1000:com.dangbei.haqusetting}}} m=OPEN f=TRANSLUCENT leash=Surface(name=Task=253)/@0x3bf8708 sb=Rect(0, 0 - 1920, 1080) eb=Rect(0, 0 - 1920, 1080) d=0}]}
05-29 20:52:07.343 W/RecyclerView( 3287): No adapter attached; skipping layout
05-29 20:52:07.349 D/OomAdjuster( 720): Not killing cached processes
05-29 20:52:07.354 W/ProcessStats( 720): Tracking association SourceState{8907474 com.ktcp.video:daemon/10091 Fgs #700} whose proc state 3 is better than process ProcessState{a8eb676 com.ktcp.video/10091 pkg=com.ktcp.video} proc state 10 (7 skipped)
05-29 20:52:07.363 D/WindowManagerShell( 950): TvPipController: onTaskStackChanged()
05-29 20:52:07.386 I/ImeTracker( 720): com.dangbei.haqusetting:3a2aaa4c: onRequestHide at ORIGIN_SERVER_HIDE_INPUT reason HIDE_UNSPECIFIED_WINDOW
05-29 20:52:07.386 I/ImeTracker( 720): com.dangbei.haqusetting:3a2aaa4c: onCancelled at PHASE_SERVER_SHOULD_HIDE
05-29 20:52:07.388 I/DefaultIMS( 1431): onStartInput attribute=android.view.inputmethod.EditorInfo@91894cc restarting=false inputType: 0
05-29 20:52:07.408 D/XM_HIDREAD( 1873): poll ret=1, event=1
05-29 20:52:07.408 D/XM_HIDREAD( 1873): [9 bytes]:01 00 00 51 00 00 00 00 00
05-29 20:52:07.409 W/ContextImpl( 720): Calling a method in the system process without a qualified user: android.app.ContextImpl.startService:1899 com.android.server.wm.DisplayPolicy.lambda$focusChangedLw$5:2126 com.android.server.wm.DisplayPolicy.$r8$lambda$Znxk63oh-WzVnzo_WQefN7uxV48:0 com.android.server.wm.DisplayPolicy$$ExternalSyntheticLambda13.run:0 android.os.Handler.handleCallback:958
05-29 20:52:07.410 I/SogouIME( 1431): onKeyDown: keyoCode=20
05-29 20:52:07.410 I/DefaultIMS( 1431): onKeyDown: keyoCode=20
05-29 20:52:07.416 D/aaa ( 1665): LedStatusService onStartCommand begin
05-29 20:52:07.418 D/aaa ( 1665): topPkg is -------------- :com.dangbei.haqusetting
05-29 20:52:07.420 I/DefaultIMS( 1431): onStartInput attribute=android.view.inputmethod.EditorInfo@e95b315 restarting=false inputType: 0
05-29 20:52:07.555 D/XM_HIDREAD( 1873): poll ret=1, event=1
05-29 20:52:07.555 D/XM_HIDREAD( 1873): [9 bytes]:01 00 00 00 00 00 00 00 00
05-29 20:52:07.557 I/SogouIME( 1431): onKeyUp: keyoCode=20
05-29 20:52:07.557 I/DefaultIMS( 1431): onKeyUp: keyoCode=20
05-29 20:52:07.589 I/WifiHAL ( 531): call wifi_get_link_stats handler
05-29 20:52:07.589 I/WifiHAL ( 531): Creating message to get link statistics; iface = 16
05-29 20:52:07.589 D/WifiHAL ( 531): error code -95 mapped to -3
05-29 20:52:07.589 E/WifiStaIfaceAidlImpl( 720): getLinkLayerStats failed with service-specific exception: android.os.ServiceSpecificException: (code 4)
05-29 20:52:07.606 E/ccc ( 1400): cccccc UpdateHelper onMessageReceived com.dangbei.haqusetting com.dangbei.etna.update {"action":"get","functionTag":"leaf_controller_function_controller_dangbei_update","value":0} com.dangbei.lerad.etna.aidl.IEtnaAidlCallback$Stub$Proxy@37fa32d
05-29 20:52:07.607 E/ccc ( 1400): cccccc 缓存获取遥控器版本 DB-15B-H5-R0108
05-29 20:52:07.608 E/ccc ( 1400): cccccc 请求电量缓存 100
05-29 20:52:07.644 E/raop ( 2861): JavaCallback init
05-29 20:52:07.657 D/XM_HIDREAD( 1873): poll ret=1, event=1
05-29 20:52:07.657 D/XM_HIDREAD( 1873): [9 bytes]:01 00 00 51 00 00 00 00 00
05-29 20:52:07.658 D/ConnectivityService( 720): requestNetwork for uid/pid:1000/3287 activeRequest: null callbackRequest: 82 [NetworkRequest [ REQUEST id=83, [ Capabilities: INTERNET&NOT_RESTRICTED&TRUSTED&NOT_VCN_MANAGED Uid: 1000 RequestorUid: 1000 RequestorPkg: com.dangbei.haqusetting UnderlyingNetworks: Null] ]] callback flags: 0 order: 2147483647
05-29 20:52:07.659 I/SogouIME( 1431): onKeyDown: keyoCode=20
05-29 20:52:07.660 I/DefaultIMS( 1431): onKeyDown: keyoCode=20
05-29 20:52:07.664 D/WifiNetworkFactory( 720): got request NetworkRequest [ REQUEST id=83, [ Capabilities: INTERNET&NOT_RESTRICTED&TRUSTED&NOT_VCN_MANAGED Uid: 1000 RequestorUid: 1000 RequestorPkg: com.dangbei.haqusetting UnderlyingNetworks: Null] ]
05-29 20:52:07.664 D/UntrustedWifiNetworkFactory( 720): got request NetworkRequest [ REQUEST id=83, [ Capabilities: INTERNET&NOT_RESTRICTED&TRUSTED&NOT_VCN_MANAGED Uid: 1000 RequestorUid: 1000 RequestorPkg: com.dangbei.haqusetting UnderlyingNetworks: Null] ]
05-29 20:52:07.664 D/OemPaidWifiNetworkFactory( 720): got request NetworkRequest [ REQUEST id=83, [ Capabilities: INTERNET&NOT_RESTRICTED&TRUSTED&NOT_VCN_MANAGED Uid: 1000 RequestorUid: 1000 RequestorPkg: com.dangbei.haqusetting UnderlyingNetworks: Null] ]
05-29 20:52:07.664 D/MultiInternetWifiNetworkFactory( 720): got request NetworkRequest [ REQUEST id=83, [ Capabilities: INTERNET&NOT_RESTRICTED&TRUSTED&NOT_VCN_MANAGED Uid: 1000 RequestorUid: 1000 RequestorPkg: com.dangbei.haqusetting UnderlyingNetworks: Null] ]
05-29 20:52:07.667 D/ConnectivityService( 720): NetReassign [83 : null → 101] [c 1] [a 1] [i 4]
05-29 20:52:07.747 V/WindowManagerShell( 950): Transition animation finished (aborted=false), notifying core (#10)android.os.BinderProxy@3a53329@0
05-29 20:52:07.753 V/WindowManager( 720): Finish Transition #10: created at
05-29 20:52:07.236 collect-started=0.121ms request-sent=10.379ms started=15.564ms ready=26.111ms sent=95.367ms finished=516.08ms
05-29 20:52:07.754 V/WindowManagerShell( 950): Track 0 became idle
05-29 20:52:07.755 V/WindowManagerShell( 950): All active transition animations finished
05-29 20:52:07.791 D/XM_HIDREAD( 1873): poll ret=1, event=1
05-29 20:52:07.791 D/XM_HIDREAD( 1873): [9 bytes]:01 00 00 00 00 00 00 00 00
05-29 20:52:07.793 I/SogouIME( 1431): onKeyUp: keyoCode=20
05-29 20:52:07.793 I/DefaultIMS( 1431): onKeyUp: keyoCode=20
05-29 20:52:07.870 D/XM_HIDREAD( 1873): poll ret=1, event=1
05-29 20:52:07.870 D/XM_HIDREAD( 1873): [9 bytes]:01 00 00 51 00 00 00 00 00
05-29 20:52:07.872 D/CompatibilityChangeReporter( 720): Compat change id reported: 161145287; UID 1000; state: DISABLED
05-29 20:52:07.872 D/CompatibilityChangeReporter( 720): Compat change id reported: 161145287; UID 1000; state: ENABLED
05-29 20:52:07.878 I/WifiService( 720): startScan uid=1000
05-29 20:52:07.879 I/SogouIME( 1431): onKeyDown: keyoCode=20
05-29 20:52:07.879 I/DefaultIMS( 1431): onKeyDown: keyoCode=20
05-29 20:52:07.882 E/ccc ( 3287): cccccc i will start scan
05-29 20:52:07.889 D/InstantWifi( 720): Drop, size: 2
05-29 20:52:07.895 E/ccc ( 3287): cccccc 222222222222222222
05-29 20:52:07.899 I/DefaultIMS( 1431): onStartInput attribute=android.view.inputmethod.EditorInfo@98bd62a restarting=false inputType: 0
05-29 20:52:07.910 E/ccc ( 3287): cccccc sort 12 22
05-29 20:52:07.911 E/ccc ( 3287): cccccc 4444444444444444444 CONNECTED
05-29 20:52:07.925 E/ccc ( 3287): cccccc sort 12 22
05-29 20:52:07.982 D/XM_HIDREAD( 1873): poll ret=1, event=1
05-29 20:52:07.982 D/XM_HIDREAD( 1873): [9 bytes]:01 00 00 00 00 00 00 00 00
05-29 20:52:08.009 I/SogouIME( 1431): onKeyUp: keyoCode=20
05-29 20:52:08.009 I/DefaultIMS( 1431): onKeyUp: keyoCode=20
05-29 20:52:08.072 D/XM_HIDREAD( 1873): poll ret=1, event=1
05-29 20:52:08.072 D/XM_HIDREAD( 1873): [9 bytes]:01 00 00 51 00 00 00 00 00
05-29 20:52:08.074 I/SogouIME( 1431): onKeyDown: keyoCode=20
05-29 20:52:08.074 I/DefaultIMS( 1431): onKeyDown: keyoCode=20
05-29 20:52:08.144 D/TrafficStats( 2861): tagSocket(141) with statsTag=0xffffffff, statsUid=-1
05-29 20:52:08.196 D/XM_HIDREAD( 1873): poll ret=1, event=1
05-29 20:52:08.196 D/XM_HIDREAD( 1873): [9 bytes]:01 00 00 00 00 00 00 00 00
05-29 20:52:08.199 I/SogouIME( 1431): onKeyUp: keyoCode=20
05-29 20:52:08.199 I/DefaultIMS( 1431): onKeyUp: keyoCode=20
05-29 20:52:08.292 E/ccc ( 1400): cccccc led current is 100 标准
05-29 20:52:08.292 E/ccc ( 1400): cccccc led current is null
05-29 20:52:08.298 E/ccc ( 1400): cccccc led current is 100 标准
05-29 20:52:08.298 E/ccc ( 1400): cccccc led current is null
05-29 20:52:08.804 D/XM_HIDREAD( 1873): poll ret=1, event=1
05-29 20:52:08.804 D/XM_HIDREAD( 1873): [9 bytes]:01 00 00 51 00 00 00 00 00
05-29 20:52:08.806 I/SogouIME( 1431): onKeyDown: keyoCode=20
05-29 20:52:08.806 I/DefaultIMS( 1431): onKeyDown: keyoCode=20
05-29 20:52:08.927 D/XM_HIDREAD( 1873): poll ret=1, event=1
05-29 20:52:08.927 D/XM_HIDREAD( 1873): [9 bytes]:01 00 00 00 00 00 00 00 00
05-29 20:52:08.930 I/SogouIME( 1431): onKeyUp: keyoCode=20
05-29 20:52:08.930 I/DefaultIMS( 1431): onKeyUp: keyoCode=20
05-29 20:52:09.254 D/XM_HIDREAD( 1873): poll ret=1, event=1
05-29 20:52:09.254 D/XM_HIDREAD( 1873): [9 bytes]:01 00 00 50 00 00 00 00 00
05-29 20:52:09.257 I/SogouIME( 1431): onKeyDown: keyoCode=21
05-29 20:52:09.257 I/DefaultIMS( 1431): onKeyDown: keyoCode=21
05-29 20:52:09.412 D/XM_HIDREAD( 1873): poll ret=1, event=1
05-29 20:52:09.413 D/XM_HIDREAD( 1873): [9 bytes]:01 00 00 00 00 00 00 00 00
05-29 20:52:09.415 I/SogouIME( 1431): onKeyUp: keyoCode=21
05-29 20:52:09.415 I/DefaultIMS( 1431): onKeyUp: keyoCode=21
05-29 20:52:09.647 D/TrafficStats( 2861): tagSocket(164) with statsTag=0xffffffff, statsUid=-1
05-29 20:52:09.649 I/serviceDiscovery( 720): [MdnsAdvertiser] Adding service name: 当贝投屏V9, type: _airplay._tcp, hostAddresses: , port: 33493, network: null, txtRecord: srcvers=220.68features=0x527FFFF7,0x1E'pi=2e388006-13ba-4041-9a67-25dd4a43d536Cpk=b07727d6f6cd6e08b58ede525ec3cdeaa252ad9f683feb212ef8a205246554e7vv=2 flags=0x4model=AppleTV2,1deviceid=1c:79:2d:23:39:4b with ID 11 and subtype null
05-29 20:52:09.654 D/TrafficStats( 2861): tagSocket(207) with statsTag=0xffffffff, statsUid=-1
05-29 20:52:09.660 I/serviceDiscovery( 720): [MdnsAdvertiser] Adding service name: 1c792d23394b@当贝投屏V9, type: _raop._tcp, hostAddresses: , port: 43977, network: null, txtRecord: txtvers=1 am=AppleTV2,1ch=2
05-29 20:52:09.660 I/serviceDiscovery( 720): cn=0,1,2,3da=trueet=0,3,5ft=0x527FFFF7,0x1Emd=0,1,2Cpk=b07727d6f6cd6e08b58ede525ec3cdeaa252ad9f683feb212ef8a205246554e7pw=falsesf=0x4sr=44100ss=16sv=falsetp=UDPvn=65537 vs=220.68vv=2 rhd=5.6.0.0 with ID 12 and subtype null
05-29 20:52:09.839 D/XM_HIDREAD( 1873): poll ret=1, event=1
05-29 20:52:09.839 D/XM_HIDREAD( 1873): [9 bytes]:01 00 00 51 00 00 00 00 00
05-29 20:52:09.841 I/SogouIME( 1431): onKeyDown: keyoCode=20
05-29 20:52:09.842 I/DefaultIMS( 1431): onKeyDown: keyoCode=20
05-29 20:52:09.974 D/XM_HIDREAD( 1873): poll ret=1, event=1
05-29 20:52:09.974 D/XM_HIDREAD( 1873): [9 bytes]:01 00 00 00 00 00 00 00 00
05-29 20:52:09.976 I/SogouIME( 1431): onKeyUp: keyoCode=20
05-29 20:52:09.976 I/DefaultIMS( 1431): onKeyUp: keyoCode=20
05-29 20:52:10.147 I/serviceDiscovery( 720): [MdnsAdvertiser] Adding service name: 当贝投屏V9, type: _db_cast_screen._tcp, hostAddresses: , port: 43081, network: null, txtRecord: au=1cV=20830mV=100h265=0maxR=4096-4096model=DBBOX-A3deviceid=1c:79:2d:23:39:4b with ID 13 and subtype null
05-29 20:52:10.148 E/MdnsAdvertiser( 720): Name conflict adding services that should have unique names
05-29 20:52:10.148 E/MdnsAdvertiser( 720): android.net.connectivity.com.android.server.connectivity.mdns.NameConflictException
05-29 20:52:10.148 E/MdnsAdvertiser( 720): at android.net.connectivity.com.android.server.connectivity.mdns.MdnsRecordRepository.addService(MdnsRecordRepository.java:314)
05-29 20:52:10.148 E/MdnsAdvertiser( 720): at android.net.connectivity.com.android.server.connectivity.mdns.MdnsInterfaceAdvertiser.addService(MdnsInterfaceAdvertiser.java:217)
05-29 20:52:10.148 E/MdnsAdvertiser( 720): at android.net.connectivity.com.android.server.connectivity.mdns.MdnsAdvertiser$InterfaceAdvertiserRequest.addService(MdnsAdvertiser.java:273)
05-29 20:52:10.148 E/MdnsAdvertiser( 720): at android.net.connectivity.com.android.server.connectivity.mdns.MdnsAdvertiser.addService(MdnsAdvertiser.java:488)
05-29 20:52:10.148 E/MdnsAdvertiser( 720): at android.net.connectivity.com.android.server.NsdService$NsdStateMachine$EnabledState.processMessage(NsdService.java:730)
05-29 20:52:10.148 E/MdnsAdvertiser( 720): at android.net.connectivity.com.android.internal.util.StateMachine$SmHandler.processMsg(StateMachine.java:993)
05-29 20:52:10.148 E/MdnsAdvertiser( 720): at android.net.connectivity.com.android.internal.util.StateMachine$SmHandler.handleMessage(StateMachine.java:810)
05-29 20:52:10.148 E/MdnsAdvertiser( 720): at android.os.Handler.dispatchMessage(Handler.java:106)
05-29 20:52:10.148 E/MdnsAdvertiser( 720): at android.os.Looper.loopOnce(Looper.java:205)
05-29 20:52:10.148 E/MdnsAdvertiser( 720): at android.os.Looper.loop(Looper.java:294)
05-29 20:52:10.148 E/MdnsAdvertiser( 720): at android.os.HandlerThread.run(HandlerThread.java:67)
05-29 20:52:10.233 D/XM_HIDREAD( 1873): poll ret=1, event=1
05-29 20:52:10.233 D/XM_HIDREAD( 1873): [9 bytes]:01 00 00 28 00 00 00 00 00
05-29 20:52:10.235 I/SogouIME( 1431): onKeyDown: keyoCode=23
05-29 20:52:10.235 I/DefaultIMS( 1431): onKeyDown: keyoCode=23
05-29 20:52:10.356 D/XM_HIDREAD( 1873): poll ret=1, event=1
05-29 20:52:10.356 D/XM_HIDREAD( 1873): [9 bytes]:01 00 00 00 00 00 00 00 00
05-29 20:52:10.358 I/SogouIME( 1431): onKeyUp: keyoCode=23
05-29 20:52:10.358 I/DefaultIMS( 1431): onKeyUp: keyoCode=23
05-29 20:52:10.372 E/ccc ( 1400): cccccc SystemUpdateHelper systemUpdate {"launcherCodeLocal":0,"launcherCodeNet":0,"otaCodeLocal":5007,"otaCodeNet":66666,"otaVersionLocal":"5.0.0.7","otaVersionNet":"5.0.0.7","remoteNeedUpdate":false}
05-29 20:52:10.375 E/ccc ( 1400): cccccc SystemUpdateHelper launcherUpdate {"launcherCodeLocal":102941,"launcherCodeNet":0,"launcherVersionLocal":"2.9.4.1","launcherVersionNet":"","otaCodeLocal":0,"otaCodeNet":0,"remoteNeedUpdate":false,"updateType":""}
05-29 20:52:10.426 I/serviceDiscovery( 720): [MdnsAdvertiser.wlan0] Probing finished for service 12
05-29 20:52:10.595 I/WifiHAL ( 531): call wifi_get_link_stats handler
05-29 20:52:10.595 I/WifiHAL ( 531): Creating message to get link statistics; iface = 16
05-29 20:52:10.595 D/WifiHAL ( 531): error code -95 mapped to -3
05-29 20:52:10.596 E/WifiStaIfaceAidlImpl( 720): getLinkLayerStats failed with service-specific exception: android.os.ServiceSpecificException: (code 4)
05-29 20:52:10.647 I/serviceDiscovery( 720): [MdnsAdvertiser.wlan0] Probing finished for service 11
05-29 20:52:10.650 E/accept ( 2861): myIp:192.168.50.235
05-29 20:52:10.650 D/TrafficStats( 2861): tagSocket(208) with statsTag=0xffffffff, statsUid=-1
05-29 20:52:10.652 E/accept ( 2861): connect error
05-29 20:52:10.652 I/UpnpServiceImpl( 2861): >>> Starting UPnP service...
05-29 20:52:10.652 I/UpnpServiceImpl( 2861): Using configuration: org.fourthline.cling.android.AndroidUpnpServiceConfiguration
05-29 20:52:10.653 I/Router ( 2861): Creating Router: org.fourthline.cling.android.AndroidRouter
05-29 20:52:10.654 W/Router ( 2861): enable lock:org.fourthline.cling.android.AndroidRouter@36bf957_java.util.concurrent.locks.ReentrantReadWriteLock$WriteLock@b3bdc44[Unlocked]
05-29 20:52:10.658 W/tworkAddressFactoryImpl( 2861): Network interface may not be multicast capable: dummy0
05-29 20:52:10.659 I/MulticastReceiver( 2861): Creating wildcard socket (for receiving multicast datagrams) on port: 1900
05-29 20:52:10.660 D/TrafficStats( 2861): tagSocket(208) with statsTag=0xffffffff, statsUid=-1
05-29 20:52:10.660 I/MulticastReceiver( 2861): Joining multicast group: /239.255.255.250:1900 on network interface: wlan0
05-29 20:52:10.660 E/accept ( 2861): Adding connector try: 192.168.50.235/192.168.50.235:37597
05-29 20:52:10.661 D/TrafficStats( 2861): tagSocket(209) with statsTag=0xffffffff, statsUid=-1
05-29 20:52:10.661 E/accept ( 2861): Adding connector result: 192.168.50.235/192.168.50.235:37597
05-29 20:52:10.661 I/JettyServletContainer( 2861): Registering UPnP servlet under context path: /upnp
05-29 20:52:10.661 I/DatagramIO( 2861): Creating bound socket (for datagram input/output) on: 192.168.50.235/192.168.50.235
05-29 20:52:10.662 D/TrafficStats( 2861): tagSocket(212) with statsTag=0xffffffff, statsUid=-1
05-29 20:52:10.662 E/JettyServletContainer( 2861): gogogo
05-29 20:52:10.662 I/JettyServletContainer( 2861): Starting Jetty server...
05-29 20:52:10.663 W/System.err( 2861): 2025-05-29 20:52:10.663:INFO:lcaf.p:jetty-8.y.z-SNAPSHOT
05-29 20:52:10.664 W/System.err( 2861): 2025-05-29 20:52:10.664:INFO:lcaf.a:Started @192.168.50.235:37597
05-29 20:52:10.664 I/Router ( 2861): WiFi multicast lock acquired
05-29 20:52:10.665 I/WifiService( 720): acquireMulticastLock uid=10044
05-29 20:52:10.665 I/Router ( 2861): WiFi lock acquired
05-29 20:52:10.666 I/WifiService( 720): acquireWifiLock uid=10044 lockMode=3
05-29 20:52:10.667 I/WifiHAL ( 531): wifi_set_latency_mode set to 1
05-29 20:52:10.676 D/WifiHAL ( 531): Setting APF program, halHandle = 0xef801fc0
05-29 20:52:10.676 W/Router ( 2861): enable unlock:org.fourthline.cling.android.AndroidRouter@36bf957
05-29 20:52:10.676 I/WifiHAL ( 531): createRequest: APF set program request
05-29 20:52:10.676 I/UpnpServiceImpl( 2861): <<< UPnP service started successfully
05-29 20:52:10.676 D/WifiHAL ( 531): error code -95 mapped to -3
05-29 20:52:10.677 I/WifiHAL ( 531): Request Response failed for APF, result = -3
05-29 20:52:10.677 E/WifiStaIfaceAidlImpl( 720): installApfPacketFilter failed with service-specific exception: android.os.ServiceSpecificException: (code 4)
05-29 20:52:11.211 D/XM_HIDREAD( 1873): poll ret=1, event=1
05-29 20:52:11.212 D/XM_HIDREAD( 1873): [9 bytes]:01 00 00 28 00 00 00 00 00
05-29 20:52:11.214 I/SogouIME( 1431): onKeyDown: keyoCode=23
05-29 20:52:11.214 I/DefaultIMS( 1431): onKeyDown: keyoCode=23
05-29 20:52:11.255 E/TaskPersister( 720): File error accessing recents directory (directory doesn't exist?).
05-29 20:52:11.312 D/XM_HIDREAD( 1873): poll ret=1, event=1
05-29 20:52:11.312 D/XM_HIDREAD( 1873): [9 bytes]:01 00 00 00 00 00 00 00 00
05-29 20:52:11.315 I/SogouIME( 1431): onKeyUp: keyoCode=23
05-29 20:52:11.315 I/DefaultIMS( 1431): onKeyUp: keyoCode=23
05-29 20:52:11.806 D/ActivityManager( 720): freezing 2514 com.android.permissioncontroller
05-29 20:52:11.862 D/WifiNl80211Manager( 720): Scan result ready event
05-29 20:52:11.862 D/WifiNative( 720): Scan result ready event
05-29 20:52:11.871 D/WificondScannerImpl( 720): Filtering out 6 scan results.
05-29 20:52:11.890 D/PasspointManager( 720): ANQP entry not found for: 10:7c:61:1a:4b:94:<5G>
05-29 20:52:11.891 E/ccc ( 3287): cccccc SCAN_RESULTS_AVAILABLE_ACTION hhhh
05-29 20:52:11.892 E/hq ( 1453): NetWorkStateReceiver:::NetWorkStateReceiver onReceive: 网络变化广播 >>>> intent.action=android.net.wifi.SCAN_RESULTS
05-29 20:52:11.894 I/WifiHAL ( 531): call wifi_get_link_stats handler
05-29 20:52:11.894 I/WifiHAL ( 531): Creating message to get link statistics; iface = 16
05-29 20:52:11.894 D/WifiHAL ( 531): error code -95 mapped to -3
05-29 20:52:11.894 E/WifiStaIfaceAidlImpl( 720): getLinkLayerStats failed with service-specific exception: android.os.ServiceSpecificException: (code 4)
05-29 20:52:11.903 E/ccc ( 3287): cccccc result is not empty call back
05-29 20:52:11.903 E/ccc ( 3287): cccccc 666666666666666
05-29 20:52:11.905 W/eventbuscore( 1453): post Event:com.dangbei.leard.base.entity.event.NetWifiRssiEvent
05-29 20:52:11.925 E/ccc ( 3287): cccccc sort 12 21
05-29 20:52:12.001 D/OpenGLRenderer( 3287): --- Failed to create image decoder with message 'unimplemented'
05-29 20:52:12.002 D/OpenGLRenderer( 3287): --- Failed to create image decoder with message 'unimplemented'
05-29 20:52:12.002 D/OpenGLRenderer( 3287): --- Failed to create image decoder with message 'unimplemented'
05-29 20:52:12.003 D/OpenGLRenderer( 3287): --- Failed to create image decoder with message 'unimplemented'
05-29 20:52:12.004 D/OpenGLRenderer( 3287): --- Failed to create image decoder with message 'unimplemented'
05-29 20:52:12.004 D/OpenGLRenderer( 3287): --- Failed to create image decoder with message 'unimplemented'
05-29 20:52:12.313 I/Utils ( 2113): getTargetIp #
05-29 20:52:12.314 I/Utils ( 2113): getTargetIp #
05-29 20:52:13.131 D/UtilLog ( 2643): 日志批量上报 进行正常循环 !!!!!!本次有0次请求,共0条数据
05-29 20:52:13.304 D/XM_HIDREAD( 1873): poll ret=1, event=1
05-29 20:52:13.304 D/XM_HIDREAD( 1873): [9 bytes]:01 00 00 28 00 00 00 00 00
05-29 20:52:13.306 I/SogouIME( 1431): onKeyDown: keyoCode=23
05-29 20:52:13.306 I/DefaultIMS( 1431): onKeyDown: keyoCode=23
05-29 20:52:13.529 D/XM_HIDREAD( 1873): poll ret=1, event=1
05-29 20:52:13.529 D/XM_HIDREAD( 1873): [9 bytes]:01 00 00 00 00 00 00 00 00
05-29 20:52:13.531 I/SogouIME( 1431): onKeyUp: keyoCode=23
05-29 20:52:13.531 I/DefaultIMS( 1431): onKeyUp: keyoCode=23
05-29 20:52:13.599 I/WifiHAL ( 531): call wifi_get_link_stats handler
05-29 20:52:13.600 I/WifiHAL ( 531): Creating message to get link statistics; iface = 16
05-29 20:52:13.600 D/WifiHAL ( 531): error code -95 mapped to -3
05-29 20:52:13.600 E/WifiStaIfaceAidlImpl( 720): getLinkLayerStats failed with service-specific exception: android.os.ServiceSpecificException: (code 4)
05-29 20:52:14.080 D/XM_HIDREAD( 1873): poll ret=1, event=1
05-29 20:52:14.080 D/XM_HIDREAD( 1873): [9 bytes]:01 00 00 51 00 00 00 00 00
05-29 20:52:14.082 I/SogouIME( 1431): onKeyDown: keyoCode=20
05-29 20:52:14.082 I/DefaultIMS( 1431): onKeyDown: keyoCode=20
05-29 20:52:14.227 D/XM_HIDREAD( 1873): poll ret=1, event=1
05-29 20:52:14.227 D/XM_HIDREAD( 1873): [9 bytes]:01 00 00 00 00 00 00 00 00
05-29 20:52:14.229 I/SogouIME( 1431): onKeyUp: keyoCode=20
05-29 20:52:14.229 I/DefaultIMS( 1431): onKeyUp: keyoCode=20
05-29 20:52:14.710 D/XM_HIDREAD( 1873): poll ret=1, event=1
05-29 20:52:14.710 D/XM_HIDREAD( 1873): [9 bytes]:01 00 00 52 00 00 00 00 00
05-29 20:52:14.713 I/SogouIME( 1431): onKeyDown: keyoCode=19
05-29 20:52:14.713 I/DefaultIMS( 1431): onKeyDown: keyoCode=19
05-29 20:52:14.856 D/XM_HIDREAD( 1873): poll ret=1, event=1
05-29 20:52:14.857 D/XM_HIDREAD( 1873): [9 bytes]:01 00 00 00 00 00 00 00 00
05-29 20:52:14.859 I/SogouIME( 1431): onKeyUp: keyoCode=19
05-29 20:52:14.859 I/DefaultIMS( 1431): onKeyUp: keyoCode=19
05-29 20:52:15.104 D/XM_HIDREAD( 1873): poll ret=1, event=1
05-29 20:52:15.104 D/XM_HIDREAD( 1873): [9 bytes]:01 00 00 28 00 00 00 00 00
05-29 20:52:15.106 I/SogouIME( 1431): onKeyDown: keyoCode=23
05-29 20:52:15.106 I/DefaultIMS( 1431): onKeyDown: keyoCode=23
05-29 20:52:15.239 D/XM_HIDREAD( 1873): poll ret=1, event=1
05-29 20:52:15.239 D/XM_HIDREAD( 1873): [9 bytes]:01 00 00 00 00 00 00 00 00
05-29 20:52:15.241 I/SogouIME( 1431): onKeyUp: keyoCode=23
05-29 20:52:15.241 I/DefaultIMS( 1431): onKeyUp: keyoCode=23
05-29 20:52:15.483 D/uninstall( 3054): isAllowStart last_delay 0, current_time 1748523135
05-29 20:52:15.483 I/uninstall( 3054): enable_service com.ktcp.video/com.tencent.qqlivetv.keeplive.proc.DaemonService com.ktcp.video/(null)
05-29 20:52:15.484 D/uninstall( 3054): enable_service waitpid
05-29 20:52:15.484 D/uninstall( 9020): enable_service pid == 0
05-29 20:52:15.484 D/uninstall( 9020): enable_service version >= 17 || version == 0 version == 34
05-29 20:52:15.527 I/uninstall( 3054): watchdaemon process_name = com.ktcp.video:daemon has gone, start it
05-29 20:52:15.528 D/uninstall( 3054): watchdaemon waitpid
05-29 20:52:15.528 D/uninstall( 9024): watchdaemon pid == 0
05-29 20:52:15.528 D/uninstall( 9024): watchdaemon version >= 17 || version == 0 version == 34
05-29 20:52:15.734 D/XM_HIDREAD( 1873): poll ret=1, event=1
05-29 20:52:15.734 D/XM_HIDREAD( 1873): [9 bytes]:01 00 00 28 00 00 00 00 00
05-29 20:52:15.736 I/SogouIME( 1431): onKeyDown: keyoCode=23
05-29 20:52:15.736 I/DefaultIMS( 1431): onKeyDown: keyoCode=23
05-29 20:52:15.891 D/XM_HIDREAD( 1873): poll ret=1, event=1
05-29 20:52:15.891 D/XM_HIDREAD( 1873): [9 bytes]:01 00 00 00 00 00 00 00 00
05-29 20:52:15.893 I/SogouIME( 1431): onKeyUp: keyoCode=23
05-29 20:52:15.893 I/DefaultIMS( 1431): onKeyUp: keyoCode=23
05-29 20:52:16.607 I/WifiHAL ( 531): call wifi_get_link_stats handler
05-29 20:52:16.607 I/WifiHAL ( 531): Creating message to get link statistics; iface = 16
05-29 20:52:16.607 D/WifiHAL ( 531): error code -95 mapped to -3
05-29 20:52:16.608 E/WifiStaIfaceAidlImpl( 720): getLinkLayerStats failed with service-specific exception: android.os.ServiceSpecificException: (code 4)
05-29 20:52:18.906 I/audio_hw_hal_alsamgr( 504): alsa format =0x9000000 delay frames =1920 total frames=21504000
05-29 20:52:18.907 I/audio_hw_hal_alsamgr( 504): alsa format =0xa000000 delay frames =8064 total frames=86016000
05-29 20:52:19.132 D/XM_HIDREAD( 1873): poll ret=1, event=1
05-29 20:52:19.132 D/XM_HIDREAD( 1873): [9 bytes]:01 00 00 51 00 00 00 00 00
05-29 20:52:19.134 I/SogouIME( 1431): onKeyDown: keyoCode=20
05-29 20:52:19.134 I/DefaultIMS( 1431): onKeyDown: keyoCode=20
05-29 20:52:19.221 D/XM_HIDREAD( 1873): poll ret=1, event=1
05-29 20:52:19.221 D/XM_HIDREAD( 1873): [9 bytes]:01 00 00 00 00 00 00 00 00
05-29 20:52:19.223 I/SogouIME( 1431): onKeyUp: keyoCode=20
05-29 20:52:19.223 I/DefaultIMS( 1431): onKeyUp: keyoCode=20
05-29 20:52:19.536 D/XM_HIDREAD( 1873): poll ret=1, event=1
05-29 20:52:19.536 D/XM_HIDREAD( 1873): [9 bytes]:01 00 00 52 00 00 00 00 00
05-29 20:52:19.538 I/SogouIME( 1431): onKeyDown: keyoCode=19
05-29 20:52:19.538 I/DefaultIMS( 1431): onKeyDown: keyoCode=19
05-29 20:52:19.615 I/WifiHAL ( 531): call wifi_get_link_stats handler
05-29 20:52:19.615 I/WifiHAL ( 531): Creating message to get link statistics; iface = 16
05-29 20:52:19.615 D/WifiHAL ( 531): error code -95 mapped to -3
05-29 20:52:19.615 E/WifiStaIfaceAidlImpl( 720): getLinkLayerStats failed with service-specific exception: android.os.ServiceSpecificException: (code 4)
05-29 20:52:19.671 D/XM_HIDREAD( 1873): poll ret=1, event=1
05-29 20:52:19.671 D/XM_HIDREAD( 1873): [9 bytes]:01 00 00 00 00 00 00 00 00
05-29 20:52:19.673 I/SogouIME( 1431): onKeyUp: keyoCode=19
05-29 20:52:19.673 I/DefaultIMS( 1431): onKeyUp: keyoCode=19
05-29 20:52:20.021 D/XM_HIDREAD( 1873): poll ret=1, event=1
05-29 20:52:20.021 D/XM_HIDREAD( 1873): [9 bytes]:01 00 00 28 00 00 00 00 00
05-29 20:52:20.023 I/SogouIME( 1431): onKeyDown: keyoCode=23
05-29 20:52:20.023 I/DefaultIMS( 1431): onKeyDown: keyoCode=23
05-29 20:52:20.166 D/XM_HIDREAD( 1873): poll ret=1, event=1
05-29 20:52:20.167 D/XM_HIDREAD( 1873): [9 bytes]:01 00 00 00 00 00 00 00 00
05-29 20:52:20.169 I/SogouIME( 1431): onKeyUp: keyoCode=23
05-29 20:52:20.169 I/DefaultIMS( 1431): onKeyUp: keyoCode=23
05-29 20:52:20.268 D/XM_HIDREAD( 1873): poll ret=1, event=1
05-29 20:52:20.268 D/XM_HIDREAD( 1873): [9 bytes]:01 00 00 28 00 00 00 00 00
05-29 20:52:20.270 I/SogouIME( 1431): onKeyDown: keyoCode=23
05-29 20:52:20.270 I/DefaultIMS( 1431): onKeyDown: keyoCode=23
05-29 20:52:20.358 D/XM_HIDREAD( 1873): poll ret=1, event=1
05-29 20:52:20.358 D/XM_HIDREAD( 1873): [9 bytes]:01 00 00 00 00 00 00 00 00
05-29 20:52:20.359 I/SogouIME( 1431): onKeyUp: keyoCode=23
05-29 20:52:20.359 I/DefaultIMS( 1431): onKeyUp: keyoCode=23
05-29 20:52:20.448 D/XM_HIDREAD( 1873): poll ret=1, event=1
05-29 20:52:20.448 D/XM_HIDREAD( 1873): [9 bytes]:01 00 00 28 00 00 00 00 00
05-29 20:52:20.450 I/SogouIME( 1431): onKeyDown: keyoCode=23
05-29 20:52:20.450 I/DefaultIMS( 1431): onKeyDown: keyoCode=23
05-29 20:52:20.537 D/XM_HIDREAD( 1873): poll ret=1, event=1
05-29 20:52:20.538 D/XM_HIDREAD( 1873): [9 bytes]:01 00 00 00 00 00 00 00 00
05-29 20:52:20.539 I/SogouIME( 1431): onKeyUp: keyoCode=23
05-29 20:52:20.539 I/DefaultIMS( 1431): onKeyUp: keyoCode=23
05-29 20:52:20.819 D/XM_HIDREAD( 1873): poll ret=1, event=1
05-29 20:52:20.819 D/XM_HIDREAD( 1873): [9 bytes]:01 00 00 29 00 00 00 00 00
05-29 20:52:20.821 I/SogouIME( 1431): onKeyDown: keyoCode=4
05-29 20:52:20.822 I/DefaultIMS( 1431): onKeyDown: keyoCode=4
05-29 20:52:20.965 D/XM_HIDREAD( 1873): poll ret=1, event=1
05-29 20:52:20.965 D/XM_HIDREAD( 1873): [9 bytes]:01 00 00 00 00 00 00 00 00
05-29 20:52:20.968 I/SogouIME( 1431): onKeyUp: keyoCode=4
05-29 20:52:20.968 I/DefaultIMS( 1431): onKeyUp: keyoCode=4
05-29 20:52:21.416 I/Utils ( 2113): getTargetIp #
05-29 20:52:21.416 I/Utils ( 2113): getTargetIp #
05-29 20:52:21.899 D/XM_HIDREAD( 1873): poll ret=1, event=1
05-29 20:52:21.899 D/XM_HIDREAD( 1873): [9 bytes]:01 00 00 4F 00 00 00 00 00
05-29 20:52:21.901 I/SogouIME( 1431): onKeyDown: keyoCode=22
05-29 20:52:21.901 I/DefaultIMS( 1431): onKeyDown: keyoCode=22
05-29 20:52:22.023 D/XM_HIDREAD( 1873): poll ret=1, event=1
05-29 20:52:22.023 D/XM_HIDREAD( 1873): [9 bytes]:01 00 00 00 00 00 00 00 00
05-29 20:52:22.025 I/SogouIME( 1431): onKeyUp: keyoCode=22
05-29 20:52:22.025 I/DefaultIMS( 1431): onKeyUp: keyoCode=22
05-29 20:52:22.620 I/WifiHAL ( 531): call wifi_get_link_stats handler
05-29 20:52:22.620 I/WifiHAL ( 531): Creating message to get link statistics; iface = 16
05-29 20:52:22.620 D/WifiHAL ( 531): error code -95 mapped to -3
05-29 20:52:22.620 E/WifiStaIfaceAidlImpl( 720): getLinkLayerStats failed with service-specific exception: android.os.ServiceSpecificException: (code 4)
05-29 20:52:22.664 D/XM_HIDREAD( 1873): poll ret=1, event=1
05-29 20:52:22.664 D/XM_HIDREAD( 1873): [9 bytes]:01 00 00 52 00 00 00 00 00
05-29 20:52:22.666 I/SogouIME( 1431): onKeyDown: keyoCode=19
05-29 20:52:22.666 I/DefaultIMS( 1431): onKeyDown: keyoCode=19
05-29 20:52:22.833 D/XM_HIDREAD( 1873): poll ret=1, event=1
05-29 20:52:22.833 D/XM_HIDREAD( 1873): [9 bytes]:01 00 00 00 00 00 00 00 00
05-29 20:52:22.835 I/SogouIME( 1431): onKeyUp: keyoCode=19
05-29 20:52:22.835 I/DefaultIMS( 1431): onKeyUp: keyoCode=19
05-29 20:52:22.879 E/ccc ( 1400): cccccc led current is 100 标准
05-29 20:52:22.879 E/ccc ( 1400): cccccc led current is null
05-29 20:52:23.131 D/UtilLog ( 2643): 日志批量上报 进行正常循环 !!!!!!本次有0次请求,共0条数据
05-29 20:52:23.395 D/XM_HIDREAD( 1873): poll ret=1, event=1
05-29 20:52:23.396 D/XM_HIDREAD( 1873): [9 bytes]:01 00 00 52 00 00 00 00 00
05-29 20:52:23.398 I/SogouIME( 1431): onKeyDown: keyoCode=19
05-29 20:52:23.398 I/DefaultIMS( 1431): onKeyDown: keyoCode=19
05-29 20:52:23.530 D/XM_HIDREAD( 1873): poll ret=1, event=1
05-29 20:52:23.530 D/XM_HIDREAD( 1873): [9 bytes]:01 00 00 00 00 00 00 00 00
05-29 20:52:23.532 I/SogouIME( 1431): onKeyUp: keyoCode=19
05-29 20:52:23.532 I/DefaultIMS( 1431): onKeyUp: keyoCode=19
05-29 20:52:23.980 D/XM_HIDREAD( 1873): poll ret=1, event=1
05-29 20:52:23.980 D/XM_HIDREAD( 1873): [9 bytes]:01 00 00 52 00 00 00 00 00
05-29 20:52:23.983 I/SogouIME( 1431): onKeyDown: keyoCode=19
05-29 20:52:23.983 I/DefaultIMS( 1431): onKeyDown: keyoCode=19
05-29 20:52:24.115 D/XM_HIDREAD( 1873): poll ret=1, event=1
05-29 20:52:24.115 D/XM_HIDREAD( 1873): [9 bytes]:01 00 00 00 00 00 00 00 00
05-29 20:52:24.118 I/SogouIME( 1431): onKeyUp: keyoCode=19
05-29 20:52:24.118 I/DefaultIMS( 1431): onKeyUp: keyoCode=19
05-29 20:52:24.190 D/BluetoothAdapterService( 1046): cancelDiscovery
05-29 20:52:24.190 I/bt_btif_dm( 1046): packages/modules/Bluetooth/system/btif/src/btif_dm.cc:2470 btif_dm_cancel_discovery: Cancel search
05-29 20:52:24.190 I/bluetooth( 1046): packages/modules/Bluetooth/system/bta/dm/bta_dm_main.cc:96 bta_dm_search_sm_execute: state:BTA_DM_SEARCH_IDLE, event:BTA_DM_API_SEARCH_CANCEL_EVT[0x201]
05-29 20:52:24.727 D/OomAdjuster( 720): Not killing cached processes
05-29 20:52:25.479 W/System ( 2695): A resource failed to call close.
05-29 20:52:25.619 D/uninstall( 3054): isAllowStart last_delay 0, current_time 1748523145
05-29 20:52:25.619 I/uninstall( 3054): enable_service com.ktcp.video/com.tencent.qqlivetv.keeplive.proc.DaemonService com.ktcp.video/(null)
05-29 20:52:25.620 D/uninstall( 3054): enable_service waitpid
05-29 20:52:25.620 D/uninstall( 9038): enable_service pid == 0
05-29 20:52:25.620 D/uninstall( 9038): enable_service version >= 17 || version == 0 version == 34
05-29 20:52:25.627 I/WifiHAL ( 531): call wifi_get_link_stats handler
05-29 20:52:25.627 I/WifiHAL ( 531): Creating message to get link statistics; iface = 16
05-29 20:52:25.627 D/WifiHAL ( 531): error code -95 mapped to -3
05-29 20:52:25.627 E/WifiStaIfaceAidlImpl( 720): getLinkLayerStats failed with service-specific exception: android.os.ServiceSpecificException: (code 4)
05-29 20:52:25.665 I/uninstall( 3054): watchdaemon process_name = com.ktcp.video:daemon has gone, start it
05-29 20:52:25.666 D/uninstall( 3054): watchdaemon waitpid
05-29 20:52:25.666 D/uninstall( 9042): watchdaemon pid == 0
05-29 20:52:25.666 D/uninstall( 9042): watchdaemon version >= 17 || version == 0 version == 34
05-29 20:52:26.219 D/XM_HIDREAD( 1873): poll ret=1, event=1
05-29 20:52:26.219 D/XM_HIDREAD( 1873): [9 bytes]:01 00 00 51 00 00 00 00 00
05-29 20:52:26.222 I/SogouIME( 1431): onKeyDown: keyoCode=20
05-29 20:52:26.222 I/DefaultIMS( 1431): onKeyDown: keyoCode=20
05-29 20:52:26.309 D/XM_HIDREAD( 1873): poll ret=1, event=1
05-29 20:52:26.309 D/XM_HIDREAD( 1873): [9 bytes]:01 00 00 00 00 00 00 00 00
05-29 20:52:26.311 I/SogouIME( 1431): onKeyUp: keyoCode=20
05-29 20:52:26.311 I/DefaultIMS( 1431): onKeyUp: keyoCode=20
05-29 20:52:26.455 D/XM_HIDREAD( 1873): poll ret=1, event=1
05-29 20:52:26.455 D/XM_HIDREAD( 1873): [9 bytes]:01 00 00 51 00 00 00 00 00
05-29 20:52:26.457 I/SogouIME( 1431): onKeyDown: keyoCode=20
05-29 20:52:26.458 I/DefaultIMS( 1431): onKeyDown: keyoCode=20
05-29 20:52:26.545 D/XM_HIDREAD( 1873): poll ret=1, event=1
05-29 20:52:26.545 D/XM_HIDREAD( 1873): [9 bytes]:01 00 00 00 00 00 00 00 00
05-29 20:52:26.548 I/SogouIME( 1431): onKeyUp: keyoCode=20
05-29 20:52:26.548 I/DefaultIMS( 1431): onKeyUp: keyoCode=20
05-29 20:52:26.669 D/XM_HIDREAD( 1873): poll ret=1, event=1
05-29 20:52:26.669 D/XM_HIDREAD( 1873): [9 bytes]:01 00 00 51 00 00 00 00 00
05-29 20:52:26.671 E/ccc ( 1400): cccccc led current is 100 标准
05-29 20:52:26.671 E/ccc ( 1400): cccccc led current is null
05-29 20:52:26.673 I/SogouIME( 1431): onKeyDown: keyoCode=20
05-29 20:52:26.673 I/DefaultIMS( 1431): onKeyDown: keyoCode=20
05-29 20:52:26.674 D/BluetoothAdapterService( 1046): cancelDiscovery
05-29 20:52:26.675 I/bt_btif_dm( 1046): packages/modules/Bluetooth/system/btif/src/btif_dm.cc:2470 btif_dm_cancel_discovery: Cancel search
05-29 20:52:26.675 I/bluetooth( 1046): packages/modules/Bluetooth/system/bta/dm/bta_dm_main.cc:96 bta_dm_search_sm_execute: state:BTA_DM_SEARCH_IDLE, event:BTA_DM_API_SEARCH_CANCEL_EVT[0x201]
05-29 20:52:26.771 D/XM_HIDREAD( 1873): poll ret=1, event=1
05-29 20:52:26.771 D/XM_HIDREAD( 1873): [9 bytes]:01 00 00 00 00 00 00 00 00
05-29 20:52:26.773 I/SogouIME( 1431): onKeyUp: keyoCode=20
05-29 20:52:26.773 I/DefaultIMS( 1431): onKeyUp: keyoCode=20
05-29 20:52:27.378 D/XM_HIDREAD( 1873): poll ret=1, event=1
05-29 20:52:27.378 D/XM_HIDREAD( 1873): [9 bytes]:01 00 00 50 00 00 00 00 00
05-29 20:52:27.380 I/SogouIME( 1431): onKeyDown: keyoCode=21
05-29 20:52:27.380 I/DefaultIMS( 1431): onKeyDown: keyoCode=21
05-29 20:52:27.513 D/XM_HIDREAD( 1873): poll ret=1, event=1
05-29 20:52:27.513 D/XM_HIDREAD( 1873): [9 bytes]:01 00 00 00 00 00 00 00 00
05-29 20:52:27.515 I/SogouIME( 1431): onKeyUp: keyoCode=21
05-29 20:52:27.516 I/DefaultIMS( 1431): onKeyUp: keyoCode=21
05-29 20:52:28.008 D/XM_HIDREAD( 1873): poll ret=1, event=1
05-29 20:52:28.008 D/XM_HIDREAD( 1873): [9 bytes]:01 00 00 52 00 00 00 00 00
05-29 20:52:28.010 I/SogouIME( 1431): onKeyDown: keyoCode=19
05-29 20:52:28.010 I/DefaultIMS( 1431): onKeyDown: keyoCode=19
05-29 20:52:28.143 D/XM_HIDREAD( 1873): poll ret=1, event=1
05-29 20:52:28.143 D/XM_HIDREAD( 1873): [9 bytes]:01 00 00 00 00 00 00 00 00
05-29 20:52:28.146 I/SogouIME( 1431): onKeyUp: keyoCode=19
05-29 20:52:28.146 I/DefaultIMS( 1431): onKeyUp: keyoCode=19
05-29 20:52:28.357 D/XM_HIDREAD( 1873): poll ret=1, event=1
05-29 20:52:28.357 D/XM_HIDREAD( 1873): [9 bytes]:01 00 00 28 00 00 00 00 00
05-29 20:52:28.360 I/SogouIME( 1431): onKeyDown: keyoCode=23
05-29 20:52:28.360 I/DefaultIMS( 1431): onKeyDown: keyoCode=23
05-29 20:52:28.447 D/XM_HIDREAD( 1873): poll ret=1, event=1
05-29 20:52:28.447 D/XM_HIDREAD( 1873): [9 bytes]:01 00 00 00 00 00 00 00 00
05-29 20:52:28.448 I/SogouIME( 1431): onKeyUp: keyoCode=23
05-29 20:52:28.448 I/DefaultIMS( 1431): onKeyUp: keyoCode=23
05-29 20:52:28.467 E/ccc ( 1400): cccccc SystemUpdateHelper systemUpdate {"launcherCodeLocal":0,"launcherCodeNet":0,"otaCodeLocal":5007,"otaCodeNet":66666,"otaVersionLocal":"5.0.0.7","otaVersionNet":"5.0.0.7","remoteNeedUpdate":false}
05-29 20:52:28.470 E/ccc ( 1400): cccccc SystemUpdateHelper launcherUpdate {"launcherCodeLocal":102941,"launcherCodeNet":0,"launcherVersionLocal":"2.9.4.1","launcherVersionNet":"","otaCodeLocal":0,"otaCodeNet":0,"remoteNeedUpdate":false,"updateType":""}
05-29 20:52:28.502 W/View ( 3287): requestLayout() improperly called by android.widget.LinearLayout{d65cd2d V.E...... ......ID 200,0-460,100} during layout: running second layout pass
05-29 20:52:28.503 W/View ( 3287): requestLayout() improperly called by com.dangbei.haqusetting.ui.base.atom.LeafUpdateItemView{6aa4262 VFE...C.. .F....ID 0,0-480,100} during layout: running second layout pass
05-29 20:52:28.503 W/View ( 3287): requestLayout() improperly called by com.google.android.material.textview.MaterialTextView{844ff3 V.ED..... ..S...ID 220,30-220,70 #7f0901e9 app:id/leaf_update_item_sub_tv} during layout: running second layout pass
05-29 20:52:28.632 I/WifiHAL ( 531): call wifi_get_link_stats handler
05-29 20:52:28.632 I/WifiHAL ( 531): Creating message to get link statistics; iface = 16
05-29 20:52:28.632 D/WifiHAL ( 531): error code -95 mapped to -3
05-29 20:52:28.632 E/WifiStaIfaceAidlImpl( 720): getLinkLayerStats failed with service-specific exception: android.os.ServiceSpecificException: (code 4)
05-29 20:52:29.628 D/XM_HIDREAD( 1873): poll ret=1, event=1
05-29 20:52:29.628 D/XM_HIDREAD( 1873): [9 bytes]:01 00 00 28 00 00 00 00 00
05-29 20:52:29.631 I/SogouIME( 1431): onKeyDown: keyoCode=23
05-29 20:52:29.631 I/DefaultIMS( 1431): onKeyDown: keyoCode=23
05-29 20:52:29.752 D/XM_HIDREAD( 1873): poll ret=1, event=1
05-29 20:52:29.752 D/XM_HIDREAD( 1873): [9 bytes]:01 00 00 00 00 00 00 00 00
05-29 20:52:29.755 I/SogouIME( 1431): onKeyUp: keyoCode=23
05-29 20:52:29.755 I/DefaultIMS( 1431): onKeyUp: keyoCode=23
05-29 20:52:29.757 E/ccc ( 1400): cccccc UpdateHelper onMessageReceived com.dangbei.haqusetting com.dangbei.etna.update {"action":"do","functionTag":"leaf_system_function_system_update_system","value":0} null
05-29 20:52:29.758 W/ContextImpl( 1400): Calling a method in the system process without a qualified user: android.app.ContextImpl.startActivity:1102 android.content.ContextWrapper.startActivity:436 com.dangbei.etna.update.ota.OtaUpdateHelper.startOtaUpdateActivity:389 com.dangbei.etna.update.UpdateHelper.onMessageReceived:85 com.dangbei.etna.update.UpdateEtnaClientListener.onMessageReceived:24
05-29 20:52:29.758 W/ContextImpl( 1400): Calling a method in the system process without a qualified user: android.app.ContextImpl.startActivity:1114 android.app.ContextImpl.startActivity:1103 android.content.ContextWrapper.startActivity:436 com.dangbei.etna.update.ota.OtaUpdateHelper.startOtaUpdateActivity:389 com.dangbei.etna.update.UpdateHelper.onMessageReceived:85
05-29 20:52:29.765 E/CellBroadcastUtils( 720): getDefaultCellBroadcastReceiverPackageName: no package found
05-29 20:52:29.776 I/ActivityTaskManager( 720): START u0 {flg=0x10000000 cmp=com.dangbei.lerad.etna.haqu/com.dangbei.etna.update.ota.OtaUpdateActivity} with LAUNCH_SINGLE_TASK from uid 1000 (BAL_ALLOW_ALLOWLISTED_UID) result code=0
05-29 20:52:29.777 V/WindowManagerShell( 950): Transition requested: android.os.BinderProxy@ac2cca4 TransitionRequestInfo { type = 1, triggerTask = TaskInfo{userId=0 taskId=254 displayId=0 isRunning=true baseIntent=Intent { flg=0x10800000 cmp=com.dangbei.lerad.etna.haqu/com.dangbei.etna.update.ota.OtaUpdateActivity } baseActivity=ComponentInfo{com.dangbei.lerad.etna.haqu/com.dangbei.etna.update.ota.OtaUpdateActivity} topActivity=ComponentInfo{com.dangbei.lerad.etna.haqu/com.dangbei.etna.update.ota.OtaUpdateActivity} origActivity=null realActivity=ComponentInfo{com.dangbei.lerad.etna.haqu/com.dangbei.etna.update.ota.OtaUpdateActivity} numActivities=1 lastActiveTime=479827 supportsMultiWindow=true resizeMode=1 isResizeable=true minWidth=-1 minHeight=-1 defaultMinSize=220 token=WCT{android.window.IWindowContainerToken$Stub$Proxy@a234a0d} topActivityType=1 pictureInPictureParams=null shouldDockBigOverlays=true launchIntoPipHostTaskId=-1 lastParentTaskIdBeforePip=-1 displayCutoutSafeInsets=null topActivityInfo=ActivityInfo{4a4adc2 com.dangbei.etna.update.ota.OtaUpdateActivity} launchCookies=[] positionInParent=Point(0, 0) parentTaskId=-1 isFocused=false isVisible=false isVisibleRequested=false isSleeping=false topActivityInSizeCompat=false topActivityEligibleForLetterboxEducation= false isLetterboxDoubleTapEnabled= false topActivityEligibleForUserAspectRatioButton= false topActivityBoundsLetterboxed= false isFromLetterboxDoubleTap= false topActivityLetterboxVerticalPosition= -1 topActivityLetterboxHorizontalPosition= -1 topActivityLetterboxWidth=-1 topActivityLetterboxHeight=-1 isUserFullscreenOverrideEnabled=false isTopActivityTransparent=true locusId=null displayAreaFeatureId=1 cameraCompatControlState=hidden}, remoteTransition = null, displayChange = null, flags = 0 }
05-29 20:52:29.785 V/WindowManager( 720): app ------------- force_land :0
05-29 20:52:29.804 I/BpBinder( 294): onLastStrongRef automatically unlinking death recipients:
05-29 20:52:29.810 E/ccc ( 1400): cccccc OtaUpdateActivity i onCreate
05-29 20:52:29.878 W/WindowManager( 720): [addWindow] title:com.dangbei.lerad.etna.haqu/com.dangbei.etna.update.ota.OtaUpdateActivity
05-29 20:52:29.878 W/WindowManager( 720): Failed looking up window session=Session{78f90a5 1400:1000} callers=com.android.server.wm.WindowManagerService.windowForClientLocked:6075 com.android.server.wm.Session.updateRequestedVisibleTypes:695 android.view.IWindowSession$Stub.onTransact:1034
05-29 20:52:29.890 D/WindowManagerShell( 950): TvPipController: onTaskStackChanged()
05-29 20:52:29.897 D/CoreBackPreview( 720): Window{d277a12 u0 com.dangbei.lerad.etna.haqu/com.dangbei.etna.update.ota.OtaUpdateActivity}: Setting back callback OnBackInvokedCallbackInfo{mCallback=android.window.IOnBackInvokedCallback$Stub$Proxy@bdffbe0, mPriority=0, mIsAnimationCallback=false}
05-29 20:52:29.949 E/mali_gralloc( 1400): Attempt to call unlock*() on an buffer locked with invalid write locks buffer (0xefa89800)
05-29 20:52:29.958 V/WindowManagerShell( 950): onTransitionReady android.os.BinderProxy@ac2cca4: {id=11 t=OPEN f=0x0 trk=0 r=[0@Point(0, 0)] c=[{WCT{android.window.IWindowContainerToken$Stub$Proxy@6c77a09} m=OPEN f=TRANSLUCENT leash=Surface(name=Task=254)/@0xd1b47d3 sb=Rect(0, 0 - 1920, 1080) eb=Rect(0, 0 - 1920, 1080) d=0}]}
05-29 20:52:29.959 V/WindowManagerShell( 950): Playing animation for (#11)android.os.BinderProxy@ac2cca4@0
05-29 20:52:29.959 V/WindowManagerShell( 950): try handler com.android.wm.shell.keyguard.KeyguardTransitionHandler@2963747
05-29 20:52:29.959 V/WindowManagerShell( 950): try handler com.android.wm.shell.pip.tv.TvPipTransition@6b75b74
05-29 20:52:29.959 V/WindowManagerShell( 950): try handler com.android.wm.shell.activityembedding.ActivityEmbeddingController@9a7789d
05-29 20:52:29.959 V/WindowManagerShell( 950): try handler com.android.wm.shell.transition.RemoteTransitionHandler@97c6112
05-29 20:52:29.960 V/WindowManagerShell( 950): Transition doesn't have explicit remote, search filters for match for {id=11 t=OPEN f=0x0 trk=0 r=[0@Point(0, 0)] c=[{WCT{android.window.IWindowContainerToken$Stub$Proxy@6c77a09} m=OPEN f=TRANSLUCENT leash=Surface(name=Task=254)/@0xd1b47d3 sb=Rect(0, 0 - 1920, 1080) eb=Rect(0, 0 - 1920, 1080) d=0}]}
05-29 20:52:29.960 V/WindowManagerShell( 950): Delegate animation for #11 to null
05-29 20:52:29.960 V/WindowManagerShell( 950): try handler com.android.wm.shell.transition.DefaultTransitionHandler@57500e3
05-29 20:52:29.960 V/WindowManagerShell( 950): start default transition animation, info = {id=11 t=OPEN f=0x0 trk=0 r=[0@Point(0, 0)] c=[{WCT{android.window.IWindowContainerToken$Stub$Proxy@6c77a09} m=OPEN f=TRANSLUCENT leash=Surface(name=Task=254)/@0xd1b47d3 sb=Rect(0, 0 - 1920, 1080) eb=Rect(0, 0 - 1920, 1080) d=0}]}
05-29 20:52:29.960 V/WindowManagerShell( 950): loadAnimation: anim=android.view.animation.AlphaAnimation@613e40e animAttr=0x4 type=OPEN isEntrance=true
05-29 20:52:29.960 E/mali_gralloc( 1400): Attempt to call unlock*() on an buffer locked with invalid write locks buffer (0xefa89800)
05-29 20:52:29.962 V/WindowManagerShell( 950): animated by com.android.wm.shell.transition.DefaultTransitionHandler@57500e3
05-29 20:52:29.964 I/ActivityTaskManager( 720): Displayed com.dangbei.lerad.etna.haqu/com.dangbei.etna.update.ota.OtaUpdateActivity for user 0: +192ms
