05-30 11:44:27.320 V/WindowManagerShell( 950): Transition requested: android.os.BinderProxy@ed2a278 TransitionRequestInfo { type = 1, triggerTask = TaskInfo{userId=0 taskId=258 displayId=0 isRunning=true baseIntent=Intent { dat=haqu://setting:8080/... flg=0x10000000 pkg=com.dangbei.haqusetting cmp=com.dangbei.haqusetting/.ui.HomeActivity } baseActivity=ComponentInfo{com.dangbei.haqusetting/com.dangbei.haqusetting.ui.HomeActivity} topActivity=ComponentInfo{com.dangbei.haqusetting/com.dangbei.haqusetting.ui.HomeActivity} origActivity=null realActivity=ComponentInfo{com.dangbei.haqusetting/com.dangbei.haqusetting.ui.HomeActivity} numActivities=1 lastActiveTime=831463 supportsMultiWindow=true resizeMode=1 isResizeable=true minWidth=-1 minHeight=-1 defaultMinSize=220 token=WCT{android.window.IWindowContainerToken$Stub$Proxy@dffed51} topActivityType=1 pictureInPictureParams=null shouldDockBigOverlays=true launchIntoPipHostTaskId=-1 lastParentTaskIdBeforePip=-1 displayCutoutSafeInsets=null topActivityInfo=ActivityInfo{dece9b6 com.dangbei.haqusetting.ui.HomeActivity} launchCookies=[] positionInParent=Point(0, 0) parentTaskId=-1 isFocused=false isVisible=false isVisibleRequested=false isSleeping=false topActivityInSizeCompat=false topActivityEligibleForLetterboxEducation= false isLetterboxDoubleTapEnabled= false topActivityEligibleForUserAspectRatioButton= false topActivityBoundsLetterboxed= false isFromLetterboxDoubleTap= false topActivityLetterboxVerticalPosition= -1 topActivityLetterboxHorizontalPosition= -1 topActivityLetterboxWidth=-1 topActivityLetterboxHeight=-1 isUserFullscreenOverrideEnabled=false isTopActivityTransparent=true locusId=null displayAreaFeatureId=1 cameraCompatControlState=hidden}, remoteTransition = null, displayChange = null, flags = 0 }
05-30 11:44:27.333 D/TrafficStats( 1453): tagSocket(124) with statsTag=0xffffffff, statsUid=-1
05-30 11:44:27.333 V/WindowManager( 720): app ------------- force_land :0
05-30 11:44:27.345 W/SQLiteLog( 1453): (28) double-quoted string literal: "CoRiVtHO8PPeJXI+AJ2NqQzfkA68zh1J/dVjJUYZU3dFa1roop8bfan0ZY1LRAPx/KmmkfJ5pjGS
05-30 11:44:27.345 W/SQLiteLog( 1453): iUzKbSk2qx4iC5NqeyfXKVt2vR3OC4GcIR6NG/yp7PizE4Npt2kOiPS4YEAf8UPTQ+qi9J72t6Cr
05-30 11:44:27.345 W/SQLiteLog( 1453): 7XgKbzzR6Iup2q85pXuaD4O8
05-30 11:44:27.345 W/SQLiteLog( 1453): (28) double-quoted string literal: "83286E1CAC2FB72894CB5098CC0CAE6E"
05-30 11:44:27.345 I/BpBinder( 294): onLastStrongRef automatically unlinking death recipients:
05-30 11:44:27.369 E/ccc ( 1400): cccccc UpdateHelper onMessageReceived com.dangbei.haqusetting com.dangbei.etna.update {"action":"get","functionTag":"leaf_controller_function_controller_dangbei_update","value":0} com.dangbei.lerad.etna.aidl.IEtnaAidlCallback$Stub$Proxy@e5ebc88
05-30 11:44:27.369 E/ccc ( 1400): cccccc 缓存获取遥控器版本 DB-15B-H5-R0108
05-30 11:44:27.370 E/ccc ( 1400): cccccc 请求电量缓存 100
05-30 11:44:27.371 W/WindowManager( 720): [addWindow] title:com.dangbei.haqusetting/com.dangbei.haqusetting.ui.HomeActivity
05-30 11:44:27.381 D/CoreBackPreview( 720): Window{ab594b4 u0 com.dangbei.haqusetting/com.dangbei.haqusetting.ui.HomeActivity}: Setting back callback OnBackInvokedCallbackInfo{mCallback=android.window.IOnBackInvokedCallback$Stub$Proxy@5b25c52, mPriority=0, mIsAnimationCallback=false}
05-30 11:44:27.390 E/OpenGLRenderer( 3287): Unable to match the desired swap behavior.
05-30 11:44:27.405 W/RecyclerView( 3287): No adapter attached; skipping layout
05-30 11:44:27.409 V/WindowManagerShell( 950): onTransitionReady android.os.BinderProxy@ed2a278: {id=22 t=OPEN f=0x0 trk=0 r=[0@Point(0, 0)] c=[{WCT{android.window.IWindowContainerToken$Stub$Proxy@9050d8d} m=OPEN f=TRANSLUCENT leash=Surface(name=Task=258)/@0x5d926b7 sb=Rect(0, 0 - 1920, 1080) eb=Rect(0, 0 - 1920, 1080) d=0}]}
05-30 11:44:27.409 V/WindowManagerShell( 950): Playing animation for (#22)android.os.BinderProxy@ed2a278@0
05-30 11:44:27.409 V/WindowManagerShell( 950): try handler com.android.wm.shell.keyguard.KeyguardTransitionHandler@2963747
05-30 11:44:27.409 V/WindowManagerShell( 950): try handler com.android.wm.shell.pip.tv.TvPipTransition@6b75b74
05-30 11:44:27.409 V/WindowManagerShell( 950): try handler com.android.wm.shell.activityembedding.ActivityEmbeddingController@9a7789d
05-30 11:44:27.409 V/WindowManagerShell( 950): try handler com.android.wm.shell.transition.RemoteTransitionHandler@97c6112
05-30 11:44:27.410 V/WindowManagerShell( 950): Transition doesn't have explicit remote, search filters for match for {id=22 t=OPEN f=0x0 trk=0 r=[0@Point(0, 0)] c=[{WCT{android.window.IWindowContainerToken$Stub$Proxy@9050d8d} m=OPEN f=TRANSLUCENT leash=Surface(name=Task=258)/@0x5d926b7 sb=Rect(0, 0 - 1920, 1080) eb=Rect(0, 0 - 1920, 1080) d=0}]}
05-30 11:44:27.410 V/WindowManagerShell( 950): Delegate animation for #22 to null
05-30 11:44:27.410 V/WindowManagerShell( 950): try handler com.android.wm.shell.transition.DefaultTransitionHandler@57500e3
05-30 11:44:27.410 V/WindowManagerShell( 950): start default transition animation, info = {id=22 t=OPEN f=0x0 trk=0 r=[0@Point(0, 0)] c=[{WCT{android.window.IWindowContainerToken$Stub$Proxy@9050d8d} m=OPEN f=TRANSLUCENT leash=Surface(name=Task=258)/@0x5d926b7 sb=Rect(0, 0 - 1920, 1080) eb=Rect(0, 0 - 1920, 1080) d=0}]}
05-30 11:44:27.411 V/WindowManagerShell( 950): loadAnimation: anim=android.view.animation.AlphaAnimation@955eb42 animAttr=0x4 type=OPEN isEntrance=true
05-30 11:44:27.415 I/ActivityTaskManager( 720): Displayed com.dangbei.haqusetting/.ui.HomeActivity for user 0: +100ms
05-30 11:44:27.415 V/WindowManagerShell( 950): animated by com.android.wm.shell.transition.DefaultTransitionHandler@57500e3
05-30 11:44:27.416 V/WindowManager( 720): Sent Transition #22 createdAt=05-30 11:44:27.306 via request=TransitionRequestInfo { type = 1, triggerTask = TaskInfo{userId=0 taskId=258 displayId=0 isRunning=true baseIntent=Intent { dat=haqu://setting:8080/... flg=0x10000000 pkg=com.dangbei.haqusetting cmp=com.dangbei.haqusetting/.ui.HomeActivity } baseActivity=ComponentInfo{com.dangbei.haqusetting/com.dangbei.haqusetting.ui.HomeActivity} topActivity=ComponentInfo{com.dangbei.haqusetting/com.dangbei.haqusetting.ui.HomeActivity} origActivity=null realActivity=ComponentInfo{com.dangbei.haqusetting/com.dangbei.haqusetting.ui.HomeActivity} numActivities=1 lastActiveTime=831463 supportsMultiWindow=true resizeMode=1 isResizeable=true minWidth=-1 minHeight=-1 defaultMinSize=220 token=WCT{RemoteToken{8f5eb9e Task{82d23a1 #258 type=standard A=1000:com.dangbei.haqusetting}}} topActivityType=1 pictureInPictureParams=null shouldDockBigOverlays=true launchIntoPipHostTaskId=-1 lastParentTaskIdBeforePip=-1 displayCutoutSafeInsets=null topActivityInfo=ActivityInfo{8b3a67f com.dangbei.haqusetting.ui.HomeActivity} launchCookies=[] positionInParent=Point(0, 0) parentTaskId=-1 isFocused=false isVisible=false isVisibleRequested=false isSleeping=false topActivityInSizeCompat=false topActivityEligibleForLetterboxEducation= false isLetterboxDoubleTapEnabled= false topActivityEligibleForUserAspectRatioButton= false topActivityBoundsLetterboxed= false isFromLetterboxDoubleTap= false topActivityLetterboxVerticalPosition= -1 topActivityLetterboxHorizontalPosition= -1 topActivityLetterboxWidth=-1 topActivityLetterboxHeight=-1 isUserFullscreenOverrideEnabled=false isTopActivityTransparent=true locusId=null displayAreaFeatureId=1 cameraCompatControlState=hidden}, remoteTransition = null, displayChange = null, flags = 0 }
05-30 11:44:27.416 V/WindowManager( 720): startWCT=WindowContainerTransaction { changes = {} hops = [] errorCallbackToken=null taskFragmentOrganizer=null }
05-30 11:44:27.416 V/WindowManager( 720): info={id=22 t=OPEN f=0x0 trk=0 r=[0@Point(0, 0)] c=[{WCT{RemoteToken{8f5eb9e Task{82d23a1 #258 type=standard A=1000:com.dangbei.haqusetting}}} m=OPEN f=TRANSLUCENT leash=Surface(name=Task=258)/@0xe7e7b23 sb=Rect(0, 0 - 1920, 1080) eb=Rect(0, 0 - 1920, 1080) d=0}]}
05-30 11:44:27.438 D/WindowManagerShell( 950): TvPipController: onTaskStackChanged()
05-30 11:44:27.467 I/ImeTracker( 720): com.dangbei.haqusetting:e2436d1b: onRequestHide at ORIGIN_SERVER_HIDE_INPUT reason HIDE_UNSPECIFIED_WINDOW
05-30 11:44:27.467 I/ImeTracker( 720): com.dangbei.haqusetting:e2436d1b: onCancelled at PHASE_SERVER_SHOULD_HIDE
05-30 11:44:27.469 I/DefaultIMS( 1431): onStartInput attribute=android.view.inputmethod.EditorInfo@82f21ec restarting=false inputType: 0
05-30 11:44:27.487 W/ContextImpl( 720): Calling a method in the system process without a qualified user: android.app.ContextImpl.startService:1899 com.android.server.wm.DisplayPolicy.lambda$focusChangedLw$5:2126 com.android.server.wm.DisplayPolicy.$r8$lambda$Znxk63oh-WzVnzo_WQefN7uxV48:0 com.android.server.wm.DisplayPolicy$$ExternalSyntheticLambda13.run:0 android.os.Handler.handleCallback:958
05-30 11:44:27.490 D/aaa ( 1665): LedStatusService onStartCommand begin
05-30 11:44:27.491 D/aaa ( 1665): topPkg is -------------- :com.dangbei.haqusetting
05-30 11:44:27.682 E/ccc ( 1400): cccccc UpdateHelper onMessageReceived com.dangbei.haqusetting com.dangbei.etna.update {"action":"get","functionTag":"leaf_controller_function_controller_dangbei_update","value":0} com.dangbei.lerad.etna.aidl.IEtnaAidlCallback$Stub$Proxy@4f7e621
05-30 11:44:27.683 E/ccc ( 1400): cccccc 请求电量缓存 100
05-30 11:44:27.684 E/ccc ( 1400): cccccc 缓存获取遥控器版本 DB-15B-H5-R0108
05-30 11:44:27.738 D/ConnectivityService( 720): requestNetwork for uid/pid:1000/3287 activeRequest: null callbackRequest: 91 [NetworkRequest [ REQUEST id=92, [ Capabilities: INTERNET&NOT_RESTRICTED&TRUSTED&NOT_VCN_MANAGED Uid: 1000 RequestorUid: 1000 RequestorPkg: com.dangbei.haqusetting UnderlyingNetworks: Null] ]] callback flags: 0 order: 2147483647
05-30 11:44:27.742 D/WifiNetworkFactory( 720): got request NetworkRequest [ REQUEST id=92, [ Capabilities: INTERNET&NOT_RESTRICTED&TRUSTED&NOT_VCN_MANAGED Uid: 1000 RequestorUid: 1000 RequestorPkg: com.dangbei.haqusetting UnderlyingNetworks: Null] ]
05-30 11:44:27.742 D/UntrustedWifiNetworkFactory( 720): got request NetworkRequest [ REQUEST id=92, [ Capabilities: INTERNET&NOT_RESTRICTED&TRUSTED&NOT_VCN_MANAGED Uid: 1000 RequestorUid: 1000 RequestorPkg: com.dangbei.haqusetting UnderlyingNetworks: Null] ]
05-30 11:44:27.743 D/OemPaidWifiNetworkFactory( 720): got request NetworkRequest [ REQUEST id=92, [ Capabilities: INTERNET&NOT_RESTRICTED&TRUSTED&NOT_VCN_MANAGED Uid: 1000 RequestorUid: 1000 RequestorPkg: com.dangbei.haqusetting UnderlyingNetworks: Null] ]
05-30 11:44:27.744 D/MultiInternetWifiNetworkFactory( 720): got request NetworkRequest [ REQUEST id=92, [ Capabilities: INTERNET&NOT_RESTRICTED&TRUSTED&NOT_VCN_MANAGED Uid: 1000 RequestorUid: 1000 RequestorPkg: com.dangbei.haqusetting UnderlyingNetworks: Null] ]
05-30 11:44:27.744 D/ConnectivityService( 720): NetReassign [92 : null → 101] [c 1] [a 1] [i 3]
05-30 11:44:27.747 I/DefaultIMS( 1431): onStartInput attribute=android.view.inputmethod.EditorInfo@ef89b5 restarting=false inputType: 0
05-30 11:44:27.828 V/WindowManagerShell( 950): Transition animation finished (aborted=false), notifying core (#22)android.os.BinderProxy@ed2a278@0
05-30 11:44:27.831 V/WindowManager( 720): Finish Transition #22: created at
05-30 11:44:27.306 collect-started=0.134ms request-sent=12.772ms started=16.314ms ready=31.36ms sent=100.165ms finished=524.598ms
05-30 11:44:27.833 V/WindowManagerShell( 950): Track 0 became idle
05-30 11:44:27.833 V/WindowManagerShell( 950): All active transition animations finished
05-30 11:44:27.916 E/ccc ( 1400): cccccc current is 1080p (59.94 Hz)
05-30 11:44:27.929 E/ccc ( 1400): cccccc ColorFormatManager reset
05-30 11:44:27.930 D/MesonDisplayServer( 320): use connector getDisplayAttribute "HDR Priority": "268435472"
05-30 11:44:27.930 I/SystemControl( 346): [/DisplayMode.cpp, getCurrentHdrPriority, 2840] getCurrentHdrPriority is [0x10000010]
05-30 11:44:27.931 V/MesonDisplayServer( 320): GetDisplayMode:1080p60hz
05-30 11:44:27.932 D/MesonDisplayServer( 320): use connector getDisplayAttribute "HDR Priority": "268435472"
05-30 11:44:27.932 I/SystemControl( 346): [/DisplayMode.cpp, getCurrentHdrPriority, 2840] getCurrentHdrPriority is [0x10000010]
05-30 11:44:27.934 V/MesonDisplayServer( 320): GetDisplayMode:1080p60hz
05-30 11:44:27.934 D/MesonDisplay( 320): meson_write /sys/class/amhdmitx/amhdmitx0/valid_mode, outputmode:1080p60hz444,12bit
05-30 11:44:27.934 D/MesonDisplay( 320): valid mode is true!
05-30 11:44:27.935 D/MesonDisplay( 320): meson_write /sys/class/amhdmitx/amhdmitx0/valid_mode, outputmode:1080p60hz444,10bit
05-30 11:44:27.935 D/MesonDisplay( 320): valid mode is true!
05-30 11:44:27.935 D/MesonDisplay( 320): meson_write /sys/class/amhdmitx/amhdmitx0/valid_mode, outputmode:1080p60hz444,8bit
05-30 11:44:27.935 D/MesonDisplay( 320): valid mode is true!
05-30 11:44:27.935 D/MesonDisplay( 320): meson_write /sys/class/amhdmitx/amhdmitx0/valid_mode, outputmode:1080p60hz422,12bit
05-30 11:44:27.935 D/MesonDisplay( 320): valid mode is true!
05-30 11:44:27.935 D/MesonDisplay( 320): meson_write /sys/class/amhdmitx/amhdmitx0/valid_mode, outputmode:1080p60hzrgb,12bit
05-30 11:44:27.935 D/MesonDisplay( 320): valid mode is true!
05-30 11:44:27.935 D/MesonDisplay( 320): meson_write /sys/class/amhdmitx/amhdmitx0/valid_mode, outputmode:1080p60hzrgb,10bit
05-30 11:44:27.935 D/MesonDisplay( 320): valid mode is true!
05-30 11:44:27.935 D/MesonDisplay( 320): meson_write /sys/class/amhdmitx/amhdmitx0/valid_mode, outputmode:1080p60hzrgb,8bit
05-30 11:44:27.936 D/MesonDisplay( 320): valid mode is true!
05-30 11:44:27.936 I/MesonHwc( 320): [/ModePolicy.cpp, getCurrentSupportDeepColor, 736] getCurrentSupportDeepColor current mode: 1080p60hz supported color: 444,12bit
05-30 11:44:27.936 I/MesonHwc( 320): 444,10bit
05-30 11:44:27.936 I/MesonHwc( 320): 444,8bit
05-30 11:44:27.936 I/MesonHwc( 320): 422,12bit
05-30 11:44:27.936 I/MesonHwc( 320): rgb,12bit
05-30 11:44:27.936 I/MesonHwc( 320): rgb,10bit
05-30 11:44:27.936 I/MesonHwc( 320): rgb,8bit
05-30 11:44:27.937 V/MesonDisplayServer( 320): GetDisplayMode:1080p60hz
05-30 11:44:27.938 D/MesonDisplayServer( 320): use connector getDisplayAttribute "HDMI Color ATTR": "422,12bit"
05-30 11:44:27.939 I/SystemControl( 346): [/DisplayMode.cpp, getDeepColorAttr, 2290] getDeepColorAttr colorspace:422,12bit
05-30 11:44:27.939 I/SystemControl( 346): get deep color attr mode 1080p60hz, value 422,12bit
05-30 11:44:27.939 E/ccc ( 1400): cccccc ColorHelper current get YCbCr 4:2:2 12-bit
05-30 11:44:27.943 E/ccc ( 1400): cccccc current is 1080p (59.94 Hz)
05-30 11:44:27.953 E/ccc ( 1400): cccccc ColorFormatManager reset
05-30 11:44:27.954 D/MesonDisplayServer( 320): use connector getDisplayAttribute "HDR Priority": "268435472"
05-30 11:44:27.954 I/SystemControl( 346): [/DisplayMode.cpp, getCurrentHdrPriority, 2840] getCurrentHdrPriority is [0x10000010]
05-30 11:44:27.955 V/MesonDisplayServer( 320): GetDisplayMode:1080p60hz
05-30 11:44:27.957 D/MesonDisplayServer( 320): use connector getDisplayAttribute "HDR Priority": "268435472"
05-30 11:44:27.957 I/SystemControl( 346): [/DisplayMode.cpp, getCurrentHdrPriority, 2840] getCurrentHdrPriority is [0x10000010]
05-30 11:44:27.960 V/MesonDisplayServer( 320): GetDisplayMode:1080p60hz
05-30 11:44:27.960 D/MesonDisplay( 320): meson_write /sys/class/amhdmitx/amhdmitx0/valid_mode, outputmode:1080p60hz444,12bit
05-30 11:44:27.960 D/MesonDisplay( 320): valid mode is true!
05-30 11:44:27.960 D/MesonDisplay( 320): meson_write /sys/class/amhdmitx/amhdmitx0/valid_mode, outputmode:1080p60hz444,10bit
05-30 11:44:27.960 D/MesonDisplay( 320): valid mode is true!
05-30 11:44:27.960 D/MesonDisplay( 320): meson_write /sys/class/amhdmitx/amhdmitx0/valid_mode, outputmode:1080p60hz444,8bit
05-30 11:44:27.960 D/MesonDisplay( 320): valid mode is true!
05-30 11:44:27.960 D/MesonDisplay( 320): meson_write /sys/class/amhdmitx/amhdmitx0/valid_mode, outputmode:1080p60hz422,12bit
05-30 11:44:27.960 D/MesonDisplay( 320): valid mode is true!
05-30 11:44:27.960 D/MesonDisplay( 320): meson_write /sys/class/amhdmitx/amhdmitx0/valid_mode, outputmode:1080p60hzrgb,12bit
05-30 11:44:27.960 D/MesonDisplay( 320): valid mode is true!
05-30 11:44:27.960 D/MesonDisplay( 320): meson_write /sys/class/amhdmitx/amhdmitx0/valid_mode, outputmode:1080p60hzrgb,10bit
05-30 11:44:27.960 D/MesonDisplay( 320): valid mode is true!
05-30 11:44:27.960 D/MesonDisplay( 320): meson_write /sys/class/amhdmitx/amhdmitx0/valid_mode, outputmode:1080p60hzrgb,8bit
05-30 11:44:27.960 D/MesonDisplay( 320): valid mode is true!
05-30 11:44:27.961 I/MesonHwc( 320): [/ModePolicy.cpp, getCurrentSupportDeepColor, 736] getCurrentSupportDeepColor current mode: 1080p60hz supported color: 444,12bit
05-30 11:44:27.961 I/MesonHwc( 320): 444,10bit
05-30 11:44:27.961 I/MesonHwc( 320): 444,8bit
05-30 11:44:27.961 I/MesonHwc( 320): 422,12bit
05-30 11:44:27.961 I/MesonHwc( 320): rgb,12bit
05-30 11:44:27.961 I/MesonHwc( 320): rgb,10bit
05-30 11:44:27.961 I/MesonHwc( 320): rgb,8bit
05-30 11:44:27.962 V/MesonDisplayServer( 320): GetDisplayMode:1080p60hz
05-30 11:44:27.964 D/MesonDisplayServer( 320): use connector getDisplayAttribute "HDMI Color ATTR": "422,12bit"
05-30 11:44:27.964 I/SystemControl( 346): [/DisplayMode.cpp, getDeepColorAttr, 2290] getDeepColorAttr colorspace:422,12bit
05-30 11:44:27.964 I/SystemControl( 346): get deep color attr mode 1080p60hz, value 422,12bit
05-30 11:44:27.964 E/ccc ( 1400): cccccc ColorHelper current get YCbCr 4:2:2 12-bit
05-30 11:44:28.006 D/XM_HIDREAD( 1873): poll ret=1, event=1
05-30 11:44:28.006 D/XM_HIDREAD( 1873): [9 bytes]:01 00 00 51 00 00 00 00 00
05-30 11:44:28.009 I/SogouIME( 1431): onKeyDown: keyoCode=20
05-30 11:44:28.009 I/DefaultIMS( 1431): onKeyDown: keyoCode=20
05-30 11:44:28.027 I/DefaultIMS( 1431): onStartInput attribute=android.view.inputmethod.EditorInfo@8f0f84a restarting=false inputType: 0
05-30 11:44:28.063 D/XM_HIDREAD( 1873): poll ret=1, event=1
05-30 11:44:28.063 D/XM_HIDREAD( 1873): [9 bytes]:01 00 00 00 00 00 00 00 00
05-30 11:44:28.065 I/SogouIME( 1431): onKeyUp: keyoCode=20
05-30 11:44:28.065 I/DefaultIMS( 1431): onKeyUp: keyoCode=20
05-30 11:44:28.220 D/XM_HIDREAD( 1873): poll ret=1, event=1
05-30 11:44:28.220 D/XM_HIDREAD( 1873): [9 bytes]:01 00 00 51 00 00 00 00 00
05-30 11:44:28.228 I/WifiService( 720): startScan uid=1000
05-30 11:44:28.229 I/SogouIME( 1431): onKeyDown: keyoCode=20
05-30 11:44:28.229 I/DefaultIMS( 1431): onKeyDown: keyoCode=20
05-30 11:44:28.231 E/ccc ( 3287): cccccc i will start scan
05-30 11:44:28.239 E/ccc ( 3287): cccccc 222222222222222222
05-30 11:44:28.244 D/InstantWifi( 720): Drop, size: 2
05-30 11:44:28.255 E/ccc ( 3287): cccccc sort 12 1
05-30 11:44:28.256 E/ccc ( 3287): cccccc 4444444444444444444 CONNECTED
05-30 11:44:28.273 E/ccc ( 3287): cccccc sort 12 1
05-30 11:44:28.366 D/XM_HIDREAD( 1873): poll ret=1, event=1
05-30 11:44:28.366 D/XM_HIDREAD( 1873): [9 bytes]:01 00 00 00 00 00 00 00 00
05-30 11:44:28.369 I/SogouIME( 1431): onKeyUp: keyoCode=20
05-30 11:44:28.369 I/DefaultIMS( 1431): onKeyUp: keyoCode=20
05-30 11:44:29.039 D/UtilLog ( 2643): 日志批量上报 进行正常循环 !!!!!!本次有0次请求,共0条数据
05-30 11:44:29.211 I/WifiHAL ( 531): call wifi_get_link_stats handler
05-30 11:44:29.211 I/WifiHAL ( 531): Creating message to get link statistics; iface = 16
05-30 11:44:29.211 D/WifiHAL ( 531): error code -95 mapped to -3
05-30 11:44:29.212 E/WifiStaIfaceAidlImpl( 720): getLinkLayerStats failed with service-specific exception: android.os.ServiceSpecificException: (code 4)
05-30 11:44:29.311 D/XM_HIDREAD( 1873): poll ret=1, event=1
05-30 11:44:29.311 D/XM_HIDREAD( 1873): [9 bytes]:01 00 00 52 00 00 00 00 00
05-30 11:44:29.313 I/SogouIME( 1431): onKeyDown: keyoCode=19
05-30 11:44:29.313 I/DefaultIMS( 1431): onKeyDown: keyoCode=19
05-30 11:44:29.469 D/XM_HIDREAD( 1873): poll ret=1, event=1
05-30 11:44:29.469 D/XM_HIDREAD( 1873): [9 bytes]:01 00 00 00 00 00 00 00 00
05-30 11:44:29.471 I/SogouIME( 1431): onKeyUp: keyoCode=19
05-30 11:44:29.471 I/DefaultIMS( 1431): onKeyUp: keyoCode=19
05-30 11:44:29.521 D/BluetoothAdapterService( 1046): cancelDiscovery
05-30 11:44:29.521 I/bt_btif_dm( 1046): packages/modules/Bluetooth/system/btif/src/btif_dm.cc:2470 btif_dm_cancel_discovery: Cancel search
05-30 11:44:29.521 I/bluetooth( 1046): packages/modules/Bluetooth/system/bta/dm/bta_dm_main.cc:96 bta_dm_search_sm_execute: state:BTA_DM_SEARCH_IDLE, event:BTA_DM_API_SEARCH_CANCEL_EVT[0x201]
05-30 11:44:29.919 D/XM_HIDREAD( 1873): poll ret=1, event=1
05-30 11:44:29.919 D/XM_HIDREAD( 1873): [9 bytes]:01 00 00 51 00 00 00 00 00
05-30 11:44:29.922 I/SogouIME( 1431): onKeyDown: keyoCode=20
05-30 11:44:29.922 I/DefaultIMS( 1431): onKeyDown: keyoCode=20
05-30 11:44:30.076 D/XM_HIDREAD( 1873): poll ret=1, event=1
05-30 11:44:30.076 D/XM_HIDREAD( 1873): [9 bytes]:01 00 00 00 00 00 00 00 00
05-30 11:44:30.078 I/SogouIME( 1431): onKeyUp: keyoCode=20
05-30 11:44:30.078 I/DefaultIMS( 1431): onKeyUp: keyoCode=20
05-30 11:44:30.391 D/XM_HIDREAD( 1873): poll ret=1, event=1
05-30 11:44:30.391 D/XM_HIDREAD( 1873): [9 bytes]:01 00 00 52 00 00 00 00 00
05-30 11:44:30.394 I/SogouIME( 1431): onKeyDown: keyoCode=19
05-30 11:44:30.394 I/DefaultIMS( 1431): onKeyDown: keyoCode=19
05-30 11:44:30.526 D/XM_HIDREAD( 1873): poll ret=1, event=1
05-30 11:44:30.526 D/XM_HIDREAD( 1873): [9 bytes]:01 00 00 00 00 00 00 00 00
05-30 11:44:30.529 I/SogouIME( 1431): onKeyUp: keyoCode=19
05-30 11:44:30.529 I/DefaultIMS( 1431): onKeyUp: keyoCode=19
05-30 11:44:30.601 D/BluetoothAdapterService( 1046): cancelDiscovery
05-30 11:44:30.601 I/bt_btif_dm( 1046): packages/modules/Bluetooth/system/btif/src/btif_dm.cc:2470 btif_dm_cancel_discovery: Cancel search
05-30 11:44:30.601 I/bluetooth( 1046): packages/modules/Bluetooth/system/bta/dm/bta_dm_main.cc:96 bta_dm_search_sm_execute: state:BTA_DM_SEARCH_IDLE, event:BTA_DM_API_SEARCH_CANCEL_EVT[0x201]
05-30 11:44:31.096 E/TaskPersister( 720): File error accessing recents directory (directory doesn't exist?).
05-30 11:44:31.111 D/XM_HIDREAD( 1873): poll ret=1, event=1
05-30 11:44:31.111 D/XM_HIDREAD( 1873): [9 bytes]:01 00 00 50 00 00 00 00 00
05-30 11:44:31.113 I/SogouIME( 1431): onKeyDown: keyoCode=21
05-30 11:44:31.114 I/DefaultIMS( 1431): onKeyDown: keyoCode=21
05-30 11:44:31.224 D/XM_HIDREAD( 1873): poll ret=1, event=1
05-30 11:44:31.224 D/XM_HIDREAD( 1873): [9 bytes]:01 00 00 00 00 00 00 00 00
05-30 11:44:31.226 I/SogouIME( 1431): onKeyUp: keyoCode=21
05-30 11:44:31.226 I/DefaultIMS( 1431): onKeyUp: keyoCode=21
05-30 11:44:31.517 D/XM_HIDREAD( 1873): poll ret=1, event=1
05-30 11:44:31.517 D/XM_HIDREAD( 1873): [9 bytes]:01 00 00 51 00 00 00 00 00
05-30 11:44:31.519 I/SogouIME( 1431): onKeyDown: keyoCode=20
05-30 11:44:31.519 I/DefaultIMS( 1431): onKeyDown: keyoCode=20
05-30 11:44:31.530 I/Utils ( 2113): getTargetIp #
05-30 11:44:31.531 I/Utils ( 2113): getTargetIp #
05-30 11:44:31.618 D/XM_HIDREAD( 1873): poll ret=1, event=1
05-30 11:44:31.618 D/XM_HIDREAD( 1873): [9 bytes]:01 00 00 00 00 00 00 00 00
05-30 11:44:31.620 I/SogouIME( 1431): onKeyUp: keyoCode=20
05-30 11:44:31.620 I/DefaultIMS( 1431): onKeyUp: keyoCode=20
05-30 11:44:31.741 D/XM_HIDREAD( 1873): poll ret=1, event=1
05-30 11:44:31.741 D/XM_HIDREAD( 1873): [9 bytes]:01 00 00 51 00 00 00 00 00
05-30 11:44:31.744 I/SogouIME( 1431): onKeyDown: keyoCode=20
05-30 11:44:31.745 I/DefaultIMS( 1431): onKeyDown: keyoCode=20
05-30 11:44:31.820 D/XM_HIDREAD( 1873): poll ret=1, event=1
05-30 11:44:31.820 D/XM_HIDREAD( 1873): [9 bytes]:01 00 00 00 00 00 00 00 00
05-30 11:44:31.822 I/SogouIME( 1431): onKeyUp: keyoCode=20
05-30 11:44:31.822 I/DefaultIMS( 1431): onKeyUp: keyoCode=20
05-30 11:44:31.910 D/XM_HIDREAD( 1873): poll ret=1, event=1
05-30 11:44:31.910 D/XM_HIDREAD( 1873): [9 bytes]:01 00 00 51 00 00 00 00 00
05-30 11:44:31.912 I/SogouIME( 1431): onKeyDown: keyoCode=20
05-30 11:44:31.912 I/DefaultIMS( 1431): onKeyDown: keyoCode=20
05-30 11:44:31.977 D/XM_HIDREAD( 1873): poll ret=1, event=1
05-30 11:44:31.977 D/XM_HIDREAD( 1873): [9 bytes]:01 00 00 00 00 00 00 00 00
05-30 11:44:31.979 I/SogouIME( 1431): onKeyUp: keyoCode=20
05-30 11:44:31.979 I/DefaultIMS( 1431): onKeyUp: keyoCode=20
05-30 11:44:32.203 D/WifiNl80211Manager( 720): Scan result ready event
05-30 11:44:32.203 D/WifiNative( 720): Scan result ready event
05-30 11:44:32.208 D/PasspointManager( 720): ANQP entry not found for: 10:7c:61:1a:4b:94:<5G>
05-30 11:44:32.209 I/WifiHAL ( 531): call wifi_get_link_stats handler
05-30 11:44:32.210 I/WifiHAL ( 531): Creating message to get link statistics; iface = 16
05-30 11:44:32.210 D/WifiHAL ( 531): error code -95 mapped to -3
05-30 11:44:32.211 E/WifiStaIfaceAidlImpl( 720): getLinkLayerStats failed with service-specific exception: android.os.ServiceSpecificException: (code 4)
05-30 11:44:32.211 E/ccc ( 3287): cccccc SCAN_RESULTS_AVAILABLE_ACTION hhhh
05-30 11:44:32.212 E/hq ( 1453): NetWorkStateReceiver:::NetWorkStateReceiver onReceive: 网络变化广播 >>>> intent.action=android.net.wifi.SCAN_RESULTS
05-30 11:44:32.214 E/ccc ( 3287): cccccc result is not empty call back
05-30 11:44:32.214 E/ccc ( 3287): cccccc 666666666666666
05-30 11:44:32.216 I/WifiHAL ( 531): call wifi_get_link_stats handler
05-30 11:44:32.216 W/eventbuscore( 1453): post Event:com.dangbei.leard.base.entity.event.NetWifiRssiEvent
05-30 11:44:32.216 I/WifiHAL ( 531): Creating message to get link statistics; iface = 16
05-30 11:44:32.216 D/WifiHAL ( 531): error code -95 mapped to -3
05-30 11:44:32.216 E/WifiStaIfaceAidlImpl( 720): getLinkLayerStats failed with service-specific exception: android.os.ServiceSpecificException: (code 4)
05-30 11:44:32.232 E/ccc ( 3287): cccccc sort 12 1