05-29 20:52:38.372 I/SogouIME( 1431): onKeyDown: keyoCode=22
05-29 20:52:38.372 I/DefaultIMS( 1431): onKeyDown: keyoCode=22
05-29 20:52:38.504 D/XM_HIDREAD( 1873): poll ret=1, event=1
05-29 20:52:38.504 D/XM_HIDREAD( 1873): [9 bytes]:01 00 00 00 00 00 00 00 00
05-29 20:52:38.506 I/SogouIME( 1431): onKeyUp: keyoCode=22
05-29 20:52:38.506 I/DefaultIMS( 1431): onKeyUp: keyoCode=22
05-29 20:52:38.553 I/audio_hw_hal_alsamgr( 504): alsa format =0x1 delay frames =768 total frames=22940160
05-29 20:52:39.483 D/XM_HIDREAD( 1873): poll ret=1, event=1
05-29 20:52:39.483 D/XM_HIDREAD( 1873): [9 bytes]:01 00 00 29 00 00 00 00 00
05-29 20:52:39.485 I/SogouIME( 1431): onKeyDown: keyoCode=4
05-29 20:52:39.485 I/DefaultIMS( 1431): onKeyDown: keyoCode=4
05-29 20:52:39.607 D/XM_HIDREAD( 1873): poll ret=1, event=1
05-29 20:52:39.607 D/XM_HIDREAD( 1873): [9 bytes]:01 00 00 00 00 00 00 00 00
05-29 20:52:39.610 I/SogouIME( 1431): onKeyUp: keyoCode=4
05-29 20:52:39.610 I/DefaultIMS( 1431): onKeyUp: keyoCode=4
05-29 20:52:39.640 I/DefaultIMS( 1431): onStartInput attribute=android.view.inputmethod.EditorInfo@6a26ef7 restarting=false inputType: 0
05-29 20:52:40.134 E/TaskPersister( 720): File error accessing recents directory (directory doesn't exist?).
05-29 20:52:40.484 D/XM_HIDREAD( 1873): poll ret=1, event=1
05-29 20:52:40.484 D/XM_HIDREAD( 1873): [9 bytes]:01 00 00 29 00 00 00 00 00
05-29 20:52:40.486 I/SogouIME( 1431): onKeyDown: keyoCode=4
05-29 20:52:40.487 I/DefaultIMS( 1431): onKeyDown: keyoCode=4
05-29 20:52:40.619 D/XM_HIDREAD( 1873): poll ret=1, event=1
05-29 20:52:40.619 D/XM_HIDREAD( 1873): [9 bytes]:01 00 00 00 00 00 00 00 00
05-29 20:52:40.622 I/SogouIME( 1431): onKeyUp: keyoCode=4
05-29 20:52:40.622 I/DefaultIMS( 1431): onKeyUp: keyoCode=4
05-29 20:52:40.624 I/SogouIME( 1431): onKeyDown: keyoCode=22
05-29 20:52:40.624 I/DefaultIMS( 1431): onKeyDown: keyoCode=22
05-29 20:52:40.637 I/SogouIME( 1431): onKeyUp: keyoCode=22
05-29 20:52:40.637 I/DefaultIMS( 1431): onKeyUp: keyoCode=22
05-29 20:52:40.656 I/WifiHAL ( 531): call wifi_get_link_stats handler
05-29 20:52:40.656 I/WifiHAL ( 531): Creating message to get link statistics; iface = 16
05-29 20:52:40.656 D/WifiHAL ( 531): error code -95 mapped to -3
05-29 20:52:40.656 E/WifiStaIfaceAidlImpl( 720): getLinkLayerStats failed with service-specific exception: android.os.ServiceSpecificException: (code 4)
05-29 20:52:41.103 D/XM_HIDREAD( 1873): poll ret=1, event=1
05-29 20:52:41.103 D/XM_HIDREAD( 1873): [9 bytes]:01 00 00 52 00 00 00 00 00
05-29 20:52:41.105 I/SogouIME( 1431): onKeyDown: keyoCode=19
05-29 20:52:41.106 I/DefaultIMS( 1431): onKeyDown: keyoCode=19
05-29 20:52:41.205 D/XM_HIDREAD( 1873): poll ret=1, event=1
05-29 20:52:41.205 D/XM_HIDREAD( 1873): [9 bytes]:01 00 00 00 00 00 00 00 00
05-29 20:52:41.207 I/SogouIME( 1431): onKeyUp: keyoCode=19
05-29 20:52:41.207 I/DefaultIMS( 1431): onKeyUp: keyoCode=19
05-29 20:52:41.317 D/XM_HIDREAD( 1873): poll ret=1, event=1
05-29 20:52:41.317 D/XM_HIDREAD( 1873): [9 bytes]:01 00 00 52 00 00 00 00 00
05-29 20:52:41.320 E/ccc ( 1400): cccccc led current is 100 标准
05-29 20:52:41.320 E/ccc ( 1400): cccccc led current is null
05-29 20:52:41.321 I/SogouIME( 1431): onKeyDown: keyoCode=19
05-29 20:52:41.321 I/DefaultIMS( 1431): onKeyDown: keyoCode=19
05-29 20:52:41.407 D/XM_HIDREAD( 1873): poll ret=1, event=1
05-29 20:52:41.407 D/XM_HIDREAD( 1873): [9 bytes]:01 00 00 00 00 00 00 00 00
05-29 20:52:41.408 I/SogouIME( 1431): onKeyUp: keyoCode=19
05-29 20:52:41.408 I/DefaultIMS( 1431): onKeyUp: keyoCode=19
05-29 20:52:41.542 D/XM_HIDREAD( 1873): poll ret=1, event=1
05-29 20:52:41.542 D/XM_HIDREAD( 1873): [9 bytes]:01 00 00 52 00 00 00 00 00
05-29 20:52:41.544 I/SogouIME( 1431): onKeyDown: keyoCode=19
05-29 20:52:41.544 I/DefaultIMS( 1431): onKeyDown: keyoCode=19
05-29 20:52:41.591 I/Utils ( 2113): getTargetIp #
05-29 20:52:41.591 I/Utils ( 2113): getTargetIp #
05-29 20:52:41.632 D/XM_HIDREAD( 1873): poll ret=1, event=1
05-29 20:52:41.632 D/XM_HIDREAD( 1873): [9 bytes]:01 00 00 00 00 00 00 00 00
05-29 20:52:41.634 I/SogouIME( 1431): onKeyUp: keyoCode=19
05-29 20:52:41.634 I/DefaultIMS( 1431): onKeyUp: keyoCode=19
05-29 20:52:41.751 D/BluetoothAdapterService( 1046): cancelDiscovery
05-29 20:52:41.752 I/bt_btif_dm( 1046): packages/modules/Bluetooth/system/btif/src/btif_dm.cc:2470 btif_dm_cancel_discovery: Cancel search
05-29 20:52:41.752 I/bluetooth( 1046): packages/modules/Bluetooth/system/bta/dm/bta_dm_main.cc:96 bta_dm_search_sm_execute: state:BTA_DM_SEARCH_IDLE, event:BTA_DM_API_SEARCH_CANCEL_EVT[0x201]
05-29 20:52:41.929 I/WifiService( 720): startScan uid=1000
05-29 20:52:41.932 E/ccc ( 3287): cccccc i will start scan
05-29 20:52:41.935 W/MediaProvider( 1404): isAppCloneUserPair for user 0: false
05-29 20:52:41.941 D/InstantWifi( 720): Drop, size: 2
05-29 20:52:41.958 W/MediaProvider( 1404): Failed to update quota for uri: content://media/external_primary/file/1000039416
05-29 20:52:41.958 W/MediaProvider( 1404): java.io.FileNotFoundException: No item at content://media/external_primary/file/1000039416
05-29 20:52:41.958 W/MediaProvider( 1404): at com.android.providers.media.MediaProvider.queryForSingleItem(MediaProvider.java:8587)
05-29 20:52:41.958 W/MediaProvider( 1404): at com.android.providers.media.MediaProvider.queryForDataFile(MediaProvider.java:8527)
05-29 20:52:41.958 W/MediaProvider( 1404): at com.android.providers.media.MediaProvider.queryForDataFile(MediaProvider.java:8519)
05-29 20:52:41.958 W/MediaProvider( 1404): at com.android.providers.media.MediaProvider.updateQuotaTypeForUri(MediaProvider.java:844)
05-29 20:52:41.958 W/MediaProvider( 1404): at com.android.providers.media.MediaProvider.-$$Nest$mupdateQuotaTypeForUri(MediaProvider.java:0)
05-29 20:52:41.958 W/MediaProvider( 1404): at com.android.providers.media.MediaProvider$5.lambda$onUpdate$1(MediaProvider.java:956)
05-29 20:52:41.958 W/MediaProvider( 1404): at com.android.providers.media.MediaProvider$5.$r8$lambda$d1oamlpYRGmLAqSobOWu_Cv09p8(MediaProvider.java:0)
05-29 20:52:41.958 W/MediaProvider( 1404): at com.android.providers.media.MediaProvider$5$$ExternalSyntheticLambda2.run(R8$$SyntheticClass:0)
05-29 20:52:41.958 W/MediaProvider( 1404): at android.os.Handler.handleCallback(Handler.java:958)
05-29 20:52:41.958 W/MediaProvider( 1404): at android.os.Handler.dispatchMessage(Handler.java:99)
05-29 20:52:41.958 W/MediaProvider( 1404): at android.os.Looper.loopOnce(Looper.java:205)
05-29 20:52:41.958 W/MediaProvider( 1404): at android.os.Looper.loop(Looper.java:294)
05-29 20:52:41.958 W/MediaProvider( 1404): at android.os.HandlerThread.run(HandlerThread.java:67)
05-29 20:52:41.992 D/XM_HIDREAD( 1873): poll ret=1, event=1
05-29 20:52:41.992 D/XM_HIDREAD( 1873): [9 bytes]:01 00 00 50 00 00 00 00 00
05-29 20:52:41.994 I/SogouIME( 1431): onKeyDown: keyoCode=21
05-29 20:52:41.995 I/DefaultIMS( 1431): onKeyDown: keyoCode=21
05-29 20:52:42.116 D/XM_HIDREAD( 1873): poll ret=1, event=1
05-29 20:52:42.116 D/XM_HIDREAD( 1873): [9 bytes]:01 00 00 00 00 00 00 00 00
05-29 20:52:42.120 I/SogouIME( 1431): onKeyUp: keyoCode=21
05-29 20:52:42.120 I/DefaultIMS( 1431): onKeyUp: keyoCode=21
05-29 20:52:42.408 D/XM_HIDREAD( 1873): poll ret=1, event=1
05-29 20:52:42.408 D/XM_HIDREAD( 1873): [9 bytes]:01 00 00 51 00 00 00 00 00
05-29 20:52:42.410 I/SogouIME( 1431): onKeyDown: keyoCode=20
05-29 20:52:42.410 I/DefaultIMS( 1431): onKeyDown: keyoCode=20
05-29 20:52:42.521 D/XM_HIDREAD( 1873): poll ret=1, event=1
05-29 20:52:42.521 D/XM_HIDREAD( 1873): [9 bytes]:01 00 00 00 00 00 00 00 00
05-29 20:52:42.523 I/SogouIME( 1431): onKeyUp: keyoCode=20
05-29 20:52:42.523 I/DefaultIMS( 1431): onKeyUp: keyoCode=20
05-29 20:52:43.131 D/UtilLog ( 2643): 日志批量上报 进行正常循环 !!!!!!本次有0次请求,共0条数据
05-29 20:52:43.410 D/XM_HIDREAD( 1873): poll ret=1, event=1
05-29 20:52:43.410 D/XM_HIDREAD( 1873): [9 bytes]:01 00 00 28 00 00 00 00 00
05-29 20:52:43.412 I/SogouIME( 1431): onKeyDown: keyoCode=23
05-29 20:52:43.412 I/DefaultIMS( 1431): onKeyDown: keyoCode=23
05-29 20:52:43.511 D/XM_HIDREAD( 1873): poll ret=1, event=1
05-29 20:52:43.511 D/XM_HIDREAD( 1873): [9 bytes]:01 00 00 00 00 00 00 00 00
05-29 20:52:43.513 I/SogouIME( 1431): onKeyUp: keyoCode=23
05-29 20:52:43.513 I/DefaultIMS( 1431): onKeyUp: keyoCode=23
05-29 20:52:43.534 D/ConnectivityService( 720): NetReassign [no changes] [c 1] [a 1] [i 4]
05-29 20:52:43.660 I/WifiHAL ( 531): call wifi_get_link_stats handler
05-29 20:52:43.661 I/WifiHAL ( 531): Creating message to get link statistics; iface = 16
05-29 20:52:43.661 D/WifiHAL ( 531): error code -95 mapped to -3
05-29 20:52:43.661 E/WifiStaIfaceAidlImpl( 720): getLinkLayerStats failed with service-specific exception: android.os.ServiceSpecificException: (code 4)
05-29 20:52:44.670 D/XM_HIDREAD( 1873): poll ret=1, event=1
05-29 20:52:44.670 D/XM_HIDREAD( 1873): [9 bytes]:01 00 00 51 00 00 00 00 00
05-29 20:52:44.672 I/SogouIME( 1431): onKeyDown: keyoCode=20
05-29 20:52:44.672 I/DefaultIMS( 1431): onKeyDown: keyoCode=20
05-29 20:52:44.793 D/XM_HIDREAD( 1873): poll ret=1, event=1
05-29 20:52:44.793 D/XM_HIDREAD( 1873): [9 bytes]:01 00 00 00 00 00 00 00 00
05-29 20:52:44.795 I/SogouIME( 1431): onKeyUp: keyoCode=20
05-29 20:52:44.795 I/DefaultIMS( 1431): onKeyUp: keyoCode=20
05-29 20:52:45.693 D/XM_HIDREAD( 1873): poll ret=1, event=1
05-29 20:52:45.693 D/XM_HIDREAD( 1873): [9 bytes]:01 00 00 52 00 00 00 00 00
05-29 20:52:45.695 I/SogouIME( 1431): onKeyDown: keyoCode=19
05-29 20:52:45.695 I/DefaultIMS( 1431): onKeyDown: keyoCode=19
05-29 20:52:45.817 D/XM_HIDREAD( 1873): poll ret=1, event=1
05-29 20:52:45.817 D/XM_HIDREAD( 1873): [9 bytes]:01 00 00 00 00 00 00 00 00
05-29 20:52:45.820 I/SogouIME( 1431): onKeyUp: keyoCode=19
05-29 20:52:45.820 I/DefaultIMS( 1431): onKeyUp: keyoCode=19
05-29 20:52:45.888 D/uninstall( 3054): isAllowStart last_delay 0, current_time 1748523165
05-29 20:52:45.888 I/uninstall( 3054): enable_service com.ktcp.video/com.tencent.qqlivetv.keeplive.proc.DaemonService com.ktcp.video/(null)
05-29 20:52:45.889 D/uninstall( 3054): enable_service waitpid
05-29 20:52:45.889 D/uninstall( 9092): enable_service pid == 0
05-29 20:52:45.889 D/uninstall( 9092): enable_service version >= 17 || version == 0 version == 34
05-29 20:52:45.896 D/WifiNl80211Manager( 720): Scan result ready event
05-29 20:52:45.896 D/WifiNative( 720): Scan result ready event
05-29 20:52:45.901 D/PasspointManager( 720): ANQP entry not found for: 10:7c:61:1a:4b:94:<5G>
05-29 20:52:45.902 I/WifiHAL ( 531): call wifi_get_link_stats handler
05-29 20:52:45.902 I/WifiHAL ( 531): Creating message to get link statistics; iface = 16
05-29 20:52:45.902 D/WifiHAL ( 531): error code -95 mapped to -3
05-29 20:52:45.902 E/WifiStaIfaceAidlImpl( 720): getLinkLayerStats failed with service-specific exception: android.os.ServiceSpecificException: (code 4)
05-29 20:52:45.903 E/hq ( 1453): NetWorkStateReceiver:::NetWorkStateReceiver onReceive: 网络变化广播 >>>> intent.action=android.net.wifi.SCAN_RESULTS
05-29 20:52:45.904 E/ccc ( 3287): cccccc SCAN_RESULTS_AVAILABLE_ACTION hhhh
05-29 20:52:45.905 W/eventbuscore( 1453): post Event:com.dangbei.leard.base.entity.event.NetWifiRssiEvent
05-29 20:52:45.906 E/ccc ( 3287): cccccc result is not empty call back
05-29 20:52:45.906 E/ccc ( 3287): cccccc 666666666666666
05-29 20:52:45.918 E/ccc ( 3287): cccccc sort 12 1
05-29 20:52:45.934 I/uninstall( 3054): watchdaemon process_name = com.ktcp.video:daemon has gone, start it
05-29 20:52:45.935 D/uninstall( 3054): watchdaemon waitpid
05-29 20:52:45.935 D/uninstall( 9096): watchdaemon pid == 0
05-29 20:52:45.935 D/uninstall( 9096): watchdaemon version >= 17 || version == 0 version == 34
05-29 20:52:46.666 I/WifiHAL ( 531): call wifi_get_link_stats handler
05-29 20:52:46.666 I/WifiHAL ( 531): Creating message to get link statistics; iface = 16
05-29 20:52:46.666 D/WifiHAL ( 531): error code -95 mapped to -3
05-29 20:52:46.666 E/WifiStaIfaceAidlImpl( 720): getLinkLayerStats failed with service-specific exception: android.os.ServiceSpecificException: (code 4)
05-29 20:52:49.414 D/TrafficStats( 2861): tagSocket(211) with statsTag=0xffffffff, statsUid=-1
05-29 20:52:49.588 I/efs.base( 2861): wa upload succ, HttpResponse {succ=true, code=200, data='暂不支持该服务', extra={req_url=https://errlog.umeng.com/api/crashsdk/logcollect}}
05-29 20:52:49.672 I/WifiHAL ( 531): call wifi_get_link_stats handler
05-29 20:52:49.672 I/WifiHAL ( 531): Creating message to get link statistics; iface = 16
05-29 20:52:49.672 D/WifiHAL ( 531): error code -95 mapped to -3
05-29 20:52:49.672 E/WifiStaIfaceAidlImpl( 720): getLinkLayerStats failed with service-specific exception: android.os.ServiceSpecificException: (code 4)
05-29 20:52:50.906 I/audio_hw_hal_alsamgr( 504): alsa format =0x9000000 delay frames =2048 total frames=23040000
05-29 20:52:50.906 I/audio_hw_hal_alsamgr( 504): alsa format =0xa000000 delay frames =8192 total frames=92160000
05-29 20:52:51.706 I/Utils ( 2113): getTargetIp #
05-29 20:52:51.706 I/Utils ( 2113): getTargetIp #
05-29 20:52:52.676 I/WifiHAL ( 531): call wifi_get_link_stats handler
05-29 20:52:52.676 I/WifiHAL ( 531): Creating message to get link statistics; iface = 16
05-29 20:52:52.676 D/WifiHAL ( 531): error code -95 mapped to -3
05-29 20:52:52.676 E/WifiStaIfaceAidlImpl( 720): getLinkLayerStats failed with service-specific exception: android.os.ServiceSpecificException: (code 4)
05-29 20:52:53.131 D/UtilLog ( 2643): 日志批量上报 进行正常循环 !!!!!!本次有0次请求,共0条数据
05-29 20:52:54.829 D/OomAdjuster( 720): Not killing cached processes
05-29 20:52:55.684 I/WifiHAL ( 531): call wifi_get_link_stats handler
05-29 20:52:55.684 I/WifiHAL ( 531): Creating message to get link statistics; iface = 16
05-29 20:52:55.684 D/WifiHAL ( 531): error code -95 mapped to -3
05-29 20:52:55.684 E/WifiStaIfaceAidlImpl( 720): getLinkLayerStats failed with service-specific exception: android.os.ServiceSpecificException: (code 4)
05-29 20:52:56.009 D/uninstall( 3054): isAllowStart last_delay 0, current_time 1748523176
05-29 20:52:56.009 I/uninstall( 3054): enable_service com.ktcp.video/com.tencent.qqlivetv.keeplive.proc.DaemonService com.ktcp.video/(null)
05-29 20:52:56.010 D/uninstall( 3054): enable_service waitpid
05-29 20:52:56.010 D/uninstall( 9121): enable_service pid == 0
05-29 20:52:56.010 D/uninstall( 9121): enable_service version >= 17 || version == 0 version == 34
05-29 20:52:56.053 I/uninstall( 3054): watchdaemon process_name = com.ktcp.video:daemon has gone, start it
05-29 20:52:56.054 D/uninstall( 3054): watchdaemon waitpid
05-29 20:52:56.054 D/uninstall( 9125): watchdaemon pid == 0
05-29 20:52:56.054 D/uninstall( 9125): watchdaemon version >= 17 || version == 0 version == 34
05-29 20:52:56.874 D/bbb ( 1736): onStartCommand begin !!!!!!! data分区剩余 50923MB
05-29 20:52:58.688 I/WifiHAL ( 531): call wifi_get_link_stats handler
05-29 20:52:58.688 I/WifiHAL ( 531): Creating message to get link statistics; iface = 16
05-29 20:52:58.688 D/WifiHAL ( 531): error code -95 mapped to -3
05-29 20:52:58.689 E/WifiStaIfaceAidlImpl( 720): getLinkLayerStats failed with service-specific exception: android.os.ServiceSpecificException: (code 4)
05-29 20:52:59.804 I/Utils ( 2113): getTargetIp #
05-29 20:52:59.804 I/Utils ( 2113): getTargetIp #
05-29 20:53:01.695 I/WifiHAL ( 531): call wifi_get_link_stats handler
05-29 20:53:01.695 I/WifiHAL ( 531): Creating message to get link statistics; iface = 16
05-29 20:53:01.695 D/WifiHAL ( 531): error code -95 mapped to -3
05-29 20:53:01.696 E/WifiStaIfaceAidlImpl( 720): getLinkLayerStats failed with service-specific exception: android.os.ServiceSpecificException: (code 4)
05-29 20:53:01.964 W/MediaProvider( 1404): isAppCloneUserPair for user 0: false
05-29 20:53:01.988 I/MediaProvider( 1404): Deleted 1 0 0 0 0 0 0 items on external_primary due to com.gitvdemo.video
05-29 20:53:02.001 W/MediaProvider( 1404): Failed to update quota for uri: content://media/external_primary/file/1000039416
05-29 20:53:02.001 W/MediaProvider( 1404): java.io.FileNotFoundException: No item at content://media/external_primary/file/1000039416
05-29 20:53:02.001 W/MediaProvider( 1404): at com.android.providers.media.MediaProvider.queryForSingleItem(MediaProvider.java:8587)
05-29 20:53:02.001 W/MediaProvider( 1404): at com.android.providers.media.MediaProvider.queryForDataFile(MediaProvider.java:8527)
05-29 20:53:02.001 W/MediaProvider( 1404): at com.android.providers.media.MediaProvider.queryForDataFile(MediaProvider.java:8519)
05-29 20:53:02.001 W/MediaProvider( 1404): at com.android.providers.media.MediaProvider.updateQuotaTypeForUri(MediaProvider.java:844)
05-29 20:53:02.001 W/MediaProvider( 1404): at com.android.providers.media.MediaProvider.-$$Nest$mupdateQuotaTypeForUri(MediaProvider.java:0)
05-29 20:53:02.001 W/MediaProvider( 1404): at com.android.providers.media.MediaProvider$5.lambda$onUpdate$1(MediaProvider.java:956)
05-29 20:53:02.001 W/MediaProvider( 1404): at com.android.providers.media.MediaProvider$5.$r8$lambda$d1oamlpYRGmLAqSobOWu_Cv09p8(MediaProvider.java:0)
05-29 20:53:02.001 W/MediaProvider( 1404): at com.android.providers.media.MediaProvider$5$$ExternalSyntheticLambda2.run(R8$$SyntheticClass:0)
05-29 20:53:02.001 W/MediaProvider( 1404): at android.os.Handler.handleCallback(Handler.java:958)
05-29 20:53:02.001 W/MediaProvider( 1404): at android.os.Handler.dispatchMessage(Handler.java:99)
05-29 20:53:02.001 W/MediaProvider( 1404): at android.os.Looper.loopOnce(Looper.java:205)
05-29 20:53:02.001 W/MediaProvider( 1404): at android.os.Looper.loop(Looper.java:294)
05-29 20:53:02.001 W/MediaProvider( 1404): at android.os.HandlerThread.run(HandlerThread.java:67)
05-29 20:53:03.130 D/UtilLog ( 2643): 日志批量上报 进行正常循环 !!!!!!本次有0次请求,共0条数据
05-29 20:53:04.701 I/WifiHAL ( 531): call wifi_get_link_stats handler
05-29 20:53:04.701 I/WifiHAL ( 531): Creating message to get link statistics; iface = 16
05-29 20:53:04.701 D/WifiHAL ( 531): error code -95 mapped to -3
05-29 20:53:04.701 E/WifiStaIfaceAidlImpl( 720): getLinkLayerStats failed with service-specific exception: android.os.ServiceSpecificException: (code 4)
05-29 20:53:06.130 D/uninstall( 3054): isAllowStart last_delay 0, current_time 1748523186
05-29 20:53:06.130 I/uninstall( 3054): enable_service com.ktcp.video/com.tencent.qqlivetv.keeplive.proc.DaemonService com.ktcp.video/(null)
05-29 20:53:06.131 D/uninstall( 3054): enable_service waitpid
05-29 20:53:06.131 D/uninstall( 9140): enable_service pid == 0
05-29 20:53:06.131 D/uninstall( 9140): enable_service version >= 17 || version == 0 version == 34
05-29 20:53:06.170 I/uninstall( 3054): watchdaemon process_name = com.ktcp.video:daemon has gone, start it
05-29 20:53:06.171 D/uninstall( 9144): watchdaemon pid == 0
05-29 20:53:06.171 D/uninstall( 3054): watchdaemon waitpid
05-29 20:53:06.171 D/uninstall( 9144): watchdaemon version >= 17 || version == 0 version == 34
05-29 20:53:07.705 I/WifiHAL ( 531): call wifi_get_link_stats handler
05-29 20:53:07.705 I/WifiHAL ( 531): Creating message to get link statistics; iface = 16
05-29 20:53:07.705 D/WifiHAL ( 531): error code -95 mapped to -3
05-29 20:53:07.706 E/WifiStaIfaceAidlImpl( 720): getLinkLayerStats failed with service-specific exception: android.os.ServiceSpecificException: (code 4)
05-29 20:53:10.260 I/TDLog ( 2643): [APP] New data found, Submitting...
05-29 20:53:10.284 D/TrafficStats( 2643): tagSocket(87) with statsTag=0xffffffff, statsUid=-1
05-29 20:53:10.297 I/TDLog ( 2643): [APP] Failed to submit data!
05-29 20:53:10.304 I/WifiService( 720): startScan uid=1000
05-29 20:53:10.312 D/InstantWifi( 720): Drop, size: 2
05-29 20:53:10.553 I/audio_hw_hal_alsamgr( 504): alsa format =0x1 delay frames =768 total frames=24476160
05-29 20:53:10.708 I/WifiHAL ( 531): call wifi_get_link_stats handler
05-29 20:53:10.709 I/WifiHAL ( 531): Creating message to get link statistics; iface = 16
05-29 20:53:10.709 D/WifiHAL ( 531): error code -95 mapped to -3
05-29 20:53:10.709 E/WifiStaIfaceAidlImpl( 720): getLinkLayerStats failed with service-specific exception: android.os.ServiceSpecificException: (code 4)
05-29 20:53:11.322 D/TrafficStats( 2861): tagSocket(215) with statsTag=0xffffffff, statsUid=-1
05-29 20:53:11.903 D/TrafficStats( 2861): tagSocket(221) with statsTag=0xffffffff, statsUid=-1
05-29 20:53:11.908 I/Utils ( 2113): getTargetIp #
05-29 20:53:11.908 I/Utils ( 2113): getTargetIp #
05-29 20:53:12.465 D/CompatibilityChangeReporter( 720): Compat change id reported: 161145287; UID 10044; state: DISABLED
05-29 20:53:12.466 I/WifiService( 720): startScan uid=10044
05-29 20:53:13.132 D/UtilLog ( 2643): 日志批量上报 进行正常循环 !!!!!!本次有0次请求,共0条数据
05-29 20:53:13.316 D/TrafficStats( 2643): tagSocket(104) with statsTag=0xffffffff, statsUid=-1
05-29 20:53:13.713 I/WifiHAL ( 531): call wifi_get_link_stats handler
05-29 20:53:13.713 I/WifiHAL ( 531): Creating message to get link statistics; iface = 16
05-29 20:53:13.713 D/WifiHAL ( 531): error code -95 mapped to -3
05-29 20:53:13.714 E/WifiStaIfaceAidlImpl( 720): getLinkLayerStats failed with service-specific exception: android.os.ServiceSpecificException: (code 4)
05-29 20:53:14.268 D/WifiNl80211Manager( 720): Scan result ready event
05-29 20:53:14.269 D/WifiNative( 720): Scan result ready event
05-29 20:53:14.275 D/PasspointManager( 720): ANQP entry not found for: 10:7c:61:1a:4b:94:<5G>
05-29 20:53:14.276 I/WifiHAL ( 531): call wifi_get_link_stats handler
05-29 20:53:14.276 I/WifiHAL ( 531): Creating message to get link statistics; iface = 16
05-29 20:53:14.276 D/WifiHAL ( 531): error code -95 mapped to -3
05-29 20:53:14.276 E/WifiStaIfaceAidlImpl( 720): getLinkLayerStats failed with service-specific exception: android.os.ServiceSpecificException: (code 4)
05-29 20:53:14.276 E/ccc ( 3287): cccccc SCAN_RESULTS_AVAILABLE_ACTION hhhh
05-29 20:53:14.277 E/hq ( 1453): NetWorkStateReceiver:::NetWorkStateReceiver onReceive: 网络变化广播 >>>> intent.action=android.net.wifi.SCAN_RESULTS
05-29 20:53:14.280 E/ccc ( 3287): cccccc result is not empty call back
05-29 20:53:14.280 E/ccc ( 3287): cccccc 666666666666666
05-29 20:53:14.280 W/eventbuscore( 1453): post Event:com.dangbei.leard.base.entity.event.NetWifiRssiEvent
05-29 20:53:14.295 E/ccc ( 3287): cccccc sort 12 1
05-29 20:53:16.261 D/uninstall( 3054): isAllowStart last_delay 0, current_time 1748523196
05-29 20:53:16.261 I/uninstall( 3054): enable_service com.ktcp.video/com.tencent.qqlivetv.keeplive.proc.DaemonService com.ktcp.video/(null)
05-29 20:53:16.262 D/uninstall( 3054): enable_service waitpid
05-29 20:53:16.263 D/uninstall( 9171): enable_service pid == 0
05-29 20:53:16.263 D/uninstall( 9171): enable_service version >= 17 || version == 0 version == 34
05-29 20:53:16.310 I/uninstall( 3054): watchdaemon process_name = com.ktcp.video:daemon has gone, start it
05-29 20:53:16.310 D/uninstall( 3054): watchdaemon waitpid
05-29 20:53:16.310 D/uninstall( 9175): watchdaemon pid == 0
05-29 20:53:16.310 D/uninstall( 9175): watchdaemon version >= 17 || version == 0 version == 34
05-29 20:53:16.720 I/WifiHAL ( 531): call wifi_get_link_stats handler
05-29 20:53:16.720 I/WifiHAL ( 531): Creating message to get link statistics; iface = 16
05-29 20:53:16.720 D/WifiHAL ( 531): error code -95 mapped to -3
05-29 20:53:16.720 E/WifiStaIfaceAidlImpl( 720): getLinkLayerStats failed with service-specific exception: android.os.ServiceSpecificException: (code 4)
05-29 20:53:16.802 D/TrafficStats( 3061): tagSocket(160) with statsTag=0xffffffff, statsUid=-1
05-29 20:53:19.724 I/WifiHAL ( 531): call wifi_get_link_stats handler
05-29 20:53:19.724 I/WifiHAL ( 531): Creating message to get link statistics; iface = 16
05-29 20:53:19.725 D/WifiHAL ( 531): error code -95 mapped to -3
05-29 20:53:19.725 E/WifiStaIfaceAidlImpl( 720): getLinkLayerStats failed with service-specific exception: android.os.ServiceSpecificException: (code 4)
05-29 20:53:21.104 D/CompatibilityChangeReporter( 720): Compat change id reported: 261072174; UID 10091; state: DISABLED
05-29 20:53:21.104 D/OomAdjuster( 720): Not killing cached processes
05-29 20:53:21.104 W/ProcessStats( 720): Tracking association SourceState{8907474 com.ktcp.video:daemon/10091 Fgs #726} whose proc state 3 is better than process ProcessState{a8eb676 com.ktcp.video/10091 pkg=com.ktcp.video} proc state 10 (3 skipped)
05-29 20:53:21.110 D/TrafficStats( 720): tagSocket(528) with statsTag=0xffffff41, statsUid=-1
05-29 20:53:21.118 W/JobScheduler( 720): Job didn't exist in JobStore: d6bdba5 #u0a91/1 com.ktcp.video/com.tencent.qqlivetv.keeplive.schedulerjob.DaemonJobService
05-29 20:53:22.729 I/WifiHAL ( 531): call wifi_get_link_stats handler
05-29 20:53:22.729 I/WifiHAL ( 531): Creating message to get link statistics; iface = 16
05-29 20:53:22.729 D/WifiHAL ( 531): error code -95 mapped to -3
05-29 20:53:22.729 E/WifiStaIfaceAidlImpl( 720): getLinkLayerStats failed with service-specific exception: android.os.ServiceSpecificException: (code 4)
05-29 20:53:22.906 I/audio_hw_hal_alsamgr( 504): alsa format =0x9000000 delay frames =1920 total frames=24576000
05-29 20:53:22.906 I/audio_hw_hal_alsamgr( 504): alsa format =0xa000000 delay frames =8192 total frames=98304000
05-29 20:53:23.020 I/Utils ( 2113): getTargetIp #
05-29 20:53:23.020 I/Utils ( 2113): getTargetIp #
05-29 20:53:23.131 D/UtilLog ( 2643): 日志批量上报 进行正常循环 !!!!!!本次有0次请求,共0条数据
05-29 20:53:25.733 I/WifiHAL ( 531): call wifi_get_link_stats handler
05-29 20:53:25.733 I/WifiHAL ( 531): Creating message to get link statistics; iface = 16
05-29 20:53:25.733 D/WifiHAL ( 531): error code -95 mapped to -3
05-29 20:53:25.734 E/WifiStaIfaceAidlImpl( 720): getLinkLayerStats failed with service-specific exception: android.os.ServiceSpecificException: (code 4)
05-29 20:53:26.115 D/SntpClient( 720): request time failed: java.net.SocketTimeoutException: Poll timed out
05-29 20:53:26.116 D/TrafficStats( 720): tagSocket(528) with statsTag=0xffffff41, statsUid=-1
05-29 20:53:26.405 D/uninstall( 3054): isAllowStart last_delay 0, current_time 1748523206
05-29 20:53:26.405 I/uninstall( 3054): enable_service com.ktcp.video/com.tencent.qqlivetv.keeplive.proc.DaemonService com.ktcp.video/(null)
05-29 20:53:26.406 D/uninstall( 3054): enable_service waitpid
05-29 20:53:26.406 D/uninstall( 9197): enable_service pid == 0
05-29 20:53:26.407 D/uninstall( 9197): enable_service version >= 17 || version == 0 version == 34
05-29 20:53:26.453 I/uninstall( 3054): watchdaemon process_name = com.ktcp.video:daemon has gone, start it
05-29 20:53:26.453 D/uninstall( 3054): watchdaemon waitpid
05-29 20:53:26.453 D/uninstall( 9201): watchdaemon pid == 0
05-29 20:53:26.453 D/uninstall( 9201): watchdaemon version >= 17 || version == 0 version == 34
05-29 20:53:28.135 I/Utils ( 2113): getTargetIp #
05-29 20:53:28.136 I/Utils ( 2113): getTargetIp #
05-29 20:53:28.738 I/WifiHAL ( 531): call wifi_get_link_stats handler
05-29 20:53:28.738 I/WifiHAL ( 531): Creating message to get link statistics; iface = 16
05-29 20:53:28.739 D/WifiHAL ( 531): error code -95 mapped to -3
05-29 20:53:28.739 E/WifiStaIfaceAidlImpl( 720): getLinkLayerStats failed with service-specific exception: android.os.ServiceSpecificException: (code 4)
05-29 20:53:30.017 I/adbd ( 1365): host-19: read thread spawning
05-29 20:53:30.017 I/adbd ( 1365): host-19: write thread spawning
05-29 20:53:30.137 I/adbd ( 1365): authentication not required
05-29 20:53:31.123 D/SntpClient( 720): request time failed: java.net.SocketTimeoutException: Poll timed out
05-29 20:53:31.124 D/TrafficStats( 720): tagSocket(528) with statsTag=0xffffff41, statsUid=-1
05-29 20:53:31.745 I/WifiHAL ( 531): call wifi_get_link_stats handler
05-29 20:53:31.745 I/WifiHAL ( 531): Creating message to get link statistics; iface = 16
05-29 20:53:31.745 D/WifiHAL ( 531): error code -95 mapped to -3
05-29 20:53:31.746 E/WifiStaIfaceAidlImpl( 720): getLinkLayerStats failed with service-specific exception: android.os.ServiceSpecificException: (code 4)
05-29 20:53:33.130 D/UtilLog ( 2643): 日志批量上报 进行正常循环 !!!!!!本次有0次请求,共0条数据
05-29 20:53:34.220 I/Utils ( 2113): getTargetIp #
05-29 20:53:34.221 I/Utils ( 2113): getTargetIp #
05-29 20:53:34.753 I/WifiHAL ( 531): call wifi_get_link_stats handler
05-29 20:53:34.753 I/WifiHAL ( 531): Creating message to get link statistics; iface = 16
05-29 20:53:34.753 D/WifiHAL ( 531): error code -95 mapped to -3
05-29 20:53:34.754 E/WifiStaIfaceAidlImpl( 720): getLinkLayerStats failed with service-specific exception: android.os.ServiceSpecificException: (code 4)
05-29 20:53:36.127 D/SntpClient( 720): request time failed: java.net.SocketTimeoutException: Poll timed out
05-29 20:53:36.127 D/TrafficStats( 720): tagSocket(528) with statsTag=0xffffff41, statsUid=-1
05-29 20:53:36.544 D/uninstall( 3054): isAllowStart last_delay 0, current_time 1748523216
05-29 20:53:36.544 I/uninstall( 3054): enable_service com.ktcp.video/com.tencent.qqlivetv.keeplive.proc.DaemonService com.ktcp.video/(null)
05-29 20:53:36.545 D/uninstall( 3054): enable_service waitpid
05-29 20:53:36.545 D/uninstall( 9216): enable_service pid == 0
05-29 20:53:36.545 D/uninstall( 9216): enable_service version >= 17 || version == 0 version == 34
05-29 20:53:36.588 I/uninstall( 3054): watchdaemon process_name = com.ktcp.video:daemon has gone, start it
05-29 20:53:36.588 D/uninstall( 3054): watchdaemon waitpid
05-29 20:53:36.589 D/uninstall( 9221): watchdaemon pid == 0
05-29 20:53:36.589 D/uninstall( 9221): watchdaemon version >= 17 || version == 0 version == 34
05-29 20:53:37.760 I/WifiHAL ( 531): call wifi_get_link_stats handler
05-29 20:53:37.760 I/WifiHAL ( 531): Creating message to get link statistics; iface = 16
05-29 20:53:37.760 D/WifiHAL ( 531): error code -95 mapped to -3
05-29 20:53:37.761 E/WifiStaIfaceAidlImpl( 720): getLinkLayerStats failed with service-specific exception: android.os.ServiceSpecificException: (code 4)
05-29 20:53:40.767 I/WifiHAL ( 531): call wifi_get_link_stats handler
05-29 20:53:40.767 I/WifiHAL ( 531): Creating message to get link statistics; iface = 16
05-29 20:53:40.767 D/WifiHAL ( 531): error code -95 mapped to -3
05-29 20:53:40.768 E/WifiStaIfaceAidlImpl( 720): getLinkLayerStats failed with service-specific exception: android.os.ServiceSpecificException: (code 4)
05-29 20:53:41.132 D/SntpClient( 720): request time failed: java.net.SocketTimeoutException: Poll timed out
05-29 20:53:41.132 D/SntpClient( 720): request time failed
05-29 20:53:41.141 D/TrafficStats( 720): tagSocket(528) with statsTag=0xffffff41, statsUid=-1
05-29 20:53:41.378 D/SntpClient( 720): round trip: 235ms, clock offset: 53165908ms
05-29 20:53:41.381 D/SystemClockTime( 720): Setting time of day to sec=1748576387
05-30 11:39:47.289 E/LazyAlarmStore( 720): Removed TIME_TICK alarm
05-30 11:39:47.293 D/OomAdjuster( 720): Not killing cached processes
05-30 11:39:47.294 W/ProcessStats( 720): Tracking association SourceState{8907474 com.ktcp.video:daemon/10091 Fgs #733} whose proc state 3 is better than process ProcessState{a8eb676 com.ktcp.video/10091 pkg=com.ktcp.video} proc state 10 (10 skipped)
05-30 11:39:47.295 I/JobScheduler( 720): RTC now valid; recalculating persisted job windows
05-30 11:39:47.300 D/ActivityManager( 720): sync unfroze 2539 com.android.providers.calendar for 3
05-30 11:39:47.438 D/ActivityManager( 720): sync unfroze 2514 com.android.permissioncontroller for 3
05-30 11:39:47.442 D/ActivityManager( 720): sync unfroze 2580 com.android.rkpdapp for 3
05-30 11:39:47.445 D/ActivityManager( 720): sync unfroze 2623 com.android.statementservice for 3
05-30 11:39:47.453 W/Looper ( 720): Slow dispatch took 158ms android.ui h=com.android.server.am.ActivityManagerService$UiHandler c=null m=68
05-30 11:39:47.455 W/Looper ( 720): Slow dispatch took 158ms main h=android.app.ActivityThread$H c=android.app.LoadedApk$ReceiverDispatcher$Args$$ExternalSyntheticLambda0@fa04cb7 m=0
05-30 11:39:47.455 W/SyncManager( 720): Clock is valid now.
05-30 11:39:47.455 D/ConditionProviders.SCP( 720): onReceive android.intent.action.TIME_SET
05-30 11:39:47.459 D/bbb ( 1736): onStartCommand begin !!!!!!! data分区剩余 50922MB
05-30 11:39:47.461 D/ConditionProviders.SCP( 720): evaluateSubscriptionLocked cal=ScheduleCalendar[mDays={1, 2, 3, 4, 5, 6, 7}, mSchedule=ScheduleInfo{days=[1, 2, 3, 4, 5, 6, 7], startHour=22, startMinute=0, endHour=7, endMinute=0, exitAtAlarm=true, nextAlarm=Thu Jan 01 08:00:00 GMT+08:00 1970 (0)}], now=Fri May 30 11:39:47 GMT+08:00 2025 (1748576387455), nextUserAlarmTime=Thu Jan 01 08:00:00 GMT+08:00 1970 (0)
05-30 11:39:47.461 D/ConditionProviders.SCP( 720): notifyCondition condition://android/schedule?days=1.2.3.4.5.6.7&start=22.0&end=7.0&exitAtAlarm=true STATE_FALSE reason=!meetsSchedule
05-30 11:39:47.462 D/ConditionProviders.SCP( 720): Scheduling evaluate for Fri May 30 22:00:00 GMT+08:00 2025 (1748613600000), in +10h20m12s545ms, now=Fri May 30 11:39:47 GMT+08:00 2025 (1748576387455)
05-30 11:39:47.467 D/CompatibilityChangeReporter( 720): Compat change id reported: 143231523; UID 1000; state: DISABLED
05-30 11:39:47.476 D/PermissionStorageTimeChangeReceiver( 2514): Time changed by 53165 seconds
05-30 11:39:47.482 D/PermissionStorageTimeChangeReceiver( 2514): systemTimeSnapshot set to 1748576387476
05-30 11:39:47.483 D/PermissionStorageTimeChangeReceiver( 2514): realtimeSnapshot set to 551621
05-30 11:39:47.496 I/UsageStatsService( 720): User[0] Time changed in by 53165 seconds
05-30 11:39:47.496 I/UsageStatsService( 720): User[0] Flushing usage stats to disk
05-30 11:39:47.509 I/UsageStatsDatabase( 720): Time changed by +14h46m5s908ms. files deleted: 0 files moved: 4
05-30 11:39:47.514 I/UsageStatsService( 720): User[0] Rollover scheduled @ 2025-05-31 11:30:59(1748662259909)
05-30 11:39:47.518 D/CompatibilityChangeReporter( 720): Compat change id reported: 218533173; UID 10076; state: DISABLED
05-30 11:39:47.519 D/CompatibilityChangeReporter( 720): Compat change id reported: 262645982; UID 10076; state: DISABLED
05-30 11:39:47.519 D/CompatibilityChangeReporter( 720): Compat change id reported: 218533173; UID 10018; state: ENABLED
05-30 11:39:47.519 D/CompatibilityChangeReporter( 720): Compat change id reported: 262645982; UID 10018; state: ENABLED
05-30 11:39:47.520 D/CompatibilityChangeReporter( 720): Compat change id reported: 218533173; UID 10039; state: DISABLED
05-30 11:39:47.520 D/CompatibilityChangeReporter( 720): Compat change id reported: 262645982; UID 10039; state: DISABLED
05-30 11:39:47.521 D/CompatibilityChangeReporter( 720): Compat change id reported: 218533173; UID 10019; state: ENABLED
05-30 11:39:47.521 D/CompatibilityChangeReporter( 720): Compat change id reported: 262645982; UID 10019; state: ENABLED
05-30 11:39:47.522 D/CompatibilityChangeReporter( 720): Compat change id reported: 218533173; UID 10027; state: ENABLED
05-30 11:39:47.522 D/CompatibilityChangeReporter( 720): Compat change id reported: 262645982; UID 10027; state: ENABLED
05-30 11:39:47.523 D/CompatibilityChangeReporter( 720): Compat change id reported: 218533173; UID 10091; state: DISABLED
05-30 11:39:47.523 D/CompatibilityChangeReporter( 720): Compat change id reported: 262645982; UID 10091; state: DISABLED
05-30 11:39:47.526 D/CompatibilityChangeReporter( 720): Compat change id reported: 218533173; UID 10026; state: DISABLED
05-30 11:39:47.527 D/CompatibilityChangeReporter( 720): Compat change id reported: 262645982; UID 10026; state: DISABLED
05-30 11:39:47.527 D/CompatibilityChangeReporter( 720): Compat change id reported: 218533173; UID 10044; state: DISABLED
05-30 11:39:47.527 D/CompatibilityChangeReporter( 720): Compat change id reported: 262645982; UID 10044; state: DISABLED
05-30 11:39:47.529 D/CompatibilityChangeReporter( 720): Compat change id reported: 218533173; UID 10051; state: ENABLED
05-30 11:39:47.529 D/CompatibilityChangeReporter( 720): Compat change id reported: 262645982; UID 10051; state: ENABLED
05-30 11:39:47.529 D/CompatibilityChangeReporter( 720): Compat change id reported: 218533173; UID 10053; state: ENABLED
05-30 11:39:47.530 D/CompatibilityChangeReporter( 720): Compat change id reported: 262645982; UID 10053; state: ENABLED
05-30 11:39:47.530 D/CompatibilityChangeReporter( 720): Compat change id reported: 218533173; UID 10086; state: DISABLED
05-30 11:39:47.530 D/CompatibilityChangeReporter( 720): Compat change id reported: 262645982; UID 10086; state: DISABLED
05-30 11:39:47.532 D/CompatibilityChangeReporter( 720): Compat change id reported: 218533173; UID 10025; state: ENABLED
05-30 11:39:47.533 D/CompatibilityChangeReporter( 720): Compat change id reported: 262645982; UID 10025; state: ENABLED
05-30 11:39:47.533 D/CompatibilityChangeReporter( 720): Compat change id reported: 218533173; UID 10022; state: ENABLED
05-30 11:39:47.534 D/CompatibilityChangeReporter( 720): Compat change id reported: 262645982; UID 10022; state: ENABLED
05-30 11:39:47.536 D/CompatibilityChangeReporter( 720): Compat change id reported: 218533173; UID 10041; state: DISABLED
05-30 11:39:47.536 D/CompatibilityChangeReporter( 720): Compat change id reported: 262645982; UID 10041; state: DISABLED
05-30 11:39:47.537 D/CompatibilityChangeReporter( 720): Compat change id reported: 218533173; UID 10049; state: DISABLED
05-30 11:39:47.537 D/CompatibilityChangeReporter( 720): Compat change id reported: 262645982; UID 10049; state: DISABLED
05-30 11:39:47.538 D/CompatibilityChangeReporter( 720): Compat change id reported: 218533173; UID 10016; state: ENABLED
05-30 11:39:47.538 D/CompatibilityChangeReporter( 720): Compat change id reported: 262645982; UID 10016; state: ENABLED
05-30 11:39:47.538 D/CompatibilityChangeReporter( 720): Compat change id reported: 218533173; UID 10065; state: ENABLED
05-30 11:39:47.538 D/CompatibilityChangeReporter( 720): Compat change id reported: 262645982; UID 10065; state: ENABLED
05-30 11:39:47.540 D/CompatibilityChangeReporter( 720): Compat change id reported: 218533173; UID 10055; state: ENABLED
05-30 11:39:47.540 D/CompatibilityChangeReporter( 720): Compat change id reported: 262645982; UID 10055; state: ENABLED
05-30 11:39:47.540 D/CompatibilityChangeReporter( 720): Compat change id reported: 218533173; UID 10094; state: DISABLED
05-30 11:39:47.541 D/CompatibilityChangeReporter( 720): Compat change id reported: 262645982; UID 10094; state: DISABLED
05-30 11:39:47.718 I/system_server( 720): Background concurrent copying GC freed 349668(13MB) AllocSpace objects, 37(1248KB) LOS objects, 49% free, 16MB/32MB, paused 224us,134us total 215.748ms
05-30 11:39:47.724 W/system_server( 720): ApkAssets: Deleting an ApkAssets object ' and /system_ext/priv-app/TvSystemUI/TvSystemUI.apk' with 1 weak references
05-30 11:39:47.725 W/system_server( 720): ApkAssets: Deleting an ApkAssets object '/vendor/overlay/TvSystemUI__auto_generated_rro_vendor.apk' with 1 weak references
05-30 11:39:47.725 W/system_server( 720): ApkAssets: Deleting an ApkAssets object '/product/overlay/SystemUIOverlay.apk' with 1 weak references
05-30 11:39:47.726 W/System ( 720): A resource failed to call release.
05-30 11:39:47.726 W/System ( 720): A resource failed to call release.
05-30 11:39:47.769 W/MediaProvider( 1404): isAppCloneUserPair for user 0: false
05-30 11:39:47.781 I/MediaProvider( 1404): Deleted 1 0 0 0 0 0 0 items on external_primary due to com.gitvdemo.video
05-30 11:39:47.793 W/MediaProvider( 1404): Failed to update quota for uri: content://media/external_primary/file/1000039410
05-30 11:39:47.793 W/MediaProvider( 1404): java.io.FileNotFoundException: No item at content://media/external_primary/file/1000039410
05-30 11:39:47.793 W/MediaProvider( 1404): at com.android.providers.media.MediaProvider.queryForSingleItem(MediaProvider.java:8587)
05-30 11:39:47.793 W/MediaProvider( 1404): at com.android.providers.media.MediaProvider.queryForDataFile(MediaProvider.java:8527)
05-30 11:39:47.793 W/MediaProvider( 1404): at com.android.providers.media.MediaProvider.queryForDataFile(MediaProvider.java:8519)
05-30 11:39:47.793 W/MediaProvider( 1404): at com.android.providers.media.MediaProvider.updateQuotaTypeForUri(MediaProvider.java:844)
05-30 11:39:47.793 W/MediaProvider( 1404): at com.android.providers.media.MediaProvider.-$$Nest$mupdateQuotaTypeForUri(MediaProvider.java:0)
05-30 11:39:47.793 W/MediaProvider( 1404): at com.android.providers.media.MediaProvider$5.lambda$onUpdate$1(MediaProvider.java:956)
05-30 11:39:47.793 W/MediaProvider( 1404): at com.android.providers.media.MediaProvider$5.$r8$lambda$d1oamlpYRGmLAqSobOWu_Cv09p8(MediaProvider.java:0)
05-30 11:39:47.793 W/MediaProvider( 1404): at com.android.providers.media.MediaProvider$5$$ExternalSyntheticLambda2.run(R8$$SyntheticClass:0)
05-30 11:39:47.793 W/MediaProvider( 1404): at android.os.Handler.handleCallback(Handler.java:958)
05-30 11:39:47.793 W/MediaProvider( 1404): at android.os.Handler.dispatchMessage(Handler.java:99)
05-30 11:39:47.793 W/MediaProvider( 1404): at android.os.Looper.loopOnce(Looper.java:205)
05-30 11:39:47.793 W/MediaProvider( 1404): at android.os.Looper.loop(Looper.java:294)
05-30 11:39:47.793 W/MediaProvider( 1404): at android.os.HandlerThread.run(HandlerThread.java:67)
05-30 11:39:48.183 D/TrafficStats( 2179): tagSocket(5) with statsTag=0xffffffff, statsUid=-1
05-30 11:39:48.293 D/config.Worker( 2179): config,ver: null
05-30 11:39:48.293 D/ab.Worker( 2179): ab,ver: null
05-30 11:39:48.361 I/HCDN_DownloadEn( 2113): type=1400 audit(0.0:2007): avc: denied { open } for path="/proc/stat" dev="proc" ino=4026532003 scontext=u:r:untrusted_app_27:s0:c512,c768 tcontext=u:object_r:proc_stat:s0 tclass=file permissive=1 app=com.gitvdemo.video
05-30 11:39:48.361 I/HCDN_DownloadEn( 2113): type=1400 audit(0.0:2008): avc: denied { getattr } for path="/proc/stat" dev="proc" ino=4026532003 scontext=u:r:untrusted_app_27:s0:c512,c768 tcontext=u:object_r:proc_stat:s0 tclass=file permissive=1 app=com.gitvdemo.video
05-30 11:39:48.462 I/audio_hw_hal_alsamgr( 504): alsa format =0x1 delay frames =768 total frames=26012160
05-30 11:39:49.038 D/UtilLog ( 2643): 日志批量上报 进行正常循环 !!!!!!本次有0次请求,共0条数据
05-30 11:39:49.223 I/Utils ( 2113): getTargetIp #
05-30 11:39:49.224 I/Utils ( 2113): getTargetIp #
05-30 11:39:49.669 I/cling--ap-2( 2861): type=1400 audit(0.0:2009): avc: denied { search } for name="net" dev="sysfs" ino=12345 scontext=u:r:untrusted_app_27:s0:c44,c256,c512,c768 tcontext=u:object_r:sysfs_net:s0 tclass=dir permissive=1 app=com.dangbei.screencast
05-30 11:39:49.679 I/WifiHAL ( 531): call wifi_get_link_stats handler
05-30 11:39:49.679 I/WifiHAL ( 531): Creating message to get link statistics; iface = 16
05-30 11:39:49.680 D/WifiHAL ( 531): error code -95 mapped to -3
05-30 11:39:49.680 E/WifiStaIfaceAidlImpl( 720): getLinkLayerStats failed with service-specific exception: android.os.ServiceSpecificException: (code 4)
05-30 11:39:50.232 I/WifiService( 720): startScan uid=1000
05-30 11:39:50.234 E/ccc ( 3287): cccccc i will start scan
05-30 11:39:50.240 D/InstantWifi( 720): Drop, size: 2
05-30 11:39:50.277 I/binder:492_5( 492): type=1400 audit(0.0:2010): avc: denied { add_name } for name="globalAlert" scontext=u:r:netd:s0 tcontext=u:object_r:proc_net:s0 tclass=dir permissive=1
05-30 11:39:52.470 D/OomAdjuster( 720): Not killing cached processes
05-30 11:39:52.585 D/uninstall( 3054): isAllowStart last_delay 0, current_time 1748576392
05-30 11:39:52.586 I/uninstall( 3054): enable_service com.ktcp.video/com.tencent.qqlivetv.keeplive.proc.DaemonService com.ktcp.video/(null)
05-30 11:39:52.587 D/uninstall( 3054): enable_service waitpid
05-30 11:39:52.587 D/uninstall( 9266): enable_service pid == 0
05-30 11:39:52.587 D/uninstall( 9266): enable_service version >= 17 || version == 0 version == 34
05-30 11:39:52.625 I/uninstall( 3054): watchdaemon process_name = com.ktcp.video:daemon has gone, start it
05-30 11:39:52.626 D/uninstall( 3054): watchdaemon waitpid
05-30 11:39:52.626 D/uninstall( 9270): watchdaemon pid == 0
05-30 11:39:52.626 D/uninstall( 9270): watchdaemon version >= 17 || version == 0 version == 34
05-30 11:39:52.685 I/WifiHAL ( 531): call wifi_get_link_stats handler
05-30 11:39:52.685 I/WifiHAL ( 531): Creating message to get link statistics; iface = 16
05-30 11:39:52.685 D/WifiHAL ( 531): error code -95 mapped to -3
05-30 11:39:52.686 E/WifiStaIfaceAidlImpl( 720): getLinkLayerStats failed with service-specific exception: android.os.ServiceSpecificException: (code 4)
05-30 11:39:54.196 D/WifiNl80211Manager( 720): Scan result ready event
05-30 11:39:54.196 D/WifiNative( 720): Scan result ready event
05-30 11:39:54.199 D/PasspointManager( 720): ANQP entry not found for: 10:7c:61:1a:4b:94:<5G>
05-30 11:39:54.201 E/hq ( 1453): NetWorkStateReceiver:::NetWorkStateReceiver onReceive: 网络变化广播 >>>> intent.action=android.net.wifi.SCAN_RESULTS
05-30 11:39:54.201 I/WifiHAL ( 531): call wifi_get_link_stats handler
05-30 11:39:54.201 I/WifiHAL ( 531): Creating message to get link statistics; iface = 16
05-30 11:39:54.201 D/WifiHAL ( 531): error code -95 mapped to -3
05-30 11:39:54.201 E/ccc ( 3287): cccccc SCAN_RESULTS_AVAILABLE_ACTION hhhh
05-30 11:39:54.201 E/WifiStaIfaceAidlImpl( 720): getLinkLayerStats failed with service-specific exception: android.os.ServiceSpecificException: (code 4)
05-30 11:39:54.203 E/ccc ( 3287): cccccc result is not empty call back
05-30 11:39:54.203 E/ccc ( 3287): cccccc 666666666666666
05-30 11:39:54.204 W/eventbuscore( 1453): post Event:com.dangbei.leard.base.entity.event.NetWifiRssiEvent
05-30 11:39:54.218 E/ccc ( 3287): cccccc sort 12 1
05-30 11:39:54.694 I/TDLog ( 2643): [APP] New data found, Submitting...
05-30 11:39:54.717 D/TrafficStats( 2643): tagSocket(108) with statsTag=0xffffffff, statsUid=-1
05-30 11:39:54.721 I/TDLog ( 2643): [APP] Failed to submit data!
05-30 11:39:55.690 I/WifiHAL ( 531): call wifi_get_link_stats handler
05-30 11:39:55.690 I/WifiHAL ( 531): Creating message to get link statistics; iface = 16
05-30 11:39:55.690 D/WifiHAL ( 531): error code -95 mapped to -3
05-30 11:39:55.690 E/WifiStaIfaceAidlImpl( 720): getLinkLayerStats failed with service-specific exception: android.os.ServiceSpecificException: (code 4)
05-30 11:39:57.539 W/MediaProvider( 1404): isAppCloneUserPair for user 0: false
05-30 11:39:57.558 I/MediaProvider( 1404): Deleted 1 0 0 0 0 0 0 items on external_primary due to com.gitvdemo.video
05-30 11:39:57.569 W/MediaProvider( 1404): Failed to update quota for uri: content://media/external_primary/file/1000039416
05-30 11:39:57.569 W/MediaProvider( 1404): java.io.FileNotFoundException: No item at content://media/external_primary/file/1000039416
05-30 11:39:57.569 W/MediaProvider( 1404): at com.android.providers.media.MediaProvider.queryForSingleItem(MediaProvider.java:8587)
05-30 11:39:57.569 W/MediaProvider( 1404): at com.android.providers.media.MediaProvider.queryForDataFile(MediaProvider.java:8527)
05-30 11:39:57.569 W/MediaProvider( 1404): at com.android.providers.media.MediaProvider.queryForDataFile(MediaProvider.java:8519)
05-30 11:39:57.569 W/MediaProvider( 1404): at com.android.providers.media.MediaProvider.updateQuotaTypeForUri(MediaProvider.java:844)
05-30 11:39:57.569 W/MediaProvider( 1404): at com.android.providers.media.MediaProvider.-$$Nest$mupdateQuotaTypeForUri(MediaProvider.java:0)
05-30 11:39:57.569 W/MediaProvider( 1404): at com.android.providers.media.MediaProvider$5.lambda$onUpdate$1(MediaProvider.java:956)
05-30 11:39:57.569 W/MediaProvider( 1404): at com.android.providers.media.MediaProvider$5.$r8$lambda$d1oamlpYRGmLAqSobOWu_Cv09p8(MediaProvider.java:0)
05-30 11:39:57.569 W/MediaProvider( 1404): at com.android.providers.media.MediaProvider$5$$ExternalSyntheticLambda2.run(R8$$SyntheticClass:0)
05-30 11:39:57.569 W/MediaProvider( 1404): at android.os.Handler.handleCallback(Handler.java:958)
05-30 11:39:57.569 W/MediaProvider( 1404): at android.os.Handler.dispatchMessage(Handler.java:99)
05-30 11:39:57.569 W/MediaProvider( 1404): at android.os.Looper.loopOnce(Looper.java:205)
05-30 11:39:57.569 W/MediaProvider( 1404): at android.os.Looper.loop(Looper.java:294)
05-30 11:39:57.569 W/MediaProvider( 1404): at android.os.HandlerThread.run(HandlerThread.java:67)
05-30 11:39:58.696 I/WifiHAL ( 531): call wifi_get_link_stats handler
05-30 11:39:58.696 I/WifiHAL ( 531): Creating message to get link statistics; iface = 16
05-30 11:39:58.696 D/WifiHAL ( 531): error code -95 mapped to -3
05-30 11:39:58.697 E/WifiStaIfaceAidlImpl( 720): getLinkLayerStats failed with service-specific exception: android.os.ServiceSpecificException: (code 4)
05-30 11:39:59.038 D/UtilLog ( 2643): 日志批量上报 进行正常循环 !!!!!!本次有0次请求,共0条数据
05-30 11:39:59.305 I/Advertiser( 2113): type=1400 audit(0.0:2011): avc: denied { search } for name="net" dev="sysfs" ino=12345 scontext=u:r:untrusted_app_27:s0:c512,c768 tcontext=u:object_r:sysfs_net:s0 tclass=dir permissive=1 app=com.gitvdemo.video
05-30 11:39:59.305 I/Advertiser( 2113): type=1400 audit(0.0:2012): avc: denied { read } for name="address" dev="sysfs" ino=22127 scontext=u:r:untrusted_app_27:s0:c512,c768 tcontext=u:object_r:sysfs_net:s0 tclass=file permissive=1 app=com.gitvdemo.video
05-30 11:39:59.305 I/Advertiser( 2113): type=1400 audit(0.0:2013): avc: denied { open } for path="/sys/devices/virtual/net/dummy0/address" dev="sysfs" ino=22127 scontext=u:r:untrusted_app_27:s0:c512,c768 tcontext=u:object_r:sysfs_net:s0 tclass=file permissive=1 app=com.gitvdemo.video
05-30 11:39:59.318 I/Utils ( 2113): getTargetIp #
05-30 11:39:59.318 I/Utils ( 2113): getTargetIp #
05-30 11:39:59.305 I/Advertiser( 2113): type=1400 audit(0.0:2014): avc: denied { getattr } for path="/sys/devices/virtual/net/dummy0/address" dev="sysfs" ino=22127 scontext=u:r:untrusted_app_27:s0:c512,c768 tcontext=u:object_r:sysfs_net:s0 tclass=file permissive=1 app=com.gitvdemo.video
05-30 11:40:00.815 I/audio_hw_hal_alsamgr( 504): alsa format =0x9000000 delay frames =1920 total frames=26112000
05-30 11:40:00.815 I/audio_hw_hal_alsamgr( 504): alsa format =0xa000000 delay frames =7936 total frames=104448000
05-30 11:40:00.925 D/OomAdjuster( 720): Not killing cached processes
05-30 11:40:01.703 I/WifiHAL ( 531): call wifi_get_link_stats handler
