05-29 20:51:55.414 D/NearFieldManagerImpl( 3061): registerDevice() is called.
05-29 20:51:55.414 I/HicomNfMainCtrlManager( 3061): NSTACKX_RegisterDevice is called
05-29 20:51:55.414 D/NearFieldManagerImpl( 3061): Register device success.
05-29 20:51:55.414 I/NearFieldManagerImpl( 3061): serviceName is castPlus
05-29 20:51:55.414 D/nStackXDFinder( 3061): ConfigureLocalDeviceInfo:[616] :Invalid if name or ip address. Ignore
05-29 20:51:55.414 D/NearFieldManagerImpl( 3061): registerCapability() called with: capabilityBitmapNum = 1, capabilityBitmap = [8]
05-29 20:51:55.414 I/HicomNf_java_to_c( 3061): registerCapability, capabilityBitmapNum: 1
05-29 20:51:55.414 I/HicomNfMainCtrlManager( 3061): RegisterCapability: 1, 8
05-29 20:51:55.414 D/NearFieldManagerImpl( 3061): Register capability succeed with capabilityBitmapNum = 1, capabilityBitmap = [8]
05-29 20:51:55.414 D/NearFieldManagerImpl( 3061): registerServiceData() called with: serviceData = 32
05-29 20:51:55.414 I/nStackXDFinder( 3061): RegisterServiceData:[728] :RegisterServiceData, serviceData=[32]
05-29 20:51:55.415 D/NearFieldManagerImpl( 3061): registerModule() called with: packageModuleName = com.huawei.connection+CastPlusDiscoveryModule
05-29 20:51:55.415 D/NearFieldManagerImpl( 3061): registerModule, registered before
05-29 20:51:55.415 I/HicomNf_java_to_c( 3061): registerModule, moduleName: com.huawei.connection+CastPlusDiscoveryModule
05-29 20:51:55.415 I/HicomNfMainCtrlManager( 3061): Enter RegisterModule
05-29 20:51:55.415 I/HicomNfRegManager( 3061): RegisterModule OK, already registered com.huawei.connection+CastPlusDiscoveryModule
05-29 20:51:55.494 I/wpa_supplicant( 1166): assoc key_mgmt 0x2 network key_mgmt 0x142
05-29 20:51:55.494 I/wpa_supplicant( 1166): wlan0: Associated with 10:7c:61:1a:4b:94
05-29 20:51:55.494 I/wpa_supplicant( 1166): wlan0: CTRL-EVENT-SUBNET-STATUS-UPDATE status=0
05-29 20:51:55.496 D/IpClient/wlan0( 999): interfaceLinkStateChanged: ifindex 16 up
05-29 20:51:55.497 I/wpa_supplicant( 1166): wlan0: WPA: RX message 1 of 4-Way Handshake from 10:7c:61:1a:4b:94 (ver=2)
05-29 20:51:55.497 I/wpa_supplicant( 1166): assoc key_mgmt 0x2 network key_mgmt 0x142
05-29 20:51:55.498 I/wpa_supplicant( 1166): wlan0: WPA: Sending EAPOL-Key 2/4
05-29 20:51:55.498 I/WifiClientModeImpl[21259:wlan0]( 720): Update current security type to 2
05-29 20:51:55.502 W/ContextImpl( 720): Calling a method in the system process without a qualified user: android.app.ContextImpl.sendStickyBroadcast:1626 com.android.server.wifi.ClientModeImpl.sendNetworkChangeBroadcast:3008 com.android.server.wifi.ClientModeImpl.lambda$sendNetworkChangeBroadcastWithCurrentState$14:2985 com.android.server.wifi.ClientModeImpl.$r8$lambda$q-j88Pjw4gROgoJFr8wBlBVbuJI:0 com.android.server.wifi.ClientModeImpl$$ExternalSyntheticLambda4.send:0
05-29 20:51:55.503 I/wpa_supplicant( 1166): wlan0: RSN: RX message 3 of 4-Way Handshake from 10:7c:61:1a:4b:94 (ver=2)
05-29 20:51:55.503 I/wpa_supplicant( 1166): wlan0: WPA: Sending EAPOL-Key 4/4
05-29 20:51:55.505 I/WifiClientModeImpl[21259:wlan0]( 720): Update current security type to 2
05-29 20:51:55.509 E/ccc ( 3287): cccccc 555555555555555555555
05-29 20:51:55.515 I/wpa_supplicant( 1166): assoc key_mgmt 0x2 network key_mgmt 0x142
05-29 20:51:55.517 I/WifiClientModeImpl[21259:wlan0]( 720): Update current security type to 2
05-29 20:51:55.525 I/wpa_supplicant( 1166): wlan0: WPA: Key negotiation completed with 10:7c:61:1a:4b:94 [PTK=CCMP GTK=CCMP]
05-29 20:51:55.525 I/wpa_supplicant( 1166): wlan0: CTRL-EVENT-CONNECTED - Connection to 10:7c:61:1a:4b:94 completed [id=0 id_str=%7B%22configKey%22%3A%22%5C%225G%5C%22WPA_PSK%22%2C%22creatorUid%22%3A%221000%22%7D]
05-29 20:51:55.526 D/IpClient/wlan0( 999): interfaceLinkStateChanged: ifindex 16 up
05-29 20:51:55.527 I/wpa_supplicant( 1166): assoc key_mgmt 0x2 network key_mgmt 0x142
05-29 20:51:55.529 I/WifiClientModeImpl[21259:wlan0]( 720): Update current security type to 2 from network connection event.
05-29 20:51:55.543 I/wpa_supplicant( 1166): wpa_driver_nl80211_driver_cmd: wifi vendor: aml_w2_s
05-29 20:51:55.543 I/wpa_supplicant( 1166): wpa_driver_nl80211_driver_cmd: wlan0: private command: MACADDR
05-29 20:51:55.545 W/ContextImpl( 720): Calling a method in the system process without a qualified user: android.app.ContextImpl.sendStickyBroadcast:1626 com.android.server.wifi.ClientModeImpl.sendNetworkChangeBroadcast:3008 com.android.server.wifi.ClientModeImpl.lambda$sendNetworkChangeBroadcastWithCurrentState$14:2985 com.android.server.wifi.ClientModeImpl.$r8$lambda$q-j88Pjw4gROgoJFr8wBlBVbuJI:0 com.android.server.wifi.ClientModeImpl$$ExternalSyntheticLambda4.send:0
05-29 20:51:55.549 I/ConnectivityService( 720): Update score for net 101 : +IS_UNMETERED+EVER_USER_SELECTED
05-29 20:51:55.550 D/ConnectivityService( 720): registerNetworkAgent NetworkAgentInfo{network{101} handle{437197393933} ni{WIFI CONNECTING extra: } created=2025-05-29T12:51:55.549Z Score(Policies : IS_UNMETERED&EVER_USER_SELECTED ; KeepConnected : 0) explicitlySelected lp{{InterfaceName: wlan0 LinkAddresses: [ ] DnsAddresses: [ ] Domains: null MTU: 0 Routes: [ ]}} nc{[ Transports: WIFI Capabilities: NOT_METERED&INTERNET&NOT_RESTRICTED&TRUSTED&NOT_VPN&NOT_ROAMING&NOT_CONGESTED&NOT_SUSPENDED&NOT_VCN_MANAGED LinkUpBandwidth>=1200000Kbps LinkDnBandwidth>=1200000Kbps Specifier: TransportInfo: , Provider friendly name: , Requesting package name: "5G"wpa2-pskMLO Information: , Is TID-To-Link negotiation supported by the AP: false, AP MLD Address: , AP MLO Link Id: , AP MLO Affiliated links: > AllowedUids: <{1000}> OwnerUid: 1000 AdminUids: [1000] SSID: "5G" UnderlyingNetworks: Null]} factorySerialNumber=4}
05-29 20:51:55.553 W/ContextImpl( 720): Calling a method in the system process without a qualified user: android.app.ContextImpl.sendStickyBroadcast:1626 com.android.server.wifi.ClientModeImpl.sendNetworkChangeBroadcast:3008 com.android.server.wifi.ClientModeImpl.lambda$sendNetworkChangeBroadcastWithCurrentState$14:2985 com.android.server.wifi.ClientModeImpl.$r8$lambda$q-j88Pjw4gROgoJFr8wBlBVbuJI:0 com.android.server.wifi.ClientModeImpl$$ExternalSyntheticLambda4.send:0
05-29 20:51:55.555 I/wpa_supplicant( 1166): wpa_driver_nl80211_driver_cmd: wifi vendor: aml_w2_s
05-29 20:51:55.555 I/wpa_supplicant( 1166): wpa_driver_nl80211_driver_cmd: wlan0: private command: BTCOEXMODE 2
05-29 20:51:55.557 D/ConnectivityService( 720): [101 WIFI] EVENT_NETWORK_INFO_CHANGED, going from CONNECTING to CONNECTING
05-29 20:51:55.557 I/WifiHAL ( 531): call wifi_get_link_stats handler
05-29 20:51:55.557 I/WifiHAL ( 531): Creating message to get link statistics; iface = 16
05-29 20:51:55.557 D/WifiHAL ( 531): error code -95 mapped to -3
05-29 20:51:55.558 E/WifiStaIfaceAidlImpl( 720): getLinkLayerStats failed with service-specific exception: android.os.ServiceSpecificException: (code 4)
05-29 20:51:55.559 D/NetworkMonitor/101( 999): checkAndRenewResourceConfig: update captive portal https urls to [https://www.google.com/generate_204]
05-29 20:51:55.559 D/NetworkMonitor/101( 999): checkAndRenewResourceConfig: update captive portal http urls to [http://connectivitycheck.gstatic.com/generate_204]
05-29 20:51:55.560 D/NetworkMonitor/101( 999): checkAndRenewResourceConfig: update captive portal fallback urls to[http://www.google.com/gen_204, http://play.googleapis.com/generate_204]
05-29 20:51:55.560 D/NetworkMonitor( 999): Starting on network 101 with capport HTTPS URL [https://www.google.com/generate_204] and HTTP URL [http://connectivitycheck.gstatic.com/generate_204]
05-29 20:51:55.560 I/WifiClientModeImpl[21259:wlan0]( 720): Update current security type to 2
05-29 20:51:55.563 E/ccc ( 3287): cccccc sort 12 22
05-29 20:51:55.564 I/WifiHAL ( 531): call wifi_get_link_stats handler
05-29 20:51:55.564 I/WifiHAL ( 531): Creating message to get link statistics; iface = 16
05-29 20:51:55.564 D/WifiHAL ( 531): error code -95 mapped to -3
05-29 20:51:55.564 E/WifiStaIfaceAidlImpl( 720): getLinkLayerStats failed with service-specific exception: android.os.ServiceSpecificException: (code 4)
05-29 20:51:55.577 I/ConnectivityService( 720): Update score for net 101 : +TRANSPORT_PRIMARY
05-29 20:51:55.578 D/ConnectivityService( 720): NetReassign [no changes] [c 0] [a 0] [i 1]
05-29 20:51:55.580 D/ConnectivityService( 720): NetReassign [no changes] [c 0] [a 0] [i 1]
05-29 20:51:55.585 V/WindowManagerShell( 950): Transition requested: android.os.BinderProxy@e9dbd5f TransitionRequestInfo { type = 2, triggerTask = null, remoteTransition = null, displayChange = null, flags = 0 }
05-29 20:51:55.586 D/BLOG-EVENT-Network( 1488): network changed: 1=>3
05-29 20:51:55.587 D/BLOG-EVENT-Network( 2179): network changed: 1=>3
05-29 20:51:55.588 D/NearFieldManagerImpl( 3061): onReceive action get:android.net.conn.CONNECTIVITY_CHANGE
05-29 20:51:55.588 D/BLOG-EVENT-Network( 1488): network changed: 1=>3
05-29 20:51:55.590 D/NearFieldUtils( 3061): getPreferredIpAddress exec
05-29 20:51:55.590 D/NearFieldUtils( 3061): getPreferredIpAddress by custom priority
05-29 20:51:55.590 D/NearFieldUtils( 3061): getIpByInterfaceSetting customIdnNetworkPriority:[]
05-29 20:51:55.590 D/NearFieldUtils( 3061): getPreferredIpAddress by default priority
05-29 20:51:55.590 E/hq ( 1453): NetWorkStateReceiver:::NetWorkStateReceiver onReceive: 网络变化广播 >>>> intent.action=android.net.conn.CONNECTIVITY_CHANGE
05-29 20:51:55.591 D/BLOG-EVENT-Network( 1488): network changed: 1=>3
05-29 20:51:55.592 E/hq ( 1453): NetWorkStateReceiver:::Network is lost.
05-29 20:51:55.592 V/WindowManager( 720): app ------------- force_land :0
05-29 20:51:55.593 D/CompatibilityChangeReporter( 720): Compat change id reported: 197654537; UID 1000; state: ENABLED
05-29 20:51:55.593 W/chromium( 1488): [0529/205155.593538:WARNING:record_cache.cc(53)] Cache on network changed cache_policy {disable_clear=1, enable_multi_caches=1}
05-29 20:51:55.596 W/BestClock( 720): java.time.DateTimeException: Missing network time fix
05-29 20:51:55.596 W/eventbuscore( 1453): post Event:com.dangbei.leard.base.entity.event.NetStateEvent
05-29 20:51:55.596 W/eventbuscore( 1453): post Event:com.dangbei.leard.base.entity.event.NetChangeEvent
05-29 20:51:55.597 W/BestClock( 720): java.time.DateTimeException: Missing network time fix
05-29 20:51:55.597 W/chromium( 2179): [0529/205155.597539:WARNING:record_cache.cc(53)] Cache on network changed cache_policy {disable_clear=1, enable_multi_caches=1}
05-29 20:51:55.597 E/DangXiaoBeiManager( 1453): setMessageList: false
05-29 20:51:55.598 E/hq ( 1453): 当小贝:::显示消息type=SIMPLE_TEXT ,data.isShowInCur=false ,delay=60000 ,message.mandatoryMessage=true , message={"id":-11, "date":null, "innerType":null, "isForce":null, "img":"null", "title":"您的设备未连接到网络,无法访问互联网", "subTitle":"null", "userId":"null", "createTime":"null", "jumpConfig":null, "status":0, "category":"null", "msgPosition":"null", "userGroupId":"null", "ruleId":"null", "groupTagId":"null", "messageType":2, "isShowJumpButton":true, "jumpButtonText":"立即查看", "coverImg":"null", "jumpImage":"null"}
05-29 20:51:55.600 V/WindowManager( 720): Sent Transition #8 createdAt=05-29 20:51:55.584 via request=TransitionRequestInfo { type = 2, triggerTask = null, remoteTransition = null, displayChange = null, flags = 0 }
05-29 20:51:55.600 V/WindowManager( 720): startWCT=WindowContainerTransaction { changes = {} hops = [] errorCallbackToken=null taskFragmentOrganizer=null }
05-29 20:51:55.600 V/WindowManager( 720): info={id=8 t=CLOSE f=0x0 trk=0 r=[0@Point(0, 0)] c=[{null m=CLOSE f=TRANSLUCENT|FILLS_TASK leash=Surface(name=ActivityRecord{cee00c5 u0 com.dangbei.haqusetting/.ui.leaf.ui.net.connect.LeafWholeWifiConnectActivity)/@0x6da7b6c sb=Rect(0, 0 - 1920, 1080) eb=Rect(0, 0 - 1920, 1080) d=0}]}
05-29 20:51:55.601 V/WindowManagerShell( 950): onTransitionReady android.os.BinderProxy@e9dbd5f: {id=8 t=CLOSE f=0x0 trk=0 r=[0@Point(0, 0)] c=[{null m=CLOSE f=TRANSLUCENT|FILLS_TASK leash=Surface(name=ActivityRecord{cee00c5 u0 com.dangbei.haqusetting/.ui.leaf.ui.net.connect.LeafWholeWifiConnectActivity)/@0xf56c3ac sb=Rect(0, 0 - 1920, 1080) eb=Rect(0, 0 - 1920, 1080) d=0}]}
05-29 20:51:55.601 V/WindowManagerShell( 950): Playing animation for (#8)android.os.BinderProxy@e9dbd5f@0
05-29 20:51:55.601 V/WindowManagerShell( 950): try handler com.android.wm.shell.keyguard.KeyguardTransitionHandler@2963747
05-29 20:51:55.601 V/WindowManagerShell( 950): try handler com.android.wm.shell.pip.tv.TvPipTransition@6b75b74
05-29 20:51:55.601 V/WindowManagerShell( 950): try handler com.android.wm.shell.activityembedding.ActivityEmbeddingController@9a7789d
05-29 20:51:55.601 V/WindowManagerShell( 950): try handler com.android.wm.shell.transition.RemoteTransitionHandler@97c6112
05-29 20:51:55.601 V/WindowManagerShell( 950): Transition doesn't have explicit remote, search filters for match for {id=8 t=CLOSE f=0x0 trk=0 r=[0@Point(0, 0)] c=[{null m=CLOSE f=TRANSLUCENT|FILLS_TASK leash=Surface(name=ActivityRecord{cee00c5 u0 com.dangbei.haqusetting/.ui.leaf.ui.net.connect.LeafWholeWifiConnectActivity)/@0xf56c3ac sb=Rect(0, 0 - 1920, 1080) eb=Rect(0, 0 - 1920, 1080) d=0}]}
05-29 20:51:55.601 V/WindowManagerShell( 950): Delegate animation for #8 to null
05-29 20:51:55.601 V/WindowManagerShell( 950): try handler com.android.wm.shell.transition.DefaultTransitionHandler@57500e3
05-29 20:51:55.601 V/WindowManagerShell( 950): start default transition animation, info = {id=8 t=CLOSE f=0x0 trk=0 r=[0@Point(0, 0)] c=[{null m=CLOSE f=TRANSLUCENT|FILLS_TASK leash=Surface(name=ActivityRecord{cee00c5 u0 com.dangbei.haqusetting/.ui.leaf.ui.net.connect.LeafWholeWifiConnectActivity)/@0xf56c3ac sb=Rect(0, 0 - 1920, 1080) eb=Rect(0, 0 - 1920, 1080) d=0}]}
05-29 20:51:55.602 E/ccc ( 1400): cccccc UpdateHelper onMessageReceived com.dangbei.haqusetting com.dangbei.etna.update {"action":"get","functionTag":"leaf_controller_function_controller_dangbei_update","value":0} com.dangbei.lerad.etna.aidl.IEtnaAidlCallback$Stub$Proxy@3d89efd
05-29 20:51:55.602 V/WindowManagerShell( 950): loadAnimation: anim=android.view.animation.AlphaAnimation@affd00a animAttr=0x7 type=CLOSE isEntrance=false
05-29 20:51:55.603 E/ccc ( 1400): cccccc 缓存获取遥控器版本 DB-15B-H5-R0108
05-29 20:51:55.603 V/WindowManagerShell( 950): animated by com.android.wm.shell.transition.DefaultTransitionHandler@57500e3
05-29 20:51:55.603 E/ccc ( 3287): cccccc 555555555555555555555
05-29 20:51:55.608 E/ccc ( 1400): cccccc 请求电量缓存 100
05-29 20:51:55.611 D/SntpClient( 720): request time failed: java.net.SocketTimeoutException: Poll timed out
05-29 20:51:55.612 D/TrafficStats( 720): tagSocket(528) with statsTag=0xffffff41, statsUid=-1
05-29 20:51:55.614 D/SntpClient( 720): request time failed: java.net.SocketException: Binding socket to network 100 failed: EPERM (Operation not permitted)
05-29 20:51:55.614 D/TrafficStats( 720): tagSocket(528) with statsTag=0xffffff41, statsUid=-1
05-29 20:51:55.618 D/WifiHAL ( 531): Setting APF program, halHandle = 0xef801fc0
05-29 20:51:55.618 I/WifiHAL ( 531): createRequest: APF set program request
05-29 20:51:55.618 D/WifiHAL ( 531): error code -95 mapped to -3
05-29 20:51:55.618 I/WifiHAL ( 531): Request Response failed for APF, result = -3
05-29 20:51:55.621 D/SntpClient( 720): request time failed: java.net.SocketException: Binding socket to network 100 failed: EPERM (Operation not permitted)
05-29 20:51:55.627 D/RockyReceiver( 1802): action: android.net.conn.CONNECTIVITY_CHANGE
05-29 20:51:55.628 D/aaa ( 1665): action:android.net.conn.CONNECTIVITY_CHANGE
05-29 20:51:55.629 D/RockyReceiver( 1802): action: android.net.wifi.STATE_CHANGE
05-29 20:51:55.632 I/SendAliveManager( 1431): doWhenNetworkStateChanged
05-29 20:51:55.632 I/FileLockLib( 2695): [2695]file 94 unlocked. fl.pid=0
05-29 20:51:55.633 W/System.err( 1069): java.lang.NoSuchMethodException: android.net.SntpClient.requestTime [class java.lang.String, int, class android.net.Network]
05-29 20:51:55.634 W/System.err( 1069): at java.lang.Class.getMethod(Class.java:2937)
05-29 20:51:55.634 W/System.err( 1069): at java.lang.Class.getMethod(Class.java:2449)
05-29 20:51:55.634 W/System.err( 1069): at com.droidlogic.NtpService.SyncTimeLock(NtpService.java:113)
05-29 20:51:55.634 W/System.err( 1069): at com.droidlogic.NtpService.-$$Nest$mSyncTimeLock(Unknown Source:0)
05-29 20:51:55.634 W/System.err( 1069): at com.droidlogic.NtpService$2.run(NtpService.java:104)
05-29 20:51:55.634 W/System.err( 1069): at android.os.Handler.handleCallback(Handler.java:958)
05-29 20:51:55.634 W/System.err( 1069): at android.os.Handler.dispatchMessage(Handler.java:99)
05-29 20:51:55.634 W/System.err( 1069): at android.os.Looper.loopOnce(Looper.java:205)
05-29 20:51:55.634 W/System.err( 1069): at android.os.Looper.loop(Looper.java:294)
05-29 20:51:55.634 W/System.err( 1069): at android.os.HandlerThread.run(HandlerThread.java:67)
05-29 20:51:55.635 D/IM-VIDEO( 2113): [BroadcastCenter] onReceive: android.net.conn.CONNECTIVITY_CHANGE
05-29 20:51:55.636 D/IM-VIDEO( 2113): [BroadcastCenter] onReceive: android.net.conn.CONNECTIVITY_CHANGE
05-29 20:51:55.636 I/FileLockLib( 2695): [2695]file 94 unlocked. fl.pid=0
05-29 20:51:55.637 I/FileLockLib( 2695): [2695]file 94 unlocked. fl.pid=0
05-29 20:51:55.637 D/IM-VIDEO( 2113): [ProcessBroadcastTask] run: android.net.conn.CONNECTIVITY_CHANGE
05-29 20:51:55.637 D/IM-VIDEO( 2113): [ProcessBroadcastTask] run: android.net.conn.CONNECTIVITY_CHANGE
05-29 20:51:55.639 D/IM-VIDEO( 2113): Q> [BroadcastCenter] onConnectivityAction, info == null
05-29 20:51:55.640 D/IM-VIDEO( 2113): Q> ConnState onNetworkDisconnected
05-29 20:51:55.640 D/OpenGLRenderer( 3287): --- Failed to create image decoder with message 'unimplemented'
05-29 20:51:55.640 D/IM-VIDEO( 2113): HeartbeatState onNetworkDisconnected.
05-29 20:51:55.640 D/IM-VIDEO( 2113): HeartbeatState updateState: IDLE
05-29 20:51:55.641 D/OpenGLRenderer( 3287): --- Failed to create image decoder with message 'unimplemented'
05-29 20:51:55.642 D/OpenGLRenderer( 3287): --- Failed to create image decoder with message 'unimplemented'
05-29 20:51:55.642 W/System.err( 2113): java.lang.IllegalStateException: Not connected to server.
05-29 20:51:55.642 W/System.err( 2113): at com.earth.hcim.connector.ConnectorExceptionCode$2.getThrowableException(ConnectorExceptionCode.java:26)
05-29 20:51:55.642 W/System.err( 2113): at com.earth.hcim.connector.Connector.ping(Connector.java:402)
05-29 20:51:55.642 W/System.err( 2113): at com.earth.hcim.manager.HeartbeatState.sendPingPacket(HeartbeatState.java:236)
05-29 20:51:55.642 W/System.err( 2113): at com.earth.hcim.manager.HeartbeatState$5.pingImple(HeartbeatState.java:75)
05-29 20:51:55.642 W/System.err( 2113): at com.earth.hcim.manager.HeartbeatState.ping(HeartbeatState.java:96)
05-29 20:51:55.642 W/System.err( 2113): at com.earth.hcim.core.im.HCPing.sendHeartbeat(HCPing.java:58)
05-29 20:51:55.642 W/System.err( 2113): at com.earth.hcim.core.im.HCPing$5.run(HCPing.java:201)
05-29 20:51:55.642 W/System.err( 2113): at java.util.concurrent.Executors$RunnableAdapter.call(Executors.java:487)
05-29 20:51:55.642 W/System.err( 2113): at java.util.concurrent.FutureTask.runAndReset(FutureTask.java:305)
05-29 20:51:55.642 W/System.err( 2113): at java.util.concurrent.ScheduledThreadPoolExecutor$ScheduledFutureTask.run(ScheduledThreadPoolExecutor.java:308)
05-29 20:51:55.642 W/System.err( 2113): at java.util.concurrent.ThreadPoolExecutor.runWorker(ThreadPoolExecutor.java:1145)
05-29 20:51:55.642 W/System.err( 2113): at java.util.concurrent.ThreadPoolExecutor$Worker.run(ThreadPoolExecutor.java:644)
05-29 20:51:55.642 W/System.err( 2113): at java.lang.Thread.run(Thread.java:1012)
05-29 20:51:55.642 D/IM-VIDEO( 2113): Q> ConnState onPingFailure
05-29 20:51:55.642 D/IM-VIDEO( 2113): Broadcast sendTo: com.earth.hotchat.connect.ping.timeout
05-29 20:51:55.643 D/OpenGLRenderer( 3287): --- Failed to create image decoder with message 'unimplemented'
05-29 20:51:55.643 D/IM-VIDEO( 2113): Nexus connectUsingConfiguration
05-29 20:51:55.644 D/OpenGLRenderer( 3287): --- Failed to create image decoder with message 'unimplemented'
05-29 20:51:55.644 D/OpenGLRenderer( 3287): --- Failed to create image decoder with message 'unimplemented'
05-29 20:51:55.645 D/wenhc ( 1453): getScreenInfo uri = content://com.dangbei.screencast.parts.info/screen_cast
05-29 20:51:55.647 D/IM-VIDEO( 2113): Q> [BroadcastCenter] onConnectivityAction, info == null
05-29 20:51:55.647 D/IM-VIDEO( 2113): Q> ConnState onNetworkDisconnected
05-29 20:51:55.629 D/SntpClient( 720): request time failed
05-29 20:51:55.652 W/IM-VIDEO( 2113): Could not connect to multitv-im-conn.ptqy.gitv.tv:5333: remote-server-timeout(504) -- caused by: java.net.UnknownHostException: Unable to resolve host "multitv-im-conn.ptqy.gitv.tv": No address associated with hostname
05-29 20:51:55.652 W/IM-VIDEO( 2113): at com.earth.nexus.Nexus.connectUsingConfiguration(Nexus.java:253)
05-29 20:51:55.652 W/IM-VIDEO( 2113): at com.earth.nexus.Nexus.connectSocket(Nexus.java:588)
05-29 20:51:55.652 W/IM-VIDEO( 2113): at com.earth.hcim.connector.Connector.connectSocket(Connector.java:131)
05-29 20:51:55.652 W/IM-VIDEO( 2113): at com.earth.hcim.manager.HeartbeatState.onPingFailure(HeartbeatState.java:263)
05-29 20:51:55.652 W/IM-VIDEO( 2113): at com.earth.hcim.manager.HeartbeatState.sendPingPacket(HeartbeatState.java:254)
05-29 20:51:55.652 W/IM-VIDEO( 2113): at com.earth.hcim.manager.HeartbeatState$5.pingImple(HeartbeatState.java:75)
05-29 20:51:55.652 W/IM-VIDEO( 2113): at com.earth.hcim.manager.HeartbeatState.ping(HeartbeatState.java:96)
05-29 20:51:55.652 W/IM-VIDEO( 2113): at com.earth.hcim.core.im.HCPing.sendHeartbeat(HCPing.java:58)
05-29 20:51:55.652 W/IM-VIDEO( 2113): at com.earth.hcim.core.im.HCPing$5.run(HCPing.java:201)
05-29 20:51:55.652 W/IM-VIDEO( 2113): at java.util.concurrent.Executors$RunnableAdapter.call(Executors.java:487)
05-29 20:51:55.652 W/IM-VIDEO( 2113): at java.util.concurrent.FutureTask.runAndReset(FutureTask.java:305)
05-29 20:51:55.652 W/IM-VIDEO( 2113): at java.util.concurrent.ScheduledThreadPoolExecutor$ScheduledFutureTask.run(ScheduledThreadPoolExecutor.java:308)
05-29 20:51:55.652 W/IM-VIDEO( 2113): at java.util.concurrent.ThreadPoolExecutor.runWorker(ThreadPoolExecutor.java:1145)
05-29 20:51:55.652 W/IM-VIDEO( 2113): at java.util.concurrent.ThreadPoolExecutor$Worker.run(ThreadPoolExecutor.java:644)
05-29 20:51:55.652 W/IM-VIDEO( 2113): at java.lang.Thread.run(Thread.java:1012)
05-29 20:51:55.652 W/IM-VIDEO( 2113): Nested Exception:
05-29 20:51:55.652 W/IM-VIDEO( 2113): java.net.UnknownHostException: Unable to resolve host "multitv-im-conn.ptqy.gitv.tv": No address associated with hostname
05-29 20:51:55.652 W/IM-VIDEO( 2113): at java.net.Inet6AddressImpl.lookupHostByName(Inet6AddressImpl.java:124)
05-29 20:51:55.652 W/IM-VIDEO( 2113): at java.net.Inet6AddressImpl.lookupAllHostAddr(Inet6AddressImpl.java:103)
05-29 20:51:55.652 W/IM-VIDEO( 2113): at java.net.InetAddress.getAllByName(InetAddress.java:1152)
05-29 20:51:55.652 W/IM-VIDEO( 2113): at com.earth.nexus.proxy.DirectSocketFactory.createSocket(DirectSocketFactory.java:52)
05-29 20:51:55.652 W/IM-VIDEO( 2113): at com.earth.nexus.Nexus.connectUsingConfiguration(Nexus.java:245)
05-29 20:51:55.652 W/IM-VIDEO( 2113): at com.earth.nexus.Nexus.connectSocket(Nexus.java:588)
05-29 20:51:55.652 W/IM-VIDEO( 2113): at com.earth.hcim.connector.Connector.connectSocket(Connector.java:131)
05-29 20:51:55.652 W/IM-VIDEO( 2113): at com.earth.hcim.manager.HeartbeatState.onPingFailure(HeartbeatState.java:263)
05-29 20:51:55.652 W/IM-VIDEO( 2113): at com.earth.hcim.manager.HeartbeatState.sendPingPacket(HeartbeatState.java:254)
05-29 20:51:55.652 W/IM-VIDEO( 2113): at com.earth.hcim.manager.HeartbeatState$5.pingImple(HeartbeatState.java:75)
05-29 20:51:55.652 W/IM-VIDEO( 2113): at com.earth.hcim.manager.HeartbeatState.ping(HeartbeatState.java:96)
05-29 20:51:55.652 W/IM-VIDEO( 2113): at com.earth.hcim.core.im.HCPing.sendHeartbeat(HCPing.java:58)
05-29 20:51:55.652 W/IM-VIDEO( 2113): at com.earth.hcim.core.im.HCPing$5.run(HCPing.java:201)
05-29 20:51:55.652 W/IM-VIDEO( 2113): at java.util.concurrent.Executors$RunnableAdapter.call(Executors.java:487)
05-29 20:51:55.652 W/IM-VIDEO( 2113): at java.util.concurrent.FutureTask.runAndReset(FutureTask.java:305)
05-29 20:51:55.652 W/IM-VIDEO( 2113): at java.util.concurrent.ScheduledThreadPoolExecutor$ScheduledFutureTask.run(ScheduledThreadPoolExecutor.java:308)
05-29 20:51:55.652 W/IM-VIDEO( 2113): at java.util.concurrent.ThreadPoolExecutor.runWorker(ThreadPoolExecutor.java:1145)
05-29 20:51:55.652 W/IM-VIDEO( 2113): at java.util.concurrent.ThreadPoolExecutor$Worker.run(ThreadPoolExecutor.java:644)
05-29 20:51:55.652 W/IM-VIDEO( 2113): at java.lang.Thread.run(Thread.java:1012)
05-29 20:51:55.654 E/StartupService( 2861): onDisconnected:
05-29 20:51:55.654 E/StartupService( 2861): showToast: app is background
05-29 20:51:55.655 D/IM-VIDEO( 2113): HeartbeatState onNetworkDisconnected.
05-29 20:51:55.656 E/WifiStaIfaceAidlImpl( 720): installApfPacketFilter failed with service-specific exception: android.os.ServiceSpecificException: (code 4)
05-29 20:51:55.657 E/ccc ( 3287): cccccc sort 12 22
05-29 20:51:55.658 E/ccc ( 3287): cccccc 555555555555555555555
05-29 20:51:55.660 D/HiSight-SinkService( 2861): setDiscoverable true
05-29 20:51:55.660 D/HiSight-Discovery( 2861): set deviceInfo type:46
05-29 20:51:55.661 D/HiSight-Discovery( 2861): startAdvertise 3
05-29 20:51:55.661 D/HiSight-Discovery( 2861): stopAdvertise.
05-29 20:51:55.661 D/NearFieldManager( 2861): StopListen moduleId: CastPlusDiscoveryModule
05-29 20:51:55.661 D/NearFieldManagerImpl( 3061): stopListen: moduleId: CastPlusDiscoveryModule
05-29 20:51:55.661 D/NearFieldManagerImpl( 3061): registerCapability() called with: capabilityBitmapNum = 1, capabilityBitmap = [0]
05-29 20:51:55.661 I/HicomNf_java_to_c( 3061): registerCapability, capabilityBitmapNum: 1
05-29 20:51:55.661 I/HicomNfMainCtrlManager( 3061): RegisterCapability: 1, 0
05-29 20:51:55.661 D/NearFieldManagerImpl( 3061): Register capability succeed with capabilityBitmapNum = 1, capabilityBitmap = [0]
05-29 20:51:55.663 D/HiSight-Discovery( 2861): nearFieldStartListen deviceType 46
05-29 20:51:55.664 D/NearFieldManagerImpl( 3061): setServiceData, sServiceData=[32], serviceData=[32]
05-29 20:51:55.664 E/NearFieldManagerImpl( 3061): setServiceData, serviceData exists
05-29 20:51:55.665 E/NearFieldManager( 2861): setIdnNetworkPriority: networkPortPriority is empty
05-29 20:51:55.665 D/NearFieldManager( 2861): StartListen moduleId: CastPlusDiscoveryModule
05-29 20:51:55.665 D/NearFieldManagerImpl( 3061): startListen: moduleId: CastPlusDiscoveryModule
05-29 20:51:55.665 D/NearFieldUtils( 3061): getPreferredIpAddress exec
05-29 20:51:55.665 D/NearFieldUtils( 3061): getPreferredIpAddress by custom priority
05-29 20:51:55.665 D/NearFieldUtils( 3061): getIpByInterfaceSetting customIdnNetworkPriority:[]
05-29 20:51:55.665 D/NearFieldUtils( 3061): getPreferredIpAddress by default priority
05-29 20:51:55.679 D/IM-VIDEO( 2113): PingbackStore batchUpload, done
05-29 20:51:55.680 D/NearFieldUtils( 3061): get Ip Address failed.
05-29 20:51:55.680 E/NearFieldManagerImpl( 3061): notifyByPriority: ipAddress is null
05-29 20:51:55.680 D/NearFieldManagerImpl( 3061): handleConnectivityAction: notified by default
05-29 20:51:55.680 D/OpenGLRenderer( 3287): --- Failed to create image decoder with message 'unimplemented'
05-29 20:51:55.681 D/OpenGLRenderer( 3287): --- Failed to create image decoder with message 'unimplemented'
05-29 20:51:55.682 D/OpenGLRenderer( 3287): --- Failed to create image decoder with message 'unimplemented'
05-29 20:51:55.683 D/OpenGLRenderer( 3287): --- Failed to create image decoder with message 'unimplemented'
05-29 20:51:55.684 D/WifiHAL ( 531): Setting APF program, halHandle = 0xef801fc0
05-29 20:51:55.684 I/WifiHAL ( 531): createRequest: APF set program request
05-29 20:51:55.684 D/OpenGLRenderer( 3287): --- Failed to create image decoder with message 'unimplemented'
05-29 20:51:55.685 D/OpenGLRenderer( 3287): --- Failed to create image decoder with message 'unimplemented'
05-29 20:51:55.685 D/WifiHAL ( 531): error code -95 mapped to -3
05-29 20:51:55.685 I/WifiHAL ( 531): Request Response failed for APF, result = -3
05-29 20:51:55.686 E/WifiStaIfaceAidlImpl( 720): installApfPacketFilter failed with service-specific exception: android.os.ServiceSpecificException: (code 4)
05-29 20:51:55.687 D/wenhc ( 1453): getScreenInfo uri = content://com.dangbei.screencast.parts.info/screen_cast
05-29 20:51:55.691 W/ContextImpl( 720): Calling a method in the system process without a qualified user: android.app.ContextImpl.startService:1899 com.android.server.wm.DisplayPolicy.lambda$focusChangedLw$5:2126 com.android.server.wm.DisplayPolicy.$r8$lambda$Znxk63oh-WzVnzo_WQefN7uxV48:0 com.android.server.wm.DisplayPolicy$$ExternalSyntheticLambda13.run:0 android.os.Handler.handleCallback:958
05-29 20:51:55.692 D/OomAdjuster( 720): Not killing cached processes
05-29 20:51:55.695 D/WindowManagerShell( 950): TvPipController: onTaskStackChanged()
05-29 20:51:55.695 D/aaa ( 1665): LedStatusService onStartCommand begin
05-29 20:51:55.696 D/aaa ( 1665): topPkg is -------------- :com.dangbei.haqusetting
05-29 20:51:55.700 W/SntpClient( 720): Unknown host: 0.asia.pool.ntp.org
05-29 20:51:55.700 D/SntpClient( 720): request time failed
05-29 20:51:55.711 D/LanSocketServer( 1400): connect
05-29 20:51:55.712 D/LanSocketServer( 1400): connect /0.0.0.0:6689
05-29 20:51:55.712 D/LanSocketServer( 1400): connect start
05-29 20:51:55.713 E/LanCommander( 1400): onNetWorkChanged: false
05-29 20:51:55.715 E/ccc ( 3287): cccccc sort 12 22
05-29 20:51:55.717 W/View ( 3287): requestLayout() improperly called by com.google.android.material.textview.MaterialTextView{3959547 V.ED..... ..S...ID 80,30-298,70 #7f0901c7 app:id/leaf_net_item_name_tv} during layout: running second layout pass
05-29 20:51:55.721 D/ApfFilter( 999): (wlan0): begin monitoring
05-29 20:51:55.727 D/NearFieldUtils( 3061): get Ip Address failed.
05-29 20:51:55.727 I/HicomNf_java_to_c( 3061): notifyNetworkStateChanged with maskStr, networkType: 0, networkState: 0, mask:
05-29 20:51:55.727 I/HicomNfMainCtrlManager( 3061): NotifyNetworkStateChanged is called with networkState: 0
05-29 20:51:55.727 I/HicomNfMainCtrlManager( 3061): P2P and USB are both disconnected
05-29 20:51:55.727 I/HicomNfSecureManager( 3061): stop listening
05-29 20:51:55.727 D/nStackXDMsg( 3061): NSTACKX_DMsgClose:[1569] :close session
05-29 20:51:55.727 D/nStackXDMsg( 3061): DMsgMainLoop:[1252] :exit thread, reason = 0
05-29 20:51:55.727 D/nStackXDMsg( 3061): StopDMsgMainThread:[1301] :-262597524 pthread_join() tid = -1049615936
05-29 20:51:55.727 I/HicomNfSecureManager( 3061): Stop listening eth or wlan
05-29 20:51:55.727 I/HicomNfSecureManager( 3061): StopListening, m_sessionInfoLock out, before calling NSTACKX_DMsgClose 2
05-29 20:51:55.728 I/HicomNfSecureManager( 3061): StopListening, after calling NSTACKX_DMsgClose 2
05-29 20:51:55.728 I/NearFieldManagerImpl( 3061): both wlan and ethernet disconnected
05-29 20:51:55.728 D/NearFieldUtils( 3061): get Ip Address failed.
05-29 20:51:55.728 D/NearFieldManagerImpl( 3061): sDeviceType: 46
05-29 20:51:55.728 D/NearFieldManagerImpl( 3061): registerDevice() is called.
05-29 20:51:55.729 I/HicomNfMainCtrlManager( 3061): NSTACKX_RegisterDevice is called
05-29 20:51:55.729 D/NearFieldManagerImpl( 3061): Register device success.
05-29 20:51:55.729 I/NearFieldManagerImpl( 3061): serviceName is castPlus
05-29 20:51:55.729 D/nStackXDFinder( 3061): ConfigureLocalDeviceInfo:[616] :Invalid if name or ip address. Ignore
05-29 20:51:55.729 D/NearFieldManagerImpl( 3061): registerCapability() called with: capabilityBitmapNum = 1, capabilityBitmap = [8]
05-29 20:51:55.729 I/HicomNf_java_to_c( 3061): registerCapability, capabilityBitmapNum: 1
05-29 20:51:55.729 I/HicomNfMainCtrlManager( 3061): RegisterCapability: 1, 8
05-29 20:51:55.729 D/NearFieldManagerImpl( 3061): Register capability succeed with capabilityBitmapNum = 1, capabilityBitmap = [8]
05-29 20:51:55.729 D/NearFieldManagerImpl( 3061): registerServiceData() called with: serviceData = 32
05-29 20:51:55.729 D/NearFieldManagerImpl( 3061): registerModule() called with: packageModuleName = com.huawei.connection+CastPlusDiscoveryModule
05-29 20:51:55.729 D/NearFieldManagerImpl( 3061): registerModule, registered before
05-29 20:51:55.729 I/HicomNf_java_to_c( 3061): registerModule, moduleName: com.huawei.connection+CastPlusDiscoveryModule
05-29 20:51:55.729 I/HicomNfMainCtrlManager( 3061): Enter RegisterModule
05-29 20:51:55.729 I/nStackXDFinder( 3061): RegisterServiceData:[728] :RegisterServiceData, serviceData=[32]
05-29 20:51:55.729 I/HicomNfRegManager( 3061): RegisterModule OK, already registered com.huawei.connection+CastPlusDiscoveryModule
05-29 20:51:55.730 D/TrafficStats( 1400): tagSocket(90) with statsTag=0xffffffff, statsUid=-1
05-29 20:51:55.731 W/SntpClient( 720): Unknown host: 1.asia.pool.ntp.org
05-29 20:51:55.731 D/SntpClient( 720): request time failed
05-29 20:51:55.734 E/LanCommander( 1400): onServerCreatedSuccess 0.0.0.0:6689
05-29 20:51:55.741 W/ActivityTaskManager( 720): Duplicate finish request for r=ActivityRecord{cee00c5 u0 com.dangbei.haqusetting/.ui.leaf.ui.net.connect.LeafWholeWifiConnectActivity t252 f}}
05-29 20:51:55.743 W/ActivityTaskManager( 720): Duplicate finish request for r=ActivityRecord{cee00c5 u0 com.dangbei.haqusetting/.ui.leaf.ui.net.connect.LeafWholeWifiConnectActivity t252 f}}
05-29 20:51:55.746 I/okhttp.OkHttpClient( 1400): --> POST http://tymsgapi.qun7.com/v1/core/logip (578-byte body)
05-29 20:51:55.748 E/RCInfo ( 1400): vid:000d
05-29 20:51:55.748 E/RCInfo ( 1400): pid:3838
05-29 20:51:55.748 E/RCInfo ( 1400): RCBrand:XIMI
05-29 20:51:55.749 E/RCInfo ( 1400): vid:000d
05-29 20:51:55.749 E/RCInfo ( 1400): pid:3838
05-29 20:51:55.749 E/RCInfo ( 1400): vid:000d
05-29 20:51:55.749 E/RCInfo ( 1400): pid:3838
05-29 20:51:55.751 I/serviceDiscovery( 720): [MdnsAdvertiser] Removing service with ID 5
05-29 20:51:55.752 E/HigherBroadcastServer( 1400): {"bluetoothBoot":false,"bluetoothController":false,"bluetoothMac":"1C:79:2D:23:39:4C","deviceModel":"DBBOX-A3","deviceModelNumber":"H5P464","deviceName":"客厅的当贝盒子","findController":0,"hostName":"0.0.0.0","inetAddress":"0.0.0.0","mac":"20:02:FE:19:C2:47","port":6689,"romCode":5007,"romVersion":"5.0.0.7","wifiMac":"1C:79:2D:23:39:4B","deviceId":"db00d666d3ad4ac3d4c51a9f619ad223","sn":"DZOH5P8251971600"}
05-29 20:51:55.752 W/NsdServiceInfo( 1400): Key lengths > 9 are discouraged: deviceModel
05-29 20:51:55.752 W/NsdServiceInfo( 1400): Key lengths > 9 are discouraged: deviceModelNumber
05-29 20:51:55.752 W/NsdServiceInfo( 1400): Key lengths > 9 are discouraged: deviceName
05-29 20:51:55.752 W/NsdServiceInfo( 1400): Key lengths > 9 are discouraged: romVersion
05-29 20:51:55.753 W/NsdServiceInfo( 1400): Key lengths > 9 are discouraged: findController
05-29 20:51:55.754 D/MdnsSocketProvider( 720): Already monitoring sockets.
05-29 20:51:55.755 I/serviceDiscovery( 720): [MdnsAdvertiser] Adding service name: 0.0.0.0, type: _db_controller._tcp, hostAddresses: /0.0.0.0, port: 6689, network: null, txtRecord: deviceModel=DBBOX-A3romVersion=5.0.0.7findController=0sn=DZOH5P8251971600mac=20:02:FE:19:C2:47 deviceName=客厅的当贝盒子)deviceId=db00d666d3ad4ac3d4c51a9f619ad223deviceModelNumber=H5P464 romCode=5007 with ID 6 and subtype null
05-29 20:51:55.759 I/okhttp.OkHttpClient( 1400): <-- HTTP FAILED: java.net.UnknownHostException: Unable to resolve host "tymsgapi.qun7.com": No address associated with hostname
05-29 20:51:55.760 W/SntpClient( 720): Unknown host: 2.asia.pool.ntp.org
05-29 20:51:55.760 D/SntpClient( 720): request time failed
05-29 20:51:55.762 W/SntpClient( 720): Unknown host: 3.asia.pool.ntp.org
05-29 20:51:55.762 D/SntpClient( 720): request time failed
05-29 20:51:55.764 W/efs.info.manager( 3061): network change: disconnected
05-29 20:51:55.765 W/efs.info.manager( 2861): network change: disconnected
05-29 20:51:55.774 D/IpClient/wlan0( 999): routeUpdated: fe80::/64 -> :: wlan0 mtu 0
05-29 20:51:55.775 D/IpClient/wlan0( 999): addressUpdated: fe80::fe71:94dd:8714:f39f/64 on ifindex 16 flags 0x000008C4 scope 253
05-29 20:51:55.777 D/TrafficStats( 999): tagSocket(102) with statsTag=0xfffffe01, statsUid=-1
05-29 20:51:55.777 W/System.err( 1400): java.net.UnknownHostException: Unable to resolve host "tymsgapi.qun7.com": No address associated with hostname
05-29 20:51:55.778 W/System.err( 1400): at java.net.Inet6AddressImpl.lookupHostByName(Inet6AddressImpl.java:124)
05-29 20:51:55.778 W/System.err( 1400): at java.net.Inet6AddressImpl.lookupAllHostAddr(Inet6AddressImpl.java:103)
05-29 20:51:55.778 W/System.err( 1400): at java.net.InetAddress.getAllByName(InetAddress.java:1152)
05-29 20:51:55.778 W/System.err( 1400): at okhttp3.Dns$Companion$DnsSystem.lookup(Dns.kt:49)
05-29 20:51:55.778 W/System.err( 1400): at okhttp3.internal.connection.RouteSelector.resetNextInetSocketAddress(RouteSelector.kt:164)
05-29 20:51:55.778 W/System.err( 1400): at okhttp3.internal.connection.RouteSelector.nextProxy(RouteSelector.kt:129)
05-29 20:51:55.778 W/System.err( 1400): at okhttp3.internal.connection.RouteSelector.next(RouteSelector.kt:71)
05-29 20:51:55.778 W/System.err( 1400): at okhttp3.internal.connection.ExchangeFinder.findConnection(ExchangeFinder.kt:205)
05-29 20:51:55.778 W/System.err( 1400): at okhttp3.internal.connection.ExchangeFinder.findHealthyConnection(ExchangeFinder.kt:106)
05-29 20:51:55.778 W/System.err( 1400): at okhttp3.internal.connection.ExchangeFinder.find(ExchangeFinder.kt:74)
05-29 20:51:55.778 W/System.err( 1400): at okhttp3.internal.connection.RealCall.initExchange$okhttp(RealCall.kt:255)
05-29 20:51:55.778 W/System.err( 1400): at okhttp3.internal.connection.ConnectInterceptor.intercept(ConnectInterceptor.kt:32)
05-29 20:51:55.778 W/System.err( 1400): at okhttp3.internal.http.RealInterceptorChain.proceed(RealInterceptorChain.kt:109)
05-29 20:51:55.778 W/System.err( 1400): at okhttp3.internal.cache.CacheInterceptor.intercept(CacheInterceptor.kt:95)
05-29 20:51:55.778 W/System.err( 1400): at okhttp3.internal.http.RealInterceptorChain.proceed(RealInterceptorChain.kt:109)
05-29 20:51:55.778 W/System.err( 1400): at okhttp3.internal.http.BridgeInterceptor.intercept(BridgeInterceptor.kt:83)
05-29 20:51:55.778 W/System.err( 1400): at okhttp3.internal.http.RealInterceptorChain.proceed(RealInterceptorChain.kt:109)
05-29 20:51:55.778 W/System.err( 1400): at okhttp3.internal.http.RetryAndFollowUpInterceptor.intercept(RetryAndFollowUpInterceptor.kt:76)
05-29 20:51:55.778 W/System.err( 1400): at okhttp3.internal.http.RealInterceptorChain.proceed(RealInterceptorChain.kt:109)
05-29 20:51:55.778 W/System.err( 1400): at okhttp3.logging.HttpLoggingInterceptor.intercept(HttpLoggingInterceptor.kt:221)
05-29 20:51:55.778 W/System.err( 1400): at okhttp3.internal.http.RealInterceptorChain.proceed(RealInterceptorChain.kt:109)
05-29 20:51:55.778 W/System.err( 1400): at com.etna.haqu.model.net.interceptor.RequestSignAndEncryptInterceptor.intercept(RequestSignAndEncryptInterceptor.kt:93)
05-29 20:51:55.778 W/System.err( 1400): at okhttp3.internal.http.RealInterceptorChain.proceed(RealInterceptorChain.kt:109)
05-29 20:51:55.778 W/System.err( 1400): at com.etna.haqu.model.net.interceptor.CommonParamsInterceptor.intercept(CommonParamsInterceptor.kt:141)
05-29 20:51:55.778 W/System.err( 1400): at okhttp3.internal.http.RealInterceptorChain.proceed(RealInterceptorChain.kt:109)
05-29 20:51:55.778 W/System.err( 1400): at okhttp3.internal.connection.RealCall.getResponseWithInterceptorChain$okhttp(RealCall.kt:201)
05-29 20:51:55.778 W/System.err( 1400): at okhttp3.internal.connection.RealCall.execute(RealCall.kt:154)
05-29 20:51:55.778 W/System.err( 1400): at retrofit2.OkHttpCall.execute(OkHttpCall.java:204)
05-29 20:51:55.778 W/System.err( 1400): at com.etna.haqu.support.network.call_adapter.flow.sync.BodyFlowCallAdapterKt$bodyFlow$1.invokeSuspend(BodyFlowCallAdapter.kt:26)
05-29 20:51:55.778 W/System.err( 1400): at com.etna.haqu.support.network.call_adapter.flow.sync.BodyFlowCallAdapterKt$bodyFlow$1.invoke(Unknown Source:8)
05-29 20:51:55.778 W/System.err( 1400): at com.etna.haqu.support.network.call_adapter.flow.sync.BodyFlowCallAdapterKt$bodyFlow$1.invoke(Unknown Source:4)
05-29 20:51:55.778 W/System.err( 1400): at kotlinx.coroutines.flow.SafeFlow.collectSafely(Builders.kt:61)
05-29 20:51:55.778 W/System.err( 1400): at kotlinx.coroutines.flow.AbstractFlow.collect(Flow.kt:230)
05-29 20:51:55.778 W/System.err( 1400): at kotlinx.coroutines.flow.FlowKt__LimitKt$take$$inlined$unsafeFlow$1.collect(SafeCollector.common.kt:115)
05-29 20:51:55.778 W/System.err( 1400): at kotlinx.coroutines.flow.FlowKt__ErrorsKt.catchImpl(Errors.kt:156)
05-29 20:51:55.778 W/System.err( 1400): at kotlinx.coroutines.flow.FlowKt.catchImpl(Unknown Source:1)
05-29 20:51:55.778 W/System.err( 1400): at kotlinx.coroutines.flow.FlowKt__ErrorsKt$catch$$inlined$unsafeFlow$1.collect(SafeCollector.common.kt:113)
05-29 20:51:55.778 W/System.err( 1400): at com.etna.haqu.support.ext.FlowExtKt.safeCollect(FlowExt.kt:50)
05-29 20:51:55.778 W/System.err( 1400): at com.dangbei.andes.business.HttpUtil$logIp$1.invokeSuspend(HttpUtil.kt:15)
05-29 20:51:55.778 W/System.err( 1400): at kotlin.coroutines.jvm.internal.BaseContinuationImpl.resumeWith(ContinuationImpl.kt:33)
05-29 20:51:55.778 W/System.err( 1400): at kotlinx.coroutines.DispatchedTask.run(DispatchedTask.kt:106)
05-29 20:51:55.778 W/System.err( 1400): at kotlinx.coroutines.internal.LimitedDispatcher.run(LimitedDispatcher.kt:42)
05-29 20:51:55.778 W/System.err( 1400): at kotlinx.coroutines.scheduling.TaskImpl.run(Tasks.kt:95)
05-29 20:51:55.778 W/System.err( 1400): at kotlinx.coroutines.scheduling.CoroutineScheduler.runSafely(CoroutineScheduler.kt:570)
05-29 20:51:55.778 W/System.err( 1400): at kotlinx.coroutines.scheduling.CoroutineScheduler$Worker.executeTask(CoroutineScheduler.kt:749)
05-29 20:51:55.778 W/System.err( 1400): at kotlinx.coroutines.scheduling.CoroutineScheduler$Worker.runWorker(CoroutineScheduler.kt:677)
05-29 20:51:55.778 W/System.err( 1400): at kotlinx.coroutines.scheduling.CoroutineScheduler$Worker.run(CoroutineScheduler.kt:664)
05-29 20:51:55.778 E/HttpUtil( 1400): error:java.net.UnknownHostException: Unable to resolve host "tymsgapi.qun7.com": No address associated with hostname
05-29 20:51:55.780 I/rkstack.process( 999): Background concurrent copying GC freed 51877(2150KB) AllocSpace objects, 0(0B) LOS objects, 49% free, 2795KB/5590KB, paused 84us,30us total 222.696ms
05-29 20:51:55.781 I/MediaProvider( 1404): Deleted 1 0 0 0 0 0 0 items on external_primary due to com.gitvdemo.video
05-29 20:51:55.783 W/SntpClient( 720): Unknown host: asia.pool.ntp.org
05-29 20:51:55.783 D/SntpClient( 720): request time failed
05-29 20:51:55.786 W/SntpClient( 720): Unknown host: ntp.sjtu.edu.cn
05-29 20:51:55.787 D/SntpClient( 720): request time failed
05-29 20:51:55.794 D/IpClient.wlan0( 999): set max DTIM multiplier to 1
05-29 20:51:55.795 D/WifiHAL ( 531): Setting DTIM config , halHandle = 0xef801fc0 Multiplier = 1
05-29 20:51:55.795 E/Netd ( 492): no such netId 101
05-29 20:51:55.795 I/WifiHAL ( 531): Successfully configured dtim multiplier 1
05-29 20:51:55.795 D/WifiHAL ( 531): error code -95 mapped to -3
05-29 20:51:55.795 E/WifiStaIfaceAidlImpl( 720): setDtimMultiplier failed with service-specific exception: android.os.ServiceSpecificException: (code 4)
05-29 20:51:55.797 I/wpa_supplicant( 1166): wpa_driver_nl80211_driver_cmd: wifi vendor: aml_w2_s
05-29 20:51:55.797 I/wpa_supplicant( 1166): wpa_driver_nl80211_driver_cmd: wlan0: private command: SETSUSPENDMODE 0
05-29 20:51:55.805 W/SntpClient( 720): Unknown host: cn.pool.ntp.org
05-29 20:51:55.805 D/SntpClient( 720): request time failed
05-29 20:51:55.808 I/WifiHAL ( 531): call wifi_get_link_stats handler
05-29 20:51:55.808 I/WifiHAL ( 531): Creating message to get link statistics; iface = 16
05-29 20:51:55.808 D/WifiHAL ( 531): error code -95 mapped to -3
05-29 20:51:55.810 E/WifiStaIfaceAidlImpl( 720): getLinkLayerStats failed with service-specific exception: android.os.ServiceSpecificException: (code 4)
05-29 20:51:55.811 W/SntpClient( 720): Unknown host: ntp.api.bz
05-29 20:51:55.812 D/SntpClient( 720): request time failed
05-29 20:51:55.813 W/SntpClient( 720): Unknown host: pool.ntp.org
05-29 20:51:55.813 D/SntpClient( 720): request time failed
05-29 20:51:55.814 W/SntpClient( 720): Unknown host: ntp1.aliyun.com
05-29 20:51:55.814 D/SntpClient( 720): request time failed
05-29 20:51:55.816 W/SntpClient( 720): Unknown host: ntp2.aliyun.com
05-29 20:51:55.816 D/SntpClient( 720): request time failed
05-29 20:51:55.817 D/DhcpClient( 999): Broadcasting DHCPDISCOVER
05-29 20:51:55.825 D/DhcpClient( 999): Received packet: 1c:79:2d:23:39:4b OFFER, ip /192.168.50.235, mask /255.255.255.0, DNS servers: /192.168.50.1 , gateways [/192.168.50.1], lease time 86400, domain null
05-29 20:51:55.827 D/DhcpClient( 999): Got pending lease: com.android.networkstack.android.net.DhcpResults@32aca5f3 DHCP server /192.168.50.1 Vendor info null lease 86400 seconds Servername
05-29 20:51:55.829 D/DhcpClient( 999): Broadcasting DHCPREQUEST ciaddr=0.0.0.0 request=192.168.50.235 serverid=192.168.50.1
05-29 20:51:55.833 W/View ( 3287): requestLayout() improperly called by com.google.android.material.textview.MaterialTextView{19918f8 V.ED..... ..S...ID 80,30-298,70 #7f0901c7 app:id/leaf_net_item_name_tv} during layout: running second layout pass
05-29 20:51:55.833 W/View ( 3287): requestLayout() improperly called by com.dangbei.haqusetting.ui.base.atom.LeafNetItemView{41bcc65 VFE...C.. .F....ID 0,168-480,268 aid=1073741827} during layout: running second layout pass
05-29 20:51:55.834 D/DhcpClient( 999): Received packet: 1c:79:2d:23:39:4b ACK: your new IP /192.168.50.235, netmask /255.255.255.0, gateways [/192.168.50.1] DNS servers: /192.168.50.1 , lease time 86400
05-29 20:51:55.836 D/DhcpClient( 999): Confirmed lease: com.android.networkstack.android.net.DhcpResults@32aca5f3 DHCP server /192.168.50.1 Vendor info null lease 86400 seconds Servername
05-29 20:51:55.844 D/nStackXDFinder( 3061): IfAddrMsgHandle:[85] :Interface wlan0 got new address.
05-29 20:51:55.844 I/nStackXDFinder( 3061): UpdateLocalNetworkInterface:[472] :UpdateLocalNetworkInterface exec,initerfaceName:wlan0
05-29 20:51:55.844 E/nStackXDFinder( 3061): GetLocalIp:[401] :GetLocalIp exec
05-29 20:51:55.844 E/nStackXDFinder( 3061): GetLocalIp:[407] :GetLocalIp, ifInfo is null
05-29 20:51:55.844 I/nStackXDFinder( 3061): UpdateLocalNetworkInterface:[498] :UpdateLocalNetworkInterface copy ip value in default process
05-29 20:51:55.844 E/nStackXDFinder( 3061): GetLocalIp:[401] :GetLocalIp exec
05-29 20:51:55.844 D/nStackXCoAP( 3061): CoapServerInit:[174] :CoapServerInit is called
05-29 20:51:55.844 E/nStackXDFinder( 3061): GetLocalIp:[401] :GetLocalIp exec
05-29 20:51:55.844 I/nStackXCoAP( 3061): CoapServerInit:[184] :coap server init has finished
05-29 20:51:55.854 I/wpa_supplicant( 1166): wpa_driver_nl80211_driver_cmd: wifi vendor: aml_w2_s
05-29 20:51:55.854 I/wpa_supplicant( 1166): wpa_driver_nl80211_driver_cmd: wlan0: private command: BTCOEXMODE 2
05-29 20:51:55.855 I/WifiClientModeImpl[21259:wlan0]( 720): Update current security type to 2
05-29 20:51:55.856 W/ContextImpl( 720): Calling a method in the system process without a qualified user: android.app.ContextImpl.sendStickyBroadcast:1626 com.android.server.wifi.ClientModeImpl.sendNetworkChangeBroadcast:3008 com.android.server.wifi.ClientModeImpl.lambda$sendNetworkChangeBroadcastWithCurrentState$14:2985 com.android.server.wifi.ClientModeImpl.$r8$lambda$q-j88Pjw4gROgoJFr8wBlBVbuJI:0 com.android.server.wifi.ClientModeImpl$$ExternalSyntheticLambda4.send:0
05-29 20:51:55.858 I/ImeTracker( 720): com.dangbei.haqusetting:3d393c00: onRequestHide at ORIGIN_SERVER_HIDE_INPUT reason HIDE_UNSPECIFIED_WINDOW
05-29 20:51:55.859 I/ImeTracker( 720): com.dangbei.haqusetting:3d393c00: onCancelled at PHASE_SERVER_SHOULD_HIDE
05-29 20:51:55.860 E/Netd ( 492): no such netId 101
05-29 20:51:55.860 D/RockyReceiver( 1802): action: android.net.wifi.STATE_CHANGE
05-29 20:51:55.862 I/DefaultIMS( 1431): onStartInput attribute=android.view.inputmethod.EditorInfo@f033ed2 restarting=false inputType: 0
05-29 20:51:55.863 E/ccc ( 3287): cccccc 555555555555555555555
05-29 20:51:55.867 E/ConnectivityService( 720): Exception in networkAddRouteParcel for non-gateway: android.os.ServiceSpecificException: Machine is not on the network (code 64)
05-29 20:51:55.868 E/Netd ( 492): no such netId 101
05-29 20:51:55.869 E/ConnectivityService( 720): Exception in networkAddRouteParcel for gateway: android.os.ServiceSpecificException: Machine is not on the network (code 64)
05-29 20:51:55.870 W/ProcessStats( 720): Tracking association SourceState{8907474 com.ktcp.video:daemon/10091 Fgs #677} whose proc state 3 is better than process ProcessState{a8eb676 com.ktcp.video/10091 pkg=com.ktcp.video} proc state 10 (9 skipped)
05-29 20:51:55.874 D/IpClient/wlan0( 999): addressUpdated: 192.168.50.235/24 on ifindex 16 flags 0x00000080 scope 0
05-29 20:51:55.879 W/WindowOnBackDispatcher( 3287): sendCancelIfRunning: isInProgress=falsecallback=android.view.ViewRootImpl$$ExternalSyntheticLambda17@f934373
05-29 20:51:55.880 D/CoreBackPreview( 720): Window{57d2de6 u0 com.dangbei.haqusetting/com.dangbei.haqusetting.ui.leaf.ui.net.connect.LeafWholeWifiConnectActivity}: Setting back callback null
05-29 20:51:55.880 D/DhcpClient( 999): Scheduling renewal in 43199s
05-29 20:51:55.880 D/DhcpClient( 999): Scheduling rebind in 75599s
05-29 20:51:55.880 D/DhcpClient( 999): Scheduling expiry in 86399s
