05-29 20:44:55.336 W/ContextImpl( 1400): Calling a method in the system process without a qualified user: android.app.ContextImpl.startService:1899 android.content.ContextWrapper.startService:825 com.dangbei.andes.CoreService$Companion.start:29 com.dangbei.lerad.etna.haqu.EtnaApplication.init:88 com.dangbei.lerad.etna.haqu.EtnaApplication.onCreate:59
05-29 20:44:55.379 D/HDMI ( 720): Process pid:1400 is calling addHotplugEventListener
05-29 20:44:55.400 W/ContextImpl( 1400): Calling a method in the system process without a qualified user: android.app.ContextImpl.bindService:1988 android.content.ContextWrapper.bindService:861 com.dangbei.lerad.etna.lib.client.EtnaClient.bindServer:138 com.dangbei.lerad.etna.lib.client.EtnaClient.access$600:29 com.dangbei.lerad.etna.lib.client.EtnaClient$3.call:205
05-29 20:44:55.441 W/ContextImpl( 1400): Calling a method in the system process without a qualified user: android.app.ContextImpl.bindService:1988 android.content.ContextWrapper.bindService:861 com.dangbei.lerad.etna.lib.client.EtnaClient.bindServer:138 com.dangbei.lerad.etna.lib.client.EtnaClient.access$600:29 com.dangbei.lerad.etna.lib.client.EtnaClient$3.call:205
05-29 20:44:55.540 W/StorageManagerService( 720): Reporting emulated;0 unmounted due to system locked
05-29 20:44:55.671 W/StorageManagerService( 720): Reporting emulated;0 unmounted due to system locked
05-29 20:44:55.676 W/StorageManagerService( 720): Reporting emulated;0 unmounted due to system locked
05-29 20:44:55.677 W/StorageManagerService( 720): Reporting emulated;0 unmounted due to system locked
05-29 20:44:55.687 W/StorageManagerService( 720): Reporting emulated;0 unmounted due to system locked
05-29 20:44:55.691 W/StorageManagerService( 720): Reporting emulated;0 unmounted due to system locked
05-29 20:44:55.712 D/CompatibilityChangeReporter( 720): Compat change id reported: 271850009; UID 10086; state: DISABLED
05-29 20:44:55.712 D/CompatibilityChangeReporter( 720): Compat change id reported: 253665015; UID 10086; state: DISABLED
05-29 20:44:55.712 D/CompatibilityChangeReporter( 720): Compat change id reported: 194532703; UID 10086; state: DISABLED
05-29 20:44:55.717 W/StorageManagerService( 720): Reporting emulated;0 unmounted due to system locked
05-29 20:44:55.718 W/StorageManagerService( 720): Reporting emulated;0 unmounted due to system locked
05-29 20:44:55.721 I/ActivityManager( 720): com.oranth.ledstatus is exempt from freezer
05-29 20:44:55.722 D/CompatibilityChangeReporter( 720): Compat change id reported: 135634846; UID 1000; state: DISABLED
05-29 20:44:55.737 D/CompatibilityChangeReporter( 720): Compat change id reported: 135634846; UID 10086; state: DISABLED
05-29 20:44:55.743 I/ActivityManager( 720): Start proc 1665:com.oranth.ledstatus/1000 for broadcast {com.oranth.ledstatus/com.oranth.ledstatus.BootCompletedReceiver}
05-29 20:44:55.744 D/CompatibilityChangeReporter( 720): Compat change id reported: 143937733; UID 10086; state: DISABLED
05-29 20:44:55.759 I/ActivityManager( 720): Start proc 1666:com.antutu.ABenchMark.lite/u0a86 for content provider {com.antutu.ABenchMark.lite/com.umeng.message.provider.MessageProvider}
05-29 20:44:55.891 D/CompatibilityChangeReporter( 720): Compat change id reported: 168419799; UID 1000; state: DISABLED
05-29 20:44:55.892 D/CompatibilityChangeReporter( 720): Compat change id reported: 273564678; UID 1000; state: DISABLED
05-29 20:44:55.949 W/StorageManagerService( 720): Reporting emulated;0 unmounted due to system locked
05-29 20:44:55.950 W/StorageManagerService( 720): Reporting emulated;0 unmounted due to system locked
05-29 20:44:55.954 W/StorageManagerService( 720): Reporting emulated;0 unmounted due to system locked
05-29 20:44:55.965 W/StorageManagerService( 720): Reporting emulated;0 unmounted due to system locked
05-29 20:44:55.967 W/StorageManagerService( 720): Reporting emulated;0 unmounted due to system locked
05-29 20:44:55.968 W/StorageManagerService( 720): Reporting emulated;0 unmounted due to system locked
05-29 20:44:55.981 W/StorageManagerService( 720): Reporting emulated;0 unmounted due to system locked
05-29 20:44:55.982 W/StorageManagerService( 720): Reporting emulated;0 unmounted due to system locked
05-29 20:44:55.985 W/StorageManagerService( 720): Reporting emulated;0 unmounted due to system locked
05-29 20:44:56.028 W/StorageManagerService( 720): Reporting emulated;0 unmounted due to system locked
05-29 20:44:56.030 W/StorageManagerService( 720): Reporting emulated;0 unmounted due to system locked
05-29 20:44:56.033 E/UsbDeviceManager( 720): Usb setCurrentUsbFunctionsCb failed ,functions:4 ,status:1 ,transactionId:6
05-29 20:44:56.033 I/UsbDeviceManager( 720): notifyCurrentFunction request:1 status:1
05-29 20:44:56.034 W/StorageManagerService( 720): Reporting emulated;0 unmounted due to system locked
05-29 20:44:56.053 W/StorageManagerService( 720): Reporting emulated;0 unmounted due to system locked
05-29 20:44:56.065 W/StorageManagerService( 720): Reporting emulated;0 unmounted due to system locked
05-29 20:44:56.069 W/StorageManagerService( 720): Reporting emulated;0 unmounted due to system locked
05-29 20:44:56.096 I/vold ( 278): fuse-bpf is enabled because /sys/fs/fuse/features/fuse_bpf reads 'supported'
05-29 20:44:56.096 I/vold ( 278): Setting ro.fuse.bpf.is_running to true
05-29 20:44:56.097 I/vold ( 278): Configuring read_ahead of /mnt/user/0/emulated fuse filesystem to 256kb
05-29 20:44:56.097 I/vold ( 278): Writing 256 to /sys/class/bdi/0:60/read_ahead_kb
05-29 20:44:56.097 I/vold ( 278): Configuring max_ratio of /mnt/user/0/emulated fuse filesystem to 40
05-29 20:44:56.097 I/vold ( 278): Writing 40 to /sys/class/bdi/0:60/max_ratio
05-29 20:44:56.099 I/StorageManagerService( 720): Mounted volume VolumeInfo{emulated;0}:
05-29 20:44:56.099 I/StorageManagerService( 720): type=EMULATED diskId=null partGuid= mountFlags=PRIMARY|VISIBLE_FOR_WRITE
05-29 20:44:56.099 I/StorageManagerService( 720): mountUserId=0 state=CHECKING
05-29 20:44:56.099 I/StorageManagerService( 720): fsType=null fsUuid=null fsLabel=null
05-29 20:44:56.099 I/StorageManagerService( 720): path=/storage/emulated internalPath=/data/media
05-29 20:44:56.101 I/StorageSessionController( 720): Notifying volume state changed for session with id: emulated;0
05-29 20:44:56.117 I/ActivityManager( 720): com.oranth.storage is exempt from freezer
05-29 20:44:56.117 D/CompatibilityChangeReporter( 720): Compat change id reported: 135634846; UID 1000; state: DISABLED
05-29 20:44:56.124 I/StorageSessionController( 720): Notifying volume state changed for session with id: emulated;0
05-29 20:44:56.124 W/StorageManagerService( 720): Reporting emulated;0 unmounted due to system locked
05-29 20:44:56.133 I/StorageSessionController( 720): Notifying volume state changed for session with id: emulated;0
05-29 20:44:56.141 D/CompatibilityChangeReporter( 720): Compat change id reported: 253665015; UID 10065; state: ENABLED
05-29 20:44:56.141 D/CompatibilityChangeReporter( 720): Compat change id reported: 194532703; UID 10065; state: ENABLED
05-29 20:44:56.155 I/ActivityManager( 720): Start proc 1736:com.oranth.storage/1000 for broadcast {com.oranth.storage/com.oranth.storage.BootCompletedReceiver}
05-29 20:44:56.202 W/WindowManager( 720): [addWindow] title:com.dangbei.leard.leradlauncher/com.dangbei.launcher.home.LauncherActivity
05-29 20:44:56.226 W/BroadcastLoopers( 720): Found previously unknown looper Thread[StorageManagerService,5,main]
05-29 20:44:56.233 D/CoreBackPreview( 720): Window{c99442c u0 com.dangbei.leard.leradlauncher/com.dangbei.launcher.home.LauncherActivity}: Setting back callback OnBackInvokedCallbackInfo{mCallback=android.window.IOnBackInvokedCallback$Stub$Proxy@d3decc4, mPriority=0, mIsAnimationCallback=false}
05-29 20:44:56.233 D/CompatibilityChangeReporter( 720): Compat change id reported: 261072174; UID 1000; state: DISABLED
05-29 20:44:56.234 D/StorageManagerService( 720): Volume emulated;0 broadcasting mounted to UserHandle{0}
05-29 20:44:56.236 D/StorageManagerService( 720): Volume emulated;0 broadcasting mounted to UserHandle{0}
05-29 20:44:56.245 W/ContextImpl( 1665): Calling a method in the system process without a qualified user: android.app.ContextImpl.startService:1899 android.content.ContextWrapper.startService:825 android.content.ContextWrapper.startService:825 com.oranth.ledstatus.BootCompletedReceiver.onReceive:15 android.app.ActivityThread.handleReceiver:4494
05-29 20:44:56.262 W/Looper ( 1400): Slow dispatch took 2005ms main h=android.app.ActivityThread$H c=null m=110
05-29 20:44:56.298 W/ContextImpl( 1400): Calling a method in the system process without a qualified user: android.app.ContextImpl.sendBroadcast:1220 android.content.ContextWrapper.sendBroadcast:504 com.dangbei.lerad.etna.core.EtnaManager.sendRebootBroadcast:82 com.dangbei.lerad.etna.core.EtnaService.onStartCommand:89 android.app.ActivityThread.handleServiceArgs:4866
05-29 20:44:56.316 D/CompatibilityChangeReporter( 720): Compat change id reported: 168419799; UID 1000; state: DISABLED
05-29 20:44:56.317 D/CompatibilityChangeReporter( 720): Compat change id reported: 273564678; UID 1000; state: DISABLED
05-29 20:44:56.339 W/ContextImpl( 720): Calling a method in the system process without a qualified user: android.app.ContextImpl.startService:1899 com.android.server.wm.DisplayPolicy.lambda$focusChangedLw$5:2126 com.android.server.wm.DisplayPolicy.$r8$lambda$Znxk63oh-WzVnzo_WQefN7uxV48:0 com.android.server.wm.DisplayPolicy$$ExternalSyntheticLambda13.run:0 android.os.Handler.handleCallback:958
05-29 20:44:56.349 W/ContextImpl( 1400): Calling a method in the system process without a qualified user: android.app.ContextImpl.bindService:1988 android.content.ContextWrapper.bindService:861 com.dangbei.lerad.etna.lib.client.EtnaClient.bindServer:138 com.dangbei.lerad.etna.lib.client.EtnaClient.access$600:29 com.dangbei.lerad.etna.lib.client.EtnaClient$3.call:205
05-29 20:44:56.351 W/ContextImpl( 1400): Calling a method in the system process without a qualified user: android.app.ContextImpl.bindService:1988 android.content.ContextWrapper.bindService:861 com.dangbei.lerad.etna.lib.client.EtnaClient.bindServer:138 com.dangbei.lerad.etna.lib.client.EtnaClient.access$600:29 com.dangbei.lerad.etna.lib.client.EtnaClient$3.call:205
05-29 20:44:56.364 W/ContextImpl( 1400): Calling a method in the system process without a qualified user: android.app.ContextImpl.startService:1899 android.content.ContextWrapper.startService:825 com.dangbei.etna.setting.core.SettingHelper.startRocky:267 com.dangbei.etna.setting.core.SettingHelper.sendCycleCheckBootGuideStatusMessage:214 com.dangbei.etna.setting.core.SettingHelper.startLoop:203
05-29 20:44:56.364 W/ContextImpl( 1400): Calling a method in the system process without a qualified user: android.app.ContextImpl.startService:1899 android.content.ContextWrapper.startService:825 com.dangbei.etna.setting.core.SettingHelper.startRocky:267 com.dangbei.etna.setting.core.SettingHelper.sendCycleCheckBootGuideStatusMessage:214 com.dangbei.etna.setting.core.SettingHelper.startLoop:203
05-29 20:44:56.366 I/ActivityManager( 720): com.dangbei.lerad.rocky is exempt from freezer
05-29 20:44:56.366 D/CompatibilityChangeReporter( 720): Compat change id reported: 135634846; UID 1000; state: DISABLED
05-29 20:44:56.369 W/ContextImpl( 1400): Calling a method in the system process without a qualified user: android.app.ContextImpl.bindService:1988 android.content.ContextWrapper.bindService:861 com.dangbei.lerad.etna.lib.client.EtnaClient.bindServer:138 com.dangbei.lerad.etna.lib.client.EtnaClient.access$600:29 com.dangbei.lerad.etna.lib.client.EtnaClient$3.call:205
05-29 20:44:56.375 W/ContextImpl( 1400): Calling a method in the system process without a qualified user: android.app.ContextImpl.sendBroadcast:1220 android.content.ContextWrapper.sendBroadcast:504 com.dangbei.etna.setting.core.SettingHelper.sendCycleToProjector:257 com.dangbei.etna.setting.core.SettingHelper.sendCycleCheckBroadcast:226 com.dangbei.etna.setting.core.SettingHelper.sendCycleCheckBootGuideStatusMessage:215
05-29 20:44:56.376 W/ContextImpl( 1400): Calling a method in the system process without a qualified user: android.app.ContextImpl.sendBroadcast:1220 android.content.ContextWrapper.sendBroadcast:504 com.dangbei.etna.setting.core.SettingHelper.sendCycleToProjector:257 com.dangbei.etna.setting.core.SettingHelper.sendCycleCheckBroadcast:226 com.dangbei.etna.setting.core.SettingHelper.sendCycleCheckBootGuideStatusMessage:215
05-29 20:44:56.381 W/ContextImpl( 1400): Calling a method in the system process without a qualified user: android.app.ContextImpl.sendBroadcast:1220 android.content.ContextWrapper.sendBroadcast:504 com.dangbei.etna.setting.core.SettingHelper.sendCycleToVoice:242 com.dangbei.etna.setting.core.SettingHelper.sendCycleCheckBroadcast:227 com.dangbei.etna.setting.core.SettingHelper.sendCycleCheckBootGuideStatusMessage:215
05-29 20:44:56.387 D/CompatibilityChangeReporter( 720): Compat change id reported: 182734110; UID 10065; state: ENABLED
05-29 20:44:56.392 W/ContextImpl( 1400): Calling a method in the system process without a qualified user: android.app.ContextImpl.sendBroadcast:1220 android.content.ContextWrapper.sendBroadcast:504 com.dangbei.etna.setting.core.SettingHelper.sendCycleToVoice:242 com.dangbei.etna.setting.core.SettingHelper.sendCycleCheckBroadcast:227 com.dangbei.etna.setting.core.SettingHelper.sendCycleCheckBootGuideStatusMessage:215
05-29 20:44:56.411 D/CoreBackPreview( 720): Window{d58b628 u0 com.android.tv.settings/com.android.tv.settings.system.FallbackHome}: Setting back callback null
05-29 20:44:56.425 V/WindowManagerShell( 950): onTransitionReady android.os.BinderProxy@58fed4f: {id=1 t=CLOSE f=0x0 trk=0 r=[0@Point(0, 0)] c=[{WCT{android.window.IWindowContainerToken$Stub$Proxy@1a6c761} m=OPEN f=MOVE_TO_TOP leash=Surface(name=Task=249)/@0x79ff4ba sb=Rect(0, 0 - 1920, 1080) eb=Rect(0, 0 - 1920, 1080) d=0},{WCT{android.window.IWindowContainerToken$Stub$Proxy@ac8a286} m=CLOSE f=SHOW_WALLPAPER leash=Surface(name=Task=3)/@0xd880f6b sb=Rect(0, 0 - 1920, 1080) eb=Rect(0, 0 - 1920, 1080) d=0}]}
05-29 20:44:56.426 V/WindowManagerShell( 950): Playing animation for (#1)android.os.BinderProxy@58fed4f@0
05-29 20:44:56.427 V/WindowManagerShell( 950): try handler com.android.wm.shell.keyguard.KeyguardTransitionHandler@2963747
05-29 20:44:56.427 V/WindowManagerShell( 950): try handler com.android.wm.shell.pip.tv.TvPipTransition@6b75b74
05-29 20:44:56.427 V/WindowManagerShell( 950): try handler com.android.wm.shell.activityembedding.ActivityEmbeddingController@9a7789d
05-29 20:44:56.427 V/WindowManagerShell( 950): try handler com.android.wm.shell.transition.RemoteTransitionHandler@97c6112
05-29 20:44:56.427 V/WindowManagerShell( 950): Transition doesn't have explicit remote, search filters for match for {id=1 t=CLOSE f=0x0 trk=0 r=[0@Point(0, 0)] c=[{WCT{android.window.IWindowContainerToken$Stub$Proxy@1a6c761} m=OPEN f=MOVE_TO_TOP leash=Surface(name=Task=249)/@0x79ff4ba sb=Rect(0, 0 - 1920, 1080) eb=Rect(0, 0 - 1920, 1080) d=0},{WCT{android.window.IWindowContainerToken$Stub$Proxy@ac8a286} m=CLOSE f=SHOW_WALLPAPER leash=Surface(name=Task=3)/@0xd880f6b sb=Rect(0, 0 - 1920, 1080) eb=Rect(0, 0 - 1920, 1080) d=0}]}
05-29 20:44:56.428 V/WindowManagerShell( 950): Delegate animation for #1 to null
05-29 20:44:56.428 V/WindowManagerShell( 950): try handler com.android.wm.shell.transition.DefaultTransitionHandler@57500e3
05-29 20:44:56.428 V/WindowManagerShell( 950): start default transition animation, info = {id=1 t=CLOSE f=0x0 trk=0 r=[0@Point(0, 0)] c=[{WCT{android.window.IWindowContainerToken$Stub$Proxy@1a6c761} m=OPEN f=MOVE_TO_TOP leash=Surface(name=Task=249)/@0x79ff4ba sb=Rect(0, 0 - 1920, 1080) eb=Rect(0, 0 - 1920, 1080) d=0},{WCT{android.window.IWindowContainerToken$Stub$Proxy@ac8a286} m=CLOSE f=SHOW_WALLPAPER leash=Surface(name=Task=3)/@0xd880f6b sb=Rect(0, 0 - 1920, 1080) eb=Rect(0, 0 - 1920, 1080) d=0}]}
05-29 20:44:56.430 V/WindowManagerShell( 950): loadAnimation: anim=android.view.animation.AlphaAnimation@decc83f animAttr=0x13 type=CLOSE isEntrance=false
05-29 20:44:56.432 V/WindowManagerShell( 950): loadAnimation: anim=android.view.animation.AlphaAnimation@4e1e55 animAttr=0x12 type=CLOSE isEntrance=true
05-29 20:44:56.433 V/WindowManagerShell( 950): animated by com.android.wm.shell.transition.DefaultTransitionHandler@57500e3
05-29 20:44:56.437 V/WindowManager( 720): Sent Transition #1 createdAt=05-29 20:44:54.141 via request=TransitionRequestInfo { type = 2, triggerTask = TaskInfo{userId=0 taskId=3 displayId=0 isRunning=false baseIntent=Intent { act=android.intent.action.MAIN cat=[android.intent.category.HOME] flg=0x10800100 cmp=com.android.tv.settings/.system.FallbackHome } baseActivity=null topActivity=null origActivity=null realActivity=ComponentInfo{com.android.tv.settings/com.android.tv.settings.system.FallbackHome} numActivities=0 lastActiveTime=23151 supportsMultiWindow=true resizeMode=0 isResizeable=false minWidth=-1 minHeight=-1 defaultMinSize=220 token=WCT{RemoteToken{c7afbd8 Task{2208dbf #3 type=home A=1000:com.android.tv.settings}}} topActivityType=2 pictureInPictureParams=null shouldDockBigOverlays=false launchIntoPipHostTaskId=-1 lastParentTaskIdBeforePip=-1 displayCutoutSafeInsets=null topActivityInfo=null launchCookies=[] positionInParent=Point(0, 0) parentTaskId=-1 isFocused=true isVisible=true isVisibleRequested=true isSleeping=false topActivityInSizeCompat=false topActivityEligibleForLetterboxEducation= false isLetterboxDoubleTapEnabled= false topActivityEligibleForUserAspectRatioButton= false topActivityBoundsLetterboxed= false isFromLetterboxDoubleTap= false topActivityLetterboxVerticalPosition= -1 topActivityLetterboxHorizontalPosition= -1 topActivityLetterboxWidth=-1 topActivityLetterboxHeight=-1 isUserFullscreenOverrideEnabled=false isTopActivityTransparent=false locusId=null displayAreaFeatureId=1 cameraCompatControlState=hidden}, remoteTransition = null, displayChange = null, flags = 0 }
05-29 20:44:56.437 V/WindowManager( 720): startWCT=WindowContainerTransaction { changes = {} hops = [] errorCallbackToken=null taskFragmentOrganizer=null }
05-29 20:44:56.438 V/WindowManager( 720): info={id=1 t=CLOSE f=0x0 trk=0 r=[0@Point(0, 0)] c=[{WCT{RemoteToken{c7d5216 Task{82436ec #249 type=home A=1000:com.dangbei.leard.leradlauncher}}} m=OPEN f=MOVE_TO_TOP leash=Surface(name=Task=249)/@0xee8139f sb=Rect(0, 0 - 1920, 1080) eb=Rect(0, 0 - 1920, 1080) d=0},{WCT{RemoteToken{c7afbd8 Task{2208dbf #3 type=home A=1000:com.android.tv.settings}}} m=CLOSE f=SHOW_WALLPAPER leash=Surface(name=Task=3)/@0x7f1593e sb=Rect(0, 0 - 1920, 1080) eb=Rect(0, 0 - 1920, 1080) d=0}]}
05-29 20:44:56.442 D/CompatibilityChangeReporter( 720): Compat change id reported: 214016041; UID 1000; state: DISABLED
05-29 20:44:56.442 D/CompatibilityChangeReporter( 720): Compat change id reported: 214016041; UID 1000; state: ENABLED
05-29 20:44:56.457 W/ActivityManager( 720): Slow operation: 91ms so far, now at startProcess: returned from zygote!
05-29 20:44:56.457 W/ActivityManager( 720): Slow operation: 92ms so far, now at startProcess: done updating battery stats
05-29 20:44:56.457 W/ActivityManager( 720): Slow operation: 92ms so far, now at startProcess: building log message
05-29 20:44:56.457 I/ActivityManager( 720): Start proc 1802:com.dangbei.lerad.rocky/1000 for service {com.dangbei.lerad.rocky/com.dangbei.rocky.RockyService}
05-29 20:44:56.457 W/ActivityManager( 720): Slow operation: 92ms so far, now at startProcess: starting to update pids map
05-29 20:44:56.457 W/ActivityManager( 720): Slow operation: 92ms so far, now at startProcess: done updating pids map
05-29 20:44:56.512 D/CompatibilityChangeReporter( 720): Compat change id reported: 168419799; UID 1000; state: DISABLED
05-29 20:44:56.512 D/CompatibilityChangeReporter( 720): Compat change id reported: 273564678; UID 1000; state: DISABLED
05-29 20:44:56.703 D/CompatibilityChangeReporter( 720): Compat change id reported: 135634846; UID 10019; state: DISABLED
05-29 20:44:56.704 D/CompatibilityChangeReporter( 720): Compat change id reported: 177438394; UID 10019; state: DISABLED
05-29 20:44:56.704 D/CompatibilityChangeReporter( 720): Compat change id reported: 135772972; UID 10019; state: DISABLED
05-29 20:44:56.704 D/CompatibilityChangeReporter( 720): Compat change id reported: 135754954; UID 10019; state: ENABLED
05-29 20:44:56.705 D/CompatibilityChangeReporter( 720): Compat change id reported: 143937733; UID 10019; state: ENABLED
05-29 20:44:56.722 W/ContextImpl( 1736): Calling a method in the system process without a qualified user: android.app.ContextImpl.startService:1899 android.content.ContextWrapper.startService:825 android.content.ContextWrapper.startService:825 com.oranth.storage.BootCompletedReceiver.onReceive:15 android.app.ActivityThread.handleReceiver:4494
05-29 20:44:56.745 I/ActivityManager( 720): Start proc 1845:com.android.externalstorage/u0a19 for broadcast {com.android.externalstorage/com.android.externalstorage.MountReceiver}
05-29 20:44:56.753 D/CompatibilityChangeReporter( 720): Compat change id reported: 149924527; UID 10086; state: ENABLED
05-29 20:44:56.758 D/CompatibilityChangeReporter( 720): Compat change id reported: 132649864; UID 10086; state: DISABLED
05-29 20:44:56.777 E/BootReceiver( 720): Could not open /sys/kernel/tracing/instances/bootreceiver/trace_pipe
05-29 20:44:56.777 E/BootReceiver( 720): android.system.ErrnoException: open failed: ENOENT (No such file or directory)
05-29 20:44:56.777 E/BootReceiver( 720): at libcore.io.Linux.open(Native Method)
05-29 20:44:56.777 E/BootReceiver( 720): at libcore.io.ForwardingOs.open(ForwardingOs.java:563)
05-29 20:44:56.777 E/BootReceiver( 720): at libcore.io.BlockGuardOs.open(BlockGuardOs.java:274)
05-29 20:44:56.777 E/BootReceiver( 720): at android.system.Os.open(Os.java:494)
05-29 20:44:56.777 E/BootReceiver( 720): at com.android.server.BootReceiver.onReceive(BootReceiver.java:164)
05-29 20:44:56.777 E/BootReceiver( 720): at android.app.ActivityThread.handleReceiver(ActivityThread.java:4494)
05-29 20:44:56.777 E/BootReceiver( 720): at android.app.ActivityThread.-$$Nest$mhandleReceiver(Unknown Source:0)
05-29 20:44:56.777 E/BootReceiver( 720): at android.app.ActivityThread$H.handleMessage(ActivityThread.java:2285)
05-29 20:44:56.777 E/BootReceiver( 720): at android.os.Handler.dispatchMessage(Handler.java:106)
05-29 20:44:56.777 E/BootReceiver( 720): at android.os.Looper.loopOnce(Looper.java:205)
05-29 20:44:56.777 E/BootReceiver( 720): at android.os.Looper.loop(Looper.java:294)
05-29 20:44:56.777 E/BootReceiver( 720): at com.android.server.SystemServer.run(SystemServer.java:982)
05-29 20:44:56.777 E/BootReceiver( 720): at com.android.server.SystemServer.main(SystemServer.java:668)
05-29 20:44:56.777 E/BootReceiver( 720): at java.lang.reflect.Method.invoke(Native Method)
05-29 20:44:56.777 E/BootReceiver( 720): at com.android.internal.os.RuntimeInit$MethodAndArgsCaller.run(RuntimeInit.java:552)
05-29 20:44:56.777 E/BootReceiver( 720): at com.android.internal.os.ZygoteInit.main(ZygoteInit.java:956)
05-29 20:44:56.777 D/CompatibilityChangeReporter( 720): Compat change id reported: 149924527; UID 10076; state: ENABLED
05-29 20:44:56.779 D/CompatibilityChangeReporter( 720): Compat change id reported: 132649864; UID 10076; state: DISABLED
05-29 20:44:56.810 W/ContextImpl( 1453): Calling a method in the system process without a qualified user: android.app.ContextImpl.bindService:1988 android.content.ContextWrapper.bindService:861 ae.b.h:57 ae.b$c.call:3 ce.c$a.run:5
05-29 20:44:56.811 D/CompatibilityChangeReporter( 720): Compat change id reported: 261072174; UID 1000; state: DISABLED
05-29 20:44:56.826 I/DropBoxManagerService( 720): add tag=SYSTEM_BOOT isTagEnabled=true flags=0x2
05-29 20:44:56.829 I/BootReceiver( 720): Copying audit failures to DropBox
05-29 20:44:56.830 I/BootReceiver( 720): Checking for fsck errors
05-29 20:44:56.833 I/BootReceiver( 720): fs_stat, partition:param stat:0x1001b
05-29 20:44:56.833 I/BootReceiver( 720): fs_stat, partition:tee stat:0xb
05-29 20:44:56.833 I/BootReceiver( 720): fs_stat, partition:factory stat:0x0
05-29 20:44:56.833 I/BootReceiver( 720): fs_stat, partition:userdata stat:0x0
05-29 20:44:56.840 D/CompatibilityChangeReporter( 720): Compat change id reported: 171306433; UID 1000; state: ENABLED
05-29 20:44:56.840 D/CompatibilityChangeReporter( 720): Compat change id reported: 218533173; UID 1000; state: ENABLED
05-29 20:44:56.853 V/WindowManagerShell( 950): Transition animation finished (aborted=false), notifying core (#1)android.os.BinderProxy@58fed4f@0
05-29 20:44:56.856 V/WindowManager( 720): Finish Transition #1: created at
05-29 20:44:54.141 collect-started=0.12ms request-sent=0.707ms started=6.369ms ready=525.984ms sent=2254.135ms finished=2713.517ms
05-29 20:44:56.869 D/CompatibilityChangeReporter( 720): Compat change id reported: 168419799; UID 10019; state: DISABLED
05-29 20:44:56.869 D/CompatibilityChangeReporter( 720): Compat change id reported: 273564678; UID 10019; state: DISABLED
05-29 20:44:56.877 V/WindowManagerShell( 950): Track 0 became idle
05-29 20:44:56.877 V/WindowManagerShell( 950): All active transition animations finished
05-29 20:44:56.881 D/CompatibilityChangeReporter( 720): Compat change id reported: 135634846; UID 10018; state: DISABLED
05-29 20:44:56.882 D/CompatibilityChangeReporter( 720): Compat change id reported: 177438394; UID 10018; state: DISABLED
05-29 20:44:56.882 D/CompatibilityChangeReporter( 720): Compat change id reported: 135772972; UID 10018; state: DISABLED
05-29 20:44:56.882 D/CompatibilityChangeReporter( 720): Compat change id reported: 135754954; UID 10018; state: ENABLED
05-29 20:44:56.883 D/CompatibilityChangeReporter( 720): Compat change id reported: 143937733; UID 10018; state: ENABLED
05-29 20:44:56.884 D/CompatibilityChangeReporter( 720): Compat change id reported: 265195908; UID 10019; state: ENABLED
05-29 20:44:56.903 D/CompatibilityChangeReporter( 720): Compat change id reported: 170503758; UID 10019; state: ENABLED
05-29 20:44:56.958 W/ActivityManager( 720): Slow operation: 78ms so far, now at startProcess: returned from zygote!
05-29 20:44:56.959 W/ActivityManager( 720): Slow operation: 78ms so far, now at startProcess: done updating battery stats
05-29 20:44:56.959 W/ActivityManager( 720): Slow operation: 78ms so far, now at startProcess: building log message
05-29 20:44:56.959 I/ActivityManager( 720): Start proc 1878:android.process.media/u0a18 for content provider {com.android.providers.downloads/com.android.providers.downloads.DownloadProvider}
05-29 20:44:56.959 W/ActivityManager( 720): Slow operation: 78ms so far, now at startProcess: starting to update pids map
05-29 20:44:56.959 W/ActivityManager( 720): Slow operation: 78ms so far, now at startProcess: done updating pids map
05-29 20:44:57.007 E/ActivityThread( 1666): Failed to find provider info for com.vivo.push.sdk.service.SystemPushConfig
05-29 20:44:57.075 W/ContextImpl( 1069): Calling a method in the system process without a qualified user: android.app.ContextImpl.startService:1899 android.content.ContextWrapper.startService:825 android.content.ContextWrapper.startService:825 com.droidlogic.BootComplete.onReceive:116 android.app.ActivityThread.handleReceiver:4494
05-29 20:44:57.077 W/ContextImpl( 1069): Calling a method in the system process without a qualified user: android.app.ContextImpl.startForegroundService:1905 android.content.ContextWrapper.startForegroundService:830 android.content.ContextWrapper.startForegroundService:830 com.droidlogic.BootComplete.onReceive:125 android.app.ActivityThread.handleReceiver:4494
05-29 20:44:57.078 W/ActivityManager( 720): Unable to start service Intent { cmp=com.android.tv.mdnsoffloadcmd/.MdnsOffloadCmdService } U=0: not found
05-29 20:44:57.079 W/ContextImpl( 1069): Calling a method in the system process without a qualified user: android.app.ContextImpl.startService:1899 android.content.ContextWrapper.startService:825 android.content.ContextWrapper.startService:825 com.droidlogic.BootComplete.onReceive:127 android.app.ActivityThread.handleReceiver:4494
05-29 20:44:57.082 W/ContextImpl( 1069): Calling a method in the system process without a qualified user: android.app.ContextImpl.startService:1899 android.content.ContextWrapper.startService:825 android.content.ContextWrapper.startService:825 com.droidlogic.BootComplete.onReceive:128 android.app.ActivityThread.handleReceiver:4494
05-29 20:44:57.108 D/CompatibilityChangeReporter( 720): Compat change id reported: 168419799; UID 10018; state: DISABLED
05-29 20:44:57.109 D/CompatibilityChangeReporter( 720): Compat change id reported: 273564678; UID 10018; state: DISABLED
05-29 20:44:57.115 I/ActivityManager( 720): com.android.localtransport is exempt from freezer
05-29 20:44:57.115 D/CompatibilityChangeReporter( 720): Compat change id reported: 135634846; UID 1000; state: DISABLED
05-29 20:44:57.122 D/CompatibilityChangeReporter( 720): Compat change id reported: 265195908; UID 10018; state: ENABLED
05-29 20:44:57.147 W/ContextImpl( 1069): Calling a method in the system process without a qualified user: android.app.ContextImpl.stopService:1911 android.content.ContextWrapper.stopService:835 android.content.ContextWrapper.stopService:835 com.droidlogic.BootComplete$2.onChange:276 com.droidlogic.BootComplete.updateDeveloperOptionsWatcher:283
05-29 20:44:57.152 I/ActivityManager( 720): Start proc 1923:com.android.localtransport/1000 for service {com.android.localtransport/com.android.localtransport.LocalTransportService}
05-29 20:44:57.158 W/ContextImpl( 1069): Calling a method in the system process without a qualified user: android.app.ContextImpl.startService:1899 android.content.ContextWrapper.startService:825 android.content.ContextWrapper.startService:825 com.droidlogic.BootComplete.onReceive:173 android.app.ActivityThread.handleReceiver:4494
05-29 20:44:57.195 D/HDMI ( 720): addVendorCommandListener 1877008
05-29 20:44:57.198 D/CompatibilityChangeReporter( 720): Compat change id reported: 170503758; UID 10018; state: ENABLED
05-29 20:44:57.247 D/CompatibilityChangeReporter( 720): Compat change id reported: 168419799; UID 1000; state: DISABLED
05-29 20:44:57.247 D/CompatibilityChangeReporter( 720): Compat change id reported: 273564678; UID 1000; state: DISABLED
05-29 20:44:57.296 D/CompatibilityChangeReporter( 720): Compat change id reported: 214016041; UID 1000; state: DISABLED
05-29 20:44:57.296 D/CompatibilityChangeReporter( 720): Compat change id reported: 214016041; UID 1000; state: ENABLED
05-29 20:44:57.321 D/CompatibilityChangeReporter( 720): Compat change id reported: 168936375; UID 10086; state: DISABLED
05-29 20:44:57.324 D/CompatibilityChangeReporter( 720): Compat change id reported: 73144566; UID 10086; state: DISABLED
05-29 20:44:57.330 I/ActivityManager( 720): com.droidlogic.mictoggle is exempt from freezer
05-29 20:44:57.330 D/CompatibilityChangeReporter( 720): Compat change id reported: 135634846; UID 1000; state: DISABLED
05-29 20:44:57.340 W/ContextImpl( 1802): Calling a method in the system process without a qualified user: android.app.ContextImpl.startService:1899 android.content.ContextWrapper.startService:825 com.cvte.tv.api.TvApiSDKManager.:177 com.cvte.tv.api.TvApiSDKManager.init:217 com.dangbei.rocky.component.system.SystemControlUtils.initSystemAidl:82
05-29 20:44:57.343 W/ActivityManager( 720): Unable to start service Intent { act=com.cvte.tv.api.TV_API_SERVICE pkg=com.cvte.tv.api.impl } U=0: not found
05-29 20:44:57.353 W/ContextImpl( 1802): Calling a method in the system process without a qualified user: android.app.ContextImpl.bindService:1988 android.content.ContextWrapper.bindService:861 com.cvte.tv.api.TvApiSDKManager.:178 com.cvte.tv.api.TvApiSDKManager.init:217 com.dangbei.rocky.component.system.SystemControlUtils.initSystemAidl:82
05-29 20:44:57.357 W/ActivityManager( 720): Unable to start service Intent { act=com.cvte.tv.api.TV_API_SERVICE pkg=com.cvte.tv.api.impl } U=0: not found
05-29 20:44:57.363 W/ContextImpl( 1802): Calling a method in the system process without a qualified user: android.app.ContextImpl.startService:1899 android.content.ContextWrapper.startService:825 com.cvte.tv.api.TvApiSDKManager.getTvApi:361 com.dangbei.rocky.component.system.SystemControlUtils.initSystemAidl:83 com.dangbei.rocky.component.system.SystemComponent.onAttached:38
05-29 20:44:57.363 W/ActivityManager( 720): Unable to start service Intent { act=com.cvte.tv.api.TV_API_SERVICE pkg=com.cvte.tv.api.impl } U=0: not found
05-29 20:44:57.364 W/ContextImpl( 1802): Calling a method in the system process without a qualified user: android.app.ContextImpl.bindService:1988 android.content.ContextWrapper.bindService:861 com.cvte.tv.api.TvApiSDKManager.getTvApi:362 com.dangbei.rocky.component.system.SystemControlUtils.initSystemAidl:83 com.dangbei.rocky.component.system.SystemComponent.onAttached:38
05-29 20:44:57.366 W/ActivityManager( 720): Unable to start service Intent { act=com.cvte.tv.api.TV_API_SERVICE pkg=com.cvte.tv.api.impl } U=0: not found
05-29 20:44:57.380 W/ContextImpl( 1802): Calling a method in the system process without a qualified user: android.app.ContextImpl.startService:1899 android.content.ContextWrapper.startService:825 com.dangbei.phrike.core.DownloadManager.register:294 com.dangbei.component_appcontrol.phrike.XPhrikeAppCreator.register:47 com.dangbei.component_appcontrol.AppControlComponent.onAttached:65
05-29 20:44:57.396 W/ActivityManager( 720): Slow operation: 66ms so far, now at startProcess: returned from zygote!
05-29 20:44:57.396 W/ActivityManager( 720): Slow operation: 67ms so far, now at startProcess: done updating battery stats
05-29 20:44:57.396 W/ActivityManager( 720): Slow operation: 67ms so far, now at startProcess: building log message
05-29 20:44:57.396 I/ActivityManager( 720): Start proc 1971:com.droidlogic.mictoggle/1000 for broadcast {com.droidlogic.mictoggle/com.droidlogic.mictoggle.AssistantMicMuteReceiver}
05-29 20:44:57.396 W/ActivityManager( 720): Slow operation: 67ms so far, now at startProcess: starting to update pids map
05-29 20:44:57.396 W/ActivityManager( 720): Slow operation: 67ms so far, now at startProcess: done updating pids map
05-29 20:44:57.454 D/CompatibilityChangeReporter( 720): Compat change id reported: 168419799; UID 1000; state: DISABLED
05-29 20:44:57.454 D/CompatibilityChangeReporter( 720): Compat change id reported: 273564678; UID 1000; state: DISABLED
05-29 20:44:57.528 I/TransportConnection( 720): LocalTransportService#0: Notifying [TransportManager.registerTransport()] transport = BackupTransportClient
05-29 20:44:57.549 D/BackupTransportManager( 720): [UserID:0] Transport com.android.localtransport/.LocalTransportService registered
05-29 20:44:57.549 D/BackupManagerService( 720): [UserID:0] Transport com.android.localtransport/.LocalTransport registered 3456ms after first request (delay = 3000ms)
05-29 20:44:57.643 E/ActivityThread( 1488): Failed to find provider info for com.bili.xds.sdk.bilidev.provider
05-29 20:44:57.682 D/CompatibilityChangeReporter( 720): Compat change id reported: 157233955; UID 10086; state: DISABLED
05-29 20:44:57.729 I/BackupManagerService( 720): [UserID:0] Found 807 stale backup journal(s), scheduling.
05-29 20:44:57.745 V/BackupManagerConstants( 720): getKeyValueBackupIntervalMilliseconds(...) returns 14400000
05-29 20:44:57.745 V/BackupManagerConstants( 720): getKeyValueBackupFuzzMilliseconds(...) returns 600000
05-29 20:44:57.745 V/BackupManagerConstants( 720): getKeyValueBackupRequiredNetworkType(...) returns 1
05-29 20:44:57.745 V/BackupManagerConstants( 720): getKeyValueBackupRequireCharging(...) returns true
05-29 20:44:57.745 V/KeyValueBackupJob( 720): Scheduling k/v pass in 243 minutes
05-29 20:44:57.753 D/CompatibilityChangeReporter( 720): Compat change id reported: 271850009; UID 1000; state: DISABLED
05-29 20:44:57.754 D/CompatibilityChangeReporter( 720): Compat change id reported: 271850009; UID 1000; state: ENABLED
05-29 20:44:57.758 D/CompatibilityChangeReporter( 720): Compat change id reported: 253665015; UID 1000; state: DISABLED
05-29 20:44:57.758 D/CompatibilityChangeReporter( 720): Compat change id reported: 253665015; UID 1000; state: ENABLED
05-29 20:44:57.761 D/CompatibilityChangeReporter( 720): Compat change id reported: 194532703; UID 1000; state: DISABLED
05-29 20:44:57.762 D/CompatibilityChangeReporter( 720): Compat change id reported: 194532703; UID 1000; state: ENABLED
05-29 20:44:57.838 I/ActivityManager( 720): com.tv.filemanager.os is exempt from freezer
05-29 20:44:57.839 W/ContextImpl( 1971): Calling a method in the system process without a qualified user: android.app.ContextImpl.startService:1899 android.content.ContextWrapper.startService:825 android.content.ContextWrapper.startService:825 com.droidlogic.mictoggle.AssistantMicMuteReceiver.onReceive:48 android.app.ActivityThread.handleReceiver:4494
05-29 20:44:57.839 D/CompatibilityChangeReporter( 720): Compat change id reported: 135634846; UID 10041; state: DISABLED
05-29 20:44:57.839 D/CompatibilityChangeReporter( 720): Compat change id reported: 177438394; UID 10041; state: DISABLED
05-29 20:44:57.839 D/CompatibilityChangeReporter( 720): Compat change id reported: 135772972; UID 10041; state: DISABLED
05-29 20:44:57.839 D/CompatibilityChangeReporter( 720): Compat change id reported: 135754954; UID 10041; state: DISABLED
05-29 20:44:57.840 D/CompatibilityChangeReporter( 720): Compat change id reported: 143937733; UID 10041; state: DISABLED
05-29 20:44:57.877 W/ContextImpl( 1278): Calling a method in the system process without a qualified user: android.app.ContextImpl.startForegroundService:1905 android.content.ContextWrapper.startForegroundService:830 android.content.ContextWrapper.startForegroundService:830 com.android.tv.settings.BootReceiver.onReceive:58 android.app.ActivityThread.handleReceiver:4494
05-29 20:44:57.878 W/ActivityManager( 720): Unable to start service Intent { act=android.intent.action.BOOT_COMPLETED flg=0x89000010 cmp=com.android.tv.settings/.BootReceiver (has extras) } U=0: not found
05-29 20:44:57.881 D/HDMI ( 720): receive android.intent.action.BOOT_COMPLETED
05-29 20:44:57.881 I/HDMI ( 720): Receive boot completed broadcast
05-29 20:44:57.888 W/ContextImpl( 1069): Calling a method in the system process without a qualified user: android.app.ContextImpl.startService:1899 android.content.ContextWrapper.startService:825 android.content.ContextWrapper.startService:825 com.droidlogic.AiPqReceiver.onReceive:31 android.app.ActivityThread.handleReceiver:4494
05-29 20:44:57.898 D/CompatibilityChangeReporter( 720): Compat change id reported: 265195908; UID 10041; state: ENABLED
05-29 20:44:57.905 W/ActivityManager( 720): Slow operation: 70ms so far, now at startProcess: returned from zygote!
05-29 20:44:57.917 W/ActivityManager( 720): Slow operation: 81ms so far, now at startProcess: done updating battery stats
05-29 20:44:57.917 W/ActivityManager( 720): Slow operation: 81ms so far, now at startProcess: building log message
05-29 20:44:57.917 I/ActivityManager( 720): Start proc 2033:com.tv.filemanager.os/u0a41 for broadcast {com.tv.filemanager.os/com.dangbei.lerad.filemanager.receives.USBReceiver}
05-29 20:44:57.917 W/ActivityManager( 720): Slow operation: 81ms so far, now at startProcess: starting to update pids map
05-29 20:44:57.917 W/ActivityManager( 720): Slow operation: 81ms so far, now at startProcess: done updating pids map
05-29 20:44:57.921 I/CheckInBootCompletedReceiver( 1353): Received boot completed intent
05-29 20:44:57.965 W/ProcessStats( 720): Tracking association SourceState{1ccb99e com.antutu.ABenchMark.lite:push/10086 Receivr #261} whose proc state 10 is better than process ProcessState{8b774c2 com.antutu.ABenchMark.lite/10086 pkg=com.antutu.ABenchMark.lite} proc state 14 (0 skipped)
05-29 20:44:57.969 I/DlcClient( 1353): Binding com.android.devicelockcontroller/.storage.GlobalParametersService
05-29 20:44:57.983 D/CompatibilityChangeReporter( 720): Compat change id reported: 261072174; UID 10086; state: DISABLED
05-29 20:44:57.985 D/CompatibilityChangeReporter( 720): Compat change id reported: 168419799; UID 10041; state: DISABLED
05-29 20:44:57.986 D/CompatibilityChangeReporter( 720): Compat change id reported: 273564678; UID 10041; state: DISABLED
05-29 20:44:57.996 D/CompatibilityChangeReporter( 720): Compat change id reported: 170503758; UID 10041; state: DISABLED
05-29 20:44:58.035 I/DeviceCheckInHelper( 1353): enqueueDeviceCheckInWork with delay: PT0S
05-29 20:44:58.378 D/CompatibilityChangeReporter( 720): Compat change id reported: 161145287; UID 10041; state: DISABLED
05-29 20:44:58.433 E/ActivityThread( 2033): Failed to find provider info for lerad.provider.etna
05-29 20:44:58.490 D/CompatibilityChangeReporter( 720): Compat change id reported: 271850009; UID 10059; state: ENABLED
05-29 20:44:58.491 D/CompatibilityChangeReporter( 720): Compat change id reported: 253665015; UID 10059; state: ENABLED
05-29 20:44:58.491 D/CompatibilityChangeReporter( 720): Compat change id reported: 194532703; UID 10059; state: ENABLED
05-29 20:44:58.497 D/CompatibilityChangeReporter( 720): Compat change id reported: 135634846; UID 10094; state: DISABLED
05-29 20:44:58.498 D/CompatibilityChangeReporter( 720): Compat change id reported: 143937733; UID 10094; state: DISABLED
05-29 20:44:58.526 D/CompatibilityChangeReporter( 720): Compat change id reported: 265195908; UID 10094; state: ENABLED
05-29 20:44:58.557 D/CompatibilityChangeReporter( 720): Compat change id reported: 253665015; UID 10018; state: ENABLED
05-29 20:44:58.558 D/CompatibilityChangeReporter( 720): Compat change id reported: 194532703; UID 10018; state: ENABLED
05-29 20:44:58.584 W/ActivityManager( 720): Slow operation: 87ms so far, now at startProcess: returned from zygote!
05-29 20:44:58.584 W/ActivityManager( 720): Slow operation: 88ms so far, now at startProcess: done updating battery stats
05-29 20:44:58.584 W/ActivityManager( 720): Slow operation: 88ms so far, now at startProcess: building log message
05-29 20:44:58.584 I/ActivityManager( 720): Start proc 2113:com.gitvdemo.video/u0a94 for broadcast {com.gitvdemo.video/com.gala.video.app.boot.autoboot.QYBootCompleteReceiver}
05-29 20:44:58.584 W/ActivityManager( 720): Slow operation: 88ms so far, now at startProcess: starting to update pids map
05-29 20:44:58.585 W/ActivityManager( 720): Slow operation: 88ms so far, now at startProcess: done updating pids map
05-29 20:44:58.612 D/CompatibilityChangeReporter( 720): Compat change id reported: 161145287; UID 10018; state: ENABLED
05-29 20:44:58.622 D/CompatibilityChangeReporter( 720): Compat change id reported: 168419799; UID 10094; state: DISABLED
05-29 20:44:58.622 D/CompatibilityChangeReporter( 720): Compat change id reported: 273564678; UID 10094; state: DISABLED
05-29 20:44:58.632 D/CompatibilityChangeReporter( 720): Compat change id reported: 170503758; UID 10094; state: DISABLED
05-29 20:44:58.890 E/ActivityThread( 1488): Failed to find provider info for com.tcl.xian.StartandroidService.MyContentProvider
05-29 20:44:59.001 W/OverlayManager( 720): service 'idmap' died
05-29 20:44:59.100 I/ActivityManager( 720): reportOnUserCompletedEvent(0): stored=10, eligible=111
05-29 20:44:59.100 D/SystemServerTimingAsync( 720): ssm.CompletedEventUser-0
05-29 20:44:59.100 I/SystemServiceManager( 720): Calling onCompletedEventUser 0
05-29 20:44:59.102 D/SystemServerTimingAsync( 720): ssm.onCompletedEventUser-0_{|Unlocked|}_com.android.server.security.FileIntegrityService
05-29 20:44:59.104 D/SystemServerTimingAsync( 720): ssm.onCompletedEventUser-0_{|Unlocked|}_com.android.server.pm.Installer
05-29 20:44:59.104 D/SystemServerTimingAsync( 720): ssm.onCompletedEventUser-0_{|Unlocked|}_com.android.server.uri.UriGrantsManagerService$Lifecycle
05-29 20:44:59.104 D/SystemServerTimingAsync( 720): ssm.onCompletedEventUser-0_{|Unlocked|}_com.android.server.powerstats.PowerStatsService
05-29 20:44:59.104 D/SystemServerTimingAsync( 720): ssm.onCompletedEventUser-0_{|Unlocked|}_com.android.server.permission.access.AccessCheckingService
05-29 20:44:59.104 D/SystemServerTimingAsync( 720): ssm.onCompletedEventUser-0_{|Unlocked|}_com.android.server.wm.ActivityTaskManagerService$Lifecycle
05-29 20:44:59.104 D/SystemServerTimingAsync( 720): ssm.onCompletedEventUser-0_{|Unlocked|}_com.android.server.am.ActivityManagerService$Lifecycle
05-29 20:44:59.104 D/SystemServerTimingAsync( 720): ssm.onCompletedEventUser-0_{|Unlocked|}_com.android.server.pm.DataLoaderManagerService
05-29 20:44:59.104 D/SystemServerTimingAsync( 720): ssm.onCompletedEventUser-0_{|Unlocked|}_com.android.server.power.PowerManagerService
05-29 20:44:59.104 D/SystemServerTimingAsync( 720): ssm.onCompletedEventUser-0_{|Unlocked|}_com.android.server.power.ThermalManagerService
05-29 20:44:59.104 D/SystemServerTimingAsync( 720): ssm.onCompletedEventUser-0_{|Unlocked|}_com.android.server.power.hint.HintManagerService
05-29 20:44:59.104 D/SystemServerTimingAsync( 720): ssm.onCompletedEventUser-0_{|Unlocked|}_com.android.server.recoverysystem.RecoverySystemService$Lifecycle
05-29 20:44:59.104 D/SystemServerTimingAsync( 720): ssm.onCompletedEventUser-0_{|Unlocked|}_com.android.server.lights.LightsService
05-29 20:44:59.104 D/SystemServerTimingAsync( 720): ssm.onCompletedEventUser-0_{|Unlocked|}_com.android.server.display.DisplayManagerService
05-29 20:44:59.104 D/SystemServerTimingAsync( 720): ssm.onCompletedEventUser-0_{|Unlocked|}_com.android.server.pm.verify.domain.DomainVerificationService
05-29 20:44:59.104 D/SystemServerTimingAsync( 720): ssm.onCompletedEventUser-0_{|Unlocked|}_com.android.server.pm.PackageInstallerService$Lifecycle
05-29 20:44:59.104 D/SystemServerTimingAsync( 720): ssm.onCompletedEventUser-0_{|Unlocked|}_com.android.server.pm.UserManagerService$LifeCycle
05-29 20:44:59.104 D/SystemServerTimingAsync( 720): ssm.onCompletedEventUser-0_{|Unlocked|}_com.android.server.om.OverlayManagerService
05-29 20:44:59.104 D/SystemServerTimingAsync( 720): ssm.onCompletedEventUser-0_{|Unlocked|}_com.android.server.resources.ResourcesManagerService
05-29 20:44:59.104 D/SystemServerTimingAsync( 720): ssm.onCompletedEventUser-0_{|Unlocked|}_com.android.server.sensorprivacy.SensorPrivacyService
05-29 20:44:59.104 D/SystemServerTimingAsync( 720): ssm.onCompletedEventUser-0_{|Unlocked|}_com.android.server.sensors.SensorService
05-29 20:44:59.104 D/SystemServerTimingAsync( 720): ssm.onCompletedEventUser-0_{|Unlocked|}_com.android.server.SystemConfigService
05-29 20:44:59.104 D/SystemServerTimingAsync( 720): ssm.onCompletedEventUser-0_{|Unlocked|}_com.android.server.BatteryService
05-29 20:44:59.104 D/SystemServerTimingAsync( 720): ssm.onCompletedEventUser-0_{|Unlocked|}_com.android.server.usage.UsageStatsService
05-29 20:44:59.104 D/SystemServerTimingAsync( 720): ssm.onCompletedEventUser-0_{|Unlocked|}_com.android.server.webkit.WebViewUpdateService
05-29 20:44:59.104 D/SystemServerTimingAsync( 720): ssm.onCompletedEventUser-0_{|Unlocked|}_com.android.server.flags.FeatureFlagsService
05-29 20:44:59.105 D/SystemServerTimingAsync( 720): ssm.onCompletedEventUser-0_{|Unlocked|}_com.android.server.BinderCallsStatsService$LifeCycle
05-29 20:44:59.105 D/SystemServerTimingAsync( 720): ssm.onCompletedEventUser-0_{|Unlocked|}_com.android.server.LooperStatsService$Lifecycle
05-29 20:44:59.105 D/SystemServerTimingAsync( 720): ssm.onCompletedEventUser-0_{|Unlocked|}_com.android.server.rollback.RollbackManagerService
05-29 20:44:59.105 D/SystemServerTimingAsync( 720): ssm.onCompletedEventUser-0_{|Unlocked|}_com.android.server.os.NativeTombstoneManagerService
05-29 20:44:59.105 D/SystemServerTimingAsync( 720): ssm.onCompletedEventUser-0_{|Unlocked|}_com.android.server.os.BugreportManagerService
05-29 20:44:59.105 D/SystemServerTimingAsync( 720): ssm.onCompletedEventUser-0_{|Unlocked|}_com.android.server.gpu.GpuService
05-29 20:44:59.105 D/SystemServerTimingAsync( 720): ssm.onCompletedEventUser-0_{|Unlocked|}_com.android.server.security.rkp.RemoteProvisioningService
05-29 20:44:59.105 D/SystemServerTimingAsync( 720): ssm.onCompletedEventUser-0_{|Unlocked|}_com.android.server.security.KeyChainSystemService
05-29 20:44:59.105 D/SystemServerTimingAsync( 720): ssm.onCompletedEventUser-0_{|Unlocked|}_com.android.server.BinaryTransparencyService
05-29 20:44:59.105 D/SystemServerTimingAsync( 720): ssm.onCompletedEventUser-0_{|Unlocked|}_com.android.server.CachedDeviceStateService
05-29 20:44:59.105 D/SystemServerTimingAsync( 720): ssm.onCompletedEventUser-0_{|Unlocked|}_com.android.server.accounts.AccountManagerService$Lifecycle
05-29 20:44:59.105 D/SystemServerTimingAsync( 720): ssm.onCompletedEventUser-0_{|Unlocked|}_com.android.server.content.ContentService$Lifecycle
05-29 20:44:59.105 D/SystemServerTimingAsync( 720): ssm.onCompletedEventUser-0_{|Unlocked|}_com.android.server.deviceconfig.DeviceConfigInit$Lifecycle
05-29 20:44:59.105 D/SystemServerTimingAsync( 720): ssm.onCompletedEventUser-0_{|Unlocked|}_com.android.server.DropBoxManagerService
05-29 20:44:59.105 D/SystemServerTimingAsync( 720): ssm.onCompletedEventUser-0_{|Unlocked|}_com.android.role.RoleService
05-29 20:44:59.105 D/SystemServerTimingAsync( 720): ssm.onCompletedEventUser-0_{|Unlocked|}_com.android.server.vibrator.VibratorManagerService$Lifecycle
05-29 20:44:59.105 D/SystemServerTimingAsync( 720): ssm.onCompletedEventUser-0_{|Unlocked|}_com.android.server.tare.InternalResourceService
05-29 20:44:59.105 D/SystemServerTimingAsync( 720): ssm.onCompletedEventUser-0_{|Unlocked|}_com.android.server.alarm.AlarmManagerService
05-29 20:44:59.105 D/SystemServerTimingAsync( 720): ssm.onCompletedEventUser-0_{|Unlocked|}_com.android.server.devicestate.DeviceStateManagerService
05-29 20:44:59.105 D/SystemServerTimingAsync( 720): ssm.onCompletedEventUser-0_{|Unlocked|}_com.android.server.camera.CameraServiceProxy
