05-30 11:40:01.703 I/WifiHAL ( 531): Creating message to get link statistics; iface = 16
05-30 11:40:01.703 D/WifiHAL ( 531): error code -95 mapped to -3
05-30 11:40:01.704 E/WifiStaIfaceAidlImpl( 720): getLinkLayerStats failed with service-specific exception: android.os.ServiceSpecificException: (code 4)
05-30 11:40:02.480 W/ProcessStats( 720): Tracking association SourceState{8907474 com.ktcp.video:daemon/10091 Fgs #757} whose proc state 3 is better than process ProcessState{a8eb676 com.ktcp.video/10091 pkg=com.ktcp.video} proc state 10 (16 skipped)
05-30 11:40:02.579 E/ccc ( 1400): cccccc sendCycleCheckBroadcast
05-30 11:40:02.579 W/ContextImpl( 1400): Calling a method in the system process without a qualified user: android.app.ContextImpl.sendBroadcast:1220 android.content.ContextWrapper.sendBroadcast:504 com.dangbei.etna.setting.core.SettingHelper.sendCycleToProjector:257 com.dangbei.etna.setting.core.SettingHelper.sendCycleCheckBroadcast:226 com.dangbei.etna.setting.core.SettingHelper.startLoop$lambda-0:185
05-30 11:40:02.580 W/ContextImpl( 1400): Calling a method in the system process without a qualified user: android.app.ContextImpl.sendBroadcast:1220 android.content.ContextWrapper.sendBroadcast:504 com.dangbei.etna.setting.core.SettingHelper.sendCycleToVoice:242 com.dangbei.etna.setting.core.SettingHelper.sendCycleCheckBroadcast:227 com.dangbei.etna.setting.core.SettingHelper.startLoop$lambda-0:185
05-30 11:40:02.581 I/UsageStatsService( 720): Time changed in by 53165 seconds
05-30 11:40:02.584 D/RockyVoice( 1802): RestartReceiver onReceive
05-30 11:40:02.713 D/uninstall( 3054): isAllowStart last_delay 0, current_time 1748576402
05-30 11:40:02.714 I/uninstall( 3054): enable_service com.ktcp.video/com.tencent.qqlivetv.keeplive.proc.DaemonService com.ktcp.video/(null)
05-30 11:40:02.715 D/uninstall( 3054): enable_service waitpid
05-30 11:40:02.715 D/uninstall( 9286): enable_service pid == 0
05-30 11:40:02.715 D/uninstall( 9286): enable_service version >= 17 || version == 0 version == 34
05-30 11:40:02.759 I/uninstall( 3054): watchdaemon process_name = com.ktcp.video:daemon has gone, start it
05-30 11:40:02.760 D/uninstall( 3054): watchdaemon waitpid
05-30 11:40:02.760 D/uninstall( 9290): watchdaemon pid == 0
05-30 11:40:02.760 D/uninstall( 9290): watchdaemon version >= 17 || version == 0 version == 34
05-30 11:40:04.708 I/WifiHAL ( 531): call wifi_get_link_stats handler
05-30 11:40:04.708 I/WifiHAL ( 531): Creating message to get link statistics; iface = 16
05-30 11:40:04.708 D/WifiHAL ( 531): error code -95 mapped to -3
05-30 11:40:04.709 E/WifiStaIfaceAidlImpl( 720): getLinkLayerStats failed with service-specific exception: android.os.ServiceSpecificException: (code 4)
05-30 11:40:06.590 W/System ( 1488): A resource failed to call close.
05-30 11:40:06.590 W/System ( 1488): A resource failed to call close.
05-30 11:40:07.380 I/Utils ( 2113): getTargetIp #
05-30 11:40:07.380 I/Utils ( 2113): getTargetIp #
05-30 11:40:07.452 D/OomAdjuster( 720): Not killing cached processes
05-30 11:40:07.653 I/cling--ap-2( 2861): type=1400 audit(0.0:2015): avc: denied { read } for name="address" dev="sysfs" ino=22127 scontext=u:r:untrusted_app_27:s0:c44,c256,c512,c768 tcontext=u:object_r:sysfs_net:s0 tclass=file permissive=1 app=com.dangbei.screencast
05-30 11:40:07.653 I/cling--ap-2( 2861): type=1400 audit(0.0:2016): avc: denied { open } for path="/sys/devices/virtual/net/dummy0/address" dev="sysfs" ino=22127 scontext=u:r:untrusted_app_27:s0:c44,c256,c512,c768 tcontext=u:object_r:sysfs_net:s0 tclass=file permissive=1 app=com.dangbei.screencast
05-30 11:40:07.653 I/cling--ap-2( 2861): type=1400 audit(0.0:2017): avc: denied { getattr } for path="/sys/devices/virtual/net/dummy0/address" dev="sysfs" ino=22127 scontext=u:r:untrusted_app_27:s0:c44,c256,c512,c768 tcontext=u:object_r:sysfs_net:s0 tclass=file permissive=1 app=com.dangbei.screencast
05-30 11:40:07.713 I/WifiHAL ( 531): call wifi_get_link_stats handler
05-30 11:40:07.713 I/WifiHAL ( 531): Creating message to get link statistics; iface = 16
05-30 11:40:07.713 D/WifiHAL ( 531): error code -95 mapped to -3
05-30 11:40:07.713 E/WifiStaIfaceAidlImpl( 720): getLinkLayerStats failed with service-specific exception: android.os.ServiceSpecificException: (code 4)
05-30 11:40:09.039 D/UtilLog ( 2643): 日志批量上报 进行正常循环 !!!!!!本次有0次请求,共0条数据
05-30 11:40:10.719 I/WifiHAL ( 531): call wifi_get_link_stats handler
05-30 11:40:10.719 I/WifiHAL ( 531): Creating message to get link statistics; iface = 16
05-30 11:40:10.720 D/WifiHAL ( 531): error code -95 mapped to -3
05-30 11:40:10.720 E/WifiStaIfaceAidlImpl( 720): getLinkLayerStats failed with service-specific exception: android.os.ServiceSpecificException: (code 4)
05-30 11:40:12.146 E/dangbei111( 1400): cccccc 检查遥控器是否连接: Dangbei E4:BB:D3:57:C0:18
05-30 11:40:12.149 E/dangbei111( 1400): cccccc 检查遥控器是否连接: 蓝牙的结果 Dangbei E4:BB:D3:57:C0:18 true
05-30 11:40:12.155 E/dangbei111( 1400): cccccc 确实有遥控器 存在
05-30 11:40:12.156 E/dangbei111( 1400): cccccc rc is connected, stop scan =E4:BB:D3:57:C0:18
05-30 11:40:12.852 D/uninstall( 3054): isAllowStart last_delay 0, current_time 1748576412
05-30 11:40:12.852 I/uninstall( 3054): enable_service com.ktcp.video/com.tencent.qqlivetv.keeplive.proc.DaemonService com.ktcp.video/(null)
05-30 11:40:12.853 D/uninstall( 9304): enable_service pid == 0
05-30 11:40:12.853 D/uninstall( 9304): enable_service version >= 17 || version == 0 version == 34
05-30 11:40:12.853 D/uninstall( 3054): enable_service waitpid
05-30 11:40:12.897 I/uninstall( 3054): watchdaemon process_name = com.ktcp.video:daemon has gone, start it
05-30 11:40:12.897 D/uninstall( 3054): watchdaemon waitpid
05-30 11:40:12.897 D/uninstall( 9308): watchdaemon pid == 0
05-30 11:40:12.898 D/uninstall( 9308): watchdaemon version >= 17 || version == 0 version == 34
05-30 11:40:13.727 I/WifiHAL ( 531): call wifi_get_link_stats handler
05-30 11:40:13.727 I/WifiHAL ( 531): Creating message to get link statistics; iface = 16
05-30 11:40:13.727 D/WifiHAL ( 531): error code -95 mapped to -3
05-30 11:40:13.728 E/WifiStaIfaceAidlImpl( 720): getLinkLayerStats failed with service-specific exception: android.os.ServiceSpecificException: (code 4)
05-30 11:40:16.732 I/WifiHAL ( 531): call wifi_get_link_stats handler
05-30 11:40:16.732 I/WifiHAL ( 531): Creating message to get link statistics; iface = 16
05-30 11:40:16.732 D/WifiHAL ( 531): error code -95 mapped to -3
05-30 11:40:16.732 E/WifiStaIfaceAidlImpl( 720): getLinkLayerStats failed with service-specific exception: android.os.ServiceSpecificException: (code 4)
05-30 11:40:17.507 D/ActivityManager( 720): freezing 2623 com.android.statementservice
05-30 11:40:17.508 D/ActivityManager( 720): freezing 2580 com.android.rkpdapp
05-30 11:40:17.508 D/ActivityManager( 720): freezing 2514 com.android.permissioncontroller
05-30 11:40:18.417 I/Utils ( 2113): getTargetIp #
05-30 11:40:18.417 I/Utils ( 2113): getTargetIp #
05-30 11:40:19.039 D/UtilLog ( 2643): 日志批量上报 进行正常循环 !!!!!!本次有0次请求,共0条数据
05-30 11:40:19.738 I/WifiHAL ( 531): call wifi_get_link_stats handler
05-30 11:40:19.738 I/WifiHAL ( 531): Creating message to get link statistics; iface = 16
05-30 11:40:19.738 D/WifiHAL ( 531): error code -95 mapped to -3
05-30 11:40:19.739 E/WifiStaIfaceAidlImpl( 720): getLinkLayerStats failed with service-specific exception: android.os.ServiceSpecificException: (code 4)
05-30 11:40:20.462 I/audio_hw_hal_alsamgr( 504): alsa format =0x1 delay frames =768 total frames=27548160
05-30 11:40:22.743 I/WifiHAL ( 531): call wifi_get_link_stats handler
05-30 11:40:22.743 I/WifiHAL ( 531): Creating message to get link statistics; iface = 16
05-30 11:40:22.743 D/WifiHAL ( 531): error code -95 mapped to -3
05-30 11:40:22.744 E/WifiStaIfaceAidlImpl( 720): getLinkLayerStats failed with service-specific exception: android.os.ServiceSpecificException: (code 4)
05-30 11:40:22.991 D/uninstall( 3054): isAllowStart last_delay 0, current_time 1748576422
05-30 11:40:22.991 I/uninstall( 3054): enable_service com.ktcp.video/com.tencent.qqlivetv.keeplive.proc.DaemonService com.ktcp.video/(null)
05-30 11:40:22.992 D/uninstall( 3054): enable_service waitpid
05-30 11:40:22.992 D/uninstall( 9322): enable_service pid == 0
05-30 11:40:22.992 D/uninstall( 9322): enable_service version >= 17 || version == 0 version == 34
05-30 11:40:23.035 I/uninstall( 3054): watchdaemon process_name = com.ktcp.video:daemon has gone, start it
05-30 11:40:23.036 D/uninstall( 3054): watchdaemon waitpid
05-30 11:40:23.036 D/uninstall( 9326): watchdaemon pid == 0
05-30 11:40:23.036 D/uninstall( 9326): watchdaemon version >= 17 || version == 0 version == 34
05-30 11:40:24.245 I/WifiService( 720): startScan uid=1000
05-30 11:40:24.248 E/ccc ( 3287): cccccc i will start scan
05-30 11:40:24.255 D/InstantWifi( 720): Drop, size: 2
05-30 11:40:25.748 I/WifiHAL ( 531): call wifi_get_link_stats handler
05-30 11:40:25.748 I/WifiHAL ( 531): Creating message to get link statistics; iface = 16
05-30 11:40:25.748 D/WifiHAL ( 531): error code -95 mapped to -3
05-30 11:40:25.748 E/WifiStaIfaceAidlImpl( 720): getLinkLayerStats failed with service-specific exception: android.os.ServiceSpecificException: (code 4)
05-30 11:40:28.212 D/WifiNl80211Manager( 720): Scan result ready event
05-30 11:40:28.212 D/WifiNative( 720): Scan result ready event
05-30 11:40:28.217 D/PasspointManager( 720): ANQP entry not found for: 10:7c:61:1a:4b:94:<5G>
05-30 11:40:28.218 I/WifiHAL ( 531): call wifi_get_link_stats handler
05-30 11:40:28.218 I/WifiHAL ( 531): Creating message to get link statistics; iface = 16
05-30 11:40:28.218 D/WifiHAL ( 531): error code -95 mapped to -3
05-30 11:40:28.218 E/ccc ( 3287): cccccc SCAN_RESULTS_AVAILABLE_ACTION hhhh
05-30 11:40:28.218 E/WifiStaIfaceAidlImpl( 720): getLinkLayerStats failed with service-specific exception: android.os.ServiceSpecificException: (code 4)
05-30 11:40:28.219 E/hq ( 1453): NetWorkStateReceiver:::NetWorkStateReceiver onReceive: 网络变化广播 >>>> intent.action=android.net.wifi.SCAN_RESULTS
05-30 11:40:28.221 E/ccc ( 3287): cccccc result is not empty call back
05-30 11:40:28.221 E/ccc ( 3287): cccccc 666666666666666
05-30 11:40:28.222 W/eventbuscore( 1453): post Event:com.dangbei.leard.base.entity.event.NetWifiRssiEvent
05-30 11:40:28.242 E/ccc ( 3287): cccccc sort 12 1
05-30 11:40:28.752 I/WifiHAL ( 531): call wifi_get_link_stats handler
05-30 11:40:28.752 I/WifiHAL ( 531): Creating message to get link statistics; iface = 16
05-30 11:40:28.752 D/WifiHAL ( 531): error code -95 mapped to -3
05-30 11:40:28.753 E/WifiStaIfaceAidlImpl( 720): getLinkLayerStats failed with service-specific exception: android.os.ServiceSpecificException: (code 4)
05-30 11:40:29.038 D/UtilLog ( 2643): 日志批量上报 进行正常循环 !!!!!!本次有0次请求,共0条数据
05-30 11:40:29.520 I/Utils ( 2113): getTargetIp #
05-30 11:40:29.521 I/Utils ( 2113): getTargetIp #
05-30 11:40:31.022 D/OomAdjuster( 720): Not killing cached processes
05-30 11:40:31.759 I/WifiHAL ( 531): call wifi_get_link_stats handler
05-30 11:40:31.759 I/WifiHAL ( 531): Creating message to get link statistics; iface = 16
05-30 11:40:31.759 D/WifiHAL ( 531): error code -95 mapped to -3
05-30 11:40:31.760 E/WifiStaIfaceAidlImpl( 720): getLinkLayerStats failed with service-specific exception: android.os.ServiceSpecificException: (code 4)
05-30 11:40:32.813 I/audio_hw_hal_alsamgr( 504): alsa format =0x9000000 delay frames =2048 total frames=27648000
05-30 11:40:32.813 I/audio_hw_hal_alsamgr( 504): alsa format =0xa000000 delay frames =8192 total frames=110592000
05-30 11:40:33.136 D/uninstall( 3054): isAllowStart last_delay 0, current_time 1748576433
05-30 11:40:33.136 I/uninstall( 3054): enable_service com.ktcp.video/com.tencent.qqlivetv.keeplive.proc.DaemonService com.ktcp.video/(null)
05-30 11:40:33.137 D/uninstall( 3054): enable_service waitpid
05-30 11:40:33.137 D/uninstall( 9339): enable_service pid == 0
05-30 11:40:33.137 D/uninstall( 9339): enable_service version >= 17 || version == 0 version == 34
05-30 11:40:33.183 I/uninstall( 3054): watchdaemon process_name = com.ktcp.video:daemon has gone, start it
05-30 11:40:33.183 D/uninstall( 3054): watchdaemon waitpid
05-30 11:40:33.183 D/uninstall( 9343): watchdaemon pid == 0
05-30 11:40:33.183 D/uninstall( 9343): watchdaemon version >= 17 || version == 0 version == 34
05-30 11:40:34.763 I/WifiHAL ( 531): call wifi_get_link_stats handler
05-30 11:40:34.763 I/WifiHAL ( 531): Creating message to get link statistics; iface = 16
05-30 11:40:34.763 D/WifiHAL ( 531): error code -95 mapped to -3
05-30 11:40:34.764 E/WifiStaIfaceAidlImpl( 720): getLinkLayerStats failed with service-specific exception: android.os.ServiceSpecificException: (code 4)
05-30 11:40:37.767 I/WifiHAL ( 531): call wifi_get_link_stats handler
05-30 11:40:37.767 I/WifiHAL ( 531): Creating message to get link statistics; iface = 16
05-30 11:40:37.768 D/WifiHAL ( 531): error code -95 mapped to -3
05-30 11:40:37.768 E/WifiStaIfaceAidlImpl( 720): getLinkLayerStats failed with service-specific exception: android.os.ServiceSpecificException: (code 4)
05-30 11:40:38.537 I/Utils ( 2113): getTargetIp #
05-30 11:40:38.537 I/Utils ( 2113): getTargetIp #
05-30 11:40:38.603 I/TDLog ( 2643): [APP] New data found, Submitting...
05-30 11:40:38.623 D/TrafficStats( 2643): tagSocket(108) with statsTag=0xffffffff, statsUid=-1
05-30 11:40:38.630 I/TDLog ( 2643): [APP] Failed to submit data!
05-30 11:40:39.039 D/UtilLog ( 2643): 日志批量上报 进行正常循环 !!!!!!本次有0次请求,共0条数据
05-30 11:40:40.771 I/WifiHAL ( 531): call wifi_get_link_stats handler
05-30 11:40:40.771 I/WifiHAL ( 531): Creating message to get link statistics; iface = 16
05-30 11:40:40.771 D/WifiHAL ( 531): error code -95 mapped to -3
05-30 11:40:40.772 E/WifiStaIfaceAidlImpl( 720): getLinkLayerStats failed with service-specific exception: android.os.ServiceSpecificException: (code 4)
05-30 11:40:43.259 D/uninstall( 3054): isAllowStart last_delay 0, current_time 1748576443
05-30 11:40:43.259 I/uninstall( 3054): enable_service com.ktcp.video/com.tencent.qqlivetv.keeplive.proc.DaemonService com.ktcp.video/(null)
05-30 11:40:43.260 D/uninstall( 3054): enable_service waitpid
05-30 11:40:43.260 D/uninstall( 9362): enable_service pid == 0
05-30 11:40:43.261 D/uninstall( 9362): enable_service version >= 17 || version == 0 version == 34
05-30 11:40:43.273 I/rainbow_flow( 8701): type=1400 audit(0.0:2018): avc: denied { ioctl } for path="/dev/spidev1.0" dev="tmpfs" ino=557 ioctlcmd=0x6b00 scontext=u:r:init:s0 tcontext=u:object_r:device:s0 tclass=chr_file permissive=1
05-30 11:40:43.303 I/uninstall( 3054): watchdaemon process_name = com.ktcp.video:daemon has gone, start it
05-30 11:40:43.304 D/uninstall( 3054): watchdaemon waitpid
05-30 11:40:43.304 D/uninstall( 9366): watchdaemon pid == 0
05-30 11:40:43.304 D/uninstall( 9366): watchdaemon version >= 17 || version == 0 version == 34
05-30 11:40:43.776 I/WifiHAL ( 531): call wifi_get_link_stats handler
05-30 11:40:43.776 I/WifiHAL ( 531): Creating message to get link statistics; iface = 16
05-30 11:40:43.776 D/WifiHAL ( 531): error code -95 mapped to -3
05-30 11:40:43.776 E/WifiStaIfaceAidlImpl( 720): getLinkLayerStats failed with service-specific exception: android.os.ServiceSpecificException: (code 4)
05-30 11:40:46.644 I/Utils ( 2113): getTargetIp #
05-30 11:40:46.644 I/Utils ( 2113): getTargetIp #
05-30 11:40:46.783 I/WifiHAL ( 531): call wifi_get_link_stats handler
05-30 11:40:46.783 I/WifiHAL ( 531): Creating message to get link statistics; iface = 16
05-30 11:40:46.783 D/WifiHAL ( 531): error code -95 mapped to -3
05-30 11:40:46.784 E/WifiStaIfaceAidlImpl( 720): getLinkLayerStats failed with service-specific exception: android.os.ServiceSpecificException: (code 4)
05-30 11:40:47.464 D/OomAdjuster( 720): Not killing cached processes
05-30 11:40:47.467 D/bbb ( 1736): onStartCommand begin !!!!!!! data分区剩余 50922MB
05-30 11:40:49.038 D/UtilLog ( 2643): 日志批量上报 进行正常循环 !!!!!!本次有0次请求,共0条数据
05-30 11:40:49.789 I/WifiHAL ( 531): call wifi_get_link_stats handler
05-30 11:40:49.789 I/WifiHAL ( 531): Creating message to get link statistics; iface = 16
05-30 11:40:49.789 D/WifiHAL ( 531): error code -95 mapped to -3
05-30 11:40:49.790 E/WifiStaIfaceAidlImpl( 720): getLinkLayerStats failed with service-specific exception: android.os.ServiceSpecificException: (code 4)
05-30 11:40:51.201 I/pool-36-thread-( 1453): type=1400 audit(0.0:2019): avc: denied { search } for name="net" dev="sysfs" ino=12345 scontext=u:r:system_app:s0 tcontext=u:object_r:sysfs_net:s0 tclass=dir permissive=1
05-30 11:40:51.210 I/dangbei ad sdk( 1453): ad manager report data::cache data size=0
05-30 11:40:51.201 I/pool-36-thread-( 1453): type=1400 audit(0.0:2020): avc: denied { read } for name="address" dev="sysfs" ino=22127 scontext=u:r:system_app:s0 tcontext=u:object_r:sysfs_net:s0 tclass=file permissive=1
05-30 11:40:51.201 I/pool-36-thread-( 1453): type=1400 audit(0.0:2021): avc: denied { open } for path="/sys/devices/virtual/net/dummy0/address" dev="sysfs" ino=22127 scontext=u:r:system_app:s0 tcontext=u:object_r:sysfs_net:s0 tclass=file permissive=1
05-30 11:40:51.201 I/pool-36-thread-( 1453): type=1400 audit(0.0:2022): avc: denied { getattr } for path="/sys/devices/virtual/net/dummy0/address" dev="sysfs" ino=22127 scontext=u:r:system_app:s0 tcontext=u:object_r:sysfs_net:s0 tclass=file permissive=1
05-30 11:40:51.241 D/TrafficStats( 1453): tagSocket(139) with statsTag=0xffffffff, statsUid=-1
05-30 11:40:51.777 D/dangbei ad sdk( 1453): HttpUtils.....::response={"msg":"no available advert","code":200}
05-30 11:40:52.462 I/audio_hw_hal_alsamgr( 504): alsa format =0x1 delay frames =768 total frames=29084160
05-30 11:40:52.795 I/WifiHAL ( 531): call wifi_get_link_stats handler
05-30 11:40:52.795 I/WifiHAL ( 531): Creating message to get link statistics; iface = 16
05-30 11:40:52.796 D/WifiHAL ( 531): error code -95 mapped to -3
05-30 11:40:52.796 E/WifiStaIfaceAidlImpl( 720): getLinkLayerStats failed with service-specific exception: android.os.ServiceSpecificException: (code 4)
05-30 11:40:53.404 D/uninstall( 3054): isAllowStart last_delay 0, current_time 1748576453
05-30 11:40:53.404 I/uninstall( 3054): enable_service com.ktcp.video/com.tencent.qqlivetv.keeplive.proc.DaemonService com.ktcp.video/(null)
05-30 11:40:53.405 D/uninstall( 3054): enable_service waitpid
05-30 11:40:53.405 D/uninstall( 9395): enable_service pid == 0
05-30 11:40:53.406 D/uninstall( 9395): enable_service version >= 17 || version == 0 version == 34
05-30 11:40:53.451 I/uninstall( 3054): watchdaemon process_name = com.ktcp.video:daemon has gone, start it
05-30 11:40:53.452 D/uninstall( 3054): watchdaemon waitpid
05-30 11:40:53.452 D/uninstall( 9399): watchdaemon pid == 0
05-30 11:40:53.452 D/uninstall( 9399): watchdaemon version >= 17 || version == 0 version == 34
05-30 11:40:53.672 I/Utils ( 2113): getTargetIp #
05-30 11:40:53.672 I/Utils ( 2113): getTargetIp #
05-30 11:40:55.331 D/XM_HIDREAD( 1873): poll ret=1, event=1
05-30 11:40:55.332 D/XM_HIDREAD( 1873): [9 bytes]:01 00 00 29 00 00 00 00 00
05-30 11:40:55.335 I/SogouIME( 1431): onKeyDown: keyoCode=4
05-30 11:40:55.335 I/DefaultIMS( 1431): onKeyDown: keyoCode=4
05-30 11:40:55.489 D/XM_HIDREAD( 1873): poll ret=1, event=1
05-30 11:40:55.489 D/XM_HIDREAD( 1873): [9 bytes]:01 00 00 00 00 00 00 00 00
05-30 11:40:55.491 I/SogouIME( 1431): onKeyUp: keyoCode=4
05-30 11:40:55.491 I/DefaultIMS( 1431): onKeyUp: keyoCode=4
05-30 11:40:55.520 W/View ( 3287): requestLayout() improperly called by com.google.android.material.textview.MaterialTextView{9b2639b V.ED..... ..S...ID 80,30-298,70 #7f0901c7 app:id/leaf_net_item_name_tv} during layout: running second layout pass
05-30 11:40:55.802 I/WifiHAL ( 531): call wifi_get_link_stats handler
05-30 11:40:55.802 I/WifiHAL ( 531): Creating message to get link statistics; iface = 16
05-30 11:40:55.802 D/WifiHAL ( 531): error code -95 mapped to -3
05-30 11:40:55.803 E/WifiStaIfaceAidlImpl( 720): getLinkLayerStats failed with service-specific exception: android.os.ServiceSpecificException: (code 4)
05-30 11:40:56.816 D/XM_HIDREAD( 1873): poll ret=1, event=1
05-30 11:40:56.817 D/XM_HIDREAD( 1873): [9 bytes]:01 00 00 51 00 00 00 00 00
05-30 11:40:56.819 I/SogouIME( 1431): onKeyDown: keyoCode=20
05-30 11:40:56.819 I/DefaultIMS( 1431): onKeyDown: keyoCode=20
05-30 11:40:56.917 D/XM_HIDREAD( 1873): poll ret=1, event=1
05-30 11:40:56.917 D/XM_HIDREAD( 1873): [9 bytes]:01 00 00 00 00 00 00 00 00
05-30 11:40:56.919 I/SogouIME( 1431): onKeyUp: keyoCode=20
05-30 11:40:56.920 I/DefaultIMS( 1431): onKeyUp: keyoCode=20
05-30 11:40:57.367 D/XM_HIDREAD( 1873): poll ret=1, event=1
05-30 11:40:57.368 D/XM_HIDREAD( 1873): [9 bytes]:01 00 00 52 00 00 00 00 00
05-30 11:40:57.370 I/SogouIME( 1431): onKeyDown: keyoCode=19
05-30 11:40:57.370 I/DefaultIMS( 1431): onKeyDown: keyoCode=19
05-30 11:40:57.503 D/XM_HIDREAD( 1873): poll ret=1, event=1
05-30 11:40:57.503 D/XM_HIDREAD( 1873): [9 bytes]:01 00 00 00 00 00 00 00 00
05-30 11:40:57.505 I/SogouIME( 1431): onKeyUp: keyoCode=19
05-30 11:40:57.505 I/DefaultIMS( 1431): onKeyUp: keyoCode=19
05-30 11:40:58.166 D/XM_HIDREAD( 1873): poll ret=1, event=1
05-30 11:40:58.166 D/XM_HIDREAD( 1873): [9 bytes]:01 00 00 4F 00 00 00 00 00
05-30 11:40:58.168 I/SogouIME( 1431): onKeyDown: keyoCode=22
05-30 11:40:58.169 I/DefaultIMS( 1431): onKeyDown: keyoCode=22
05-30 11:40:58.244 I/WifiService( 720): startScan uid=1000
05-30 11:40:58.248 E/ccc ( 3287): cccccc i will start scan
05-30 11:40:58.258 D/InstantWifi( 720): Drop, size: 2
05-30 11:40:58.313 D/XM_HIDREAD( 1873): poll ret=1, event=1
05-30 11:40:58.313 D/XM_HIDREAD( 1873): [9 bytes]:01 00 00 00 00 00 00 00 00
05-30 11:40:58.315 I/SogouIME( 1431): onKeyUp: keyoCode=22
05-30 11:40:58.315 I/DefaultIMS( 1431): onKeyUp: keyoCode=22
05-30 11:40:58.726 I/Utils ( 2113): getTargetIp #
05-30 11:40:58.727 I/Utils ( 2113): getTargetIp #
05-30 11:40:58.807 I/WifiHAL ( 531): call wifi_get_link_stats handler
05-30 11:40:58.807 I/WifiHAL ( 531): Creating message to get link statistics; iface = 16
05-30 11:40:58.807 D/WifiHAL ( 531): error code -95 mapped to -3
05-30 11:40:58.808 E/WifiStaIfaceAidlImpl( 720): getLinkLayerStats failed with service-specific exception: android.os.ServiceSpecificException: (code 4)
05-30 11:40:59.039 D/UtilLog ( 2643): 日志批量上报 进行正常循环 !!!!!!本次有0次请求,共0条数据
05-30 11:40:59.134 D/XM_HIDREAD( 1873): poll ret=1, event=1
05-30 11:40:59.134 D/XM_HIDREAD( 1873): [9 bytes]:01 00 00 51 00 00 00 00 00
05-30 11:40:59.137 I/SogouIME( 1431): onKeyDown: keyoCode=20
05-30 11:40:59.137 I/DefaultIMS( 1431): onKeyDown: keyoCode=20
05-30 11:40:59.314 D/XM_HIDREAD( 1873): poll ret=1, event=1
05-30 11:40:59.314 D/XM_HIDREAD( 1873): [9 bytes]:01 00 00 00 00 00 00 00 00
05-30 11:40:59.317 I/SogouIME( 1431): onKeyUp: keyoCode=20
05-30 11:40:59.317 I/DefaultIMS( 1431): onKeyUp: keyoCode=20
05-30 11:41:01.103 D/XM_HIDREAD( 1873): poll ret=1, event=1
05-30 11:41:01.103 D/XM_HIDREAD( 1873): [9 bytes]:01 00 00 29 00 00 00 00 00
05-30 11:41:01.105 I/SogouIME( 1431): onKeyDown: keyoCode=4
05-30 11:41:01.105 I/DefaultIMS( 1431): onKeyDown: keyoCode=4
05-30 11:41:01.124 I/ActivityManager( 720): Killing 1278:com.android.tv.settings/1000 (adj 985): empty #17
05-30 11:41:01.125 I/ActivityManager( 720): Killing 1923:com.android.localtransport/1000 (adj 985): empty #18
05-30 11:41:01.126 I/ActivityManager( 720): Killing 1845:com.android.externalstorage/u0a19 (adj 995): empty #19
05-30 11:41:01.126 I/ActivityManager( 720): Killing 1571:android.process.acore/u0a16 (adj 995): empty #20
05-30 11:41:01.126 I/ActivityManager( 720): Killing 1515:com.android.keychain/1000 (adj 999): empty #21
05-30 11:41:01.127 I/ActivityManager( 720): Killing 1486:com.android.music/u0a49 (adj 999): empty #22
05-30 11:41:01.159 I/Zygote ( 493): Process 1923 exited due to signal 9 (Killed)
05-30 11:41:01.160 I/ActivityManager( 720): Killing 1666:com.antutu.ABenchMark.lite/u0a86 (adj 985): empty #17
05-30 11:41:01.161 W/ProcessStats( 720): Tracking association SourceState{8907474 com.ktcp.video:daemon/10091 Fgs #776} whose proc state 3 is better than process ProcessState{a8eb676 com.ktcp.video/10091 pkg=com.ktcp.video} proc state 10 (13 skipped)
05-30 11:41:01.163 I/libprocessgroup( 720): Successfully killed process cgroup uid 1000 pid 1278 in 37ms
05-30 11:41:01.260 D/XM_HIDREAD( 1873): poll ret=1, event=1
05-30 11:41:01.260 D/XM_HIDREAD( 1873): [9 bytes]:01 00 00 00 00 00 00 00 00
05-30 11:41:01.262 I/SogouIME( 1431): onKeyUp: keyoCode=4
05-30 11:41:01.262 I/DefaultIMS( 1431): onKeyUp: keyoCode=4
05-30 11:41:01.266 V/WindowManagerShell( 950): Transition requested: android.os.BinderProxy@e7f589c TransitionRequestInfo { type = 2, triggerTask = TaskInfo{userId=0 taskId=253 displayId=0 isRunning=false baseIntent=Intent { dat=haqu://setting:8080/... flg=0x10000000 pkg=com.dangbei.haqusetting cmp=com.dangbei.haqusetting/.ui.HomeActivity } baseActivity=null topActivity=null origActivity=null realActivity=ComponentInfo{com.dangbei.haqusetting/com.dangbei.haqusetting.ui.HomeActivity} numActivities=0 lastActiveTime=487188 supportsMultiWindow=true resizeMode=1 isResizeable=true minWidth=-1 minHeight=-1 defaultMinSize=220 token=WCT{android.window.IWindowContainerToken$Stub$Proxy@de072a5} topActivityType=1 pictureInPictureParams=null shouldDockBigOverlays=false launchIntoPipHostTaskId=-1 lastParentTaskIdBeforePip=-1 displayCutoutSafeInsets=null topActivityInfo=null launchCookies=[] positionInParent=Point(0, 0) parentTaskId=-1 isFocused=true isVisible=true isVisibleRequested=true isSleeping=false topActivityInSizeCompat=false topActivityEligibleForLetterboxEducation= false isLetterboxDoubleTapEnabled= false topActivityEligibleForUserAspectRatioButton= false topActivityBoundsLetterboxed= false isFromLetterboxDoubleTap= false topActivityLetterboxVerticalPosition= -1 topActivityLetterboxHorizontalPosition= -1 topActivityLetterboxWidth=-1 topActivityLetterboxHeight=-1 isUserFullscreenOverrideEnabled=false isTopActivityTransparent=false locusId=null displayAreaFeatureId=1 cameraCompatControlState=hidden}, remoteTransition = null, displayChange = null, flags = 0 }
05-30 11:41:01.277 V/WindowManager( 720): app ------------- force_land :0
05-30 11:41:01.284 I/hq ( 1453): 当小贝:::showMessage from=mActivityLifecycleCallbacks
05-30 11:41:01.286 V/WindowManagerShell( 950): onTransitionReady android.os.BinderProxy@e7f589c: {id=13 t=CLOSE f=0x0 trk=0 r=[0@Point(0, 0)] c=[{WCT{android.window.IWindowContainerToken$Stub$Proxy@5776288} m=CLOSE f=TRANSLUCENT leash=Surface(name=Task=253)/@0xc1d467a sb=Rect(0, 0 - 1920, 1080) eb=Rect(0, 0 - 1920, 1080) d=0}]}
05-30 11:41:01.286 I/hq ( 1453): 当小贝:::showMessage 没有消息需要显示
05-30 11:41:01.286 V/WindowManagerShell( 950): Playing animation for (#13)android.os.BinderProxy@e7f589c@0
05-30 11:41:01.286 V/WindowManagerShell( 950): try handler com.android.wm.shell.keyguard.KeyguardTransitionHandler@2963747
05-30 11:41:01.287 V/WindowManagerShell( 950): try handler com.android.wm.shell.pip.tv.TvPipTransition@6b75b74
05-30 11:41:01.287 V/WindowManagerShell( 950): try handler com.android.wm.shell.activityembedding.ActivityEmbeddingController@9a7789d
05-30 11:41:01.287 V/WindowManagerShell( 950): try handler com.android.wm.shell.transition.RemoteTransitionHandler@97c6112
05-30 11:41:01.287 V/WindowManagerShell( 950): Transition doesn't have explicit remote, search filters for match for {id=13 t=CLOSE f=0x0 trk=0 r=[0@Point(0, 0)] c=[{WCT{android.window.IWindowContainerToken$Stub$Proxy@5776288} m=CLOSE f=TRANSLUCENT leash=Surface(name=Task=253)/@0xc1d467a sb=Rect(0, 0 - 1920, 1080) eb=Rect(0, 0 - 1920, 1080) d=0}]}
05-30 11:41:01.287 V/WindowManagerShell( 950): Delegate animation for #13 to null
05-30 11:41:01.287 V/WindowManagerShell( 950): try handler com.android.wm.shell.transition.DefaultTransitionHandler@57500e3
05-30 11:41:01.287 V/WindowManager( 720): Sent Transition #13 createdAt=05-30 11:41:01.265 via request=TransitionRequestInfo { type = 2, triggerTask = TaskInfo{userId=0 taskId=253 displayId=0 isRunning=false baseIntent=Intent { dat=haqu://setting:8080/... flg=0x10000000 pkg=com.dangbei.haqusetting cmp=com.dangbei.haqusetting/.ui.HomeActivity } baseActivity=null topActivity=null origActivity=null realActivity=ComponentInfo{com.dangbei.haqusetting/com.dangbei.haqusetting.ui.HomeActivity} numActivities=0 lastActiveTime=487188 supportsMultiWindow=true resizeMode=1 isResizeable=true minWidth=-1 minHeight=-1 defaultMinSize=220 token=WCT{RemoteToken{3808087 Task{39de9ee #253 type=standard A=1000:com.dangbei.haqusetting}}} topActivityType=1 pictureInPictureParams=null shouldDockBigOverlays=false launchIntoPipHostTaskId=-1 lastParentTaskIdBeforePip=-1 displayCutoutSafeInsets=null topActivityInfo=null launchCookies=[] positionInParent=Point(0, 0) parentTaskId=-1 isFocused=true isVisible=true isVisibleRequested=true isSleeping=false topActivityInSizeCompat=false topActivityEligibleForLetterboxEducation= false isLetterboxDoubleTapEnabled= false topActivityEligibleForUserAspectRatioButton= false topActivityBoundsLetterboxed= false isFromLetterboxDoubleTap= false topActivityLetterboxVerticalPosition= -1 topActivityLetterboxHorizontalPosition= -1 topActivityLetterboxWidth=-1 topActivityLetterboxHeight=-1 isUserFullscreenOverrideEnabled=false isTopActivityTransparent=false locusId=null displayAreaFeatureId=1 cameraCompatControlState=hidden}, remoteTransition = null, displayChange = null, flags = 0 }
05-30 11:41:01.287 V/WindowManager( 720): startWCT=WindowContainerTransaction { changes = {} hops = [] errorCallbackToken=null taskFragmentOrganizer=null }
05-30 11:41:01.287 V/WindowManager( 720): info={id=13 t=CLOSE f=0x0 trk=0 r=[0@Point(0, 0)] c=[{WCT{RemoteToken{3808087 Task{39de9ee #253 type=standard A=1000:com.dangbei.haqusetting}}} m=CLOSE f=TRANSLUCENT leash=Surface(name=Task=253)/@0x3bf8708 sb=Rect(0, 0 - 1920, 1080) eb=Rect(0, 0 - 1920, 1080) d=0}]}
05-30 11:41:01.287 W/ActivityTaskManager( 720): Finishing task with all activities already finished
05-30 11:41:01.287 W/ActivityTaskManager( 720): Duplicate finish request for r=ActivityRecord{806b69 u0 com.dangbei.haqusetting/.ui.HomeActivity t253 f}}
05-30 11:41:01.288 V/WindowManagerShell( 950): start default transition animation, info = {id=13 t=CLOSE f=0x0 trk=0 r=[0@Point(0, 0)] c=[{WCT{android.window.IWindowContainerToken$Stub$Proxy@5776288} m=CLOSE f=TRANSLUCENT leash=Surface(name=Task=253)/@0xc1d467a sb=Rect(0, 0 - 1920, 1080) eb=Rect(0, 0 - 1920, 1080) d=0}]}
05-30 11:41:01.289 V/WindowManagerShell( 950): loadAnimation: anim=android.view.animation.AlphaAnimation@10a9421 animAttr=0x7 type=CLOSE isEntrance=false
05-30 11:41:01.291 V/WindowManagerShell( 950): animated by com.android.wm.shell.transition.DefaultTransitionHandler@57500e3
05-30 11:41:01.303 I/Zygote ( 493): Process 1515 exited due to signal 9 (Killed)
05-30 11:41:01.305 W/SQLiteLog( 1453): (28) double-quoted string literal: "UjftmJwNeB//pVBx7mhtEenOX8XNNWVvfn72BXy8l/lNJS41HoBvvtfNuZ85f5hJ4/uezyehjjN8
05-30 11:41:01.305 W/SQLiteLog( 1453): KzFvUjmLaw==
05-30 11:41:01.305 W/SQLiteLog( 1453): "
05-30 11:41:01.305 W/SQLiteLog( 1453): (28) double-quoted string literal: "8F2A35AAF5173D4F69A1C4FA215773D5"
05-30 11:41:01.306 W/SQLiteLog( 1453): (28) double-quoted string literal: "1748523127256"
05-30 11:41:01.306 W/SQLiteLog( 1453): (28) double-quoted string literal: "8F2A35AAF5173D4F69A1C4FA215773D5"
05-30 11:41:01.312 I/ImeTracker( 720): com.dangbei.leard.leradlauncher:8954c42c: onRequestHide at ORIGIN_SERVER_HIDE_INPUT reason HIDE_UNSPECIFIED_WINDOW
05-30 11:41:01.313 I/ImeTracker( 720): com.dangbei.leard.leradlauncher:8954c42c: onCancelled at PHASE_SERVER_SHOULD_HIDE
05-30 11:41:01.315 I/DefaultIMS( 1431): onStartInput attribute=android.view.inputmethod.EditorInfo@98a2fcd restarting=false inputType: 0
05-30 11:41:01.319 W/SQLiteLog( 1453): (28) double-quoted string literal: "1748523127256"
05-30 11:41:01.319 W/SQLiteLog( 1453): (28) double-quoted string literal: "0"
05-30 11:41:01.319 W/SQLiteLog( 1453): (28) double-quoted string literal: ""
05-30 11:41:01.319 W/SQLiteLog( 1453): (28) double-quoted string literal: ""
05-30 11:41:01.319 W/SQLiteLog( 1453): (28) double-quoted string literal: "8F2A35AAF5173D4F69A1C4FA215773D5"
05-30 11:41:01.333 D/DisplayManagerService( 720): Drop pending events for gone uid 10019
05-30 11:41:01.344 I/Zygote ( 493): Process 1845 exited due to signal 9 (Killed)
05-30 11:41:01.360 I/MediaSessionStack( 720): removeSession | record: com.android.music/MediaPlaybackService (userId=0)
05-30 11:41:01.361 V/MediaPlayerList( 1046): onActiveSessionsChanged: number of controllers: 0
05-30 11:41:01.361 D/DisplayManagerService( 720): Drop pending events for gone uid 10049
05-30 11:41:01.362 D/AvrcpTargetJni( 1046): sendPlayerSettingsNative
05-30 11:41:01.362 I/bt_stack( 1046): [INFO:avrcp_service.cc(551)] virtual void bluetooth::avrcp::AvrcpService::SendPlayerSettingsChanged(std::vector, std::vector)
05-30 11:41:01.362 I/bt_stack( 1046): [INFO:avrcp_service.cc(565)] attribute=PlayerAttribute::REPEAT : value=PlayerRepeatValue::OFF
05-30 11:41:01.362 I/bt_stack( 1046): attribute=PlayerAttribute::SHUFFLE : value=PlayerShuffleValue::OFF
05-30 11:41:01.362 I/bt_stack( 1046):
05-30 11:41:01.367 E/d.leradlauncher( 1453): Invalid resource ID 0x00000000.
05-30 11:41:01.369 D/DisplayManagerService( 720): Drop pending events for gone uid 10016
05-30 11:41:01.370 D/CountryDetector( 720): No listener is left
05-30 11:41:01.377 W/ContextImpl( 720): Calling a method in the system process without a qualified user: android.app.ContextImpl.startService:1899 com.android.server.wm.DisplayPolicy.lambda$focusChangedLw$5:2126 com.android.server.wm.DisplayPolicy.$r8$lambda$Znxk63oh-WzVnzo_WQefN7uxV48:0 com.android.server.wm.DisplayPolicy$$ExternalSyntheticLambda13.run:0 android.os.Handler.handleCallback:958
05-30 11:41:01.379 D/aaa ( 1665): LedStatusService onStartCommand begin
05-30 11:41:01.380 I/Zygote ( 493): Process 1486 exited due to signal 9 (Killed)
05-30 11:41:01.380 D/WindowManagerShell( 950): TvPipController: onTaskStackChanged()
05-30 11:41:01.381 D/aaa ( 1665): topPkg is -------------- :com.dangbei.leard.leradlauncher
05-30 11:41:01.386 D/aaa ( 1665): WiFi is connect
05-30 11:41:01.386 I/Zygote ( 493): Process 1571 exited due to signal 9 (Killed)
05-30 11:41:01.397 D/TrafficStats( 1453): tagSocket(135) with statsTag=0xffffffff, statsUid=-1
05-30 11:41:01.398 D/TrafficStats( 1453): tagSocket(178) with statsTag=0xffffffff, statsUid=-1
05-30 11:41:01.408 D/BluetoothAdapterService( 1046): cancelDiscovery
05-30 11:41:01.408 I/bt_btif_dm( 1046): packages/modules/Bluetooth/system/btif/src/btif_dm.cc:2470 btif_dm_cancel_discovery: Cancel search
05-30 11:41:01.408 I/bluetooth( 1046): packages/modules/Bluetooth/system/bta/dm/bta_dm_main.cc:96 bta_dm_search_sm_execute: state:BTA_DM_SEARCH_IDLE, event:BTA_DM_API_SEARCH_CANCEL_EVT[0x201]
05-30 11:41:01.410 W/WindowOnBackDispatcher( 3287): sendCancelIfRunning: isInProgress=falsecallback=android.view.ViewRootImpl$$ExternalSyntheticLambda17@bd1525a
05-30 11:41:01.411 D/CoreBackPreview( 720): Window{6ab5525 u0 com.dangbei.haqusetting/com.dangbei.haqusetting.ui.HomeActivity}: Setting back callback null
05-30 11:41:01.417 W/InputManager-JNI( 720): Input channel object '6ab5525 com.dangbei.haqusetting/com.dangbei.haqusetting.ui.HomeActivity (client)' was disposed without first being removed with the input manager!
05-30 11:41:01.423 D/CompatibilityChangeReporter( 1453): Compat change id reported: 247079863; UID 1000; state: DISABLED
05-30 11:41:01.432 W/SQLiteLog( 1453): (28) double-quoted string literal: "EFBEBB63CA8C1B1AC1955B4C8F5D573A"
05-30 11:41:01.432 W/SQLiteLog( 1453): (28) double-quoted string literal: "E258FE98CB4B63BC06242B04F95275F3"
05-30 11:41:01.432 W/SQLiteLog( 1453): (28) double-quoted string literal: "D982617F0A2B46707DE4B426AB5C4C0E"
05-30 11:41:01.432 W/SQLiteLog( 1453): (28) double-quoted string literal: "8F2A35AAF5173D4F69A1C4FA215773D5"
05-30 11:41:01.432 W/SQLiteLog( 1453): (28) double-quoted string literal: "4A12621C552E4EA5709F7CD7D83B8710"
05-30 11:41:01.436 W/SQLiteLog( 1453): (28) double-quoted string literal: "4A12621C552E4EA5709F7CD7D83B8710"
05-30 11:41:01.436 W/SQLiteLog( 1453): (28) double-quoted string literal: ""
05-30 11:41:01.436 W/SQLiteLog( 1453): (28) double-quoted string literal: "4A12621C552E4EA5709F7CD7D83B8710"
05-30 11:41:01.436 W/SQLiteLog( 1453): (28) double-quoted string literal: "-1"
05-30 11:41:01.442 D/XM_HIDREAD( 1873): poll ret=1, event=1
05-30 11:41:01.442 D/XM_HIDREAD( 1873): [9 bytes]:01 00 00 29 00 00 00 00 00
05-30 11:41:01.443 I/SogouIME( 1431): onKeyDown: keyoCode=4
05-30 11:41:01.443 I/DefaultIMS( 1431): onKeyDown: keyoCode=4
05-30 11:41:01.444 E/SecondScreen( 1453): FirstScreenLayoutView dispatchKeyEvent 4
05-30 11:41:01.464 I/DefaultIMS( 1431): onStartInput attribute=android.view.inputmethod.EditorInfo@ff50082 restarting=false inputType: 0
05-30 11:41:01.469 W/ActivityManager( 720): setHasOverlayUi called on unknown pid: 1278
05-30 11:41:01.474 I/Zygote ( 493): Process 1278 exited due to signal 9 (Killed)
05-30 11:41:01.475 I/libprocessgroup( 720): Successfully killed process cgroup uid 1000 pid 1923 in 0ms
05-30 11:41:01.476 I/libprocessgroup( 720): Successfully killed process cgroup uid 10019 pid 1845 in 0ms
05-30 11:41:01.476 I/libprocessgroup( 720): Successfully killed process cgroup uid 10016 pid 1571 in 0ms
05-30 11:41:01.477 I/libprocessgroup( 720): Successfully killed process cgroup uid 1000 pid 1515 in 0ms
05-30 11:41:01.477 I/libprocessgroup( 720): Successfully killed process cgroup uid 10049 pid 1486 in 0ms
05-30 11:41:01.477 I/libprocessgroup( 720): Successfully killed process cgroup uid 10086 pid 1666 in 0ms
05-30 11:41:01.481 W/SQLiteLog( 1453): (28) double-quoted string literal: "8F69CD5E7955D51CC91C19B736E434E5"
05-30 11:41:01.482 W/SQLiteLog( 1453): (28) double-quoted string literal: "EFBEBB63CA8C1B1AC1955B4C8F5D573A"
05-30 11:41:01.482 W/SQLiteLog( 1453): (28) double-quoted string literal: "E258FE98CB4B63BC06242B04F95275F3"
05-30 11:41:01.482 W/SQLiteLog( 1453): (28) double-quoted string literal: "8F2A35AAF5173D4F69A1C4FA215773D5"
05-30 11:41:01.490 D/MobclickAgent( 1453): 创建新会话: 4A12621C552E4EA5709F7CD7D83B8710
05-30 11:41:01.526 D/ConnectivityService( 720): releasing NetworkRequest [ REQUEST id=45, [ Capabilities: INTERNET&NOT_RESTRICTED&TRUSTED&NOT_VCN_MANAGED Uid: 10086 RequestorUid: 10086 RequestorPkg: com.antutu.ABenchMark.lite UnderlyingNetworks: Null] ] (release request)
05-30 11:41:01.528 I/Zygote ( 493): Process 1666 exited due to signal 9 (Killed)
05-30 11:41:01.545 D/TrafficStats( 1453): tagSocket(149) with statsTag=0xffffffff, statsUid=-1
05-30 11:41:01.549 E/IM-VIDEO( 2113): [KEPLER_TP_STANDARD] tasks = 60, actives = 2, largest pool size =7
05-30 11:41:01.549 D/IM-VIDEO( 2113): Q> ConnState onPingSuccess
05-30 11:41:01.549 D/IM-VIDEO( 2113): Broadcast sendTo: com.earth.hotchat.connect.ping.success
05-30 11:41:01.549 I/CONNECTOR( 2113): Sent(3): 070000
05-30 11:41:01.564 D/XM_HIDREAD( 1873): poll ret=1, event=1
05-30 11:41:01.564 D/XM_HIDREAD( 1873): [9 bytes]:01 00 00 00 00 00 00 00 00
05-30 11:41:01.581 I/SogouIME( 1431): onKeyUp: keyoCode=4
05-30 11:41:01.581 I/DefaultIMS( 1431): onKeyUp: keyoCode=4
05-30 11:41:01.589 E/SecondScreen( 1453): FirstScreenLayoutView dispatchKeyEvent 4
05-30 11:41:01.705 V/WindowManagerShell( 950): Transition animation finished (aborted=false), notifying core (#13)android.os.BinderProxy@e7f589c@0
05-30 11:41:01.710 V/WindowManager( 720): Finish Transition #13: created at
05-30 11:41:01.265 collect-started=0.075ms request-sent=0.265ms started=4.904ms ready=14.174ms sent=19.333ms finished=444.236ms
05-30 11:41:01.717 V/WindowManagerShell( 950): Track 0 became idle
05-30 11:41:01.717 V/WindowManagerShell( 950): All active transition animations finished
05-30 11:41:01.811 I/WifiHAL ( 531): call wifi_get_link_stats handler
05-30 11:41:01.811 I/WifiHAL ( 531): Creating message to get link statistics; iface = 16
05-30 11:41:01.811 D/WifiHAL ( 531): error code -95 mapped to -3
05-30 11:41:01.812 E/WifiStaIfaceAidlImpl( 720): getLinkLayerStats failed with service-specific exception: android.os.ServiceSpecificException: (code 4)
05-30 11:41:02.003 D/TrafficStats( 1453): tagSocket(135) with statsTag=0xffffffff, statsUid=-1
05-30 11:41:02.213 D/WifiNl80211Manager( 720): Scan result ready event
05-30 11:41:02.213 D/WifiNative( 720): Scan result ready event
05-30 11:41:02.218 D/PasspointManager( 720): ANQP entry not found for: 10:7c:61:1a:4b:94:<5G>
05-30 11:41:02.220 I/WifiHAL ( 531): call wifi_get_link_stats handler
05-30 11:41:02.220 I/WifiHAL ( 531): Creating message to get link statistics; iface = 16
05-30 11:41:02.220 D/WifiHAL ( 531): error code -95 mapped to -3
05-30 11:41:02.220 E/hq ( 1453): NetWorkStateReceiver:::NetWorkStateReceiver onReceive: 网络变化广播 >>>> intent.action=android.net.wifi.SCAN_RESULTS
05-30 11:41:02.221 E/WifiStaIfaceAidlImpl( 720): getLinkLayerStats failed with service-specific exception: android.os.ServiceSpecificException: (code 4)
05-30 11:41:02.225 W/eventbuscore( 1453): post Event:com.dangbei.leard.base.entity.event.NetWifiRssiEvent
05-30 11:41:02.251 D/XM_HIDREAD( 1873): poll ret=1, event=1
05-30 11:41:02.251 D/XM_HIDREAD( 1873): [9 bytes]:01 00 00 52 00 00 00 00 00
05-30 11:41:02.254 I/SogouIME( 1431): onKeyDown: keyoCode=19
05-30 11:41:02.254 I/DefaultIMS( 1431): onKeyDown: keyoCode=19
05-30 11:41:02.254 E/SecondScreen( 1453): FirstScreenLayoutView dispatchKeyEvent 19
05-30 11:41:02.396 D/XM_HIDREAD( 1873): poll ret=1, event=1
05-30 11:41:02.396 D/XM_HIDREAD( 1873): [9 bytes]:01 00 00 00 00 00 00 00 00
05-30 11:41:02.399 I/SogouIME( 1431): onKeyUp: keyoCode=19
05-30 11:41:02.399 I/DefaultIMS( 1431): onKeyUp: keyoCode=19
05-30 11:41:02.400 E/SecondScreen( 1453): FirstScreenLayoutView dispatchKeyEvent 19
05-30 11:41:02.790 D/XM_HIDREAD( 1873): poll ret=1, event=1
05-30 11:41:02.790 D/XM_HIDREAD( 1873): [9 bytes]:01 00 00 4F 00 00 00 00 00
05-30 11:41:02.794 I/SogouIME( 1431): onKeyDown: keyoCode=22
05-30 11:41:02.794 I/DefaultIMS( 1431): onKeyDown: keyoCode=22
05-30 11:41:02.794 E/SecondScreen( 1453): FirstScreenLayoutView dispatchKeyEvent 22
05-30 11:41:02.880 D/XM_HIDREAD( 1873): poll ret=1, event=1
05-30 11:41:02.880 D/XM_HIDREAD( 1873): [9 bytes]:01 00 00 00 00 00 00 00 00
05-30 11:41:02.882 I/SogouIME( 1431): onKeyUp: keyoCode=22
05-30 11:41:02.882 I/DefaultIMS( 1431): onKeyUp: keyoCode=22
05-30 11:41:02.882 E/SecondScreen( 1453): FirstScreenLayoutView dispatchKeyEvent 22
05-30 11:41:03.004 D/XM_HIDREAD( 1873): poll ret=1, event=1
05-30 11:41:03.004 D/XM_HIDREAD( 1873): [9 bytes]:01 00 00 4F 00 00 00 00 00
05-30 11:41:03.009 I/SogouIME( 1431): onKeyDown: keyoCode=22
05-30 11:41:03.009 I/DefaultIMS( 1431): onKeyDown: keyoCode=22
05-30 11:41:03.010 E/SecondScreen( 1453): FirstScreenLayoutView dispatchKeyEvent 22
05-30 11:41:03.094 D/XM_HIDREAD( 1873): poll ret=1, event=1
05-30 11:41:03.094 D/XM_HIDREAD( 1873): [9 bytes]:01 00 00 00 00 00 00 00 00
05-30 11:41:03.095 I/SogouIME( 1431): onKeyUp: keyoCode=22
05-30 11:41:03.096 I/DefaultIMS( 1431): onKeyUp: keyoCode=22
05-30 11:41:03.096 E/SecondScreen( 1453): FirstScreenLayoutView dispatchKeyEvent 22
05-30 11:41:03.477 D/XM_HIDREAD( 1873): poll ret=1, event=1
05-30 11:41:03.477 D/XM_HIDREAD( 1873): [9 bytes]:01 00 00 4F 00 00 00 00 00
05-30 11:41:03.479 I/SogouIME( 1431): onKeyDown: keyoCode=22
05-30 11:41:03.479 I/DefaultIMS( 1431): onKeyDown: keyoCode=22
05-30 11:41:03.480 E/SecondScreen( 1453): FirstScreenLayoutView dispatchKeyEvent 22
05-30 11:41:03.533 D/uninstall( 3054): isAllowStart last_delay 0, current_time 1748576463
05-30 11:41:03.533 I/uninstall( 3054): enable_service com.ktcp.video/com.tencent.qqlivetv.keeplive.proc.DaemonService com.ktcp.video/(null)
05-30 11:41:03.534 D/uninstall( 3054): enable_service waitpid
05-30 11:41:03.534 D/uninstall( 9433): enable_service pid == 0
05-30 11:41:03.534 D/uninstall( 9433): enable_service version >= 17 || version == 0 version == 34
05-30 11:41:03.577 D/XM_HIDREAD( 1873): poll ret=1, event=1
05-30 11:41:03.577 D/XM_HIDREAD( 1873): [9 bytes]:01 00 00 00 00 00 00 00 00
05-30 11:41:03.579 I/SogouIME( 1431): onKeyUp: keyoCode=22
05-30 11:41:03.580 I/DefaultIMS( 1431): onKeyUp: keyoCode=22
05-30 11:41:03.580 E/SecondScreen( 1453): FirstScreenLayoutView dispatchKeyEvent 22
05-30 11:41:03.580 I/uninstall( 3054): watchdaemon process_name = com.ktcp.video:daemon has gone, start it
05-30 11:41:03.581 D/uninstall( 3054): watchdaemon waitpid
05-30 11:41:03.581 D/uninstall( 9437): watchdaemon pid == 0
05-30 11:41:03.581 D/uninstall( 9437): watchdaemon version >= 17 || version == 0 version == 34
05-30 11:41:04.073 D/XM_HIDREAD( 1873): poll ret=1, event=1
05-30 11:41:04.073 D/XM_HIDREAD( 1873): [9 bytes]:01 00 00 4F 00 00 00 00 00
05-30 11:41:04.077 I/SogouIME( 1431): onKeyDown: keyoCode=22
05-30 11:41:04.077 I/DefaultIMS( 1431): onKeyDown: keyoCode=22
05-30 11:41:04.078 E/SecondScreen( 1453): FirstScreenLayoutView dispatchKeyEvent 22
05-30 11:41:04.163 D/XM_HIDREAD( 1873): poll ret=1, event=1
05-30 11:41:04.163 D/XM_HIDREAD( 1873): [9 bytes]:01 00 00 00 00 00 00 00 00
05-30 11:41:04.164 I/SogouIME( 1431): onKeyUp: keyoCode=22
05-30 11:41:04.164 I/DefaultIMS( 1431): onKeyUp: keyoCode=22
05-30 11:41:04.165 E/SecondScreen( 1453): FirstScreenLayoutView dispatchKeyEvent 22
05-30 11:41:04.410 D/XM_HIDREAD( 1873): poll ret=1, event=1
05-30 11:41:04.410 D/XM_HIDREAD( 1873): [9 bytes]:01 00 00 28 00 00 00 00 00
05-30 11:41:04.413 I/SogouIME( 1431): onKeyDown: keyoCode=23
05-30 11:41:04.413 I/DefaultIMS( 1431): onKeyDown: keyoCode=23
05-30 11:41:04.414 E/SecondScreen( 1453): FirstScreenLayoutView dispatchKeyEvent 23
05-30 11:41:04.417 I/HCDN_DownloadEn( 2113): type=1400 audit(0.0:2023): avc: denied { open } for path="/proc/stat" dev="proc" ino=4026532003 scontext=u:r:untrusted_app_27:s0:c512,c768 tcontext=u:object_r:proc_stat:s0 tclass=file permissive=1 app=com.gitvdemo.video
05-30 11:41:04.417 I/HCDN_DownloadEn( 2113): type=1400 audit(0.0:2024): avc: denied { getattr } for path="/proc/stat" dev="proc" ino=4026532003 scontext=u:r:untrusted_app_27:s0:c512,c768 tcontext=u:object_r:proc_stat:s0 tclass=file permissive=1 app=com.gitvdemo.video
05-30 11:41:04.545 D/XM_HIDREAD( 1873): poll ret=1, event=1
05-30 11:41:04.545 D/XM_HIDREAD( 1873): [9 bytes]:01 00 00 00 00 00 00 00 00
05-30 11:41:04.548 I/SogouIME( 1431): onKeyUp: keyoCode=23
05-30 11:41:04.548 I/DefaultIMS( 1431): onKeyUp: keyoCode=23
05-30 11:41:04.548 E/SecondScreen( 1453): FirstScreenLayoutView dispatchKeyEvent 23
05-30 11:41:04.557 E/CellBroadcastUtils( 720): getDefaultCellBroadcastReceiverPackageName: no package found
05-30 11:41:04.568 I/ActivityTaskManager( 720): START u0 {dat=haqu://setting:8080/... flg=0x10000000 pkg=com.dangbei.haqusetting cmp=com.dangbei.haqusetting/.ui.HomeActivity} with LAUNCH_MULTIPLE from uid 1000 (BAL_ALLOW_ALLOWLISTED_UID) result code=0
05-30 11:41:04.569 V/WindowManagerShell( 950): Transition requested: android.os.BinderProxy@e5b515d TransitionRequestInfo { type = 1, triggerTask = TaskInfo{userId=0 taskId=255 displayId=0 isRunning=true baseIntent=Intent { dat=haqu://setting:8080/... flg=0x10000000 pkg=com.dangbei.haqusetting cmp=com.dangbei.haqusetting/.ui.HomeActivity } baseActivity=ComponentInfo{com.dangbei.haqusetting/com.dangbei.haqusetting.ui.HomeActivity} topActivity=ComponentInfo{com.dangbei.haqusetting/com.dangbei.haqusetting.ui.HomeActivity} origActivity=null realActivity=ComponentInfo{com.dangbei.haqusetting/com.dangbei.haqusetting.ui.HomeActivity} numActivities=1 lastActiveTime=628712 supportsMultiWindow=true resizeMode=1 isResizeable=true minWidth=-1 minHeight=-1 defaultMinSize=220 token=WCT{android.window.IWindowContainerToken$Stub$Proxy@a9a2ad2} topActivityType=1 pictureInPictureParams=null shouldDockBigOverlays=true launchIntoPipHostTaskId=-1 lastParentTaskIdBeforePip=-1 displayCutoutSafeInsets=null topActivityInfo=ActivityInfo{d1c67a3 com.dangbei.haqusetting.ui.HomeActivity} launchCookies=[] positionInParent=Point(0, 0) parentTaskId=-1 isFocused=false isVisible=false isVisibleRequested=false isSleeping=false topActivityInSizeCompat=false topActivityEligibleForLetterboxEducation= false isLetterboxDoubleTapEnabled= false topActivityEligibleForUserAspectRatioButton= false topActivityBoundsLetterboxed= false isFromLetterboxDoubleTap= false topActivityLetterboxVerticalPosition= -1 topActivityLetterboxHorizontalPosition= -1 topActivityLetterboxWidth=-1 topActivityLetterboxHeight=-1 isUserFullscreenOverrideEnabled=false isTopActivityTransparent=true locusId=null displayAreaFeatureId=1 cameraCompatControlState=hidden}, remoteTransition = null, displayChange = null, flags = 0 }
05-30 11:41:04.576 I/BpBinder( 294): onLastStrongRef automatically unlinking death recipients:
05-30 11:41:04.579 V/WindowManager( 720): app ------------- force_land :0
05-30 11:41:04.583 D/TrafficStats( 1453): tagSocket(151) with statsTag=0xffffffff, statsUid=-1
05-30 11:41:04.596 W/SQLiteLog( 1453): (28) double-quoted string literal: "
05-30 11:41:04.596 W/SQLiteLog( 1453): (28) double-quoted string literal: "4A12621C552E4EA5709F7CD7D83B8710"
05-30 11:41:04.616 E/ccc ( 1400): cccccc UpdateHelper onMessageReceived com.dangbei.haqusetting com.dangbei.etna.update {"action":"get","functionTag":"leaf_controller_function_controller_dangbei_update","value":0} com.dangbei.lerad.etna.aidl.IEtnaAidlCallback$Stub$Proxy@873c2e9
05-30 11:41:04.617 E/ccc ( 1400): cccccc 缓存获取遥控器版本 DB-15B-H5-R0108
05-30 11:41:04.619 W/WindowManager( 720): [addWindow] title:com.dangbei.haqusetting/com.dangbei.haqusetting.ui.HomeActivity
05-30 11:41:04.626 D/BluetoothGatt( 1400): connect(void) - device: E4:BB:D3:57:C0:18, auto=true
