05-29 20:51:45.289 E/hq ( 1453): listenerNet:::重新来网了 key=requestAppWhiteList isConnect=true
05-29 20:51:45.290 D/IM-VIDEO( 2113): Q> ConnState onPingFailure
05-29 20:51:45.290 D/IM-VIDEO( 2113): Broadcast sendTo: com.earth.hotchat.connect.ping.timeout
05-29 20:51:45.290 E/hq ( 1453): listenerNet:::重新来网了 key=ConfigureInterface:Init isConnect=true
05-29 20:51:45.294 W/System.err( 2861): java.lang.NullPointerException: Attempt to invoke virtual method 'byte[] java.net.NetworkInterface.getHardwareAddress()' on a null object reference
05-29 20:51:45.294 W/System.err( 2861): at b.f.f.y.g.b(Unknown Source:11)
05-29 20:51:45.294 W/System.err( 2861): at b.d.a.a.p.c0(Unknown Source:2)
05-29 20:51:45.294 W/System.err( 2861): at b.f.f.w.b.(:16)
05-29 20:51:45.294 W/System.err( 2861): at com.dangbei.screencast.startup.StartupService.w(:2)
05-29 20:51:45.294 W/System.err( 2861): at b.f.f.h.g.b.run(:6)
05-29 20:51:45.294 W/System.err( 2861): at b.d.a.a.n.a(Unknown Source:10)
05-29 20:51:45.294 W/System.err( 2861): at b.f.f.h.g.j.onReceive(Unknown Source:20)
05-29 20:51:45.294 W/System.err( 2861): at android.app.LoadedApk$ReceiverDispatcher$Args.lambda$getRunnable$0(LoadedApk.java:1811)
05-29 20:51:45.294 W/System.err( 2861): at android.app.LoadedApk$ReceiverDispatcher$Args.$r8$lambda$gDuJqgxY6Zb-ifyeubKeivTLAwk(Unknown Source:0)
05-29 20:51:45.294 W/System.err( 2861): at android.app.LoadedApk$ReceiverDispatcher$Args$$ExternalSyntheticLambda0.run(Unknown Source:2)
05-29 20:51:45.294 W/System.err( 2861): at android.os.Handler.handleCallback(Handler.java:958)
05-29 20:51:45.294 W/System.err( 2861): at android.os.Handler.dispatchMessage(Handler.java:99)
05-29 20:51:45.294 W/System.err( 2861): at android.os.Looper.loopOnce(Looper.java:205)
05-29 20:51:45.294 W/System.err( 2861): at android.os.Looper.loop(Looper.java:294)
05-29 20:51:45.294 W/System.err( 2861): at android.app.ActivityThread.main(ActivityThread.java:8255)
05-29 20:51:45.294 W/System.err( 2861): at java.lang.reflect.Method.invoke(Native Method)
05-29 20:51:45.294 W/System.err( 2861): at com.android.internal.os.RuntimeInit$MethodAndArgsCaller.run(RuntimeInit.java:552)
05-29 20:51:45.295 W/System.err( 2861): at com.android.internal.os.ZygoteInit.main(ZygoteInit.java:978)
05-29 20:51:45.295 I/HicomNf_java_to_c( 3061): notifyNetworkStateChanged with maskStr, networkType: 0, networkState: 1, mask: 255.255.254.0
05-29 20:51:45.295 I/HicomNfMainCtrlManager( 3061): NotifyNetworkStateChanged is called with networkState: 1
05-29 20:51:45.295 I/HicomNfSecureManager( 3061): StartListening, before calling NSTACKX_DMsgServer
05-29 20:51:45.295 I/nStackXDMsg( 3061): NSTACKX_DMsgServer:[1335] :msgReceiver is not NULL
05-29 20:51:45.295 D/nStackXDMsg( 3061): StartDMsgMainThread:[1274] :pthread_create
05-29 20:51:45.295 I/HicomNfSecureManager( 3061): StartListening, after calling NSTACKX_DMsgServer
05-29 20:51:45.295 I/HicomNfSecureManager( 3061): OnehopSecureCtrlManager: succeeded to StartListening with type 0
05-29 20:51:45.296 E/nStackXDFinder( 3061): GetLocalIp:[401] :GetLocalIp exec
05-29 20:51:45.296 E/nStackXDFinder( 3061): GetLocalIp:[401] :GetLocalIp exec
05-29 20:51:45.296 E/nStackXDFinder( 3061): GetLocalIp:[401] :GetLocalIp exec
05-29 20:51:45.297 E/hq ( 1453): listenerNet:::重新来网了 key=requestGetMessageRemind isConnect=true
05-29 20:51:45.300 I/nStackXCoAP( 3061): CoapServiceDiscoverTimerHandle:[524] :the 3 times for device discover.
05-29 20:51:45.300 D/nStackXCoAP( 3061): IsInSameNetwork:[276] :IsInSameNetwork exec
05-29 20:51:45.300 I/nStackXDFinder( 3061): GetLocalInterfaceDetail:[461] :GetLocalInterfaceDetail in
05-29 20:51:45.300 E/nStackXCoAP( 3061): IsInSameNetwork:[281] :IsInSameNetwork: not priority process
05-29 20:51:45.300 E/hq ( 1453): listenerNet:::重新来网了 key=requestMessageConfig isConnect=true
05-29 20:51:45.302 D/nStackXCoAP( 3061): IsInSameNetwork:[276] :IsInSameNetwork exec
05-29 20:51:45.302 I/nStackXDFinder( 3061): GetLocalInterfaceDetail:[461] :GetLocalInterfaceDetail in
05-29 20:51:45.302 E/nStackXCoAP( 3061): IsInSameNetwork:[281] :IsInSameNetwork: not priority process
05-29 20:51:45.302 I/nStackXDFinder( 3061): NotifyDeviceListChanged:[540] :notify callback: device list changed callback is null
05-29 20:51:45.305 D/IpClient/wlan0( 999): addressUpdated: fe80::fe71:94dd:8714:f39f/64 on ifindex 16 flags 0x00000880 scope 253
05-29 20:51:45.313 E/hq ( 1453): listenerNet:::重新来网了 key=requestMessageDialog isConnect=true
05-29 20:51:45.314 E/hq ( 1453): listenerNet:::重新来网了 key=requestNetAppAdInfo isConnect=true
05-29 20:51:45.314 E/hq ( 1453): listenerNet:::重新来网了 key=sendInspectUpdate isConnect=true
05-29 20:51:45.314 D/nStackXCoAP( 3061): IsInSameNetwork:[276] :IsInSameNetwork exec
05-29 20:51:45.314 I/nStackXDFinder( 3061): GetLocalInterfaceDetail:[461] :GetLocalInterfaceDetail in
05-29 20:51:45.314 E/nStackXCoAP( 3061): IsInSameNetwork:[281] :IsInSameNetwork: not priority process
05-29 20:51:45.314 E/hq ( 1453): listenerNet:::重新来网了 key=1748522756 isConnect=true
05-29 20:51:45.314 I/nStackXDFinder( 3061): NotifyDeviceListChanged:[540] :notify callback: device list changed callback is null
05-29 20:51:45.319 D/nStackXCoAP( 3061): IsInSameNetwork:[276] :IsInSameNetwork exec
05-29 20:51:45.319 I/nStackXDFinder( 3061): GetLocalInterfaceDetail:[461] :GetLocalInterfaceDetail in
05-29 20:51:45.319 E/nStackXCoAP( 3061): IsInSameNetwork:[281] :IsInSameNetwork: not priority process
05-29 20:51:45.333 W/efs.info.manager( 3061): network change: wifi
05-29 20:51:45.345 W/efs.info.manager( 2861): network change: wifi
05-29 20:51:45.352 W/System.err( 1400): SLF4J: Failed to load class "org.slf4j.impl.StaticLoggerBinder".
05-29 20:51:45.352 W/System.err( 1400): SLF4J: Defaulting to no-operation (NOP) logger implementation
05-29 20:51:45.352 W/System.err( 1400): SLF4J: See http://www.slf4j.org/codes.html#StaticLoggerBinder for further details.
05-29 20:51:45.354 D/LanSocketServer( 1400): connect /192.168.3.195:6689
05-29 20:51:45.354 D/LanSocketServer( 1400): connect start
05-29 20:51:45.355 E/LanCommander( 1400): onNetWorkChanged: true
05-29 20:51:45.360 E/hq ( 1453): WeatherRefresh:::请求网络地址后,更新的地理位置为:null
05-29 20:51:45.366 I/okhttp.OkHttpClient( 1400): --> POST http://tymsgapi.qun7.com/v1/core/rom (527-byte body)
05-29 20:51:45.381 D/TrafficStats( 1400): tagSocket(95) with statsTag=0xffffffff, statsUid=-1
05-29 20:51:45.383 E/LanCommander( 1400): onServerCreatedSuccess 192.168.3.195:6689
05-29 20:51:45.387 E/RCInfo ( 1400): vid:000d
05-29 20:51:45.387 E/RCInfo ( 1400): pid:3838
05-29 20:51:45.387 E/RCInfo ( 1400): RCBrand:XIMI
05-29 20:51:45.387 E/RCInfo ( 1400): vid:000d
05-29 20:51:45.387 E/RCInfo ( 1400): pid:3838
05-29 20:51:45.392 E/RCInfo ( 1400): vid:000d
05-29 20:51:45.392 E/RCInfo ( 1400): pid:3838
05-29 20:51:45.264 I/lerad.etna.haqu( 1400): type=1400 audit(0.0:1937): avc: denied { open } for path="/sys/devices/virtual/net/lo/address" dev="sysfs" ino=12361 scontext=u:r:system_app:s0 tcontext=u:object_r:sysfs_net:s0 tclass=file permissive=1
05-29 20:51:45.268 I/work_thread( 2643): type=1400 audit(0.0:1938): avc: denied { getattr } for path="/sys/devices/virtual/net/dummy0/address" dev="sysfs" ino=22127 scontext=u:r:system_app:s0 tcontext=u:object_r:sysfs_net:s0 tclass=file permissive=1
05-29 20:51:45.284 I/gbei.screencast( 2861): type=1400 audit(0.0:1939): avc: denied { read } for name="u:object_r:serialno_prop:s0" dev="tmpfs" ino=350 scontext=u:r:untrusted_app_27:s0:c44,c256,c512,c768 tcontext=u:object_r:serialno_prop:s0 tclass=file permissive=1 app=com.dangbei.screencast
05-29 20:51:45.284 I/gbei.screencast( 2861): type=1400 audit(0.0:1940): avc: denied { open } for path="/dev/__properties__/u:object_r:serialno_prop:s0" dev="tmpfs" ino=350 scontext=u:r:untrusted_app_27:s0:c44,c256,c512,c768 tcontext=u:object_r:serialno_prop:s0 tclass=file permissive=1 app=com.dangbei.screencast
05-29 20:51:45.399 E/RCInfo ( 1400): vid:000d
05-29 20:51:45.399 E/RCInfo ( 1400): pid:3838
05-29 20:51:45.399 E/RCInfo ( 1400): RCBrand:XIMI
05-29 20:51:45.400 I/d.leradlauncher( 1453): Background young concurrent copying GC freed 213110(5933KB) AllocSpace objects, 4(208KB) LOS objects, 33% free, 8655KB/12MB, paused 1.011ms,74us total 154.071ms
05-29 20:51:45.400 E/RCInfo ( 1400): vid:000d
05-29 20:51:45.400 E/RCInfo ( 1400): pid:3838
05-29 20:51:45.401 E/RCInfo ( 1400): vid:000d
05-29 20:51:45.401 E/RCInfo ( 1400): pid:3838
05-29 20:51:45.415 I/okhttp.OkHttpClient( 1400): --> POST http://tyapi.qun7.com/v1/core/launcherota (527-byte body)
05-29 20:51:45.422 I/okhttp.OkHttpClient( 1400): --> POST http://tymsgapi.qun7.com/v1/core/logip (594-byte body)
05-29 20:51:45.433 I/okhttp.OkHttpClient( 1400): --> POST http://tymsgapi.qun7.com/v1/core/appupdate (3820-byte body)
05-29 20:51:45.437 I/rkstack.process( 999): Background young concurrent copying GC freed 46588(1904KB) AllocSpace objects, 0(0B) LOS objects, 44% free, 2481KB/4479KB, paused 113us,30us total 130.447ms
05-29 20:51:45.439 D/getEthernetMacAddr( 1400): getEthernetMacAddr use eth0
05-29 20:51:45.469 D/getEthernetMacAddr( 1400): getEthernetMacAddr use eth0
05-29 20:51:45.500 E/nStackXDFinder( 3061): GetLocalIp:[401] :GetLocalIp exec
05-29 20:51:45.500 E/nStackXDFinder( 3061): GetLocalIp:[401] :GetLocalIp exec
05-29 20:51:45.500 E/nStackXDFinder( 3061): GetLocalIp:[401] :GetLocalIp exec
05-29 20:51:45.501 I/nStackXCoAP( 3061): CoapServiceDiscoverTimerHandle:[524] :the 4 times for device discover.
05-29 20:51:45.502 W/System ( 1400): A resource failed to call close.
05-29 20:51:45.503 W/System ( 1400): A resource failed to call close.
05-29 20:51:45.503 W/System ( 1400): A resource failed to call close.
05-29 20:51:45.503 W/System ( 1400): A resource failed to call close.
05-29 20:51:45.503 W/System ( 1400): A resource failed to call close.
05-29 20:51:45.503 W/System ( 1400): A resource failed to call close.
05-29 20:51:45.503 W/System ( 1400): A resource failed to call close.
05-29 20:51:45.533 E/HigherBroadcastServer( 1400): {"bluetoothBoot":false,"bluetoothController":false,"bluetoothMac":"1C:79:2D:23:39:4C","deviceModel":"DBBOX-A3","deviceModelNumber":"H5P464","deviceName":"客厅的当贝盒子","findController":0,"hostName":"192.168.3.195","inetAddress":"192.168.3.195","mac":"20:02:FE:19:C2:47","port":6689,"romCode":5007,"romVersion":"5.0.0.7","wifiMac":"1C:79:2D:23:39:4B","deviceId":"db00d666d3ad4ac3d4c51a9f619ad223","sn":"DZOH5P8251971600"}
05-29 20:51:45.533 W/NsdServiceInfo( 1400): Key lengths > 9 are discouraged: deviceModel
05-29 20:51:45.533 W/NsdServiceInfo( 1400): Key lengths > 9 are discouraged: deviceModelNumber
05-29 20:51:45.533 W/NsdServiceInfo( 1400): Key lengths > 9 are discouraged: deviceName
05-29 20:51:45.533 W/NsdServiceInfo( 1400): Key lengths > 9 are discouraged: romVersion
05-29 20:51:45.533 W/NsdServiceInfo( 1400): Key lengths > 9 are discouraged: findController
05-29 20:51:45.540 I/system_server( 720): Background young concurrent copying GC freed 326927(12MB) AllocSpace objects, 64(1840KB) LOS objects, 44% free, 16MB/30MB, paused 769us,148us total 111.949ms
05-29 20:51:45.546 W/System ( 720): A resource failed to call release.
05-29 20:51:45.548 I/serviceDiscovery( 720): [MdnsAdvertiser] Adding service name: 192.168.3.195, type: _db_controller._tcp, hostAddresses: /192.168.3.195, port: 6689, network: null, txtRecord: deviceModel=DBBOX-A3romVersion=5.0.0.7findController=0sn=DZOH5P8251971600mac=20:02:FE:19:C2:47 deviceName=客厅的当贝盒子)deviceId=db00d666d3ad4ac3d4c51a9f619ad223deviceModelNumber=H5P464 romCode=5007 with ID 5 and subtype null
05-29 20:51:45.574 D/nStackXCoAP( 3061): IsInSameNetwork:[276] :IsInSameNetwork exec
05-29 20:51:45.574 I/nStackXDFinder( 3061): GetLocalInterfaceDetail:[461] :GetLocalInterfaceDetail in
05-29 20:51:45.574 E/nStackXCoAP( 3061): IsInSameNetwork:[281] :IsInSameNetwork: not priority process
05-29 20:51:45.575 D/nStackXCoAP( 3061): IsInSameNetwork:[276] :IsInSameNetwork exec
05-29 20:51:45.575 I/nStackXDFinder( 3061): GetLocalInterfaceDetail:[461] :GetLocalInterfaceDetail in
05-29 20:51:45.575 E/nStackXCoAP( 3061): IsInSameNetwork:[281] :IsInSameNetwork: not priority process
05-29 20:51:45.575 D/nStackXCoAP( 3061): IsInSameNetwork:[276] :IsInSameNetwork exec
05-29 20:51:45.575 I/nStackXDFinder( 3061): GetLocalInterfaceDetail:[461] :GetLocalInterfaceDetail in
05-29 20:51:45.575 E/nStackXCoAP( 3061): IsInSameNetwork:[281] :IsInSameNetwork: not priority process
05-29 20:51:45.576 D/nStackXCoAP( 3061): IsInSameNetwork:[276] :IsInSameNetwork exec
05-29 20:51:45.576 I/nStackXDFinder( 3061): GetLocalInterfaceDetail:[461] :GetLocalInterfaceDetail in
05-29 20:51:45.576 E/nStackXCoAP( 3061): IsInSameNetwork:[281] :IsInSameNetwork: not priority process
05-29 20:51:45.582 D/nStackXCoAP( 3061): IsInSameNetwork:[276] :IsInSameNetwork exec
05-29 20:51:45.582 I/nStackXDFinder( 3061): GetLocalInterfaceDetail:[461] :GetLocalInterfaceDetail in
05-29 20:51:45.582 E/nStackXCoAP( 3061): IsInSameNetwork:[281] :IsInSameNetwork: not priority process
05-29 20:51:45.582 D/nStackXCoAP( 3061): IsInSameNetwork:[276] :IsInSameNetwork exec
05-29 20:51:45.582 I/nStackXDFinder( 3061): GetLocalInterfaceDetail:[461] :GetLocalInterfaceDetail in
05-29 20:51:45.582 E/nStackXCoAP( 3061): IsInSameNetwork:[281] :IsInSameNetwork: not priority process
05-29 20:51:45.586 D/TrafficStats( 1453): tagSocket(128) with statsTag=0xffffffff, statsUid=-1
05-29 20:51:45.587 D/TrafficStats( 2695): tagSocket(194) with statsTag=0x0, statsUid=-1
05-29 20:51:45.588 D/TrafficStats( 1453): tagSocket(123) with statsTag=0xffffffff, statsUid=-1
05-29 20:51:45.588 D/TrafficStats( 2643): tagSocket(5) with statsTag=0xffffffff, statsUid=-1
05-29 20:51:45.588 D/TrafficStats( 1453): tagSocket(137) with statsTag=0xffffffff, statsUid=-1
05-29 20:51:45.588 D/TrafficStats( 1453): tagSocket(169) with statsTag=0xffffffff, statsUid=-1
05-29 20:51:45.591 D/TrafficStats( 2113): tagSocket(291) with statsTag=0xb8d5c28e, statsUid=-1
05-29 20:51:45.591 D/TrafficStats( 720): tagSocket(528) with statsTag=0xffffff41, statsUid=-1
05-29 20:51:45.593 D/TrafficStats( 1453): tagSocket(154) with statsTag=0xffffffff, statsUid=-1
05-29 20:51:45.593 D/TrafficStats( 2179): tagSocket(5) with statsTag=0xffffffff, statsUid=-1
05-29 20:51:45.594 D/TrafficStats( 2113): tagSocket(375) with statsTag=0xffffffff, statsUid=-1
05-29 20:51:45.595 D/TrafficStats( 1453): tagSocket(138) with statsTag=0xffffffff, statsUid=-1
05-29 20:51:45.598 D/TrafficStats( 1400): tagSocket(90) with statsTag=0xffffffff, statsUid=-1
05-29 20:51:45.600 D/TrafficStats( 1400): tagSocket(94) with statsTag=0xffffffff, statsUid=-1
05-29 20:51:45.601 D/TrafficStats( 1400): tagSocket(104) with statsTag=0xffffffff, statsUid=-1
05-29 20:51:45.602 D/TrafficStats( 1400): tagSocket(105) with statsTag=0xffffffff, statsUid=-1
05-29 20:51:45.602 D/TrafficStats( 1488): tagSocket(99) with statsTag=0xffffffff, statsUid=-1
05-29 20:51:45.603 D/nStackXCoAP( 3061): IsInSameNetwork:[276] :IsInSameNetwork exec
05-29 20:51:45.603 I/nStackXDFinder( 3061): GetLocalInterfaceDetail:[461] :GetLocalInterfaceDetail in
05-29 20:51:45.603 E/nStackXCoAP( 3061): IsInSameNetwork:[281] :IsInSameNetwork: not priority process
05-29 20:51:45.603 D/nStackXCoAP( 3061): IsInSameNetwork:[276] :IsInSameNetwork exec
05-29 20:51:45.603 I/nStackXDFinder( 3061): GetLocalInterfaceDetail:[461] :GetLocalInterfaceDetail in
05-29 20:51:45.603 E/nStackXCoAP( 3061): IsInSameNetwork:[281] :IsInSameNetwork: not priority process
05-29 20:51:45.605 D/nStackXCoAP( 3061): IsInSameNetwork:[276] :IsInSameNetwork exec
05-29 20:51:45.605 I/nStackXDFinder( 3061): GetLocalInterfaceDetail:[461] :GetLocalInterfaceDetail in
05-29 20:51:45.605 E/nStackXCoAP( 3061): IsInSameNetwork:[281] :IsInSameNetwork: not priority process
05-29 20:51:45.606 D/nStackXCoAP( 3061): IsInSameNetwork:[276] :IsInSameNetwork exec
05-29 20:51:45.606 I/nStackXDFinder( 3061): GetLocalInterfaceDetail:[461] :GetLocalInterfaceDetail in
05-29 20:51:45.606 E/nStackXCoAP( 3061): IsInSameNetwork:[281] :IsInSameNetwork: not priority process
05-29 20:51:45.608 D/nStackXCoAP( 3061): IsInSameNetwork:[276] :IsInSameNetwork exec
05-29 20:51:45.608 I/nStackXDFinder( 3061): GetLocalInterfaceDetail:[461] :GetLocalInterfaceDetail in
05-29 20:51:45.608 E/nStackXCoAP( 3061): IsInSameNetwork:[281] :IsInSameNetwork: not priority process
05-29 20:51:45.609 D/nStackXCoAP( 3061): IsInSameNetwork:[276] :IsInSameNetwork exec
05-29 20:51:45.609 I/nStackXDFinder( 3061): GetLocalInterfaceDetail:[461] :GetLocalInterfaceDetail in
05-29 20:51:45.609 E/nStackXCoAP( 3061): IsInSameNetwork:[281] :IsInSameNetwork: not priority process
05-29 20:51:45.610 D/nStackXCoAP( 3061): IsInSameNetwork:[276] :IsInSameNetwork exec
05-29 20:51:45.610 I/nStackXDFinder( 3061): GetLocalInterfaceDetail:[461] :GetLocalInterfaceDetail in
05-29 20:51:45.610 E/nStackXCoAP( 3061): IsInSameNetwork:[281] :IsInSameNetwork: not priority process
05-29 20:51:45.610 D/nStackXCoAP( 3061): IsInSameNetwork:[276] :IsInSameNetwork exec
05-29 20:51:45.610 I/nStackXDFinder( 3061): GetLocalInterfaceDetail:[461] :GetLocalInterfaceDetail in
05-29 20:51:45.610 E/nStackXCoAP( 3061): IsInSameNetwork:[281] :IsInSameNetwork: not priority process
05-29 20:51:45.612 D/nStackXCoAP( 3061): IsInSameNetwork:[276] :IsInSameNetwork exec
05-29 20:51:45.612 I/nStackXDFinder( 3061): GetLocalInterfaceDetail:[461] :GetLocalInterfaceDetail in
05-29 20:51:45.612 E/nStackXCoAP( 3061): IsInSameNetwork:[281] :IsInSameNetwork: not priority process
05-29 20:51:45.628 D/nStackXCoAP( 3061): IsInSameNetwork:[276] :IsInSameNetwork exec
05-29 20:51:45.628 I/nStackXDFinder( 3061): GetLocalInterfaceDetail:[461] :GetLocalInterfaceDetail in
05-29 20:51:45.628 E/nStackXCoAP( 3061): IsInSameNetwork:[281] :IsInSameNetwork: not priority process
05-29 20:51:45.629 D/nStackXCoAP( 3061): IsInSameNetwork:[276] :IsInSameNetwork exec
05-29 20:51:45.629 I/nStackXDFinder( 3061): GetLocalInterfaceDetail:[461] :GetLocalInterfaceDetail in
05-29 20:51:45.629 E/nStackXCoAP( 3061): IsInSameNetwork:[281] :IsInSameNetwork: not priority process
05-29 20:51:45.674 I/serviceDiscovery( 720): [MdnsAdvertiser.wlan0] Probing finished for service 2
05-29 20:51:45.681 I/serviceDiscovery( 720): [MdnsAdvertiser.wlan0] Probing finished for service 3
05-29 20:51:45.691 D/nStackXCoAP( 3061): IsInSameNetwork:[276] :IsInSameNetwork exec
05-29 20:51:45.691 I/nStackXDFinder( 3061): GetLocalInterfaceDetail:[461] :GetLocalInterfaceDetail in
05-29 20:51:45.691 E/nStackXCoAP( 3061): IsInSameNetwork:[281] :IsInSameNetwork: not priority process
05-29 20:51:45.691 D/nStackXCoAP( 3061): IsInSameNetwork:[276] :IsInSameNetwork exec
05-29 20:51:45.692 I/nStackXDFinder( 3061): GetLocalInterfaceDetail:[461] :GetLocalInterfaceDetail in
05-29 20:51:45.692 E/nStackXCoAP( 3061): IsInSameNetwork:[281] :IsInSameNetwork: not priority process
05-29 20:51:45.692 E/nStackXCoAP( 3061): ParseServiceDataJsonData:[186] :parse device serviceData error
05-29 20:51:45.692 I/nStackXDFinder( 3061): NotifyDeviceListChanged:[540] :notify callback: device list changed callback is null
05-29 20:51:45.696 I/okhttp.OkHttpClient( 1400): <-- 200 OK http://tymsgapi.qun7.com/v1/core/logip (273ms, 81-byte body)
05-29 20:51:45.699 D/IM-VIDEO( 2113): Nexus connectUsingConfiguration, connect: multitv-im-conn.ptqy.gitv.tv(124.237.225.44)
05-29 20:51:45.699 D/IM-VIDEO( 2113): Nexus initConnection
05-29 20:51:45.699 D/IM-VIDEO( 2113): Nexus initReaderAndWriter
05-29 20:51:45.703 D/nStackXCoAP( 3061): IsInSameNetwork:[276] :IsInSameNetwork exec
05-29 20:51:45.703 I/nStackXDFinder( 3061): GetLocalInterfaceDetail:[461] :GetLocalInterfaceDetail in
05-29 20:51:45.703 E/nStackXCoAP( 3061): IsInSameNetwork:[281] :IsInSameNetwork: not priority process
05-29 20:51:45.703 I/nStackXDFinder( 3061): NotifyDeviceListChanged:[540] :notify callback: device list changed callback is null
05-29 20:51:45.704 I/okhttp.OkHttpClient( 1400): <-- 200 OK http://tymsgapi.qun7.com/v1/core/appupdate (270ms, unknown-length body)
05-29 20:51:45.706 D/CompatibilityChangeReporter( 720): Compat change id reported: 161145287; UID 10076; state: DISABLED
05-29 20:51:45.709 D/nStackXCoAP( 3061): IsInSameNetwork:[276] :IsInSameNetwork exec
05-29 20:51:45.709 I/nStackXDFinder( 3061): GetLocalInterfaceDetail:[461] :GetLocalInterfaceDetail in
05-29 20:51:45.710 E/nStackXCoAP( 3061): IsInSameNetwork:[281] :IsInSameNetwork: not priority process
05-29 20:51:45.713 I/okhttp.OkHttpClient( 1400): <-- 200 OK http://tymsgapi.qun7.com/v1/core/rom (346ms, unknown-length body)
05-29 20:51:45.714 D/nStackXCoAP( 3061): IsInSameNetwork:[276] :IsInSameNetwork exec
05-29 20:51:45.714 I/nStackXDFinder( 3061): GetLocalInterfaceDetail:[461] :GetLocalInterfaceDetail in
05-29 20:51:45.714 E/nStackXCoAP( 3061): IsInSameNetwork:[281] :IsInSameNetwork: not priority process
05-29 20:51:45.715 D/nStackXCoAP( 3061): IsInSameNetwork:[276] :IsInSameNetwork exec
05-29 20:51:45.715 I/nStackXDFinder( 3061): GetLocalInterfaceDetail:[461] :GetLocalInterfaceDetail in
05-29 20:51:45.715 E/nStackXCoAP( 3061): IsInSameNetwork:[281] :IsInSameNetwork: not priority process
05-29 20:51:45.715 D/nStackXCoAP( 3061): IsInSameNetwork:[276] :IsInSameNetwork exec
05-29 20:51:45.715 I/nStackXDFinder( 3061): GetLocalInterfaceDetail:[461] :GetLocalInterfaceDetail in
05-29 20:51:45.715 E/nStackXCoAP( 3061): IsInSameNetwork:[281] :IsInSameNetwork: not priority process
05-29 20:51:45.719 D/IM-VIDEO( 2113): NexusReader init
05-29 20:51:45.719 D/IM-VIDEO( 2113): NexusReader newConnection
05-29 20:51:45.720 D/IM-VIDEO( 2113): NexusReader startup
05-29 20:51:45.720 D/nStackXCoAP( 3061): IsInSameNetwork:[276] :IsInSameNetwork exec
05-29 20:51:45.720 D/IM-VIDEO( 2113): NexusReader startup, submit runCode: 237771600
05-29 20:51:45.721 E/IM-VIDEO( 2113): [IMService], onSocketConnected.--- 2113 - 8613
05-29 20:51:45.721 D/IM-VIDEO( 2113): SocketBinder notifySocketConnected, callback size: 1
05-29 20:51:45.721 E/IM_PS ( 2113): [ImPushServiceManager] onSocketConnected connect
05-29 20:51:45.721 D/IM_PS ( 2113): [ImPushServiceManager] selfStartWork mStart = false socketConnected = true allowPush = true
05-29 20:51:45.721 D/IM_PS ( 2113): [ImPushServiceManager] startWork
05-29 20:51:45.721 D/IM_PS ( 2113): [ImPushServiceManager] connect deviceId = 1021tv_94a529479db8c9c9708b61933f5f1e03_1747915974705_5906344608 appId = 1021
05-29 20:51:45.721 D/IM_PS ( 2113): [ImPushServiceManager] connect isSelfStart = false latestConnectTime = 0 currentTimeMilliSecond = 1748523105721
05-29 20:51:45.722 D/IM-VIDEO( 2113): [IMService], onSocketConnected over.
05-29 20:51:45.722 D/IM-VIDEO( 2113): Connector, connectSocket, isConnected! Return True.
05-29 20:51:45.720 I/nStackXDFinder( 3061): GetLocalInterfaceDetail:[461] :GetLocalInterfaceDetail in
05-29 20:51:45.722 E/nStackXCoAP( 3061): IsInSameNetwork:[281] :IsInSameNetwork: not priority process
05-29 20:51:45.725 E/ccc ( 1400): cccccc requestOtaInfo result BaseResponse{message='success', data=OtaUpdateBean{downloadId='3859', updateType=1, romVersionName='5.0.0.7', romCode=66666, current=0, romMd5v='e5fc8d9a29132ffd8efdc3842c3c35a5', romLength=1107791189, romSize='1.0 GB', downUrl='http://dl.qun7.com/H5/H5Pro/5.0.0.6-20250530-wsyv%20/user_H5P_S905X5M_20250529_3-ota.zip', reUrl='http://dl.v5tv.com/H5/H5Pro/5.0.0.6-20250530-wsyv%20/user_H5P_S905X5M_20250529_3-ota.zip', reUrl2='http://dl.tymcdn.com/H5/H5Pro/5.0.0.6-20250530-wsyv%20/user_H5P_S905X5M_20250529_3-ota.zip', tempUrl='null', remark='30号早上9点配置OTA升级
05-29 20:51:45.725 E/ccc ( 1400): 固件时间:29号晚上10点
05-29 20:51:45.725 E/ccc ( 1400): 更新信息:
05-29 20:51:45.725 E/ccc ( 1400): user_H5P_S905X5M_20250529_3
05-29 20:51:45.725 E/ccc ( 1400): 链接: https://pan.baidu.com/s/13dvHYrF9ktJxYMb1qkA6TA?pwd=wsyv 提取码: wsyv
05-29 20:51:45.725 E/ccc ( 1400): 1.修复深度清理卡死log异常 对应Redmine bug 10
05-29 20:51:45.725 E/ccc ( 1400): 2.47981 47937对应相关禅道bug
05-29 20:51:45.725 E/ccc ( 1400): 对应Redmine bug #29 #19 #78 #52 #27 #26
05-29 20:51:45.725 E/ccc ( 1400): 加油,各位老表,干完今天回家过端午', status=idle, progress=0.0, filterMac=[], localPath='null', popup=1, isPaused=false, cancelled=false, extraInfo='null'}, code=0}
05-29 20:51:45.728 E/ccc ( 3287): cccccc notifyUpdateChanged {"code":1,"data":{"hasUpdate":true,"what":3,"why":-1},"message":"更新状态变化"}
05-29 20:51:45.730 E/ccc ( 3287): cccccc LeafWholeFragment RootEvent{type=8, itemBean=null}
05-29 20:51:45.731 E/ccc ( 1400): cccccc updateHelper 通知更新
05-29 20:51:45.731 E/ccc ( 1400): cccccc OtaUpdateHelper 普通更新 1
05-29 20:51:45.738 D/IM_PS ( 2113): [ImPushMessageManager] sendConnectMessage oneMessage = version: 2
05-29 20:51:45.738 D/IM_PS ( 2113): push_connect <
05-29 20:51:45.738 D/IM_PS ( 2113): app_version: "15.5.0.196866"
05-29 20:51:45.738 D/IM_PS ( 2113): appid: 1021
05-29 20:51:45.738 D/IM_PS ( 2113): channel: "unknown"
05-29 20:51:45.738 D/IM_PS ( 2113): device_identifier: "tv_94a529479db8c9c9708b61933f5f1e03_1747915974705_5906344608"
05-29 20:51:45.738 D/IM_PS ( 2113): deviceid: "tv_94a529479db8c9c9708b61933f5f1e03_1747915974705_5906344608"
05-29 20:51:45.738 D/IM_PS ( 2113): dual: true
05-29 20:51:45.738 D/IM_PS ( 2113): extra: ""
05-29 20:51:45.738 D/IM_PS ( 2113): i_push_token: "1021tv_94a529479db8c9c9708b61933f5f1e03_1747915974705_5906344608"
05-29 20:51:45.738 D/IM_PS ( 2113): network: 1
05-29 20:51:45.738 D/IM_PS ( 2113): os_platform: -1
05-29 20:51:45.738 D/IM_PS ( 2113): os_version: "34"
05-29 20:51:45.738 D/IM_PS ( 2113): platform: 21
05-29 20:51:45.738 D/IM_PS ( 2113): region: "unknown"
05-29 20:51:45.738 D/IM_PS ( 2113): signal: true
05-29 20:51:45.738 D/IM_PS ( 2113): ua: "unknown"
05-29 20:51:45.738 D/IM_PS ( 2113): uid: ""
05-29 20:51:45.738 D/IM_PS ( 2113):
> 05-29 20:51:45.743 I/HttpUtil( 1400): success
05-29 20:51:45.743 D/nStackXCoAP( 3061): IsInSameNetwork:[276] :IsInSameNetwork exec
05-29 20:51:45.743 I/nStackXDFinder( 3061): GetLocalInterfaceDetail:[461] :GetLocalInterfaceDetail in
05-29 20:51:45.743 E/nStackXCoAP( 3061): IsInSameNetwork:[281] :IsInSameNetwork: not priority process
05-29 20:51:45.744 D/nStackXCoAP( 3061): IsInSameNetwork:[276] :IsInSameNetwork exec
05-29 20:51:45.745 I/nStackXDFinder( 3061): GetLocalInterfaceDetail:[461] :GetLocalInterfaceDetail in
05-29 20:51:45.745 E/nStackXCoAP( 3061): IsInSameNetwork:[281] :IsInSameNetwork: not priority process
05-29 20:51:45.750 D/nStackXCoAP( 3061): IsInSameNetwork:[276] :IsInSameNetwork exec
05-29 20:51:45.750 I/nStackXDFinder( 3061): GetLocalInterfaceDetail:[461] :GetLocalInterfaceDetail in
05-29 20:51:45.750 E/nStackXCoAP( 3061): IsInSameNetwork:[281] :IsInSameNetwork: not priority process
05-29 20:51:45.751 D/nStackXCoAP( 3061): IsInSameNetwork:[276] :IsInSameNetwork exec
05-29 20:51:45.751 I/nStackXDFinder( 3061): GetLocalInterfaceDetail:[461] :GetLocalInterfaceDetail in
05-29 20:51:45.751 E/nStackXCoAP( 3061): IsInSameNetwork:[281] :IsInSameNetwork: not priority process
05-29 20:51:45.754 D/nStackXCoAP( 3061): IsInSameNetwork:[276] :IsInSameNetwork exec
05-29 20:51:45.754 I/nStackXDFinder( 3061): GetLocalInterfaceDetail:[461] :GetLocalInterfaceDetail in
05-29 20:51:45.754 E/nStackXCoAP( 3061): IsInSameNetwork:[281] :IsInSameNetwork: not priority process
05-29 20:51:45.756 I/CONNECTOR( 2113): Sent(276): 070002000200010800389B6D08021283020A403130323174765F39346135323934373964623863396339373038623631393333663566316530335F313734373931353937343730355F35393036333434363038123C74765F39346135323934373964623863396339373038623631393333663566316530335F313734373931353937343730355F3539303633343436303818FD07220D31352E352E302E313936383636281530013A07756E6B6E6F776E50015801620233346A07756E6B6E6F776E7207756E6B6E6F776E78FFFFFFFFFFFFFFFFFF0182013C74765F39346135323934373964623863396339373038623631393333663566316530335F313734373931353937343730355F35393036333434363038
05-29 20:51:45.759 D/nStackXCoAP( 3061): IsInSameNetwork:[276] :IsInSameNetwork exec
05-29 20:51:45.759 I/nStackXDFinder( 3061): GetLocalInterfaceDetail:[461] :GetLocalInterfaceDetail in
05-29 20:51:45.759 E/nStackXCoAP( 3061): IsInSameNetwork:[281] :IsInSameNetwork: not priority process
05-29 20:51:45.760 I/Receiver( 1802): ----------netConnectInitSDK--------------
05-29 20:51:45.760 D/RockyNetMessageUtil( 1802): initTipsList tipEntity = TipEntity{movieType=[我想看喜剧片, 动作片, 枪战片], movie=[庆余年, 误杀, 美丽人生, 爆笑虫子, 哪吒, 小猪佩奇, 胡歌的电视剧, 张艺谋导演的电影, 切换到1080P, 收藏], appController=[打开当贝市场, 下载哈趣影视, 爱奇艺, 卸载腾讯视频], weather=[今天的天气, 未来五天的天气, 杭州天气怎么样, 明天下不下雨], music=[我要听歌, 周杰伦的歌, 上一首, 下一首, 快进一分钟, 暂停], liveAppDownload='非常抱歉,根据监管部门政策管理要求,暂不提供相应服务。', subscreen=null, wakeUpVoiceResponse=[ProbabilityEntity{word='在呢', probability=30}, ProbabilityEntity{word='我在', probability=35}, ProbabilityEntity{word='你说', probability=15}, ProbabilityEntity{word='来啦', probability=20}], unrecognizedVoiceResponse=[ProbabilityEntity{word='可以再说一遍么', probability=45}, ProbabilityEntity{word='可以说的详细一点么', probability=30}, ProbabilityEntity{word='请问有什么可以帮您', probability=25}], notUnderstandVoiceResponse=[ProbabilityEntity{word='换个说法试试吧', probability=100}]} isRequestTipSuccess = false
05-29 20:51:45.769 D/nStackXCoAP( 3061): IsInSameNetwork:[276] :IsInSameNetwork exec
05-29 20:51:45.769 I/nStackXDFinder( 3061): GetLocalInterfaceDetail:[461] :GetLocalInterfaceDetail in
05-29 20:51:45.769 E/nStackXCoAP( 3061): IsInSameNetwork:[281] :IsInSameNetwork: not priority process
05-29 20:51:45.773 D/IM_PS ( 2113): [ImPushServiceManager] connectImPush result = true
05-29 20:51:45.773 D/nStackXCoAP( 3061): IsInSameNetwork:[276] :IsInSameNetwork exec
05-29 20:51:45.774 I/nStackXDFinder( 3061): GetLocalInterfaceDetail:[461] :GetLocalInterfaceDetail in
05-29 20:51:45.774 E/nStackXCoAP( 3061): IsInSameNetwork:[281] :IsInSameNetwork: not priority process
05-29 20:51:45.777 D/aaa ( 1665): WiFi is connect
05-29 20:51:45.780 D/nStackXCoAP( 3061): IsInSameNetwork:[276] :IsInSameNetwork exec
05-29 20:51:45.780 I/nStackXDFinder( 3061): GetLocalInterfaceDetail:[461] :GetLocalInterfaceDetail in
05-29 20:51:45.780 E/nStackXCoAP( 3061): IsInSameNetwork:[281] :IsInSameNetwork: not priority process
05-29 20:51:45.781 D/nStackXCoAP( 3061): IsInSameNetwork:[276] :IsInSameNetwork exec
05-29 20:51:45.781 I/nStackXDFinder( 3061): GetLocalInterfaceDetail:[461] :GetLocalInterfaceDetail in
05-29 20:51:45.781 E/nStackXCoAP( 3061): IsInSameNetwork:[281] :IsInSameNetwork: not priority process
05-29 20:51:45.781 I/nStackXDFinder( 3061): NotifyDeviceListChanged:[540] :notify callback: device list changed callback is null
05-29 20:51:45.787 D/nStackXCoAP( 3061): IsInSameNetwork:[276] :IsInSameNetwork exec
05-29 20:51:45.787 I/nStackXDFinder( 3061): GetLocalInterfaceDetail:[461] :GetLocalInterfaceDetail in
05-29 20:51:45.787 E/nStackXCoAP( 3061): IsInSameNetwork:[281] :IsInSameNetwork: not priority process
05-29 20:51:45.788 D/nStackXCoAP( 3061): IsInSameNetwork:[276] :IsInSameNetwork exec
05-29 20:51:45.788 I/nStackXDFinder( 3061): GetLocalInterfaceDetail:[461] :GetLocalInterfaceDetail in
05-29 20:51:45.788 E/nStackXCoAP( 3061): IsInSameNetwork:[281] :IsInSameNetwork: not priority process
05-29 20:51:45.792 D/nStackXCoAP( 3061): IsInSameNetwork:[276] :IsInSameNetwork exec
05-29 20:51:45.792 I/nStackXDFinder( 3061): GetLocalInterfaceDetail:[461] :GetLocalInterfaceDetail in
05-29 20:51:45.792 E/nStackXCoAP( 3061): IsInSameNetwork:[281] :IsInSameNetwork: not priority process
05-29 20:51:45.793 D/aaa ( 1665): WiFi is connect
05-29 20:51:45.794 D/nStackXCoAP( 3061): IsInSameNetwork:[276] :IsInSameNetwork exec
05-29 20:51:45.794 I/nStackXDFinder( 3061): GetLocalInterfaceDetail:[461] :GetLocalInterfaceDetail in
05-29 20:51:45.794 E/nStackXCoAP( 3061): IsInSameNetwork:[281] :IsInSameNetwork: not priority process
05-29 20:51:45.794 D/nStackXCoAP( 3061): IsInSameNetwork:[276] :IsInSameNetwork exec
05-29 20:51:45.794 I/nStackXDFinder( 3061): GetLocalInterfaceDetail:[461] :GetLocalInterfaceDetail in
05-29 20:51:45.795 E/nStackXCoAP( 3061): IsInSameNetwork:[281] :IsInSameNetwork: not priority process
05-29 20:51:45.796 D/nStackXCoAP( 3061): IsInSameNetwork:[276] :IsInSameNetwork exec
05-29 20:51:45.796 I/nStackXDFinder( 3061): GetLocalInterfaceDetail:[461] :GetLocalInterfaceDetail in
05-29 20:51:45.796 E/nStackXCoAP( 3061): IsInSameNetwork:[281] :IsInSameNetwork: not priority process
05-29 20:51:45.796 D/RockyNetMessageUtil( 1802): initMediaControlPage pageEntity = PageEntity{list=[ContentEntity{packageName='com.dangbei.leard.leradlauncher', activityName='FilmDetailActivity'}, ContentEntity{packageName='com.dangbei.leard.leradlauncher', activityName='FullScreenDetailActivity'}, ContentEntity{packageName='com.dangbei.leard.leradlauncher', activityName='TencentSportActivity'}, ContentEntity{packageName='com.dangbei.leradVideoPlugins', activityName='FilmDetailActivity'}, ContentEntity{packageName='com.dangbei.leradVideoPlugins', activityName='FullScreenDetailActivity'}, ContentEntity{packageName='com.dangbei.leradVideoPlugins', activityName='TencentSportActivity'}, ContentEntity{packageName='com.dangbei.leradVideoPlugins', activityName='ShortPlayActivity'}, ContentEntity{packageName='com.dangbei.hqmedia', activityName='FilmDetailActivity'}, ContentEntity{packageName='com.dangbei.hqmedia', activityName='FullScreenDetailActivity'}, ContentEntity{packageName='com.dangbei.leradVideoPlugins', activityName='MangoMediaActivity'}, ContentEntity{packageName='com.dangbei.leradVideoPlugins', activityName='VcinemaActivity'}]} isRequestPageControlSuccess = false
05-29 20:51:45.796 D/nStackXCoAP( 3061): IsInSameNetwork:[276] :IsInSameNetwork exec
05-29 20:51:45.796 I/nStackXDFinder( 3061): GetLocalInterfaceDetail:[461] :GetLocalInterfaceDetail in
05-29 20:51:45.796 E/nStackXCoAP( 3061): IsInSameNetwork:[281] :IsInSameNetwork: not priority process
05-29 20:51:45.797 D/XHttpObservable( 1802): handleRequest: start https://tyapi.qun7.com/v1/voice/getsoundshowmsg ,,, isCache = false
05-29 20:51:45.797 D/nStackXCoAP( 3061): IsInSameNetwork:[276] :IsInSameNetwork exec
05-29 20:51:45.797 I/nStackXDFinder( 3061): GetLocalInterfaceDetail:[461] :GetLocalInterfaceDetail in
05-29 20:51:45.797 E/nStackXCoAP( 3061): IsInSameNetwork:[281] :IsInSameNetwork: not priority process
05-29 20:51:45.798 D/nStackXCoAP( 3061): IsInSameNetwork:[276] :IsInSameNetwork exec
05-29 20:51:45.798 I/nStackXDFinder( 3061): GetLocalInterfaceDetail:[461] :GetLocalInterfaceDetail in
05-29 20:51:45.798 E/nStackXCoAP( 3061): IsInSameNetwork:[281] :IsInSameNetwork: not priority process
05-29 20:51:45.798 D/nStackXCoAP( 3061): IsInSameNetwork:[276] :IsInSameNetwork exec
05-29 20:51:45.798 I/nStackXDFinder( 3061): GetLocalInterfaceDetail:[461] :GetLocalInterfaceDetail in
05-29 20:51:45.798 E/nStackXCoAP( 3061): IsInSameNetwork:[281] :IsInSameNetwork: not priority process
05-29 20:51:45.803 D/XHttpObservable( 1802): handleRequest: start https://tyapi.qun7.com/v1/voice/getResponseControlPage ,,, isCache = false
05-29 20:51:45.817 I/UniNetworkJNIlog( 2113): JNIUtil copyDownloadResult() callback::getDownloadResult() is NULL!
05-29 20:51:45.827 I/UniNetworkJNIlog( 2113): JAPIGroup::callSync
05-29 20:51:45.828 D/IM-VIDEO( 2113): Spell, bodyLength:84
05-29 20:51:45.828 D/IM-VIDEO( 2113): Connector onArcaneReceive, biz: 2
05-29 20:51:45.837 D/IM_PS ( 2113): [ImPushDualConfirm] onSocketConnectSuccess
05-29 20:51:45.837 D/IM_PS ( 2113): [ImPushServiceManager] connectImPush mConnect = true
05-29 20:51:45.837 D/IM_PS ( 2113): [ImPushServiceManager] connect connectImPush result = true
05-29 20:51:45.837 D/IM_PS ( 2113): [ImPushServiceManager] onImPushConnected pushType = TIGASE_PUSH
05-29 20:51:45.837 D/IM-VIDEO( 2113): [IMService] onDataReceived over.
05-29 20:51:45.838 D/IM_PS ( 2113): [get:push_key_chain]
05-29 20:51:45.861 I/UniNetworkJNIlog( 2113): JNIUtil copyDownloadResult() callback::getDownloadResult() is NULL!
05-29 20:51:45.876 W/BroadcastLoopers( 720): Found previously unknown looper Thread[PackageManager,5,main]
05-29 20:51:45.887 I/okhttp.OkHttpClient( 1400): <-- 200 OK http://tyapi.qun7.com/v1/core/launcherota (471ms, unknown-length body)
05-29 20:51:45.891 V/MediaPlayerList( 1046): mPackageChangedBroadcastReceiver: action: android.intent.action.PACKAGE_CHANGED
05-29 20:51:45.891 D/nStackXCoAP( 3061): IsInSameNetwork:[276] :IsInSameNetwork exec
05-29 20:51:45.891 I/nStackXDFinder( 3061): GetLocalInterfaceDetail:[461] :GetLocalInterfaceDetail in
05-29 20:51:45.891 E/nStackXCoAP( 3061): IsInSameNetwork:[281] :IsInSameNetwork: not priority process
05-29 20:51:45.892 E/ccc ( 1400): cccccc launcher ota response is BaseResponse{message='success', data=UpgradeInfoEntity{contentLength=0, versionName='', versionCode=0, remark='', list=[]}, code=0}
05-29 20:51:45.892 W/System.err( 1400): java.lang.IndexOutOfBoundsException: Index 0 out of bounds for length 0
05-29 20:51:45.893 W/System.err( 1400): at jdk.internal.util.Preconditions.outOfBounds(Preconditions.java:64)
05-29 20:51:45.893 W/System.err( 1400): at jdk.internal.util.Preconditions.outOfBoundsCheckIndex(Preconditions.java:70)
05-29 20:51:45.893 W/System.err( 1400): at jdk.internal.util.Preconditions.checkIndex(Preconditions.java:266)
05-29 20:51:45.893 W/System.err( 1400): at java.util.Objects.checkIndex(Objects.java:359)
05-29 20:51:45.893 W/System.err( 1400): at java.util.ArrayList.get(ArrayList.java:434)
05-29 20:51:45.893 W/System.err( 1400): at com.dangbei.etna.update.launcher.LauncherUpdateHelper$requestLauncherUpdateInfo$1$2.invoke(LauncherUpdateHelper.kt:198)
05-29 20:51:45.893 W/System.err( 1400): at com.dangbei.etna.update.launcher.LauncherUpdateHelper$requestLauncherUpdateInfo$1$2.invoke(LauncherUpdateHelper.kt:189)
05-29 20:51:45.893 W/System.err( 1400): at com.etna.haqu.support.ext.FlowExtKt$safeCollect$3.emit(FlowExt.kt:52)
05-29 20:51:45.893 W/System.err( 1400): at kotlinx.coroutines.flow.FlowKt__ErrorsKt$catchImpl$2.emit(Errors.kt:158)
05-29 20:51:45.893 W/System.err( 1400): at kotlinx.coroutines.flow.FlowKt__ChannelsKt.emitAllImpl$FlowKt__ChannelsKt(Channels.kt:62)
05-29 20:51:45.893 W/System.err( 1400): at kotlinx.coroutines.flow.FlowKt__ChannelsKt.access$emitAllImpl$FlowKt__ChannelsKt(Channels.kt:1)
05-29 20:51:45.893 W/System.err( 1400): at kotlinx.coroutines.flow.FlowKt__ChannelsKt$emitAllImpl$1.invokeSuspend(Unknown Source:14)
05-29 20:51:45.893 W/System.err( 1400): at kotlin.coroutines.jvm.internal.BaseContinuationImpl.resumeWith(ContinuationImpl.kt:33)
05-29 20:51:45.893 W/System.err( 1400): at kotlinx.coroutines.DispatchedTask.run(DispatchedTask.kt:106)
05-29 20:51:45.893 W/System.err( 1400): at android.os.Handler.handleCallback(Handler.java:958)
05-29 20:51:45.893 W/System.err( 1400): at android.os.Handler.dispatchMessage(Handler.java:99)
05-29 20:51:45.893 W/System.err( 1400): at android.os.Looper.loopOnce(Looper.java:205)
05-29 20:51:45.893 W/System.err( 1400): at android.os.Looper.loop(Looper.java:294)
05-29 20:51:45.893 W/System.err( 1400): at android.app.ActivityThread.main(ActivityThread.java:8255)
05-29 20:51:45.893 W/System.err( 1400): at java.lang.reflect.Method.invoke(Native Method)
05-29 20:51:45.893 W/System.err( 1400): at com.android.internal.os.RuntimeInit$MethodAndArgsCaller.run(RuntimeInit.java:552)
05-29 20:51:45.893 W/System.err( 1400): at com.android.internal.os.ZygoteInit.main(ZygoteInit.java:978)
05-29 20:51:45.897 I/RoleService( 720): Granting default roles...
05-29 20:51:45.899 E/ccc ( 3287): cccccc notifyUpdateChanged {"code":1,"data":{"hasUpdate":false,"what":1,"why":-1},"message":"更新状态变化"}
05-29 20:51:45.900 E/ccc ( 1400): cccccc updateHelper 通知更新
05-29 20:51:45.900 E/ccc ( 3287): cccccc LeafWholeFragment RootEvent{type=7, itemBean=null}
05-29 20:51:45.903 D/AppListModel( 1453): requestAppFilterList: success
05-29 20:51:45.903 D/AppListModel( 1453): updateList
05-29 20:51:45.903 D/AppListModel( 1453): updateList: resetAppList
05-29 20:51:45.922 D/ActivityManager( 720): sync unfroze 2514 com.android.permissioncontroller for 6
05-29 20:51:45.922 I/InputReader( 720): Reconfiguring input devices, changes=KEYBOARD_LAYOUTS
05-29 20:51:45.925 D/nStackXCoAP( 3061): IsInSameNetwork:[276] :IsInSameNetwork exec
05-29 20:51:45.925 I/nStackXDFinder( 3061): GetLocalInterfaceDetail:[461] :GetLocalInterfaceDetail in
05-29 20:51:45.925 E/nStackXCoAP( 3061): IsInSameNetwork:[281] :IsInSameNetwork: not priority process
05-29 20:51:45.952 I/PermissionControllerServiceImpl( 2514): Updating user sensitive for uid 10059
05-29 20:51:45.975 W/Searchables( 720): No global search activity found
05-29 20:51:45.988 D/TrafficStats( 1453): tagSocket(160) with statsTag=0xffffffff, statsUid=-1
05-29 20:51:45.993 D/TrafficStats( 1453): tagSocket(135) with statsTag=0xffffffff, statsUid=-1
05-29 20:51:45.993 D/TrafficStats( 1453): tagSocket(188) with statsTag=0xffffffff, statsUid=-1
05-29 20:51:45.994 D/TrafficStats( 1453): tagSocket(192) with statsTag=0xffffffff, statsUid=-1
05-29 20:51:46.002 E/nStackXDFinder( 3061): GetLocalIp:[401] :GetLocalIp exec
05-29 20:51:46.002 E/nStackXDFinder( 3061): GetLocalIp:[401] :GetLocalIp exec
05-29 20:51:46.002 E/nStackXDFinder( 3061): GetLocalIp:[401] :GetLocalIp exec
05-29 20:51:46.003 I/nStackXCoAP( 3061): CoapServiceDiscoverTimerHandle:[524] :the 5 times for device discover.
05-29 20:51:46.020 D/TrafficStats( 1453): tagSocket(125) with statsTag=0xffffffff, statsUid=-1
05-29 20:51:46.024 D/nStackXCoAP( 3061): IsInSameNetwork:[276] :IsInSameNetwork exec
05-29 20:51:46.024 I/nStackXDFinder( 3061): GetLocalInterfaceDetail:[461] :GetLocalInterfaceDetail in
05-29 20:51:46.024 E/nStackXCoAP( 3061): IsInSameNetwork:[281] :IsInSameNetwork: not priority process
05-29 20:51:46.033 D/nStackXCoAP( 3061): IsInSameNetwork:[276] :IsInSameNetwork exec
05-29 20:51:46.033 I/nStackXDFinder( 3061): GetLocalInterfaceDetail:[461] :GetLocalInterfaceDetail in
05-29 20:51:46.033 E/nStackXCoAP( 3061): IsInSameNetwork:[281] :IsInSameNetwork: not priority process
05-29 20:51:46.034 D/nStackXCoAP( 3061): IsInSameNetwork:[276] :IsInSameNetwork exec
05-29 20:51:46.034 I/nStackXDFinder( 3061): GetLocalInterfaceDetail:[461] :GetLocalInterfaceDetail in
05-29 20:51:46.034 E/nStackXCoAP( 3061): IsInSameNetwork:[281] :IsInSameNetwork: not priority process
05-29 20:51:46.034 E/hq ( 1453): ErrorCoroutineExceptionHandler:::runTry error:com.dangbei.leard.base.proider.error.EmptyApiException: 数据为空 from=requestMessageDialog from=requestMessageDialog
05-29 20:51:46.035 D/nStackXCoAP( 3061): IsInSameNetwork:[276] :IsInSameNetwork exec
05-29 20:51:46.035 I/nStackXDFinder( 3061): GetLocalInterfaceDetail:[461] :GetLocalInterfaceDetail in
05-29 20:51:46.035 E/nStackXCoAP( 3061): IsInSameNetwork:[281] :IsInSameNetwork: not priority process
05-29 20:51:46.036 D/nStackXCoAP( 3061): IsInSameNetwork:[276] :IsInSameNetwork exec
05-29 20:51:46.036 I/nStackXDFinder( 3061): GetLocalInterfaceDetail:[461] :GetLocalInterfaceDetail in
05-29 20:51:46.036 E/nStackXCoAP( 3061): IsInSameNetwork:[281] :IsInSameNetwork: not priority process
05-29 20:51:46.044 W/BroadcastLoopers( 720): Found previously unknown looper Thread[android.bg,5,main]
05-29 20:51:46.054 D/AppManager( 1453): checkLocalAppsIsValid:
05-29 20:51:46.063 D/nStackXCoAP( 3061): IsInSameNetwork:[276] :IsInSameNetwork exec
05-29 20:51:46.063 I/nStackXDFinder( 3061): GetLocalInterfaceDetail:[461] :GetLocalInterfaceDetail in
05-29 20:51:46.063 E/nStackXCoAP( 3061): IsInSameNetwork:[281] :IsInSameNetwork: not priority process
05-29 20:51:46.066 D/nStackXCoAP( 3061): IsInSameNetwork:[276] :IsInSameNetwork exec
05-29 20:51:46.066 I/nStackXDFinder( 3061): GetLocalInterfaceDetail:[461] :GetLocalInterfaceDetail in
05-29 20:51:46.066 E/nStackXCoAP( 3061): IsInSameNetwork:[281] :IsInSameNetwork: not priority process
05-29 20:51:46.067 D/nStackXCoAP( 3061): IsInSameNetwork:[276] :IsInSameNetwork exec
05-29 20:51:46.067 I/nStackXDFinder( 3061): GetLocalInterfaceDetail:[461] :GetLocalInterfaceDetail in
05-29 20:51:46.067 E/nStackXCoAP( 3061): IsInSameNetwork:[281] :IsInSameNetwork: not priority process
05-29 20:51:46.076 D/nStackXCoAP( 3061): IsInSameNetwork:[276] :IsInSameNetwork exec
05-29 20:51:46.076 I/nStackXDFinder( 3061): GetLocalInterfaceDetail:[461] :GetLocalInterfaceDetail in
05-29 20:51:46.076 E/nStackXCoAP( 3061): IsInSameNetwork:[281] :IsInSameNetwork: not priority process
05-29 20:51:46.082 E/hq ( 1453): WeatherRefresh:::请求网络地址后,更新的地理位置为:101280601
05-29 20:51:46.083 D/nStackXCoAP( 3061): IsInSameNetwork:[276] :IsInSameNetwork exec
05-29 20:51:46.083 I/nStackXDFinder( 3061): GetLocalInterfaceDetail:[461] :GetLocalInterfaceDetail in
05-29 20:51:46.083 E/nStackXCoAP( 3061): IsInSameNetwork:[281] :IsInSameNetwork: not priority process
05-29 20:51:46.087 E/hq ( 1453): WeatherRefresh:::请求网络地址后,更新的地理位置为:101280601
05-29 20:51:46.108 W/Role ( 2514): Cannot get ApplicationInfo for default holder: com.android.messaging
05-29 20:51:46.123 W/Role ( 2514): Cannot get ApplicationInfo for default holder: com.android.tv.frameworkpackagestubs
05-29 20:51:46.127 D/nStackXCoAP( 3061): IsInSameNetwork:[276] :IsInSameNetwork exec
05-29 20:51:46.127 I/nStackXDFinder( 3061): GetLocalInterfaceDetail:[461] :GetLocalInterfaceDetail in
05-29 20:51:46.127 E/nStackXCoAP( 3061): IsInSameNetwork:[281] :IsInSameNetwork: not priority process
05-29 20:51:46.128 D/nStackXCoAP( 3061): IsInSameNetwork:[276] :IsInSameNetwork exec
05-29 20:51:46.128 I/nStackXDFinder( 3061): GetLocalInterfaceDetail:[461] :GetLocalInterfaceDetail in
05-29 20:51:46.128 E/nStackXCoAP( 3061): IsInSameNetwork:[281] :IsInSameNetwork: not priority process
05-29 20:51:46.129 D/nStackXCoAP( 3061): IsInSameNetwork:[276] :IsInSameNetwork exec
05-29 20:51:46.129 I/nStackXDFinder( 3061): GetLocalInterfaceDetail:[461] :GetLocalInterfaceDetail in
05-29 20:51:46.129 E/nStackXCoAP( 3061): IsInSameNetwork:[281] :IsInSameNetwork: not priority process
05-29 20:51:46.130 D/nStackXCoAP( 3061): IsInSameNetwork:[276] :IsInSameNetwork exec
05-29 20:51:46.130 I/nStackXDFinder( 3061): GetLocalInterfaceDetail:[461] :GetLocalInterfaceDetail in
05-29 20:51:46.130 E/nStackXCoAP( 3061): IsInSameNetwork:[281] :IsInSameNetwork: not priority process
05-29 20:51:46.132 D/nStackXCoAP( 3061): IsInSameNetwork:[276] :IsInSameNetwork exec
05-29 20:51:46.133 I/nStackXDFinder( 3061): GetLocalInterfaceDetail:[461] :GetLocalInterfaceDetail in
05-29 20:51:46.133 E/nStackXCoAP( 3061): IsInSameNetwork:[281] :IsInSameNetwork: not priority process
05-29 20:51:46.134 D/nStackXCoAP( 3061): IsInSameNetwork:[276] :IsInSameNetwork exec
05-29 20:51:46.134 I/nStackXDFinder( 3061): GetLocalInterfaceDetail:[461] :GetLocalInterfaceDetail in
05-29 20:51:46.134 E/nStackXCoAP( 3061): IsInSameNetwork:[281] :IsInSameNetwork: not priority process
05-29 20:51:46.135 D/nStackXCoAP( 3061): IsInSameNetwork:[276] :IsInSameNetwork exec
05-29 20:51:46.135 I/nStackXDFinder( 3061): GetLocalInterfaceDetail:[461] :GetLocalInterfaceDetail in
05-29 20:51:46.135 E/nStackXCoAP( 3061): IsInSameNetwork:[281] :IsInSameNetwork: not priority process
05-29 20:51:46.137 D/nStackXCoAP( 3061): IsInSameNetwork:[276] :IsInSameNetwork exec
05-29 20:51:46.137 I/nStackXDFinder( 3061): GetLocalInterfaceDetail:[461] :GetLocalInterfaceDetail in
05-29 20:51:46.137 E/nStackXCoAP( 3061): IsInSameNetwork:[281] :IsInSameNetwork: not priority process
05-29 20:51:46.138 D/nStackXCoAP( 3061): IsInSameNetwork:[276] :IsInSameNetwork exec
05-29 20:51:46.138 I/nStackXDFinder( 3061): GetLocalInterfaceDetail:[461] :GetLocalInterfaceDetail in
05-29 20:51:46.138 E/nStackXCoAP( 3061): IsInSameNetwork:[281] :IsInSameNetwork: not priority process
05-29 20:51:46.149 W/VoiceInteractionManager( 720): no available voice recognition services found for user 0
05-29 20:51:46.158 D/TrafficStats( 1453): tagSocket(124) with statsTag=0xffffffff, statsUid=-1
05-29 20:51:46.159 D/TrafficStats( 1802): tagSocket(76) with statsTag=0xffffffff, statsUid=-1
05-29 20:51:46.164 D/TrafficStats( 1453): tagSocket(125) with statsTag=0xffffffff, statsUid=-1
05-29 20:51:46.187 D/TrafficStats( 1802): tagSocket(86) with statsTag=0xffffffff, statsUid=-1
05-29 20:51:46.197 D/TrafficStats( 1453): tagSocket(149) with statsTag=0xffffffff, statsUid=-1
05-29 20:51:46.201 D/nStackXCoAP( 3061): IsInSameNetwork:[276] :IsInSameNetwork exec
05-29 20:51:46.201 I/nStackXDFinder( 3061): GetLocalInterfaceDetail:[461] :GetLocalInterfaceDetail in
05-29 20:51:46.201 E/nStackXCoAP( 3061): IsInSameNetwork:[281] :IsInSameNetwork: not priority process
05-29 20:51:46.204 D/TrafficStats( 1453): tagSocket(135) with statsTag=0xffffffff, statsUid=-1
05-29 20:51:46.208 D/nStackXCoAP( 3061): IsInSameNetwork:[276] :IsInSameNetwork exec
05-29 20:51:46.208 I/nStackXDFinder( 3061): GetLocalInterfaceDetail:[461] :GetLocalInterfaceDetail in
05-29 20:51:46.208 E/nStackXCoAP( 3061): IsInSameNetwork:[281] :IsInSameNetwork: not priority process
05-29 20:51:46.211 D/TrafficStats( 1453): tagSocket(139) with statsTag=0xffffffff, statsUid=-1
05-29 20:51:46.328 E/hq ( 1453): 当小贝:::message list add complete data.messageList:[]
05-29 20:51:46.328 E/hq ( 1453): data.tabList=[]
05-29 20:51:46.329 I/hq ( 1453): 当小贝:::showMessage from=requestGetMessageRemind
05-29 20:51:46.329 I/hq ( 1453): 当小贝:::showMessage 没有消息需要显示
05-29 20:51:46.334 D/TrafficStats( 1453): tagSocket(124) with statsTag=0xffffffff, statsUid=-1
05-29 20:51:46.341 D/TrafficStats( 1453): tagSocket(125) with statsTag=0xffffffff, statsUid=-1
05-29 20:51:46.341 D/TrafficStats( 1453): tagSocket(135) with statsTag=0xffffffff, statsUid=-1
05-29 20:51:46.341 D/TrafficStats( 1453): tagSocket(140) with statsTag=0xffffffff, statsUid=-1
05-29 20:51:46.374 D/TrafficStats( 1453): tagSocket(155) with statsTag=0xffffffff, statsUid=-1
05-29 20:51:46.390 E/DocumentManagerRoleBehavior( 2514): There should be exactly one documenter; found 0: matches=[]
05-29 20:51:46.396 W/Role ( 2514): Cannot get ApplicationInfo for default holder: com.android.gallery3d
05-29 20:51:46.418 D/nStackXCoAP( 3061): IsInSameNetwork:[276] :IsInSameNetwork exec
05-29 20:51:46.418 I/nStackXDFinder( 3061): GetLocalInterfaceDetail:[461] :GetLocalInterfaceDetail in
