05-29 20:51:53.909 D/XM_HIDREAD( 1873): poll ret=1, event=1
05-29 20:51:53.909 D/XM_HIDREAD( 1873): [9 bytes]:01 00 00 28 00 00 00 00 00
05-29 20:51:53.911 I/SogouIME( 1431): onKeyDown: keyoCode=23
05-29 20:51:53.911 I/DefaultIMS( 1431): onKeyDown: keyoCode=23
05-29 20:51:53.912 I/TvSpecialKeyEventInterceptor( 1431): onKeyDown repeat: 0 onKeyDownConsume: false
05-29 20:51:54.010 D/XM_HIDREAD( 1873): poll ret=1, event=1
05-29 20:51:54.010 D/XM_HIDREAD( 1873): [9 bytes]:01 00 00 00 00 00 00 00 00
05-29 20:51:54.012 I/SogouIME( 1431): onKeyUp: keyoCode=23
05-29 20:51:54.012 I/DefaultIMS( 1431): onKeyUp: keyoCode=23
05-29 20:51:54.013 I/TvSpecialKeyEventInterceptor( 1431): onKeyUp: onKeyDownConsume false onKeyUpConsume: false repeat: 0
05-29 20:51:54.014 I/fB ( 1431): onKeyClick: property=10 code=10 symbol=null
05-29 20:51:54.014 I/KeyEventTransfer( 1431): doKeyInput: property=10 code=10 text=完成 miniText=null
05-29 20:51:54.015 I/InputContext( 1431): onChanged: composing=null
05-29 20:51:54.015 I/InputContext( 1431): onChanged: forCompose=false
05-29 20:51:54.015 I/InputContext( 1431): onChanged: editComposing=
05-29 20:51:54.016 I/InputContext( 1431): onChanged: candidateWords=[]
05-29 20:51:54.016 I/InputContext( 1431): onChanged: candidateWordInfo.size=0 global offset: 0pausedCandidateData = false
05-29 20:51:54.024 I/SogouIME( 1431): onFinishInputView:
05-29 20:51:54.024 W/RemoteInputConnectionImpl( 3287): setComposingText on inactive InputConnection
05-29 20:51:54.024 I/DefaultIMS( 1431): onFinishInputView: true
05-29 20:51:54.024 I/MainPresenter( 1431): onFinishInputView: on starting, return
05-29 20:51:54.042 D/EnInputSession( 1431): getCandidateWords: count=0
05-29 20:51:54.043 I/eJ ( 1431): handle Action on finish Input
05-29 20:51:54.043 I/PhysicalKeyHandler( 1431): resetPhysicalKeyboardStatus
05-29 20:51:54.044 I/DefaultIMS( 1431): onStartInput attribute=android.view.inputmethod.EditorInfo@4571f72 restarting=false inputType: 0
05-29 20:51:54.044 W/WindowOnBackDispatcher( 3287): sendCancelIfRunning: isInProgress=falsecallback=ImeCallback=ImeOnBackInvokedCallback@241191082 Callback=android.window.IOnBackInvokedCallback$Stub$Proxy@ab432a2
05-29 20:51:54.044 I/SogouIME( 1431): SogouIME::onStartInputView()
05-29 20:51:54.044 I/DefaultIMS( 1431): onStartInputView attributeandroid.view.inputmethod.EditorInfo@4571f72 restarting=false inputType: 0
05-29 20:51:54.044 I/SogouIME( 1431): SogouIME::setInputView()
05-29 20:51:54.045 D/CoreBackPreview( 720): Window{57d2de6 u0 com.dangbei.haqusetting/com.dangbei.haqusetting.ui.leaf.ui.net.connect.LeafWholeWifiConnectActivity}: Setting back callback OnBackInvokedCallbackInfo{mCallback=android.window.IOnBackInvokedCallback$Stub$Proxy@3f62e47, mPriority=0, mIsAnimationCallback=false}
05-29 20:51:54.046 I/MainPresenter( 1431): onStartInputView: attribute=android.view.inputmethod.EditorInfo@4571f72 isReady=true; restarting: false inputType: 0
05-29 20:51:54.046 I/RootPresenter( 1431): hideInputWindow:
05-29 20:51:54.047 I/ImeTracker( 720): com.dangbei.haqusetting:81e4d7c2: onRequestHide at ORIGIN_SERVER_HIDE_INPUT reason HIDE_SOFT_INPUT_FROM_IME
05-29 20:51:54.054 I/eJ ( 1431): handle Action on start Input
05-29 20:51:54.059 I/SogouIME( 1431): onFinishInputView:
05-29 20:51:54.059 I/DefaultIMS( 1431): onFinishInputView: false
05-29 20:51:54.065 D/KeyboardUtils( 3287): getDecorViewInvisibleHeight: 0
05-29 20:51:54.073 D/EnInputSession( 1431): getCandidateWords: count=0
05-29 20:51:54.078 D/WindowManagerShell( 950): TvPipController: onImeVisibilityChanged(), visible=false, height=0
05-29 20:51:54.087 D/EnInputSession( 1431): getCandidateWords: count=0
05-29 20:51:54.087 I/eJ ( 1431): handle Action on finish Input
05-29 20:51:54.088 I/PhysicalKeyHandler( 1431): resetPhysicalKeyboardStatus
05-29 20:51:54.092 I/SendAliveManager( 1431): getSendAliveUrl--->http://ping.android.shouji.sogou.com/androidinputalive.gif
05-29 20:51:54.143 I/RequestCookie( 1431): current compose cookie: a=2&b=SogouInputTV&c=1.1.97.2012221415&d=20201222&e=TV&f=34&g=zh_CN&h=1080x1920&i=DBBOX-A3&j=android_tv_dangbei&k=02:00:00:00:00:00&l=310260000000000&m=460&n=00&o=android_tv_dangbei&p=1&q=wifi&r=c273be1385270a4f&s=02:00:00:00:00:00&t=Amlogic&u=1.5&v=&w=&x=sogou.tv&y=&sn=DZOH5P8251971600&mn=Amlogic&mi=&bd=Build_d5523c4_20201222&cd=&pn=com.sohu.inputmethod.sogou.tv&cb=&rv=&vc=508&ic=&sc=&bv=1.1.97.2012221415&uuid=
05-29 20:51:54.136 I/method.sogou.tv( 1431): type=1400 audit(0.0:1962): avc: denied { read } for name="u:object_r:serialno_prop:s0" dev="tmpfs" ino=350 scontext=u:r:untrusted_app_27:s0:c39,c256,c512,c768 tcontext=u:object_r:serialno_prop:s0 tclass=file permissive=1 app=com.sohu.inputmethod.sogou.tv
05-29 20:51:54.136 I/method.sogou.tv( 1431): type=1400 audit(0.0:1963): avc: denied { open } for path="/dev/__properties__/u:object_r:serialno_prop:s0" dev="tmpfs" ino=350 scontext=u:r:untrusted_app_27:s0:c39,c256,c512,c768 tcontext=u:object_r:serialno_prop:s0 tclass=file permissive=1 app=com.sohu.inputmethod.sogou.tv
05-29 20:51:54.136 I/method.sogou.tv( 1431): type=1400 audit(0.0:1964): avc: denied { getattr } for path="/dev/__properties__/u:object_r:serialno_prop:s0" dev="tmpfs" ino=350 scontext=u:r:untrusted_app_27:s0:c39,c256,c512,c768 tcontext=u:object_r:serialno_prop:s0 tclass=file permissive=1 app=com.sohu.inputmethod.sogou.tv
05-29 20:51:54.154 I/RequestCookie( 1431): current compose cookie: a=2&b=SogouInputTV&c=1.1.97.2012221415&d=20201222&e=TV&f=34&g=zh_CN&h=1080x1920&i=DBBOX-A3&j=android_tv_dangbei&k=02:00:00:00:00:00&l=310260000000000&m=460&n=00&o=android_tv_dangbei&p=1&q=wifi&r=c273be1385270a4f&s=02:00:00:00:00:00&t=Amlogic&u=1.5&v=&w=&x=sogou.tv&y=&sn=DZOH5P8251971600&mn=Amlogic&mi=&bd=Build_d5523c4_20201222&cd=&pn=com.sohu.inputmethod.sogou.tv&cb=&rv=&vc=508&ic=&sc=&bv=1.1.97.2012221415&uuid=
05-29 20:51:54.136 I/method.sogou.tv( 1431): type=1400 audit(0.0:1965): avc: denied { map } for path="/dev/__properties__/u:object_r:serialno_prop:s0" dev="tmpfs" ino=350 scontext=u:r:untrusted_app_27:s0:c39,c256,c512,c768 tcontext=u:object_r:serialno_prop:s0 tclass=file permissive=1 app=com.sohu.inputmethod.sogou.tv
05-29 20:51:54.268 I/ImeTracker( 3287): com.dangbei.haqusetting:fd31b59d: onRequestHide at ORIGIN_CLIENT_HIDE_SOFT_INPUT reason HIDE_SOFT_INPUT_BY_INSETS_API
05-29 20:51:54.269 I/ImeTracker( 720): com.dangbei.haqusetting:fd31b59d: onCancelled at PHASE_SERVER_SHOULD_HIDE
05-29 20:51:54.270 I/ImeTracker( 3287): com.dangbei.haqusetting:81e4d7c2: onHidden
05-29 20:51:54.282 D/KeyboardUtils( 3287): getDecorViewInvisibleHeight: 0
05-29 20:51:54.427 D/TrafficStats( 1431): tagSocket(139) with statsTag=0xffffffff, statsUid=-1
05-29 20:51:54.475 I/SendAliveManager( 1431): saveSendAliveStatus--->aliveType: 1002
05-29 20:51:54.572 D/XM_HIDREAD( 1873): poll ret=1, event=1
05-29 20:51:54.572 D/XM_HIDREAD( 1873): [9 bytes]:01 00 00 28 00 00 00 00 00
05-29 20:51:54.575 I/SogouIME( 1431): onKeyDown: keyoCode=23
05-29 20:51:54.575 I/DefaultIMS( 1431): onKeyDown: keyoCode=23
05-29 20:51:54.696 D/XM_HIDREAD( 1873): poll ret=1, event=1
05-29 20:51:54.696 D/XM_HIDREAD( 1873): [9 bytes]:01 00 00 00 00 00 00 00 00
05-29 20:51:54.698 I/SogouIME( 1431): onKeyUp: keyoCode=23
05-29 20:51:54.698 I/DefaultIMS( 1431): onKeyUp: keyoCode=23
05-29 20:51:54.712 I/WifiService( 720): save uid=1000
05-29 20:51:54.713 E/WifiConfigManager( 720): Cannot find network with networkId -1 or configKey "5G"WPA_PSK or upgradable security type check
05-29 20:51:54.714 I/WifiService( 720): connect uid=1000
05-29 20:51:54.714 E/WifiConfigManager( 720): Cannot find network with networkId -1 or configKey "5G"WPA_PSK or upgradable security type check
05-29 20:51:54.725 E/WifiConfigManager( 720): Cannot find network with configKey "5G"WPA_PSK
05-29 20:51:54.725 D/WifiConfigurationUtil( 720): Add upgradable SAE configuration.
05-29 20:51:54.725 I/WifiConfigManager( 720): Credential changed for netId=5
05-29 20:51:54.726 E/WifiPermissionsUtil( 720): isDeviceOwner: packageName is null, returning false
05-29 20:51:54.726 E/WifiPermissionsUtil( 720): isProfileOwner: packageName is null, returning false
05-29 20:51:54.726 D/WifiConfigManager( 720): Enable disabled network: "5G" num=0
05-29 20:51:54.738 D/WifiConfigStore( 720): Writing to stores completed in 7 ms.
05-29 20:51:54.759 D/WifiConfigStore( 720): Writing to stores completed in 4 ms.
05-29 20:51:54.760 W/ContextImpl( 720): Calling a method in the system process without a qualified user: android.app.ContextImpl.sendBroadcastMultiplePermissions:1253 android.content.Context.sendBroadcastWithMultiplePermissions:2504 com.android.server.wifi.WifiServiceImpl.broadcastWifiCredentialChanged:6307 com.android.server.wifi.WifiServiceImpl.lambda$save$116:6473 com.android.server.wifi.WifiServiceImpl.$r8$lambda$Vb8Y9rfb-R1uKGq6gtQsM9kPbwI:0
05-29 20:51:54.763 D/WifiConfigurationUtil( 720): Add upgradable SAE configuration.
05-29 20:51:54.763 E/WifiPermissionsUtil( 720): isDeviceOwner: packageName is null, returning false
05-29 20:51:54.763 E/WifiPermissionsUtil( 720): isProfileOwner: packageName is null, returning false
05-29 20:51:54.763 D/WifiConfigManager( 720): Enable disabled network: "5G" num=0
05-29 20:51:54.777 D/WifiConfigStore( 720): Writing to stores completed in 5 ms.
05-29 20:51:54.781 W/ContextImpl( 720): Calling a method in the system process without a qualified user: android.app.ContextImpl.sendBroadcastMultiplePermissions:1253 android.content.Context.sendBroadcastWithMultiplePermissions:2504 com.android.server.wifi.WifiServiceImpl.broadcastWifiCredentialChanged:6307 com.android.server.wifi.WifiServiceImpl.lambda$connect$114:6361 com.android.server.wifi.WifiServiceImpl.$r8$lambda$-JNwG9dSsBRaPtuDVu_nESmenOQ:0
05-29 20:51:54.784 D/WifiConfigManager( 720): Enable disabled network: "5G" num=0
05-29 20:51:54.810 D/WifiConfigStore( 720): Writing to stores completed in 10 ms.
05-29 20:51:54.812 D/WifiClientModeImpl[21259:wlan0]( 720): connectToUserSelectNetwork netId 5, uid 1000, package com.dangbei.haqusetting, forceReconnect = false, isUserSelected = true
05-29 20:51:54.814 D/WifiScoreReport( 720): setShouldReduceNetworkScore=false mNetworkAgent is null? false
05-29 20:51:54.814 D/WifiClientModeImpl[21259:wlan0]( 720): CMD_START_CONNECT my state L3ConnectedState nid=5 roam=false
05-29 20:51:54.823 D/ConnectivityService( 720): NetReassign [no changes] [c 0] [a 1] [i 7]
05-29 20:51:54.824 I/WifiClientModeImpl[21259:wlan0]( 720): Select best-fit security params: 2
05-29 20:51:54.825 W/LastMileLogger( 720): Failed to open free_buffer pseudo-file: /sys/kernel/debug/tracing/instances/wifi/free_buffer: open failed: ENOENT (No such file or directory)
05-29 20:51:54.825 W/LastMileLogger( 720): Failed to arm fail-safe.
05-29 20:51:54.825 I/wpa_supplicant( 1166): wpa_driver_nl80211_driver_cmd: wifi vendor: aml_w2_s
05-29 20:51:54.825 I/wpa_supplicant( 1166): wpa_driver_nl80211_driver_cmd: wlan0: private command: MACADDR
05-29 20:51:54.826 W/wificond( 640): Scan is not started. Ignore abort request
05-29 20:51:54.826 D/SupplicantStaIfaceHalAidlImpl( 720): connectToNetwork "5G"WPA_PSK, actualSsid=null
05-29 20:51:54.827 I/BpBinder( 1166): onLastStrongRef automatically unlinking death recipients: android.hardware.wifi.supplicant.ISupplicantStaNetworkCallback
05-29 20:51:54.860 D/IpClient/wlan0( 999): interfaceLinkStateChanged: ifindex 16 down
05-29 20:51:54.901 I/wpa_supplicant( 1166): wlan0: CTRL-EVENT-DISCONNECTED bssid=58:c7:ac:7a:49:f2 reason=3 locally_generated=1
05-29 20:51:54.954 I/wpa_supplicant( 1166): wlan0: CTRL-EVENT-DSCP-POLICY clear_all
05-29 20:51:54.955 D/SupplicantStaIfaceHalAidlImpl( 720): Selecting supplicant SSID "5G"
05-29 20:51:54.957 I/SupplicantStaNetworkHalAidlImpl( 720): Successfully set SSID
05-29 20:51:54.957 D/SupplicantStaNetworkHalAidlImpl( 720): The target security params: Security Parameters:
05-29 20:51:54.957 D/SupplicantStaNetworkHalAidlImpl( 720): Type: 2
05-29 20:51:54.957 D/SupplicantStaNetworkHalAidlImpl( 720): Enabled: true
05-29 20:51:54.957 D/SupplicantStaNetworkHalAidlImpl( 720): KeyMgmt: WPA_PSK
05-29 20:51:54.957 D/SupplicantStaNetworkHalAidlImpl( 720): Protocols: WPA RSN
05-29 20:51:54.957 D/SupplicantStaNetworkHalAidlImpl( 720): AuthAlgorithms:
05-29 20:51:54.957 D/SupplicantStaNetworkHalAidlImpl( 720): PairwiseCiphers: TKIP CCMP
05-29 20:51:54.957 D/SupplicantStaNetworkHalAidlImpl( 720): GroupCiphers: WEP40 WEP104 TKIP CCMP
05-29 20:51:54.957 D/SupplicantStaNetworkHalAidlImpl( 720): GroupMgmtCiphers:
05-29 20:51:54.957 D/SupplicantStaNetworkHalAidlImpl( 720): SuiteBCiphers:
05-29 20:51:54.957 D/SupplicantStaNetworkHalAidlImpl( 720): RequirePmf: false
05-29 20:51:54.957 D/SupplicantStaNetworkHalAidlImpl( 720): IsAddedByAutoUpgrade: false
05-29 20:51:54.957 D/SupplicantStaNetworkHalAidlImpl( 720): IsSaeH2eOnlyMode: false
05-29 20:51:54.957 D/SupplicantStaNetworkHalAidlImpl( 720): IsSaePkOnlyMode: false
05-29 20:51:54.960 I/rainbow_flow( 8701): type=1400 audit(0.0:1966): avc: denied { ioctl } for path="/dev/spidev1.0" dev="tmpfs" ino=557 ioctlcmd=0x6b00 scontext=u:r:init:s0 tcontext=u:object_r:device:s0 tclass=chr_file permissive=1
05-29 20:51:54.990 I/wpa_supplicant( 1166): assoc key_mgmt 0x0 network key_mgmt 0x142
05-29 20:51:54.991 D/WifiClientModeImpl[21259:wlan0]( 720): ClientModeImpl: Leaving Connected state
05-29 20:51:54.991 I/wificond( 640): Received external scan result notification from kernel.
05-29 20:51:54.992 D/WifiNl80211Manager( 720): Scan result ready event
05-29 20:51:54.992 D/WifiNative( 720): Scan result ready event
05-29 20:51:54.992 I/wpa_supplicant( 1166): wlan0: Trying to associate with 10:7c:61:1a:4b:94 (SSID='5G' freq=5805 MHz)
05-29 20:51:54.992 D/WifiClientModeImpl[21259:wlan0]( 720): Start Connecting Watchdog 2
05-29 20:51:54.993 I/wpa_supplicant( 1166): assoc key_mgmt 0x2 network key_mgmt 0x142
05-29 20:51:55.005 I/WifiClientModeImpl( 720): Keep PMK cache for network disconnection reason 3
05-29 20:51:55.007 E/WifiStaIfaceAidlImpl( 720): stopRssiMonitoring failed with service-specific exception: android.os.ServiceSpecificException: (code 5)
05-29 20:51:55.008 I/wpa_supplicant( 1166): wpa_driver_nl80211_driver_cmd: wifi vendor: aml_w2_s
05-29 20:51:55.008 I/wpa_supplicant( 1166): wpa_driver_nl80211_driver_cmd: wlan0: private command: BTCOEXMODE 2
05-29 20:51:55.008 W/ContextImpl( 720): Calling a method in the system process without a qualified user: android.app.ContextImpl.sendStickyBroadcast:1626 com.android.server.wifi.ClientModeImpl.sendNetworkChangeBroadcast:3008 com.android.server.wifi.ClientModeImpl.lambda$sendNetworkChangeBroadcastWithCurrentState$14:2985 com.android.server.wifi.ClientModeImpl.$r8$lambda$q-j88Pjw4gROgoJFr8wBlBVbuJI:0 com.android.server.wifi.ClientModeImpl$$ExternalSyntheticLambda4.send:0
05-29 20:51:55.009 D/ConnectivityService( 720): [100 WIFI] EVENT_NETWORK_INFO_CHANGED, going from CONNECTED to DISCONNECTED
05-29 20:51:55.009 D/ConnectivityService( 720): [100 WIFI] disconnected, was satisfying 41
05-29 20:51:55.010 E/ccc ( 3287): cccccc 4444444444444444444 DISCONNECTED
05-29 20:51:55.012 D/RockyReceiver( 1802): action: android.net.wifi.STATE_CHANGE
05-29 20:51:55.013 W/BestClock( 720): java.time.DateTimeException: Missing network time fix
05-29 20:51:55.017 D/ActivityManager( 720): freezing 2623 com.android.statementservice
05-29 20:51:55.018 D/ActivityManager( 720): freezing 2580 com.android.rkpdapp
05-29 20:51:55.021 W/ContextImpl( 720): Calling a method in the system process without a qualified user: android.app.ContextImpl.sendStickyBroadcast:1626 com.android.server.wifi.ClientModeImpl.sendNetworkChangeBroadcast:3008 com.android.server.wifi.ClientModeImpl.lambda$sendNetworkChangeBroadcastWithCurrentState$14:2985 com.android.server.wifi.ClientModeImpl.$r8$lambda$q-j88Pjw4gROgoJFr8wBlBVbuJI:0 com.android.server.wifi.ClientModeImpl$$ExternalSyntheticLambda4.send:0
05-29 20:51:55.025 D/RockyReceiver( 1802): action: android.net.wifi.STATE_CHANGE
05-29 20:51:55.026 W/ContextImpl( 720): Calling a method in the system process without a qualified user: android.app.ContextImpl.sendStickyBroadcast:1626 com.android.server.wifi.ClientModeImpl.sendNetworkChangeBroadcast:3008 com.android.server.wifi.ClientModeImpl.lambda$sendNetworkChangeBroadcastWithCurrentState$14:2985 com.android.server.wifi.ClientModeImpl.$r8$lambda$q-j88Pjw4gROgoJFr8wBlBVbuJI:0 com.android.server.wifi.ClientModeImpl$$ExternalSyntheticLambda4.send:0
05-29 20:51:55.028 I/WifiClientModeImpl[21259:wlan0]( 720): Update current security type to 2
05-29 20:51:55.028 D/RockyReceiver( 1802): action: android.net.wifi.STATE_CHANGE
05-29 20:51:55.032 D/ApfFilter( 999): (wlan0): shutting down
05-29 20:51:55.033 D/WifiNetworkAgent( 720): NetworkAgent: NetworkAgent channel lost
05-29 20:51:55.035 D/DhcpClient( 999): doQuit
05-29 20:51:55.039 W/BestClock( 720): java.time.DateTimeException: Missing network time fix
05-29 20:51:55.032 I/IpClient.wlan0( 999): type=1400 audit(0.0:1967): avc: denied { search } for name="net" dev="sysfs" ino=12345 scontext=u:r:network_stack:s0 tcontext=u:object_r:sysfs_net:s0 tclass=dir permissive=1
05-29 20:51:55.046 E/ccc ( 3287): cccccc sort 12 22
05-29 20:51:55.048 D/UpstreamNetworkMonitor( 999): Lost default Internet network: 100
05-29 20:51:55.052 E/ccc ( 3287): cccccc 4444444444444444444 DISCONNECTED
05-29 20:51:55.054 W/IPCThreadState( 720): Sending oneway calls to frozen process.
05-29 20:51:55.054 W/IPCThreadState( 720): Sending oneway calls to frozen process.
05-29 20:51:55.070 I/chromium( 1488): [0529/205155.070790:INFO:httpdns.cc(381)] OnEffectiveConnectionTypeChanged called by httpdns context networks 1
05-29 20:51:55.070 E/ccc ( 3287): cccccc sort 12 22
05-29 20:51:55.071 I/chromium( 1488): [0529/205155.071090:INFO:httpdns.cc(387)] OnNetworkChanged called by httpdns context networks 6
05-29 20:51:55.072 I/chromium( 2179): [0529/205155.069414:INFO:httpdns.cc(381)] OnEffectiveConnectionTypeChanged called by httpdns context networks 1
05-29 20:51:55.072 I/chromium( 2179): [0529/205155.072862:INFO:httpdns.cc(387)] OnNetworkChanged called by httpdns context networks 6
05-29 20:51:55.074 E/ccc ( 3287): cccccc 555555555555555555555
05-29 20:51:55.078 D/ConnectivityService( 720): Sending DISCONNECTED broadcast for type 1 [100 WIFI] isDefaultNetwork=true
05-29 20:51:55.079 W/ContextImpl( 720): Calling a method in the system process without a qualified user: android.app.ContextImpl.sendStickyBroadcast:1626 android.net.connectivity.com.android.server.ConnectivityService.sendStickyBroadcast:3280 android.net.connectivity.com.android.server.ConnectivityService.sendLegacyNetworkBroadcast:10166 android.net.connectivity.com.android.server.ConnectivityService$LegacyTypeTracker.remove:1167 android.net.connectivity.com.android.server.ConnectivityService$LegacyTypeTracker.remove:1184
05-29 20:51:55.085 D/ConnectivityService( 720): NetReassign [no changes] [c 0] [a 0] [i 0]
05-29 20:51:55.088 E/ccc ( 3287): cccccc sort 12 22
05-29 20:51:55.097 W/resolv ( 492): resolv_stats_set_addrs: Network 100 not found for PROTO_DOT
05-29 20:51:55.097 W/resolv ( 492): resolv_stats_set_addrs: Network 100 not found for PROTO_DOH
05-29 20:51:55.103 D/WifiHAL ( 531): Setting DTIM config , halHandle = 0xef801fc0 Multiplier = 0
05-29 20:51:55.103 I/WifiHAL ( 531): Successfully configured dtim multiplier 0
05-29 20:51:55.103 D/WifiHAL ( 531): error code -95 mapped to -3
05-29 20:51:55.104 E/WifiStaIfaceAidlImpl( 720): setDtimMultiplier failed with service-specific exception: android.os.ServiceSpecificException: (code 4)
05-29 20:51:55.136 D/DhcpClient( 999): DHCP Packet Handler stopped
05-29 20:51:55.136 D/DhcpClient( 999): onQuitting
05-29 20:51:55.138 D/nStackXDFinder( 3061): IfAddrMsgHandle:[87] :Interface wlan0 delete address.
05-29 20:51:55.138 I/nStackXDFinder( 3061): UpdateLocalNetworkInterface:[472] :UpdateLocalNetworkInterface exec,initerfaceName:wlan0
05-29 20:51:55.138 E/nStackXDFinder( 3061): GetLocalIp:[401] :GetLocalIp exec
05-29 20:51:55.138 I/nStackXDFinder( 3061): UpdateLocalNetworkInterface:[498] :UpdateLocalNetworkInterface copy ip value in default process
05-29 20:51:55.138 E/nStackXDFinder( 3061): GetLocalIp:[401] :GetLocalIp exec
05-29 20:51:55.138 E/nStackXDFinder( 3061): GetLocalIp:[407] :GetLocalIp, ifInfo is null
05-29 20:51:55.139 E/nStackXSocket( 3061): AcceptSocket:[338] :accept return cfd = -1, sfd = 130, errno = 22
05-29 20:51:55.139 D/nStackXDMsg( 3061): AcceptErrorHandle:[889] :close fd = 130
05-29 20:51:55.140 W/resolv ( 492): SSL_connect ssl error =5, mark 0xf0064: Software caused connection abort
05-29 20:51:55.140 W/resolv ( 492): TLS Handshake failed
05-29 20:51:55.141 W/resolv ( 492): query failed
05-29 20:51:55.141 W/resolv ( 492): validateDnsTlsServer returned 0 for 202.96.134.133
05-29 20:51:55.141 W/resolv ( 492): netId 100 was erased during private DNS validation
05-29 20:51:55.141 W/resolv ( 492): SSL_connect ssl error =5, mark 0xf0064: Software caused connection abort
05-29 20:51:55.141 W/resolv ( 492): TLS Handshake failed
05-29 20:51:55.141 W/resolv ( 492): query failed
05-29 20:51:55.141 W/resolv ( 492): validateDnsTlsServer returned 0 for 202.96.128.166
05-29 20:51:55.141 W/resolv ( 492): netId 100 was erased during private DNS validation
05-29 20:51:55.224 E/RCInfo ( 1400): vid:000d
05-29 20:51:55.224 E/RCInfo ( 1400): pid:3838
05-29 20:51:55.224 E/ccc ( 1400): cccccc 请求remote缓存 DB-15B-H5-R0108
05-29 20:51:55.224 E/ccc ( 1400): cccccc requestRemoteInfoInner factory XIMI version DB-15B-H5-R0108
05-29 20:51:55.216 I/DefaultDispatch( 1400): type=1400 audit(0.0:1971): avc: denied { read } for name="devices" dev="proc" ino=4026531982 scontext=u:r:system_app:s0 tcontext=u:object_r:proc:s0 tclass=file permissive=1
05-29 20:51:55.216 I/DefaultDispatch( 1400): type=1400 audit(0.0:1972): avc: denied { open } for path="/proc/bus/input/devices" dev="proc" ino=4026531982 scontext=u:r:system_app:s0 tcontext=u:object_r:proc:s0 tclass=file permissive=1
05-29 20:51:55.220 I/DefaultDispatch( 1400): type=1400 audit(0.0:1973): avc: denied { getattr } for path="/proc/bus/input/devices" dev="proc" ino=4026531982 scontext=u:r:system_app:s0 tcontext=u:object_r:proc:s0 tclass=file permissive=1
05-29 20:51:55.234 D/uninstall( 3054): isAllowStart last_delay 0, current_time 1748523115
05-29 20:51:55.234 I/uninstall( 3054): enable_service com.ktcp.video/com.tencent.qqlivetv.keeplive.proc.DaemonService com.ktcp.video/(null)
05-29 20:51:55.235 D/uninstall( 3054): enable_service waitpid
05-29 20:51:55.235 D/uninstall( 8817): enable_service pid == 0
05-29 20:51:55.235 D/uninstall( 8817): enable_service version >= 17 || version == 0 version == 34
05-29 20:51:55.239 I/okhttp.OkHttpClient( 1400): --> POST http://tymsgapi.qun7.com/v1/core/ykota (598-byte body)
05-29 20:51:55.249 I/System.out( 1400): [java.net.SocketException: Software caused connection abort, java.net.SocketException: Software caused connection abort, java.net.SocketException: Software caused connection abort]
05-29 20:51:55.250 I/okhttp.OkHttpClient( 1400): <-- HTTP FAILED: java.net.UnknownHostException: Unable to resolve host "tymsgapi.qun7.com": No address associated with hostname
05-29 20:51:55.251 W/System.err( 1400): java.net.UnknownHostException: Unable to resolve host "tymsgapi.qun7.com": No address associated with hostname
05-29 20:51:55.251 W/System.err( 1400): at java.net.Inet6AddressImpl.lookupHostByName(Inet6AddressImpl.java:156)
05-29 20:51:55.251 W/System.err( 1400): at java.net.Inet6AddressImpl.lookupAllHostAddr(Inet6AddressImpl.java:103)
05-29 20:51:55.251 W/System.err( 1400): at java.net.InetAddress.getAllByName(InetAddress.java:1152)
05-29 20:51:55.251 W/System.err( 1400): at okhttp3.Dns$Companion$DnsSystem.lookup(Dns.kt:49)
05-29 20:51:55.251 W/System.err( 1400): at okhttp3.internal.connection.RouteSelector.resetNextInetSocketAddress(RouteSelector.kt:164)
05-29 20:51:55.252 W/System.err( 1400): at okhttp3.internal.connection.RouteSelector.nextProxy(RouteSelector.kt:129)
05-29 20:51:55.252 W/System.err( 1400): at okhttp3.internal.connection.RouteSelector.next(RouteSelector.kt:71)
05-29 20:51:55.252 W/System.err( 1400): at okhttp3.internal.connection.ExchangeFinder.findConnection(ExchangeFinder.kt:205)
05-29 20:51:55.252 W/System.err( 1400): at okhttp3.internal.connection.ExchangeFinder.findHealthyConnection(ExchangeFinder.kt:106)
05-29 20:51:55.252 W/System.err( 1400): at okhttp3.internal.connection.ExchangeFinder.find(ExchangeFinder.kt:74)
05-29 20:51:55.252 W/System.err( 1400): at okhttp3.internal.connection.RealCall.initExchange$okhttp(RealCall.kt:255)
05-29 20:51:55.252 W/System.err( 1400): at okhttp3.internal.connection.ConnectInterceptor.intercept(ConnectInterceptor.kt:32)
05-29 20:51:55.252 W/System.err( 1400): at okhttp3.internal.http.RealInterceptorChain.proceed(RealInterceptorChain.kt:109)
05-29 20:51:55.252 W/System.err( 1400): at okhttp3.internal.cache.CacheInterceptor.intercept(CacheInterceptor.kt:95)
05-29 20:51:55.252 W/System.err( 1400): at okhttp3.internal.http.RealInterceptorChain.proceed(RealInterceptorChain.kt:109)
05-29 20:51:55.252 W/System.err( 1400): at okhttp3.internal.http.BridgeInterceptor.intercept(BridgeInterceptor.kt:83)
05-29 20:51:55.252 W/System.err( 1400): at okhttp3.internal.http.RealInterceptorChain.proceed(RealInterceptorChain.kt:109)
05-29 20:51:55.252 W/System.err( 1400): at okhttp3.internal.http.RetryAndFollowUpInterceptor.intercept(RetryAndFollowUpInterceptor.kt:76)
05-29 20:51:55.252 W/System.err( 1400): at okhttp3.internal.http.RealInterceptorChain.proceed(RealInterceptorChain.kt:109)
05-29 20:51:55.252 W/System.err( 1400): at okhttp3.logging.HttpLoggingInterceptor.intercept(HttpLoggingInterceptor.kt:221)
05-29 20:51:55.252 W/System.err( 1400): at okhttp3.internal.http.RealInterceptorChain.proceed(RealInterceptorChain.kt:109)
05-29 20:51:55.252 W/System.err( 1400): at com.etna.haqu.model.net.interceptor.RequestSignAndEncryptInterceptor.intercept(RequestSignAndEncryptInterceptor.kt:93)
05-29 20:51:55.252 W/System.err( 1400): at okhttp3.internal.http.RealInterceptorChain.proceed(RealInterceptorChain.kt:109)
05-29 20:51:55.252 W/System.err( 1400): at com.etna.haqu.model.net.interceptor.CommonParamsInterceptor.intercept(CommonParamsInterceptor.kt:141)
05-29 20:51:55.252 W/System.err( 1400): at okhttp3.internal.http.RealInterceptorChain.proceed(RealInterceptorChain.kt:109)
05-29 20:51:55.252 W/System.err( 1400): at okhttp3.internal.connection.RealCall.getResponseWithInterceptorChain$okhttp(RealCall.kt:201)
05-29 20:51:55.252 W/System.err( 1400): at okhttp3.internal.connection.RealCall.execute(RealCall.kt:154)
05-29 20:51:55.252 W/System.err( 1400): at retrofit2.OkHttpCall.execute(OkHttpCall.java:204)
05-29 20:51:55.252 W/System.err( 1400): at com.etna.haqu.support.network.call_adapter.flow.sync.BodyFlowCallAdapterKt$bodyFlow$1.invokeSuspend(BodyFlowCallAdapter.kt:26)
05-29 20:51:55.252 W/System.err( 1400): at com.etna.haqu.support.network.call_adapter.flow.sync.BodyFlowCallAdapterKt$bodyFlow$1.invoke(Unknown Source:8)
05-29 20:51:55.252 W/System.err( 1400): at com.etna.haqu.support.network.call_adapter.flow.sync.BodyFlowCallAdapterKt$bodyFlow$1.invoke(Unknown Source:4)
05-29 20:51:55.252 W/System.err( 1400): at kotlinx.coroutines.flow.SafeFlow.collectSafely(Builders.kt:61)
05-29 20:51:55.252 W/System.err( 1400): at kotlinx.coroutines.flow.AbstractFlow.collect(Flow.kt:230)
05-29 20:51:55.252 W/System.err( 1400): at kotlinx.coroutines.flow.FlowKt__LimitKt$take$$inlined$unsafeFlow$1.collect(SafeCollector.common.kt:115)
05-29 20:51:55.252 W/System.err( 1400): at kotlinx.coroutines.flow.internal.ChannelFlowOperatorImpl.flowCollect(ChannelFlow.kt:195)
05-29 20:51:55.252 W/System.err( 1400): at kotlinx.coroutines.flow.internal.ChannelFlowOperator.collectTo$suspendImpl(ChannelFlow.kt:157)
05-29 20:51:55.252 W/System.err( 1400): at kotlinx.coroutines.flow.internal.ChannelFlowOperator.collectTo(Unknown Source:0)
05-29 20:51:55.252 W/System.err( 1400): at kotlinx.coroutines.flow.internal.ChannelFlow$collectToFun$1.invokeSuspend(ChannelFlow.kt:60)
05-29 20:51:55.252 W/System.err( 1400): at kotlin.coroutines.jvm.internal.BaseContinuationImpl.resumeWith(ContinuationImpl.kt:33)
05-29 20:51:55.252 W/System.err( 1400): at kotlinx.coroutines.DispatchedTask.run(DispatchedTask.kt:106)
05-29 20:51:55.252 W/System.err( 1400): at kotlinx.coroutines.internal.LimitedDispatcher.run(LimitedDispatcher.kt:42)
05-29 20:51:55.252 W/System.err( 1400): at kotlinx.coroutines.scheduling.TaskImpl.run(Tasks.kt:95)
05-29 20:51:55.252 W/System.err( 1400): at kotlinx.coroutines.scheduling.CoroutineScheduler.runSafely(CoroutineScheduler.kt:570)
05-29 20:51:55.252 W/System.err( 1400): at kotlinx.coroutines.scheduling.CoroutineScheduler$Worker.executeTask(CoroutineScheduler.kt:749)
05-29 20:51:55.252 W/System.err( 1400): at kotlinx.coroutines.scheduling.CoroutineScheduler$Worker.runWorker(CoroutineScheduler.kt:677)
05-29 20:51:55.252 W/System.err( 1400): at kotlinx.coroutines.scheduling.CoroutineScheduler$Worker.run(CoroutineScheduler.kt:664)
05-29 20:51:55.252 W/System.err( 1400): Suppressed: java.net.SocketException: Software caused connection abort
05-29 20:51:55.252 W/System.err( 1400): at java.net.SocketOutputStream.socketWrite0(Native Method)
05-29 20:51:55.252 W/System.err( 1400): at java.net.SocketOutputStream.socketWrite(SocketOutputStream.java:116)
05-29 20:51:55.252 W/System.err( 1400): at java.net.SocketOutputStream.write(SocketOutputStream.java:156)
05-29 20:51:55.252 W/System.err( 1400): at okio.OutputStreamSink.write(JvmOkio.kt:57)
05-29 20:51:55.253 W/System.err( 1400): at okio.AsyncTimeout$sink$1.write(AsyncTimeout.kt:99)
05-29 20:51:55.253 W/System.err( 1400): at okio.RealBufferedSink.flush(RealBufferedSink.kt:267)
05-29 20:51:55.253 W/System.err( 1400): at okhttp3.internal.http1.Http1ExchangeCodec.finishRequest(Http1ExchangeCodec.kt:155)
05-29 20:51:55.253 W/System.err( 1400): at okhttp3.internal.connection.Exchange.finishRequest(Exchange.kt:91)
05-29 20:51:55.253 W/System.err( 1400): at okhttp3.internal.http.CallServerInterceptor.intercept(CallServerInterceptor.kt:76)
05-29 20:51:55.253 W/System.err( 1400): at okhttp3.internal.http.RealInterceptorChain.proceed(RealInterceptorChain.kt:109)
05-29 20:51:55.253 W/System.err( 1400): at okhttp3.internal.connection.ConnectInterceptor.intercept(ConnectInterceptor.kt:34)
05-29 20:51:55.253 W/System.err( 1400): ... 34 more
05-29 20:51:55.253 W/System.err( 1400): Suppressed: java.net.SocketException: Software caused connection abort
05-29 20:51:55.253 W/System.err( 1400): at java.net.SocketOutputStream.socketWrite0(Native Method)
05-29 20:51:55.253 W/System.err( 1400): at java.net.SocketOutputStream.socketWrite(SocketOutputStream.java:116)
05-29 20:51:55.253 W/System.err( 1400): at java.net.SocketOutputStream.write(SocketOutputStream.java:156)
05-29 20:51:55.253 W/System.err( 1400): at okio.OutputStreamSink.write(JvmOkio.kt:57)
05-29 20:51:55.253 W/System.err( 1400): at okio.AsyncTimeout$sink$1.write(AsyncTimeout.kt:99)
05-29 20:51:55.253 W/System.err( 1400): at okio.RealBufferedSink.flush(RealBufferedSink.kt:267)
05-29 20:51:55.253 W/System.err( 1400): at okhttp3.internal.http1.Http1ExchangeCodec.finishRequest(Http1ExchangeCodec.kt:155)
05-29 20:51:55.253 W/System.err( 1400): at okhttp3.internal.connection.Exchange.finishRequest(Exchange.kt:91)
05-29 20:51:55.253 W/System.err( 1400): at okhttp3.internal.http.CallServerInterceptor.intercept(CallServerInterceptor.kt:76)
05-29 20:51:55.253 W/System.err( 1400): at okhttp3.internal.http.RealInterceptorChain.proceed(RealInterceptorChain.kt:109)
05-29 20:51:55.253 W/System.err( 1400): at okhttp3.internal.connection.ConnectInterceptor.intercept(ConnectInterceptor.kt:34)
05-29 20:51:55.253 W/System.err( 1400): ... 34 more
05-29 20:51:55.253 W/System.err( 1400): Suppressed: java.net.SocketException: Software caused connection abort
05-29 20:51:55.253 W/System.err( 1400): at java.net.SocketOutputStream.socketWrite0(Native Method)
05-29 20:51:55.253 W/System.err( 1400): at java.net.SocketOutputStream.socketWrite(SocketOutputStream.java:116)
05-29 20:51:55.253 W/System.err( 1400): at java.net.SocketOutputStream.write(SocketOutputStream.java:156)
05-29 20:51:55.253 W/System.err( 1400): at okio.OutputStreamSink.write(JvmOkio.kt:57)
05-29 20:51:55.253 W/System.err( 1400): at okio.AsyncTimeout$sink$1.write(AsyncTimeout.kt:99)
05-29 20:51:55.253 W/System.err( 1400): at okio.RealBufferedSink.flush(RealBufferedSink.kt:267)
05-29 20:51:55.253 W/System.err( 1400): at okhttp3.internal.http1.Http1ExchangeCodec.finishRequest(Http1ExchangeCodec.kt:155)
05-29 20:51:55.253 W/System.err( 1400): at okhttp3.internal.connection.Exchange.finishRequest(Exchange.kt:91)
05-29 20:51:55.253 W/System.err( 1400): at okhttp3.internal.http.CallServerInterceptor.intercept(CallServerInterceptor.kt:76)
05-29 20:51:55.253 W/System.err( 1400): at okhttp3.internal.http.RealInterceptorChain.proceed(RealInterceptorChain.kt:109)
05-29 20:51:55.253 W/System.err( 1400): at okhttp3.internal.connection.ConnectInterceptor.intercept(ConnectInterceptor.kt:34)
05-29 20:51:55.253 W/System.err( 1400): ... 34 more
05-29 20:51:55.254 W/System.err( 1400): Caused by: android.system.GaiException: android_getaddrinfo failed: EAI_NODATA (No address associated with hostname)
05-29 20:51:55.254 W/System.err( 1400): at libcore.io.Linux.android_getaddrinfo(Native Method)
05-29 20:51:55.254 W/System.err( 1400): at libcore.io.ForwardingOs.android_getaddrinfo(ForwardingOs.java:133)
05-29 20:51:55.254 W/System.err( 1400): at libcore.io.BlockGuardOs.android_getaddrinfo(BlockGuardOs.java:222)
05-29 20:51:55.254 W/System.err( 1400): at libcore.io.ForwardingOs.android_getaddrinfo(ForwardingOs.java:133)
05-29 20:51:55.254 W/System.err( 1400): at java.net.Inet6AddressImpl.lookupHostByName(Inet6AddressImpl.java:135)
05-29 20:51:55.254 W/System.err( 1400): ... 45 more
05-29 20:51:55.255 E/ccc ( 3287): cccccc notifyUpdateChanged {"code":1,"data":{"hasUpdate":false,"what":2,"why":-1},"message":"更新状态变化"}
05-29 20:51:55.256 E/ccc ( 3287): cccccc EtnaSendUpdateStatusChangeBean.remoteUpdateChanged
05-29 20:51:55.257 E/ccc ( 3287): cccccc event HomeActivity REMOTE_UPDATE_STATUS_CHANGED
05-29 20:51:55.257 E/ccc ( 1400): cccccc updateHelper 通知更新
05-29 20:51:55.257 E/ccc ( 3287): cccccc LeafWholeFragment RootEvent{type=6, itemBean=null}
05-29 20:51:55.257 E/ccc ( 1400): cccccc UpdateHelper onMessageReceived com.dangbei.haqusetting com.dangbei.etna.update {"action":"get","functionTag":"leaf_controller_function_controller_dangbei_update","value":0} com.dangbei.lerad.etna.aidl.IEtnaAidlCallback$Stub$Proxy@5b59f54
05-29 20:51:55.258 E/ccc ( 1400): cccccc 缓存获取遥控器版本 DB-15B-H5-R0108
05-29 20:51:55.258 E/ccc ( 1400): cccccc 请求电量缓存 100
05-29 20:51:55.278 I/uninstall( 3054): watchdaemon process_name = com.ktcp.video:daemon has gone, start it
05-29 20:51:55.279 D/uninstall( 3054): watchdaemon waitpid
05-29 20:51:55.279 D/uninstall( 8822): watchdaemon pid == 0
05-29 20:51:55.280 D/uninstall( 8822): watchdaemon version >= 17 || version == 0 version == 34
05-29 20:51:55.291 D/IM-VIDEO( 2113): NexusReader shutdown
05-29 20:51:55.291 D/IM-VIDEO( 2113): NexusReader shutdown, readerFuture cancel
05-29 20:51:55.291 D/IM-VIDEO( 2113): NexusReader shutdown, closeStream done
05-29 20:51:55.291 D/IM-VIDEO( 2113): Connector, connectionClosedOnError
05-29 20:51:55.291 D/IM-VIDEO( 2113): Connector, setQimDisconnected
05-29 20:51:55.292 E/IM-VIDEO( 2113): nextPacket Interrupted
05-29 20:51:55.292 W/IM-VIDEO( 2113): java.net.SocketException: Software caused connection abort
05-29 20:51:55.292 W/IM-VIDEO( 2113): at java.net.SocketInputStream.socketRead0(Native Method)
05-29 20:51:55.292 W/IM-VIDEO( 2113): at java.net.SocketInputStream.socketRead(SocketInputStream.java:118)
05-29 20:51:55.292 W/IM-VIDEO( 2113): at java.net.SocketInputStream.read(SocketInputStream.java:173)
05-29 20:51:55.292 W/IM-VIDEO( 2113): at java.net.SocketInputStream.read(SocketInputStream.java:143)
05-29 20:51:55.292 W/IM-VIDEO( 2113): at java.io.BufferedInputStream.read1(BufferedInputStream.java:277)
05-29 20:51:55.292 W/IM-VIDEO( 2113): at java.io.BufferedInputStream.read(BufferedInputStream.java:338)
05-29 20:51:55.292 W/IM-VIDEO( 2113): at java.io.FilterInputStream.read(FilterInputStream.java:107)
05-29 20:51:55.292 W/IM-VIDEO( 2113): at com.earth.nexus.NexusReader.parseConnectorPackets(NexusReader.java:143)
05-29 20:51:55.292 W/IM-VIDEO( 2113): at com.earth.nexus.NexusReader.access$100(NexusReader.java:49)
05-29 20:51:55.292 W/IM-VIDEO( 2113): at com.earth.nexus.NexusReader$1.run(NexusReader.java:101)
05-29 20:51:55.292 W/IM-VIDEO( 2113): at java.util.concurrent.Executors$RunnableAdapter.call(Executors.java:487)
05-29 20:51:55.292 W/IM-VIDEO( 2113): at java.util.concurrent.FutureTask.run(FutureTask.java:264)
05-29 20:51:55.292 W/IM-VIDEO( 2113): at java.util.concurrent.ThreadPoolExecutor.runWorker(ThreadPoolExecutor.java:1145)
05-29 20:51:55.292 W/IM-VIDEO( 2113): at java.util.concurrent.ThreadPoolExecutor$Worker.run(ThreadPoolExecutor.java:644)
05-29 20:51:55.292 W/IM-VIDEO( 2113): at java.lang.Thread.run(Thread.java:1012)
05-29 20:51:55.292 D/IM-VIDEO( 2113): Q> ConnState onSocketClosedOnError
05-29 20:51:55.293 D/IM-VIDEO( 2113): SocketBinder notifySocketClosedOnError, callback size: 1
05-29 20:51:55.293 D/IM-VIDEO( 2113): HCLogin asyncRestart, loop start.
05-29 20:51:55.293 D/IM_PS ( 2113): [ImPushDualConfirm] onSocketConnectClose
05-29 20:51:55.294 D/IM-VIDEO( 2113): HCLogin reloginTime, result: 1.13 sec
05-29 20:51:55.294 D/IM-VIDEO( 2113): SessionBinder notifySessionError, callback size: 0
05-29 20:51:55.294 D/IM-VIDEO( 2113): HCLogin restart, begin.
05-29 20:51:55.294 D/IM-VIDEO( 2113): [IMService], onSocketClosedOnError over.
05-29 20:51:55.294 W/System.err( 2113): java.net.SocketException: Software caused connection abort
05-29 20:51:55.294 W/System.err( 2113): at java.net.SocketInputStream.socketRead0(Native Method)
05-29 20:51:55.294 W/System.err( 2113): at java.net.SocketInputStream.socketRead(SocketInputStream.java:118)
05-29 20:51:55.294 W/System.err( 2113): at java.net.SocketInputStream.read(SocketInputStream.java:173)
05-29 20:51:55.294 W/System.err( 2113): at java.net.SocketInputStream.read(SocketInputStream.java:143)
05-29 20:51:55.294 E/IM-VIDEO( 2113): [DomainManager] HOST_API is empty
05-29 20:51:55.294 E/IM-VIDEO( 2113): [DomainManager] HOST_HISTORY is empty
05-29 20:51:55.294 W/System.err( 2113): at java.io.BufferedInputStream.read1(BufferedInputStream.java:277)
05-29 20:51:55.294 W/System.err( 2113): at java.io.BufferedInputStream.read(BufferedInputStream.java:338)
05-29 20:51:55.294 W/System.err( 2113): at java.io.FilterInputStream.read(FilterInputStream.java:107)
05-29 20:51:55.294 W/System.err( 2113): at com.earth.nexus.NexusReader.parseConnectorPackets(NexusReader.java:143)
05-29 20:51:55.295 W/System.err( 2113): at com.earth.nexus.NexusReader.access$100(NexusReader.java:49)
05-29 20:51:55.295 W/System.err( 2113): at com.earth.nexus.NexusReader$1.run(NexusReader.java:101)
05-29 20:51:55.295 W/System.err( 2113): at java.util.concurrent.Executors$RunnableAdapter.call(Executors.java:487)
05-29 20:51:55.295 W/System.err( 2113): at java.util.concurrent.FutureTask.run(FutureTask.java:264)
05-29 20:51:55.295 W/System.err( 2113): at java.util.concurrent.ThreadPoolExecutor.runWorker(ThreadPoolExecutor.java:1145)
05-29 20:51:55.295 W/System.err( 2113): at java.util.concurrent.ThreadPoolExecutor$Worker.run(ThreadPoolExecutor.java:644)
05-29 20:51:55.295 W/System.err( 2113): at java.lang.Thread.run(Thread.java:1012)
05-29 20:51:55.295 D/IM-VIDEO( 2113): Nexus connectUsingConfiguration
05-29 20:51:55.298 W/IM-VIDEO( 2113): Could not connect to multitv-im-conn.ptqy.gitv.tv:5333: remote-server-timeout(504) -- caused by: java.net.UnknownHostException: Unable to resolve host "multitv-im-conn.ptqy.gitv.tv": No address associated with hostname
05-29 20:51:55.298 W/IM-VIDEO( 2113): at com.earth.nexus.Nexus.connectUsingConfiguration(Nexus.java:253)
05-29 20:51:55.298 W/IM-VIDEO( 2113): at com.earth.nexus.Nexus.connectSocket(Nexus.java:588)
05-29 20:51:55.298 W/IM-VIDEO( 2113): at com.earth.hcim.connector.Connector.connectSocket(Connector.java:131)
05-29 20:51:55.298 W/IM-VIDEO( 2113): at com.earth.hcim.core.im.HCLogin.restart(HCLogin.java:465)
05-29 20:51:55.298 W/IM-VIDEO( 2113): at com.earth.hcim.core.im.HCLogin.access$600(HCLogin.java:38)
05-29 20:51:55.298 W/IM-VIDEO( 2113): at com.earth.hcim.core.im.HCLogin$4.run(HCLogin.java:385)
05-29 20:51:55.298 W/IM-VIDEO( 2113): at java.util.concurrent.Executors$RunnableAdapter.call(Executors.java:487)
05-29 20:51:55.298 W/IM-VIDEO( 2113): at java.util.concurrent.FutureTask.run(FutureTask.java:264)
05-29 20:51:55.298 W/IM-VIDEO( 2113): at java.util.concurrent.ThreadPoolExecutor.runWorker(ThreadPoolExecutor.java:1145)
05-29 20:51:55.298 W/IM-VIDEO( 2113): at java.util.concurrent.ThreadPoolExecutor$Worker.run(ThreadPoolExecutor.java:644)
05-29 20:51:55.298 W/IM-VIDEO( 2113): at java.lang.Thread.run(Thread.java:1012)
05-29 20:51:55.298 W/IM-VIDEO( 2113): Nested Exception:
05-29 20:51:55.298 W/IM-VIDEO( 2113): java.net.UnknownHostException: Unable to resolve host "multitv-im-conn.ptqy.gitv.tv": No address associated with hostname
05-29 20:51:55.298 W/IM-VIDEO( 2113): at java.net.Inet6AddressImpl.lookupHostByName(Inet6AddressImpl.java:156)
05-29 20:51:55.298 W/IM-VIDEO( 2113): at java.net.Inet6AddressImpl.lookupAllHostAddr(Inet6AddressImpl.java:103)
05-29 20:51:55.298 W/IM-VIDEO( 2113): at java.net.InetAddress.getAllByName(InetAddress.java:1152)
05-29 20:51:55.298 W/IM-VIDEO( 2113): at com.earth.nexus.proxy.DirectSocketFactory.createSocket(DirectSocketFactory.java:52)
05-29 20:51:55.298 W/IM-VIDEO( 2113): at com.earth.nexus.Nexus.connectUsingConfiguration(Nexus.java:245)
05-29 20:51:55.298 W/IM-VIDEO( 2113): at com.earth.nexus.Nexus.connectSocket(Nexus.java:588)
05-29 20:51:55.298 W/IM-VIDEO( 2113): at com.earth.hcim.connector.Connector.connectSocket(Connector.java:131)
05-29 20:51:55.298 W/IM-VIDEO( 2113): at com.earth.hcim.core.im.HCLogin.restart(HCLogin.java:465)
05-29 20:51:55.298 W/IM-VIDEO( 2113): at com.earth.hcim.core.im.HCLogin.access$600(HCLogin.java:38)
05-29 20:51:55.298 W/IM-VIDEO( 2113): at com.earth.hcim.core.im.HCLogin$4.run(HCLogin.java:385)
05-29 20:51:55.298 W/IM-VIDEO( 2113): at java.util.concurrent.Executors$RunnableAdapter.call(Executors.java:487)
05-29 20:51:55.298 W/IM-VIDEO( 2113): at java.util.concurrent.FutureTask.run(FutureTask.java:264)
05-29 20:51:55.298 W/IM-VIDEO( 2113): at java.util.concurrent.ThreadPoolExecutor.runWorker(ThreadPoolExecutor.java:1145)
05-29 20:51:55.298 W/IM-VIDEO( 2113): at java.util.concurrent.ThreadPoolExecutor$Worker.run(ThreadPoolExecutor.java:644)
05-29 20:51:55.298 W/IM-VIDEO( 2113): at java.lang.Thread.run(Thread.java:1012)
05-29 20:51:55.298 W/IM-VIDEO( 2113): Caused by: android.system.GaiException: android_getaddrinfo failed: EAI_NODATA (No address associated with hostname)
05-29 20:51:55.298 W/IM-VIDEO( 2113): at libcore.io.Linux.android_getaddrinfo(Native Method)
05-29 20:51:55.298 W/IM-VIDEO( 2113): at libcore.io.ForwardingOs.android_getaddrinfo(ForwardingOs.java:133)
05-29 20:51:55.298 W/IM-VIDEO( 2113): at libcore.io.BlockGuardOs.android_getaddrinfo(BlockGuardOs.java:222)
05-29 20:51:55.298 W/IM-VIDEO( 2113): at libcore.io.ForwardingOs.android_getaddrinfo(ForwardingOs.java:133)
05-29 20:51:55.298 W/IM-VIDEO( 2113): at java.net.Inet6AddressImpl.lookupHostByName(Inet6AddressImpl.java:135)
05-29 20:51:55.298 W/IM-VIDEO( 2113): ... 14 more
05-29 20:51:55.298 D/IM-VIDEO( 2113): HCLogin restart, delay: 1.13 needRestart: true
05-29 20:51:55.349 I/WifiService( 720): releaseMulticastLock uid=10044
05-29 20:51:55.350 I/WifiService( 720): releaseMulticastLock uid=10044
05-29 20:51:55.348 I/gbei.screencast( 2861): type=1400 audit(0.0:1974): avc: denied { write } for name="property_service" dev="tmpfs" ino=438 scontext=u:r:untrusted_app_27:s0:c44,c256,c512,c768 tcontext=u:object_r:property_socket:s0 tclass=sock_file permissive=1 app=com.dangbei.screencast
05-29 20:51:55.348 I/gbei.screencast( 2861): type=1400 audit(0.0:1975): avc: denied { connectto } for path="/dev/socket/property_service" scontext=u:r:untrusted_app_27:s0:c44,c256,c512,c768 tcontext=u:r:init:s0 tclass=unix_stream_socket permissive=1 app=com.dangbei.screencast
05-29 20:51:55.380 E/StartupService( 2861): showToast: app is background
05-29 20:51:55.381 D/HiSight-SinkService( 2861): setDiscoverable true
05-29 20:51:55.381 D/HiSight-Discovery( 2861): set deviceInfo type:46
05-29 20:51:55.381 D/HiSight-Discovery( 2861): startAdvertise 3
05-29 20:51:55.381 D/HiSight-Discovery( 2861): stopAdvertise.
05-29 20:51:55.381 D/NearFieldManager( 2861): StopListen moduleId: CastPlusDiscoveryModule
05-29 20:51:55.382 D/NearFieldManagerImpl( 3061): stopListen: moduleId: CastPlusDiscoveryModule
05-29 20:51:55.382 D/NearFieldManagerImpl( 3061): registerCapability() called with: capabilityBitmapNum = 1, capabilityBitmap = [0]
05-29 20:51:55.382 I/HicomNf_java_to_c( 3061): registerCapability, capabilityBitmapNum: 1
05-29 20:51:55.382 I/HicomNfMainCtrlManager( 3061): RegisterCapability: 1, 0
05-29 20:51:55.382 D/NearFieldManagerImpl( 3061): Register capability succeed with capabilityBitmapNum = 1, capabilityBitmap = [0]
05-29 20:51:55.382 D/HiSight-Discovery( 2861): nearFieldStartListen deviceType 46
05-29 20:51:55.383 I/NearFieldManagerImpl( 3061): setDeviceInfo, sDeviceName changes
05-29 20:51:55.384 D/NearFieldManagerImpl( 3061): setServiceData, sServiceData=[32], serviceData=[32]
05-29 20:51:55.384 E/NearFieldManagerImpl( 3061): setServiceData, serviceData exists
05-29 20:51:55.384 E/NearFieldManager( 2861): setIdnNetworkPriority: networkPortPriority is empty
05-29 20:51:55.384 D/NearFieldManager( 2861): StartListen moduleId: CastPlusDiscoveryModule
05-29 20:51:55.384 D/TrafficStats( 2695): tagSocket(196) with statsTag=0xffffffff, statsUid=-1
05-29 20:51:55.384 D/NearFieldManagerImpl( 3061): startListen: moduleId: CastPlusDiscoveryModule
05-29 20:51:55.384 D/NearFieldUtils( 3061): getPreferredIpAddress exec
05-29 20:51:55.384 D/NearFieldUtils( 3061): getPreferredIpAddress by custom priority
05-29 20:51:55.384 D/NearFieldUtils( 3061): getIpByInterfaceSetting customIdnNetworkPriority:[]
05-29 20:51:55.384 D/NearFieldUtils( 3061): getPreferredIpAddress by default priority
05-29 20:51:55.397 D/NearFieldUtils( 3061): get Ip Address failed.
05-29 20:51:55.397 D/NearFieldManagerImpl( 3061): sDeviceType: 46
05-29 20:51:55.397 D/NearFieldManagerImpl( 3061): registerDevice() is called.
05-29 20:51:55.397 I/HicomNfMainCtrlManager( 3061): NSTACKX_RegisterDevice is called
05-29 20:51:55.397 D/NearFieldManagerImpl( 3061): Register device success.
05-29 20:51:55.397 I/NearFieldManagerImpl( 3061): serviceName is castPlus
05-29 20:51:55.397 D/nStackXDFinder( 3061): ConfigureLocalDeviceInfo:[616] :Invalid if name or ip address. Ignore
05-29 20:51:55.398 D/NearFieldManagerImpl( 3061): registerCapability() called with: capabilityBitmapNum = 1, capabilityBitmap = [8]
05-29 20:51:55.398 I/HicomNf_java_to_c( 3061): registerCapability, capabilityBitmapNum: 1
05-29 20:51:55.398 I/HicomNfMainCtrlManager( 3061): RegisterCapability: 1, 8
05-29 20:51:55.398 D/NearFieldManagerImpl( 3061): Register capability succeed with capabilityBitmapNum = 1, capabilityBitmap = [8]
05-29 20:51:55.398 D/NearFieldManagerImpl( 3061): registerServiceData() called with: serviceData = 32
05-29 20:51:55.398 D/NearFieldManagerImpl( 3061): registerModule() called with: packageModuleName = com.huawei.connection+CastPlusDiscoveryModule
05-29 20:51:55.398 I/nStackXDFinder( 3061): RegisterServiceData:[728] :RegisterServiceData, serviceData=[32]
05-29 20:51:55.398 D/NearFieldManagerImpl( 3061): registerModule, registered before
05-29 20:51:55.398 I/HicomNf_java_to_c( 3061): registerModule, moduleName: com.huawei.connection+CastPlusDiscoveryModule
05-29 20:51:55.398 I/HicomNfMainCtrlManager( 3061): Enter RegisterModule
05-29 20:51:55.398 I/HicomNfRegManager( 3061): RegisterModule OK, already registered com.huawei.connection+CastPlusDiscoveryModule
05-29 20:51:55.398 D/HiSight-Discovery( 2861): startAdvertise 3
05-29 20:51:55.398 D/HiSight-Discovery( 2861): stopAdvertise.
05-29 20:51:55.398 D/NearFieldManager( 2861): StopListen moduleId: CastPlusDiscoveryModule
05-29 20:51:55.399 D/NearFieldManagerImpl( 3061): stopListen: moduleId: CastPlusDiscoveryModule
05-29 20:51:55.399 D/NearFieldManagerImpl( 3061): registerCapability() called with: capabilityBitmapNum = 1, capabilityBitmap = [0]
05-29 20:51:55.399 I/HicomNf_java_to_c( 3061): registerCapability, capabilityBitmapNum: 1
05-29 20:51:55.399 I/HicomNfMainCtrlManager( 3061): RegisterCapability: 1, 0
05-29 20:51:55.399 D/NearFieldManagerImpl( 3061): Register capability succeed with capabilityBitmapNum = 1, capabilityBitmap = [0]
05-29 20:51:55.399 D/HiSight-Discovery( 2861): nearFieldStartListen deviceType 46
05-29 20:51:55.400 D/NearFieldManagerImpl( 3061): setServiceData, sServiceData=[32], serviceData=[32]
05-29 20:51:55.400 E/NearFieldManagerImpl( 3061): setServiceData, serviceData exists
05-29 20:51:55.400 E/NearFieldManager( 2861): setIdnNetworkPriority: networkPortPriority is empty
05-29 20:51:55.400 D/NearFieldManager( 2861): StartListen moduleId: CastPlusDiscoveryModule
05-29 20:51:55.401 D/NearFieldManagerImpl( 3061): startListen: moduleId: CastPlusDiscoveryModule
05-29 20:51:55.401 D/NearFieldUtils( 3061): getPreferredIpAddress exec
05-29 20:51:55.401 D/NearFieldUtils( 3061): getPreferredIpAddress by custom priority
05-29 20:51:55.401 D/NearFieldUtils( 3061): getIpByInterfaceSetting customIdnNetworkPriority:[]
05-29 20:51:55.401 D/NearFieldUtils( 3061): getPreferredIpAddress by default priority
05-29 20:51:55.414 D/NearFieldUtils( 3061): get Ip Address failed.
05-29 20:51:55.414 D/NearFieldManagerImpl( 3061): sDeviceType: 46
