05-30 11:41:04.631 D/CoreBackPreview( 720): Window{d24b53b u0 com.dangbei.haqusetting/com.dangbei.haqusetting.ui.HomeActivity}: Setting back callback OnBackInvokedCallbackInfo{mCallback=android.window.IOnBackInvokedCallback$Stub$Proxy@245e9b1, mPriority=0, mIsAnimationCallback=false}
05-30 11:41:04.617 I/cling--ap-2( 2861): type=1400 audit(0.0:2025): avc: denied { search } for name="net" dev="sysfs" ino=12345 scontext=u:r:untrusted_app_27:s0:c44,c256,c512,c768 tcontext=u:object_r:sysfs_net:s0 tclass=dir permissive=1 app=com.dangbei.screencast
05-30 11:41:04.635 I/bt_btif_gattc( 1046): packages/modules/Bluetooth/system/btif/src/btif_gatt_client.cc:340 btif_gattc_open_impl: Transport=2, device type=2, address type =0, phy=1
05-30 11:41:04.635 I/bluetooth( 1046): packages/modules/Bluetooth/system/stack/gatt/gatt_main.cc:405 gatt_update_app_use_link_flag: disable link idle timer for xx:xx:xx:xx:c0:18
05-30 11:41:04.635 I/bt_stack( 1046): [INFO:l2c_api.cc(1607)] L2CA_MarkLeLinkAsActivesetting link to e4:bb:d3:57:c0:18 as active
05-30 11:41:04.635 I/bluetooth( 1046): packages/modules/Bluetooth/system/stack/gatt/gatt_api.cc:1206 GATT_SetIdleTimeout: idle_timeout=65535, is_active=1, status=1 (1-OK 0-not performed)
05-30 11:41:04.635 D/BluetoothGatt( 1400): discoverServices() - device: E4:BB:D3:57:C0:18
05-30 11:41:04.637 E/ccc ( 1400): cccccc 请求电量实时 100
05-30 11:41:04.638 I/bt_bta_gattc( 1046): packages/modules/Bluetooth/system/bta/gatt/bta_gattc_cache.cc:1035 bta_gattc_get_gatt_db: bta_gattc_get_gatt_db
05-30 11:41:04.640 D/BluetoothGatt( 1400): onSearchComplete() = Device=E4:BB:D3:57:C0:18 Status=0
05-30 11:41:04.641 E/OpenGLRenderer( 3287): Unable to match the desired swap behavior.
05-30 11:41:04.659 W/RecyclerView( 3287): No adapter attached; skipping layout
05-30 11:41:04.665 V/WindowManagerShell( 950): onTransitionReady android.os.BinderProxy@e5b515d: {id=14 t=OPEN f=0x0 trk=0 r=[0@Point(0, 0)] c=[{WCT{android.window.IWindowContainerToken$Stub$Proxy@483daff} m=OPEN f=TRANSLUCENT leash=Surface(name=Task=255)/@0x7bdfaa0 sb=Rect(0, 0 - 1920, 1080) eb=Rect(0, 0 - 1920, 1080) d=0}]}
05-30 11:41:04.665 V/WindowManagerShell( 950): Playing animation for (#14)android.os.BinderProxy@e5b515d@0
05-30 11:41:04.666 V/WindowManagerShell( 950): try handler com.android.wm.shell.keyguard.KeyguardTransitionHandler@2963747
05-30 11:41:04.666 V/WindowManagerShell( 950): try handler com.android.wm.shell.pip.tv.TvPipTransition@6b75b74
05-30 11:41:04.666 V/WindowManagerShell( 950): try handler com.android.wm.shell.activityembedding.ActivityEmbeddingController@9a7789d
05-30 11:41:04.666 V/WindowManagerShell( 950): try handler com.android.wm.shell.transition.RemoteTransitionHandler@97c6112
05-30 11:41:04.666 I/ActivityTaskManager( 720): Displayed com.dangbei.haqusetting/.ui.HomeActivity for user 0: +106ms
05-30 11:41:04.666 V/WindowManagerShell( 950): Transition doesn't have explicit remote, search filters for match for {id=14 t=OPEN f=0x0 trk=0 r=[0@Point(0, 0)] c=[{WCT{android.window.IWindowContainerToken$Stub$Proxy@483daff} m=OPEN f=TRANSLUCENT leash=Surface(name=Task=255)/@0x7bdfaa0 sb=Rect(0, 0 - 1920, 1080) eb=Rect(0, 0 - 1920, 1080) d=0}]}
05-30 11:41:04.666 V/WindowManagerShell( 950): Delegate animation for #14 to null
05-30 11:41:04.666 V/WindowManagerShell( 950): try handler com.android.wm.shell.transition.DefaultTransitionHandler@57500e3
05-30 11:41:04.666 V/WindowManagerShell( 950): start default transition animation, info = {id=14 t=OPEN f=0x0 trk=0 r=[0@Point(0, 0)] c=[{WCT{android.window.IWindowContainerToken$Stub$Proxy@483daff} m=OPEN f=TRANSLUCENT leash=Surface(name=Task=255)/@0x7bdfaa0 sb=Rect(0, 0 - 1920, 1080) eb=Rect(0, 0 - 1920, 1080) d=0}]}
05-30 11:41:04.666 V/WindowManager( 720): Sent Transition #14 createdAt=05-30 11:41:04.555 via request=TransitionRequestInfo { type = 1, triggerTask = TaskInfo{userId=0 taskId=255 displayId=0 isRunning=true baseIntent=Intent { dat=haqu://setting:8080/... flg=0x10000000 pkg=com.dangbei.haqusetting cmp=com.dangbei.haqusetting/.ui.HomeActivity } baseActivity=ComponentInfo{com.dangbei.haqusetting/com.dangbei.haqusetting.ui.HomeActivity} topActivity=ComponentInfo{com.dangbei.haqusetting/com.dangbei.haqusetting.ui.HomeActivity} origActivity=null realActivity=ComponentInfo{com.dangbei.haqusetting/com.dangbei.haqusetting.ui.HomeActivity} numActivities=1 lastActiveTime=628712 supportsMultiWindow=true resizeMode=1 isResizeable=true minWidth=-1 minHeight=-1 defaultMinSize=220 token=WCT{RemoteToken{41e6fed Task{18cd6c #255 type=standard A=1000:com.dangbei.haqusetting}}} topActivityType=1 pictureInPictureParams=null shouldDockBigOverlays=true launchIntoPipHostTaskId=-1 lastParentTaskIdBeforePip=-1 displayCutoutSafeInsets=null topActivityInfo=ActivityInfo{55e0e22 com.dangbei.haqusetting.ui.HomeActivity} launchCookies=[] positionInParent=Point(0, 0) parentTaskId=-1 isFocused=false isVisible=false isVisibleRequested=false isSleeping=false topActivityInSizeCompat=false topActivityEligibleForLetterboxEducation= false isLetterboxDoubleTapEnabled= false topActivityEligibleForUserAspectRatioButton= false topActivityBoundsLetterboxed= false isFromLetterboxDoubleTap= false topActivityLetterboxVerticalPosition= -1 topActivityLetterboxHorizontalPosition= -1 topActivityLetterboxWidth=-1 topActivityLetterboxHeight=-1 isUserFullscreenOverrideEnabled=false isTopActivityTransparent=true locusId=null displayAreaFeatureId=1 cameraCompatControlState=hidden}, remoteTransition = null, displayChange = null, flags = 0 }
05-30 11:41:04.666 V/WindowManager( 720): startWCT=WindowContainerTransaction { changes = {} hops = [] errorCallbackToken=null taskFragmentOrganizer=null }
05-30 11:41:04.667 V/WindowManager( 720): info={id=14 t=OPEN f=0x0 trk=0 r=[0@Point(0, 0)] c=[{WCT{RemoteToken{41e6fed Task{18cd6c #255 type=standard A=1000:com.dangbei.haqusetting}}} m=OPEN f=TRANSLUCENT leash=Surface(name=Task=255)/@0x4de9e96 sb=Rect(0, 0 - 1920, 1080) eb=Rect(0, 0 - 1920, 1080) d=0}]}
05-30 11:41:04.667 V/WindowManagerShell( 950): loadAnimation: anim=android.view.animation.AlphaAnimation@91820cc animAttr=0x4 type=OPEN isEntrance=true
05-30 11:41:04.668 V/WindowManagerShell( 950): animated by com.android.wm.shell.transition.DefaultTransitionHandler@57500e3
05-30 11:41:04.686 D/WindowManagerShell( 950): TvPipController: onTaskStackChanged()
05-30 11:41:04.714 I/ImeTracker( 720): com.dangbei.haqusetting:3e9eb95e: onRequestHide at ORIGIN_SERVER_HIDE_INPUT reason HIDE_UNSPECIFIED_WINDOW
05-30 11:41:04.714 I/ImeTracker( 720): com.dangbei.haqusetting:3e9eb95e: onCancelled at PHASE_SERVER_SHOULD_HIDE
05-30 11:41:04.716 I/DefaultIMS( 1431): onStartInput attribute=android.view.inputmethod.EditorInfo@8050393 restarting=false inputType: 0
05-30 11:41:04.738 W/ContextImpl( 720): Calling a method in the system process without a qualified user: android.app.ContextImpl.startService:1899 com.android.server.wm.DisplayPolicy.lambda$focusChangedLw$5:2126 com.android.server.wm.DisplayPolicy.$r8$lambda$Znxk63oh-WzVnzo_WQefN7uxV48:0 com.android.server.wm.DisplayPolicy$$ExternalSyntheticLambda13.run:0 android.os.Handler.handleCallback:958
05-30 11:41:04.742 D/aaa ( 1665): LedStatusService onStartCommand begin
05-30 11:41:04.744 D/aaa ( 1665): topPkg is -------------- :com.dangbei.haqusetting
05-30 11:41:04.815 I/audio_hw_hal_alsamgr( 504): alsa format =0x9000000 delay frames =1920 total frames=29184000
05-30 11:41:04.815 I/audio_hw_hal_alsamgr( 504): alsa format =0xa000000 delay frames =7936 total frames=116736000
05-30 11:41:04.816 I/WifiHAL ( 531): call wifi_get_link_stats handler
05-30 11:41:04.816 I/WifiHAL ( 531): Creating message to get link statistics; iface = 16
05-30 11:41:04.816 D/WifiHAL ( 531): error code -95 mapped to -3
05-30 11:41:04.817 E/WifiStaIfaceAidlImpl( 720): getLinkLayerStats failed with service-specific exception: android.os.ServiceSpecificException: (code 4)
05-30 11:41:04.932 E/ccc ( 1400): cccccc UpdateHelper onMessageReceived com.dangbei.haqusetting com.dangbei.etna.update {"action":"get","functionTag":"leaf_controller_function_controller_dangbei_update","value":0} com.dangbei.lerad.etna.aidl.IEtnaAidlCallback$Stub$Proxy@7e32b6e
05-30 11:41:04.932 E/ccc ( 1400): cccccc 缓存获取遥控器版本 DB-15B-H5-R0108
05-30 11:41:04.934 E/ccc ( 1400): cccccc 请求电量缓存 100
05-30 11:41:04.990 D/ConnectivityService( 720): requestNetwork for uid/pid:1000/3287 activeRequest: null callbackRequest: 85 [NetworkRequest [ REQUEST id=86, [ Capabilities: INTERNET&NOT_RESTRICTED&TRUSTED&NOT_VCN_MANAGED Uid: 1000 RequestorUid: 1000 RequestorPkg: com.dangbei.haqusetting UnderlyingNetworks: Null] ]] callback flags: 0 order: 2147483647
05-30 11:41:04.996 D/WifiNetworkFactory( 720): got request NetworkRequest [ REQUEST id=86, [ Capabilities: INTERNET&NOT_RESTRICTED&TRUSTED&NOT_VCN_MANAGED Uid: 1000 RequestorUid: 1000 RequestorPkg: com.dangbei.haqusetting UnderlyingNetworks: Null] ]
05-30 11:41:04.996 D/UntrustedWifiNetworkFactory( 720): got request NetworkRequest [ REQUEST id=86, [ Capabilities: INTERNET&NOT_RESTRICTED&TRUSTED&NOT_VCN_MANAGED Uid: 1000 RequestorUid: 1000 RequestorPkg: com.dangbei.haqusetting UnderlyingNetworks: Null] ]
05-30 11:41:04.997 D/OemPaidWifiNetworkFactory( 720): got request NetworkRequest [ REQUEST id=86, [ Capabilities: INTERNET&NOT_RESTRICTED&TRUSTED&NOT_VCN_MANAGED Uid: 1000 RequestorUid: 1000 RequestorPkg: com.dangbei.haqusetting UnderlyingNetworks: Null] ]
05-30 11:41:04.997 D/MultiInternetWifiNetworkFactory( 720): got request NetworkRequest [ REQUEST id=86, [ Capabilities: INTERNET&NOT_RESTRICTED&TRUSTED&NOT_VCN_MANAGED Uid: 1000 RequestorUid: 1000 RequestorPkg: com.dangbei.haqusetting UnderlyingNetworks: Null] ]
05-30 11:41:04.998 D/ConnectivityService( 720): NetReassign [86 : null → 101] [c 0] [a 2] [i 3]
05-30 11:41:04.999 I/DefaultIMS( 1431): onStartInput attribute=android.view.inputmethod.EditorInfo@7eb7fd0 restarting=false inputType: 0
05-30 11:41:05.079 V/WindowManagerShell( 950): Transition animation finished (aborted=false), notifying core (#14)android.os.BinderProxy@e5b515d@0
05-30 11:41:05.081 V/WindowManager( 720): Finish Transition #14: created at
05-30 11:41:04.555 collect-started=0.121ms request-sent=11.885ms started=14.569ms ready=28.885ms sent=103.292ms finished=525.21ms
05-30 11:41:05.084 V/WindowManagerShell( 950): Track 0 became idle
05-30 11:41:05.084 V/WindowManagerShell( 950): All active transition animations finished
05-30 11:41:05.170 I/WifiService( 720): startScan uid=1000
05-30 11:41:05.174 E/ccc ( 3287): cccccc i will start scan
05-30 11:41:05.184 D/InstantWifi( 720): Drop, size: 2
05-30 11:41:05.186 E/ccc ( 3287): cccccc 222222222222222222
05-30 11:41:05.204 E/ccc ( 3287): cccccc sort 12 1
05-30 11:41:05.205 E/ccc ( 3287): cccccc 4444444444444444444 CONNECTED
05-30 11:41:05.223 E/ccc ( 3287): cccccc sort 12 1
05-30 11:41:05.725 E/TaskPersister( 720): File error accessing recents directory (directory doesn't exist?).
05-30 11:41:06.548 D/XM_HIDREAD( 1873): poll ret=1, event=1
05-30 11:41:06.548 D/XM_HIDREAD( 1873): [9 bytes]:01 00 00 50 00 00 00 00 00
05-30 11:41:06.551 I/SogouIME( 1431): onKeyDown: keyoCode=21
05-30 11:41:06.551 I/DefaultIMS( 1431): onKeyDown: keyoCode=21
05-30 11:41:06.560 I/DefaultIMS( 1431): onStartInput attribute=android.view.inputmethod.EditorInfo@b16fbc9 restarting=false inputType: 0
05-30 11:41:06.705 D/XM_HIDREAD( 1873): poll ret=1, event=1
05-30 11:41:06.705 D/XM_HIDREAD( 1873): [9 bytes]:01 00 00 00 00 00 00 00 00
05-30 11:41:06.707 I/SogouIME( 1431): onKeyUp: keyoCode=21
05-30 11:41:06.707 I/DefaultIMS( 1431): onKeyUp: keyoCode=21
05-30 11:41:07.301 D/XM_HIDREAD( 1873): poll ret=1, event=1
05-30 11:41:07.301 D/XM_HIDREAD( 1873): [9 bytes]:01 00 00 51 00 00 00 00 00
05-30 11:41:07.304 I/SogouIME( 1431): onKeyDown: keyoCode=20
05-30 11:41:07.304 I/DefaultIMS( 1431): onKeyDown: keyoCode=20
05-30 11:41:07.436 D/XM_HIDREAD( 1873): poll ret=1, event=1
05-30 11:41:07.436 D/XM_HIDREAD( 1873): [9 bytes]:01 00 00 00 00 00 00 00 00
05-30 11:41:07.439 I/SogouIME( 1431): onKeyUp: keyoCode=20
05-30 11:41:07.439 I/DefaultIMS( 1431): onKeyUp: keyoCode=20
05-30 11:41:07.639 D/XM_HIDREAD( 1873): poll ret=1, event=1
05-30 11:41:07.639 D/XM_HIDREAD( 1873): [9 bytes]:01 00 00 51 00 00 00 00 00
05-30 11:41:07.642 I/SogouIME( 1431): onKeyDown: keyoCode=20
05-30 11:41:07.642 I/DefaultIMS( 1431): onKeyDown: keyoCode=20
05-30 11:41:07.762 D/XM_HIDREAD( 1873): poll ret=1, event=1
05-30 11:41:07.762 D/XM_HIDREAD( 1873): [9 bytes]:01 00 00 00 00 00 00 00 00
05-30 11:41:07.765 I/SogouIME( 1431): onKeyUp: keyoCode=20
05-30 11:41:07.765 I/DefaultIMS( 1431): onKeyUp: keyoCode=20
05-30 11:41:07.822 I/WifiHAL ( 531): call wifi_get_link_stats handler
05-30 11:41:07.822 I/WifiHAL ( 531): Creating message to get link statistics; iface = 16
05-30 11:41:07.822 D/WifiHAL ( 531): error code -95 mapped to -3
05-30 11:41:07.823 E/WifiStaIfaceAidlImpl( 720): getLinkLayerStats failed with service-specific exception: android.os.ServiceSpecificException: (code 4)
05-30 11:41:08.325 D/XM_HIDREAD( 1873): poll ret=1, event=1
05-30 11:41:08.325 D/XM_HIDREAD( 1873): [9 bytes]:01 00 00 52 00 00 00 00 00
05-30 11:41:08.328 I/SogouIME( 1431): onKeyDown: keyoCode=19
05-30 11:41:08.328 I/DefaultIMS( 1431): onKeyDown: keyoCode=19
05-30 11:41:08.494 D/XM_HIDREAD( 1873): poll ret=1, event=1
05-30 11:41:08.494 D/XM_HIDREAD( 1873): [9 bytes]:01 00 00 00 00 00 00 00 00
05-30 11:41:08.497 I/SogouIME( 1431): onKeyUp: keyoCode=19
05-30 11:41:08.497 I/DefaultIMS( 1431): onKeyUp: keyoCode=19
05-30 11:41:09.038 D/UtilLog ( 2643): 日志批量上报 进行正常循环 !!!!!!本次有0次请求,共0条数据
05-30 11:41:09.047 I/WifiService( 720): startScan uid=1000
05-30 11:41:09.139 D/WifiNl80211Manager( 720): Scan result ready event
05-30 11:41:09.140 D/WifiNative( 720): Scan result ready event
05-30 11:41:09.146 D/PasspointManager( 720): ANQP entry not found for: 10:7c:61:1a:4b:94:<5G>
05-30 11:41:09.147 E/hq ( 1453): NetWorkStateReceiver:::NetWorkStateReceiver onReceive: 网络变化广播 >>>> intent.action=android.net.wifi.SCAN_RESULTS
05-30 11:41:09.147 I/WifiHAL ( 531): call wifi_get_link_stats handler
05-30 11:41:09.147 I/WifiHAL ( 531): Creating message to get link statistics; iface = 16
05-30 11:41:09.147 D/WifiHAL ( 531): error code -95 mapped to -3
05-30 11:41:09.148 E/WifiStaIfaceAidlImpl( 720): getLinkLayerStats failed with service-specific exception: android.os.ServiceSpecificException: (code 4)
05-30 11:41:09.148 E/ccc ( 3287): cccccc SCAN_RESULTS_AVAILABLE_ACTION hhhh
05-30 11:41:09.152 W/eventbuscore( 1453): post Event:com.dangbei.leard.base.entity.event.NetWifiRssiEvent
05-30 11:41:09.152 E/ccc ( 3287): cccccc result is not empty call back
05-30 11:41:09.152 E/ccc ( 3287): cccccc 666666666666666
05-30 11:41:09.170 E/ccc ( 3287): cccccc sort 12 1
05-30 11:41:10.817 I/Advertiser( 2113): type=1400 audit(0.0:2026): avc: denied { search } for name="net" dev="sysfs" ino=12345 scontext=u:r:untrusted_app_27:s0:c512,c768 tcontext=u:object_r:sysfs_net:s0 tclass=dir permissive=1 app=com.gitvdemo.video
05-30 11:41:10.827 I/WifiHAL ( 531): call wifi_get_link_stats handler
05-30 11:41:10.827 I/WifiHAL ( 531): Creating message to get link statistics; iface = 16
05-30 11:41:10.828 D/WifiHAL ( 531): error code -95 mapped to -3
05-30 11:41:10.829 E/WifiStaIfaceAidlImpl( 720): getLinkLayerStats failed with service-specific exception: android.os.ServiceSpecificException: (code 4)
05-30 11:41:10.833 I/Utils ( 2113): getTargetIp #
05-30 11:41:10.834 I/Utils ( 2113): getTargetIp #
05-30 11:41:10.964 D/fingerprint-tag:(2.5.4,44)-tag:( 2113): diff < ONE_DAY_MILLfalse
05-30 11:41:10.964 D/fingerprint-tag:(2.5.4,44)-tag:( 2113): lastDayString=2025-05-22 20:13:01,diff=660489964
05-30 11:41:10.964 D/fingerprint-tag:(2.5.4,44)-tag:( 2113): 今日未上报
05-30 11:41:10.965 D/fingerprint-tag:(2.5.4,44)-tag:( 2113): 返回cache:14a96a293041054d6e907a379e826203a0b2736edd052d20070a2ad1ce5328c09a
05-30 11:41:10.966 D/fingerprint-tag:(2.5.4,44)-tag:( 2113): 不允许在后台请求dfp
05-30 11:41:11.209 D/ActivityManager( 720): freezing 2539 com.android.providers.calendar
05-30 11:41:13.665 D/uninstall( 3054): isAllowStart last_delay 0, current_time 1748576473
05-30 11:41:13.666 I/uninstall( 3054): enable_service com.ktcp.video/com.tencent.qqlivetv.keeplive.proc.DaemonService com.ktcp.video/(null)
05-30 11:41:13.666 D/uninstall( 3054): enable_service waitpid
05-30 11:41:13.666 D/uninstall( 9463): enable_service pid == 0
05-30 11:41:13.667 D/uninstall( 9463): enable_service version >= 17 || version == 0 version == 34
05-30 11:41:13.710 I/uninstall( 3054): watchdaemon process_name = com.ktcp.video:daemon has gone, start it
05-30 11:41:13.711 D/uninstall( 3054): watchdaemon waitpid
05-30 11:41:13.711 D/uninstall( 9467): watchdaemon pid == 0
05-30 11:41:13.711 D/uninstall( 9467): watchdaemon version >= 17 || version == 0 version == 34
05-30 11:41:13.835 I/WifiHAL ( 531): call wifi_get_link_stats handler
05-30 11:41:13.835 I/WifiHAL ( 531): Creating message to get link statistics; iface = 16
05-30 11:41:13.836 D/WifiHAL ( 531): error code -95 mapped to -3
05-30 11:41:13.836 E/WifiStaIfaceAidlImpl( 720): getLinkLayerStats failed with service-specific exception: android.os.ServiceSpecificException: (code 4)
05-30 11:41:15.878 I/Utils ( 2113): getTargetIp #
05-30 11:41:15.879 I/Utils ( 2113): getTargetIp #
05-30 11:41:16.839 I/WifiHAL ( 531): call wifi_get_link_stats handler
05-30 11:41:16.839 I/WifiHAL ( 531): Creating message to get link statistics; iface = 16
05-30 11:41:16.839 D/WifiHAL ( 531): error code -95 mapped to -3
05-30 11:41:16.840 E/WifiStaIfaceAidlImpl( 720): getLinkLayerStats failed with service-specific exception: android.os.ServiceSpecificException: (code 4)
05-30 11:41:17.082 W/gbei.zhushou.os( 2643): Suspending all threads took: 7.164ms
05-30 11:41:17.206 I/TDLog ( 2643): [APP] New data found, Submitting...
05-30 11:41:17.218 D/TrafficStats( 2643): tagSocket(108) with statsTag=0xffffffff, statsUid=-1
05-30 11:41:17.224 I/TDLog ( 2643): [APP] Failed to submit data!
05-30 11:41:17.353 D/TrafficStats( 2643): tagSocket(104) with statsTag=0xffffffff, statsUid=-1
05-30 11:41:18.484 D/XM_HIDREAD( 1873): poll ret=1, event=1
05-30 11:41:18.484 D/XM_HIDREAD( 1873): [9 bytes]:01 00 00 29 00 00 00 00 00
05-30 11:41:18.487 I/SogouIME( 1431): onKeyDown: keyoCode=4
05-30 11:41:18.487 I/DefaultIMS( 1431): onKeyDown: keyoCode=4
05-30 11:41:18.620 D/XM_HIDREAD( 1873): poll ret=1, event=1
05-30 11:41:18.620 D/XM_HIDREAD( 1873): [9 bytes]:01 00 00 00 00 00 00 00 00
05-30 11:41:18.622 I/SogouIME( 1431): onKeyUp: keyoCode=4
05-30 11:41:18.622 I/DefaultIMS( 1431): onKeyUp: keyoCode=4
05-30 11:41:18.626 I/SogouIME( 1431): onKeyDown: keyoCode=22
05-30 11:41:18.626 I/DefaultIMS( 1431): onKeyDown: keyoCode=22
05-30 11:41:18.633 I/SogouIME( 1431): onKeyUp: keyoCode=22
05-30 11:41:18.633 I/DefaultIMS( 1431): onKeyUp: keyoCode=22
05-30 11:41:18.743 D/XM_HIDREAD( 1873): poll ret=1, event=1
05-30 11:41:18.743 D/XM_HIDREAD( 1873): [9 bytes]:01 00 00 29 00 00 00 00 00
05-30 11:41:18.746 I/SogouIME( 1431): onKeyDown: keyoCode=4
05-30 11:41:18.746 I/DefaultIMS( 1431): onKeyDown: keyoCode=4
05-30 11:41:18.867 D/XM_HIDREAD( 1873): poll ret=1, event=1
05-30 11:41:18.867 D/XM_HIDREAD( 1873): [9 bytes]:01 00 00 00 00 00 00 00 00
05-30 11:41:18.870 I/SogouIME( 1431): onKeyUp: keyoCode=4
05-30 11:41:18.870 I/DefaultIMS( 1431): onKeyUp: keyoCode=4
05-30 11:41:18.875 V/WindowManagerShell( 950): Transition requested: android.os.BinderProxy@60c7db8 TransitionRequestInfo { type = 2, triggerTask = TaskInfo{userId=0 taskId=255 displayId=0 isRunning=false baseIntent=Intent { dat=haqu://setting:8080/... flg=0x10000000 pkg=com.dangbei.haqusetting cmp=com.dangbei.haqusetting/.ui.HomeActivity } baseActivity=null topActivity=null origActivity=null realActivity=ComponentInfo{com.dangbei.haqusetting/com.dangbei.haqusetting.ui.HomeActivity} numActivities=0 lastActiveTime=628725 supportsMultiWindow=true resizeMode=1 isResizeable=true minWidth=-1 minHeight=-1 defaultMinSize=220 token=WCT{android.window.IWindowContainerToken$Stub$Proxy@5efc791} topActivityType=1 pictureInPictureParams=null shouldDockBigOverlays=false launchIntoPipHostTaskId=-1 lastParentTaskIdBeforePip=-1 displayCutoutSafeInsets=null topActivityInfo=null launchCookies=[] positionInParent=Point(0, 0) parentTaskId=-1 isFocused=true isVisible=true isVisibleRequested=true isSleeping=false topActivityInSizeCompat=false topActivityEligibleForLetterboxEducation= false isLetterboxDoubleTapEnabled= false topActivityEligibleForUserAspectRatioButton= false topActivityBoundsLetterboxed= false isFromLetterboxDoubleTap= false topActivityLetterboxVerticalPosition= -1 topActivityLetterboxHorizontalPosition= -1 topActivityLetterboxWidth=-1 topActivityLetterboxHeight=-1 isUserFullscreenOverrideEnabled=false isTopActivityTransparent=false locusId=null displayAreaFeatureId=1 cameraCompatControlState=hidden}, remoteTransition = null, displayChange = null, flags = 0 }
05-30 11:41:18.887 V/WindowManager( 720): app ------------- force_land :0
05-30 11:41:18.889 I/hq ( 1453): 当小贝:::showMessage from=mActivityLifecycleCallbacks
05-30 11:41:18.889 I/hq ( 1453): 当小贝:::showMessage 没有消息需要显示
05-30 11:41:18.900 V/WindowManagerShell( 950): onTransitionReady android.os.BinderProxy@60c7db8: {id=15 t=CLOSE f=0x0 trk=0 r=[0@Point(0, 0)] c=[{WCT{android.window.IWindowContainerToken$Stub$Proxy@1e7bd64} m=CLOSE f=TRANSLUCENT leash=Surface(name=Task=255)/@0x10c56f6 sb=Rect(0, 0 - 1920, 1080) eb=Rect(0, 0 - 1920, 1080) d=0}]}
05-30 11:41:18.901 V/WindowManagerShell( 950): Playing animation for (#15)android.os.BinderProxy@60c7db8@0
05-30 11:41:18.901 V/WindowManagerShell( 950): try handler com.android.wm.shell.keyguard.KeyguardTransitionHandler@2963747
05-30 11:41:18.901 V/WindowManagerShell( 950): try handler com.android.wm.shell.pip.tv.TvPipTransition@6b75b74
05-30 11:41:18.901 V/WindowManagerShell( 950): try handler com.android.wm.shell.activityembedding.ActivityEmbeddingController@9a7789d
05-30 11:41:18.901 V/WindowManagerShell( 950): try handler com.android.wm.shell.transition.RemoteTransitionHandler@97c6112
05-30 11:41:18.901 V/WindowManagerShell( 950): Transition doesn't have explicit remote, search filters for match for {id=15 t=CLOSE f=0x0 trk=0 r=[0@Point(0, 0)] c=[{WCT{android.window.IWindowContainerToken$Stub$Proxy@1e7bd64} m=CLOSE f=TRANSLUCENT leash=Surface(name=Task=255)/@0x10c56f6 sb=Rect(0, 0 - 1920, 1080) eb=Rect(0, 0 - 1920, 1080) d=0}]}
05-30 11:41:18.901 V/WindowManagerShell( 950): Delegate animation for #15 to null
05-30 11:41:18.901 V/WindowManagerShell( 950): try handler com.android.wm.shell.transition.DefaultTransitionHandler@57500e3
05-30 11:41:18.902 V/WindowManagerShell( 950): start default transition animation, info = {id=15 t=CLOSE f=0x0 trk=0 r=[0@Point(0, 0)] c=[{WCT{android.window.IWindowContainerToken$Stub$Proxy@1e7bd64} m=CLOSE f=TRANSLUCENT leash=Surface(name=Task=255)/@0x10c56f6 sb=Rect(0, 0 - 1920, 1080) eb=Rect(0, 0 - 1920, 1080) d=0}]}
05-30 11:41:18.902 V/WindowManager( 720): Sent Transition #15 createdAt=05-30 11:41:18.873 via request=TransitionRequestInfo { type = 2, triggerTask = TaskInfo{userId=0 taskId=255 displayId=0 isRunning=false baseIntent=Intent { dat=haqu://setting:8080/... flg=0x10000000 pkg=com.dangbei.haqusetting cmp=com.dangbei.haqusetting/.ui.HomeActivity } baseActivity=null topActivity=null origActivity=null realActivity=ComponentInfo{com.dangbei.haqusetting/com.dangbei.haqusetting.ui.HomeActivity} numActivities=0 lastActiveTime=628725 supportsMultiWindow=true resizeMode=1 isResizeable=true minWidth=-1 minHeight=-1 defaultMinSize=220 token=WCT{RemoteToken{41e6fed Task{18cd6c #255 type=standard A=1000:com.dangbei.haqusetting}}} topActivityType=1 pictureInPictureParams=null shouldDockBigOverlays=false launchIntoPipHostTaskId=-1 lastParentTaskIdBeforePip=-1 displayCutoutSafeInsets=null topActivityInfo=null launchCookies=[] positionInParent=Point(0, 0) parentTaskId=-1 isFocused=true isVisible=true isVisibleRequested=true isSleeping=false topActivityInSizeCompat=false topActivityEligibleForLetterboxEducation= false isLetterboxDoubleTapEnabled= false topActivityEligibleForUserAspectRatioButton= false topActivityBoundsLetterboxed= false isFromLetterboxDoubleTap= false topActivityLetterboxVerticalPosition= -1 topActivityLetterboxHorizontalPosition= -1 topActivityLetterboxWidth=-1 topActivityLetterboxHeight=-1 isUserFullscreenOverrideEnabled=false isTopActivityTransparent=false locusId=null displayAreaFeatureId=1 cameraCompatControlState=hidden}, remoteTransition = null, displayChange = null, flags = 0 }
05-30 11:41:18.902 V/WindowManager( 720): startWCT=WindowContainerTransaction { changes = {} hops = [] errorCallbackToken=null taskFragmentOrganizer=null }
05-30 11:41:18.902 V/WindowManager( 720): info={id=15 t=CLOSE f=0x0 trk=0 r=[0@Point(0, 0)] c=[{WCT{RemoteToken{41e6fed Task{18cd6c #255 type=standard A=1000:com.dangbei.haqusetting}}} m=CLOSE f=TRANSLUCENT leash=Surface(name=Task=255)/@0x4de9e96 sb=Rect(0, 0 - 1920, 1080) eb=Rect(0, 0 - 1920, 1080) d=0}]}
05-30 11:41:18.902 V/WindowManagerShell( 950): loadAnimation: anim=android.view.animation.AlphaAnimation@ab84bcd animAttr=0x7 type=CLOSE isEntrance=false
05-30 11:41:18.903 W/ActivityTaskManager( 720): Finishing task with all activities already finished
05-30 11:41:18.903 W/ActivityTaskManager( 720): Duplicate finish request for r=ActivityRecord{5ded61f u0 com.dangbei.haqusetting/.ui.HomeActivity t255 f}}
05-30 11:41:18.908 I/BpBinder( 294): onLastStrongRef automatically unlinking death recipients:
05-30 11:41:18.904 V/WindowManagerShell( 950): animated by com.android.wm.shell.transition.DefaultTransitionHandler@57500e3
05-30 11:41:18.915 I/ImeTracker( 720): com.dangbei.leard.leradlauncher:4b98e470: onRequestHide at ORIGIN_SERVER_HIDE_INPUT reason HIDE_UNSPECIFIED_WINDOW
05-30 11:41:18.915 I/ImeTracker( 720): com.dangbei.leard.leradlauncher:4b98e470: onCancelled at PHASE_SERVER_SHOULD_HIDE
05-30 11:41:18.915 D/TrafficStats( 1453): tagSocket(162) with statsTag=0xffffffff, statsUid=-1
05-30 11:41:18.915 D/MobclickAgent( 1453): 延续上一个会话: 4A12621C552E4EA5709F7CD7D83B8710
05-30 11:41:18.918 I/DefaultIMS( 1431): onStartInput attribute=android.view.inputmethod.EditorInfo@ff6a2ce restarting=false inputType: 0
05-30 11:41:18.919 W/ProcessStats( 720): Tracking association SourceState{8907474 com.ktcp.video:daemon/10091 Fgs #801} whose proc state 3 is better than process ProcessState{a8eb676 com.ktcp.video/10091 pkg=com.ktcp.video} proc state 10 (17 skipped)
05-30 11:41:18.919 W/SQLiteLog( 1453): (28) double-quoted string literal: "4A12621C552E4EA5709F7CD7D83B8710"
05-30 11:41:18.919 W/SQLiteLog( 1453): (28) double-quoted string literal: ""
05-30 11:41:18.919 W/SQLiteLog( 1453): (28) double-quoted string literal: "4A12621C552E4EA5709F7CD7D83B8710"
05-30 11:41:18.920 W/SQLiteLog( 1453): (28) double-quoted string literal: "-1"
05-30 11:41:18.924 D/TrafficStats( 1453): tagSocket(135) with statsTag=0xffffffff, statsUid=-1
05-30 11:41:18.946 W/WindowOnBackDispatcher( 3287): sendCancelIfRunning: isInProgress=falsecallback=android.view.ViewRootImpl$$ExternalSyntheticLambda17@5370188
05-30 11:41:18.947 D/CoreBackPreview( 720): Window{d24b53b u0 com.dangbei.haqusetting/com.dangbei.haqusetting.ui.HomeActivity}: Setting back callback null
05-30 11:41:18.953 W/InputManager-JNI( 720): Input channel object 'd24b53b com.dangbei.haqusetting/com.dangbei.haqusetting.ui.HomeActivity (client)' was disposed without first being removed with the input manager!
05-30 11:41:18.987 W/ContextImpl( 720): Calling a method in the system process without a qualified user: android.app.ContextImpl.startService:1899 com.android.server.wm.DisplayPolicy.lambda$focusChangedLw$5:2126 com.android.server.wm.DisplayPolicy.$r8$lambda$Znxk63oh-WzVnzo_WQefN7uxV48:0 com.android.server.wm.DisplayPolicy$$ExternalSyntheticLambda13.run:0 android.os.Handler.handleCallback:958
05-30 11:41:18.990 D/WindowManagerShell( 950): TvPipController: onTaskStackChanged()
05-30 11:41:18.993 D/aaa ( 1665): LedStatusService onStartCommand begin
05-30 11:41:18.994 D/aaa ( 1665): topPkg is -------------- :com.dangbei.leard.leradlauncher
05-30 11:41:18.996 D/aaa ( 1665): WiFi is connect
05-30 11:41:19.039 D/UtilLog ( 2643): 日志批量上报 进行正常循环 !!!!!!本次有0次请求,共0条数据
05-30 11:41:19.307 V/WindowManagerShell( 950): Transition animation finished (aborted=false), notifying core (#15)android.os.BinderProxy@60c7db8@0
05-30 11:41:19.310 V/WindowManager( 720): Finish Transition #15: created at
05-30 11:41:18.873 collect-started=0.106ms request-sent=0.26ms started=5.979ms ready=15.42ms sent=24.893ms finished=436.579ms
05-30 11:41:19.319 V/WindowManagerShell( 950): Track 0 became idle
05-30 11:41:19.319 V/WindowManagerShell( 950): All active transition animations finished
05-30 11:41:19.654 D/XM_HIDREAD( 1873): poll ret=1, event=1
05-30 11:41:19.655 D/XM_HIDREAD( 1873): [9 bytes]:01 00 00 50 00 00 00 00 00
05-30 11:41:19.659 I/SogouIME( 1431): onKeyDown: keyoCode=21
05-30 11:41:19.659 I/DefaultIMS( 1431): onKeyDown: keyoCode=21
05-30 11:41:19.660 E/SecondScreen( 1453): FirstScreenLayoutView dispatchKeyEvent 21
05-30 11:41:19.667 I/DefaultIMS( 1431): onStartInput attribute=android.view.inputmethod.EditorInfo@af245ef restarting=false inputType: 0
05-30 11:41:19.812 D/XM_HIDREAD( 1873): poll ret=1, event=1
05-30 11:41:19.812 D/XM_HIDREAD( 1873): [9 bytes]:01 00 00 00 00 00 00 00 00
05-30 11:41:19.814 I/SogouIME( 1431): onKeyUp: keyoCode=21
05-30 11:41:19.814 I/DefaultIMS( 1431): onKeyUp: keyoCode=21
05-30 11:41:19.815 E/SecondScreen( 1453): FirstScreenLayoutView dispatchKeyEvent 21
05-30 11:41:19.843 I/WifiHAL ( 531): call wifi_get_link_stats handler
05-30 11:41:19.843 I/WifiHAL ( 531): Creating message to get link statistics; iface = 16
05-30 11:41:19.843 D/WifiHAL ( 531): error code -95 mapped to -3
05-30 11:41:19.844 E/WifiStaIfaceAidlImpl( 720): getLinkLayerStats failed with service-specific exception: android.os.ServiceSpecificException: (code 4)
05-30 11:41:20.352 D/XM_HIDREAD( 1873): poll ret=1, event=1
05-30 11:41:20.352 D/XM_HIDREAD( 1873): [9 bytes]:01 00 00 50 00 00 00 00 00
05-30 11:41:20.355 I/SogouIME( 1431): onKeyDown: keyoCode=21
05-30 11:41:20.355 I/DefaultIMS( 1431): onKeyDown: keyoCode=21
05-30 11:41:20.355 E/SecondScreen( 1453): FirstScreenLayoutView dispatchKeyEvent 21
05-30 11:41:20.509 D/XM_HIDREAD( 1873): poll ret=1, event=1
05-30 11:41:20.509 D/XM_HIDREAD( 1873): [9 bytes]:01 00 00 00 00 00 00 00 00
05-30 11:41:20.512 I/SogouIME( 1431): onKeyUp: keyoCode=21
05-30 11:41:20.512 I/DefaultIMS( 1431): onKeyUp: keyoCode=21
05-30 11:41:20.512 E/SecondScreen( 1453): FirstScreenLayoutView dispatchKeyEvent 21
05-30 11:41:20.700 D/XM_HIDREAD( 1873): poll ret=1, event=1
05-30 11:41:20.700 D/XM_HIDREAD( 1873): [9 bytes]:01 00 00 28 00 00 00 00 00
05-30 11:41:20.703 I/SogouIME( 1431): onKeyDown: keyoCode=23
05-30 11:41:20.703 I/DefaultIMS( 1431): onKeyDown: keyoCode=23
05-30 11:41:20.703 E/SecondScreen( 1453): FirstScreenLayoutView dispatchKeyEvent 23
05-30 11:41:20.802 D/XM_HIDREAD( 1873): poll ret=1, event=1
05-30 11:41:20.802 D/XM_HIDREAD( 1873): [9 bytes]:01 00 00 00 00 00 00 00 00
05-30 11:41:20.804 I/SogouIME( 1431): onKeyUp: keyoCode=23
05-30 11:41:20.804 I/DefaultIMS( 1431): onKeyUp: keyoCode=23
05-30 11:41:20.805 E/SecondScreen( 1453): FirstScreenLayoutView dispatchKeyEvent 23
05-30 11:41:20.810 E/CellBroadcastUtils( 720): getDefaultCellBroadcastReceiverPackageName: no package found
05-30 11:41:20.820 I/ActivityTaskManager( 720): START u0 {dat=haqu://setting:8080/... flg=0x10000000 pkg=com.dangbei.haqusetting cmp=com.dangbei.haqusetting/.ui.HomeActivity} with LAUNCH_MULTIPLE from uid 1000 (BAL_ALLOW_ALLOWLISTED_UID) result code=0
05-30 11:41:20.822 V/WindowManagerShell( 950): Transition requested: android.os.BinderProxy@6154bd0 TransitionRequestInfo { type = 1, triggerTask = TaskInfo{userId=0 taskId=256 displayId=0 isRunning=true baseIntent=Intent { dat=haqu://setting:8080/... flg=0x10000000 pkg=com.dangbei.haqusetting cmp=com.dangbei.haqusetting/.ui.HomeActivity } baseActivity=ComponentInfo{com.dangbei.haqusetting/com.dangbei.haqusetting.ui.HomeActivity} topActivity=ComponentInfo{com.dangbei.haqusetting/com.dangbei.haqusetting.ui.HomeActivity} origActivity=null realActivity=ComponentInfo{com.dangbei.haqusetting/com.dangbei.haqusetting.ui.HomeActivity} numActivities=1 lastActiveTime=644964 supportsMultiWindow=true resizeMode=1 isResizeable=true minWidth=-1 minHeight=-1 defaultMinSize=220 token=WCT{android.window.IWindowContainerToken$Stub$Proxy@70ad7c9} topActivityType=1 pictureInPictureParams=null shouldDockBigOverlays=true launchIntoPipHostTaskId=-1 lastParentTaskIdBeforePip=-1 displayCutoutSafeInsets=null topActivityInfo=ActivityInfo{bd34ece com.dangbei.haqusetting.ui.HomeActivity} launchCookies=[] positionInParent=Point(0, 0) parentTaskId=-1 isFocused=false isVisible=false isVisibleRequested=false isSleeping=false topActivityInSizeCompat=false topActivityEligibleForLetterboxEducation= false isLetterboxDoubleTapEnabled= false topActivityEligibleForUserAspectRatioButton= false topActivityBoundsLetterboxed= false isFromLetterboxDoubleTap= false topActivityLetterboxVerticalPosition= -1 topActivityLetterboxHorizontalPosition= -1 topActivityLetterboxWidth=-1 topActivityLetterboxHeight=-1 isUserFullscreenOverrideEnabled=false isTopActivityTransparent=true locusId=null displayAreaFeatureId=1 cameraCompatControlState=hidden}, remoteTransition = null, displayChange = null, flags = 0 }
05-30 11:41:20.831 V/WindowManager( 720): app ------------- force_land :0
05-30 11:41:20.833 D/TrafficStats( 1453): tagSocket(143) with statsTag=0xffffffff, statsUid=-1
05-30 11:41:20.841 W/SQLiteLog( 1453): (28) double-quoted string literal: "
05-30 11:41:20.841 W/SQLiteLog( 1453): (28) double-quoted string literal: "4A12621C552E4EA5709F7CD7D83B8710"
05-30 11:41:20.842 I/BpBinder( 294): onLastStrongRef automatically unlinking death recipients:
05-30 11:41:20.864 E/ccc ( 1400): cccccc UpdateHelper onMessageReceived com.dangbei.haqusetting com.dangbei.etna.update {"action":"get","functionTag":"leaf_controller_function_controller_dangbei_update","value":0} com.dangbei.lerad.etna.aidl.IEtnaAidlCallback$Stub$Proxy@809320f
05-30 11:41:20.865 E/ccc ( 1400): cccccc 缓存获取遥控器版本 DB-15B-H5-R0108
05-30 11:41:20.866 E/ccc ( 1400): cccccc 请求电量缓存 100
05-30 11:41:20.866 W/WindowManager( 720): [addWindow] title:com.dangbei.haqusetting/com.dangbei.haqusetting.ui.HomeActivity
05-30 11:41:20.879 D/CoreBackPreview( 720): Window{e35a873 u0 com.dangbei.haqusetting/com.dangbei.haqusetting.ui.HomeActivity}: Setting back callback OnBackInvokedCallbackInfo{mCallback=android.window.IOnBackInvokedCallback$Stub$Proxy@df95ba9, mPriority=0, mIsAnimationCallback=false}
05-30 11:41:20.888 E/OpenGLRenderer( 3287): Unable to match the desired swap behavior.
05-30 11:41:20.905 W/RecyclerView( 3287): No adapter attached; skipping layout
05-30 11:41:20.914 V/WindowManagerShell( 950): onTransitionReady android.os.BinderProxy@6154bd0: {id=16 t=OPEN f=0x0 trk=0 r=[0@Point(0, 0)] c=[{WCT{android.window.IWindowContainerToken$Stub$Proxy@be02785} m=OPEN f=TRANSLUCENT leash=Surface(name=Task=256)/@0xc4f81ef sb=Rect(0, 0 - 1920, 1080) eb=Rect(0, 0 - 1920, 1080) d=0}]}
05-30 11:41:20.915 V/WindowManagerShell( 950): Playing animation for (#16)android.os.BinderProxy@6154bd0@0
05-30 11:41:20.915 V/WindowManagerShell( 950): try handler com.android.wm.shell.keyguard.KeyguardTransitionHandler@2963747
05-30 11:41:20.915 V/WindowManagerShell( 950): try handler com.android.wm.shell.pip.tv.TvPipTransition@6b75b74
05-30 11:41:20.915 V/WindowManagerShell( 950): try handler com.android.wm.shell.activityembedding.ActivityEmbeddingController@9a7789d
05-30 11:41:20.915 V/WindowManagerShell( 950): try handler com.android.wm.shell.transition.RemoteTransitionHandler@97c6112
05-30 11:41:20.915 V/WindowManagerShell( 950): Transition doesn't have explicit remote, search filters for match for {id=16 t=OPEN f=0x0 trk=0 r=[0@Point(0, 0)] c=[{WCT{android.window.IWindowContainerToken$Stub$Proxy@be02785} m=OPEN f=TRANSLUCENT leash=Surface(name=Task=256)/@0xc4f81ef sb=Rect(0, 0 - 1920, 1080) eb=Rect(0, 0 - 1920, 1080) d=0}]}
05-30 11:41:20.915 V/WindowManagerShell( 950): Delegate animation for #16 to null
05-30 11:41:20.915 V/WindowManagerShell( 950): try handler com.android.wm.shell.transition.DefaultTransitionHandler@57500e3
05-30 11:41:20.915 V/WindowManagerShell( 950): start default transition animation, info = {id=16 t=OPEN f=0x0 trk=0 r=[0@Point(0, 0)] c=[{WCT{android.window.IWindowContainerToken$Stub$Proxy@be02785} m=OPEN f=TRANSLUCENT leash=Surface(name=Task=256)/@0xc4f81ef sb=Rect(0, 0 - 1920, 1080) eb=Rect(0, 0 - 1920, 1080) d=0}]}
05-30 11:41:20.916 V/WindowManagerShell( 950): loadAnimation: anim=android.view.animation.AlphaAnimation@5989da animAttr=0x4 type=OPEN isEntrance=true
05-30 11:41:20.918 V/WindowManagerShell( 950): animated by com.android.wm.shell.transition.DefaultTransitionHandler@57500e3
05-30 11:41:20.918 I/ActivityTaskManager( 720): Displayed com.dangbei.haqusetting/.ui.HomeActivity for user 0: +97ms
05-30 11:41:20.919 V/WindowManager( 720): Sent Transition #16 createdAt=05-30 11:41:20.809 via request=TransitionRequestInfo { type = 1, triggerTask = TaskInfo{userId=0 taskId=256 displayId=0 isRunning=true baseIntent=Intent { dat=haqu://setting:8080/... flg=0x10000000 pkg=com.dangbei.haqusetting cmp=com.dangbei.haqusetting/.ui.HomeActivity } baseActivity=ComponentInfo{com.dangbei.haqusetting/com.dangbei.haqusetting.ui.HomeActivity} topActivity=ComponentInfo{com.dangbei.haqusetting/com.dangbei.haqusetting.ui.HomeActivity} origActivity=null realActivity=ComponentInfo{com.dangbei.haqusetting/com.dangbei.haqusetting.ui.HomeActivity} numActivities=1 lastActiveTime=644964 supportsMultiWindow=true resizeMode=1 isResizeable=true minWidth=-1 minHeight=-1 defaultMinSize=220 token=WCT{RemoteToken{c630965 Task{242aec4 #256 type=standard A=1000:com.dangbei.haqusetting}}} topActivityType=1 pictureInPictureParams=null shouldDockBigOverlays=true launchIntoPipHostTaskId=-1 lastParentTaskIdBeforePip=-1 displayCutoutSafeInsets=null topActivityInfo=ActivityInfo{c25f63a com.dangbei.haqusetting.ui.HomeActivity} launchCookies=[] positionInParent=Point(0, 0) parentTaskId=-1 isFocused=false isVisible=false isVisibleRequested=false isSleeping=false topActivityInSizeCompat=false topActivityEligibleForLetterboxEducation= false isLetterboxDoubleTapEnabled= false topActivityEligibleForUserAspectRatioButton= false topActivityBoundsLetterboxed= false isFromLetterboxDoubleTap= false topActivityLetterboxVerticalPosition= -1 topActivityLetterboxHorizontalPosition= -1 topActivityLetterboxWidth=-1 topActivityLetterboxHeight=-1 isUserFullscreenOverrideEnabled=false isTopActivityTransparent=true locusId=null displayAreaFeatureId=1 cameraCompatControlState=hidden}, remoteTransition = null, displayChange = null, flags = 0 }
05-30 11:41:20.919 V/WindowManager( 720): startWCT=WindowContainerTransaction { changes = {} hops = [] errorCallbackToken=null taskFragmentOrganizer=null }
05-30 11:41:20.919 V/WindowManager( 720): info={id=16 t=OPEN f=0x0 trk=0 r=[0@Point(0, 0)] c=[{WCT{RemoteToken{c630965 Task{242aec4 #256 type=standard A=1000:com.dangbei.haqusetting}}} m=OPEN f=TRANSLUCENT leash=Surface(name=Task=256)/@0xacfb52e sb=Rect(0, 0 - 1920, 1080) eb=Rect(0, 0 - 1920, 1080) d=0}]}
05-30 11:41:20.937 D/WindowManagerShell( 950): TvPipController: onTaskStackChanged()
05-30 11:41:20.964 I/ImeTracker( 720): com.dangbei.haqusetting:fc37f63: onRequestHide at ORIGIN_SERVER_HIDE_INPUT reason HIDE_UNSPECIFIED_WINDOW
05-30 11:41:20.965 I/ImeTracker( 720): com.dangbei.haqusetting:fc37f63: onCancelled at PHASE_SERVER_SHOULD_HIDE
05-30 11:41:20.967 I/DefaultIMS( 1431): onStartInput attribute=android.view.inputmethod.EditorInfo@50c8fc restarting=false inputType: 0
05-30 11:41:20.984 W/ContextImpl( 720): Calling a method in the system process without a qualified user: android.app.ContextImpl.startService:1899 com.android.server.wm.DisplayPolicy.lambda$focusChangedLw$5:2126 com.android.server.wm.DisplayPolicy.$r8$lambda$Znxk63oh-WzVnzo_WQefN7uxV48:0 com.android.server.wm.DisplayPolicy$$ExternalSyntheticLambda13.run:0 android.os.Handler.handleCallback:958
05-30 11:41:20.987 D/aaa ( 1665): LedStatusService onStartCommand begin
05-30 11:41:20.989 D/aaa ( 1665): topPkg is -------------- :com.dangbei.haqusetting
05-30 11:41:21.180 E/ccc ( 1400): cccccc UpdateHelper onMessageReceived com.dangbei.haqusetting com.dangbei.etna.update {"action":"get","functionTag":"leaf_controller_function_controller_dangbei_update","value":0} com.dangbei.lerad.etna.aidl.IEtnaAidlCallback$Stub$Proxy@fc5129c
05-30 11:41:21.181 E/ccc ( 1400): cccccc 缓存获取遥控器版本 DB-15B-H5-R0108
05-30 11:41:21.181 E/ccc ( 1400): cccccc 请求电量缓存 100
05-30 11:41:21.239 D/ConnectivityService( 720): requestNetwork for uid/pid:1000/3287 activeRequest: null callbackRequest: 87 [NetworkRequest [ REQUEST id=88, [ Capabilities: INTERNET&NOT_RESTRICTED&TRUSTED&NOT_VCN_MANAGED Uid: 1000 RequestorUid: 1000 RequestorPkg: com.dangbei.haqusetting UnderlyingNetworks: Null] ]] callback flags: 0 order: 2147483647
05-30 11:41:21.244 D/WifiNetworkFactory( 720): got request NetworkRequest [ REQUEST id=88, [ Capabilities: INTERNET&NOT_RESTRICTED&TRUSTED&NOT_VCN_MANAGED Uid: 1000 RequestorUid: 1000 RequestorPkg: com.dangbei.haqusetting UnderlyingNetworks: Null] ]
05-30 11:41:21.246 D/UntrustedWifiNetworkFactory( 720): got request NetworkRequest [ REQUEST id=88, [ Capabilities: INTERNET&NOT_RESTRICTED&TRUSTED&NOT_VCN_MANAGED Uid: 1000 RequestorUid: 1000 RequestorPkg: com.dangbei.haqusetting UnderlyingNetworks: Null] ]
05-30 11:41:21.247 D/ConnectivityService( 720): NetReassign [88 : null → 101] [c 0] [a 4] [i 4]
05-30 11:41:21.247 D/OemPaidWifiNetworkFactory( 720): got request NetworkRequest [ REQUEST id=88, [ Capabilities: INTERNET&NOT_RESTRICTED&TRUSTED&NOT_VCN_MANAGED Uid: 1000 RequestorUid: 1000 RequestorPkg: com.dangbei.haqusetting UnderlyingNetworks: Null] ]
05-30 11:41:21.247 I/DefaultIMS( 1431): onStartInput attribute=android.view.inputmethod.EditorInfo@e8a8b85 restarting=false inputType: 0
05-30 11:41:21.247 D/MultiInternetWifiNetworkFactory( 720): got request NetworkRequest [ REQUEST id=88, [ Capabilities: INTERNET&NOT_RESTRICTED&TRUSTED&NOT_VCN_MANAGED Uid: 1000 RequestorUid: 1000 RequestorPkg: com.dangbei.haqusetting UnderlyingNetworks: Null] ]
05-30 11:41:21.326 V/WindowManagerShell( 950): Transition animation finished (aborted=false), notifying core (#16)android.os.BinderProxy@6154bd0@0
05-30 11:41:21.328 V/WindowManager( 720): Finish Transition #16: created at
05-30 11:41:20.809 collect-started=0.112ms request-sent=10.056ms started=13.477ms ready=26.076ms sent=101.78ms finished=518.207ms
05-30 11:41:21.330 V/WindowManagerShell( 950): Track 0 became idle
05-30 11:41:21.331 V/WindowManagerShell( 950): All active transition animations finished
05-30 11:41:21.417 E/ccc ( 1400): cccccc current is 1080p (59.94 Hz)
05-30 11:41:21.430 E/ccc ( 1400): cccccc ColorFormatManager reset
05-30 11:41:21.431 D/MesonDisplayServer( 320): use connector getDisplayAttribute "HDR Priority": "268435472"
05-30 11:41:21.432 I/SystemControl( 346): [/DisplayMode.cpp, getCurrentHdrPriority, 2840] getCurrentHdrPriority is [0x10000010]
05-30 11:41:21.433 V/MesonDisplayServer( 320): GetDisplayMode:1080p60hz
05-30 11:41:21.434 D/MesonDisplayServer( 320): use connector getDisplayAttribute "HDR Priority": "268435472"
05-30 11:41:21.435 I/SystemControl( 346): [/DisplayMode.cpp, getCurrentHdrPriority, 2840] getCurrentHdrPriority is [0x10000010]
05-30 11:41:21.437 V/MesonDisplayServer( 320): GetDisplayMode:1080p60hz
05-30 11:41:21.437 D/MesonDisplay( 320): meson_write /sys/class/amhdmitx/amhdmitx0/valid_mode, outputmode:1080p60hz444,12bit
05-30 11:41:21.438 D/MesonDisplay( 320): valid mode is true!
05-30 11:41:21.438 D/MesonDisplay( 320): meson_write /sys/class/amhdmitx/amhdmitx0/valid_mode, outputmode:1080p60hz444,10bit
05-30 11:41:21.438 D/MesonDisplay( 320): valid mode is true!
05-30 11:41:21.438 D/MesonDisplay( 320): meson_write /sys/class/amhdmitx/amhdmitx0/valid_mode, outputmode:1080p60hz444,8bit
05-30 11:41:21.438 D/MesonDisplay( 320): valid mode is true!
05-30 11:41:21.438 D/MesonDisplay( 320): meson_write /sys/class/amhdmitx/amhdmitx0/valid_mode, outputmode:1080p60hz422,12bit
05-30 11:41:21.438 D/MesonDisplay( 320): valid mode is true!
05-30 11:41:21.438 D/MesonDisplay( 320): meson_write /sys/class/amhdmitx/amhdmitx0/valid_mode, outputmode:1080p60hzrgb,12bit
05-30 11:41:21.438 D/MesonDisplay( 320): valid mode is true!
05-30 11:41:21.438 D/MesonDisplay( 320): meson_write /sys/class/amhdmitx/amhdmitx0/valid_mode, outputmode:1080p60hzrgb,10bit
05-30 11:41:21.438 D/MesonDisplay( 320): valid mode is true!
05-30 11:41:21.438 D/MesonDisplay( 320): meson_write /sys/class/amhdmitx/amhdmitx0/valid_mode, outputmode:1080p60hzrgb,8bit
05-30 11:41:21.438 D/MesonDisplay( 320): valid mode is true!
05-30 11:41:21.438 I/MesonHwc( 320): [/ModePolicy.cpp, getCurrentSupportDeepColor, 736] getCurrentSupportDeepColor current mode: 1080p60hz supported color: 444,12bit
05-30 11:41:21.438 I/MesonHwc( 320): 444,10bit
05-30 11:41:21.438 I/MesonHwc( 320): 444,8bit
05-30 11:41:21.438 I/MesonHwc( 320): 422,12bit
05-30 11:41:21.438 I/MesonHwc( 320): rgb,12bit
05-30 11:41:21.438 I/MesonHwc( 320): rgb,10bit
05-30 11:41:21.438 I/MesonHwc( 320): rgb,8bit
05-30 11:41:21.440 V/MesonDisplayServer( 320): GetDisplayMode:1080p60hz
05-30 11:41:21.441 D/MesonDisplayServer( 320): use connector getDisplayAttribute "HDMI Color ATTR": "422,12bit"
05-30 11:41:21.441 I/SystemControl( 346): [/DisplayMode.cpp, getDeepColorAttr, 2290] getDeepColorAttr colorspace:422,12bit
05-30 11:41:21.441 I/SystemControl( 346): get deep color attr mode 1080p60hz, value 422,12bit
05-30 11:41:21.441 E/ccc ( 1400): cccccc ColorHelper current get YCbCr 4:2:2 12-bit
05-30 11:41:21.445 E/ccc ( 1400): cccccc current is 1080p (59.94 Hz)
05-30 11:41:21.459 E/ccc ( 1400): cccccc ColorFormatManager reset
05-30 11:41:21.460 D/MesonDisplayServer( 320): use connector getDisplayAttribute "HDR Priority": "268435472"
05-30 11:41:21.460 I/SystemControl( 346): [/DisplayMode.cpp, getCurrentHdrPriority, 2840] getCurrentHdrPriority is [0x10000010]
05-30 11:41:21.461 V/MesonDisplayServer( 320): GetDisplayMode:1080p60hz
05-30 11:41:21.462 D/MesonDisplayServer( 320): use connector getDisplayAttribute "HDR Priority": "268435472"
05-30 11:41:21.463 I/SystemControl( 346): [/DisplayMode.cpp, getCurrentHdrPriority, 2840] getCurrentHdrPriority is [0x10000010]
05-30 11:41:21.465 V/MesonDisplayServer( 320): GetDisplayMode:1080p60hz
05-30 11:41:21.465 D/MesonDisplay( 320): meson_write /sys/class/amhdmitx/amhdmitx0/valid_mode, outputmode:1080p60hz444,12bit
05-30 11:41:21.465 D/MesonDisplay( 320): valid mode is true!
05-30 11:41:21.465 D/MesonDisplay( 320): meson_write /sys/class/amhdmitx/amhdmitx0/valid_mode, outputmode:1080p60hz444,10bit
05-30 11:41:21.465 D/MesonDisplay( 320): valid mode is true!
05-30 11:41:21.465 D/MesonDisplay( 320): meson_write /sys/class/amhdmitx/amhdmitx0/valid_mode, outputmode:1080p60hz444,8bit
05-30 11:41:21.465 D/MesonDisplay( 320): valid mode is true!
05-30 11:41:21.465 D/MesonDisplay( 320): meson_write /sys/class/amhdmitx/amhdmitx0/valid_mode, outputmode:1080p60hz422,12bit
05-30 11:41:21.465 D/MesonDisplay( 320): valid mode is true!
05-30 11:41:21.465 D/MesonDisplay( 320): meson_write /sys/class/amhdmitx/amhdmitx0/valid_mode, outputmode:1080p60hzrgb,12bit
05-30 11:41:21.466 D/MesonDisplay( 320): valid mode is true!
05-30 11:41:21.466 D/MesonDisplay( 320): meson_write /sys/class/amhdmitx/amhdmitx0/valid_mode, outputmode:1080p60hzrgb,10bit
05-30 11:41:21.466 D/MesonDisplay( 320): valid mode is true!
05-30 11:41:21.466 D/MesonDisplay( 320): meson_write /sys/class/amhdmitx/amhdmitx0/valid_mode, outputmode:1080p60hzrgb,8bit
05-30 11:41:21.466 D/MesonDisplay( 320): valid mode is true!
05-30 11:41:21.466 I/MesonHwc( 320): [/ModePolicy.cpp, getCurrentSupportDeepColor, 736] getCurrentSupportDeepColor current mode: 1080p60hz supported color: 444,12bit
05-30 11:41:21.466 I/MesonHwc( 320): 444,10bit
05-30 11:41:21.466 I/MesonHwc( 320): 444,8bit
05-30 11:41:21.466 I/MesonHwc( 320): 422,12bit
05-30 11:41:21.466 I/MesonHwc( 320): rgb,12bit
05-30 11:41:21.466 I/MesonHwc( 320): rgb,10bit
05-30 11:41:21.466 I/MesonHwc( 320): rgb,8bit
05-30 11:41:21.467 V/MesonDisplayServer( 320): GetDisplayMode:1080p60hz
05-30 11:41:21.468 D/MesonDisplayServer( 320): use connector getDisplayAttribute "HDMI Color ATTR": "422,12bit"
05-30 11:41:21.469 I/SystemControl( 346): [/DisplayMode.cpp, getDeepColorAttr, 2290] getDeepColorAttr colorspace:422,12bit
05-30 11:41:21.469 I/SystemControl( 346): get deep color attr mode 1080p60hz, value 422,12bit
05-30 11:41:21.469 E/ccc ( 1400): cccccc ColorHelper current get YCbCr 4:2:2 12-bit
05-30 11:41:21.713 D/XM_HIDREAD( 1873): poll ret=1, event=1
05-30 11:41:21.713 D/XM_HIDREAD( 1873): [9 bytes]:01 00 00 51 00 00 00 00 00
05-30 11:41:21.716 I/SogouIME( 1431): onKeyDown: keyoCode=20
05-30 11:41:21.716 I/DefaultIMS( 1431): onKeyDown: keyoCode=20
05-30 11:41:21.734 I/DefaultIMS( 1431): onStartInput attribute=android.view.inputmethod.EditorInfo@55e1dda restarting=false inputType: 0
05-30 11:41:21.859 D/XM_HIDREAD( 1873): poll ret=1, event=1
05-30 11:41:21.859 D/XM_HIDREAD( 1873): [9 bytes]:01 00 00 00 00 00 00 00 00
05-30 11:41:21.861 I/SogouIME( 1431): onKeyUp: keyoCode=20
05-30 11:41:21.861 I/DefaultIMS( 1431): onKeyUp: keyoCode=20
05-30 11:41:21.933 I/WifiService( 720): startScan uid=1000
05-30 11:41:21.937 E/ccc ( 3287): cccccc i will start scan
05-30 11:41:21.945 D/InstantWifi( 720): Drop, size: 2
05-30 11:41:21.983 E/ccc ( 3287): cccccc 222222222222222222
05-30 11:41:22.000 E/ccc ( 3287): cccccc sort 12 1
05-30 11:41:22.001 E/ccc ( 3287): cccccc 4444444444444444444 CONNECTED
05-30 11:41:22.017 E/ccc ( 3287): cccccc sort 12 1
