05-29 20:51:48.614 D/nStackXCoAP( 3061): IsInSameNetwork:[276] :IsInSameNetwork exec
05-29 20:51:48.614 I/nStackXDFinder( 3061): GetLocalInterfaceDetail:[461] :GetLocalInterfaceDetail in
05-29 20:51:48.614 E/nStackXCoAP( 3061): IsInSameNetwork:[281] :IsInSameNetwork: not priority process
05-29 20:51:49.009 E/nStackXDFinder( 3061): GetLocalIp:[401] :GetLocalIp exec
05-29 20:51:49.009 E/nStackXDFinder( 3061): GetLocalIp:[401] :GetLocalIp exec
05-29 20:51:49.009 E/nStackXDFinder( 3061): GetLocalIp:[401] :GetLocalIp exec
05-29 20:51:49.010 I/nStackXCoAP( 3061): CoapServiceDiscoverTimerHandle:[524] :the 11 times for device discover.
05-29 20:51:49.016 D/nStackXCoAP( 3061): IsInSameNetwork:[276] :IsInSameNetwork exec
05-29 20:51:49.016 I/nStackXDFinder( 3061): GetLocalInterfaceDetail:[461] :GetLocalInterfaceDetail in
05-29 20:51:49.016 E/nStackXCoAP( 3061): IsInSameNetwork:[281] :IsInSameNetwork: not priority process
05-29 20:51:49.017 D/nStackXCoAP( 3061): IsInSameNetwork:[276] :IsInSameNetwork exec
05-29 20:51:49.017 I/nStackXDFinder( 3061): GetLocalInterfaceDetail:[461] :GetLocalInterfaceDetail in
05-29 20:51:49.017 E/nStackXCoAP( 3061): IsInSameNetwork:[281] :IsInSameNetwork: not priority process
05-29 20:51:49.019 D/nStackXCoAP( 3061): IsInSameNetwork:[276] :IsInSameNetwork exec
05-29 20:51:49.019 I/nStackXDFinder( 3061): GetLocalInterfaceDetail:[461] :GetLocalInterfaceDetail in
05-29 20:51:49.019 E/nStackXCoAP( 3061): IsInSameNetwork:[281] :IsInSameNetwork: not priority process
05-29 20:51:49.021 D/nStackXCoAP( 3061): IsInSameNetwork:[276] :IsInSameNetwork exec
05-29 20:51:49.021 I/nStackXDFinder( 3061): GetLocalInterfaceDetail:[461] :GetLocalInterfaceDetail in
05-29 20:51:49.021 E/nStackXCoAP( 3061): IsInSameNetwork:[281] :IsInSameNetwork: not priority process
05-29 20:51:49.022 D/nStackXCoAP( 3061): IsInSameNetwork:[276] :IsInSameNetwork exec
05-29 20:51:49.022 I/nStackXDFinder( 3061): GetLocalInterfaceDetail:[461] :GetLocalInterfaceDetail in
05-29 20:51:49.022 E/nStackXCoAP( 3061): IsInSameNetwork:[281] :IsInSameNetwork: not priority process
05-29 20:51:49.023 D/nStackXCoAP( 3061): IsInSameNetwork:[276] :IsInSameNetwork exec
05-29 20:51:49.023 I/nStackXDFinder( 3061): GetLocalInterfaceDetail:[461] :GetLocalInterfaceDetail in
05-29 20:51:49.023 E/nStackXCoAP( 3061): IsInSameNetwork:[281] :IsInSameNetwork: not priority process
05-29 20:51:49.026 D/XM_HIDREAD( 1873): poll ret=1, event=1
05-29 20:51:49.026 D/XM_HIDREAD( 1873): [9 bytes]:01 00 00 28 00 00 00 00 00
05-29 20:51:49.029 I/SogouIME( 1431): onKeyDown: keyoCode=23
05-29 20:51:49.029 I/DefaultIMS( 1431): onKeyDown: keyoCode=23
05-29 20:51:49.030 I/TvSpecialKeyEventInterceptor( 1431): onKeyDown repeat: 0 onKeyDownConsume: false
05-29 20:51:49.047 D/nStackXCoAP( 3061): IsInSameNetwork:[276] :IsInSameNetwork exec
05-29 20:51:49.047 I/nStackXDFinder( 3061): GetLocalInterfaceDetail:[461] :GetLocalInterfaceDetail in
05-29 20:51:49.047 E/nStackXCoAP( 3061): IsInSameNetwork:[281] :IsInSameNetwork: not priority process
05-29 20:51:49.048 D/nStackXCoAP( 3061): IsInSameNetwork:[276] :IsInSameNetwork exec
05-29 20:51:49.048 I/nStackXDFinder( 3061): GetLocalInterfaceDetail:[461] :GetLocalInterfaceDetail in
05-29 20:51:49.048 E/nStackXCoAP( 3061): IsInSameNetwork:[281] :IsInSameNetwork: not priority process
05-29 20:51:49.049 D/nStackXCoAP( 3061): IsInSameNetwork:[276] :IsInSameNetwork exec
05-29 20:51:49.049 I/nStackXDFinder( 3061): GetLocalInterfaceDetail:[461] :GetLocalInterfaceDetail in
05-29 20:51:49.049 E/nStackXCoAP( 3061): IsInSameNetwork:[281] :IsInSameNetwork: not priority process
05-29 20:51:49.059 D/nStackXCoAP( 3061): IsInSameNetwork:[276] :IsInSameNetwork exec
05-29 20:51:49.059 I/nStackXDFinder( 3061): GetLocalInterfaceDetail:[461] :GetLocalInterfaceDetail in
05-29 20:51:49.059 E/nStackXCoAP( 3061): IsInSameNetwork:[281] :IsInSameNetwork: not priority process
05-29 20:51:49.060 D/nStackXCoAP( 3061): IsInSameNetwork:[276] :IsInSameNetwork exec
05-29 20:51:49.060 I/nStackXDFinder( 3061): GetLocalInterfaceDetail:[461] :GetLocalInterfaceDetail in
05-29 20:51:49.060 E/nStackXCoAP( 3061): IsInSameNetwork:[281] :IsInSameNetwork: not priority process
05-29 20:51:49.061 D/nStackXCoAP( 3061): IsInSameNetwork:[276] :IsInSameNetwork exec
05-29 20:51:49.061 I/nStackXDFinder( 3061): GetLocalInterfaceDetail:[461] :GetLocalInterfaceDetail in
05-29 20:51:49.061 E/nStackXCoAP( 3061): IsInSameNetwork:[281] :IsInSameNetwork: not priority process
05-29 20:51:49.062 D/nStackXCoAP( 3061): IsInSameNetwork:[276] :IsInSameNetwork exec
05-29 20:51:49.062 I/nStackXDFinder( 3061): GetLocalInterfaceDetail:[461] :GetLocalInterfaceDetail in
05-29 20:51:49.062 E/nStackXCoAP( 3061): IsInSameNetwork:[281] :IsInSameNetwork: not priority process
05-29 20:51:49.065 D/nStackXCoAP( 3061): IsInSameNetwork:[276] :IsInSameNetwork exec
05-29 20:51:49.065 I/nStackXDFinder( 3061): GetLocalInterfaceDetail:[461] :GetLocalInterfaceDetail in
05-29 20:51:49.065 E/nStackXCoAP( 3061): IsInSameNetwork:[281] :IsInSameNetwork: not priority process
05-29 20:51:49.073 D/nStackXCoAP( 3061): IsInSameNetwork:[276] :IsInSameNetwork exec
05-29 20:51:49.074 I/nStackXDFinder( 3061): GetLocalInterfaceDetail:[461] :GetLocalInterfaceDetail in
05-29 20:51:49.074 E/nStackXCoAP( 3061): IsInSameNetwork:[281] :IsInSameNetwork: not priority process
05-29 20:51:49.080 D/nStackXCoAP( 3061): IsInSameNetwork:[276] :IsInSameNetwork exec
05-29 20:51:49.080 I/nStackXDFinder( 3061): GetLocalInterfaceDetail:[461] :GetLocalInterfaceDetail in
05-29 20:51:49.080 E/nStackXCoAP( 3061): IsInSameNetwork:[281] :IsInSameNetwork: not priority process
05-29 20:51:49.083 D/nStackXCoAP( 3061): IsInSameNetwork:[276] :IsInSameNetwork exec
05-29 20:51:49.083 I/nStackXDFinder( 3061): GetLocalInterfaceDetail:[461] :GetLocalInterfaceDetail in
05-29 20:51:49.083 E/nStackXCoAP( 3061): IsInSameNetwork:[281] :IsInSameNetwork: not priority process
05-29 20:51:49.098 D/nStackXCoAP( 3061): IsInSameNetwork:[276] :IsInSameNetwork exec
05-29 20:51:49.098 I/nStackXDFinder( 3061): GetLocalInterfaceDetail:[461] :GetLocalInterfaceDetail in
05-29 20:51:49.098 E/nStackXCoAP( 3061): IsInSameNetwork:[281] :IsInSameNetwork: not priority process
05-29 20:51:49.100 D/nStackXCoAP( 3061): IsInSameNetwork:[276] :IsInSameNetwork exec
05-29 20:51:49.101 I/nStackXDFinder( 3061): GetLocalInterfaceDetail:[461] :GetLocalInterfaceDetail in
05-29 20:51:49.101 E/nStackXCoAP( 3061): IsInSameNetwork:[281] :IsInSameNetwork: not priority process
05-29 20:51:49.101 D/nStackXCoAP( 3061): IsInSameNetwork:[276] :IsInSameNetwork exec
05-29 20:51:49.101 I/nStackXDFinder( 3061): GetLocalInterfaceDetail:[461] :GetLocalInterfaceDetail in
05-29 20:51:49.102 E/nStackXCoAP( 3061): IsInSameNetwork:[281] :IsInSameNetwork: not priority process
05-29 20:51:49.104 D/nStackXCoAP( 3061): IsInSameNetwork:[276] :IsInSameNetwork exec
05-29 20:51:49.104 I/nStackXDFinder( 3061): GetLocalInterfaceDetail:[461] :GetLocalInterfaceDetail in
05-29 20:51:49.104 E/nStackXCoAP( 3061): IsInSameNetwork:[281] :IsInSameNetwork: not priority process
05-29 20:51:49.105 D/nStackXCoAP( 3061): IsInSameNetwork:[276] :IsInSameNetwork exec
05-29 20:51:49.105 I/nStackXDFinder( 3061): GetLocalInterfaceDetail:[461] :GetLocalInterfaceDetail in
05-29 20:51:49.105 E/nStackXCoAP( 3061): IsInSameNetwork:[281] :IsInSameNetwork: not priority process
05-29 20:51:49.106 D/nStackXCoAP( 3061): IsInSameNetwork:[276] :IsInSameNetwork exec
05-29 20:51:49.106 I/nStackXDFinder( 3061): GetLocalInterfaceDetail:[461] :GetLocalInterfaceDetail in
05-29 20:51:49.106 E/nStackXCoAP( 3061): IsInSameNetwork:[281] :IsInSameNetwork: not priority process
05-29 20:51:49.110 D/nStackXCoAP( 3061): IsInSameNetwork:[276] :IsInSameNetwork exec
05-29 20:51:49.111 I/nStackXDFinder( 3061): GetLocalInterfaceDetail:[461] :GetLocalInterfaceDetail in
05-29 20:51:49.111 E/nStackXCoAP( 3061): IsInSameNetwork:[281] :IsInSameNetwork: not priority process
05-29 20:51:49.114 D/nStackXCoAP( 3061): IsInSameNetwork:[276] :IsInSameNetwork exec
05-29 20:51:49.114 I/nStackXDFinder( 3061): GetLocalInterfaceDetail:[461] :GetLocalInterfaceDetail in
05-29 20:51:49.114 E/nStackXCoAP( 3061): IsInSameNetwork:[281] :IsInSameNetwork: not priority process
05-29 20:51:49.128 D/nStackXCoAP( 3061): IsInSameNetwork:[276] :IsInSameNetwork exec
05-29 20:51:49.128 I/nStackXDFinder( 3061): GetLocalInterfaceDetail:[461] :GetLocalInterfaceDetail in
05-29 20:51:49.128 E/nStackXCoAP( 3061): IsInSameNetwork:[281] :IsInSameNetwork: not priority process
05-29 20:51:49.128 E/nStackXCoAP( 3061): ParseServiceDataJsonData:[186] :parse device serviceData error
05-29 20:51:49.138 D/XM_HIDREAD( 1873): poll ret=1, event=1
05-29 20:51:49.138 D/XM_HIDREAD( 1873): [9 bytes]:01 00 00 00 00 00 00 00 00
05-29 20:51:49.140 I/SogouIME( 1431): onKeyUp: keyoCode=23
05-29 20:51:49.140 I/DefaultIMS( 1431): onKeyUp: keyoCode=23
05-29 20:51:49.141 I/TvSpecialKeyEventInterceptor( 1431): onKeyUp: onKeyDownConsume false onKeyUpConsume: false repeat: 0
05-29 20:51:49.142 I/fB ( 1431): onKeyClick: property=107 code=107 symbol=null
05-29 20:51:49.142 I/KeyEventTransfer( 1431): doKeyInput: property=107 code=107 text=k miniText=null
05-29 20:51:49.153 I/ENKeyHandler( 1431): on selection update: oldStart: 0, oldEnd: 0, newStart: 1, newEnd: 1, composingStart: -1, composingEnd: -1
05-29 20:51:49.201 D/nStackXCoAP( 3061): IsInSameNetwork:[276] :IsInSameNetwork exec
05-29 20:51:49.201 I/nStackXDFinder( 3061): GetLocalInterfaceDetail:[461] :GetLocalInterfaceDetail in
05-29 20:51:49.201 E/nStackXCoAP( 3061): IsInSameNetwork:[281] :IsInSameNetwork: not priority process
05-29 20:51:49.229 I/efs.base( 2861): wa upload succ, HttpResponse {succ=true, code=200, data='暂不支持该服务', extra={req_url=https://errlog.umeng.com/api/crashsdk/logcollect}}
05-29 20:51:49.239 D/XM_HIDREAD( 1873): poll ret=1, event=1
05-29 20:51:49.239 D/XM_HIDREAD( 1873): [9 bytes]:01 00 00 28 00 00 00 00 00
05-29 20:51:49.242 I/SogouIME( 1431): onKeyDown: keyoCode=23
05-29 20:51:49.242 I/DefaultIMS( 1431): onKeyDown: keyoCode=23
05-29 20:51:49.243 D/nStackXCoAP( 3061): IsInSameNetwork:[276] :IsInSameNetwork exec
05-29 20:51:49.243 I/nStackXDFinder( 3061): GetLocalInterfaceDetail:[461] :GetLocalInterfaceDetail in
05-29 20:51:49.243 E/nStackXCoAP( 3061): IsInSameNetwork:[281] :IsInSameNetwork: not priority process
05-29 20:51:49.243 D/nStackXCoAP( 3061): ParseServiceDiscover:[330] :new device join
05-29 20:51:49.243 E/nStackXDFinder( 3061): GetLocalIp:[401] :GetLocalIp exec
05-29 20:51:49.244 I/TvSpecialKeyEventInterceptor( 1431): onKeyDown repeat: 0 onKeyDownConsume: false
05-29 20:51:49.330 D/XM_HIDREAD( 1873): poll ret=1, event=1
05-29 20:51:49.330 D/XM_HIDREAD( 1873): [9 bytes]:01 00 00 00 00 00 00 00 00
05-29 20:51:49.331 I/SogouIME( 1431): onKeyUp: keyoCode=23
05-29 20:51:49.331 I/DefaultIMS( 1431): onKeyUp: keyoCode=23
05-29 20:51:49.332 I/TvSpecialKeyEventInterceptor( 1431): onKeyUp: onKeyDownConsume false onKeyUpConsume: false repeat: 0
05-29 20:51:49.333 I/fB ( 1431): onKeyClick: property=107 code=107 symbol=null
05-29 20:51:49.333 I/KeyEventTransfer( 1431): doKeyInput: property=107 code=107 text=k miniText=null
05-29 20:51:49.336 I/ENKeyHandler( 1431): on selection update: oldStart: 1, oldEnd: 1, newStart: 2, newEnd: 2, composingStart: -1, composingEnd: -1
05-29 20:51:49.420 D/XM_HIDREAD( 1873): poll ret=1, event=1
05-29 20:51:49.420 D/XM_HIDREAD( 1873): [9 bytes]:01 00 00 28 00 00 00 00 00
05-29 20:51:49.422 I/SogouIME( 1431): onKeyDown: keyoCode=23
05-29 20:51:49.422 I/DefaultIMS( 1431): onKeyDown: keyoCode=23
05-29 20:51:49.423 I/TvSpecialKeyEventInterceptor( 1431): onKeyDown repeat: 0 onKeyDownConsume: false
05-29 20:51:49.450 D/nStackXCoAP( 3061): CoapMessageHandler:[133] :2.01
05-29 20:51:49.509 D/XM_HIDREAD( 1873): poll ret=1, event=1
05-29 20:51:49.510 D/XM_HIDREAD( 1873): [9 bytes]:01 00 00 00 00 00 00 00 00
05-29 20:51:49.510 E/nStackXDFinder( 3061): GetLocalIp:[401] :GetLocalIp exec
05-29 20:51:49.510 E/nStackXDFinder( 3061): GetLocalIp:[401] :GetLocalIp exec
05-29 20:51:49.510 E/nStackXDFinder( 3061): GetLocalIp:[401] :GetLocalIp exec
05-29 20:51:49.511 I/nStackXCoAP( 3061): CoapServiceDiscoverTimerHandle:[524] :the 12 times for device discover.
05-29 20:51:49.511 I/SogouIME( 1431): onKeyUp: keyoCode=23
05-29 20:51:49.511 I/DefaultIMS( 1431): onKeyUp: keyoCode=23
05-29 20:51:49.512 I/TvSpecialKeyEventInterceptor( 1431): onKeyUp: onKeyDownConsume false onKeyUpConsume: false repeat: 0
05-29 20:51:49.513 I/fB ( 1431): onKeyClick: property=107 code=107 symbol=null
05-29 20:51:49.513 I/KeyEventTransfer( 1431): doKeyInput: property=107 code=107 text=k miniText=null
05-29 20:51:49.516 I/ENKeyHandler( 1431): on selection update: oldStart: 2, oldEnd: 2, newStart: 3, newEnd: 3, composingStart: -1, composingEnd: -1
05-29 20:51:49.516 D/nStackXCoAP( 3061): IsInSameNetwork:[276] :IsInSameNetwork exec
05-29 20:51:49.516 I/nStackXDFinder( 3061): GetLocalInterfaceDetail:[461] :GetLocalInterfaceDetail in
05-29 20:51:49.516 E/nStackXCoAP( 3061): IsInSameNetwork:[281] :IsInSameNetwork: not priority process
05-29 20:51:49.517 D/nStackXCoAP( 3061): IsInSameNetwork:[276] :IsInSameNetwork exec
05-29 20:51:49.518 I/nStackXDFinder( 3061): GetLocalInterfaceDetail:[461] :GetLocalInterfaceDetail in
05-29 20:51:49.518 E/nStackXCoAP( 3061): IsInSameNetwork:[281] :IsInSameNetwork: not priority process
05-29 20:51:49.518 D/nStackXCoAP( 3061): IsInSameNetwork:[276] :IsInSameNetwork exec
05-29 20:51:49.518 I/nStackXDFinder( 3061): GetLocalInterfaceDetail:[461] :GetLocalInterfaceDetail in
05-29 20:51:49.518 E/nStackXCoAP( 3061): IsInSameNetwork:[281] :IsInSameNetwork: not priority process
05-29 20:51:49.520 D/nStackXCoAP( 3061): IsInSameNetwork:[276] :IsInSameNetwork exec
05-29 20:51:49.520 I/nStackXDFinder( 3061): GetLocalInterfaceDetail:[461] :GetLocalInterfaceDetail in
05-29 20:51:49.520 E/nStackXCoAP( 3061): IsInSameNetwork:[281] :IsInSameNetwork: not priority process
05-29 20:51:49.523 D/nStackXCoAP( 3061): IsInSameNetwork:[276] :IsInSameNetwork exec
05-29 20:51:49.523 I/nStackXDFinder( 3061): GetLocalInterfaceDetail:[461] :GetLocalInterfaceDetail in
05-29 20:51:49.523 E/nStackXCoAP( 3061): IsInSameNetwork:[281] :IsInSameNetwork: not priority process
05-29 20:51:49.524 D/nStackXCoAP( 3061): IsInSameNetwork:[276] :IsInSameNetwork exec
05-29 20:51:49.524 I/nStackXDFinder( 3061): GetLocalInterfaceDetail:[461] :GetLocalInterfaceDetail in
05-29 20:51:49.524 E/nStackXCoAP( 3061): IsInSameNetwork:[281] :IsInSameNetwork: not priority process
05-29 20:51:49.536 D/nStackXCoAP( 3061): IsInSameNetwork:[276] :IsInSameNetwork exec
05-29 20:51:49.536 I/nStackXDFinder( 3061): GetLocalInterfaceDetail:[461] :GetLocalInterfaceDetail in
05-29 20:51:49.536 E/nStackXCoAP( 3061): IsInSameNetwork:[281] :IsInSameNetwork: not priority process
05-29 20:51:49.542 D/nStackXCoAP( 3061): IsInSameNetwork:[276] :IsInSameNetwork exec
05-29 20:51:49.542 I/nStackXDFinder( 3061): GetLocalInterfaceDetail:[461] :GetLocalInterfaceDetail in
05-29 20:51:49.542 E/nStackXCoAP( 3061): IsInSameNetwork:[281] :IsInSameNetwork: not priority process
05-29 20:51:49.575 D/nStackXCoAP( 3061): IsInSameNetwork:[276] :IsInSameNetwork exec
05-29 20:51:49.575 I/nStackXDFinder( 3061): GetLocalInterfaceDetail:[461] :GetLocalInterfaceDetail in
05-29 20:51:49.575 E/nStackXCoAP( 3061): IsInSameNetwork:[281] :IsInSameNetwork: not priority process
05-29 20:51:49.576 D/nStackXCoAP( 3061): IsInSameNetwork:[276] :IsInSameNetwork exec
05-29 20:51:49.576 I/nStackXDFinder( 3061): GetLocalInterfaceDetail:[461] :GetLocalInterfaceDetail in
05-29 20:51:49.576 E/nStackXCoAP( 3061): IsInSameNetwork:[281] :IsInSameNetwork: not priority process
05-29 20:51:49.577 D/nStackXCoAP( 3061): IsInSameNetwork:[276] :IsInSameNetwork exec
05-29 20:51:49.577 I/nStackXDFinder( 3061): GetLocalInterfaceDetail:[461] :GetLocalInterfaceDetail in
05-29 20:51:49.577 E/nStackXCoAP( 3061): IsInSameNetwork:[281] :IsInSameNetwork: not priority process
05-29 20:51:49.580 D/nStackXCoAP( 3061): IsInSameNetwork:[276] :IsInSameNetwork exec
05-29 20:51:49.580 I/nStackXDFinder( 3061): GetLocalInterfaceDetail:[461] :GetLocalInterfaceDetail in
05-29 20:51:49.580 E/nStackXCoAP( 3061): IsInSameNetwork:[281] :IsInSameNetwork: not priority process
05-29 20:51:49.581 D/nStackXCoAP( 3061): IsInSameNetwork:[276] :IsInSameNetwork exec
05-29 20:51:49.581 I/nStackXDFinder( 3061): GetLocalInterfaceDetail:[461] :GetLocalInterfaceDetail in
05-29 20:51:49.581 E/nStackXCoAP( 3061): IsInSameNetwork:[281] :IsInSameNetwork: not priority process
05-29 20:51:49.584 D/nStackXCoAP( 3061): IsInSameNetwork:[276] :IsInSameNetwork exec
05-29 20:51:49.584 I/nStackXDFinder( 3061): GetLocalInterfaceDetail:[461] :GetLocalInterfaceDetail in
05-29 20:51:49.584 E/nStackXCoAP( 3061): IsInSameNetwork:[281] :IsInSameNetwork: not priority process
05-29 20:51:49.599 D/XM_HIDREAD( 1873): poll ret=1, event=1
05-29 20:51:49.600 D/XM_HIDREAD( 1873): [9 bytes]:01 00 00 28 00 00 00 00 00
05-29 20:51:49.602 I/SogouIME( 1431): onKeyDown: keyoCode=23
05-29 20:51:49.602 I/DefaultIMS( 1431): onKeyDown: keyoCode=23
05-29 20:51:49.603 I/TvSpecialKeyEventInterceptor( 1431): onKeyDown repeat: 0 onKeyDownConsume: false
05-29 20:51:49.604 D/nStackXCoAP( 3061): IsInSameNetwork:[276] :IsInSameNetwork exec
05-29 20:51:49.604 I/nStackXDFinder( 3061): GetLocalInterfaceDetail:[461] :GetLocalInterfaceDetail in
05-29 20:51:49.604 E/nStackXCoAP( 3061): IsInSameNetwork:[281] :IsInSameNetwork: not priority process
05-29 20:51:49.622 D/nStackXCoAP( 3061): IsInSameNetwork:[276] :IsInSameNetwork exec
05-29 20:51:49.622 I/nStackXDFinder( 3061): GetLocalInterfaceDetail:[461] :GetLocalInterfaceDetail in
05-29 20:51:49.622 E/nStackXCoAP( 3061): IsInSameNetwork:[281] :IsInSameNetwork: not priority process
05-29 20:51:49.623 D/nStackXCoAP( 3061): IsInSameNetwork:[276] :IsInSameNetwork exec
05-29 20:51:49.623 I/nStackXDFinder( 3061): GetLocalInterfaceDetail:[461] :GetLocalInterfaceDetail in
05-29 20:51:49.623 E/nStackXCoAP( 3061): IsInSameNetwork:[281] :IsInSameNetwork: not priority process
05-29 20:51:49.623 E/nStackXCoAP( 3061): ParseServiceDataJsonData:[186] :parse device serviceData error
05-29 20:51:49.630 D/nStackXCoAP( 3061): IsInSameNetwork:[276] :IsInSameNetwork exec
05-29 20:51:49.630 I/nStackXDFinder( 3061): GetLocalInterfaceDetail:[461] :GetLocalInterfaceDetail in
05-29 20:51:49.630 E/nStackXCoAP( 3061): IsInSameNetwork:[281] :IsInSameNetwork: not priority process
05-29 20:51:49.632 D/nStackXCoAP( 3061): IsInSameNetwork:[276] :IsInSameNetwork exec
05-29 20:51:49.632 I/nStackXDFinder( 3061): GetLocalInterfaceDetail:[461] :GetLocalInterfaceDetail in
05-29 20:51:49.632 E/nStackXCoAP( 3061): IsInSameNetwork:[281] :IsInSameNetwork: not priority process
05-29 20:51:49.636 D/nStackXCoAP( 3061): IsInSameNetwork:[276] :IsInSameNetwork exec
05-29 20:51:49.636 I/nStackXDFinder( 3061): GetLocalInterfaceDetail:[461] :GetLocalInterfaceDetail in
05-29 20:51:49.636 E/nStackXCoAP( 3061): IsInSameNetwork:[281] :IsInSameNetwork: not priority process
05-29 20:51:49.637 D/nStackXCoAP( 3061): IsInSameNetwork:[276] :IsInSameNetwork exec
05-29 20:51:49.638 I/nStackXDFinder( 3061): GetLocalInterfaceDetail:[461] :GetLocalInterfaceDetail in
05-29 20:51:49.638 E/nStackXCoAP( 3061): IsInSameNetwork:[281] :IsInSameNetwork: not priority process
05-29 20:51:49.640 D/nStackXCoAP( 3061): IsInSameNetwork:[276] :IsInSameNetwork exec
05-29 20:51:49.640 I/nStackXDFinder( 3061): GetLocalInterfaceDetail:[461] :GetLocalInterfaceDetail in
05-29 20:51:49.640 E/nStackXCoAP( 3061): IsInSameNetwork:[281] :IsInSameNetwork: not priority process
05-29 20:51:49.671 D/nStackXCoAP( 3061): IsInSameNetwork:[276] :IsInSameNetwork exec
05-29 20:51:49.672 I/nStackXDFinder( 3061): GetLocalInterfaceDetail:[461] :GetLocalInterfaceDetail in
05-29 20:51:49.672 E/nStackXCoAP( 3061): IsInSameNetwork:[281] :IsInSameNetwork: not priority process
05-29 20:51:49.680 I/.gitvdemo.video( 2113): type=1400 audit(0.0:1956): avc: denied { search } for name="net" dev="sysfs" ino=12345 scontext=u:r:untrusted_app_27:s0:c512,c768 tcontext=u:object_r:sysfs_net:s0 tclass=dir permissive=1 app=com.gitvdemo.video
05-29 20:51:49.680 I/.gitvdemo.video( 2113): type=1400 audit(0.0:1957): avc: denied { read } for name="address" dev="sysfs" ino=22127 scontext=u:r:untrusted_app_27:s0:c512,c768 tcontext=u:object_r:sysfs_net:s0 tclass=file permissive=1 app=com.gitvdemo.video
05-29 20:51:49.680 I/.gitvdemo.video( 2113): type=1400 audit(0.0:1958): avc: denied { open } for path="/sys/devices/virtual/net/dummy0/address" dev="sysfs" ino=22127 scontext=u:r:untrusted_app_27:s0:c512,c768 tcontext=u:object_r:sysfs_net:s0 tclass=file permissive=1 app=com.gitvdemo.video
05-29 20:51:49.680 I/.gitvdemo.video( 2113): type=1400 audit(0.0:1959): avc: denied { getattr } for path="/sys/devices/virtual/net/dummy0/address" dev="sysfs" ino=22127 scontext=u:r:untrusted_app_27:s0:c512,c768 tcontext=u:object_r:sysfs_net:s0 tclass=file permissive=1 app=com.gitvdemo.video
05-29 20:51:49.702 D/XM_HIDREAD( 1873): poll ret=1, event=1
05-29 20:51:49.702 D/XM_HIDREAD( 1873): [9 bytes]:01 00 00 00 00 00 00 00 00
05-29 20:51:49.704 I/SogouIME( 1431): onKeyUp: keyoCode=23
05-29 20:51:49.704 I/DefaultIMS( 1431): onKeyUp: keyoCode=23
05-29 20:51:49.705 I/TvSpecialKeyEventInterceptor( 1431): onKeyUp: onKeyDownConsume false onKeyUpConsume: false repeat: 0
05-29 20:51:49.705 I/fB ( 1431): onKeyClick: property=107 code=107 symbol=null
05-29 20:51:49.705 I/KeyEventTransfer( 1431): doKeyInput: property=107 code=107 text=k miniText=null
05-29 20:51:49.708 I/ENKeyHandler( 1431): on selection update: oldStart: 3, oldEnd: 3, newStart: 4, newEnd: 4, composingStart: -1, composingEnd: -1
05-29 20:51:49.780 I/Utils ( 2113): setTargetIp # targetIp:192.168.3.195
05-29 20:51:49.796 D/TrafficStats( 2113): tagSocket(375) with statsTag=0xffffffff, statsUid=-1
05-29 20:51:49.799 D/TrafficStats( 2113): tagSocket(386) with statsTag=0xffffffff, statsUid=-1
05-29 20:51:49.836 D/TrafficStats( 2113): tagSocket(375) with statsTag=0xffffffff, statsUid=-1
05-29 20:51:49.837 D/TrafficStats( 2113): tagSocket(381) with statsTag=0xffffffff, statsUid=-1
05-29 20:51:49.838 D/TrafficStats( 2113): tagSocket(383) with statsTag=0xffffffff, statsUid=-1
05-29 20:51:49.839 D/TrafficStats( 2113): tagSocket(384) with statsTag=0xffffffff, statsUid=-1
05-29 20:51:49.875 D/nStackXCoAP( 3061): IsInSameNetwork:[276] :IsInSameNetwork exec
05-29 20:51:49.875 I/nStackXDFinder( 3061): GetLocalInterfaceDetail:[461] :GetLocalInterfaceDetail in
05-29 20:51:49.875 E/nStackXCoAP( 3061): IsInSameNetwork:[281] :IsInSameNetwork: not priority process
05-29 20:51:49.875 D/nStackXCoAP( 3061): ParseServiceDiscover:[330] :new device join
05-29 20:51:49.875 E/nStackXDFinder( 3061): GetLocalIp:[401] :GetLocalIp exec
05-29 20:51:49.891 D/nStackXCoAP( 3061): CoapMessageHandler:[133] :2.01
05-29 20:51:49.920 D/TrafficStats( 2113): tagSocket(385) with statsTag=0xffffffff, statsUid=-1
05-29 20:51:49.925 D/TrafficStats( 2113): tagSocket(386) with statsTag=0xffffffff, statsUid=-1
05-29 20:51:49.937 I/Utils ( 2113): getTargetIp #
05-29 20:51:49.938 I/Utils ( 2113): getTargetIp #
05-29 20:51:49.938 I/Utils ( 2113): getTargetIp #
05-29 20:51:49.945 E/KIWI_LOG( 2113): kiwi-main , __snapshot_callback
05-29 20:51:49.961 W/MediaProvider( 1404): isAppCloneUserPair for user 0: false
05-29 20:51:49.985 I/MediaProvider( 1404): Deleted 1 0 0 0 0 0 0 items on external_primary due to com.gitvdemo.video
05-29 20:51:50.008 D/TrafficStats( 2113): tagSocket(387) with statsTag=0xffffffff, statsUid=-1
05-29 20:51:50.011 W/nStackXCoAP( 3061): CoapServiceDiscoverTimerHandle:[512] :clear device list backup
05-29 20:51:50.036 D/TrafficStats( 2113): tagSocket(387) with statsTag=0xffffffff, statsUid=-1
05-29 20:51:50.104 D/TrafficStats( 2113): tagSocket(388) with statsTag=0xffffffff, statsUid=-1
05-29 20:51:50.116 E/hq ( 1453): ErrorCoroutineExceptionHandler:::runTry error:com.dangbei.leard.base.proider.error.EmptyApiException: 数据为空 from=requestMessageDialog from=requestMessageDialog
05-29 20:51:50.119 D/TrafficStats( 2113): tagSocket(387) with statsTag=0xffffffff, statsUid=-1
05-29 20:51:50.122 D/TrafficStats( 2113): tagSocket(389) with statsTag=0xffffffff, statsUid=-1
05-29 20:51:50.150 D/TrafficStats( 2113): tagSocket(391) with statsTag=0xffffffff, statsUid=-1
05-29 20:51:50.229 D/TrafficStats( 2113): tagSocket(387) with statsTag=0xffffffff, statsUid=-1
05-29 20:51:50.238 D/TrafficStats( 2113): tagSocket(388) with statsTag=0xffffffff, statsUid=-1
05-29 20:51:50.249 D/TrafficStats( 2113): tagSocket(389) with statsTag=0xffffffff, statsUid=-1
05-29 20:51:50.271 I/WifiHAL ( 531): call wifi_get_link_stats handler
05-29 20:51:50.271 I/WifiHAL ( 531): Creating message to get link statistics; iface = 16
05-29 20:51:50.271 D/WifiHAL ( 531): error code -95 mapped to -3
05-29 20:51:50.272 E/WifiStaIfaceAidlImpl( 720): getLinkLayerStats failed with service-specific exception: android.os.ServiceSpecificException: (code 4)
05-29 20:51:50.278 D/ConnectivityService( 720): NetReassign [no changes] [c 1] [a 0] [i 2]
05-29 20:51:50.290 D/TrafficStats( 2113): tagSocket(387) with statsTag=0xffffffff, statsUid=-1
05-29 20:51:50.308 D/TrafficStats( 2113): tagSocket(388) with statsTag=0xffffffff, statsUid=-1
05-29 20:51:50.315 E/hq ( 1453): Etna:::sendInspectLauncherUpdate
05-29 20:51:50.318 E/ccc ( 1400): cccccc SystemUpdateHelper launcherUpdate {"launcherCodeLocal":102941,"launcherCodeNet":0,"launcherVersionLocal":"2.9.4.1","launcherVersionNet":"","otaCodeLocal":0,"otaCodeNet":0,"remoteNeedUpdate":false,"updateType":""}
05-29 20:51:50.319 D/etnaManager( 1453): 不需要更新桌面
05-29 20:51:50.334 D/TrafficStats( 2113): tagSocket(388) with statsTag=0xffffffff, statsUid=-1
05-29 20:51:50.350 W/System.err( 2861): java.net.SocketException: Socket closed
05-29 20:51:50.350 W/System.err( 2861): at java.net.PlainSocketImpl.socketAccept(PlainSocketImpl.java:213)
05-29 20:51:50.350 W/System.err( 2861): at java.net.AbstractPlainSocketImpl.accept(AbstractPlainSocketImpl.java:451)
05-29 20:51:50.350 W/System.err( 2861): at java.net.ServerSocket.implAccept(ServerSocket.java:569)
05-29 20:51:50.350 W/System.err( 2861): at java.net.ServerSocket.accept(ServerSocket.java:537)
05-29 20:51:50.350 W/System.err( 2861): at b.f.f.t.f.run(Unknown Source:40)
05-29 20:51:50.350 W/System.err( 2861): at java.lang.Thread.run(Thread.java:1012)
05-29 20:51:50.351 W/UpnpServiceImpl( 2861): >>> Shutting down UPnP service...
05-29 20:51:50.351 I/serviceDiscovery( 720): [MdnsAdvertiser] Removing service with ID 3
05-29 20:51:50.352 W/Router ( 2861): disable lock:org.fourthline.cling.android.AndroidRouter@e4e9aac_java.util.concurrent.locks.ReentrantReadWriteLock$WriteLock@7a07375[Unlocked]
05-29 20:51:50.352 W/Router ( 2861): disable unlock:org.fourthline.cling.android.AndroidRouter@e4e9aac
05-29 20:51:50.352 I/serviceDiscovery( 720): [MdnsAdvertiser] Removing service with ID 2
05-29 20:51:50.352 W/UpnpServiceImpl( 2861): <<< UPnP service shutdown completed
05-29 20:51:50.352 I/serviceDiscovery( 720): [MdnsAdvertiser] Removing service with ID 4
05-29 20:51:50.358 W/AbstractChannel( 2861): Can't invoke task later as EventLoop rejected it
05-29 20:51:50.358 W/AbstractChannel( 2861): java.util.concurrent.RejectedExecutionException: event executor terminated
05-29 20:51:50.358 W/AbstractChannel( 2861): at io.netty.util.concurrent.SingleThreadEventExecutor.reject(Unknown Source:4)
05-29 20:51:50.358 W/AbstractChannel( 2861): at io.netty.util.concurrent.SingleThreadEventExecutor.offerTask(Unknown Source:6)
05-29 20:51:50.358 W/AbstractChannel( 2861): at io.netty.util.concurrent.SingleThreadEventExecutor.addTask(Unknown Source:5)
05-29 20:51:50.358 W/AbstractChannel( 2861): at io.netty.util.concurrent.SingleThreadEventExecutor.execute(Unknown Source:4)
05-29 20:51:50.358 W/AbstractChannel( 2861): at io.netty.util.concurrent.SingleThreadEventExecutor.execute(Unknown Source:18)
05-29 20:51:50.358 W/AbstractChannel( 2861): at io.netty.channel.AbstractChannel$AbstractUnsafe.invokeLater(Unknown Source:6)
05-29 20:51:50.358 W/AbstractChannel( 2861): at io.netty.channel.AbstractChannel$AbstractUnsafe.deregister(Unknown Source:24)
05-29 20:51:50.358 W/AbstractChannel( 2861): at io.netty.channel.AbstractChannel$AbstractUnsafe.fireChannelInactiveAndDeregister(Unknown Source:17)
05-29 20:51:50.358 W/AbstractChannel( 2861): at io.netty.channel.AbstractChannel$AbstractUnsafe.close(Unknown Source:112)
05-29 20:51:50.358 W/AbstractChannel( 2861): at io.netty.channel.AbstractChannel$AbstractUnsafe.close(Unknown Source:12)
05-29 20:51:50.358 W/AbstractChannel( 2861): at io.netty.channel.nio.NioEventLoop.closeAll(Unknown Source:86)
05-29 20:51:50.358 W/AbstractChannel( 2861): at io.netty.channel.nio.NioEventLoop.run(Unknown Source:202)
05-29 20:51:50.358 W/AbstractChannel( 2861): at io.netty.util.concurrent.SingleThreadEventExecutor$4.run(Unknown Source:41)
05-29 20:51:50.358 W/AbstractChannel( 2861): at io.netty.util.internal.ThreadExecutorMap$2.run(Unknown Source:8)
05-29 20:51:50.358 W/AbstractChannel( 2861): at io.netty.util.concurrent.FastThreadLocalRunnable.run(Unknown Source:2)
05-29 20:51:50.358 W/AbstractChannel( 2861): at java.lang.Thread.run(Thread.java:1012)
05-29 20:51:50.358 E/StartupService( 2861): showToast: app is background
05-29 20:51:50.363 E/raop ( 2861): httpd_stop running 1 joined 0
05-29 20:51:50.363 E/raop ( 2861): httpd_stop connection->socket_fd=0
05-29 20:51:50.363 E/raop ( 2861): httpd_stop connection->socket_fd=0
05-29 20:51:50.363 E/raop ( 2861): httpd_stop connection->socket_fd=0
05-29 20:51:50.363 E/raop ( 2861): httpd_stop connection->socket_fd=0
05-29 20:51:50.363 E/raop ( 2861): httpd_stop connection->socket_fd=0
05-29 20:51:50.363 E/raop ( 2861): httpd_stop connection->socket_fd=0
05-29 20:51:50.364 E/raop ( 2861): httpd_stop connection->socket_fd=0
05-29 20:51:50.364 E/raop ( 2861): httpd_stop connection->socket_fd=0
05-29 20:51:50.364 E/raop ( 2861): httpd_stop connection->socket_fd=0
05-29 20:51:50.364 E/raop ( 2861): httpd_stop connection->socket_fd=0
05-29 20:51:50.366 D/HiSight-SinkService( 2861): setDiscoverable true
05-29 20:51:50.367 D/HiSight-Discovery( 2861): set deviceInfo type:46
05-29 20:51:50.367 D/HiSight-Discovery( 2861): startAdvertise 3
05-29 20:51:50.367 D/HiSight-Discovery( 2861): stopAdvertise.
05-29 20:51:50.367 D/NearFieldManager( 2861): StopListen moduleId: CastPlusDiscoveryModule
05-29 20:51:50.367 D/NearFieldManagerImpl( 3061): stopListen: moduleId: CastPlusDiscoveryModule
05-29 20:51:50.367 D/NearFieldManagerImpl( 3061): registerCapability() called with: capabilityBitmapNum = 1, capabilityBitmap = [0]
05-29 20:51:50.367 I/HicomNf_java_to_c( 3061): registerCapability, capabilityBitmapNum: 1
05-29 20:51:50.367 I/HicomNfMainCtrlManager( 3061): RegisterCapability: 1, 0
05-29 20:51:50.367 D/NearFieldManagerImpl( 3061): Register capability succeed with capabilityBitmapNum = 1, capabilityBitmap = [0]
05-29 20:51:50.371 D/HiSight-Discovery( 2861): nearFieldStartListen deviceType 46
05-29 20:51:50.374 D/wenhc ( 1453): getScreenInfo uri = content://com.dangbei.screencast.parts.info/screen_cast
05-29 20:51:50.375 D/NearFieldManagerImpl( 3061): setServiceData, sServiceData=[32], serviceData=[32]
05-29 20:51:50.376 E/NearFieldManagerImpl( 3061): setServiceData, serviceData exists
05-29 20:51:50.377 E/NearFieldManager( 2861): setIdnNetworkPriority: networkPortPriority is empty
05-29 20:51:50.377 D/NearFieldManager( 2861): StartListen moduleId: CastPlusDiscoveryModule
05-29 20:51:50.379 D/NearFieldManagerImpl( 3061): startListen: moduleId: CastPlusDiscoveryModule
05-29 20:51:50.379 D/NearFieldUtils( 3061): getPreferredIpAddress exec
05-29 20:51:50.379 D/NearFieldUtils( 3061): getPreferredIpAddress by custom priority
05-29 20:51:50.379 D/NearFieldUtils( 3061): getIpByInterfaceSetting customIdnNetworkPriority:[]
05-29 20:51:50.379 D/NearFieldUtils( 3061): getPreferredIpAddress by default priority
05-29 20:51:50.380 I/binder:3061_4( 3061): type=1400 audit(0.0:1960): avc: denied { search } for name="net" dev="sysfs" ino=12345 scontext=u:r:untrusted_app_27:s0:c44,c256,c512,c768 tcontext=u:object_r:sysfs_net:s0 tclass=dir permissive=1 app=com.dangbei.screencast
05-29 20:51:50.396 D/NearFieldUtils( 3061): to get wlan0 ip address
05-29 20:51:50.396 D/NearFieldUtils( 3061): get wlan0 IP succeed.
05-29 20:51:50.396 D/NearFieldManagerImpl( 3061): sDeviceType: 46
05-29 20:51:50.396 D/NearFieldManagerImpl( 3061): registerDevice() is called.
05-29 20:51:50.396 I/HicomNfMainCtrlManager( 3061): NSTACKX_RegisterDevice is called
05-29 20:51:50.396 I/nStackXDFinder( 3061): UpdateLocalNetworkInterface:[472] :UpdateLocalNetworkInterface exec,initerfaceName:wlan0
05-29 20:51:50.396 E/nStackXDFinder( 3061): GetLocalIp:[401] :GetLocalIp exec
05-29 20:51:50.396 I/nStackXDFinder( 3061): UpdateLocalNetworkInterface:[498] :UpdateLocalNetworkInterface copy ip value in default process
05-29 20:51:50.396 E/nStackXDFinder( 3061): GetLocalIp:[401] :GetLocalIp exec
05-29 20:51:50.396 I/nStackXDFinder( 3061): UpdateLocalNetworkInterface:[505] :UpdateLocalNetworkInterface: ip not change
05-29 20:51:50.396 D/NearFieldManagerImpl( 3061): Register device success.
05-29 20:51:50.396 I/NearFieldManagerImpl( 3061): serviceName is castPlus
05-29 20:51:50.397 D/NearFieldManagerImpl( 3061): registerCapability() called with: capabilityBitmapNum = 1, capabilityBitmap = [8]
05-29 20:51:50.397 I/HicomNf_java_to_c( 3061): registerCapability, capabilityBitmapNum: 1
05-29 20:51:50.397 I/HicomNfMainCtrlManager( 3061): RegisterCapability: 1, 8
05-29 20:51:50.397 D/NearFieldManagerImpl( 3061): Register capability succeed with capabilityBitmapNum = 1, capabilityBitmap = [8]
05-29 20:51:50.397 D/NearFieldManagerImpl( 3061): registerServiceData() called with: serviceData = 32
05-29 20:51:50.397 I/nStackXDFinder( 3061): RegisterServiceData:[728] :RegisterServiceData, serviceData=[32]
05-29 20:51:50.397 D/NearFieldManagerImpl( 3061): registerModule() called with: packageModuleName = com.huawei.connection+CastPlusDiscoveryModule
05-29 20:51:50.397 D/NearFieldManagerImpl( 3061): registerModule, registered before
05-29 20:51:50.397 I/HicomNf_java_to_c( 3061): registerModule, moduleName: com.huawei.connection+CastPlusDiscoveryModule
05-29 20:51:50.397 I/HicomNfMainCtrlManager( 3061): Enter RegisterModule
05-29 20:51:50.397 I/HicomNfRegManager( 3061): RegisterModule OK, already registered com.huawei.connection+CastPlusDiscoveryModule
05-29 20:51:50.399 D/OomAdjuster( 720): Not killing cached processes
05-29 20:51:50.402 E/HuaweiCastService( 2861): onStartCommand in 0
05-29 20:51:50.403 I/WifiService( 720): acquireMulticastLock uid=10044
05-29 20:51:50.404 I/WifiService( 720): acquireMulticastLock uid=10044
05-29 20:51:50.407 D/WifiHAL ( 531): Setting APF program, halHandle = 0xef801fc0
05-29 20:51:50.407 I/WifiHAL ( 531): createRequest: APF set program request
05-29 20:51:50.408 D/WifiHAL ( 531): error code -95 mapped to -3
05-29 20:51:50.408 I/WifiHAL ( 531): Request Response failed for APF, result = -3
05-29 20:51:50.408 E/WifiStaIfaceAidlImpl( 720): installApfPacketFilter failed with service-specific exception: android.os.ServiceSpecificException: (code 4)
05-29 20:51:50.454 D/XM_HIDREAD( 1873): poll ret=1, event=1
05-29 20:51:50.454 D/XM_HIDREAD( 1873): [9 bytes]:01 00 00 28 00 00 00 00 00
05-29 20:51:50.456 I/SogouIME( 1431): onKeyDown: keyoCode=23
05-29 20:51:50.456 I/DefaultIMS( 1431): onKeyDown: keyoCode=23
05-29 20:51:50.457 I/TvSpecialKeyEventInterceptor( 1431): onKeyDown repeat: 0 onKeyDownConsume: false
05-29 20:51:50.488 D/TrafficStats( 2113): tagSocket(387) with statsTag=0xffffffff, statsUid=-1
05-29 20:51:50.518 D/TrafficStats( 2113): tagSocket(388) with statsTag=0xffffffff, statsUid=-1
05-29 20:51:50.582 I/SogouIME( 1431): onKeyUp: keyoCode=23
05-29 20:51:50.582 I/DefaultIMS( 1431): onKeyUp: keyoCode=23
05-29 20:51:50.583 I/TvSpecialKeyEventInterceptor( 1431): onKeyUp: onKeyDownConsume false onKeyUpConsume: false repeat: 0
05-29 20:51:50.584 I/fB ( 1431): onKeyClick: property=107 code=107 symbol=null
05-29 20:51:50.584 I/KeyEventTransfer( 1431): doKeyInput: property=107 code=107 text=k miniText=null
05-29 20:51:50.588 D/XM_HIDREAD( 1873): poll ret=1, event=1
05-29 20:51:50.588 D/XM_HIDREAD( 1873): [9 bytes]:01 00 00 00 00 00 00 00 00
05-29 20:51:50.590 I/ENKeyHandler( 1431): on selection update: oldStart: 4, oldEnd: 4, newStart: 5, newEnd: 5, composingStart: -1, composingEnd: -1
05-29 20:51:50.604 D/SntpClient( 720): request time failed: java.net.SocketTimeoutException: Poll timed out
05-29 20:51:50.604 D/TrafficStats( 720): tagSocket(528) with statsTag=0xffffff41, statsUid=-1
05-29 20:51:50.714 E/raop ( 2861): httpd_stop running 0 joined 1
05-29 20:51:50.789 D/nStackXCoAP( 3061): IsInSameNetwork:[276] :IsInSameNetwork exec
05-29 20:51:50.789 I/nStackXDFinder( 3061): GetLocalInterfaceDetail:[461] :GetLocalInterfaceDetail in
05-29 20:51:50.789 E/nStackXCoAP( 3061): IsInSameNetwork:[281] :IsInSameNetwork: not priority process
05-29 20:51:50.789 D/nStackXCoAP( 3061): ParseServiceDiscover:[330] :new device join
05-29 20:51:50.789 E/nStackXDFinder( 3061): GetLocalIp:[401] :GetLocalIp exec
05-29 20:51:50.797 D/TrafficStats( 2113): tagSocket(387) with statsTag=0xffffffff, statsUid=-1
05-29 20:51:50.812 D/nStackXCoAP( 3061): CoapMessageHandler:[133] :2.01
05-29 20:51:50.860 D/XM_HIDREAD( 1873): poll ret=1, event=1
05-29 20:51:50.860 D/XM_HIDREAD( 1873): [9 bytes]:01 00 00 28 00 00 00 00 00
05-29 20:51:50.862 I/SogouIME( 1431): onKeyDown: keyoCode=23
05-29 20:51:50.862 I/DefaultIMS( 1431): onKeyDown: keyoCode=23
05-29 20:51:50.863 I/TvSpecialKeyEventInterceptor( 1431): onKeyDown repeat: 0 onKeyDownConsume: false
05-29 20:51:50.949 D/XM_HIDREAD( 1873): poll ret=1, event=1
05-29 20:51:50.950 D/XM_HIDREAD( 1873): [9 bytes]:01 00 00 00 00 00 00 00 00
05-29 20:51:50.951 I/SogouIME( 1431): onKeyUp: keyoCode=23
05-29 20:51:50.951 I/DefaultIMS( 1431): onKeyUp: keyoCode=23
05-29 20:51:50.952 I/TvSpecialKeyEventInterceptor( 1431): onKeyUp: onKeyDownConsume false onKeyUpConsume: false repeat: 0
05-29 20:51:50.952 I/fB ( 1431): onKeyClick: property=107 code=107 symbol=null
05-29 20:51:50.953 I/KeyEventTransfer( 1431): doKeyInput: property=107 code=107 text=k miniText=null
05-29 20:51:50.955 I/ENKeyHandler( 1431): on selection update: oldStart: 5, oldEnd: 5, newStart: 6, newEnd: 6, composingStart: -1, composingEnd: -1
05-29 20:51:51.000 D/nStackXCoAP( 3061): IsInSameNetwork:[276] :IsInSameNetwork exec
05-29 20:51:51.001 I/nStackXDFinder( 3061): GetLocalInterfaceDetail:[461] :GetLocalInterfaceDetail in
05-29 20:51:51.001 E/nStackXCoAP( 3061): IsInSameNetwork:[281] :IsInSameNetwork: not priority process
05-29 20:51:51.023 D/TrafficStats( 2113): tagSocket(387) with statsTag=0xffffffff, statsUid=-1
05-29 20:51:51.186 D/XM_HIDREAD( 1873): poll ret=1, event=1
05-29 20:51:51.186 D/XM_HIDREAD( 1873): [9 bytes]:01 00 00 28 00 00 00 00 00
05-29 20:51:51.188 I/SogouIME( 1431): onKeyDown: keyoCode=23
05-29 20:51:51.189 I/DefaultIMS( 1431): onKeyDown: keyoCode=23
05-29 20:51:51.190 I/TvSpecialKeyEventInterceptor( 1431): onKeyDown repeat: 0 onKeyDownConsume: false
05-29 20:51:51.198 D/nStackXCoAP( 3061): IsInSameNetwork:[276] :IsInSameNetwork exec
05-29 20:51:51.198 I/nStackXDFinder( 3061): GetLocalInterfaceDetail:[461] :GetLocalInterfaceDetail in
05-29 20:51:51.198 E/nStackXCoAP( 3061): IsInSameNetwork:[281] :IsInSameNetwork: not priority process
05-29 20:51:51.198 D/nStackXCoAP( 3061): ParseServiceDiscover:[330] :new device join
05-29 20:51:51.198 E/nStackXDFinder( 3061): GetLocalIp:[401] :GetLocalIp exec
05-29 20:51:51.263 D/nStackXCoAP( 3061): CoapMessageHandler:[133] :2.01
05-29 20:51:51.264 D/TrafficStats( 2113): tagSocket(387) with statsTag=0xffffffff, statsUid=-1
05-29 20:51:51.266 D/TrafficStats( 2113): tagSocket(388) with statsTag=0xffffffff, statsUid=-1
05-29 20:51:51.298 D/XM_HIDREAD( 1873): poll ret=1, event=1
05-29 20:51:51.298 D/XM_HIDREAD( 1873): [9 bytes]:01 00 00 00 00 00 00 00 00
05-29 20:51:51.302 I/SogouIME( 1431): onKeyUp: keyoCode=23
05-29 20:51:51.302 I/DefaultIMS( 1431): onKeyUp: keyoCode=23
05-29 20:51:51.302 I/TvSpecialKeyEventInterceptor( 1431): onKeyUp: onKeyDownConsume false onKeyUpConsume: false repeat: 0
05-29 20:51:51.303 I/fB ( 1431): onKeyClick: property=107 code=107 symbol=null
05-29 20:51:51.303 I/KeyEventTransfer( 1431): doKeyInput: property=107 code=107 text=k miniText=null
05-29 20:51:51.306 I/ENKeyHandler( 1431): on selection update: oldStart: 6, oldEnd: 6, newStart: 7, newEnd: 7, composingStart: -1, composingEnd: -1
05-29 20:51:51.602 D/XM_HIDREAD( 1873): poll ret=1, event=1
05-29 20:51:51.603 D/XM_HIDREAD( 1873): [9 bytes]:01 00 00 28 00 00 00 00 00
05-29 20:51:51.605 I/SogouIME( 1431): onKeyDown: keyoCode=23
05-29 20:51:51.605 I/DefaultIMS( 1431): onKeyDown: keyoCode=23
05-29 20:51:51.606 I/TvSpecialKeyEventInterceptor( 1431): onKeyDown repeat: 0 onKeyDownConsume: false
05-29 20:51:51.626 W/MediaProvider( 1404): isAppCloneUserPair for user 0: false
05-29 20:51:51.689 W/BestClock( 720): java.time.DateTimeException: Missing network time fix
05-29 20:51:51.710 W/BestClock( 720): java.time.DateTimeException: Missing network time fix
05-29 20:51:51.711 W/BestClock( 720): java.time.DateTimeException: Missing network time fix
05-29 20:51:51.723 W/BestClock( 720): java.time.DateTimeException: Missing network time fix
05-29 20:51:51.726 D/XM_HIDREAD( 1873): poll ret=1, event=1
05-29 20:51:51.726 D/XM_HIDREAD( 1873): [9 bytes]:01 00 00 00 00 00 00 00 00
05-29 20:51:51.728 I/binder:492_1( 492): type=1400 audit(0.0:1961): avc: denied { add_name } for name="globalAlert" scontext=u:r:netd:s0 tcontext=u:object_r:proc_net:s0 tclass=dir permissive=1
05-29 20:51:51.730 I/SogouIME( 1431): onKeyUp: keyoCode=23
05-29 20:51:51.730 I/DefaultIMS( 1431): onKeyUp: keyoCode=23
05-29 20:51:51.731 I/TvSpecialKeyEventInterceptor( 1431): onKeyUp: onKeyDownConsume false onKeyUpConsume: false repeat: 0
05-29 20:51:51.732 I/fB ( 1431): onKeyClick: property=107 code=107 symbol=null
05-29 20:51:51.732 I/KeyEventTransfer( 1431): doKeyInput: property=107 code=107 text=k miniText=null
05-29 20:51:51.736 I/ENKeyHandler( 1431): on selection update: oldStart: 7, oldEnd: 7, newStart: 8, newEnd: 8, composingStart: -1, composingEnd: -1
05-29 20:51:51.753 D/nStackXCoAP( 3061): IsInSameNetwork:[276] :IsInSameNetwork exec
05-29 20:51:51.753 I/nStackXDFinder( 3061): GetLocalInterfaceDetail:[461] :GetLocalInterfaceDetail in
05-29 20:51:51.753 E/nStackXCoAP( 3061): IsInSameNetwork:[281] :IsInSameNetwork: not priority process
05-29 20:51:51.753 D/nStackXCoAP( 3061): ParseServiceDiscover:[330] :new device join
05-29 20:51:51.753 E/nStackXDFinder( 3061): GetLocalIp:[401] :GetLocalIp exec
05-29 20:51:51.985 D/XM_HIDREAD( 1873): poll ret=1, event=1
05-29 20:51:51.985 D/XM_HIDREAD( 1873): [9 bytes]:01 00 00 4F 00 00 00 00 00
05-29 20:51:51.987 I/SogouIME( 1431): onKeyDown: keyoCode=22
05-29 20:51:51.987 I/DefaultIMS( 1431): onKeyDown: keyoCode=22
05-29 20:51:51.988 I/TvSpecialKeyEventInterceptor( 1431): onKeyDown repeat: 0 onKeyDownConsume: false
05-29 20:51:51.988 I/KeyboardViewPresenter( 1431): getNextKey Key_L
05-29 20:51:52.063 D/XM_HIDREAD( 1873): poll ret=1, event=1
05-29 20:51:52.063 D/XM_HIDREAD( 1873): [9 bytes]:01 00 00 00 00 00 00 00 00
05-29 20:51:52.065 I/SogouIME( 1431): onKeyUp: keyoCode=22
05-29 20:51:52.065 I/DefaultIMS( 1431): onKeyUp: keyoCode=22
05-29 20:51:52.065 I/TvSpecialKeyEventInterceptor( 1431): onKeyUp: onKeyDownConsume false onKeyUpConsume: false repeat: 0
05-29 20:51:52.132 I/com.ktcp.video( 2695): Background concurrent copying GC freed 154471(6097KB) AllocSpace objects, 16(388KB) LOS objects, 49% free, 8737KB/17MB, paused 132us,63us total 124.659ms
05-29 20:51:52.187 D/XM_HIDREAD( 1873): poll ret=1, event=1
05-29 20:51:52.187 D/XM_HIDREAD( 1873): [9 bytes]:01 00 00 4F 00 00 00 00 00
05-29 20:51:52.189 I/SogouIME( 1431): onKeyDown: keyoCode=22
05-29 20:51:52.190 I/DefaultIMS( 1431): onKeyDown: keyoCode=22
05-29 20:51:52.190 I/TvSpecialKeyEventInterceptor( 1431): onKeyDown repeat: 0 onKeyDownConsume: false
05-29 20:51:52.191 I/KeyboardViewPresenter( 1431): getNextKey Key_M
05-29 20:51:52.213 D/nStackXCoAP( 3061): IsInSameNetwork:[276] :IsInSameNetwork exec
05-29 20:51:52.213 I/nStackXDFinder( 3061): GetLocalInterfaceDetail:[461] :GetLocalInterfaceDetail in
05-29 20:51:52.214 E/nStackXCoAP( 3061): IsInSameNetwork:[281] :IsInSameNetwork: not priority process
05-29 20:51:52.214 D/nStackXCoAP( 3061): ParseServiceDiscover:[330] :new device join
05-29 20:51:52.214 E/nStackXDFinder( 3061): GetLocalIp:[401] :GetLocalIp exec
05-29 20:51:52.228 D/TrafficStats( 2113): tagSocket(387) with statsTag=0xffffffff, statsUid=-1
05-29 20:51:52.242 D/nStackXCoAP( 3061): CoapMessageHandler:[133] :2.01
05-29 20:51:52.288 D/XM_HIDREAD( 1873): poll ret=1, event=1
05-29 20:51:52.288 D/XM_HIDREAD( 1873): [9 bytes]:01 00 00 00 00 00 00 00 00
05-29 20:51:52.291 I/SogouIME( 1431): onKeyUp: keyoCode=22
05-29 20:51:52.291 I/DefaultIMS( 1431): onKeyUp: keyoCode=22
05-29 20:51:52.292 I/TvSpecialKeyEventInterceptor( 1431): onKeyUp: onKeyDownConsume false onKeyUpConsume: false repeat: 0
05-29 20:51:52.389 D/XM_HIDREAD( 1873): poll ret=1, event=1
05-29 20:51:52.390 D/XM_HIDREAD( 1873): [9 bytes]:01 00 00 4F 00 00 00 00 00
05-29 20:51:52.391 I/SogouIME( 1431): onKeyDown: keyoCode=22
05-29 20:51:52.392 I/DefaultIMS( 1431): onKeyDown: keyoCode=22
05-29 20:51:52.392 I/TvSpecialKeyEventInterceptor( 1431): onKeyDown repeat: 0 onKeyDownConsume: false
05-29 20:51:52.392 I/KeyboardViewPresenter( 1431): getNextKey Key_N
05-29 20:51:52.491 D/XM_HIDREAD( 1873): poll ret=1, event=1
05-29 20:51:52.491 D/XM_HIDREAD( 1873): [9 bytes]:01 00 00 00 00 00 00 00 00
05-29 20:51:52.493 I/SogouIME( 1431): onKeyUp: keyoCode=22
05-29 20:51:52.493 I/DefaultIMS( 1431): onKeyUp: keyoCode=22
05-29 20:51:52.494 I/TvSpecialKeyEventInterceptor( 1431): onKeyUp: onKeyDownConsume false onKeyUpConsume: false repeat: 0
05-29 20:51:52.637 D/XM_HIDREAD( 1873): poll ret=1, event=1
05-29 20:51:52.637 D/XM_HIDREAD( 1873): [9 bytes]:01 00 00 4F 00 00 00 00 00
05-29 20:51:52.640 I/SogouIME( 1431): onKeyDown: keyoCode=22
05-29 20:51:52.640 I/DefaultIMS( 1431): onKeyDown: keyoCode=22
05-29 20:51:52.641 I/TvSpecialKeyEventInterceptor( 1431): onKeyDown repeat: 0 onKeyDownConsume: false
05-29 20:51:52.641 I/KeyboardViewPresenter( 1431): getNextKey Key_EnSwitchToCh
05-29 20:51:52.750 D/XM_HIDREAD( 1873): poll ret=1, event=1
05-29 20:51:52.750 D/XM_HIDREAD( 1873): [9 bytes]:01 00 00 00 00 00 00 00 00
05-29 20:51:52.752 I/SogouIME( 1431): onKeyUp: keyoCode=22
05-29 20:51:52.752 I/DefaultIMS( 1431): onKeyUp: keyoCode=22
05-29 20:51:52.753 I/TvSpecialKeyEventInterceptor( 1431): onKeyUp: onKeyDownConsume false onKeyUpConsume: false repeat: 0
05-29 20:51:52.873 D/nStackXCoAP( 3061): IsInSameNetwork:[276] :IsInSameNetwork exec
05-29 20:51:52.873 I/nStackXDFinder( 3061): GetLocalInterfaceDetail:[461] :GetLocalInterfaceDetail in
05-29 20:51:52.873 E/nStackXCoAP( 3061): IsInSameNetwork:[281] :IsInSameNetwork: not priority process
05-29 20:51:52.873 D/nStackXCoAP( 3061): ParseServiceDiscover:[330] :new device join
05-29 20:51:52.873 E/nStackXDFinder( 3061): GetLocalIp:[401] :GetLocalIp exec
05-29 20:51:53.004 D/nStackXCoAP( 3061): CoapMessageHandler:[133] :2.01
05-29 20:51:53.050 D/TrafficStats( 2113): tagSocket(387) with statsTag=0xffffffff, statsUid=-1
05-29 20:51:53.131 D/UtilLog ( 2643): 日志批量上报 进行正常循环 !!!!!!本次有0次请求,共0条数据
05-29 20:51:53.154 D/XM_HIDREAD( 1873): poll ret=1, event=1
05-29 20:51:53.154 D/XM_HIDREAD( 1873): [9 bytes]:01 00 00 51 00 00 00 00 00
05-29 20:51:53.157 I/SogouIME( 1431): onKeyDown: keyoCode=20
05-29 20:51:53.157 I/DefaultIMS( 1431): onKeyDown: keyoCode=20
05-29 20:51:53.158 I/TvSpecialKeyEventInterceptor( 1431): onKeyDown repeat: 0 onKeyDownConsume: false
05-29 20:51:53.158 I/KeyboardViewPresenter( 1431): getNextKey Key_Symbol
05-29 20:51:53.233 D/XM_HIDREAD( 1873): poll ret=1, event=1
05-29 20:51:53.233 D/XM_HIDREAD( 1873): [9 bytes]:01 00 00 00 00 00 00 00 00
05-29 20:51:53.235 I/SogouIME( 1431): onKeyUp: keyoCode=20
05-29 20:51:53.235 I/DefaultIMS( 1431): onKeyUp: keyoCode=20
05-29 20:51:53.237 I/TvSpecialKeyEventInterceptor( 1431): onKeyUp: onKeyDownConsume false onKeyUpConsume: false repeat: 0
05-29 20:51:53.247 D/nStackXCoAP( 3061): IsInSameNetwork:[276] :IsInSameNetwork exec
05-29 20:51:53.247 I/nStackXDFinder( 3061): GetLocalInterfaceDetail:[461] :GetLocalInterfaceDetail in
05-29 20:51:53.247 E/nStackXCoAP( 3061): IsInSameNetwork:[281] :IsInSameNetwork: not priority process
05-29 20:51:53.279 I/WifiHAL ( 531): call wifi_get_link_stats handler
05-29 20:51:53.279 I/WifiHAL ( 531): Creating message to get link statistics; iface = 16
05-29 20:51:53.279 D/WifiHAL ( 531): error code -95 mapped to -3
05-29 20:51:53.280 E/WifiStaIfaceAidlImpl( 720): getLinkLayerStats failed with service-specific exception: android.os.ServiceSpecificException: (code 4)
05-29 20:51:53.284 D/ConnectivityService( 720): NetReassign [no changes] [c 1] [a 0] [i 2]
05-29 20:51:53.593 D/XM_HIDREAD( 1873): poll ret=1, event=1
05-29 20:51:53.594 D/XM_HIDREAD( 1873): [9 bytes]:01 00 00 4F 00 00 00 00 00
05-29 20:51:53.596 I/SogouIME( 1431): onKeyDown: keyoCode=22
05-29 20:51:53.596 I/DefaultIMS( 1431): onKeyDown: keyoCode=22
05-29 20:51:53.597 I/TvSpecialKeyEventInterceptor( 1431): onKeyDown repeat: 0 onKeyDownConsume: false
05-29 20:51:53.597 I/KeyboardViewPresenter( 1431): getNextKey Key_Enter
05-29 20:51:53.706 D/XM_HIDREAD( 1873): poll ret=1, event=1
05-29 20:51:53.706 D/XM_HIDREAD( 1873): [9 bytes]:01 00 00 00 00 00 00 00 00
05-29 20:51:53.708 I/SogouIME( 1431): onKeyUp: keyoCode=22
05-29 20:51:53.708 I/DefaultIMS( 1431): onKeyUp: keyoCode=22
05-29 20:51:53.709 I/TvSpecialKeyEventInterceptor( 1431): onKeyUp: onKeyDownConsume false onKeyUpConsume: false repeat: 0
