05-29 20:51:55.882 W/InputManager-JNI( 720): Input channel object '57d2de6 com.dangbei.haqusetting/com.dangbei.haqusetting.ui.leaf.ui.net.connect.LeafWholeWifiConnectActivity (client)' was disposed without first being removed with the input manager!
05-29 20:51:55.886 D/WifiHAL ( 531): Setting APF program, halHandle = 0xef801fc0
05-29 20:51:55.886 I/WifiHAL ( 531): createRequest: APF set program request
05-29 20:51:55.886 D/WifiHAL ( 531): error code -95 mapped to -3
05-29 20:51:55.886 I/WifiHAL ( 531): Request Response failed for APF, result = -3
05-29 20:51:55.887 E/ccc ( 3287): cccccc sort 12 22
05-29 20:51:55.887 E/WifiStaIfaceAidlImpl( 720): installApfPacketFilter failed with service-specific exception: android.os.ServiceSpecificException: (code 4)
05-29 20:51:55.897 D/ConnectivityService( 720): Setting DNS servers for network 101 to [/192.168.50.1]
05-29 20:51:55.898 W/ContextImpl( 720): Calling a method in the system process without a qualified user: android.app.ContextImpl.sendStickyBroadcast:1626 com.android.server.wifi.ClientModeImpl.sendNetworkChangeBroadcast:3008 com.android.server.wifi.ClientModeImpl.lambda$sendNetworkChangeBroadcastWithCurrentState$14:2985 com.android.server.wifi.ClientModeImpl.$r8$lambda$q-j88Pjw4gROgoJFr8wBlBVbuJI:0 com.android.server.wifi.ClientModeImpl$$ExternalSyntheticLambda4.send:0
05-29 20:51:55.898 W/IPCThreadState( 720): Sending oneway calls to frozen process.
05-29 20:51:55.898 W/IPCThreadState( 720): Sending oneway calls to frozen process.
05-29 20:51:55.898 W/IPCThreadState( 720): Sending oneway calls to frozen process.
05-29 20:51:55.898 W/IPCThreadState( 720): Sending oneway calls to frozen process.
05-29 20:51:55.899 W/IPCThreadState( 720): Sending oneway calls to frozen process.
05-29 20:51:55.899 W/IPCThreadState( 720): Sending oneway calls to frozen process.
05-29 20:51:55.899 W/IPCThreadState( 720): Sending oneway calls to frozen process.
05-29 20:51:55.899 W/IPCThreadState( 720): Sending oneway calls to frozen process.
05-29 20:51:55.899 W/IPCThreadState( 720): Sending oneway calls to frozen process.
05-29 20:51:55.900 W/IPCThreadState( 720): Sending oneway calls to frozen process.
05-29 20:51:55.901 E/ccc ( 3287): cccccc 4444444444444444444 CONNECTED
05-29 20:51:55.902 D/ConnectivityService( 720): [101 WIFI] EVENT_NETWORK_INFO_CHANGED, going from CONNECTING to CONNECTED
05-29 20:51:55.903 D/RockyReceiver( 1802): action: android.net.wifi.STATE_CHANGE
05-29 20:51:55.903 D/DnsManager( 720): sendDnsConfigurationForNetwork(101, [192.168.50.1], [], 1800, 25, 8, 64, 0, 0, , [])
05-29 20:51:55.905 W/DnsManager( 720): updatePrivateDns(101, PrivateDnsConfig{true:/[]})
05-29 20:51:55.905 D/ConnectivityService( 720): Setting DNS servers for network 101 to [/192.168.50.1]
05-29 20:51:55.906 D/DnsManager( 720): sendDnsConfigurationForNetwork(101, [192.168.50.1], [], 1800, 25, 8, 64, 0, 0, , [192.168.50.1])
05-29 20:51:55.907 W/resolv ( 492): Validating DnsTlsServer 192.168.50.1 with mark 0xf0065
05-29 20:51:55.907 W/resolv ( 492): Socket failed to connect: Network is unreachable
05-29 20:51:55.907 W/resolv ( 492): TCP Handshake failed: 101
05-29 20:51:55.908 W/resolv ( 492): query failed
05-29 20:51:55.908 W/resolv ( 492): validateDnsTlsServer returned 0 for 192.168.50.1
05-29 20:51:55.908 W/resolv ( 492): Validation failed
05-29 20:51:55.909 D/ConnectivityService( 720): Adding iface wlan0 to network 101
05-29 20:51:55.910 W/IPCThreadState( 720): Sending oneway calls to frozen process.
05-29 20:51:55.910 W/IPCThreadState( 720): Sending oneway calls to frozen process.
05-29 20:51:55.910 W/IPCThreadState( 720): Sending oneway calls to frozen process.
05-29 20:51:55.910 W/IPCThreadState( 720): Sending oneway calls to frozen process.
05-29 20:51:55.910 W/IPCThreadState( 720): Sending oneway calls to frozen process.
05-29 20:51:55.910 W/IPCThreadState( 720): Sending oneway calls to frozen process.
05-29 20:51:55.910 W/IPCThreadState( 720): Sending oneway calls to frozen process.
05-29 20:51:55.910 W/IPCThreadState( 720): Sending oneway calls to frozen process.
05-29 20:51:55.911 W/IPCThreadState( 720): Sending oneway calls to frozen process.
05-29 20:51:55.911 W/IPCThreadState( 720): Sending oneway calls to frozen process.
05-29 20:51:55.920 D/ConnectivityService( 720): Setting DNS servers for network 101 to [/192.168.50.1]
05-29 20:51:55.921 D/DnsManager( 720): sendDnsConfigurationForNetwork(101, [192.168.50.1], [], 1800, 25, 8, 64, 0, 0, , [192.168.50.1])
05-29 20:51:55.924 W/resolv ( 492): Validating DnsTlsServer 192.168.50.1 with mark 0xf0065
05-29 20:51:55.928 W/IPCThreadState( 720): Sending oneway calls to frozen process.
05-29 20:51:55.928 W/IPCThreadState( 720): Sending oneway calls to frozen process.
05-29 20:51:55.928 W/IPCThreadState( 720): Sending oneway calls to frozen process.
05-29 20:51:55.928 W/IPCThreadState( 720): Sending oneway calls to frozen process.
05-29 20:51:55.928 W/IPCThreadState( 720): Sending oneway calls to frozen process.
05-29 20:51:55.928 W/IPCThreadState( 720): Sending oneway calls to frozen process.
05-29 20:51:55.928 W/IPCThreadState( 720): Sending oneway calls to frozen process.
05-29 20:51:55.928 W/IPCThreadState( 720): Sending oneway calls to frozen process.
05-29 20:51:55.928 W/IPCThreadState( 720): Sending oneway calls to frozen process.
05-29 20:51:55.929 W/IPCThreadState( 720): Sending oneway calls to frozen process.
05-29 20:51:55.930 W/BestClock( 720): java.time.DateTimeException: Missing network time fix
05-29 20:51:55.931 W/WifiScoreReport( 720): Cannot start external scoring netId=101 currentNetId=101 currentNetCapabilities=[ Transports: WIFI Capabilities: NOT_METERED&INTERNET&NOT_RESTRICTED&TRUSTED&NOT_VPN&NOT_ROAMING&NOT_CONGESTED&NOT_SUSPENDED&NOT_VCN_MANAGED LinkUpBandwidth>=12000Kbps LinkDnBandwidth>=30000Kbps Specifier: TransportInfo: , Provider friendly name: , Requesting package name: "5G"wpa2-pskMLO Information: , Is TID-To-Link negotiation supported by the AP: false, AP MLD Address: , AP MLO Link Id: , AP MLO Affiliated links: > SignalStrength: -70 AllowedUids: <{1000}> OwnerUid: 1000 AdminUids: [1000] SSID: "5G" UnderlyingNetworks: Null] sessionId=1017
05-29 20:51:55.939 D/WifiMemoryStoreImpl( 720): Set cluster Gb2a289a5d02affa8 for W56636e69e20a925a: SUCCESS
05-29 20:51:55.941 W/resolv ( 492): SSL_connect ssl error =5, mark 0xf0065: Connection refused
05-29 20:51:55.941 W/resolv ( 492): TLS Handshake failed
05-29 20:51:55.943 W/resolv ( 492): query failed
05-29 20:51:55.943 W/resolv ( 492): validateDnsTlsServer returned 0 for 192.168.50.1
05-29 20:51:55.944 W/resolv ( 492): Validation failed
05-29 20:51:55.957 W/BestClock( 720): java.time.DateTimeException: Missing network time fix
05-29 20:51:55.959 I/DefaultIMS( 1431): onStartInput attribute=android.view.inputmethod.EditorInfo@9f1eba3 restarting=false inputType: 0
05-29 20:51:55.961 E/WifiStaIfaceAidlImpl( 720): stopRssiMonitoring failed with service-specific exception: android.os.ServiceSpecificException: (code 5)
05-29 20:51:55.961 D/ConnectivityService( 720): Switching to new default network for: uid/pid:1000/720 activeRequest: 1 callbackRequest: 1 [NetworkRequest [ REQUEST id=1, [ Capabilities: INTERNET&NOT_RESTRICTED&TRUSTED&NOT_VPN&NOT_VCN_MANAGED RequestorUid: 1000 RequestorPkg: android UnderlyingNetworks: Null] ]] callback flags: 1 order: 2147483647 using NetworkAgentInfo{network{101} handle{437197393933} ni{WIFI CONNECTED extra: } created=2025-05-29T12:51:55.549Z Score(Policies : TRANSPORT_PRIMARY&IS_UNMETERED&EVER_USER_SELECTED ; KeepConnected : 0) created 445957 explicitlySelected lp{{InterfaceName: wlan0 LinkAddresses: [ fe80::fe71:94dd:8714:f39f/64,192.168.50.235/24 ] DnsAddresses: [ /192.168.50.1 ] Domains: null MTU: 0 ServerAddress: /192.168.50.1 TcpBufferSizes: 524288,1048576,2097152,262144,524288,1048576 Routes: [ fe80::/64 -> :: wlan0 mtu 0,192.168.50.0/24 -> 0.0.0.0 wlan0 mtu 0,0.0.0.0/0 -> 192.168.50.1 wlan0 mtu 0 ]}} nc{[ Transports: WIFI Capabilities: NOT_METERED&INTERNET&NOT_RESTRICTED&TRUSTED&NOT_VPN&NOT_ROAMING&FOREGROUND&NOT_CONGESTED&NOT_SUSPENDED&NOT_VCN_MANAGED LinkUpBandwidth>=12000Kbps LinkDnBandwidth>=30000Kbps Specifier: TransportInfo: , Provider friendly name: , Requesting package name: "5G"wpa2-pskMLO Information: , Is TID-To-Link negotiation supported by the AP: false, AP MLD Address: , AP MLO Link Id: , AP MLO Affiliated links: > SignalStrength: -70 OwnerUid: 1000 AdminUids: [1000] SSID: "5G" UnderlyingNetworks: Null]} factorySerialNumber=4}
05-29 20:51:55.962 W/BestClock( 720): java.time.DateTimeException: Missing network time fix
05-29 20:51:55.962 W/BestClock( 720): java.time.DateTimeException: Missing network time fix
05-29 20:51:55.964 E/NetlinkEvent( 492): NetlinkEvent::FindParam(): Parameter 'INTERFACE' not found
05-29 20:51:55.964 E/NetlinkEvent( 492): NetlinkEvent::FindParam(): Parameter 'STATE' not found
05-29 20:51:55.964 E/NetlinkEvent( 492): NetlinkEvent::FindParam(): Parameter 'TIME_NS' not found
05-29 20:51:55.964 E/NetlinkEvent( 492): NetlinkEvent::FindParam(): Parameter 'UID' not found
05-29 20:51:55.964 D/WifiMemoryStoreImpl( 720): Set cluster G9af7fa88b81e1bd8 for Wa035af47ea9020ae: SUCCESS
05-29 20:51:55.964 D/XM_HIDREAD( 1873): add@ add@/devices/virtual/xt_idletimer/timers
05-29 20:51:55.966 E/ccc ( 3287): cccccc sort 12 22
05-29 20:51:55.966 D/NetworkMonitor/101( 999): Validation disabled.
05-29 20:51:55.975 W/BestClock( 720): java.time.DateTimeException: Missing network time fix
05-29 20:51:55.977 D/WifiMemoryStoreImpl( 720): Set cluster G9af7fa88b81e1bd8 for W9af7fa88b81e1bd8: SUCCESS
05-29 20:51:55.983 D/WifiMemoryStoreImpl( 720): Set cluster Gb2a289a5d02affa8 for Wb2a289a5d02affa8: SUCCESS
05-29 20:51:55.996 W/BestClock( 720): java.time.DateTimeException: Missing network time fix
05-29 20:51:55.998 D/NetworkTimeUpdateService( 720): New default network 101; checking time.
05-29 20:51:56.012 W/IPCThreadState( 720): Sending oneway calls to frozen process.
05-29 20:51:56.015 W/IPCThreadState( 720): Sending oneway calls to frozen process.
05-29 20:51:56.015 D/UpstreamNetworkMonitor( 999): New default Internet network: 101
05-29 20:51:56.021 V/WindowManagerShell( 950): Transition animation finished (aborted=false), notifying core (#8)android.os.BinderProxy@e9dbd5f@0
05-29 20:51:56.024 V/WindowManager( 720): Finish Transition #8: created at
05-29 20:51:55.584 collect-started=0.094ms request-sent=0.16ms started=3.935ms ready=10.252ms sent=14.169ms finished=439.324ms
05-29 20:51:56.026 I/FileLockLib( 2695): [2695]file 94 unlocked. fl.pid=0
05-29 20:51:56.029 I/FileLockLib( 2695): [2695]file 94 unlocked. fl.pid=0
05-29 20:51:56.034 I/chromium( 2179): [0529/205156.034500:INFO:httpdns.cc(381)] OnEffectiveConnectionTypeChanged called by httpdns context networks 5
05-29 20:51:56.035 I/chromium( 2179): [0529/205156.035476:INFO:httpdns.cc(387)] OnNetworkChanged called by httpdns context networks 6
05-29 20:51:56.035 I/chromium( 2179): [0529/205156.035678:INFO:httpdns.cc(387)] OnNetworkChanged called by httpdns context networks 2
05-29 20:51:56.038 W/BestClock( 720): java.time.DateTimeException: Missing network time fix
05-29 20:51:56.038 D/CompatibilityChangeReporter( 720): Compat change id reported: 261072174; UID 1000; state: ENABLED
05-29 20:51:56.040 V/WindowManagerShell( 950): Track 0 became idle
05-29 20:51:56.040 V/WindowManagerShell( 950): All active transition animations finished
05-29 20:51:56.040 W/BestClock( 720): java.time.DateTimeException: Missing network time fix
05-29 20:51:56.051 I/chromium( 1488): [0529/205156.051237:INFO:httpdns.cc(381)] OnEffectiveConnectionTypeChanged called by httpdns context networks 5
05-29 20:51:56.051 I/chromium( 1488): [0529/205156.051421:INFO:httpdns.cc(387)] OnNetworkChanged called by httpdns context networks 6
05-29 20:51:56.051 I/chromium( 1488): [0529/205156.051476:INFO:httpdns.cc(387)] OnNetworkChanged called by httpdns context networks 2
05-29 20:51:56.058 I/FileLockLib( 2695): [2695]file 94 unlocked. fl.pid=0
05-29 20:51:56.059 I/FileLockLib( 2695): [2695]file 94 unlocked. fl.pid=0
05-29 20:51:56.062 I/FileLockLib( 2695): [2695]file 94 unlocked. fl.pid=0
05-29 20:51:56.065 D/InstantWifi( 720): Receive Wifi is connected, freq = 5805 and currentNetworkId : 5, wifiinfo = SSID: , BSSID: 02:00:00:00:00:00, MAC: 02:00:00:00:00:00, IP: /192.168.50.235, Security type: 2, Supplicant state: COMPLETED, Wi-Fi standard: 6, RSSI: -70, Link speed: 1200Mbps, Tx Link speed: 1200Mbps, Max Supported Tx Link speed: 1200Mbps, Rx Link speed: 6Mbps, Max Supported Rx Link speed: 1200Mbps, Frequency: 5805MHz, Net ID: -1, Metered hint: false, score: 60, isUsable: true, CarrierMerged: false, SubscriptionId: -1, IsPrimary: 1, Trusted: true, Restricted: false, Ephemeral: false, OEM paid: false, OEM private: false, OSU AP: false, FQDN: , Provider friendly name: , Requesting package name: MLO Information: , Is TID-To-Link negotiation supported by the AP: false, AP MLD Address: , AP MLO Link Id: , AP MLO Affiliated links:
05-29 20:51:56.066 I/FileLockLib( 2695): [2695]file 94 unlocked. fl.pid=0
05-29 20:51:56.068 I/FileLockLib( 2695): [2695]file 94 unlocked. fl.pid=0
05-29 20:51:56.070 I/FileLockLib( 2695): [2695]file 94 unlocked. fl.pid=0
05-29 20:51:56.071 D/ConnectivityService( 720): Sending CONNECTED broadcast for type 1 [101 WIFI] isDefaultNetwork=true
05-29 20:51:56.072 W/ContextImpl( 720): Calling a method in the system process without a qualified user: android.app.ContextImpl.sendStickyBroadcast:1626 android.net.connectivity.com.android.server.ConnectivityService.sendStickyBroadcast:3280 android.net.connectivity.com.android.server.ConnectivityService.sendGeneralBroadcast:3250 android.net.connectivity.com.android.server.ConnectivityService.sendConnectedBroadcast:3223 android.net.connectivity.com.android.server.ConnectivityService.sendLegacyNetworkBroadcast:10138
05-29 20:51:56.078 D/TrafficStats( 2113): tagSocket(291) with statsTag=0xffffffff, statsUid=-1
05-29 20:51:56.084 I/FileLockLib( 2695): [2695]file 94 unlocked. fl.pid=0
05-29 20:51:56.085 D/TrafficStats( 2695): tagSocket(194) with statsTag=0x0, statsUid=-1
05-29 20:51:56.086 D/TrafficStats( 2695): tagSocket(198) with statsTag=0xffffffff, statsUid=-1
05-29 20:51:56.087 I/FileLockLib( 2695): [2695]file 94 unlocked. fl.pid=0
05-29 20:51:56.088 D/TrafficStats( 720): tagSocket(526) with statsTag=0xffffffff, statsUid=-1
05-29 20:51:56.088 I/FileLockLib( 2695): [2695]file 94 unlocked. fl.pid=0
05-29 20:51:56.090 D/ConnectivityService( 720): NetReassign [16 : null → 101, 33 : null → 101, 24 : null → 101, 43 : null → 101, 14 : null → 101, 67 : null → 101, 28 : null → 101, 75 : null → 101, 45 : null → 101, 36 : null → 101, 1 : null → 101, 41 : null → 101, 20 : null → 101, 63 : null → 101, 57 : null → 101, 69 : null → 101, 59 : null → 101, 50 : null → 101, 7 : null → 101, 47 : null → 101, 80 : null → 101, 26 : null → 101, 18 : null → 101, 54 : null → 101] [c 0] [a 119] [i 7]
05-29 20:51:56.094 I/FileLockLib( 2695): [2695]file 94 unlocked. fl.pid=0
05-29 20:51:56.095 I/FileLockLib( 2695): [2695]file 94 unlocked. fl.pid=0
05-29 20:51:56.095 I/FileLockLib( 2695): [2695]file 94 unlocked. fl.pid=0
05-29 20:51:56.096 I/FileLockLib( 2695): [2695]file 94 unlocked. fl.pid=0
05-29 20:51:56.100 W/IPCThreadState( 720): Sending oneway calls to frozen process.
05-29 20:51:56.104 W/IPCThreadState( 720): Sending oneway calls to frozen process.
05-29 20:51:56.108 I/ConnectivityService( 720): Update score for net 101 : +EVER_EVALUATED
05-29 20:51:56.109 D/TrafficStats( 2695): tagSocket(199) with statsTag=0xffffffff, statsUid=-1
05-29 20:51:56.109 D/ConnectivityService( 720): [101 WIFI] validation passed
05-29 20:51:56.110 I/ConnectivityService( 720): Update capabilities for net 101 : +VALIDATED
05-29 20:51:56.110 I/ConnectivityService( 720): Update score for net 101 : +EVER_VALIDATED+IS_VALIDATED
05-29 20:51:56.111 D/TrafficStats( 2695): tagSocket(209) with statsTag=0xffffffff, statsUid=-1
05-29 20:51:56.115 D/ConnectivityService( 720): NetReassign [no changes] [c 1] [a 0] [i 4]
05-29 20:51:56.121 D/InstantWifi( 720): Receive Wifi is connected, freq = 5805 and currentNetworkId : 5, wifiinfo = SSID: , BSSID: 02:00:00:00:00:00, MAC: 02:00:00:00:00:00, IP: /192.168.50.235, Security type: 2, Supplicant state: COMPLETED, Wi-Fi standard: 6, RSSI: -70, Link speed: 1200Mbps, Tx Link speed: 1200Mbps, Max Supported Tx Link speed: 1200Mbps, Rx Link speed: 6Mbps, Max Supported Rx Link speed: 1200Mbps, Frequency: 5805MHz, Net ID: -1, Metered hint: false, score: 60, isUsable: true, CarrierMerged: false, SubscriptionId: -1, IsPrimary: 1, Trusted: true, Restricted: false, Ephemeral: false, OEM paid: false, OEM private: false, OSU AP: false, FQDN: , Provider friendly name: , Requesting package name: MLO Information: , Is TID-To-Link negotiation supported by the AP: false, AP MLD Address: , AP MLO Link Id: , AP MLO Affiliated links:
05-29 20:51:56.124 D/TrafficStats( 2695): tagSocket(210) with statsTag=0xffffffff, statsUid=-1
05-29 20:51:56.135 D/aaa ( 1665): WiFi is connect
05-29 20:51:56.140 D/aaa ( 1665): WiFi is connect
05-29 20:51:56.145 W/IPCThreadState( 720): Sending oneway calls to frozen process.
05-29 20:51:56.159 W/IPCThreadState( 720): Sending oneway calls to frozen process.
05-29 20:51:56.161 D/ConnectivityService( 720): Setting DNS servers for network 101 to [/192.168.50.1]
05-29 20:51:56.161 D/DnsManager( 720): sendDnsConfigurationForNetwork(101, [192.168.50.1], [], 1800, 25, 8, 64, 0, 0, , [192.168.50.1])
05-29 20:51:56.162 W/resolv ( 492): Validating DnsTlsServer 192.168.50.1 with mark 0xf0065
05-29 20:51:56.165 W/resolv ( 492): SSL_connect ssl error =5, mark 0xf0065: Connection refused
05-29 20:51:56.165 W/resolv ( 492): TLS Handshake failed
05-29 20:51:56.165 W/resolv ( 492): query failed
05-29 20:51:56.165 W/resolv ( 492): validateDnsTlsServer returned 0 for 192.168.50.1
05-29 20:51:56.166 W/ContextImpl( 720): Calling a method in the system process without a qualified user: android.app.ContextImpl.sendStickyBroadcast:1626 android.net.connectivity.com.android.server.ConnectivityService.sendStickyBroadcast:3280 android.net.connectivity.com.android.server.ConnectivityService.sendGeneralBroadcast:3250 android.net.connectivity.com.android.server.ConnectivityService.sendInetConditionBroadcast:3227 android.net.connectivity.com.android.server.ConnectivityService.updateInetCondition:9819
05-29 20:51:56.166 W/IPCThreadState( 720): Sending oneway calls to frozen process.
05-29 20:51:56.166 W/IPCThreadState( 720): Sending oneway calls to frozen process.
05-29 20:51:56.167 W/resolv ( 492): Validation failed
05-29 20:51:56.167 W/IPCThreadState( 720): Sending oneway calls to frozen process.
05-29 20:51:56.167 W/IPCThreadState( 720): Sending oneway calls to frozen process.
05-29 20:51:56.167 W/IPCThreadState( 720): Sending oneway calls to frozen process.
05-29 20:51:56.168 W/IPCThreadState( 720): Sending oneway calls to frozen process.
05-29 20:51:56.168 W/IPCThreadState( 720): Sending oneway calls to frozen process.
05-29 20:51:56.168 W/IPCThreadState( 720): Sending oneway calls to frozen process.
05-29 20:51:56.168 W/IPCThreadState( 720): Sending oneway calls to frozen process.
05-29 20:51:56.168 W/IPCThreadState( 720): Sending oneway calls to frozen process.
05-29 20:51:56.170 W/LastMileLogger( 720): Failed to stop event tracing: /sys/kernel/debug/tracing/instances/wifi/tracing_on: open failed: ENOENT (No such file or directory)
05-29 20:51:56.190 D/WifiMemoryStoreImpl( 720): Set cluster G9af7fa88b81e1bd8 for Wa035af47ea9020ae: SUCCESS
05-29 20:51:56.191 D/WifiConfigStore( 720): Writing to stores completed in 7 ms.
05-29 20:51:56.203 I/system_server( 720): Background young concurrent copying GC freed 323916(11MB) AllocSpace objects, 51(2120KB) LOS objects, 39% free, 18MB/30MB, paused 1.110ms,418us total 124.592ms
05-29 20:51:56.344 E/nStackXDFinder( 3061): GetLocalIp:[401] :GetLocalIp exec
05-29 20:51:56.344 W/nStackXCoAP( 3061): CoapServiceDiscoverInner:[565] :clear device list
05-29 20:51:56.344 E/nStackXDFinder( 3061): GetLocalIp:[401] :GetLocalIp exec
05-29 20:51:56.344 E/nStackXDFinder( 3061): GetLocalIp:[401] :GetLocalIp exec
05-29 20:51:56.345 I/nStackXCoAP( 3061): CoapServiceDiscoverInner:[580] :the first time for device discover.
05-29 20:51:56.375 E/raop ( 2861): JavaCallback init
05-29 20:51:56.428 D/IM-VIDEO( 2113): HCLogin reloginTime, result: 5.40 sec
05-29 20:51:56.428 D/IM-VIDEO( 2113): HCLogin restart, begin.
05-29 20:51:56.428 E/IM-VIDEO( 2113): [DomainManager] HOST_API is empty
05-29 20:51:56.428 E/IM-VIDEO( 2113): [DomainManager] HOST_HISTORY is empty
05-29 20:51:56.429 D/IM-VIDEO( 2113): Nexus connectUsingConfiguration
05-29 20:51:56.442 D/TrafficStats( 2113): tagSocket(291) with statsTag=0xb8d5c28e, statsUid=-1
05-29 20:51:56.445 E/nStackXDFinder( 3061): GetLocalIp:[401] :GetLocalIp exec
05-29 20:51:56.445 E/nStackXDFinder( 3061): GetLocalIp:[401] :GetLocalIp exec
05-29 20:51:56.445 E/nStackXDFinder( 3061): GetLocalIp:[401] :GetLocalIp exec
05-29 20:51:56.445 I/nStackXCoAP( 3061): CoapServiceDiscoverTimerHandle:[524] :the 2 times for device discover.
05-29 20:51:56.496 D/IM-VIDEO( 2113): Nexus connectUsingConfiguration, connect: multitv-im-conn.ptqy.gitv.tv(124.237.225.44)
05-29 20:51:56.496 D/IM-VIDEO( 2113): Nexus initConnection
05-29 20:51:56.496 D/IM-VIDEO( 2113): Nexus initReaderAndWriter
05-29 20:51:56.496 D/IM-VIDEO( 2113): NexusReader newConnection
05-29 20:51:56.496 D/IM-VIDEO( 2113): NexusReader startup
05-29 20:51:56.496 D/IM-VIDEO( 2113): NexusReader startup, readerFuture cancel
05-29 20:51:56.496 D/IM-VIDEO( 2113): NexusReader startup, submit runCode: 243819130
05-29 20:51:56.497 E/IM-VIDEO( 2113): [IMService], onSocketConnected.--- 2113 - 8612
05-29 20:51:56.497 D/IM-VIDEO( 2113): SocketBinder notifySocketConnected, callback size: 1
05-29 20:51:56.497 E/IM_PS ( 2113): [ImPushServiceManager] onSocketConnected connect
05-29 20:51:56.497 D/IM_PS ( 2113): [ImPushServiceManager] selfStartWork mStart = true socketConnected = true allowPush = true
05-29 20:51:56.498 D/IM_PS ( 2113): [ImPushServiceManager] startWork
05-29 20:51:56.498 D/IM_PS ( 2113): [ImPushServiceManager] connect deviceId = 1021tv_94a529479db8c9c9708b61933f5f1e03_1747915974705_5906344608 appId = 1021
05-29 20:51:56.498 D/IM_PS ( 2113): [ImPushServiceManager] connect isSelfStart = false latestConnectTime = 1748523105721 currentTimeMilliSecond = 1748523116498
05-29 20:51:56.498 D/IM-VIDEO( 2113): [IMService], onSocketConnected over.
05-29 20:51:56.499 D/IM-VIDEO( 2113): HCLogin asyncRestart, loop stop.
05-29 20:51:56.503 D/IM_PS ( 2113): [ImPushMessageManager] sendConnectMessage oneMessage = version: 2
05-29 20:51:56.503 D/IM_PS ( 2113): push_connect <
05-29 20:51:56.503 D/IM_PS ( 2113): app_version: "15.5.0.196866"
05-29 20:51:56.503 D/IM_PS ( 2113): appid: 1021
05-29 20:51:56.503 D/IM_PS ( 2113): channel: "unknown"
05-29 20:51:56.503 D/IM_PS ( 2113): device_identifier: "tv_94a529479db8c9c9708b61933f5f1e03_1747915974705_5906344608"
05-29 20:51:56.503 D/IM_PS ( 2113): deviceid: "tv_94a529479db8c9c9708b61933f5f1e03_1747915974705_5906344608"
05-29 20:51:56.503 D/IM_PS ( 2113): dual: true
05-29 20:51:56.503 D/IM_PS ( 2113): extra: ""
05-29 20:51:56.503 D/IM_PS ( 2113): i_push_token: "1021tv_94a529479db8c9c9708b61933f5f1e03_1747915974705_5906344608"
05-29 20:51:56.503 D/IM_PS ( 2113): network: 1
05-29 20:51:56.503 D/IM_PS ( 2113): os_platform: -1
05-29 20:51:56.503 D/IM_PS ( 2113): os_version: "34"
05-29 20:51:56.503 D/IM_PS ( 2113): platform: 21
05-29 20:51:56.503 D/IM_PS ( 2113): region: "unknown"
05-29 20:51:56.503 D/IM_PS ( 2113): signal: true
05-29 20:51:56.503 D/IM_PS ( 2113): ua: "unknown"
05-29 20:51:56.503 D/IM_PS ( 2113): uid: ""
05-29 20:51:56.503 D/IM_PS ( 2113):
> 05-29 20:51:56.504 D/IM_PS ( 2113): [ImPushServiceManager] connectImPush result = true
05-29 20:51:56.505 I/CONNECTOR( 2113): Sent(276): 070002000200010800389B6D08021283020A403130323174765F39346135323934373964623863396339373038623631393333663566316530335F313734373931353937343730355F35393036333434363038123C74765F39346135323934373964623863396339373038623631393333663566316530335F313734373931353937343730355F3539303633343436303818FD07220D31352E352E302E313936383636281530013A07756E6B6E6F776E50015801620233346A07756E6B6E6F776E7207756E6B6E6F776E78FFFFFFFFFFFFFFFFFF0182013C74765F39346135323934373964623863396339373038623631393333663566316530335F313734373931353937343730355F35393036333434363038
05-29 20:51:56.559 D/IM-VIDEO( 2113): Spell, bodyLength:84
05-29 20:51:56.560 D/IM-VIDEO( 2113): Connector onArcaneReceive, biz: 2
05-29 20:51:56.562 D/IM_PS ( 2113): [ImPushDualConfirm] onSocketConnectSuccess
05-29 20:51:56.562 D/IM_PS ( 2113): [ImPushServiceManager] connectImPush mConnect = true
05-29 20:51:56.562 D/IM_PS ( 2113): [ImPushServiceManager] connect connectImPush result = true
05-29 20:51:56.562 D/IM_PS ( 2113): [ImPushServiceManager] onImPushConnected pushType = TIGASE_PUSH
05-29 20:51:56.562 D/IM-VIDEO( 2113): [IMService] onDataReceived over.
05-29 20:51:56.563 D/IM_PS ( 2113): [get:push_key_chain]
05-29 20:51:56.576 D/NearFieldManagerImpl( 3061): onReceive action get:android.net.conn.CONNECTIVITY_CHANGE
05-29 20:51:56.577 D/NearFieldUtils( 3061): getPreferredIpAddress exec
05-29 20:51:56.577 D/BLOG-EVENT-Network( 1488): network changed: 3=>1
05-29 20:51:56.577 D/NearFieldUtils( 3061): getPreferredIpAddress by custom priority
05-29 20:51:56.577 D/NearFieldUtils( 3061): getIpByInterfaceSetting customIdnNetworkPriority:[]
05-29 20:51:56.577 D/NearFieldUtils( 3061): getPreferredIpAddress by default priority
05-29 20:51:56.580 D/BLOG-EVENT-Network( 2179): network changed: 3=>1
05-29 20:51:56.583 W/chromium( 2179): [0529/205156.583447:WARNING:record_cache.cc(53)] Cache on network changed cache_policy {disable_clear=1, enable_multi_caches=1}
05-29 20:51:56.589 D/BLOG-EVENT-Network( 1488): network changed: 3=>1
05-29 20:51:56.590 W/chromium( 1488): [0529/205156.590639:WARNING:record_cache.cc(53)] Cache on network changed cache_policy {disable_clear=1, enable_multi_caches=1}
05-29 20:51:56.591 D/aaa ( 1665): action:android.net.conn.CONNECTIVITY_CHANGE
05-29 20:51:56.592 I/work_thread( 2643): type=1400 audit(0.0:1987): avc: denied { read } for name="address" dev="sysfs" ino=22127 scontext=u:r:system_app:s0 tcontext=u:object_r:sysfs_net:s0 tclass=file permissive=1
05-29 20:51:56.592 I/work_thread( 2643): type=1400 audit(0.0:1988): avc: denied { search } for name="net" dev="sysfs" ino=12345 scontext=u:r:system_app:s0 tcontext=u:object_r:sysfs_net:s0 tclass=dir permissive=1
05-29 20:51:56.592 I/work_thread( 2643): type=1400 audit(0.0:1989): avc: denied { open } for path="/sys/devices/virtual/net/dummy0/address" dev="sysfs" ino=22127 scontext=u:r:system_app:s0 tcontext=u:object_r:sysfs_net:s0 tclass=file permissive=1
05-29 20:51:56.592 I/work_thread( 2643): type=1400 audit(0.0:1990): avc: denied { getattr } for path="/sys/devices/virtual/net/dummy0/address" dev="sysfs" ino=22127 scontext=u:r:system_app:s0 tcontext=u:object_r:sysfs_net:s0 tclass=file permissive=1
05-29 20:51:56.592 D/BLOG-EVENT-Network( 1488): network changed: 3=>1
05-29 20:51:56.592 D/RockyReceiver( 1802): action: android.net.conn.CONNECTIVITY_CHANGE
05-29 20:51:56.595 I/SendAliveManager( 1431): doWhenNetworkStateChanged
05-29 20:51:56.597 E/hq ( 1453): NetWorkStateReceiver:::NetWorkStateReceiver onReceive: 网络变化广播 >>>> intent.action=android.net.conn.CONNECTIVITY_CHANGE
05-29 20:51:56.597 I/Receiver( 1802): 网络连接成功
05-29 20:51:56.598 D/IM-VIDEO( 2113): [BroadcastCenter] onReceive: android.net.conn.CONNECTIVITY_CHANGE
05-29 20:51:56.599 D/IM-VIDEO( 2113): [BroadcastCenter] onReceive: android.net.conn.CONNECTIVITY_CHANGE
05-29 20:51:56.600 I/FileLockLib( 2695): [2695]file 94 unlocked. fl.pid=0
05-29 20:51:56.603 W/System.err( 1069): java.lang.NoSuchMethodException: android.net.SntpClient.requestTime [class java.lang.String, int, class android.net.Network]
05-29 20:51:56.603 I/FileLockLib( 2695): [2695]file 94 unlocked. fl.pid=0
05-29 20:51:56.603 W/System.err( 1069): at java.lang.Class.getMethod(Class.java:2937)
05-29 20:51:56.603 W/System.err( 1069): at java.lang.Class.getMethod(Class.java:2449)
05-29 20:51:56.603 W/System.err( 1069): at com.droidlogic.NtpService.SyncTimeLock(NtpService.java:113)
05-29 20:51:56.603 W/System.err( 1069): at com.droidlogic.NtpService.-$$Nest$mSyncTimeLock(Unknown Source:0)
05-29 20:51:56.603 W/System.err( 1069): at com.droidlogic.NtpService$2.run(NtpService.java:104)
05-29 20:51:56.603 W/System.err( 1069): at android.os.Handler.handleCallback(Handler.java:958)
05-29 20:51:56.603 W/System.err( 1069): at android.os.Handler.dispatchMessage(Handler.java:99)
05-29 20:51:56.603 W/System.err( 1069): at android.os.Looper.loopOnce(Looper.java:205)
05-29 20:51:56.603 W/System.err( 1069): at android.os.Looper.loop(Looper.java:294)
05-29 20:51:56.603 W/System.err( 1069): at android.os.HandlerThread.run(HandlerThread.java:67)
05-29 20:51:56.603 I/FileLockLib( 2695): [2695]file 94 unlocked. fl.pid=0
05-29 20:51:56.605 I/FileLockLib( 2839): [2839]file 86 locked by pid: 2695. lock type: 0
05-29 20:51:56.608 W/BestClock( 720): java.time.DateTimeException: Missing network time fix
05-29 20:51:56.609 W/BestClock( 720): java.time.DateTimeException: Missing network time fix
05-29 20:51:56.611 D/IM-VIDEO( 2113): [ProcessBroadcastTask] run: android.net.conn.CONNECTIVITY_CHANGE
05-29 20:51:56.615 D/IM-VIDEO( 2113): [HCPing] sendOnChildThread.
05-29 20:51:56.616 D/IM-VIDEO( 2113): Q> ConnState onPingSuccess
05-29 20:51:56.616 D/IM-VIDEO( 2113): Broadcast sendTo: com.earth.hotchat.connect.ping.success
05-29 20:51:56.617 I/CONNECTOR( 2113): Sent(3): 070000
05-29 20:51:56.617 D/IM-VIDEO( 2113): PingbackStore batchUpload, done
05-29 20:51:56.617 I/okhttp.OkHttpClient( 1400): --> POST http://tymsgapi.qun7.com/v1/core/rom (527-byte body)
05-29 20:51:56.618 I/FileLockLib( 2695): [2695]file 94 unlocked. fl.pid=0
05-29 20:51:56.620 E/hq ( 1453): NetWorkStateReceiver:::Network is available. isConnect=false 是否频次过快=false t=1748523116620
05-29 20:51:56.621 W/eventbuscore( 1453): post Event:com.dangbei.leard.base.entity.event.NetStateEvent
05-29 20:51:56.621 D/AppManager( 1453): requestBlackAndWhiteList
05-29 20:51:56.622 D/AppListModel( 1453): requestAppFilterList: false , false
05-29 20:51:56.622 E/DangXiaoBeiManager( 1453): setMessageList: true
05-29 20:51:56.623 E/hq ( 1453): 当小贝:::message list add complete data.messageList:[]
05-29 20:51:56.623 E/hq ( 1453): data.tabList=[]
05-29 20:51:56.623 I/hq ( 1453): 当小贝:::showMessage from=net_change
05-29 20:51:56.623 E/StartupService( 2861): onConnected:
05-29 20:51:56.623 I/hq ( 1453): 当小贝:::showMessage 没有消息需要显示
05-29 20:51:56.623 D/yc_test ( 1453): refreshWeather: null
05-29 20:51:56.632 D/IM-VIDEO( 2113): [ProcessBroadcastTask] run: android.net.conn.CONNECTIVITY_CHANGE
05-29 20:51:56.634 W/efs.info.manager( 2861): network change: wifi
05-29 20:51:56.636 D/LanSocketServer( 1400): connect
05-29 20:51:56.637 D/IM-VIDEO( 2113): PingbackStore batchUpload, done
05-29 20:51:56.637 D/IM-VIDEO( 2113): [HCPing] sendOnChildThread.
05-29 20:51:56.638 D/IM-VIDEO( 2113): Q> ConnState onPingSuccess
05-29 20:51:56.638 I/CONNECTOR( 2113): Sent(3): 070000
05-29 20:51:56.638 D/IM-VIDEO( 2113): Broadcast sendTo: com.earth.hotchat.connect.ping.success
05-29 20:51:56.642 W/eventbuscore( 1453): post Event:com.dangbei.leard.base.entity.event.NetChangeEvent
05-29 20:51:56.645 E/nStackXDFinder( 3061): GetLocalIp:[401] :GetLocalIp exec
05-29 20:51:56.646 E/nStackXDFinder( 3061): GetLocalIp:[401] :GetLocalIp exec
05-29 20:51:56.646 E/nStackXDFinder( 3061): GetLocalIp:[401] :GetLocalIp exec
05-29 20:51:56.646 I/nStackXCoAP( 3061): CoapServiceDiscoverTimerHandle:[524] :the 3 times for device discover.
05-29 20:51:56.647 I/okhttp.OkHttpClient( 1400): --> POST http://tyapi.qun7.com/v1/core/launcherota (527-byte body)
05-29 20:51:56.650 D/NearFieldUtils( 3061): to get wlan0 ip address
05-29 20:51:56.650 D/NearFieldUtils( 3061): get wlan0 IP succeed.
05-29 20:51:56.650 E/NearFieldManagerImpl( 3061): notifyByPriority: interfaceNameInUse is null
05-29 20:51:56.650 D/NearFieldManagerImpl( 3061): handleConnectivityAction: notified by default
05-29 20:51:56.656 D/TrafficStats( 1400): tagSocket(96) with statsTag=0xffffffff, statsUid=-1
05-29 20:51:56.657 D/TrafficStats( 1453): tagSocket(125) with statsTag=0xffffffff, statsUid=-1
05-29 20:51:56.658 D/TrafficStats( 1453): tagSocket(128) with statsTag=0xffffffff, statsUid=-1
05-29 20:51:56.662 D/TrafficStats( 1453): tagSocket(132) with statsTag=0xffffffff, statsUid=-1
05-29 20:51:56.664 D/NearFieldUtils( 3061): to get wlan0 ip address
05-29 20:51:56.664 D/NearFieldUtils( 3061): get wlan0 IP succeed.
05-29 20:51:56.664 I/NearFieldManagerImpl( 3061): wlan Connected
05-29 20:51:56.664 I/HicomNf_java_to_c( 3061): notifyNetworkStateChanged with maskStr, networkType: 0, networkState: 0, mask:
05-29 20:51:56.664 I/HicomNfMainCtrlManager( 3061): NotifyNetworkStateChanged is called with networkState: 0
05-29 20:51:56.664 I/HicomNfMainCtrlManager( 3061): P2P and USB are both disconnected
05-29 20:51:56.664 I/HicomNfSecureManager( 3061): stop listening
05-29 20:51:56.664 I/HicomNfSecureManager( 3061): StopListening, m_sessionInfoLock out, before calling NSTACKX_DMsgClose 2
05-29 20:51:56.664 I/HicomNfSecureManager( 3061): StopListening, after calling NSTACKX_DMsgClose 2
05-29 20:51:56.671 I/HicomNf_java_to_c( 3061): notifyNetworkStateChanged with maskStr, networkType: 0, networkState: 1, mask: 255.255.255.0
05-29 20:51:56.671 I/HicomNfMainCtrlManager( 3061): NotifyNetworkStateChanged is called with networkState: 1
05-29 20:51:56.671 I/HicomNfSecureManager( 3061): StartListening, before calling NSTACKX_DMsgServer
05-29 20:51:56.671 I/nStackXDMsg( 3061): NSTACKX_DMsgServer:[1335] :msgReceiver is not NULL
05-29 20:51:56.671 D/nStackXDMsg( 3061): StartDMsgMainThread:[1274] :pthread_create
05-29 20:51:56.671 I/HicomNfSecureManager( 3061): StartListening, after calling NSTACKX_DMsgServer
05-29 20:51:56.671 I/HicomNfSecureManager( 3061): OnehopSecureCtrlManager: succeeded to StartListening with type 0
05-29 20:51:56.674 D/TrafficStats( 1453): tagSocket(130) with statsTag=0xffffffff, statsUid=-1
05-29 20:51:56.676 W/efs.info.manager( 3061): network change: wifi
05-29 20:51:56.682 D/LanSocketServer( 1400): connect /192.168.50.235:6689
05-29 20:51:56.682 D/TrafficStats( 1400): tagSocket(90) with statsTag=0xffffffff, statsUid=-1
05-29 20:51:56.682 D/LanSocketServer( 1400): connect start
05-29 20:51:56.682 E/LanCommander( 1400): onNetWorkChanged: true
05-29 20:51:56.682 D/TrafficStats( 1488): tagSocket(99) with statsTag=0xffffffff, statsUid=-1
05-29 20:51:56.684 D/TrafficStats( 1400): tagSocket(104) with statsTag=0xffffffff, statsUid=-1
05-29 20:51:56.685 E/hq ( 1453): listenerNet:::重新来网了 key=image_error isConnect=true
05-29 20:51:56.685 E/hq ( 1453): listenerNet:::重新来网了 key=requestNetAppAdInfo isConnect=true
05-29 20:51:56.687 E/LanCommander( 1400): onServerCreatedSuccess 192.168.50.235:6689
05-29 20:51:56.690 E/RCInfo ( 1400): vid:000d
05-29 20:51:56.690 E/RCInfo ( 1400): pid:3838
05-29 20:51:56.690 E/RCInfo ( 1400): RCBrand:XIMI
05-29 20:51:56.690 D/TrafficStats( 1453): tagSocket(154) with statsTag=0xffffffff, statsUid=-1
05-29 20:51:56.691 E/RCInfo ( 1400): vid:000d
05-29 20:51:56.691 E/RCInfo ( 1400): pid:3838
05-29 20:51:56.692 E/RCInfo ( 1400): vid:000d
05-29 20:51:56.692 E/RCInfo ( 1400): pid:3838
05-29 20:51:56.711 I/okhttp.OkHttpClient( 1400): <-- 200 OK http://tymsgapi.qun7.com/v1/core/rom (93ms, unknown-length body)
05-29 20:51:56.717 E/ccc ( 1400): cccccc requestOtaInfo result BaseResponse{message='success', data=OtaUpdateBean{downloadId='3859', updateType=1, romVersionName='5.0.0.7', romCode=66666, current=0, romMd5v='e5fc8d9a29132ffd8efdc3842c3c35a5', romLength=1107791189, romSize='1.0 GB', downUrl='http://dl.qun7.com/H5/H5Pro/5.0.0.6-20250530-wsyv%20/user_H5P_S905X5M_20250529_3-ota.zip', reUrl='http://dl.v5tv.com/H5/H5Pro/5.0.0.6-20250530-wsyv%20/user_H5P_S905X5M_20250529_3-ota.zip', reUrl2='http://dl.tymcdn.com/H5/H5Pro/5.0.0.6-20250530-wsyv%20/user_H5P_S905X5M_20250529_3-ota.zip', tempUrl='null', remark='30号早上9点配置OTA升级
05-29 20:51:56.717 E/ccc ( 1400): 固件时间:29号晚上10点
05-29 20:51:56.717 E/ccc ( 1400): 更新信息:
05-29 20:51:56.717 E/ccc ( 1400): user_H5P_S905X5M_20250529_3
05-29 20:51:56.717 E/ccc ( 1400): 链接: https://pan.baidu.com/s/13dvHYrF9ktJxYMb1qkA6TA?pwd=wsyv 提取码: wsyv
05-29 20:51:56.717 E/ccc ( 1400): 1.修复深度清理卡死log异常 对应Redmine bug 10
05-29 20:51:56.717 E/ccc ( 1400): 2.47981 47937对应相关禅道bug
05-29 20:51:56.717 E/ccc ( 1400): 对应Redmine bug #29 #19 #78 #52 #27 #26
05-29 20:51:56.717 E/ccc ( 1400): 加油,各位老表,干完今天回家过端午', status=idle, progress=0.0, filterMac=[], localPath='null', popup=1, isPaused=false, cancelled=false, extraInfo='null'}, code=0}
05-29 20:51:56.719 I/serviceDiscovery( 720): [MdnsAdvertiser] Removing service with ID 6
05-29 20:51:56.721 E/ccc ( 3287): cccccc notifyUpdateChanged {"code":1,"data":{"hasUpdate":true,"what":3,"why":-1},"message":"更新状态变化"}
05-29 20:51:56.722 E/ccc ( 1400): cccccc updateHelper 通知更新
05-29 20:51:56.723 E/ccc ( 1400): cccccc OtaUpdateHelper 普通更新 1
05-29 20:51:56.723 I/serviceDiscovery( 720): [MdnsSocketProvider] Stop monitoring sockets.
05-29 20:51:56.723 I/TetheringManager( 720): unregisterTetheringEventCallback caller:android
05-29 20:51:56.724 D/LanCommander( 1400): com.dangbei.andes.bean.RegistrationData@4b8ac50----------------onServiceUnregistered
05-29 20:51:56.728 E/HigherBroadcastServer( 1400): {"bluetoothBoot":false,"bluetoothController":false,"bluetoothMac":"1C:79:2D:23:39:4C","deviceModel":"DBBOX-A3","deviceModelNumber":"H5P464","deviceName":"客厅的当贝盒子","findController":0,"hostName":"192.168.50.235","inetAddress":"192.168.50.235","mac":"20:02:FE:19:C2:47","port":6689,"romCode":5007,"romVersion":"5.0.0.7","wifiMac":"1C:79:2D:23:39:4B","deviceId":"db00d666d3ad4ac3d4c51a9f619ad223","sn":"DZOH5P8251971600"}
05-29 20:51:56.728 W/NsdServiceInfo( 1400): Key lengths > 9 are discouraged: deviceModel
05-29 20:51:56.728 W/NsdServiceInfo( 1400): Key lengths > 9 are discouraged: deviceModelNumber
05-29 20:51:56.728 W/NsdServiceInfo( 1400): Key lengths > 9 are discouraged: deviceName
05-29 20:51:56.728 W/NsdServiceInfo( 1400): Key lengths > 9 are discouraged: romVersion
05-29 20:51:56.728 W/NsdServiceInfo( 1400): Key lengths > 9 are discouraged: findController
05-29 20:51:56.749 I/okhttp.OkHttpClient( 1400): --> POST http://tymsgapi.qun7.com/v1/core/logip (594-byte body)
05-29 20:51:56.759 I/serviceDiscovery( 720): [MdnsSocketProvider] Start monitoring sockets.
05-29 20:51:56.760 I/TetheringManager( 720): registerTetheringEventCallback caller:android
05-29 20:51:56.760 I/serviceDiscovery( 720): [MdnsAdvertiser] Adding service name: 192.168.50.235, type: _db_controller._tcp, hostAddresses: /192.168.50.235, port: 6689, network: null, txtRecord: deviceModel=DBBOX-A3romVersion=5.0.0.7findController=0sn=DZOH5P8251971600mac=20:02:FE:19:C2:47 deviceName=客厅的当贝盒子)deviceId=db00d666d3ad4ac3d4c51a9f619ad223deviceModelNumber=H5P464 romCode=5007 with ID 7 and subtype null
05-29 20:51:56.761 D/IpClient/wlan0( 999): addressUpdated: fe80::fe71:94dd:8714:f39f/64 on ifindex 16 flags 0x00000880 scope 253
05-29 20:51:56.764 D/ConnectivityService( 720): NetReassign [no changes] [c 0] [a 1] [i 2]
05-29 20:51:56.765 I/okhttp.OkHttpClient( 1400): --> POST http://tymsgapi.qun7.com/v1/core/appupdate (3820-byte body)
05-29 20:51:56.771 D/TrafficStats( 1400): tagSocket(111) with statsTag=0xffffffff, statsUid=-1
05-29 20:51:56.772 I/lerad.etna.haqu( 1400): Background young concurrent copying GC freed 36159(2628KB) AllocSpace objects, 4(80KB) LOS objects, 27% free, 4571KB/6303KB, paused 212us,128us total 105.677ms
05-29 20:51:56.774 W/System ( 1400): A resource failed to call close.
05-29 20:51:56.774 W/System ( 1400): A resource failed to call close.
05-29 20:51:56.774 W/System ( 1400): A resource failed to call close.
05-29 20:51:56.774 W/System ( 1400): A resource failed to call close.
05-29 20:51:56.777 I/okhttp.OkHttpClient( 1400): <-- 200 OK http://tyapi.qun7.com/v1/core/launcherota (129ms, unknown-length body)
05-29 20:51:56.777 I/okhttp.OkHttpClient( 1400): <-- 200 OK http://tymsgapi.qun7.com/v1/core/logip (27ms, 81-byte body)
05-29 20:51:56.778 I/HttpUtil( 1400): success
05-29 20:51:56.780 E/ccc ( 1400): cccccc launcher ota response is BaseResponse{message='success', data=UpgradeInfoEntity{contentLength=0, versionName='', versionCode=0, remark='', list=[]}, code=0}
05-29 20:51:56.780 W/System.err( 1400): java.lang.IndexOutOfBoundsException: Index 0 out of bounds for length 0
05-29 20:51:56.780 W/System.err( 1400): at jdk.internal.util.Preconditions.outOfBounds(Preconditions.java:64)
05-29 20:51:56.780 W/System.err( 1400): at jdk.internal.util.Preconditions.outOfBoundsCheckIndex(Preconditions.java:70)
05-29 20:51:56.780 W/System.err( 1400): at jdk.internal.util.Preconditions.checkIndex(Preconditions.java:266)
05-29 20:51:56.780 W/System.err( 1400): at java.util.Objects.checkIndex(Objects.java:359)
05-29 20:51:56.780 W/System.err( 1400): at java.util.ArrayList.get(ArrayList.java:434)
05-29 20:51:56.780 W/System.err( 1400): at com.dangbei.etna.update.launcher.LauncherUpdateHelper$requestLauncherUpdateInfo$1$2.invoke(LauncherUpdateHelper.kt:198)
05-29 20:51:56.780 W/System.err( 1400): at com.dangbei.etna.update.launcher.LauncherUpdateHelper$requestLauncherUpdateInfo$1$2.invoke(LauncherUpdateHelper.kt:189)
05-29 20:51:56.780 W/System.err( 1400): at com.etna.haqu.support.ext.FlowExtKt$safeCollect$3.emit(FlowExt.kt:52)
05-29 20:51:56.780 W/System.err( 1400): at kotlinx.coroutines.flow.FlowKt__ErrorsKt$catchImpl$2.emit(Errors.kt:158)
05-29 20:51:56.780 W/System.err( 1400): at kotlinx.coroutines.flow.FlowKt__ChannelsKt.emitAllImpl$FlowKt__ChannelsKt(Channels.kt:62)
05-29 20:51:56.780 W/System.err( 1400): at kotlinx.coroutines.flow.FlowKt__ChannelsKt.access$emitAllImpl$FlowKt__ChannelsKt(Channels.kt:1)
05-29 20:51:56.780 W/System.err( 1400): at kotlinx.coroutines.flow.FlowKt__ChannelsKt$emitAllImpl$1.invokeSuspend(Unknown Source:14)
05-29 20:51:56.780 D/TrafficStats( 720): tagSocket(526) with statsTag=0xffffffff, statsUid=-1
05-29 20:51:56.780 W/System.err( 1400): at kotlin.coroutines.jvm.internal.BaseContinuationImpl.resumeWith(ContinuationImpl.kt:33)
05-29 20:51:56.780 W/System.err( 1400): at kotlinx.coroutines.DispatchedTask.run(DispatchedTask.kt:106)
05-29 20:51:56.780 W/System.err( 1400): at android.os.Handler.handleCallback(Handler.java:958)
05-29 20:51:56.780 W/System.err( 1400): at android.os.Handler.dispatchMessage(Handler.java:99)
05-29 20:51:56.780 W/System.err( 1400): at android.os.Looper.loopOnce(Looper.java:205)
05-29 20:51:56.780 W/System.err( 1400): at android.os.Looper.loop(Looper.java:294)
05-29 20:51:56.781 W/System.err( 1400): at android.app.ActivityThread.main(ActivityThread.java:8255)
05-29 20:51:56.781 W/System.err( 1400): at java.lang.reflect.Method.invoke(Native Method)
05-29 20:51:56.781 W/System.err( 1400): at com.android.internal.os.RuntimeInit$MethodAndArgsCaller.run(RuntimeInit.java:552)
05-29 20:51:56.781 W/System.err( 1400): at com.android.internal.os.ZygoteInit.main(ZygoteInit.java:978)
05-29 20:51:56.782 E/ccc ( 3287): cccccc notifyUpdateChanged {"code":1,"data":{"hasUpdate":false,"what":1,"why":-1},"message":"更新状态变化"}
05-29 20:51:56.783 E/ccc ( 1400): cccccc updateHelper 通知更新
05-29 20:51:56.833 E/hq ( 1453): WeatherRefresh:::请求网络地址后,更新的地理位置为:101280601
05-29 20:51:56.836 I/okhttp.OkHttpClient( 1400): <-- 200 OK http://tymsgapi.qun7.com/v1/core/appupdate (70ms, unknown-length body)
05-29 20:51:56.846 E/nStackXDFinder( 3061): GetLocalIp:[401] :GetLocalIp exec
05-29 20:51:56.847 E/nStackXDFinder( 3061): GetLocalIp:[401] :GetLocalIp exec
05-29 20:51:56.847 E/nStackXDFinder( 3061): GetLocalIp:[401] :GetLocalIp exec
05-29 20:51:56.847 I/nStackXCoAP( 3061): CoapServiceDiscoverTimerHandle:[524] :the 4 times for device discover.
05-29 20:51:56.864 D/bbb ( 1736): onStartCommand begin !!!!!!! data分区剩余 50923MB
05-29 20:51:56.874 D/TrafficStats( 2861): tagSocket(141) with statsTag=0xffffffff, statsUid=-1
05-29 20:51:56.876 D/TrafficStats( 1453): tagSocket(135) with statsTag=0xffffffff, statsUid=-1
05-29 20:51:56.885 D/TrafficStats( 1453): tagSocket(195) with statsTag=0xffffffff, statsUid=-1
05-29 20:51:56.885 D/TrafficStats( 1453): tagSocket(193) with statsTag=0xffffffff, statsUid=-1
05-29 20:51:56.889 E/martin ( 1453): 组件:2025-05-29
05-29 20:51:56.890 E/weatherWidget( 1453): dataChange:Thu May 29 20:51:56 GMT+08:00 2025
05-29 20:51:56.893 D/TrafficStats( 1453): tagSocket(142) with statsTag=0xffffffff, statsUid=-1
05-29 20:51:56.894 D/TrafficStats( 1453): tagSocket(173) with statsTag=0xffffffff, statsUid=-1
05-29 20:51:56.948 D/TrafficStats( 1453): tagSocket(135) with statsTag=0xffffffff, statsUid=-1
05-29 20:51:56.962 D/TrafficStats( 1453): tagSocket(140) with statsTag=0xffffffff, statsUid=-1
05-29 20:51:56.966 D/TrafficStats( 1453): tagSocket(174) with statsTag=0xffffffff, statsUid=-1
05-29 20:51:56.971 D/TrafficStats( 1453): tagSocket(156) with statsTag=0xffffffff, statsUid=-1
05-29 20:51:56.974 D/TrafficStats( 1453): tagSocket(175) with statsTag=0xffffffff, statsUid=-1
05-29 20:51:57.032 I/Advertiser( 2113): type=1400 audit(0.0:1991): avc: denied { read } for name="address" dev="sysfs" ino=22127 scontext=u:r:untrusted_app_27:s0:c512,c768 tcontext=u:object_r:sysfs_net:s0 tclass=file permissive=1 app=com.gitvdemo.video
05-29 20:51:57.042 D/TrafficStats( 1453): tagSocket(135) with statsTag=0xffffffff, statsUid=-1
05-29 20:51:57.044 W/System.err( 2113): java.io.IOException: sendto failed: ENETUNREACH (Network is unreachable)
05-29 20:51:57.044 W/System.err( 2113): at libcore.io.IoBridge.maybeThrowAfterSendto(IoBridge.java:721)
05-29 20:51:57.044 W/System.err( 2113): at libcore.io.IoBridge.sendto(IoBridge.java:688)
05-29 20:51:57.044 W/System.err( 2113): at java.net.PlainDatagramSocketImpl.send(PlainDatagramSocketImpl.java:126)
05-29 20:51:57.044 W/System.err( 2113): at java.net.DatagramSocket.send(DatagramSocket.java:723)
05-29 20:51:57.044 W/System.err( 2113): at org.cybergarage.upnp.ssdp.a.b(HTTPMUSocket.java:289)
05-29 20:51:57.044 W/System.err( 2113): at org.cybergarage.upnp.ssdp.a.a(HTTPMUSocket.java:304)
05-29 20:51:57.044 W/System.err( 2113): at org.cybergarage.upnp.ssdp.e.a(SSDPNotifySocket.java:103)
05-29 20:51:57.044 W/System.err( 2113): at org.cybergarage.upnp.Device.announce(Device.java:2681)
05-29 20:51:57.044 W/System.err( 2113): at org.cybergarage.upnp.Device.announce(Device.java:2770)
05-29 20:51:57.044 W/System.err( 2113): at org.cybergarage.upnp.device.a.run(Advertiser.java:66)
05-29 20:51:57.044 D/TrafficStats( 1453): tagSocket(142) with statsTag=0xffffffff, statsUid=-1
05-29 20:51:57.044 W/System.err( 2113): at java.lang.Thread.run(Thread.java:1012)
05-29 20:51:57.044 W/System.err( 2113): Caused by: android.system.ErrnoException: sendto failed: ENETUNREACH (Network is unreachable)
05-29 20:51:57.044 W/System.err( 2113): at libcore.io.Linux.sendtoBytes(Native Method)
05-29 20:51:57.044 W/System.err( 2113): at libcore.io.Linux.sendto(Linux.java:235)
05-29 20:51:57.044 W/System.err( 2113): at libcore.io.ForwardingOs.sendto(ForwardingOs.java:718)
05-29 20:51:57.044 W/System.err( 2113): at libcore.io.BlockGuardOs.sendto(BlockGuardOs.java:398)
05-29 20:51:57.044 W/System.err( 2113): at libcore.io.ForwardingOs.sendto(ForwardingOs.java:718)
05-29 20:51:57.044 W/System.err( 2113): at libcore.io.IoBridge.sendto(IoBridge.java:686)
05-29 20:51:57.044 W/System.err( 2113): ... 9 more
05-29 20:51:57.053 D/TrafficStats( 1453): tagSocket(156) with statsTag=0xffffffff, statsUid=-1
05-29 20:51:57.055 D/TrafficStats( 1453): tagSocket(162) with statsTag=0xffffffff, statsUid=-1
05-29 20:51:57.059 W/System.err( 2113): java.io.IOException: sendto failed: ENETUNREACH (Network is unreachable)
05-29 20:51:57.062 W/System.err( 2113): at libcore.io.IoBridge.maybeThrowAfterSendto(IoBridge.java:721)
05-29 20:51:57.062 W/System.err( 2113): at libcore.io.IoBridge.sendto(IoBridge.java:688)
05-29 20:51:57.062 W/System.err( 2113): at java.net.PlainDatagramSocketImpl.send(PlainDatagramSocketImpl.java:126)
05-29 20:51:57.062 W/System.err( 2113): at java.net.DatagramSocket.send(DatagramSocket.java:723)
05-29 20:51:57.062 W/System.err( 2113): at org.cybergarage.upnp.ssdp.a.b(HTTPMUSocket.java:289)
05-29 20:51:57.062 W/System.err( 2113): at org.cybergarage.upnp.ssdp.a.a(HTTPMUSocket.java:304)
05-29 20:51:57.062 W/System.err( 2113): at org.cybergarage.upnp.ssdp.e.a(SSDPNotifySocket.java:103)
05-29 20:51:57.062 W/System.err( 2113): at org.cybergarage.upnp.Device.announce(Device.java:2686)
05-29 20:51:57.062 W/System.err( 2113): at org.cybergarage.upnp.Device.announce(Device.java:2770)
05-29 20:51:57.063 D/TrafficStats( 1453): tagSocket(163) with statsTag=0xffffffff, statsUid=-1
05-29 20:51:57.062 W/System.err( 2113): at org.cybergarage.upnp.device.a.run(Advertiser.java:66)
05-29 20:51:57.065 W/System.err( 2113): at java.lang.Thread.run(Thread.java:1012)
05-29 20:51:57.065 W/System.err( 2113): Caused by: android.system.ErrnoException: sendto failed: ENETUNREACH (Network is unreachable)
05-29 20:51:57.066 W/System.err( 2113): at libcore.io.Linux.sendtoBytes(Native Method)
05-29 20:51:57.066 W/System.err( 2113): at libcore.io.Linux.sendto(Linux.java:235)
05-29 20:51:57.066 W/System.err( 2113): at libcore.io.ForwardingOs.sendto(ForwardingOs.java:718)
05-29 20:51:57.073 W/System.err( 2113): at libcore.io.BlockGuardOs.sendto(BlockGuardOs.java:398)
05-29 20:51:57.073 W/System.err( 2113): at libcore.io.ForwardingOs.sendto(ForwardingOs.java:718)
05-29 20:51:57.073 W/System.err( 2113): at libcore.io.IoBridge.sendto(IoBridge.java:686)
05-29 20:51:57.073 W/System.err( 2113): ... 9 more
05-29 20:51:57.074 I/Utils ( 2113): getTargetIp #
05-29 20:51:57.074 I/Utils ( 2113): getTargetIp #
05-29 20:51:57.074 I/Utils ( 2113): getTargetIp #
