05-30 15:26:33.730 D/nativeloader( 2780): Configuring clns-shared-4 for other apk /system/app/dangbei-screencast/dangbei-screencast.apk. target_sdk_version=28, uses_libraries=, library_path=/system/app/dangbei-screencast/lib/arm:/system/app/dangbei-screencast/dangbei-screencast.apk!/lib/armeabi-v7a:/system/lib:/system_ext/lib, permitted_path=/data:/mnt/expand:/data/user/0/com.dangbei.screencast:/system/app/dangbei-screencast:/system/lib:/system_ext/lib
05-30 15:26:33.735 I/cling--ap-7( 2257): type=1400 audit(0.0:1170): avc: denied { read } for name="address" dev="sysfs" ino=22127 scontext=u:r:untrusted_app_27:s0:c43,c256,c512,c768 tcontext=u:object_r:sysfs_net:s0 tclass=file permissive=1 app=com.dangbei.screencast
05-30 15:26:33.735 I/cling--ap-7( 2257): type=1400 audit(0.0:1171): avc: denied { open } for path="/sys/devices/virtual/net/dummy0/address" dev="sysfs" ino=22127 scontext=u:r:untrusted_app_27:s0:c43,c256,c512,c768 tcontext=u:object_r:sysfs_net:s0 tclass=file permissive=1 app=com.dangbei.screencast
05-30 15:26:33.735 I/cling--ap-7( 2257): type=1400 audit(0.0:1172): avc: denied { getattr } for path="/sys/devices/virtual/net/dummy0/address" dev="sysfs" ino=22127 scontext=u:r:untrusted_app_27:s0:c43,c256,c512,c768 tcontext=u:object_r:sysfs_net:s0 tclass=file permissive=1 app=com.dangbei.screencast
05-30 15:26:33.753 V/GraphicsEnvironment( 2780): Currently set values for:
05-30 15:26:33.753 V/GraphicsEnvironment( 2780): angle_gl_driver_selection_pkgs=[]
05-30 15:26:33.753 V/GraphicsEnvironment( 2780): angle_gl_driver_selection_values=[]
05-30 15:26:33.754 V/GraphicsEnvironment( 2780): ANGLE GameManagerService for com.dangbei.screencast: false
05-30 15:26:33.754 V/GraphicsEnvironment( 2780): com.dangbei.screencast is not listed in per-application setting
05-30 15:26:33.754 V/GraphicsEnvironment( 2780): Neither updatable production driver nor prerelease driver is supported.
05-30 15:26:33.758 I/MultiDex( 2780): VM with version 2.1.0 has multidex support
05-30 15:26:33.758 I/MultiDex( 2780): Installing application
05-30 15:26:33.758 I/MultiDex( 2780): VM has multidex support, MultiDex support library is disabled.
05-30 15:26:33.759 D/CompatibilityChangeReporter( 2780): Compat change id reported: 247079863; UID 10043; state: DISABLED
05-30 15:26:33.769 D/CompatibilityChangeReporter( 703): Compat change id reported: 161145287; UID 10043; state: DISABLED
05-30 15:26:33.775 W/System.err( 2780): com.umeng.analytics.pro.br: Required field 'version' was not found in serialized data! Struct: com.umeng.commonsdk.statistics.proto.d$a@bbfb6a5
05-30 15:26:33.775 W/System.err( 2780): at com.umeng.commonsdk.statistics.proto.d$a.a(Unknown Source:43)
05-30 15:26:33.775 W/System.err( 2780): at com.umeng.commonsdk.statistics.proto.d$a.b(Unknown Source:2)
05-30 15:26:33.775 W/System.err( 2780): at com.umeng.commonsdk.statistics.proto.d.read(Unknown Source:16)
05-30 15:26:33.775 W/System.err( 2780): at com.umeng.analytics.pro.au.a(Unknown Source:7)
05-30 15:26:33.775 W/System.err( 2780): at com.umeng.commonsdk.statistics.idtracking.ImprintHandler.e(Unknown Source:66)
05-30 15:26:33.775 W/System.err( 2780): at com.umeng.commonsdk.statistics.idtracking.ImprintHandler.onFileLock(Unknown Source:5)
05-30 15:26:33.775 W/System.err( 2780): at com.umeng.commonsdk.utils.FileLockUtil.doFileOperateion(Unknown Source:20)
05-30 15:26:33.775 W/System.err( 2780): at com.umeng.commonsdk.statistics.idtracking.ImprintHandler.getImprintService(Unknown Source:41)
05-30 15:26:33.775 W/System.err( 2780): at com.umeng.commonsdk.framework.UMEnvelopeBuild.imprintProperty(Unknown Source:7)
05-30 15:26:33.775 W/System.err( 2780): at com.umeng.commonsdk.config.FieldManager.a(Unknown Source:43)
05-30 15:26:33.775 W/System.err( 2780): at com.umeng.commonsdk.UMConfigure.preInit(Unknown Source:73)
05-30 15:26:33.775 W/System.err( 2780): at com.umeng.commonsdk.UMConfigure.init(Unknown Source:161)
05-30 15:26:33.775 W/System.err( 2780): at b.f.f.b.a(:4)
05-30 15:26:33.775 W/System.err( 2780): at h.o.a.run(Unknown Source:2)
05-30 15:26:33.793 I/crashsdk( 2780): version unique build id: 6230cced
05-30 15:26:33.791 I/Thread-3( 2780): type=1400 audit(0.0:1173): avc: denied { read } for name="version" dev="proc" ino=4026532005 scontext=u:r:untrusted_app_27:s0:c43,c256,c512,c768 tcontext=u:object_r:proc_version:s0 tclass=file permissive=1 app=com.dangbei.screencast
05-30 15:26:33.801 D/crashsdk( 2780): Native log stat thread 2820 setup, waiting
05-30 15:26:33.803 I/crashsdk( 2780): begin hack android.os.Process
05-30 15:26:33.804 I/crashsdk( 2780): end hack android.os.Process
05-30 15:26:33.808 I/TDLog ( 2780): setReportUncaughtExceptions: true
05-30 15:26:33.809 E/Application( 2780): onCreate:Version:v2.8.3/20830/883432e
05-30 15:26:33.822 I/crashsdk( 2780): Catcher mask: 5000, 20480
05-30 15:26:33.822 I/crashsdk( 2780): Catcher thread 2796
05-30 15:26:33.822 D/crashsdk( 2780): Register ANR handler ...
05-30 15:26:33.823 I/Matrix.AnrTracer( 2780): anrTrace, final mAnrBeatTime:400, mAnrBeatRate:400
05-30 15:26:33.824 W/efs.send_log( 2780): tryFileLock start!
05-30 15:26:33.825 E/LaunchManager( 2780): Non main process !
05-30 15:26:33.826 W/System.err( 2780): java.lang.NullPointerException: Attempt to invoke virtual method 'boolean com.efs.sdk.launch.LaunchConfigManager.enableTracer()' on a null object reference
05-30 15:26:33.826 W/System.err( 2780): at com.umeng.umcrash.UMCrash.init(Unknown Source:403)
05-30 15:26:33.826 W/System.err( 2780): at java.lang.reflect.Method.invoke(Native Method)
05-30 15:26:33.826 W/System.err( 2780): at com.umeng.commonsdk.UMConfigure.init(Unknown Source:811)
05-30 15:26:33.826 W/System.err( 2780): at b.f.f.b.a(:4)
05-30 15:26:33.826 W/System.err( 2780): at h.o.a.run(Unknown Source:2)
05-30 15:26:33.826 I/UMCrash ( 2780): begin register common callback. key is umid.
05-30 15:26:33.827 I/TDLog ( 2780): TalkingData SDK init...
05-30 15:26:33.827 I/TDLog ( 2780): SDK_VERSION is: Android+TD+V5.0.7 gp Type:Native Build_Num:2141
05-30 15:26:33.827 I/TDLog ( 2780): App ID is: B9D7815EC975466AB1332111FCE62DF5
05-30 15:26:33.827 I/TDLog ( 2780): App Channel is: os
05-30 15:26:33.827 I/TDLog ( 2780): App Custom is:
05-30 15:26:33.827 I/TDLog ( 2780): SDK_OVC is: TDOVC+a3bb7754719798526508b6caad480dd7+SaaS
05-30 15:26:33.828 I/efs.config( 2780): --->>> 删除旧的配置文件 false
05-30 15:26:33.828 I/efs.base( 2780): lt=event`ev_ct=efs_core`ev_ac=pvuv`tm=2025-05-30 15:26:82`dn=2e014cdb-5933-4f31-abf7-df83dbf41111`ps=com.dangbei.screencast:bg_guard`um_os=android`stime=1748589993674`pid=2780`fr=android`pkg=com.dangbei.screencast`vcode=20830`dsp_w=1920`uid=2e014cdb-5933-4f31-abf7-df83dbf41111`rom=14`wid=2e014cdb-5933-4f31-abf7-df83dbf41111`um_app_carrier=`um_access=wifi`um_app_channel=os`um_crash_sdk_version=1.4.0`ctime=1748589993`model=dbbox-a3`lang=zh`net=wifi`brand=amlogic`dsp_h=1080`um_network_type=0`ver=v2.8.3`build_model=DBBOX-A3`w_tm=1748589993`appid=5fc60c21094d637f3130af19`um_umid_header=null`sdk=34`tzone=Asia/Shanghai`sdk_ver=1.3.6.umeng
05-30 15:26:33.829 D/TrafficStats( 2257): tagSocket(144) with statsTag=0xffffffff, statsUid=-1
05-30 15:26:33.853 D/CompatibilityChangeReporter( 703): Compat change id reported: 170668199; UID 10043; state: DISABLED
05-30 15:26:33.853 D/TrafficStats( 2780): tagSocket(133) with statsTag=0xffffffff, statsUid=-1
05-30 15:26:33.853 W/ActivityManager( 703): Foreground service started from background can not have location/camera/microphone access: service com.dangbei.screencast/.startup.GuardService
05-30 15:26:33.853 I/efs.config( 2780): current config version (-1) is older than another (1735614866)
05-30 15:26:33.854 D/CompatibilityChangeReporter( 703): Compat change id reported: 255038118; UID 10043; state: DISABLED
05-30 15:26:33.854 I/efs.config( 2780): load config from storage and notify observer
05-30 15:26:33.854 D/CompatibilityChangeReporter( 703): Compat change id reported: 255042465; UID 10043; state: DISABLED
05-30 15:26:33.855 W/ForegroundServiceTypeLoggerModule( 703): Foreground service start for UID: 10043 does not have any types
05-30 15:26:33.856 E/GuardService( 2780): onStartCommand:
05-30 15:26:33.856 E/GuardService( 2780): onStartCommand: cmd:1
05-30 15:26:33.856 E/GuardService( 2780): result:2
05-30 15:26:33.916 D/TrafficStats( 2780): tagSocket(141) with statsTag=0xffffffff, statsUid=-1
05-30 15:26:33.927 D/TrafficStats( 2780): tagSocket(133) with statsTag=0xffffffff, statsUid=-1
05-30 15:26:33.993 W/Router ( 2257): disable lock:org.fourthline.cling.android.AndroidRouter@c6a8b6e_java.util.concurrent.locks.ReentrantReadWriteLock$WriteLock@4ed120f[Unlocked]
05-30 15:26:33.993 I/Router ( 2257): WiFi multicast lock released
05-30 15:26:33.994 I/WifiService( 703): releaseMulticastLock uid=10043
05-30 15:26:33.996 I/Router ( 2257): WiFi lock released
05-30 15:26:33.996 I/WifiService( 703): releaseWifiLock uid=10043
05-30 15:26:33.998 I/WifiHAL ( 522): wifi_set_latency_mode set to 0
05-30 15:26:33.999 D/IpClient.wlan0( 1096): set max DTIM multiplier to 9
05-30 15:26:34.007 D/WifiHAL ( 522): Setting APF program, halHandle = 0xf41824a0
05-30 15:26:34.007 I/WifiHAL ( 522): createRequest: APF set program request
05-30 15:26:34.008 D/WifiHAL ( 522): error code -95 mapped to -3
05-30 15:26:34.008 I/WifiHAL ( 522): Request Response failed for APF, result = -3
05-30 15:26:34.008 E/WifiStaIfaceAidlImpl( 703): installApfPacketFilter failed with service-specific exception: android.os.ServiceSpecificException: (code 4)
05-30 15:26:34.008 D/WifiHAL ( 522): Setting DTIM config , halHandle = 0xf41824a0 Multiplier = 9
05-30 15:26:34.008 I/WifiHAL ( 522): Successfully configured dtim multiplier 9
05-30 15:26:34.008 D/WifiHAL ( 522): error code -95 mapped to -3
05-30 15:26:34.009 E/WifiStaIfaceAidlImpl( 703): setDtimMultiplier failed with service-specific exception: android.os.ServiceSpecificException: (code 4)
05-30 15:26:34.019 I/JettyServletContainer( 2257): No more connectors, stopping Jetty server
05-30 15:26:34.019 I/JettyServletContainer( 2257): Stopping Jetty server...
05-30 15:26:34.019 E/JettyServletContainer( 2257): error:java.net.SocketException: Socket closed
05-30 15:26:34.020 W/System.err( 2257): java.net.SocketException: Socket closed
05-30 15:26:34.020 W/System.err( 2257): at java.net.PlainSocketImpl.socketAccept(PlainSocketImpl.java:213)
05-30 15:26:34.020 W/System.err( 2257): at java.net.AbstractPlainSocketImpl.accept(AbstractPlainSocketImpl.java:451)
05-30 15:26:34.020 W/System.err( 2257): at java.net.ServerSocket.implAccept(ServerSocket.java:569)
05-30 15:26:34.020 W/System.err( 2257): at java.net.ServerSocket.accept(ServerSocket.java:537)
05-30 15:26:34.020 W/System.err( 2257): at l.c.a.f.w.a.accept(Unknown Source:2)
05-30 15:26:34.020 W/System.err( 2257): at org.fourthline.cling.transport.impl.jetty.JettyServletContainer$2.accept(Unknown Source:1)
05-30 15:26:34.020 W/System.err( 2257): at l.c.a.f.a$a.run(Unknown Source:113)
05-30 15:26:34.020 W/System.err( 2257): at java.util.concurrent.ThreadPoolExecutor.runWorker(ThreadPoolExecutor.java:1145)
05-30 15:26:34.020 W/System.err( 2257): at java.util.concurrent.ThreadPoolExecutor$Worker.run(ThreadPoolExecutor.java:644)
05-30 15:26:34.020 W/System.err( 2257): at java.lang.Thread.run(Thread.java:1012)
05-30 15:26:34.021 W/System.err( 2257): 2025-05-30 15:26:34.019:INFO:lcaf.p:Graceful shutdown l.c.a.g.d{/upnp,null}
05-30 15:26:34.162 I/WifiHAL ( 522): call wifi_get_link_stats handler
05-30 15:26:34.163 I/WifiHAL ( 522): Creating message to get link statistics; iface = 16
05-30 15:26:34.163 D/WifiHAL ( 522): error code -95 mapped to -3
05-30 15:26:34.163 E/WifiStaIfaceAidlImpl( 703): getLinkLayerStats failed with service-specific exception: android.os.ServiceSpecificException: (code 4)
05-30 15:26:34.297 W/efs.info.manager( 2780): network change: wifi
05-30 15:26:34.302 D/ActivityManager( 703): freezing 1943 com.android.providers.calendar
05-30 15:26:34.948 E/audio_hw_hal_alsamgr( 480): aml_alsa_output_get_delayframe:824, pcm_ioctl fail, ret:0xffffffff, error info:Broken pipe
05-30 15:26:34.949 I/audio_hw_hal_alsamgr( 480): aml_alsa_output_write alsa_running_status[0xf0705d80] change from 1 to 0
05-30 15:26:34.949 W/audio_hw_hal_alsamgr( 480): [aml_alsa_output_write:616] alsa underrun
05-30 15:26:34.975 I/audio_hw_hal_ms12v2( 480): dolby_ms12_threadloop alsa is not running
05-30 15:26:34.975 I/audio_hw_hal_alsamgr( 480): aml_alsa_output_write alsa_running_status[0xf0705d80] change from 0 to 1
05-30 15:26:35.023 W/System.err( 2257): 2025-05-30 15:26:35.023:INFO:lcafx.c:stopped l.c.a.g.d{/upnp,null}
05-30 15:26:35.024 W/Router ( 2257): disable unlock:org.fourthline.cling.android.AndroidRouter@c6a8b6e
05-30 15:26:35.025 W/UpnpServiceImpl( 2257): <<< UPnP service shutdown completed
05-30 15:26:35.666 I/crashsdk( 2257): android_os_Process_sendSignal. PID: 2257 SIG: 9
05-30 15:26:35.666 I/crashsdk( 2257): onKillProcess. SIG: 9
05-30 15:26:35.668 I/crashsdk( 2257): Kill PID: 2257 (com.dangbei.screencast) by pid: 2257 (com.dangbei.screencast) tid: 2257 (main)
05-30 15:26:35.668 I/crashsdk( 2257): SIG: 9, fg: false, exiting: false, main process: true, time: 20250530152635
05-30 15:26:35.668 I/crashsdk( 2257): State in disk: 'b'
05-30 15:26:35.668 I/crashsdk( 2257): at android.os.Process.sendSignal(Native Method)
05-30 15:26:35.668 I/crashsdk( 2257): at android.os.Process.killProcess(Process.java:1315)
05-30 15:26:35.668 I/crashsdk( 2257): at com.dangbei.screencast.startup.JumpService$i.run(:2)
05-30 15:26:35.668 I/crashsdk( 2257): at android.os.Handler.handleCallback(Handler.java:958)
05-30 15:26:35.668 I/crashsdk( 2257): at android.os.Handler.dispatchMessage(Handler.java:99)
05-30 15:26:35.668 I/crashsdk( 2257): at android.os.Looper.loopOnce(Looper.java:205)
05-30 15:26:35.668 I/crashsdk( 2257): at android.os.Looper.loop(Looper.java:294)
05-30 15:26:35.668 I/crashsdk( 2257): at android.app.ActivityThread.main(ActivityThread.java:8255)
05-30 15:26:35.668 I/crashsdk( 2257): at java.lang.reflect.Method.invoke(Native Method)
05-30 15:26:35.668 I/crashsdk( 2257): at com.android.internal.os.RuntimeInit$MethodAndArgsCaller.run(RuntimeInit.java:552)
05-30 15:26:35.668 I/crashsdk( 2257): at com.android.internal.os.ZygoteInit.main(ZygoteInit.java:978)
05-30 15:26:35.669 I/Process ( 2257): Sending signal. PID: 2257 SIG: 9
05-30 15:26:35.709 W/efs.send_log( 2470): tryFileLock sendlock sucess! processname: com.huawei.connection
05-30 15:26:35.719 I/Zygote ( 469): Process 2257 exited due to signal 9 (Killed)
05-30 15:26:35.719 I/ActivityManager( 703): Process com.dangbei.screencast (pid 2257) has died: prcp FGS
05-30 15:26:35.721 I/libprocessgroup( 703): Successfully killed process cgroup uid 10043 pid 2257 in 0ms
05-30 15:26:35.721 D/NearFieldManagerService( 2470): onDestroy, enter.
05-30 15:26:35.721 I/NearFieldManagerService( 2470): killCurrentProcess.
05-30 15:26:35.721 I/crashsdk( 2470): android_os_Process_sendSignal. PID: 2470 SIG: 9
05-30 15:26:35.721 I/crashsdk( 2470): onKillProcess. SIG: 9
05-30 15:26:35.721 D/CompatibilityChangeReporter( 703): Compat change id reported: 261072174; UID 10043; state: DISABLED
05-30 15:26:35.723 W/ActivityManager( 703): Scheduling restart of crashed service com.dangbei.screencast/.startup.StartupService in 1000ms for start-requested
05-30 15:26:35.723 W/ActivityManager( 703): Scheduling restart of crashed service com.dangbei.screencast/.huaweicast.service.HuaweiCastService in 10999ms for start-requested
05-30 15:26:35.723 I/crashsdk( 2470): Kill PID: 2470 (com.huawei.connection) by pid: 2470 (com.huawei.connection) tid: 2470 (main)
05-30 15:26:35.723 I/crashsdk( 2470): SIG: 9, fg: false, exiting: false, main process: false, time: 20250530152635
05-30 15:26:35.723 I/crashsdk( 2470): State in disk: 'b'
05-30 15:26:35.723 I/crashsdk( 2470): at android.os.Process.sendSignal(Native Method)
05-30 15:26:35.723 I/crashsdk( 2470): at android.os.Process.killProcess(Process.java:1315)
05-30 15:26:35.723 I/crashsdk( 2470): at com.huawei.connection.service.NearFieldManagerService.c(Unknown Source:11)
05-30 15:26:35.723 I/crashsdk( 2470): at com.huawei.connection.service.NearFieldManagerService.onDestroy(Unknown Source:10)
05-30 15:26:35.723 I/crashsdk( 2470): at android.app.ActivityThread.handleStopService(ActivityThread.java:4896)
05-30 15:26:35.723 I/crashsdk( 2470): at android.app.ActivityThread.-$$Nest$mhandleStopService(Unknown Source:0)
05-30 15:26:35.723 I/crashsdk( 2470): at android.app.ActivityThread$H.handleMessage(ActivityThread.java:2326)
05-30 15:26:35.723 I/crashsdk( 2470): at android.os.Handler.dispatchMessage(Handler.java:106)
05-30 15:26:35.723 I/crashsdk( 2470): at android.os.Looper.loopOnce(Looper.java:205)
05-30 15:26:35.723 I/crashsdk( 2470): at android.os.Looper.loop(Looper.java:294)
05-30 15:26:35.723 I/crashsdk( 2470): at android.app.ActivityThread.main(ActivityThread.java:8255)
05-30 15:26:35.723 I/crashsdk( 2470): at java.lang.reflect.Method.invoke(Native Method)
05-30 15:26:35.723 I/crashsdk( 2470): at com.android.internal.os.RuntimeInit$MethodAndArgsCaller.run(RuntimeInit.java:552)
05-30 15:26:35.723 I/crashsdk( 2470): at com.android.internal.os.ZygoteInit.main(ZygoteInit.java:978)
05-30 15:26:35.724 I/Process ( 2470): Sending signal. PID: 2470 SIG: 9
05-30 15:26:35.761 W/efs.send_log( 2780): tryFileLock sendlock sucess! processname: com.dangbei.screencast:bg_guard
05-30 15:26:35.764 I/ActivityManager( 703): Process com.huawei.connection (pid 2470) has died: fg SVC
05-30 15:26:35.766 I/libprocessgroup( 703): Successfully killed process cgroup uid 10043 pid 2470 in 0ms
05-30 15:26:35.767 I/Zygote ( 469): Process 2470 exited due to signal 9 (Killed)
05-30 15:26:36.724 D/CompatibilityChangeReporter( 703): Compat change id reported: 135634846; UID 10043; state: DISABLED
05-30 15:26:36.726 D/CompatibilityChangeReporter( 703): Compat change id reported: 143937733; UID 10043; state: DISABLED
05-30 15:26:36.742 D/Zygote ( 469): Forked child process 2852
05-30 15:26:36.743 I/ActivityManager( 703): Start proc 2852:com.dangbei.screencast/u0a43 for service {com.dangbei.screencast/com.dangbei.screencast.startup.StartupService}
05-30 15:26:36.749 I/Zygote ( 2852): seccomp disabled by setenforce 0
05-30 15:26:36.756 I/gbei.screencast( 2852): Using CollectorTypeCC GC.
05-30 15:26:36.762 E/gbei.screencast( 2852): Not starting debugger since process cannot load the jdwp agent.
05-30 15:26:36.775 D/CompatibilityChangeReporter( 2852): Compat change id reported: 171979766; UID 10043; state: DISABLED
05-30 15:26:36.775 D/CompatibilityChangeReporter( 2852): Compat change id reported: 242716250; UID 10043; state: DISABLED
05-30 15:26:36.780 D/ApplicationLoaders( 2852): Returning zygote-cached class loader: /system/framework/android.test.base.jar
05-30 15:26:36.780 D/ApplicationLoaders( 2852): Returning zygote-cached class loader: /system/framework/android.hidl.manager-V1.0-java.jar
05-30 15:26:36.780 D/ApplicationLoaders( 2852): Returning zygote-cached class loader: /system/framework/android.hidl.base-V1.0-java.jar
05-30 15:26:36.800 D/nativeloader( 2852): Configuring clns-shared-4 for other apk /system/app/dangbei-screencast/dangbei-screencast.apk. target_sdk_version=28, uses_libraries=, library_path=/system/app/dangbei-screencast/lib/arm:/system/app/dangbei-screencast/dangbei-screencast.apk!/lib/armeabi-v7a:/system/lib:/system_ext/lib, permitted_path=/data:/mnt/expand:/data/user/0/com.dangbei.screencast:/system/app/dangbei-screencast:/system/lib:/system_ext/lib
05-30 15:26:36.808 D/TrafficStats( 2780): tagSocket(142) with statsTag=0xffffffff, statsUid=-1
05-30 15:26:36.826 V/GraphicsEnvironment( 2852): Currently set values for:
05-30 15:26:36.826 V/GraphicsEnvironment( 2852): angle_gl_driver_selection_pkgs=[]
05-30 15:26:36.826 V/GraphicsEnvironment( 2852): angle_gl_driver_selection_values=[]
05-30 15:26:36.827 V/GraphicsEnvironment( 2852): ANGLE GameManagerService for com.dangbei.screencast: false
05-30 15:26:36.827 V/GraphicsEnvironment( 2852): com.dangbei.screencast is not listed in per-application setting
05-30 15:26:36.827 V/GraphicsEnvironment( 2852): Neither updatable production driver nor prerelease driver is supported.
05-30 15:26:36.831 I/MultiDex( 2852): VM with version 2.1.0 has multidex support
05-30 15:26:36.831 I/MultiDex( 2852): Installing application
05-30 15:26:36.831 I/MultiDex( 2852): VM has multidex support, MultiDex support library is disabled.
05-30 15:26:36.832 E/PartsInfoProvider( 2852): onCreate:
05-30 15:26:36.834 E/ServiceUtils( 2852): start main service
05-30 15:26:36.836 E/ServiceUtils( 2852): start main service
05-30 15:26:36.844 D/AndroidAutoSize( 2852): designWidthInDp = 1920, designHeightInDp = 1080, screenWidth = 1920, screenHeight = 1080
05-30 15:26:36.844 D/AndroidAutoSize( 2852): initDensity = 1.5, initScaledDensity = 1.5
05-30 15:26:36.856 D/CompatibilityChangeReporter( 2852): Compat change id reported: 247079863; UID 10043; state: DISABLED
05-30 15:26:36.868 W/System.err( 2852): com.umeng.analytics.pro.br: Required field 'version' was not found in serialized data! Struct: com.umeng.commonsdk.statistics.proto.d$a@48fcba3
05-30 15:26:36.868 W/System.err( 2852): at com.umeng.commonsdk.statistics.proto.d$a.a(Unknown Source:43)
05-30 15:26:36.868 W/System.err( 2852): at com.umeng.commonsdk.statistics.proto.d$a.b(Unknown Source:2)
05-30 15:26:36.868 W/System.err( 2852): at com.umeng.commonsdk.statistics.proto.d.read(Unknown Source:16)
05-30 15:26:36.868 W/System.err( 2852): at com.umeng.analytics.pro.au.a(Unknown Source:7)
05-30 15:26:36.868 W/System.err( 2852): at com.umeng.commonsdk.statistics.idtracking.ImprintHandler.e(Unknown Source:66)
05-30 15:26:36.868 W/System.err( 2852): at com.umeng.commonsdk.statistics.idtracking.ImprintHandler.onFileLock(Unknown Source:5)
05-30 15:26:36.868 W/System.err( 2852): at com.umeng.commonsdk.utils.FileLockUtil.doFileOperateion(Unknown Source:20)
05-30 15:26:36.868 W/System.err( 2852): at com.umeng.commonsdk.statistics.idtracking.ImprintHandler.getImprintService(Unknown Source:41)
05-30 15:26:36.868 W/System.err( 2852): at com.umeng.commonsdk.framework.UMEnvelopeBuild.imprintProperty(Unknown Source:7)
05-30 15:26:36.868 W/System.err( 2852): at com.umeng.commonsdk.config.FieldManager.a(Unknown Source:43)
05-30 15:26:36.868 W/System.err( 2852): at com.umeng.commonsdk.UMConfigure.preInit(Unknown Source:73)
05-30 15:26:36.868 W/System.err( 2852): at com.umeng.commonsdk.UMConfigure.init(Unknown Source:161)
05-30 15:26:36.868 W/System.err( 2852): at b.f.f.b.a(:4)
05-30 15:26:36.868 W/System.err( 2852): at h.o.a.run(Unknown Source:2)
05-30 15:26:36.884 I/crashsdk( 2852): version unique build id: 6230cced
05-30 15:26:36.886 D/crashsdk( 2852): Native log stat thread 2882 setup, waiting
05-30 15:26:36.889 I/crashsdk( 2852): begin hack android.os.Process
05-30 15:26:36.889 I/crashsdk( 2852): end hack android.os.Process
05-30 15:26:36.899 W/efs.send_log( 2852): tryFileLock start!
05-30 15:26:36.902 I/Matrix.AnrTracer( 2852): anrTrace, final mAnrBeatTime:400, mAnrBeatRate:400
05-30 15:26:36.904 I/efs.base( 2852): lt=event`ev_ct=efs_core`ev_ac=pvuv`tm=2025-05-30 15:26:90`dn=2e014cdb-5933-4f31-abf7-df83dbf41111`ps=com.dangbei.screencast`um_os=android`stime=1748589996757`pid=2852`fr=android`pkg=com.dangbei.screencast`vcode=20830`dsp_w=1920`uid=2e014cdb-5933-4f31-abf7-df83dbf41111`rom=14`wid=2e014cdb-5933-4f31-abf7-df83dbf41111`um_app_carrier=`um_access=wifi`um_app_channel=os`um_crash_sdk_version=1.4.0`ctime=1748589996`model=dbbox-a3`lang=zh`net=wifi`brand=amlogic`dsp_h=1080`um_network_type=0`ver=v2.8.3`build_model=DBBOX-A3`w_tm=1748589996`appid=5fc60c21094d637f3130af19`um_umid_header=null`sdk=34`tzone=Asia/Shanghai`sdk_ver=1.3.6.umeng
05-30 15:26:36.904 I/efs.config( 2852): --->>> 删除旧的配置文件 false
05-30 15:26:36.905 I/TDLog ( 2852): setReportUncaughtExceptions: true
05-30 15:26:36.905 E/Application( 2852): onCreate:Version:v2.8.3/20830/883432e
05-30 15:26:36.906 D/LaunchConfigManager( 2852): check in allready
05-30 15:26:36.907 I/UMCrash ( 2852): begin register common callback. key is umid.
05-30 15:26:36.909 I/LaunchTrace( 2852): begin sendLaunchCache
05-30 15:26:36.934 I/crashsdk( 2852): Catcher mask: 5000, 20480
05-30 15:26:36.935 I/efs.config( 2852): current config version (-1) is older than another (1735614866)
05-30 15:26:36.935 I/efs.config( 2852): load config from storage and notify observer
05-30 15:26:36.935 I/crashsdk( 2852): Catcher thread 2857
05-30 15:26:36.935 D/crashsdk( 2852): Register ANR handler ...
05-30 15:26:36.938 I/TDLog ( 2852): TalkingData SDK init...
05-30 15:26:36.938 I/TDLog ( 2852): SDK_VERSION is: Android+TD+V5.0.7 gp Type:Native Build_Num:2141
05-30 15:26:36.938 I/TDLog ( 2852): App ID is: B9D7815EC975466AB1332111FCE62DF5
05-30 15:26:36.938 I/TDLog ( 2852): App Channel is: os
05-30 15:26:36.938 I/TDLog ( 2852): App Custom is:
05-30 15:26:36.938 I/TDLog ( 2852): SDK_OVC is: TDOVC+a3bb7754719798526508b6caad480dd7+SaaS
05-30 15:26:36.939 W/ActivityManager( 703): Foreground service started from background can not have location/camera/microphone access: service com.dangbei.screencast/.startup.StartupService
05-30 15:26:36.939 I/ActivityManager( 703): Background started FGS: Allowed [callingPackage: com.dangbei.screencast; callingUid: 10043; uidState: BTOP; uidBFSL: [BFSL]; intent: Intent { act=com.dangbei.screencast.STARTUP pkg=com.dangbei.screencast }; code:PROC_STATE_BTOP; tempAllowListReason:; targetSdkVersion:28; callerTargetSdkVersion:28; startForegroundCount:1; bindFromPackage:null: isBindService:true]
05-30 15:26:36.949 E/raop ( 2852): *********************AirplayBroadcastServer+++++++++
05-30 15:26:36.964 D/CompatibilityChangeReporter( 2852): Compat change id reported: 270306772; UID 10043; state: DISABLED
05-30 15:26:36.965 D/CompatibilityChangeReporter( 2852): Compat change id reported: 235355681; UID 10043; state: DISABLED
05-30 15:26:36.986 E/H264FrameQueue( 2852): H264FrameQueue: mFullQueueCount:200
05-30 15:26:36.992 D/wenhc ( 1540): getScreenInfo uri = content://com.dangbei.screencast.parts.info/screen_cast
05-30 15:26:36.995 W/System.err( 2852): java.lang.NullPointerException: Attempt to invoke virtual method 'byte[] java.net.NetworkInterface.getHardwareAddress()' on a null object reference
05-30 15:26:36.995 W/System.err( 2852): at b.f.f.y.g.b(Unknown Source:11)
05-30 15:26:36.995 W/System.err( 2852): at b.d.a.a.p.c0(Unknown Source:2)
05-30 15:26:36.995 W/System.err( 2852): at com.dangbei.screencast.startup.StartupService.onCreate(:5)
05-30 15:26:36.995 W/System.err( 2852): at android.app.ActivityThread.handleCreateService(ActivityThread.java:4696)
05-30 15:26:36.995 W/System.err( 2852): at android.app.ActivityThread.-$$Nest$mhandleCreateService(Unknown Source:0)
05-30 15:26:36.996 W/System.err( 2852): at android.app.ActivityThread$H.handleMessage(ActivityThread.java:2293)
05-30 15:26:36.996 W/System.err( 2852): at android.os.Handler.dispatchMessage(Handler.java:106)
05-30 15:26:36.996 W/System.err( 2852): at android.os.Looper.loopOnce(Looper.java:205)
05-30 15:26:36.996 W/System.err( 2852): at android.os.Looper.loop(Looper.java:294)
05-30 15:26:36.996 W/System.err( 2852): at android.app.ActivityThread.main(ActivityThread.java:8255)
05-30 15:26:36.996 W/System.err( 2852): at java.lang.reflect.Method.invoke(Native Method)
05-30 15:26:36.996 W/System.err( 2852): at com.android.internal.os.RuntimeInit$MethodAndArgsCaller.run(RuntimeInit.java:552)
05-30 15:26:36.996 W/System.err( 2852): at com.android.internal.os.ZygoteInit.main(ZygoteInit.java:978)
05-30 15:26:37.005 E/HuaweiCastService( 2852): onCreate called().
05-30 15:26:37.007 E/PlayerClient( 2852): registerCallback com.dangbei.screencast.huaweicast.service.HuaweiCastService$a@6ea9950
05-30 15:26:37.007 D/PlayerClient( 2852): registerCallback true
05-30 15:26:37.007 D/PlayerClient( 2852): init.
05-30 15:26:37.008 W/KIT_FWK_a( 2852): KitFwk is not installed, pls do not use related interfaces.
05-30 15:26:37.009 D/TrafficStats( 2852): tagSocket(148) with statsTag=0xffffffff, statsUid=-1
05-30 15:26:37.012 W/KIT_FWK_a( 2852): KitFwk is not installed, pls do not use related interfaces.
05-30 15:26:37.013 E/PlayerClient( 2852): bind player service by aar.
05-30 15:26:37.015 D/TrafficStats( 2852): tagSocket(151) with statsTag=0xffffffff, statsUid=-1
05-30 15:26:37.016 D/PlayerClient( 2852): bind player sink service true
05-30 15:26:37.018 W/ActivityManager( 703): Foreground service started from background can not have location/camera/microphone access: service com.dangbei.screencast/.huaweicast.service.HuaweiCastService
05-30 15:26:37.018 E/HuaweiCastService( 2852): startForeground!
05-30 15:26:37.021 E/HuaweiCastService( 2852): onStartCommand in 0
05-30 15:26:37.025 D/HiSight-SinkService( 2852): onCreate.
05-30 15:26:37.026 I/WifiService( 703): acquireMulticastLock uid=10043
05-30 15:26:37.026 D/HiSight-ConnectionManager( 2852): start ConnectionManager
05-30 15:26:37.026 I/WifiService( 703): acquireMulticastLock uid=10043
05-30 15:26:37.027 D/HiSight-SinkService( 2852): onBind.
05-30 15:26:37.029 D/IpClient.wlan0( 1096): set max DTIM multiplier to 1
05-30 15:26:37.029 D/WifiHAL ( 522): Setting APF program, halHandle = 0xf41824a0
05-30 15:26:37.029 I/WifiHAL ( 522): createRequest: APF set program request
05-30 15:26:37.029 D/WifiHAL ( 522): error code -95 mapped to -3
05-30 15:26:37.029 I/WifiHAL ( 522): Request Response failed for APF, result = -3
05-30 15:26:37.029 E/WifiStaIfaceAidlImpl( 703): installApfPacketFilter failed with service-specific exception: android.os.ServiceSpecificException: (code 4)
05-30 15:26:37.029 D/WifiHAL ( 522): Setting DTIM config , halHandle = 0xf41824a0 Multiplier = 1
05-30 15:26:37.029 I/WifiHAL ( 522): Successfully configured dtim multiplier 1
05-30 15:26:37.030 D/WifiHAL ( 522): error code -95 mapped to -3
05-30 15:26:37.030 E/WifiStaIfaceAidlImpl( 703): setDtimMultiplier failed with service-specific exception: android.os.ServiceSpecificException: (code 4)
05-30 15:26:37.032 D/PlayerClient( 2852): service connected.
05-30 15:26:37.032 D/HiSight-SinkService( 2852): ITaskBinder registerCallback: true
05-30 15:26:37.032 D/HiSight-HiSightManager( 2852): ITaskBinder registerCallback.
05-30 15:26:37.032 D/HiSight-CallbackManager( 2852): addNewCallback. com.dangbei.screencast.huaweicast.service.HuaweiCastService$a@6ea9950
05-30 15:26:37.033 E/HuaweiCastService( 2852): eventId: 4001
05-30 15:26:37.033 E/HuaweiCastService( 2852): mPlayerClient is null.
05-30 15:26:37.034 D/HiSight-HiSightManager( 2852): check capability vbr range not setting, using default value
05-30 15:26:37.034 E/HuaweiCastService( 2852): mPlayerClient is null.
05-30 15:26:37.034 D/HiSight-SinkService( 2852): setAuthMode
05-30 15:26:37.034 W/HiSight-ConnectionManager( 2852): mSinkId is empty
05-30 15:26:37.166 I/WifiHAL ( 522): call wifi_get_link_stats handler
05-30 15:26:37.166 I/WifiHAL ( 522): Creating message to get link statistics; iface = 16
05-30 15:26:37.166 D/WifiHAL ( 522): error code -95 mapped to -3
05-30 15:26:37.167 E/WifiStaIfaceAidlImpl( 703): getLinkLayerStats failed with service-specific exception: android.os.ServiceSpecificException: (code 4)
05-30 15:26:37.385 E/StartupService( 2852): onConnected:
05-30 15:26:37.411 I/gbei.screencast( 2852): type=1400 audit(0.0:1176): avc: denied { open } for path="/dev/__properties__/u:object_r:serialno_prop:s0" dev="tmpfs" ino=323 scontext=u:r:untrusted_app_27:s0:c43,c256,c512,c768 tcontext=u:object_r:serialno_prop:s0 tclass=file permissive=1 app=com.dangbei.screencast
05-30 15:26:37.422 W/System.err( 2852): java.lang.NullPointerException: Attempt to invoke virtual method 'byte[] java.net.NetworkInterface.getHardwareAddress()' on a null object reference
05-30 15:26:37.422 W/System.err( 2852): at b.f.f.y.g.b(Unknown Source:11)
05-30 15:26:37.422 W/System.err( 2852): at b.d.a.a.p.c0(Unknown Source:2)
05-30 15:26:37.422 W/System.err( 2852): at b.f.f.w.b.(:16)
05-30 15:26:37.423 W/System.err( 2852): at com.dangbei.screencast.startup.StartupService.w(:2)
05-30 15:26:37.423 W/System.err( 2852): at b.f.f.h.g.b.run(:6)
05-30 15:26:37.423 W/System.err( 2852): at b.d.a.a.n.a(Unknown Source:10)
05-30 15:26:37.423 W/System.err( 2852): at b.f.f.h.g.j.onReceive(Unknown Source:20)
05-30 15:26:37.423 W/System.err( 2852): at android.app.LoadedApk$ReceiverDispatcher$Args.lambda$getRunnable$0(LoadedApk.java:1811)
05-30 15:26:37.423 W/System.err( 2852): at android.app.LoadedApk$ReceiverDispatcher$Args.$r8$lambda$gDuJqgxY6Zb-ifyeubKeivTLAwk(Unknown Source:0)
05-30 15:26:37.423 W/System.err( 2852): at android.app.LoadedApk$ReceiverDispatcher$Args$$ExternalSyntheticLambda0.run(Unknown Source:2)
05-30 15:26:37.423 W/System.err( 2852): at android.os.Handler.handleCallback(Handler.java:958)
05-30 15:26:37.423 W/System.err( 2852): at android.os.Handler.dispatchMessage(Handler.java:99)
05-30 15:26:37.423 W/System.err( 2852): at android.os.Looper.loopOnce(Looper.java:205)
05-30 15:26:37.423 W/System.err( 2852): at android.os.Looper.loop(Looper.java:294)
05-30 15:26:37.423 W/System.err( 2852): at android.app.ActivityThread.main(ActivityThread.java:8255)
05-30 15:26:37.423 W/System.err( 2852): at java.lang.reflect.Method.invoke(Native Method)
05-30 15:26:37.423 W/System.err( 2852): at com.android.internal.os.RuntimeInit$MethodAndArgsCaller.run(RuntimeInit.java:552)
05-30 15:26:37.423 W/System.err( 2852): at com.android.internal.os.ZygoteInit.main(ZygoteInit.java:978)
05-30 15:26:37.411 I/gbei.screencast( 2852): type=1400 audit(0.0:1177): avc: denied { getattr } for path="/dev/__properties__/u:object_r:serialno_prop:s0" dev="tmpfs" ino=323 scontext=u:r:untrusted_app_27:s0:c43,c256,c512,c768 tcontext=u:object_r:serialno_prop:s0 tclass=file permissive=1 app=com.dangbei.screencast
05-30 15:26:37.411 I/gbei.screencast( 2852): type=1400 audit(0.0:1178): avc: denied { map } for path="/dev/__properties__/u:object_r:serialno_prop:s0" dev="tmpfs" ino=323 scontext=u:r:untrusted_app_27:s0:c43,c256,c512,c768 tcontext=u:object_r:serialno_prop:s0 tclass=file permissive=1 app=com.dangbei.screencast
05-30 15:26:37.415 I/gbei.screencast( 2852): type=1400 audit(0.0:1179): avc: denied { search } for name="net" dev="sysfs" ino=12345 scontext=u:r:untrusted_app_27:s0:c43,c256,c512,c768 tcontext=u:object_r:sysfs_net:s0 tclass=dir permissive=1 app=com.dangbei.screencast
05-30 15:26:37.450 W/efs.info.manager( 2852): network change: wifi
05-30 15:26:37.452 W/System.err( 2852): com.umeng.analytics.pro.br: Required field 'snapshots' was not present! Struct: IdTracking(snapshots:null)
05-30 15:26:37.453 W/System.err( 2852): at com.umeng.commonsdk.statistics.proto.c.n(Unknown Source:24)
05-30 15:26:37.453 W/System.err( 2852): at com.umeng.commonsdk.statistics.proto.c$a.a(Unknown Source:14)
05-30 15:26:37.453 W/System.err( 2852): at com.umeng.commonsdk.statistics.proto.c$a.b(Unknown Source:2)
05-30 15:26:37.453 W/System.err( 2852): at com.umeng.commonsdk.statistics.proto.c.read(Unknown Source:16)
05-30 15:26:37.453 W/System.err( 2852): at com.umeng.analytics.pro.au.a(Unknown Source:7)
05-30 15:26:37.453 W/System.err( 2852): at com.umeng.commonsdk.statistics.idtracking.e.i(Unknown Source:35)
05-30 15:26:37.453 W/System.err( 2852): at com.umeng.commonsdk.statistics.idtracking.e.f(Unknown Source:1)
05-30 15:26:37.453 W/System.err( 2852): at com.umeng.commonsdk.statistics.idtracking.e.a(Unknown Source:131)
05-30 15:26:37.453 W/System.err( 2852): at com.umeng.commonsdk.statistics.c.(Unknown Source:112)
05-30 15:26:37.453 W/System.err( 2852): at com.umeng.commonsdk.framework.a.r(Unknown Source:103)
05-30 15:26:37.453 W/System.err( 2852): at com.umeng.commonsdk.framework.a.k(Unknown Source:0)
05-30 15:26:37.453 W/System.err( 2852): at com.umeng.commonsdk.framework.a$2.handleMessage(Unknown Source:39)
05-30 15:26:37.453 W/System.err( 2852): at android.os.Handler.dispatchMessage(Handler.java:106)
05-30 15:26:37.453 W/System.err( 2852): at android.os.Looper.loopOnce(Looper.java:205)
05-30 15:26:37.453 W/System.err( 2852): at android.os.Looper.loop(Looper.java:294)
05-30 15:26:37.453 W/System.err( 2852): at android.os.HandlerThread.run(HandlerThread.java:67)
05-30 15:26:37.460 D/TrafficStats( 2852): tagSocket(148) with statsTag=0xffffffff, statsUid=-1
05-30 15:26:38.801 W/bt_btm ( 1139): packages/modules/Bluetooth/system/main/bte_logmsg.cc:108 LogMsg: btm_sec_pairing_timeout not processed state: IDLE
05-30 15:26:38.854 W/TelephonyPermissions( 703): reportAccessDeniedToReadIdentifiers:com.dangbei.screencast:getSerial:-1
05-30 15:26:38.855 I/efs.px.api( 2780): get config from server, url is https://errlog.umeng.com/apm_cc
05-30 15:26:38.860 D/TrafficStats( 2780): tagSocket(141) with statsTag=0xffffffff, statsUid=-1
05-30 15:26:38.911 V/NFC ( 2780): this device does not have NFC support
05-30 15:26:38.958 D/UtilLog ( 2186): 日志批量上报 进行正常循环 !!!!!!本次有0次请求,共0条数据
05-30 15:26:39.007 I/ip ( 2940): type=1400 audit(0.0:1180): avc: denied { bind } for scontext=u:r:untrusted_app_27:s0:c43,c256,c512,c768 tcontext=u:r:untrusted_app_27:s0:c43,c256,c512,c768 tclass=netlink_route_socket permissive=1 app=com.dangbei.screencast
05-30 15:26:39.007 I/ip ( 2940): type=1400 audit(0.0:1181): avc: denied { nlmsg_readpriv } for scontext=u:r:untrusted_app_27:s0:c43,c256,c512,c768 tcontext=u:r:untrusted_app_27:s0:c43,c256,c512,c768 tclass=netlink_route_socket permissive=1 app=com.dangbei.screencast
05-30 15:26:39.007 W/ip ( 2940): type=1400 audit(0.0:1182): avc: granted { nlmsg_getneigh } for scontext=u:r:untrusted_app_27:s0:c43,c256,c512,c768 tcontext=u:r:untrusted_app_27:s0:c43,c256,c512,c768 tclass=netlink_route_socket app=com.dangbei.screencast
05-30 15:26:39.085 I/efs.base( 2780): lt=event`ev_ct=efs_core`ev_ac=config_coverage`tm=2025-05-30 15:26:08`dn=2e014cdb-5933-4f31-abf7-df83dbf41111`ps=com.dangbei.screencast:bg_guard`um_os=android`stime=1748589993674`pid=2780`fr=android`pkg=com.dangbei.screencast`cver=1735614866`vcode=20830`dsp_w=1920`uid=2e014cdb-5933-4f31-abf7-df83dbf41111`rom=14`wid=2e014cdb-5933-4f31-abf7-df83dbf41111`um_app_carrier=`um_access=wifi`um_app_channel=os`um_crash_sdk_version=1.4.0`ctime=1748589999`model=dbbox-a3`lang=zh`net=wifi`brand=amlogic`dsp_h=1080`um_network_type=0`ver=v2.8.3`build_model=DBBOX-A3`w_tm=1748589999`appid=5fc60c21094d637f3130af19`um_umid_header=null`sdk=34`tzone=Asia/Shanghai`sdk_ver=1.3.6.umeng
05-30 15:26:39.085 I/efs.config( 2780): config request succ, config is:
05-30 15:26:39.085 I/efs.config( 2780): {"msg":"成功","code":0,"cip":"127.0.0.1","config":{"common":{"updateInteval":480,"gate_way_https":true},"sign":"f3NTUQlEf19fZ1sSAw==","app_configs":[{"conditions":[{"val":"0.0.0.0","opc":">=","fld":"ver"}],"actions":[{"opt":"apm_netperf_state","set":100},{"opt":"apm_netperf_day_limit","set":100},{"opt":"apm_netperf_res_bd_state","set":100},{"opt":"apm_oom_state","set":0},{"opt":"apm_netperf_data_rate","set":10},{"opt":"apm_native_h5perf_sampling_rate","set":5},{"opt":"apm_netperf_req_hd_state","set":100},{"opt":"apm_netperf_sampling_rate","set":1},{"opt":"flutter_dart_exception_max_count","set":20},{"opt":"flutter_pv_sampling_rate","set":5},{"opt":"apm_netperf_res_hd_state","set":100},{"opt":"flutter_page_state","set":100},{"opt":"flutter_page_rate","set":5},{"opt":"apm_memperf_sampling_rate","set":0},{"opt":"apm_crash_user_upload_type","set":1},{"opt":"apm_memperf_collect_max_period_sec","set":600},{"opt":"apm_crash_user_max_count","set":20},{"opt":"apm_netperf_bd_state","set":100},{"opt":"apm_native_h5_state","set":0},{"opt":"apm_mem_state","set":0},{"opt":"flutter_dart_exception_state","set":100},{"opt":"flutter_pv_max_count","set":200},{"opt":"apm_memperf_collect_interval","set":5},{"opt":"apm_flutter_state","set":100},{"opt":"apm_patrace_switch_rate","set":5},{"opt":"record_accumulation_time","set":60},{"opt":"apm_net_state","set":0},{"opt":"apm_startperf_sampling_rate","set":5},{"opt":"apm_oom_sampling_rate","set":5}]}]},"stm":1748589999,"cver":1735614866}
05-30 15:26:39.085 I/efs.config( 2780): efs config is {"msg":"成功","code":0,"cip":"127.0.0.1","config":{"common":{"updateInteval":480,"gate_way_https":true},"sign":"f3NTUQlEf19fZ1sSAw==","app_configs":[{"conditions":[{"val":"0.0.0.0","opc":">=","fld":"ver"}],"actions":[{"opt":"apm_netperf_state","set":100},{"opt":"apm_netperf_day_limit","set":100},{"opt":"apm_netperf_res_bd_state","set":100},{"opt":"apm_oom_state","set":0},{"opt":"apm_netperf_data_rate","set":10},{"opt":"apm_native_h5perf_sampling_rate","set":5},{"opt":"apm_netperf_req_hd_state","set":100},{"opt":"apm_netperf_sampling_rate","set":1},{"opt":"flutter_dart_exception_max_count","set":20},{"opt":"flutter_pv_sampling_rate","set":5},{"opt":"apm_netperf_res_hd_state","set":100},{"opt":"flutter_page_state","set":100},{"opt":"flutter_page_rate","set":5},{"opt":"apm_memperf_sampling_rate","set":0},{"opt":"apm_crash_user_upload_type","set":1},{"opt":"apm_memperf_collect_max_period_sec","set":600},{"opt":"apm_crash_user_max_count","set":20},{"opt":"apm_netperf_bd_state","set":100},{"opt":"apm_native_h5_state","set":0},{"opt":"apm_mem_state","set":0},{"opt":"flutter_dart_exception_state","set":100},{"opt":"flutter_pv_max_count","set":200},{"opt":"apm_memperf_collect_interval","set":5},{"opt":"apm_flutter_state","set":100},{"opt":"apm_patrace_switch_rate","set":5},{"opt":"record_accumulation_time","set":60},{"opt":"apm_net_state","set":0},{"opt":"apm_startperf_sampling_rate","set":5},{"opt":"apm_oom_sampling_rate","set":5}]}]},"stm":1748589999,"cver":1735614866}
05-30 15:26:39.087 E/efs.config( 2780): updateConfigCond error
05-30 15:26:39.087 E/efs.config( 2780): java.lang.NumberFormatException: For input string: "v2"
05-30 15:26:39.087 E/efs.config( 2780): at java.lang.Integer.parseInt(Integer.java:797)
05-30 15:26:39.087 E/efs.config( 2780): at java.lang.Integer.parseInt(Integer.java:915)
05-30 15:26:39.087 E/efs.config( 2780): at com.efs.sdk.base.core.config.a.d.a(Unknown Source:33)
05-30 15:26:39.087 E/efs.config( 2780): at com.efs.sdk.base.core.config.a.d.a(Unknown Source:8)
05-30 15:26:39.087 E/efs.config( 2780): at com.efs.sdk.base.core.config.a.d.a(Unknown Source:404)
05-30 15:26:39.087 E/efs.config( 2780): at com.efs.sdk.base.core.config.a.d.a(Unknown Source:129)
05-30 15:26:39.087 E/efs.config( 2780): at com.efs.sdk.base.core.config.a.c.a(Unknown Source:4)
05-30 15:26:39.087 E/efs.config( 2780): at com.efs.sdk.base.core.config.a.c.e(Unknown Source:53)
05-30 15:26:39.087 E/efs.config( 2780): at com.efs.sdk.base.core.config.a.c.handleMessage(Unknown Source:105)
05-30 15:26:39.087 E/efs.config( 2780): at android.os.Handler.dispatchMessage(Handler.java:102)
05-30 15:26:39.087 E/efs.config( 2780): at android.os.Looper.loopOnce(Looper.java:205)
05-30 15:26:39.087 E/efs.config( 2780): at android.os.Looper.loop(Looper.java:294)
05-30 15:26:39.087 E/efs.config( 2780): at android.os.HandlerThread.run(HandlerThread.java:67)
05-30 15:26:39.313 D/TrafficStats( 2780): tagSocket(149) with statsTag=0xffffffff, statsUid=-1
05-30 15:26:39.367 E/audio_hw_hal_alsamgr( 480): aml_alsa_output_get_delayframe:824, pcm_ioctl fail, ret:0xffffffff, error info:Broken pipe
05-30 15:26:39.367 I/audio_hw_hal_alsamgr( 480): aml_alsa_output_write alsa_running_status[0xf0705d80] change from 1 to 0
05-30 15:26:39.367 W/audio_hw_hal_alsamgr( 480): [aml_alsa_output_write:616] alsa underrun
05-30 15:26:39.390 I/audio_hw_hal_ms12v2( 480): dolby_ms12_threadloop alsa is not running
05-30 15:26:39.390 I/audio_hw_hal_alsamgr( 480): aml_alsa_output_write alsa_running_status[0xf0705d80] change from 0 to 1
05-30 15:26:39.715 I/binder:468_4( 468): type=1400 audit(0.0:1183): avc: denied { add_name } for name="globalAlert" scontext=u:r:netd:s0 tcontext=u:object_r:proc_net:s0 tclass=dir permissive=1
05-30 15:26:39.896 D/TrafficStats( 2852): tagSocket(159) with statsTag=0xffffffff, statsUid=-1
05-30 15:26:40.174 I/WifiHAL ( 522): call wifi_get_link_stats handler
05-30 15:26:40.174 I/WifiHAL ( 522): Creating message to get link statistics; iface = 16
05-30 15:26:40.174 D/WifiHAL ( 522): error code -95 mapped to -3
05-30 15:26:40.175 E/WifiStaIfaceAidlImpl( 703): getLinkLayerStats failed with service-specific exception: android.os.ServiceSpecificException: (code 4)
05-30 15:26:40.858 E/GuardService( 2780): startMainRunnable:
05-30 15:26:40.859 D/OomAdjuster( 703): Not killing cached processes
05-30 15:26:41.939 I/Timer-1 ( 2852): type=1400 audit(0.0:1184): avc: denied { read } for name="address" dev="sysfs" ino=22127 scontext=u:r:untrusted_app_27:s0:c43,c256,c512,c768 tcontext=u:object_r:sysfs_net:s0 tclass=file permissive=1 app=com.dangbei.screencast
05-30 15:26:41.939 I/Timer-1 ( 2852): type=1400 audit(0.0:1185): avc: denied { open } for path="/sys/devices/virtual/net/dummy0/address" dev="sysfs" ino=22127 scontext=u:r:untrusted_app_27:s0:c43,c256,c512,c768 tcontext=u:object_r:sysfs_net:s0 tclass=file permissive=1 app=com.dangbei.screencast
05-30 15:26:41.943 I/Timer-1 ( 2852): type=1400 audit(0.0:1186): avc: denied { getattr } for path="/sys/devices/virtual/net/dummy0/address" dev="sysfs" ino=22127 scontext=u:r:untrusted_app_27:s0:c43,c256,c512,c768 tcontext=u:object_r:sysfs_net:s0 tclass=file permissive=1 app=com.dangbei.screencast
05-30 15:26:41.967 W/TelephonyPermissions( 703): reportAccessDeniedToReadIdentifiers:com.dangbei.screencast:getSerial:-1
05-30 15:26:41.976 I/WifiService( 703): releaseMulticastLock uid=10043
05-30 15:26:41.977 I/WifiService( 703): releaseMulticastLock uid=10043
05-30 15:26:41.980 D/IpClient.wlan0( 1096): set max DTIM multiplier to 9
05-30 15:26:41.981 D/WifiHAL ( 522): Setting APF program, halHandle = 0xf41824a0
05-30 15:26:41.981 I/WifiHAL ( 522): createRequest: APF set program request
05-30 15:26:41.981 D/WifiHAL ( 522): error code -95 mapped to -3
05-30 15:26:41.981 I/WifiHAL ( 522): Request Response failed for APF, result = -3
05-30 15:26:41.981 E/WifiStaIfaceAidlImpl( 703): installApfPacketFilter failed with service-specific exception: android.os.ServiceSpecificException: (code 4)
05-30 15:26:41.982 D/WifiHAL ( 522): Setting DTIM config , halHandle = 0xf41824a0 Multiplier = 9
05-30 15:26:41.982 I/WifiHAL ( 522): Successfully configured dtim multiplier 9
05-30 15:26:41.982 D/WifiHAL ( 522): error code -95 mapped to -3
05-30 15:26:41.971 I/gbei.screencast( 2852): type=1400 audit(0.0:1187): avc: denied { write } for name="property_service" dev="tmpfs" ino=411 scontext=u:r:untrusted_app_27:s0:c43,c256,c512,c768 tcontext=u:object_r:property_socket:s0 tclass=sock_file permissive=1 app=com.dangbei.screencast
05-30 15:26:41.982 E/WifiStaIfaceAidlImpl( 703): setDtimMultiplier failed with service-specific exception: android.os.ServiceSpecificException: (code 4)
05-30 15:26:41.975 I/gbei.screencast( 2852): type=1400 audit(0.0:1188): avc: denied { connectto } for path="/dev/socket/property_service" scontext=u:r:untrusted_app_27:s0:c43,c256,c512,c768 tcontext=u:r:init:s0 tclass=unix_stream_socket permissive=1 app=com.dangbei.screencast
05-30 15:26:42.000 D/HiSight-SinkService( 2852): setDiscoverable true
05-30 15:26:42.001 D/wenhc ( 1540): getScreenInfo uri = content://com.dangbei.screencast.parts.info/screen_cast
05-30 15:26:42.001 D/NearFieldManager( 2852): init.
05-30 15:26:42.001 D/NearFieldManager( 2852): try check dmsdp
05-30 15:26:42.015 D/NearFieldManager( 2852): package not exist
05-30 15:26:42.017 V/NFC ( 2852): this device does not have NFC support
05-30 15:26:42.018 D/CompatibilityChangeReporter( 703): Compat change id reported: 135634846; UID 10043; state: DISABLED
05-30 15:26:42.019 D/CompatibilityChangeReporter( 703): Compat change id reported: 143937733; UID 10043; state: DISABLED
05-30 15:26:42.020 D/NearFieldManager( 2852): bind nearfield service true
05-30 15:26:42.022 D/NearFieldManager( 2852): registerCallback true
05-30 15:26:42.022 D/HiSight-Discovery( 2852): set deviceInfo type:46
05-30 15:26:42.022 D/HiSight-Discovery( 2852): startAdvertise 1
05-30 15:26:42.034 D/Zygote ( 469): Forked child process 2953
05-30 15:26:42.035 I/ActivityManager( 703): Start proc 2953:com.huawei.connection/u0a43 for service {com.dangbei.screencast/com.huawei.connection.service.NearFieldManagerService}
05-30 15:26:42.043 I/Zygote ( 2953): seccomp disabled by setenforce 0
05-30 15:26:42.049 I/awei.connection( 2953): Using CollectorTypeCC GC.
05-30 15:26:42.047 I/rainbow_flow( 2177): type=1400 audit(0.0:1189): avc: denied { ioctl } for path="/dev/spidev1.0" dev="tmpfs" ino=534 ioctlcmd=0x6b00 scontext=u:r:init:s0 tcontext=u:object_r:device:s0 tclass=chr_file permissive=1
05-30 15:26:42.058 E/awei.connection( 2953): Not starting debugger since process cannot load the jdwp agent.
05-30 15:26:42.074 D/CompatibilityChangeReporter( 2953): Compat change id reported: 171979766; UID 10043; state: DISABLED
05-30 15:26:42.075 D/CompatibilityChangeReporter( 2953): Compat change id reported: 242716250; UID 10043; state: DISABLED
05-30 15:26:42.080 D/ApplicationLoaders( 2953): Returning zygote-cached class loader: /system/framework/android.test.base.jar
05-30 15:26:42.080 D/ApplicationLoaders( 2953): Returning zygote-cached class loader: /system/framework/android.hidl.manager-V1.0-java.jar
05-30 15:26:42.080 D/ApplicationLoaders( 2953): Returning zygote-cached class loader: /system/framework/android.hidl.base-V1.0-java.jar
05-30 15:26:42.102 D/nativeloader( 2953): Configuring clns-shared-4 for other apk /system/app/dangbei-screencast/dangbei-screencast.apk. target_sdk_version=28, uses_libraries=, library_path=/system/app/dangbei-screencast/lib/arm:/system/app/dangbei-screencast/dangbei-screencast.apk!/lib/armeabi-v7a:/system/lib:/system_ext/lib, permitted_path=/data:/mnt/expand:/data/user/0/com.dangbei.screencast:/system/app/dangbei-screencast:/system/lib:/system_ext/lib
05-30 15:26:42.138 V/GraphicsEnvironment( 2953): Currently set values for:
05-30 15:26:42.138 V/GraphicsEnvironment( 2953): angle_gl_driver_selection_pkgs=[]
05-30 15:26:42.138 V/GraphicsEnvironment( 2953): angle_gl_driver_selection_values=[]
