05-30 15:25:30.346 D/UtilLog ( 2186): DesValues=RM7/XZii9pESyklKGssvKc2FUk8/VVW1MW0sIKzkXrza2HSE7IpMIA==
05-30 15:25:30.346 D/UtilLog ( 2186):
05-30 15:25:30.356 D/UtilLog ( 2186): key=channel
05-30 15:25:30.360 D/UtilLog ( 2186): values=DBOS_DBBOX-A3
05-30 15:25:30.360 D/UtilLog ( 2186): DesValues=U2rMDSNEX4hbuOStO/cvUg==
05-30 15:25:30.360 D/UtilLog ( 2186):
05-30 15:25:30.360 D/UtilLog ( 2186): key=packagelist
05-30 15:25:30.368 D/UtilLog ( 2186): values=com.dangbei.leard.leradlauncher;com.dangbei.lerad.rocky;com.dangbei.zhushou.os
05-30 15:25:30.368 D/UtilLog ( 2186): DesValues=byaAjpuYP7Ne7QNaHBYrj+Qx/IguY4pPBepyaOZBI3sRAji6Dsk3VNvqtOKYgyaF+XKlPr5t9l9/yycr+EMyRX26YM4PteLXhwPrTprA3VY=
05-30 15:25:30.368 D/UtilLog ( 2186):
05-30 15:25:30.368 D/UtilLog ( 2186): key=mac
05-30 15:25:30.368 D/UtilLog ( 2186): values=20:02:FE:19:C2:49
05-30 15:25:30.368 D/UtilLog ( 2186): DesValues=nYMpcx8K3oOR3H/+bnVael4edG7fsk2z
05-30 15:25:30.368 D/UtilLog ( 2186):
05-30 15:25:30.368 D/UtilLog ( 2186): key=wifimac
05-30 15:25:30.373 D/UtilLog ( 2186): values=1C:79:2D:20:62:B5
05-30 15:25:30.373 D/UtilLog ( 2186): DesValues=7hfE1C42U7OwO7TrCfuIcZCEScvRXwe9
05-30 15:25:30.373 D/UtilLog ( 2186):
05-30 15:25:30.373 D/UtilLog ( 2186): key=uuid
05-30 15:25:30.374 D/UtilLog ( 2186): values=30b9684b-0f46-4a4e-bef1-e4a87a3f2194
05-30 15:25:30.374 D/UtilLog ( 2186): DesValues=fdpTRKQ89ZDq16BsVFxqgyXm6R9NKOvEFlDwYWz0btB/poij9Iwkug==
05-30 15:25:30.374 D/UtilLog ( 2186):
05-30 15:25:30.374 D/UtilLog ( 2186): key=appname
05-30 15:25:30.374 D/UtilLog ( 2186): values=电视管家
05-30 15:25:30.374 D/UtilLog ( 2186): DesValues=iqL5Rox+365YgqkQrzmGew==
05-30 15:25:30.374 D/UtilLog ( 2186):
05-30 15:25:30.374 D/UtilLog ( 2186): key=packagename
05-30 15:25:30.374 D/UtilLog ( 2186): values=com.dangbei.zhushou.os
05-30 15:25:30.374 D/UtilLog ( 2186): DesValues=byaAjpuYP7N/v7Z6kyOIN8JduvsEBDYD
05-30 15:25:30.374 D/UtilLog ( 2186):
05-30 15:25:30.374 D/UtilLog ( 2186): key=vname
05-30 15:25:30.374 D/UtilLog ( 2186): values=4.0.0.0.1
05-30 15:25:30.374 D/UtilLog ( 2186): DesValues=ZmbdbetpP3xQfy8gEtIzGg==
05-30 15:25:30.374 D/UtilLog ( 2186):
05-30 15:25:30.374 D/UtilLog ( 2186): key=vcode
05-30 15:25:30.375 D/UtilLog ( 2186): values=40001
05-30 15:25:30.375 D/UtilLog ( 2186): DesValues=xHelLudSdno=
05-30 15:25:30.375 D/UtilLog ( 2186):
05-30 15:25:30.375 D/UtilLog ( 2186): key=brand
05-30 15:25:30.375 D/UtilLog ( 2186): values=Amlogic
05-30 15:25:30.375 D/UtilLog ( 2186): DesValues=HnvRVHAHXXs=
05-30 15:25:30.375 D/UtilLog ( 2186):
05-30 15:25:30.375 D/UtilLog ( 2186): key=boxfactory
05-30 15:25:30.375 D/UtilLog ( 2186): values=Amlogic
05-30 15:25:30.375 D/UtilLog ( 2186): DesValues=HnvRVHAHXXs=
05-30 15:25:30.375 D/UtilLog ( 2186):
05-30 15:25:30.375 D/UtilLog ( 2186): key=rommodel
05-30 15:25:30.385 D/TrafficStats( 2186): tagSocket(95) with statsTag=0xffffffff, statsUid=-1
05-30 15:25:30.391 D/UtilLog ( 2186): values=DBBOX-A3
05-30 15:25:30.391 D/UtilLog ( 2186): DesValues=ptYW6Gxa6mYsTdCIUH92yA==
05-30 15:25:30.391 D/UtilLog ( 2186):
05-30 15:25:30.391 D/UtilLog ( 2186): key=cpuserial
05-30 15:25:30.391 D/UtilLog ( 2186): values=0000000000000000
05-30 15:25:30.391 D/UtilLog ( 2186): DesValues=nNQaqXf/biPbsaIvekQHd7yInvBfbZxz
05-30 15:25:30.391 D/UtilLog ( 2186):
05-30 15:25:30.391 D/UtilLog ( 2186): key=cpuimei
05-30 15:25:30.401 D/UtilLog ( 2186): values=armeabi-v7a
05-30 15:25:30.401 D/UtilLog ( 2186): DesValues=eB2sQ5wFJ4fV9rAgxgt0kQ==
05-30 15:25:30.401 D/UtilLog ( 2186):
05-30 15:25:30.401 D/UtilLog ( 2186): key=sn
05-30 15:25:30.401 D/UtilLog ( 2186): values=DZOH5P8251918026
05-30 15:25:30.401 D/UtilLog ( 2186): DesValues=PSoV9r7X7Xl3KaUD8cEMQwrP+e1/oK39
05-30 15:25:30.401 D/UtilLog ( 2186):
05-30 15:25:30.401 D/UtilLog ( 2186): key=osversion
05-30 15:25:30.401 D/UtilLog ( 2186): values=14
05-30 15:25:30.401 D/UtilLog ( 2186): DesValues=+mRKNRtrJXE=
05-30 15:25:30.401 D/UtilLog ( 2186):
05-30 15:25:30.401 D/UtilLog ( 2186): key=oscode
05-30 15:25:30.401 D/UtilLog ( 2186): values=34
05-30 15:25:30.401 D/UtilLog ( 2186): DesValues=rPJj7Czh+tA=
05-30 15:25:30.401 D/UtilLog ( 2186):
05-30 15:25:30.401 D/UtilLog ( 2186): key=is_write
05-30 15:25:30.402 D/UtilLog ( 2186): values=0
05-30 15:25:30.402 D/UtilLog ( 2186): DesValues=fhgfj/J6fiI=
05-30 15:25:30.402 D/UtilLog ( 2186):
05-30 15:25:30.402 D/UtilLog ( 2186): key=romvername
05-30 15:25:30.402 D/UtilLog ( 2186): values=5.0.0.7
05-30 15:25:30.402 D/UtilLog ( 2186): DesValues=dPhaGfSld/c=
05-30 15:25:30.402 D/UtilLog ( 2186):
05-30 15:25:30.402 D/UtilLog ( 2186): key=romvercode
05-30 15:25:30.402 D/UtilLog ( 2186): values=5007
05-30 15:25:30.402 D/UtilLog ( 2186): DesValues=Qm6eAfv2j98=
05-30 15:25:30.402 D/UtilLog ( 2186):
05-30 15:25:30.402 D/UtilLog ( 2186): key=bluetoothmac
05-30 15:25:30.402 D/UtilLog ( 2186): values=1C:79:2D:20:62:B6
05-30 15:25:30.402 D/UtilLog ( 2186): DesValues=7hfE1C42U7OwO7TrCfuIcV/L1woadDe1
05-30 15:25:30.402 D/UtilLog ( 2186):
05-30 15:25:30.402 D/UtilLog ( 2186): key=rommodelnumber
05-30 15:25:30.402 D/UtilLog ( 2186): values=H5P464
05-30 15:25:30.402 D/UtilLog ( 2186): DesValues=/tx48RulpA0=
05-30 15:25:30.402 D/UtilLog ( 2186):
05-30 15:25:30.402 D/UtilLog ( 2186): key=userid
05-30 15:25:30.403 D/UtilLog ( 2186): values=-1
05-30 15:25:30.403 D/UtilLog ( 2186): DesValues=U8kqhGxUlIA=
05-30 15:25:30.403 D/UtilLog ( 2186):
05-30 15:25:30.403 D/UtilLog ( 2186): key=ip
05-30 15:25:30.403 D/UtilLog ( 2186): values=
05-30 15:25:30.403 D/UtilLog ( 2186): DesValues=gKen3SyYFuE=
05-30 15:25:30.403 D/UtilLog ( 2186):
05-30 15:25:30.493 I/WifiHAL ( 522): call wifi_get_link_stats handler
05-30 15:25:30.493 I/WifiHAL ( 522): Creating message to get link statistics; iface = 16
05-30 15:25:30.493 D/WifiHAL ( 522): error code -95 mapped to -3
05-30 15:25:30.494 E/WifiStaIfaceAidlImpl( 703): getLinkLayerStats failed with service-specific exception: android.os.ServiceSpecificException: (code 4)
05-30 15:25:30.502 D/InstantWifi( 703): Receive Wifi is connected, freq = 5745 and currentNetworkId : 0, wifiinfo = SSID: , BSSID: 02:00:00:00:00:00, MAC: 02:00:00:00:00:00, IP: /192.168.3.222, Security type: 2, Supplicant state: COMPLETED, Wi-Fi standard: 6, RSSI: -50, Link speed: 1200Mbps, Tx Link speed: 1200Mbps, Max Supported Tx Link speed: 1200Mbps, Rx Link speed: 453Mbps, Max Supported Rx Link speed: 1200Mbps, Frequency: 5745MHz, Net ID: -1, Metered hint: false, score: 60, isUsable: true, CarrierMerged: false, SubscriptionId: -1, IsPrimary: 1, Trusted: true, Restricted: false, Ephemeral: false, OEM paid: false, OEM private: false, OSU AP: false, FQDN: , Provider friendly name: , Requesting package name: MLO Information: , Is TID-To-Link negotiation supported by the AP: false, AP MLD Address: , AP MLO Link Id: , AP MLO Affiliated links:
05-30 15:25:30.536 I/System.out( 2186): true
05-30 15:25:30.610 D/TrafficStats( 2186): tagSocket(99) with statsTag=0xffffffff, statsUid=-1
05-30 15:25:30.625 I/System.out( 2186): true
05-30 15:25:30.625 D/CompatibilityChangeReporter( 2186): Compat change id reported: 247079863; UID 1000; state: DISABLED
05-30 15:25:30.631 D/TrafficStats( 2186): tagSocket(98) with statsTag=0xffffffff, statsUid=-1
05-30 15:25:31.316 E/hq ( 1540): ErrorCoroutineExceptionHandler:::runTry error:com.dangbei.leard.base.proider.error.EmptyApiException: 数据为空 from=requestMessageDialog from=requestMessageDialog
05-30 15:25:31.669 E/hq ( 1540): Etna:::sendInspectLauncherUpdate
05-30 15:25:31.673 E/ccc ( 1505): cccccc SystemUpdateHelper launcherUpdate {"launcherCodeLocal":102941,"launcherCodeNet":0,"launcherVersionLocal":"2.9.4.1","launcherVersionNet":"","otaCodeLocal":0,"otaCodeNet":0,"remoteNeedUpdate":false,"updateType":""}
05-30 15:25:31.674 D/etnaManager( 1540): 不需要更新桌面
05-30 15:25:31.950 D/ProfileInstaller( 1540): Installing profile for com.dangbei.leard.leradlauncher
05-30 15:25:32.156 D/CompatibilityChangeReporter( 1943): Compat change id reported: 253665015; UID 10016; state: ENABLED
05-30 15:25:32.157 D/CompatibilityChangeReporter( 1943): Compat change id reported: 194532703; UID 10016; state: ENABLED
05-30 15:25:32.158 D/CompatibilityChangeReporter( 703): Compat change id reported: 253665015; UID 10016; state: ENABLED
05-30 15:25:32.159 D/CompatibilityChangeReporter( 703): Compat change id reported: 194532703; UID 10016; state: ENABLED
05-30 15:25:32.482 D/TrafficStats( 2257): tagSocket(153) with statsTag=0xffffffff, statsUid=-1
05-30 15:25:32.868 I/rainbow_flow( 2177): type=1400 audit(0.0:1144): avc: denied { ioctl } for path="/dev/spidev1.0" dev="tmpfs" ino=534 ioctlcmd=0x6b00 scontext=u:r:init:s0 tcontext=u:object_r:device:s0 tclass=chr_file permissive=1
05-30 15:25:33.354 E/hq ( 1540): ErrorCoroutineExceptionHandler:::runTry error:com.dangbei.leard.base.proider.error.EmptyApiException: 数据为空 from=requestMessageDialog from=requestMessageDialog
05-30 15:25:33.471 W/BroadcastLoopers( 703): Found previously unknown looper Thread[PackageManager,5,main]
05-30 15:25:33.483 V/MediaPlayerList( 1139): mPackageChangedBroadcastReceiver: action: android.intent.action.PACKAGE_CHANGED
05-30 15:25:33.495 W/Searchables( 703): No global search activity found
05-30 15:25:33.497 I/InputReader( 703): Reconfiguring input devices, changes=KEYBOARD_LAYOUTS
05-30 15:25:33.503 I/RoleService( 703): Granting default roles...
05-30 15:25:33.505 I/InputReader( 703): Reconfiguring input devices, changes=KEYBOARD_LAYOUTS
05-30 15:25:33.506 I/WifiHAL ( 522): call wifi_get_link_stats handler
05-30 15:25:33.507 I/WifiHAL ( 522): Creating message to get link statistics; iface = 16
05-30 15:25:33.507 D/WifiHAL ( 522): error code -95 mapped to -3
05-30 15:25:33.507 E/WifiStaIfaceAidlImpl( 703): getLinkLayerStats failed with service-specific exception: android.os.ServiceSpecificException: (code 4)
05-30 15:25:33.510 D/OomAdjuster( 703): Not killing cached processes
05-30 15:25:33.512 V/MediaPlayerList( 1139): mPackageChangedBroadcastReceiver: action: android.intent.action.PACKAGE_CHANGED
05-30 15:25:33.512 W/BroadcastLoopers( 703): Found previously unknown looper Thread[android.bg,5,main]
05-30 15:25:33.518 I/PermissionControllerServiceImpl( 1918): Updating user sensitive for uid 1002
05-30 15:25:33.521 I/PermissionControllerServiceImpl( 1918): Updating user sensitive for uid 10053
05-30 15:25:33.521 W/VoiceInteractionManager( 703): no available voice recognition services found for user 0
05-30 15:25:33.523 W/Searchables( 703): No global search activity found
05-30 15:25:33.527 W/VoiceInteractionManager( 703): no available voice recognition services found for user 0
05-30 15:25:33.529 W/Role ( 1918): Cannot get ApplicationInfo for default holder: com.android.messaging
05-30 15:25:33.534 W/Role ( 1918): Cannot get ApplicationInfo for default holder: com.android.tv.frameworkpackagestubs
05-30 15:25:33.575 E/DocumentManagerRoleBehavior( 1918): There should be exactly one documenter; found 0: matches=[]
05-30 15:25:33.577 W/Role ( 1918): Cannot get ApplicationInfo for default holder: com.android.gallery3d
05-30 15:25:33.602 W/BroadcastLoopers( 703): Found previously unknown looper Thread[appscheduling.default,5,main]
05-30 15:25:33.625 D/CompatibilityChangeReporter( 703): Compat change id reported: 161145287; UID 10058; state: ENABLED
05-30 15:25:33.917 D/SntpClient( 703): request time failed: java.net.SocketTimeoutException: Poll timed out
05-30 15:25:33.917 D/TrafficStats( 703): tagSocket(403) with statsTag=0xffffff41, statsUid=-1
05-30 15:25:34.318 D/AvrcpBrowsablePlayerConnector( 1139): Received a message: msg.what=2
05-30 15:25:34.318 V/AvrcpBrowsablePlayerConnector( 1139): Timed out waiting for players
05-30 15:25:34.318 I/AvrcpBrowsablePlayerConnector( 1139): Successfully connected to 0 browsable players.
05-30 15:25:34.318 I/MediaPlayerList( 1139): init: Browsable Player list size is 0
05-30 15:25:34.445 I/BLE_Service( 1156): mStartDiscoveryRunnable, return for nonGTV or usersetup finished
05-30 15:25:34.480 I/Timer-1 ( 2257): type=1400 audit(0.0:1145): avc: denied { search } for name="net" dev="sysfs" ino=12345 scontext=u:r:untrusted_app_27:s0:c43,c256,c512,c768 tcontext=u:object_r:sysfs_net:s0 tclass=dir permissive=1 app=com.dangbei.screencast
05-30 15:25:34.480 I/Timer-1 ( 2257): type=1400 audit(0.0:1146): avc: denied { read } for name="address" dev="sysfs" ino=22127 scontext=u:r:untrusted_app_27:s0:c43,c256,c512,c768 tcontext=u:object_r:sysfs_net:s0 tclass=file permissive=1 app=com.dangbei.screencast
05-30 15:25:34.480 I/Timer-1 ( 2257): type=1400 audit(0.0:1147): avc: denied { open } for path="/sys/devices/virtual/net/dummy0/address" dev="sysfs" ino=22127 scontext=u:r:untrusted_app_27:s0:c43,c256,c512,c768 tcontext=u:object_r:sysfs_net:s0 tclass=file permissive=1 app=com.dangbei.screencast
05-30 15:25:34.480 I/Timer-1 ( 2257): type=1400 audit(0.0:1148): avc: denied { getattr } for path="/sys/devices/virtual/net/dummy0/address" dev="sysfs" ino=22127 scontext=u:r:untrusted_app_27:s0:c43,c256,c512,c768 tcontext=u:object_r:sysfs_net:s0 tclass=file permissive=1 app=com.dangbei.screencast
05-30 15:25:34.497 W/TelephonyPermissions( 703): reportAccessDeniedToReadIdentifiers:com.dangbei.screencast:getSerial:-1
05-30 15:25:34.544 V/NFC ( 2257): this device does not have NFC support
05-30 15:25:34.723 I/efs.px.api( 2257): get config from server, url is https://errlog.umeng.com/apm_cc
05-30 15:25:34.727 D/TrafficStats( 2257): tagSocket(163) with statsTag=0xffffffff, statsUid=-1
05-30 15:25:34.810 I/keystore2( 279): system/security/keystore2/src/watchdog.rs:319 - Watchdog thread idle -> terminating. Have a great day.
05-30 15:25:34.824 I/gbei.screencast( 2257): type=1400 audit(0.0:1149): avc: denied { write } for name="property_service" dev="tmpfs" ino=411 scontext=u:r:untrusted_app_27:s0:c43,c256,c512,c768 tcontext=u:object_r:property_socket:s0 tclass=sock_file permissive=1 app=com.dangbei.screencast
05-30 15:25:34.824 I/gbei.screencast( 2257): type=1400 audit(0.0:1150): avc: denied { connectto } for path="/dev/socket/property_service" scontext=u:r:untrusted_app_27:s0:c43,c256,c512,c768 tcontext=u:r:init:s0 tclass=unix_stream_socket permissive=1 app=com.dangbei.screencast
05-30 15:25:34.824 I//system/bin/init( 1): type=1107 audit(0.0:1151): uid=0 auid=4294967295 ses=4294967295 subj=u:r:init:s0 msg='avc: denied { set } for property=persist.sys.wfd.devicename pid=2257 uid=10043 gid=10043 scontext=u:r:untrusted_app_27:s0:c43,c256,c512,c768 tcontext=u:object_r:system_prop:s0 tclass=property_service permissive=1'
05-30 15:25:34.827 I/WifiService( 703): releaseMulticastLock uid=10043
05-30 15:25:34.828 I/WifiService( 703): releaseMulticastLock uid=10043
05-30 15:25:34.831 D/WifiHAL ( 522): Setting APF program, halHandle = 0xf41824a0
05-30 15:25:34.831 I/WifiHAL ( 522): createRequest: APF set program request
05-30 15:25:34.831 D/WifiHAL ( 522): error code -95 mapped to -3
05-30 15:25:34.831 I/WifiHAL ( 522): Request Response failed for APF, result = -3
05-30 15:25:34.832 E/WifiStaIfaceAidlImpl( 703): installApfPacketFilter failed with service-specific exception: android.os.ServiceSpecificException: (code 4)
05-30 15:25:34.846 D/wenhc ( 1540): getScreenInfo uri = content://com.dangbei.screencast.parts.info/screen_cast
05-30 15:25:34.846 D/HiSight-SinkService( 2257): setDiscoverable true
05-30 15:25:34.847 D/NearFieldManager( 2257): init.
05-30 15:25:34.848 D/NearFieldManager( 2257): try check dmsdp
05-30 15:25:34.859 D/NearFieldManager( 2257): package not exist
05-30 15:25:34.861 D/CompatibilityChangeReporter( 703): Compat change id reported: 135634846; UID 10043; state: DISABLED
05-30 15:25:34.862 D/CompatibilityChangeReporter( 703): Compat change id reported: 143937733; UID 10043; state: DISABLED
05-30 15:25:34.863 D/NearFieldManager( 2257): bind nearfield service true
05-30 15:25:34.863 D/NearFieldManager( 2257): registerCallback true
05-30 15:25:34.863 D/HiSight-Discovery( 2257): set deviceInfo type:46
05-30 15:25:34.863 D/HiSight-Discovery( 2257): startAdvertise 1
05-30 15:25:34.874 D/Zygote ( 469): Forked child process 2470
05-30 15:25:34.875 D/TrafficStats( 2257): tagSocket(167) with statsTag=0xffffffff, statsUid=-1
05-30 15:25:34.875 I/ActivityManager( 703): Start proc 2470:com.huawei.connection/u0a43 for service {com.dangbei.screencast/com.huawei.connection.service.NearFieldManagerService}
05-30 15:25:34.876 I/TDLog ( 2186): [APP] New data found, Submitting...
05-30 15:25:34.880 I/Zygote ( 2470): seccomp disabled by setenforce 0
05-30 15:25:34.886 I/awei.connection( 2470): Using CollectorTypeCC GC.
05-30 15:25:34.892 E/awei.connection( 2470): Not starting debugger since process cannot load the jdwp agent.
05-30 15:25:34.892 D/TrafficStats( 2186): tagSocket(102) with statsTag=0xffffffff, statsUid=-1
05-30 15:25:34.901 I/TDLog ( 2186): [APP] Failed to submit data!
05-30 15:25:34.904 D/CompatibilityChangeReporter( 2470): Compat change id reported: 171979766; UID 10043; state: DISABLED
05-30 15:25:34.904 D/CompatibilityChangeReporter( 2470): Compat change id reported: 242716250; UID 10043; state: DISABLED
05-30 15:25:34.908 D/ApplicationLoaders( 2470): Returning zygote-cached class loader: /system/framework/android.test.base.jar
05-30 15:25:34.908 D/ApplicationLoaders( 2470): Returning zygote-cached class loader: /system/framework/android.hidl.manager-V1.0-java.jar
05-30 15:25:34.908 D/ApplicationLoaders( 2470): Returning zygote-cached class loader: /system/framework/android.hidl.base-V1.0-java.jar
05-30 15:25:34.919 I/efs.config( 2257): config request succ, config is:
05-30 15:25:34.919 I/efs.config( 2257): {"msg":"成功","code":0,"cip":"127.0.0.1","config":{"common":{"updateInteval":480,"gate_way_https":true},"sign":"f3NTUQlEf19VZl8QAg==","app_configs":[{"conditions":[{"val":"0.0.0.0","opc":">=","fld":"ver"}],"actions":[{"opt":"apm_netperf_state","set":100},{"opt":"apm_netperf_day_limit","set":100},{"opt":"apm_netperf_res_bd_state","set":100},{"opt":"apm_oom_state","set":0},{"opt":"apm_netperf_data_rate","set":10},{"opt":"apm_native_h5perf_sampling_rate","set":5},{"opt":"apm_netperf_req_hd_state","set":100},{"opt":"apm_netperf_sampling_rate","set":1},{"opt":"flutter_dart_exception_max_count","set":20},{"opt":"flutter_pv_sampling_rate","set":5},{"opt":"apm_netperf_res_hd_state","set":100},{"opt":"flutter_page_state","set":100},{"opt":"flutter_page_rate","set":5},{"opt":"apm_memperf_sampling_rate","set":0},{"opt":"apm_crash_user_upload_type","set":1},{"opt":"apm_memperf_collect_max_period_sec","set":600},{"opt":"apm_crash_user_max_count","set":20},{"opt":"apm_netperf_bd_state","set":100},{"opt":"apm_native_h5_state","set":0},{"opt":"apm_mem_state","set":0},{"opt":"flutter_dart_exception_state","set":100},{"opt":"flutter_pv_max_count","set":200},{"opt":"apm_memperf_collect_interval","set":5},{"opt":"apm_flutter_state","set":100},{"opt":"apm_patrace_switch_rate","set":5},{"opt":"record_accumulation_time","set":60},{"opt":"apm_net_state","set":0},{"opt":"apm_startperf_sampling_rate","set":5},{"opt":"apm_oom_sampling_rate","set":5}]}]},"stm":1748589938,"cver":1735614866}
05-30 15:25:34.919 I/efs.base( 2257): lt=event`ev_ct=efs_core`ev_ac=config_coverage`tm=2025-05-30 15:25:91`dn=2e014cdb-5933-4f31-abf7-df83dbf41111`ps=com.dangbei.screencast`um_os=android`stime=1748589929308`pid=2257`fr=android`pkg=com.dangbei.screencast`cver=1735614866`vcode=20830`dsp_w=1920`uid=2e014cdb-5933-4f31-abf7-df83dbf41111`rom=14`wid=2e014cdb-5933-4f31-abf7-df83dbf41111`um_app_carrier=`um_access=wifi`um_app_channel=os`um_crash_sdk_version=1.4.0`ctime=1748589934`model=dbbox-a3`lang=zh`net=wifi`brand=amlogic`dsp_h=1080`um_network_type=0`ver=v2.8.3`build_model=DBBOX-A3`w_tm=1748589934`appid=5fc60c21094d637f3130af19`um_umid_header=null`sdk=34`tzone=Asia/Shanghai`sdk_ver=1.3.6.umeng
05-30 15:25:34.919 I/efs.config( 2257): efs config is {"msg":"成功","code":0,"cip":"127.0.0.1","config":{"common":{"updateInteval":480,"gate_way_https":true},"sign":"f3NTUQlEf19VZl8QAg==","app_configs":[{"conditions":[{"val":"0.0.0.0","opc":">=","fld":"ver"}],"actions":[{"opt":"apm_netperf_state","set":100},{"opt":"apm_netperf_day_limit","set":100},{"opt":"apm_netperf_res_bd_state","set":100},{"opt":"apm_oom_state","set":0},{"opt":"apm_netperf_data_rate","set":10},{"opt":"apm_native_h5perf_sampling_rate","set":5},{"opt":"apm_netperf_req_hd_state","set":100},{"opt":"apm_netperf_sampling_rate","set":1},{"opt":"flutter_dart_exception_max_count","set":20},{"opt":"flutter_pv_sampling_rate","set":5},{"opt":"apm_netperf_res_hd_state","set":100},{"opt":"flutter_page_state","set":100},{"opt":"flutter_page_rate","set":5},{"opt":"apm_memperf_sampling_rate","set":0},{"opt":"apm_crash_user_upload_type","set":1},{"opt":"apm_memperf_collect_max_period_sec","set":600},{"opt":"apm_crash_user_max_count","set":20},{"opt":"apm_netperf_bd_state","set":100},{"opt":"apm_native_h5_state","set":0},{"opt":"apm_mem_state","set":0},{"opt":"flutter_dart_exception_state","set":100},{"opt":"flutter_pv_max_count","set":200},{"opt":"apm_memperf_collect_interval","set":5},{"opt":"apm_flutter_state","set":100},{"opt":"apm_patrace_switch_rate","set":5},{"opt":"record_accumulation_time","set":60},{"opt":"apm_net_state","set":0},{"opt":"apm_startperf_sampling_rate","set":5},{"opt":"apm_oom_sampling_rate","set":5}]}]},"stm":1748589938,"cver":1735614866}
05-30 15:25:34.920 E/efs.config( 2257): updateConfigCond error
05-30 15:25:34.920 E/efs.config( 2257): java.lang.NumberFormatException: For input string: "v2"
05-30 15:25:34.920 E/efs.config( 2257): at java.lang.Integer.parseInt(Integer.java:797)
05-30 15:25:34.920 E/efs.config( 2257): at java.lang.Integer.parseInt(Integer.java:915)
05-30 15:25:34.920 E/efs.config( 2257): at com.efs.sdk.base.core.config.a.d.a(Unknown Source:33)
05-30 15:25:34.920 E/efs.config( 2257): at com.efs.sdk.base.core.config.a.d.a(Unknown Source:8)
05-30 15:25:34.920 E/efs.config( 2257): at com.efs.sdk.base.core.config.a.d.a(Unknown Source:404)
05-30 15:25:34.920 E/efs.config( 2257): at com.efs.sdk.base.core.config.a.d.a(Unknown Source:129)
05-30 15:25:34.920 E/efs.config( 2257): at com.efs.sdk.base.core.config.a.c.a(Unknown Source:4)
05-30 15:25:34.920 E/efs.config( 2257): at com.efs.sdk.base.core.config.a.c.e(Unknown Source:53)
05-30 15:25:34.920 E/efs.config( 2257): at com.efs.sdk.base.core.config.a.c.handleMessage(Unknown Source:105)
05-30 15:25:34.920 E/efs.config( 2257): at android.os.Handler.dispatchMessage(Handler.java:102)
05-30 15:25:34.920 E/efs.config( 2257): at android.os.Looper.loopOnce(Looper.java:205)
05-30 15:25:34.920 E/efs.config( 2257): at android.os.Looper.loop(Looper.java:294)
05-30 15:25:34.920 E/efs.config( 2257): at android.os.HandlerThread.run(HandlerThread.java:67)
05-30 15:25:34.926 D/nativeloader( 2470): Configuring clns-shared-4 for other apk /system/app/dangbei-screencast/dangbei-screencast.apk. target_sdk_version=28, uses_libraries=, library_path=/system/app/dangbei-screencast/lib/arm:/system/app/dangbei-screencast/dangbei-screencast.apk!/lib/armeabi-v7a:/system/lib:/system_ext/lib, permitted_path=/data:/mnt/expand:/data/user/0/com.dangbei.screencast:/system/app/dangbei-screencast:/system/lib:/system_ext/lib
05-30 15:25:34.951 D/ActivityManager( 703): freezing 1559 com.android.music
05-30 15:25:34.955 V/GraphicsEnvironment( 2470): Currently set values for:
05-30 15:25:34.955 V/GraphicsEnvironment( 2470): angle_gl_driver_selection_pkgs=[]
05-30 15:25:34.955 V/GraphicsEnvironment( 2470): angle_gl_driver_selection_values=[]
05-30 15:25:34.956 V/GraphicsEnvironment( 2470): ANGLE GameManagerService for com.dangbei.screencast: false
05-30 15:25:34.956 V/GraphicsEnvironment( 2470): com.dangbei.screencast is not listed in per-application setting
05-30 15:25:34.956 V/GraphicsEnvironment( 2470): Neither updatable production driver nor prerelease driver is supported.
05-30 15:25:34.960 I/MultiDex( 2470): VM with version 2.1.0 has multidex support
05-30 15:25:34.960 I/MultiDex( 2470): Installing application
05-30 15:25:34.960 I/MultiDex( 2470): VM has multidex support, MultiDex support library is disabled.
05-30 15:25:34.961 D/CompatibilityChangeReporter( 2470): Compat change id reported: 247079863; UID 10043; state: DISABLED
05-30 15:25:34.975 W/System.err( 2470): com.umeng.analytics.pro.br: Required field 'version' was not found in serialized data! Struct: com.umeng.commonsdk.statistics.proto.d$a@bbfb6a5
05-30 15:25:34.975 W/System.err( 2470): at com.umeng.commonsdk.statistics.proto.d$a.a(Unknown Source:43)
05-30 15:25:34.975 W/System.err( 2470): at com.umeng.commonsdk.statistics.proto.d$a.b(Unknown Source:2)
05-30 15:25:34.975 W/System.err( 2470): at com.umeng.commonsdk.statistics.proto.d.read(Unknown Source:16)
05-30 15:25:34.975 W/System.err( 2470): at com.umeng.analytics.pro.au.a(Unknown Source:7)
05-30 15:25:34.975 W/System.err( 2470): at com.umeng.commonsdk.statistics.idtracking.ImprintHandler.e(Unknown Source:66)
05-30 15:25:34.975 W/System.err( 2470): at com.umeng.commonsdk.statistics.idtracking.ImprintHandler.onFileLock(Unknown Source:5)
05-30 15:25:34.975 W/System.err( 2470): at com.umeng.commonsdk.utils.FileLockUtil.doFileOperateion(Unknown Source:20)
05-30 15:25:34.975 W/System.err( 2470): at com.umeng.commonsdk.statistics.idtracking.ImprintHandler.getImprintService(Unknown Source:41)
05-30 15:25:34.975 W/System.err( 2470): at com.umeng.commonsdk.framework.UMEnvelopeBuild.imprintProperty(Unknown Source:7)
05-30 15:25:34.975 W/System.err( 2470): at com.umeng.commonsdk.config.FieldManager.a(Unknown Source:43)
05-30 15:25:34.975 W/System.err( 2470): at com.umeng.commonsdk.UMConfigure.preInit(Unknown Source:73)
05-30 15:25:34.975 W/System.err( 2470): at com.umeng.commonsdk.UMConfigure.init(Unknown Source:161)
05-30 15:25:34.975 W/System.err( 2470): at b.f.f.b.a(:4)
05-30 15:25:34.975 W/System.err( 2470): at h.o.a.run(Unknown Source:2)
05-30 15:25:34.994 I/crashsdk( 2470): version unique build id: 6230cced
05-30 15:25:34.995 I/crashsdk( 2470): version unique build id: 6230cced
05-30 15:25:34.992 I/Thread-3( 2470): type=1400 audit(0.0:1152): avc: denied { read } for name="version" dev="proc" ino=4026532005 scontext=u:r:untrusted_app_27:s0:c43,c256,c512,c768 tcontext=u:object_r:proc_version:s0 tclass=file permissive=1 app=com.dangbei.screencast
05-30 15:25:34.992 I/Thread-3( 2470): type=1400 audit(0.0:1153): avc: denied { open } for path="/proc/version" dev="proc" ino=4026532005 scontext=u:r:untrusted_app_27:s0:c43,c256,c512,c768 tcontext=u:object_r:proc_version:s0 tclass=file permissive=1 app=com.dangbei.screencast
05-30 15:25:34.998 D/crashsdk( 2470): Native log stat thread 2499 setup, waiting
05-30 15:25:35.000 I/crashsdk( 2470): begin hack android.os.Process
05-30 15:25:35.000 I/crashsdk( 2470): end hack android.os.Process
05-30 15:25:35.011 I/Matrix.AnrTracer( 2470): anrTrace, final mAnrBeatTime:400, mAnrBeatRate:400
05-30 15:25:35.012 W/efs.send_log( 2470): tryFileLock start!
05-30 15:25:35.015 I/efs.config( 2470): --->>> 删除旧的配置文件 false
05-30 15:25:35.017 I/efs.config( 2470): current config version (-1) is older than another (1735614866)
05-30 15:25:35.017 I/efs.config( 2470): load config from storage and notify observer
05-30 15:25:35.018 I/efs.base( 2470): lt=event`ev_ct=efs_core`ev_ac=pvuv`tm=2025-05-30 15:25:01`dn=2e014cdb-5933-4f31-abf7-df83dbf41111`ps=com.huawei.connection`um_os=android`stime=1748589934881`pid=2470`fr=android`pkg=com.dangbei.screencast`vcode=20830`dsp_w=1920`uid=2e014cdb-5933-4f31-abf7-df83dbf41111`rom=14`wid=2e014cdb-5933-4f31-abf7-df83dbf41111`um_app_carrier=`um_access=wifi`um_app_channel=os`um_crash_sdk_version=1.4.0`ctime=1748589935`model=dbbox-a3`lang=zh`net=wifi`brand=amlogic`dsp_h=1080`um_network_type=0`ver=v2.8.3`build_model=DBBOX-A3`w_tm=1748589935`appid=5fc60c21094d637f3130af19`um_umid_header=null`sdk=34`tzone=Asia/Shanghai`sdk_ver=1.3.6.umeng
05-30 15:25:35.020 E/LaunchManager( 2470): Non main process !
05-30 15:25:35.020 W/System.err( 2470): java.lang.NullPointerException: Attempt to invoke virtual method 'boolean com.efs.sdk.launch.LaunchConfigManager.enableTracer()' on a null object reference
05-30 15:25:35.020 W/System.err( 2470): at com.umeng.umcrash.UMCrash.init(Unknown Source:403)
05-30 15:25:35.020 W/System.err( 2470): at java.lang.reflect.Method.invoke(Native Method)
05-30 15:25:35.020 W/System.err( 2470): at com.umeng.commonsdk.UMConfigure.init(Unknown Source:811)
05-30 15:25:35.020 W/System.err( 2470): at b.f.f.b.a(:4)
05-30 15:25:35.020 W/System.err( 2470): at h.o.a.run(Unknown Source:2)
05-30 15:25:35.020 I/UMCrash ( 2470): begin register common callback. key is umid.
05-30 15:25:35.021 I/TDLog ( 2470): setReportUncaughtExceptions: true
05-30 15:25:35.022 E/Application( 2470): onCreate:Version:v2.8.3/20830/883432e
05-30 15:25:35.040 I/crashsdk( 2470): Catcher mask: 5000, 20480
05-30 15:25:35.040 I/crashsdk( 2470): Catcher thread 2477
05-30 15:25:35.040 D/crashsdk( 2470): Register ANR handler ...
05-30 15:25:35.042 D/HiSight-SinkService( 2257): setDiscoverable true
05-30 15:25:35.042 D/HiSight-Discovery( 2257): set deviceInfo type:46
05-30 15:25:35.042 D/HiSight-Discovery( 2257): startAdvertise 1
05-30 15:25:35.043 D/wenhc ( 1540): getScreenInfo uri = content://com.dangbei.screencast.parts.info/screen_cast
05-30 15:25:35.057 D/NearFieldManagerService( 2470): NearFieldManagerService.
05-30 15:25:35.058 D/NearFieldManagerService( 2470): onCreate, enter.
05-30 15:25:35.058 I/NearFieldManagerService( 2470): onBind, enter.
05-30 15:25:35.058 D/NearFieldManagerService( 2470): initService
05-30 15:25:35.058 D/NearFieldManagerService( 2470): NearField starting...
05-30 15:25:35.059 D/NearFieldUtils( 2470): checkSystemProperty in
05-30 15:25:35.059 D/NearFieldUtils( 2470): checkSystemProperty: systemProperties:
05-30 15:25:35.059 E/NearFieldUtils( 2470): validProperty: priority is null
05-30 15:25:35.060 D/HiSight-SinkService( 2257): setDiscoverable true
05-30 15:25:35.060 D/HiSight-Discovery( 2257): set deviceInfo type:46
05-30 15:25:35.061 D/HiSight-Discovery( 2257): startAdvertise 1
05-30 15:25:35.061 E/HuaweiCastService( 2257): onStartCommand in 0
05-30 15:25:35.061 D/wenhc ( 1540): getScreenInfo uri = content://com.dangbei.screencast.parts.info/screen_cast
05-30 15:25:35.064 D/NearFieldManager( 2257): service connected.
05-30 15:25:35.065 D/HiSight-Discovery( 2257): eventId: 4001
05-30 15:25:35.065 D/HiSight-Discovery( 2257): msg 4001
05-30 15:25:35.066 D/HiSight-Discovery( 2257): bind success, status Ready
05-30 15:25:35.066 D/HiSight-Discovery( 2257): startAdvertise 2
05-30 15:25:35.066 D/HiSight-Discovery( 2257): stopAdvertise.
05-30 15:25:35.066 D/HiSight-Discovery( 2257): nearFieldStartListen deviceType 46
05-30 15:25:35.067 I/NearFieldManagerImpl( 2470): setDeviceInfo, sDeviceId changes
05-30 15:25:35.067 I/NearFieldManagerImpl( 2470): setDeviceInfo, sDeviceName changes
05-30 15:25:35.068 D/NearFieldManagerImpl( 2470): setServiceData, sServiceData=[], serviceData=[32]
05-30 15:25:35.068 E/NearFieldManager( 2257): setIdnNetworkPriority: networkPortPriority is empty
05-30 15:25:35.068 D/NearFieldManager( 2257): StartListen moduleId: CastPlusDiscoveryModule
05-30 15:25:35.069 D/NearFieldManagerImpl( 2470): startListen: moduleId: CastPlusDiscoveryModule
05-30 15:25:35.069 D/NearFieldUtils( 2470): getPreferredIpAddress exec
05-30 15:25:35.069 D/NearFieldUtils( 2470): getPreferredIpAddress by custom priority
05-30 15:25:35.069 D/NearFieldUtils( 2470): getIpByInterfaceSetting customIdnNetworkPriority:[]
05-30 15:25:35.069 D/NearFieldUtils( 2470): getPreferredIpAddress by default priority
05-30 15:25:35.069 I/TDLog ( 2470): TalkingData SDK init...
05-30 15:25:35.069 I/TDLog ( 2470): SDK_VERSION is: Android+TD+V5.0.7 gp Type:Native Build_Num:2141
05-30 15:25:35.069 I/TDLog ( 2470): App ID is: B9D7815EC975466AB1332111FCE62DF5
05-30 15:25:35.069 I/TDLog ( 2470): App Channel is: os
05-30 15:25:35.069 I/TDLog ( 2470): App Custom is:
05-30 15:25:35.069 I/TDLog ( 2470): SDK_OVC is: TDOVC+a3bb7754719798526508b6caad480dd7+SaaS
05-30 15:25:35.074 D/TrafficStats( 2470): tagSocket(136) with statsTag=0xffffffff, statsUid=-1
05-30 15:25:35.077 D/NearFieldUtils( 2470): to get wlan0 ip address
05-30 15:25:35.077 D/NearFieldUtils( 2470): get wlan0 IP succeed.
05-30 15:25:35.077 D/NearFieldManagerImpl( 2470): sDeviceType: 46
05-30 15:25:35.077 D/NearFieldManagerImpl( 2470): registerDevice() is called.
05-30 15:25:35.078 E/NearFieldManagerUtilsNative( 2470): Begin System.loadLibrary()
05-30 15:25:35.102 D/TrafficStats( 2470): tagSocket(142) with statsTag=0xffffffff, statsUid=-1
05-30 15:25:35.111 I/HicomNfTimerManager( 2470): epoll fd:138 create success
05-30 15:25:35.111 I/HicomNfTimerManager( 2470): epoll add fd:140--->138 success
05-30 15:25:35.111 I/HicomNfTimerManager( 2470): time fd:140 add to epoll success
05-30 15:25:35.115 D/nStackXDFinder( 2470): NSTACKX_Init:[146] :nstack ctrl creat epollfd 141
05-30 15:25:35.117 I/nStackXDFinder( 2470): InitDefaultInterfaceName:[779] :InitDefaultInterfaceName exec
05-30 15:25:35.117 D/nStackXCoAP( 2470): CoapServerInit:[174] :CoapServerInit is called
05-30 15:25:35.117 E/nStackXDFinder( 2470): GetLocalIp:[401] :GetLocalIp exec
05-30 15:25:35.117 E/nStackXDFinder( 2470): GetLocalIp:[407] :GetLocalIp, ifInfo is null
05-30 15:25:35.118 I/HicomNfMainCtrlManager( 2470): NSTACKX_RegisterDevice is called
05-30 15:25:35.118 D/NearFieldManagerImpl( 2470): Register device success.
05-30 15:25:35.118 I/NearFieldManagerImpl( 2470): serviceName is castPlus
05-30 15:25:35.118 I/nStackXDFinder( 2470): UpdateLocalNetworkInterface:[472] :UpdateLocalNetworkInterface exec,initerfaceName:wlan0
05-30 15:25:35.118 E/nStackXDFinder( 2470): GetLocalIp:[401] :GetLocalIp exec
05-30 15:25:35.118 E/nStackXDFinder( 2470): GetLocalIp:[407] :GetLocalIp, ifInfo is null
05-30 15:25:35.118 I/nStackXDFinder( 2470): UpdateLocalNetworkInterface:[498] :UpdateLocalNetworkInterface copy ip value in default process
05-30 15:25:35.118 E/nStackXDFinder( 2470): GetLocalIp:[401] :GetLocalIp exec
05-30 15:25:35.118 D/nStackXCoAP( 2470): CoapServerInit:[174] :CoapServerInit is called
05-30 15:25:35.118 E/nStackXDFinder( 2470): GetLocalIp:[401] :GetLocalIp exec
05-30 15:25:35.118 D/NearFieldManagerImpl( 2470): registerCapability() called with: capabilityBitmapNum = 1, capabilityBitmap = [8]
05-30 15:25:35.118 I/nStackXUtil( 2470): BindToDevice:[352] :BindToDevice exec
05-30 15:25:35.118 I/nStackXUtil( 2470): GetInterfaceByPriority:[279] :GetInterfaceByPriority exec
05-30 15:25:35.118 I/nStackXUtil( 2470): GetInterfaceByDefault:[309] :GetInterfaceByDefault exec
05-30 15:25:35.118 I/nStackXUtil( 2470): GetInterfaceByDefault:[316] :GetInterfaceByDefault, ndevice name: lo
05-30 15:25:35.118 I/nStackXUtil( 2470): GetInterfaceByDefault:[316] :GetInterfaceByDefault, ndevice name: wlan0
05-30 15:25:35.118 I/nStackXUtil( 2470): BindToDevice:[374] :BindToDevice, Bind localAddr name: wlan0
05-30 15:25:35.118 I/nStackXUtil( 2470): BindToDeviceInner:[191] :binding interface wlan0 success
05-30 15:25:35.118 D/nStackXCoAP( 2470): CoapInitResources:[744] :CoapInitResources g_wlanOrEthContext update
05-30 15:25:35.120 I/HicomNf_java_to_c( 2470): registerCapability, capabilityBitmapNum: 1
05-30 15:25:35.120 I/HicomNfMainCtrlManager( 2470): RegisterCapability: 1, 8
05-30 15:25:35.120 D/NearFieldManagerImpl( 2470): Register capability succeed with capabilityBitmapNum = 1, capabilityBitmap = [8]
05-30 15:25:35.120 D/NearFieldManagerImpl( 2470): registerServiceData() called with: serviceData = 32
05-30 15:25:35.120 I/nStackXDFinder( 2470): RegisterServiceData:[728] :RegisterServiceData, serviceData=[32]
05-30 15:25:35.120 D/NearFieldManagerImpl( 2470): registerModule() called with: packageModuleName = com.huawei.connection+CastPlusDiscoveryModule
05-30 15:25:35.120 I/HicomNf_java_to_c( 2470): registerModule, moduleName: com.huawei.connection+CastPlusDiscoveryModule
05-30 15:25:35.120 I/HicomNfMainCtrlManager( 2470): Enter RegisterModule
05-30 15:25:35.120 I/HicomNfRegManager( 2470): RegisterModule OK, add module name com.huawei.connection+CastPlusDiscoveryModule
05-30 15:25:35.122 I/Hisight-DeviceListManager( 2257): init DeviceListManager.
05-30 15:25:35.126 D/Hisight-DeviceListManager( 2257): get old secret key
05-30 15:25:35.129 E/Hisight-ConnectAuthCallBack( 2257): readSecureFile failed, no such file
05-30 15:25:35.129 W/Hisight-DeviceListManager( 2257): deviceRecords is empty
05-30 15:25:35.129 W/Hisight-DeviceListManager( 2257): occur error, clear all the list
05-30 15:25:35.129 D/Hisight-HiChainAuthControl( 2257): start HiChainAuthControl
05-30 15:25:35.150 I/ConnectAuthJNI( 2257): JNI_OnLoad begin load
05-30 15:25:35.150 I/ConnectAuthJNI( 2257): RegisterNativeMethod begin
05-30 15:25:35.151 I/ConnectAuthJNI( 2257): RegisterNativeMethod end
05-30 15:25:35.151 I/ConnectAuthJNI( 2257): RegisterNativeMethod 1004 methodLen=10
05-30 15:25:35.151 I/ConnectAuthJNI( 2257): RegisterNativeMethod 1007 RegisterNatives=0
05-30 15:25:35.151 I/ConnectAuthJNI( 2257): InitArraylist 1013
05-30 15:25:35.151 I/ConnectAuthJNI( 2257): InitConnectAuthStaticJNIMethod 1114 methodRet=0
05-30 15:25:35.151 E/ConnectAuthJNI( 2257): JNI_OnLoad finish....1138
05-30 15:25:35.151 D/Hisight-HiChainAuthControl( 2257): setupAuthIfNeeded, HiChainInstance hasn't been initialized
05-30 15:25:35.151 I/ConnectAuthJNI( 2257): Java_com_huawei_hisight_security_ConnectAuthNative_nativeSetup 795 call HiChainNativeSetup
05-30 15:25:35.151 I/ConnectAuthJNI( 2257): HiChainNativeSetup 565 registe_log
05-30 15:25:35.151 I/ConnectAuthJNI( 2257): HksStorageRegisterFileCallbacks 245 register hks file callback status =0
05-30 15:25:35.151 I/ConnectAuthJNI( 2257): HksRegisterGetDeviceIdCallback 268 register hks get hardware udid callback status =0
05-30 15:25:35.152 D/ConnectAuthJNI( 2257): [HiChain] get_instance Begin get instance
05-30 15:25:35.152 I/ConnectAuthJNI( 2257): [HKS] hks_service_key_info_init hks init : begin
05-30 15:25:35.152 I/ConnectAuthJNI( 2257): FileRead 113 FileRead
05-30 15:25:35.152 I/ConnectAuthJNI( 2257): FileRead 122 FileRead call readSecureFile begin
05-30 15:25:35.152 E/Hisight-ConnectAuthCallBack( 2257): readSecureFile failed, no such file
05-30 15:25:35.152 W/ConnectAuthJNI( 2257): FileRead 132 FileRead call readSecureFile byteArray is null
05-30 15:25:35.153 I/ConnectAuthJNI( 2257): [HKS] hks_rkc_init RKC init:begin, is_key_info_exist=0
05-30 15:25:35.153 I/ConnectAuthJNI( 2257): [HKS] hks_rkc_init_entropy the entropy is empty
05-30 15:25:35.153 I/ConnectAuthJNI( 2257): FileSize 214 FileSize
05-30 15:25:35.153 I/ConnectAuthJNI( 2257): FileSize 230 fileSize=258
05-30 15:25:35.153 I/ConnectAuthJNI( 2257): FileRead 113 FileRead
05-30 15:25:35.153 I/ConnectAuthJNI( 2257): FileRead 122 FileRead call readSecureFile begin
05-30 15:25:35.155 I/ConnectAuthJNI( 2257): FileRead 135 FileRead call readSecureFile end
05-30 15:25:35.155 I/ConnectAuthJNI( 2257): FileRead 150 fileBuff size 258, buf len 258
05-30 15:25:35.155 I/ConnectAuthJNI( 2257): FileSize 214 FileSize
05-30 15:25:35.156 I/ConnectAuthJNI( 2257): FileSize 230 fileSize=258
05-30 15:25:35.157 I/ConnectAuthJNI( 2257): FileRead 113 FileRead
05-30 15:25:35.157 I/ConnectAuthJNI( 2257): FileRead 122 FileRead call readSecureFile begin
05-30 15:25:35.158 I/ConnectAuthJNI( 2257): FileRead 135 FileRead call readSecureFile end
05-30 15:25:35.158 I/ConnectAuthJNI( 2257): FileRead 150 fileBuff size 258, buf len 258
05-30 15:25:35.159 I/ConnectAuthJNI( 2257): [HKS] hks_rkc_load_ksf load ksf success
05-30 15:25:35.159 I/ConnectAuthJNI( 2257): [HKS] hks_rkc_init root key component init success
05-30 15:25:35.159 I/ConnectAuthJNI( 2257): [HKS] hks_rkc_init RKC init:end,rc=0
05-30 15:25:35.159 I/ConnectAuthJNI( 2257): [HKS] hks_service_key_info_init hks init : end
05-30 15:25:35.159 I/ConnectAuthJNI( 2257): GetHiChainProtocolParamsCallback 371 GetHiChainProtocolParamsCallback operation_code= 99
05-30 15:25:35.159 I/ConnectAuthJNI( 2257): paramLen is ,=0
05-30 15:25:35.159 I/ConnectAuthJNI( 2257): paramLen is ,=0
05-30 15:25:35.159 I/ConnectAuthJNI( 2257): GetHiChainProtocolParamsCallback 402 GetHiChainProtocolParamsCallback end
05-30 15:25:35.159 I/ConnectAuthJNI( 2257): [HiChain] get_instance Get instance success
05-30 15:25:35.159 I/ConnectAuthJNI( 2257): Java_com_huawei_hisight_security_ConnectAuthNative_nativeGetHiChainInstance 598 get instance success
05-30 15:25:35.159 D/Hisight-HiChainAuthControl( 2257): destroyAuth
05-30 15:25:35.159 I/ConnectAuthJNI( 2257): Java_com_huawei_hisight_security_ConnectAuthNative_nativeDestroy 603 destroy
05-30 15:25:35.159 D/Hisight-HiChainAuthControl( 2257): setupAuthIfNeeded, HiChainInstance hasn't been initialized
05-30 15:25:35.159 I/ConnectAuthJNI( 2257): Java_com_huawei_hisight_security_ConnectAuthNative_nativeSetup 795 call HiChainNativeSetup
05-30 15:25:35.159 I/ConnectAuthJNI( 2257): HiChainNativeSetup 565 registe_log
05-30 15:25:35.159 I/ConnectAuthJNI( 2257): HksStorageRegisterFileCallbacks 245 register hks file callback status =0
05-30 15:25:35.159 I/ConnectAuthJNI( 2257): HksRegisterGetDeviceIdCallback 268 register hks get hardware udid callback status =0
05-30 15:25:35.159 D/ConnectAuthJNI( 2257): [HiChain] get_instance Begin get instance
05-30 15:25:35.159 I/ConnectAuthJNI( 2257): [HKS] hks_service_key_info_init hks init : begin
05-30 15:25:35.159 I/ConnectAuthJNI( 2257): [HKS] hks_service_key_info_init hks init : end
05-30 15:25:35.159 I/ConnectAuthJNI( 2257): GetHiChainProtocolParamsCallback 371 GetHiChainProtocolParamsCallback operation_code= 99
05-30 15:25:35.159 I/ConnectAuthJNI( 2257): paramLen is ,=0
05-30 15:25:35.159 I/ConnectAuthJNI( 2257): paramLen is ,=0
05-30 15:25:35.159 I/ConnectAuthJNI( 2257): GetHiChainProtocolParamsCallback 402 GetHiChainProtocolParamsCallback end
05-30 15:25:35.159 I/ConnectAuthJNI( 2257): [HiChain] get_instance Get instance success
05-30 15:25:35.159 I/ConnectAuthJNI( 2257): Java_com_huawei_hisight_security_ConnectAuthNative_nativeGetHiChainInstance 598 get instance success
05-30 15:25:35.159 W/ConnectAuthJNI( 2257): GetListTrustPeers 899 trustPeerSize=0
05-30 15:25:35.159 D/Hisight-HiChainAuthControl( 2257): destroyAuth
05-30 15:25:35.159 I/ConnectAuthJNI( 2257): Java_com_huawei_hisight_security_ConnectAuthNative_nativeDestroy 603 destroy
05-30 15:25:35.159 D/Hisight-HiChainAuthControl( 2257): setupAuthIfNeeded, HiChainInstance hasn't been initialized
05-30 15:25:35.159 I/ConnectAuthJNI( 2257): Java_com_huawei_hisight_security_ConnectAuthNative_nativeSetup 795 call HiChainNativeSetup
05-30 15:25:35.159 I/ConnectAuthJNI( 2257): HiChainNativeSetup 565 registe_log
05-30 15:25:35.159 I/ConnectAuthJNI( 2257): HksStorageRegisterFileCallbacks 245 register hks file callback status =0
05-30 15:25:35.160 I/ConnectAuthJNI( 2257): HksRegisterGetDeviceIdCallback 268 register hks get hardware udid callback status =0
05-30 15:25:35.160 D/ConnectAuthJNI( 2257): [HiChain] get_instance Begin get instance
05-30 15:25:35.160 I/ConnectAuthJNI( 2257): [HKS] hks_service_key_info_init hks init : begin
05-30 15:25:35.160 I/ConnectAuthJNI( 2257): [HKS] hks_service_key_info_init hks init : end
05-30 15:25:35.160 I/ConnectAuthJNI( 2257): GetHiChainProtocolParamsCallback 371 GetHiChainProtocolParamsCallback operation_code= 99
05-30 15:25:35.160 I/ConnectAuthJNI( 2257): paramLen is ,=0
05-30 15:25:35.160 I/ConnectAuthJNI( 2257): paramLen is ,=0
05-30 15:25:35.160 I/ConnectAuthJNI( 2257): GetHiChainProtocolParamsCallback 402 GetHiChainProtocolParamsCallback end
05-30 15:25:35.160 I/ConnectAuthJNI( 2257): [HiChain] get_instance Get instance success
05-30 15:25:35.160 I/ConnectAuthJNI( 2257): Java_com_huawei_hisight_security_ConnectAuthNative_nativeGetHiChainInstance 598 get instance success
05-30 15:25:35.160 W/ConnectAuthJNI( 2257): GetListTrustPeers 899 trustPeerSize=0
05-30 15:25:35.160 D/Hisight-DeviceListManager( 2257): init trusted list size: 0
05-30 15:25:35.160 D/HiSight-ConnectionManager( 2257): setAuthInfo, authMode: 1
05-30 15:25:35.375 D/TrafficStats( 2470): tagSocket(136) with statsTag=0xffffffff, statsUid=-1
05-30 15:25:35.494 D/NearFieldManagerImpl( 2470): onReceive action get:android.net.conn.CONNECTIVITY_CHANGE
05-30 15:25:35.495 W/efs.info.manager( 2470): network change: wifi
05-30 15:25:35.496 D/NearFieldUtils( 2470): getPreferredIpAddress exec
05-30 15:25:35.496 D/NearFieldUtils( 2470): getPreferredIpAddress by custom priority
05-30 15:25:35.496 D/NearFieldUtils( 2470): getIpByInterfaceSetting customIdnNetworkPriority:[]
05-30 15:25:35.496 D/NearFieldUtils( 2470): getPreferredIpAddress by default priority
05-30 15:25:35.503 D/NearFieldUtils( 2470): to get wlan0 ip address
05-30 15:25:35.503 D/NearFieldUtils( 2470): get wlan0 IP succeed.
05-30 15:25:35.503 E/NearFieldManagerImpl( 2470): notifyByPriority: interfaceNameInUse is null
05-30 15:25:35.503 D/NearFieldManagerImpl( 2470): handleConnectivityAction: notified by default
05-30 15:25:35.507 D/NearFieldUtils( 2470): to get wlan0 ip address
05-30 15:25:35.507 D/NearFieldUtils( 2470): get wlan0 IP succeed.
05-30 15:25:35.507 I/NearFieldManagerImpl( 2470): wlan Connected
05-30 15:25:35.507 I/HicomNf_java_to_c( 2470): notifyNetworkStateChanged with maskStr, networkType: 0, networkState: 0, mask:
05-30 15:25:35.507 I/HicomNfMainCtrlManager( 2470): NotifyNetworkStateChanged is called with networkState: 0
05-30 15:25:35.507 I/HicomNfMainCtrlManager( 2470): P2P and USB are both disconnected
05-30 15:25:35.507 I/HicomNfSecureManager( 2470): stop listening
05-30 15:25:35.507 I/HicomNfSecureManager( 2470): StopListening, m_sessionInfoLock out, before calling NSTACKX_DMsgClose 2
05-30 15:25:35.507 I/HicomNfSecureManager( 2470): StopListening, after calling NSTACKX_DMsgClose 2
05-30 15:25:35.510 I/HicomNf_java_to_c( 2470): notifyNetworkStateChanged with maskStr, networkType: 0, networkState: 1, mask: 255.255.254.0
05-30 15:25:35.510 I/HicomNfMainCtrlManager( 2470): NotifyNetworkStateChanged is called with networkState: 1
05-30 15:25:35.510 I/HicomNfSecureManager( 2470): StartListening, before calling NSTACKX_DMsgServer
05-30 15:25:35.510 I/nStackXDMsg( 2470): NSTACKX_DMsgServer:[1335] :msgReceiver is not NULL
05-30 15:25:35.511 D/nStackXDMsg( 2470): StartDMsgMainThread:[1274] :pthread_create
05-30 15:25:35.511 I/HicomNfSecureManager( 2470): StartListening, after calling NSTACKX_DMsgServer
05-30 15:25:35.511 I/HicomNfSecureManager( 2470): OnehopSecureCtrlManager: succeeded to StartListening with type 0
05-30 15:25:35.680 D/TrafficStats( 1540): tagSocket(79) with statsTag=0xffffffff, statsUid=-1
05-30 15:25:35.742 E/dangbei111( 1505): cccccc 检查遥控器是否连接: Dangbei E4:BB:D3:57:C0:22
05-30 15:25:35.746 E/dangbei111( 1505): cccccc 检查遥控器是否连接: 蓝牙的结果 Dangbei E4:BB:D3:57:C0:22 false
05-30 15:25:35.754 E/dangbei111( 1505): cccccc input中没有遥控器存在
05-30 15:25:35.754 E/dangbei111( 1505): cccccc 蓝牙状态连接 不是连接状态 啥都不干
05-30 15:25:35.758 E/dangbei111( 1505): cccccc 开始扫描
05-30 15:25:35.758 D/BluetoothAdapter( 1505): isLeEnabled(): ON
05-30 15:25:35.765 I/bt_stack( 1139): [INFO:le_scanning_manager.cc(155)] RegisterScanner in shim layer
05-30 15:25:35.766 D/BluetoothLeScanner( 1505): onScannerRegistered() - status=0 scannerId=1 mScannerId=0
05-30 15:25:35.780 D/ActivityAttributionService( 1139): notifyActivityAttributionInfo UID=1002 packageName=com.android.bluetooth deviceAddress=no_active_device_address
05-30 15:25:35.780 I/bt_btif ( 1139): packages/modules/Bluetooth/system/btif/src/bluetooth.cc:829 get_profile_interface: get_profile_interface: id = activity_attribution
05-30 15:25:35.781 I/bt_stack( 1139): [INFO:le_scanning_manager.cc(168)] Scan in shim layer started
05-30 15:25:35.781 I/bluetooth( 1139): packages/modules/Bluetooth/system/gd/hci/le_scanning_manager.cc:588 stop_scan: Scanning already stopped, return!
05-30 15:25:35.782 I/bluetooth( 1139): packages/modules/Bluetooth/system/gd/hci/le_address_manager.cc:178 register_client: Client registered
05-30 15:25:35.783 E/dangbei111( 1505): cccccc 开始扫描
05-30 15:25:35.784 D/BluetoothAdapter( 1505): isLeEnabled(): ON
05-30 15:25:35.785 I/bt_stack( 1139): [INFO:le_scanning_manager.cc(168)] Scan in shim layer stopped
05-30 15:25:35.785 I/bluetooth( 1139): packages/modules/Bluetooth/system/gd/hci/le_address_manager.cc:193 unregister_client: Client unregistered
05-30 15:25:35.785 I/bt_stack( 1139): [INFO:le_scanning_manager.cc(346)] SetScanParameters in shim layer
05-30 15:25:35.785 I/bt_stack( 1139): [INFO:le_scanning_manager.cc(168)] Scan in shim layer started
05-30 15:25:35.785 I/bluetooth( 1139): packages/modules/Bluetooth/system/gd/hci/le_scanning_manager.cc:588 stop_scan: Scanning already stopped, return!
05-30 15:25:35.785 I/bluetooth( 1139): packages/modules/Bluetooth/system/gd/hci/le_address_manager.cc:178 register_client: Client registered
05-30 15:25:35.845 E/raop ( 2257): JavaCallback init
05-30 15:25:35.950 I/bt_btif_dm( 1139): packages/modules/Bluetooth/system/btif/src/btif_dm.cc:691 btif_update_remote_properties: cod from storage is also unclassified
05-30 15:25:36.253 I/bt_btif_dm( 1139): packages/modules/Bluetooth/system/btif/src/btif_dm.cc:691 btif_update_remote_properties: cod from storage is also unclassified
05-30 15:25:36.339 D/TrafficStats( 2257): tagSocket(172) with statsTag=0xffffffff, statsUid=-1
05-30 15:25:36.513 I/WifiHAL ( 522): call wifi_get_link_stats handler
05-30 15:25:36.513 I/WifiHAL ( 522): Creating message to get link statistics; iface = 16
05-30 15:25:36.513 D/WifiHAL ( 522): error code -95 mapped to -3
05-30 15:25:36.514 E/WifiStaIfaceAidlImpl( 703): getLinkLayerStats failed with service-specific exception: android.os.ServiceSpecificException: (code 4)
05-30 15:25:36.674 E/hq ( 1540): Etna:::getFindLookupControllerState isConnect=true
05-30 15:25:36.675 E/Etna ( 1540): getFindLookupControllerState1111111
05-30 15:25:36.677 E/hq ( 1540): Etna:::getFindLookupControllerState valueStr=1
05-30 15:25:36.677 E/hq ( 1540): LookupControler:::isLookupController=true
05-30 15:25:36.678 I/hq ( 1540): LookupControler:::time=110000
