05-30 15:26:49.895 W/ServiceDescriptorBinder( 2852): UPnP specification violation: Not producing element to be compatible with WMP12: (ActionArgument, OUT) CurrentMute
05-30 15:26:49.895 W/ServiceDescriptorBinder( 2852): UPnP specification violation: Not producing element to be compatible with WMP12: (ActionArgument, OUT) CurrentVolume
05-30 15:26:49.896 W/ServiceDescriptorBinder( 2852): UPnP specification violation: Not producing element to be compatible with WMP12: (ActionArgument, OUT) CurrentPresetNameList
05-30 15:26:49.896 W/ServiceDescriptorBinder( 2852): UPnP specification violation: Not producing element to be compatible with WMP12: (ActionArgument, OUT) CurrentLoudness
05-30 15:26:49.896 W/ServiceDescriptorBinder( 2852): UPnP specification violation: Not producing element to be compatible with WMP12: (ActionArgument, OUT) CurrentVolume
05-30 15:26:50.011 W/ServiceDescriptorBinder( 2852): UPnP specification violation: Not producing element to be compatible with WMP12: (ActionArgument, OUT) ConnectionIDs
05-30 15:26:50.011 W/ServiceDescriptorBinder( 2852): UPnP specification violation: Not producing element to be compatible with WMP12: (ActionArgument, OUT) CurrentMute
05-30 15:26:50.011 W/ServiceDescriptorBinder( 2852): UPnP specification violation: Not producing element to be compatible with WMP12: (ActionArgument, OUT) CurrentVolume
05-30 15:26:50.011 W/ServiceDescriptorBinder( 2852): UPnP specification violation: Not producing element to be compatible with WMP12: (ActionArgument, OUT) CurrentPresetNameList
05-30 15:26:50.011 W/ServiceDescriptorBinder( 2852): UPnP specification violation: Not producing element to be compatible with WMP12: (ActionArgument, OUT) CurrentLoudness
05-30 15:26:50.012 W/ServiceDescriptorBinder( 2852): UPnP specification violation: Not producing element to be compatible with WMP12: (ActionArgument, OUT) CurrentVolume
05-30 15:26:50.086 W/ServiceDescriptorBinder( 2852): UPnP specification violation: Not producing element to be compatible with WMP12: (ActionArgument, OUT) ConnectionIDs
05-30 15:26:51.097 I/TDLog ( 2186): [APP] New data found, Submitting...
05-30 15:26:51.105 D/TrafficStats( 2186): tagSocket(104) with statsTag=0xffffffff, statsUid=-1
05-30 15:26:51.109 I/TDLog ( 2186): [APP] Failed to submit data!
05-30 15:26:51.959 I/crashsdk( 2852): crashsdk uploading logs
05-30 15:26:52.218 I/WifiHAL ( 522): call wifi_get_link_stats handler
05-30 15:26:52.218 I/WifiHAL ( 522): Creating message to get link statistics; iface = 16
05-30 15:26:52.219 D/WifiHAL ( 522): error code -95 mapped to -3
05-30 15:26:52.219 E/WifiStaIfaceAidlImpl( 703): getLinkLayerStats failed with service-specific exception: android.os.ServiceSpecificException: (code 4)
05-30 15:26:52.301 I/keystore2( 279): system/security/keystore2/src/watchdog.rs:319 - Watchdog thread idle -> terminating. Have a great day.
05-30 15:26:53.797 I/audio_hw_hal_alsamgr( 480): alsa format =0x1 delay frames =768 total frames=4710400
05-30 15:26:55.226 I/WifiHAL ( 522): call wifi_get_link_stats handler
05-30 15:26:55.226 I/WifiHAL ( 522): Creating message to get link statistics; iface = 16
05-30 15:26:55.226 D/WifiHAL ( 522): error code -95 mapped to -3
05-30 15:26:55.227 E/WifiStaIfaceAidlImpl( 703): getLinkLayerStats failed with service-specific exception: android.os.ServiceSpecificException: (code 4)
05-30 15:26:57.058 D/TrafficStats( 2852): tagSocket(224) with statsTag=0xffffffff, statsUid=-1
05-30 15:26:58.230 I/WifiHAL ( 522): call wifi_get_link_stats handler
05-30 15:26:58.230 I/WifiHAL ( 522): Creating message to get link statistics; iface = 16
05-30 15:26:58.231 D/WifiHAL ( 522): error code -95 mapped to -3
05-30 15:26:58.231 E/WifiStaIfaceAidlImpl( 703): getLinkLayerStats failed with service-specific exception: android.os.ServiceSpecificException: (code 4)
05-30 15:26:58.959 D/UtilLog ( 2186): 日志批量上报 进行正常循环 !!!!!!本次有0次请求,共0条数据
05-30 15:27:01.238 I/WifiHAL ( 522): call wifi_get_link_stats handler
05-30 15:27:01.238 I/WifiHAL ( 522): Creating message to get link statistics; iface = 16
05-30 15:27:01.238 D/WifiHAL ( 522): error code -95 mapped to -3
05-30 15:27:01.238 E/WifiStaIfaceAidlImpl( 703): getLinkLayerStats failed with service-specific exception: android.os.ServiceSpecificException: (code 4)
05-30 15:27:01.804 D/XM_HIDREAD( 1991): add@ add@/devices/platform/soc/fe350000.crgdrd/xhci-hcd-meson.1.auto/usb3/3-1
05-30 15:27:01.799 I/xm_hidread( 1991): type=1400 audit(0.0:1201): avc: denied { read } for scontext=u:r:init:s0 tcontext=u:r:init:s0 tclass=netlink_kobject_uevent_socket permissive=1
05-30 15:27:01.807 D/XM_HIDREAD( 1991): add@ add@/devices/platform/soc/fe350000.crgdrd/xhci-hcd-meson.1.auto/usb3/3-1/3-1:1.0
05-30 15:27:01.814 D/XM_HIDREAD( 1991): add@ add@/devices/platform/soc/fe350000.crgdrd/xhci-hcd-meson.1.auto/usb3/3-1/3-1:1.0/0003:2A7A:9597.0001
05-30 15:27:01.828 D/XM_HIDREAD( 1991): add@ add@/devices/platform/soc/fe350000.crgdrd/xhci-hcd-meson.1.auto/usb3/3-1/wakeup/wakeup32
05-30 15:27:01.836 D/XM_HIDREAD( 1991): add@ add@/devices/platform/soc/fe350000.crgdrd/xhci-hcd-meson.1.auto/usb3/3-1/3-1:1.0/0003:2A7A:9597.0001/input/input9
05-30 15:27:01.904 D/XM_HIDREAD( 1991): add@ add@/devices/platform/soc/fe350000.crgdrd/xhci-hcd-meson.1.auto/usb3/3-1/3-1:1.0/0003:2A7A:9597.0001/input/input9/input9::numlock
05-30 15:27:01.907 D/XM_HIDREAD( 1991): add@ add@/devices/platform/soc/fe350000.crgdrd/xhci-hcd-meson.1.auto/usb3/3-1/3-1:1.0/0003:2A7A:9597.0001/input/input9/input9::capslock
05-30 15:27:01.907 D/XM_HIDREAD( 1991): add@ add@/devices/platform/soc/fe350000.crgdrd/xhci-hcd-meson.1.auto/usb3/3-1/3-1:1.0/0003:2A7A:9597.0001/input/input9/input9::scrolllock
05-30 15:27:01.907 D/XM_HIDREAD( 1991): add@ add@/devices/platform/soc/fe350000.crgdrd/xhci-hcd-meson.1.auto/usb3/3-1/3-1:1.0/0003:2A7A:9597.0001/input/input9/input9::compose
05-30 15:27:01.907 D/XM_HIDREAD( 1991): add@ add@/devices/platform/soc/fe350000.crgdrd/xhci-hcd-meson.1.auto/usb3/3-1/3-1:1.0/0003:2A7A:9597.0001/input/input9/input9::kana
05-30 15:27:01.907 D/XM_HIDREAD( 1991): add@ add@/devices/platform/soc/fe350000.crgdrd/xhci-hcd-meson.1.auto/usb3/3-1/3-1:1.0/0003:2A7A:9597.0001/input/input9/event9
05-30 15:27:01.907 D/XM_HIDREAD( 1991): add@ add@/devices/platform/soc/fe350000.crgdrd/xhci-hcd-meson.1.auto/usb3/3-1/3-1:1.0/0003:2A7A:9597.0001/hidraw/hidraw0
05-30 15:27:01.907 D/XM_HIDREAD( 1991): ready open:/dev/hidraw0
05-30 15:27:01.907 D/XM_HIDREAD( 1991): open:/dev/hidraw0 resultFD:-1
05-30 15:27:01.907 E/XM_HIDREAD( 1991): open hidraw error: No such file or directory, wait to retry...
05-30 15:27:01.934 D/UsbHostManager( 703): USB device attached: vidpid 2a7a:9597 mfg/product/ver/serial null/CASUE USB KB/0.01/null hasAudio/HID/Storage: false/true/false
05-30 15:27:01.937 D/UsbDeviceDescriptor( 703): 1 configs
05-30 15:27:01.940 D/UsbHostManager( 703): Added device UsbDevice[mName=/dev/bus/usb/003/002,mVendorId=10874,mProductId=38295,mClass=0,mSubclass=0,mProtocol=0,mManufacturerName=null,mProductName=CASUE USB KB,mVersion=0.01,mSerialNumberReader=com.android.server.usb.UsbSerialReader@cd93c3f, mHasAudioPlayback=false, mHasAudioCapture=false, mHasMidi=false, mHasVideoCapture=false, mHasVideoPlayback=false, mConfigurations=[
05-30 15:27:01.940 D/UsbHostManager( 703): UsbConfiguration[mId=1,mName=null,mAttributes=160,mMaxPower=50,mInterfaces=[
05-30 15:27:01.940 D/UsbHostManager( 703): UsbInterface[mId=0,mAlternateSetting=0,mName=null,mClass=3,mSubclass=1,mProtocol=1,mEndpoints=[
05-30 15:27:01.940 D/UsbHostManager( 703): UsbEndpoint[mAddress=129,mAttributes=3,mMaxPacketSize=8,mInterval=10]]
05-30 15:27:01.940 D/UsbHostManager( 703): UsbInterface[mId=1,mAlternateSetting=0,mName=null,mClass=3,mSubclass=0,mProtocol=0,mEndpoints=[
05-30 15:27:01.940 D/UsbHostManager( 703): UsbEndpoint[mAddress=130,mAttributes=3,mMaxPacketSize=4,mInterval=10]]]]
05-30 15:27:01.943 D/EventHub( 703): No input device configuration file found for device 'CASUE USB KB'.
05-30 15:27:01.944 D/ActivityManager( 703): sync unfroze 1692 android.process.media for 3
05-30 15:27:01.946 I/EventHub( 703): usingClockIoctl=true
05-30 15:27:01.946 I/EventHub( 703): New device: id=10, fd=430, path='/dev/input/event9', name='CASUE USB KB', classes=KEYBOARD | ALPHAKEY | DPAD | EXTERNAL, configuration='', keyLayout='/vendor/usr/keylayout/Generic.kl', keyCharacterMap='/system/usr/keychars/Generic.kcm', builtinKeyboard=false,
05-30 15:27:01.946 I/InputReader( 703): Device added: id=10, eventHubId=10, name='CASUE USB KB', descriptor='4a8c62be1b96c80bee060c2530574822e856a3a5',sources=KEYBOARD | DPAD
05-30 15:27:01.948 E/UsbEventBroadcastReceiver( 2852): onReceive: android.hardware.usb.action.USB_DEVICE_ATTACHED
05-30 15:27:01.948 D/OomAdjuster( 703): Not killing cached processes
05-30 15:27:01.948 E/z ( 2852): isUsbCastSupport getModel:DBBOX-A3
05-30 15:27:01.951 I/UsbCameraReceiver( 1156): action: android.hardware.usb.action.USB_DEVICE_ATTACHED
05-30 15:27:01.952 I/ActivityTaskManager( 703): Config changes=30 {1.0 ?mcc0mnc [zh_CN] ldltr sw720dp w1280dp h720dp 240dpi xlrg long land television -touch qwerty/v/v dpad/v winConfig={ mBounds=Rect(0, 0 - 1920, 1080) mAppBounds=Rect(0, 0 - 1920, 1080) mMaxBounds=Rect(0, 0 - 1920, 1080) mDisplayRotation=ROTATION_0 mWindowingMode=fullscreen mDisplayWindowingMode=fullscreen mActivityType=undefined mAlwaysOnTop=undefined mRotation=ROTATION_0} s.8 fontWeightAdjustment=0}
05-30 15:27:01.960 E/AppAppAppApp( 1540): onConfigurationChanged {1.0 ?mcc0mnc [zh_CN] ldltr sw720dp w1280dp h720dp 240dpi xlrg long land television -touch qwerty/v/v dpad/v winConfig={ mBounds=Rect(0, 0 - 1920, 1080) mAppBounds=Rect(0, 0 - 1920, 1080) mMaxBounds=Rect(0, 0 - 1920, 1080) mDisplayRotation=ROTATION_0 mWindowingMode=fullscreen mDisplayWindowingMode=fullscreen mActivityType=undefined mAlwaysOnTop=undefined mRotation=ROTATION_0} s.32 fontWeightAdjustment=0}
05-30 15:27:01.961 I/WindowManager( 703): Override config changes=30 {1.0 ?mcc0mnc [zh_CN] ldltr sw720dp w1280dp h720dp 240dpi xlrg long land television -touch qwerty/v/v dpad/v winConfig={ mBounds=Rect(0, 0 - 1920, 1080) mAppBounds=Rect(0, 0 - 1920, 1080) mMaxBounds=Rect(0, 0 - 1920, 1080) mDisplayRotation=ROTATION_0 mWindowingMode=fullscreen mDisplayWindowingMode=fullscreen mActivityType=undefined mAlwaysOnTop=undefined mRotation=ROTATION_0} s.8 fontWeightAdjustment=0} for displayId=0
05-30 15:27:01.962 V/WindowManagerShell( 984): Transition requested: android.os.BinderProxy@b2eab81 TransitionRequestInfo { type = 6, triggerTask = null, remoteTransition = null, displayChange = null, flags = 0 }
05-30 15:27:01.965 E/UsbEventBroadcastReceiver( 2852): return USB_CAST_SWITCH false
05-30 15:27:01.966 D/PermissionCache( 263): checking android.permission.READ_FRAME_BUFFER for uid=1000 => granted (3305 us)
05-30 15:27:01.967 D/AndroidAutoSize( 2852): initScaledDensity = 1.5 on ConfigurationChanged
05-30 15:27:01.967 E/UsbAlsaManager( 703): usbDeviceAdded(): cannot find sound card for /dev/bus/usb/003/002
05-30 15:27:01.968 I/DMABUFHEAPS( 262): Using DMA-BUF heap named: system
05-30 15:27:02.007 E/XM_HIDREAD( 1991): trying to reopen hidraw: /dev/hidraw0
05-30 15:27:02.007 D/XM_HIDREAD( 1991): ready open:/dev/hidraw0
05-30 15:27:02.007 D/XM_HIDREAD( 1991): open:/dev/hidraw0 resultFD:8
05-30 15:27:02.008 D/XM_HIDREAD( 1991): 1 ready ioctl hidrawFD 8
05-30 15:27:02.010 D/XM_HIDREAD( 1991): 2 ready ioctl hidrawFD 8
05-30 15:27:02.010 D/XM_HIDREAD( 1991): 3 ready ioctl hidrawFD 8
05-30 15:27:02.010 D/XM_HIDREAD( 1991): 4 ready ioctl hidrawFD 8
05-30 15:27:02.010 D/XM_HIDREAD( 1991): ioctl hidrawFD HIDIOCGRDESC ret 0
05-30 15:27:02.010 D/XM_HIDREAD( 1991): dinfo.vendor:10874,dinfo.product:38295
05-30 15:27:02.010 E/XM_HIDREAD( 1991): : /dev/hidraw0
05-30 15:27:02.010 D/XM_HIDREAD( 1991): add@ add@/devices/platform/soc/fe350000.crgdrd/xhci-hcd-meson.1.auto/usb3/3-1/3-1:1.1
05-30 15:27:02.010 D/XM_HIDREAD( 1991): add@ add@/devices/platform/soc/fe350000.crgdrd/xhci-hcd-meson.1.auto/usb3/3-1/3-1:1.1/0003:2A7A:9597.0002
05-30 15:27:02.010 D/XM_HIDREAD( 1991): add@ add@/devices/platform/soc/fe350000.crgdrd/xhci-hcd-meson.1.auto/usb3/3-1/3-1:1.1/0003:2A7A:9597.0002/input/input10
05-30 15:27:02.010 D/XM_HIDREAD( 1991): add@ add@/devices/platform/soc/fe350000.crgdrd/xhci-hcd-meson.1.auto/usb3/3-1/3-1:1.1/0003:2A7A:9597.0002/input/input10/event10
05-30 15:27:02.010 D/XM_HIDREAD( 1991): add@ add@/devices/platform/soc/fe350000.crgdrd/xhci-hcd-meson.1.auto/usb3/3-1/3-1:1.1/0003:2A7A:9597.0002/input/input11
05-30 15:27:02.010 D/XM_HIDREAD( 1991): add@ add@/devices/platform/soc/fe350000.crgdrd/xhci-hcd-meson.1.auto/usb3/3-1/3-1:1.1/0003:2A7A:9597.0002/input/input11/event11
05-30 15:27:02.010 D/XM_HIDREAD( 1991): add@ add@/devices/platform/soc/fe350000.crgdrd/xhci-hcd-meson.1.auto/usb3/3-1/3-1:1.1/0003:2A7A:9597.0002/hidraw/hidraw1
05-30 15:27:02.010 D/XM_HIDREAD( 1991): ready open:/dev/hidraw1
05-30 15:27:02.010 D/XM_HIDREAD( 1991): open:/dev/hidraw1 resultFD:-1
05-30 15:27:02.010 E/XM_HIDREAD( 1991): open hidraw error: No such file or directory, wait to retry...
05-30 15:27:02.020 I/SogouIME( 1523): onFinishInputView:
05-30 15:27:02.020 D/CompatibilityChangeReporter( 703): Compat change id reported: 197654537; UID 1000; state: DISABLED
05-30 15:27:02.023 W/ActivityManager( 703): Receiver with filter android.content.IntentFilter@4a4dac5 already registered for pid 1523, callerPackage is com.sohu.inputmethod.sogou.tv
05-30 15:27:02.023 I/DefaultIMS( 1523): onInitializeInterface:
05-30 15:27:02.027 D/WindowManagerShell( 984): TvPipController: onConfigurationChanged(), state=NO_PIP
05-30 15:27:02.027 I/BpBinder( 263): onLastStrongRef automatically unlinking death recipients:
05-30 15:27:02.031 V/ShellDragAndDrop( 984): Display changed: 0
05-30 15:27:02.032 D/HDMI ( 703): receive android.intent.action.CONFIGURATION_CHANGED
05-30 15:27:02.045 I/DefaultIMS( 1523): onStartInput attribute=android.view.inputmethod.EditorInfo@5dae393 restarting=true inputType: 0
05-30 15:27:01.939 I/InputReader( 703): type=1400 audit(0.0:1202): avc: denied { read } for name="country" dev="sysfs" ino=59792 scontext=u:r:system_server:s0 tcontext=u:object_r:sysfs:s0 tclass=file permissive=1
05-30 15:27:01.939 I/InputReader( 703): type=1400 audit(0.0:1203): avc: denied { open } for path="/sys/devices/platform/soc/fe350000.crgdrd/xhci-hcd-meson.1.auto/usb3/3-1/3-1:1.0/0003:2A7A:9597.0001/country" dev="sysfs" ino=59792 scontext=u:r:system_server:s0 tcontext=u:object_r:sysfs:s0 tclass=file permissive=1
05-30 15:27:02.088 V/WindowManagerShell( 984): onTransitionReady android.os.BinderProxy@b2eab81: {id=2 t=CHANGE f=0x0 trk=0 r=[0@Point(0, 0)] c=[{WCT{android.window.IWindowContainerToken$Stub$Proxy@7e523ac} m=CHANGE f=IS_DISPLAY leash=Surface(name=WindowedMagnification:0:31)/@0x2e449b9 sb=Rect(0, 0 - 1920, 1080) eb=Rect(0, 0 - 1920, 1080) d=0 snapshot=Surface(name=transition snapshot: Display{#0 state=ON size=1920x1080 ROTATION_0})/@0x7bff1fe}]}
05-30 15:27:02.088 V/WindowManager( 703): Sent Transition #2 createdAt=05-30 15:27:01.961 via request=TransitionRequestInfo { type = 6, triggerTask = null, remoteTransition = null, displayChange = null, flags = 0 }
05-30 15:27:02.088 V/WindowManager( 703): startWCT=WindowContainerTransaction { changes = {} hops = [] errorCallbackToken=null taskFragmentOrganizer=null }
05-30 15:27:02.089 V/WindowManagerShell( 984): Playing animation for (#2)android.os.BinderProxy@b2eab81@0
05-30 15:27:02.089 V/WindowManagerShell( 984): try handler com.android.wm.shell.keyguard.KeyguardTransitionHandler@cf71abc
05-30 15:27:02.089 V/WindowManagerShell( 984): try handler com.android.wm.shell.pip.tv.TvPipTransition@8c3da45
05-30 15:27:02.089 V/WindowManager( 703): info={id=2 t=CHANGE f=0x0 trk=0 r=[0@Point(0, 0)] c=[{WCT{RemoteToken{d1cd927 Display{#0 state=ON size=1920x1080 ROTATION_0}}} m=CHANGE f=IS_DISPLAY leash=Surface(name=WindowedMagnification:0:31)/@0x4e54363 sb=Rect(0, 0 - 1920, 1080) eb=Rect(0, 0 - 1920, 1080) d=0}]}
05-30 15:27:02.089 V/WindowManagerShell( 984): try handler com.android.wm.shell.activityembedding.ActivityEmbeddingController@e43259a
05-30 15:27:02.089 V/WindowManagerShell( 984): try handler com.android.wm.shell.transition.RemoteTransitionHandler@7281ecb
05-30 15:27:02.089 V/WindowManagerShell( 984): try handler com.android.wm.shell.transition.DefaultTransitionHandler@17926a8
05-30 15:27:02.090 V/WindowManagerShell( 984): start default transition animation, info = {id=2 t=CHANGE f=0x0 trk=0 r=[0@Point(0, 0)] c=[{WCT{android.window.IWindowContainerToken$Stub$Proxy@7e523ac} m=CHANGE f=IS_DISPLAY leash=Surface(name=WindowedMagnification:0:31)/@0x2e449b9 sb=Rect(0, 0 - 1920, 1080) eb=Rect(0, 0 - 1920, 1080) d=0 snapshot=Surface(name=transition snapshot: Display{#0 state=ON size=1920x1080 ROTATION_0})/@0x7bff1fe}]}
05-30 15:27:02.090 V/WindowManagerShell( 984): Display is changing, resolve the animation hint.
05-30 15:27:02.097 V/WindowManagerShell( 984): animated by com.android.wm.shell.transition.DefaultTransitionHandler@17926a8
05-30 15:27:02.111 E/XM_HIDREAD( 1991): trying to reopen hidraw: /dev/hidraw1
05-30 15:27:02.111 D/XM_HIDREAD( 1991): ready open:/dev/hidraw1
05-30 15:27:02.111 D/XM_HIDREAD( 1991): open:/dev/hidraw1 resultFD:-1
05-30 15:27:02.111 E/XM_HIDREAD( 1991): open hidraw error: No such file or directory, wait to retry...
05-30 15:27:02.191 W/NotificationHistory( 703): Attempted to add notif for locked/gone/disabled user 0
05-30 15:27:02.211 E/XM_HIDREAD( 1991): trying to reopen hidraw: /dev/hidraw1
05-30 15:27:02.212 D/XM_HIDREAD( 1991): ready open:/dev/hidraw1
05-30 15:27:02.212 D/XM_HIDREAD( 1991): open:/dev/hidraw1 resultFD:-1
05-30 15:27:02.212 E/XM_HIDREAD( 1991): open hidraw error: No such file or directory, wait to retry...
05-30 15:27:02.227 V/WindowManagerShell( 984): Transition animation finished (aborted=false), notifying core (#2)android.os.BinderProxy@b2eab81@0
05-30 15:27:02.230 V/WindowManager( 703): app ------------- force_land :0
05-30 15:27:02.231 V/WindowManagerShell( 984): Track 0 became idle
05-30 15:27:02.231 V/WindowManagerShell( 984): All active transition animations finished
05-30 15:27:02.231 V/WindowManager( 703): Finish Transition #2: created at
05-30 15:27:01.961 collect-started=0.091ms request-sent=0.234ms started=63.767ms ready=64.454ms sent=126.077ms finished=267.815ms
05-30 15:27:02.003 I/xm_hidread( 1991): type=1400 audit(0.0:1204): avc: denied { read write } for name="hidraw0" dev="tmpfs" ino=885 scontext=u:r:init:s0 tcontext=u:object_r:hidraw_audio_device:s0 tclass=chr_file permissive=1
05-30 15:27:02.003 I/xm_hidread( 1991): type=1400 audit(0.0:1205): avc: denied { open } for path="/dev/hidraw0" dev="tmpfs" ino=885 scontext=u:r:init:s0 tcontext=u:object_r:hidraw_audio_device:s0 tclass=chr_file permissive=1
05-30 15:27:02.312 E/XM_HIDREAD( 1991): trying to reopen hidraw: /dev/hidraw1
05-30 15:27:02.312 D/XM_HIDREAD( 1991): ready open:/dev/hidraw1
05-30 15:27:02.326 D/XM_HIDREAD( 1991): open:/dev/hidraw1 resultFD:9
05-30 15:27:02.326 D/XM_HIDREAD( 1991): 1 ready ioctl hidrawFD 9
05-30 15:27:02.326 D/XM_HIDREAD( 1991): 2 ready ioctl hidrawFD 9
05-30 15:27:02.326 D/XM_HIDREAD( 1991): 3 ready ioctl hidrawFD 9
05-30 15:27:02.326 D/XM_HIDREAD( 1991): 4 ready ioctl hidrawFD 9
05-30 15:27:02.326 D/XM_HIDREAD( 1991): ioctl hidrawFD HIDIOCGRDESC ret 0
05-30 15:27:02.326 D/XM_HIDREAD( 1991): dinfo.vendor:10874,dinfo.product:38295
05-30 15:27:02.326 E/XM_HIDREAD( 1991): : /dev/hidraw1
05-30 15:27:02.326 D/XM_HIDREAD( 1991): add@ add@/devices/virtual/wakeup/wakeup33
05-30 15:27:02.327 D/EventHub( 703): No input device configuration file found for device 'CASUE USB KB Consumer Control'.
05-30 15:27:02.330 D/XM_HIDREAD( 1991): add@ add@/devices/virtual/wakeup/wakeup34
05-30 15:27:02.330 W/EventHub( 703): Unable to disable kernel key repeat for /dev/input/event10: Function not implemented
05-30 15:27:02.330 I/EventHub( 703): usingClockIoctl=true
05-30 15:27:02.330 I/EventHub( 703): New device: id=11, fd=493, path='/dev/input/event10', name='CASUE USB KB Consumer Control', classes=KEYBOARD | EXTERNAL, configuration='', keyLayout='/vendor/usr/keylayout/Generic.kl', keyCharacterMap='/system/usr/keychars/Generic.kcm', builtinKeyboard=false,
05-30 15:27:02.331 I/InputReader( 703): Device added: id=11, eventHubId=11, name='CASUE USB KB Consumer Control', descriptor='610096e63ec47ece2938b39895572fce9a9ec801',sources=KEYBOARD
05-30 15:27:02.334 D/EventHub( 703): No input device configuration file found for device 'CASUE USB KB System Control'.
05-30 15:27:02.337 D/XM_HIDREAD( 1991): add@ add@/devices/virtual/wakeup/wakeup35
05-30 15:27:02.337 W/EventHub( 703): Unable to disable kernel key repeat for /dev/input/event11: Function not implemented
05-30 15:27:02.337 I/EventHub( 703): usingClockIoctl=true
05-30 15:27:02.337 I/EventHub( 703): New device: id=12, fd=494, path='/dev/input/event11', name='CASUE USB KB System Control', classes=KEYBOARD | EXTERNAL, configuration='', keyLayout='/vendor/usr/keylayout/Generic.kl', keyCharacterMap='/system/usr/keychars/Generic.kcm', builtinKeyboard=false,
05-30 15:27:02.338 I/InputReader( 703): Device added: id=11, eventHubId=12, name='CASUE USB KB System Control', descriptor='1b53842f622c037f422cb7bcfc88aa5e7fa581ea',sources=KEYBOARD
05-30 15:27:02.524 I/SendAliveManager( 1523): doWhenNetworkStateChanged
05-30 15:27:04.243 I/WifiHAL ( 522): call wifi_get_link_stats handler
05-30 15:27:04.243 I/WifiHAL ( 522): Creating message to get link statistics; iface = 16
05-30 15:27:04.243 D/WifiHAL ( 522): error code -95 mapped to -3
05-30 15:27:04.243 E/WifiStaIfaceAidlImpl( 703): getLinkLayerStats failed with service-specific exception: android.os.ServiceSpecificException: (code 4)
05-30 15:27:05.789 W/SoundPool( 703): Use of stream types is deprecated for operations other than volume control
05-30 15:27:05.790 W/SoundPool( 703): See the documentation of SoundPool() for what to use instead with android.media.AudioAttributes to qualify your playback use case
05-30 15:27:05.794 I/SogouIME( 1523): onKeyDown: keyoCode=143
05-30 15:27:05.794 I/DefaultIMS( 1523): onKeyDown: keyoCode=143
05-30 15:27:05.801 I/AmFFmpegByteIOAdapter( 620): File size : 12971
05-30 15:27:05.801 I/AmFFmpegByteIOAdapter( 620): File size : 13195
05-30 15:27:05.802 W/exFFmpeg( 620): Invalid return value 0 for stream protocol
05-30 15:27:05.802 W/exFFmpeg( 620): Invalid return value 0 for stream protocol
05-30 15:27:05.802 W/exFFmpeg( 620): Invalid return value 0 for stream protocol
05-30 15:27:05.802 W/exFFmpeg( 620): Invalid return value 0 for stream protocol
05-30 15:27:05.802 I/AmFFmpegExtractor( 620): checkInList: iswhite:0, mime:audio/ogg, type:1, id:86021 tag:0
05-30 15:27:05.803 I/AmFFmpegExtractor( 620): checkInList: iswhite:1, mime:audio/ogg, type:1, id:86021 tag:0
05-30 15:27:05.803 E/AmFFmpegExtractor( 620): codec_ctx->properties: 0
05-30 15:27:05.803 I/AmFFmpegExtractor( 620): checkSupportInList ret 1
05-30 15:27:05.803 I/AmFFmpegExtractor( 620): checkInList: iswhite:0, mime:audio/ogg, type:1, id:86021 tag:0
05-30 15:27:05.803 I/AmFFmpegExtractor( 620): checkInList: iswhite:1, mime:audio/ogg, type:1, id:86021 tag:0
05-30 15:27:05.803 E/AmFFmpegExtractor( 620): codec_ctx->properties: 0
05-30 15:27:05.803 I/AmFFmpegExtractor( 620): checkSupportInList ret 1
05-30 15:27:05.803 E/SecondScreen( 1540): FirstScreenLayoutView dispatchKeyEvent 143
05-30 15:27:05.806 I/AmFFmpegExtractor( 620): checkInList: iswhite:0, mime:audio/ogg, type:1, id:86021 tag:0
05-30 15:27:05.807 I/AmFFmpegExtractor( 620): checkInList: iswhite:1, mime:audio/ogg, type:1, id:86021 tag:0
05-30 15:27:05.807 E/AmFFmpegExtractor( 620): codec_ctx->properties: 0
05-30 15:27:05.807 I/AmFFmpegExtractor( 620): checkSupportInList ret 0
05-30 15:27:05.807 E/AmFFmpegExtractor( 620): vendor do not support
05-30 15:27:05.807 I/AmFFmpegExtractor( 620): checkInList: iswhite:0, mime:audio/ogg, type:1, id:86021 tag:0
05-30 15:27:05.807 I/AmFFmpegExtractor( 620): checkInList: iswhite:1, mime:audio/ogg, type:1, id:86021 tag:0
05-30 15:27:05.807 E/AmFFmpegExtractor( 620): codec_ctx->properties: 0
05-30 15:27:05.807 I/AmFFmpegExtractor( 620): checkSupportInList ret 0
05-30 15:27:05.807 E/AmFFmpegExtractor( 620): vendor do not support
05-30 15:27:05.815 D/nStackXCoAP( 2953): IsInSameNetwork:[276] :IsInSameNetwork exec
05-30 15:27:05.815 I/nStackXDFinder( 2953): GetLocalInterfaceDetail:[461] :GetLocalInterfaceDetail in
05-30 15:27:05.815 E/nStackXCoAP( 2953): IsInSameNetwork:[281] :IsInSameNetwork: not priority process
05-30 15:27:05.815 D/nStackXCoAP( 2953): ParseServiceDiscover:[330] :new device join
05-30 15:27:05.815 D/MediaCodecList( 703): codecHandlesFormat: no format, so no extra checks
05-30 15:27:05.816 I/nStackXDFinder( 2953): NotifyDeviceListChanged:[540] :notify callback: device list changed callback is null
05-30 15:27:05.816 E/nStackXDFinder( 2953): GetLocalIp:[401] :GetLocalIp exec
05-30 15:27:05.818 D/CCodec ( 703): allocate(c2.android.vorbis.decoder)
05-30 15:27:05.820 D/MediaCodecList( 703): codecHandlesFormat: no format, so no extra checks
05-30 15:27:05.820 I/CCodec ( 703): setting up 'default' as default (vendor) store
05-30 15:27:05.825 D/CCodec ( 703): allocate(c2.android.vorbis.decoder)
05-30 15:27:05.825 I/CCodec ( 703): Created component [c2.android.vorbis.decoder]
05-30 15:27:05.825 D/CCodecConfig( 703): read media type: audio/vorbis
05-30 15:27:05.828 I/CCodec ( 703): setting up 'default' as default (vendor) store
05-30 15:27:05.829 D/ReflectedParamUpdater( 703): extent() != 1 for single value type: algo.buffers.max-count.values
05-30 15:27:05.830 D/ReflectedParamUpdater( 703): extent() != 1 for single value type: output.subscribed-indices.values
05-30 15:27:05.830 I/CCodec ( 703): Created component [c2.android.vorbis.decoder]
05-30 15:27:05.830 D/ReflectedParamUpdater( 703): extent() != 1 for single value type: input.buffers.allocator-ids.values
05-30 15:27:05.830 D/CCodecConfig( 703): read media type: audio/vorbis
05-30 15:27:05.830 D/ReflectedParamUpdater( 703): extent() != 1 for single value type: output.buffers.allocator-ids.values
05-30 15:27:05.830 D/ReflectedParamUpdater( 703): extent() != 1 for single value type: algo.buffers.allocator-ids.values
05-30 15:27:05.831 D/ReflectedParamUpdater( 703): extent() != 1 for single value type: output.buffers.pool-ids.values
05-30 15:27:05.831 D/ReflectedParamUpdater( 703): extent() != 1 for single value type: algo.buffers.pool-ids.values
05-30 15:27:05.834 I/CCodecConfig( 703): query failed after returning 7 values (BAD_INDEX)
05-30 15:27:05.835 D/CCodecConfig( 703): c2 config diff is Dict {
05-30 15:27:05.835 D/CCodecConfig( 703): c2::u32 coded.bitrate.value = 64000
05-30 15:27:05.835 D/CCodecConfig( 703): c2::u32 input.buffers.max-size.value = 32768
05-30 15:27:05.835 D/CCodecConfig( 703): c2::u32 input.delay.value = 0
05-30 15:27:05.835 D/CCodecConfig( 703): string input.media-type.value = "audio/vorbis"
05-30 15:27:05.835 D/CCodecConfig( 703): string output.media-type.value = "audio/raw"
05-30 15:27:05.835 D/CCodecConfig( 703): c2::u32 raw.channel-count.value = 1
05-30 15:27:05.835 D/CCodecConfig( 703): c2::u32 raw.sample-rate.value = 48000
05-30 15:27:05.835 D/CCodecConfig( 703): }
05-30 15:27:05.835 D/ReflectedParamUpdater( 703): extent() != 1 for single value type: algo.buffers.max-count.values
05-30 15:27:05.838 D/ReflectedParamUpdater( 703): extent() != 1 for single value type: output.subscribed-indices.values
05-30 15:27:05.838 D/ReflectedParamUpdater( 703): extent() != 1 for single value type: input.buffers.allocator-ids.values
05-30 15:27:05.838 D/ReflectedParamUpdater( 703): extent() != 1 for single value type: output.buffers.allocator-ids.values
05-30 15:27:05.838 D/ReflectedParamUpdater( 703): extent() != 1 for single value type: algo.buffers.allocator-ids.values
05-30 15:27:05.839 D/ReflectedParamUpdater( 703): extent() != 1 for single value type: output.buffers.pool-ids.values
05-30 15:27:05.839 D/ReflectedParamUpdater( 703): extent() != 1 for single value type: algo.buffers.pool-ids.values
05-30 15:27:05.839 D/MediaCodec( 703): flushMediametrics
05-30 15:27:05.839 D/CCodec ( 703): [c2.android.vorbis.decoder] buffers are bound to CCodec for this session
05-30 15:27:05.839 D/CCodecConfig( 703): no c2 equivalents for durationUs
05-30 15:27:05.839 D/CCodecConfig( 703): no c2 equivalents for track-id
05-30 15:27:05.839 D/CCodecConfig( 703): no c2 equivalents for csd-1
05-30 15:27:05.839 D/CCodecConfig( 703): no c2 equivalents for flags
05-30 15:27:05.840 D/CCodecConfig( 703): c2 config diff is c2::u32 coded.bitrate.value = 112000
05-30 15:27:05.840 D/CCodecConfig( 703): c2::u32 raw.channel-count.value = 2
05-30 15:27:05.840 D/CCodecConfig( 703): c2::u32 raw.sample-rate.value = 44100
05-30 15:27:05.840 I/CCodecConfig( 703): query failed after returning 7 values (BAD_INDEX)
05-30 15:27:05.841 D/CCodecConfig( 703): c2 config diff is Dict {
05-30 15:27:05.841 D/CCodecConfig( 703): c2::u32 coded.bitrate.value = 64000
05-30 15:27:05.841 D/CCodecConfig( 703): c2::u32 input.buffers.max-size.value = 32768
05-30 15:27:05.841 D/CCodecConfig( 703): c2::u32 input.delay.value = 0
05-30 15:27:05.841 D/CCodecConfig( 703): string input.media-type.value = "audio/vorbis"
05-30 15:27:05.841 D/CCodecConfig( 703): string output.media-type.value = "audio/raw"
05-30 15:27:05.841 D/CCodecConfig( 703): c2::u32 raw.channel-count.value = 1
05-30 15:27:05.841 D/CCodecConfig( 703): c2::u32 raw.sample-rate.value = 48000
05-30 15:27:05.841 D/CCodecConfig( 703): }
05-30 15:27:05.841 W/Codec2Client( 703): query -- param skipped: index = 1107298332.
05-30 15:27:05.841 D/CCodec ( 703): encoding statistics level = 0
05-30 15:27:05.841 D/CCodec ( 703): setup formats input: AMessage(what = 0x00000000) = {
05-30 15:27:05.841 D/CCodec ( 703): int32_t bitrate = 112000
05-30 15:27:05.841 D/CCodec ( 703): int32_t channel-count = 2
05-30 15:27:05.841 D/CCodec ( 703): int32_t max-input-size = 32768
05-30 15:27:05.841 D/CCodec ( 703): string mime = "audio/vorbis"
05-30 15:27:05.841 D/CCodec ( 703): int32_t sample-rate = 44100
05-30 15:27:05.841 D/CCodec ( 703): }
05-30 15:27:05.841 D/CCodec ( 703): setup formats output: AMessage(what = 0x00000000) = {
05-30 15:27:05.841 D/CCodec ( 703): int32_t channel-count = 2
05-30 15:27:05.841 D/CCodec ( 703): string mime = "audio/raw"
05-30 15:27:05.841 D/CCodec ( 703): int32_t sample-rate = 44100
05-30 15:27:05.841 D/CCodec ( 703): int32_t channel-mask = 3
05-30 15:27:05.841 D/CCodec ( 703): int32_t android._config-pcm-encoding = 2
05-30 15:27:05.841 D/CCodec ( 703): }
05-30 15:27:05.841 I/CCodecConfig( 703): query failed after returning 7 values (BAD_INDEX)
05-30 15:27:05.842 W/Codec2Client( 703): query -- param skipped: index = 1342179345.
05-30 15:27:05.842 W/Codec2Client( 703): query -- param skipped: index = 2415921170.
05-30 15:27:05.844 D/BufferPoolAccessor2.0( 628): bufferpool2 0xf2801588 : 0(0 size) total buffers - 0(0 size) used buffers - 8/10 (recycle/alloc) - 2/9 (fetch/transfer)
05-30 15:27:05.844 D/BufferPoolAccessor2.0( 628): bufferpool2 0xf2802668 : 0(0 size) total buffers - 0(0 size) used buffers - 3/7 (recycle/alloc) - 4/6 (fetch/transfer)
05-30 15:27:05.844 D/BufferPoolAccessor2.0( 628): bufferpool2 0xf28017c8 : 0(0 size) total buffers - 0(0 size) used buffers - 7/10 (recycle/alloc) - 3/9 (fetch/transfer)
05-30 15:27:05.844 D/BufferPoolAccessor2.0( 628): Destruction - bufferpool2 0xf2802668 cached: 0/0M, 0/0% in use; allocs: 7, 43% recycled; transfers: 6, 33% unfetched
05-30 15:27:05.844 D/BufferPoolAccessor2.0( 628): Destruction - bufferpool2 0xf2801588 cached: 0/0M, 0/0% in use; allocs: 10, 80% recycled; transfers: 9, 78% unfetched
05-30 15:27:05.844 D/BufferPoolAccessor2.0( 628): Destruction - bufferpool2 0xf28017c8 cached: 0/0M, 0/0% in use; allocs: 10, 70% recycled; transfers: 9, 67% unfetched
05-30 15:27:05.844 D/MediaCodec( 703): flushMediametrics
05-30 15:27:05.845 D/BufferPoolAccessor2.0( 628): bufferpool2 0xf28028a8 : 0(0 size) total buffers - 0(0 size) used buffers - 8/11 (recycle/alloc) - 3/10 (fetch/transfer)
05-30 15:27:05.845 D/BufferPoolAccessor2.0( 628): Destruction - bufferpool2 0xf28028a8 cached: 0/0M, 0/0% in use; allocs: 11, 73% recycled; transfers: 10, 70% unfetched
05-30 15:27:05.845 D/CCodec ( 703): [c2.android.vorbis.decoder] buffers are bound to CCodec for this session
05-30 15:27:05.845 D/CCodecConfig( 703): no c2 equivalents for durationUs
05-30 15:27:05.845 D/CCodecConfig( 703): no c2 equivalents for track-id
05-30 15:27:05.845 D/BufferPoolAccessor2.0( 628): bufferpool2 0xf28031a8 : 0(0 size) total buffers - 0(0 size) used buffers - 12/15 (recycle/alloc) - 3/14 (fetch/transfer)
05-30 15:27:05.845 D/CCodecConfig( 703): no c2 equivalents for csd-1
05-30 15:27:05.845 D/CCodecConfig( 703): no c2 equivalents for flags
05-30 15:27:05.845 D/BufferPoolAccessor2.0( 628): Destruction - bufferpool2 0xf28031a8 cached: 0/0M, 0/0% in use; allocs: 15, 80% recycled; transfers: 14, 79% unfetched
05-30 15:27:05.845 D/CCodecBufferChannel( 703): [c2.android.vorbis.decoder#279] Created input block pool with allocatorID 16 => poolID 23 - OK (0)
05-30 15:27:05.846 D/BufferPoolAccessor2.0( 628): bufferpool2 0xf2802ae8 : 0(0 size) total buffers - 0(0 size) used buffers - 13/15 (recycle/alloc) - 2/14 (fetch/transfer)
05-30 15:27:05.846 D/BufferPoolAccessor2.0( 628): Destruction - bufferpool2 0xf2802ae8 cached: 0/0M, 0/0% in use; allocs: 15, 87% recycled; transfers: 14, 86% unfetched
05-30 15:27:05.847 D/CCodecConfig( 703): c2 config diff is c2::u32 coded.bitrate.value = 112000
05-30 15:27:05.847 D/CCodecConfig( 703): c2::u32 raw.channel-count.value = 2
05-30 15:27:05.847 D/CCodecConfig( 703): c2::u32 raw.sample-rate.value = 44100
05-30 15:27:05.847 D/BufferPoolAccessor2.0( 703): bufferpool2 0xbe9c18e8 : 0(0 size) total buffers - 0(0 size) used buffers - 0/7 (recycle/alloc) - 6/24 (fetch/transfer)
05-30 15:27:05.847 D/BufferPoolAccessor2.0( 703): bufferpool2 0xbe9f7468 : 0(0 size) total buffers - 0(0 size) used buffers - 1/7 (recycle/alloc) - 6/18 (fetch/transfer)
05-30 15:27:05.847 D/BufferPoolAccessor2.0( 703): Destruction - bufferpool2 0xbe9c18e8 cached: 0/0M, 0/0% in use; allocs: 7, 0% recycled; transfers: 24, 75% unfetched
05-30 15:27:05.847 D/BufferPoolAccessor2.0( 703): bufferpool2 0xbe9c33e8 : 0(0 size) total buffers - 0(0 size) used buffers - 1/7 (recycle/alloc) - 6/24 (fetch/transfer)
05-30 15:27:05.847 D/BufferPoolAccessor2.0( 703): Destruction - bufferpool2 0xbe9c33e8 cached: 0/0M, 0/0% in use; allocs: 7, 14% recycled; transfers: 24, 75% unfetched
05-30 15:27:05.847 D/BufferPoolAccessor2.0( 703): Destruction - bufferpool2 0xbe9f7468 cached: 0/0M, 0/0% in use; allocs: 7, 14% recycled; transfers: 18, 67% unfetched
05-30 15:27:05.847 D/BufferPoolAccessor2.0( 703): bufferpool2 0xbe9c6568 : 0(0 size) total buffers - 0(0 size) used buffers - 1/7 (recycle/alloc) - 6/26 (fetch/transfer)
05-30 15:27:05.847 D/BufferPoolAccessor2.0( 703): Destruction - bufferpool2 0xbe9c6568 cached: 0/0M, 0/0% in use; allocs: 7, 14% recycled; transfers: 26, 77% unfetched
05-30 15:27:05.847 D/BufferPoolAccessor2.0( 703): bufferpool2 0xbe9c7768 : 0(0 size) total buffers - 0(0 size) used buffers - 1/7 (recycle/alloc) - 6/34 (fetch/transfer)
05-30 15:27:05.847 D/BufferPoolAccessor2.0( 703): Destruction - bufferpool2 0xbe9c7768 cached: 0/0M, 0/0% in use; allocs: 7, 14% recycled; transfers: 34, 82% unfetched
05-30 15:27:05.848 D/BufferPoolAccessor2.0( 703): bufferpool2 0xbe9c5368 : 0(0 size) total buffers - 0(0 size) used buffers - 2/7 (recycle/alloc) - 5/34 (fetch/transfer)
05-30 15:27:05.848 D/BufferPoolAccessor2.0( 703): Destruction - bufferpool2 0xbe9c5368 cached: 0/0M, 0/0% in use; allocs: 7, 29% recycled; transfers: 34, 85% unfetched
05-30 15:27:05.849 W/Codec2Client( 703): query -- param skipped: index = 1107298332.
05-30 15:27:05.849 D/CCodec ( 703): encoding statistics level = 0
05-30 15:27:05.849 D/CCodec ( 703): setup formats input: AMessage(what = 0x00000000) = {
05-30 15:27:05.849 D/CCodec ( 703): int32_t bitrate = 112000
05-30 15:27:05.849 D/CCodec ( 703): int32_t channel-count = 2
05-30 15:27:05.849 D/CCodec ( 703): int32_t max-input-size = 32768
05-30 15:27:05.849 D/CCodec ( 703): string mime = "audio/vorbis"
05-30 15:27:05.849 D/CCodec ( 703): int32_t sample-rate = 44100
05-30 15:27:05.849 D/CCodec ( 703): }
05-30 15:27:05.849 D/CCodec ( 703): setup formats output: AMessage(what = 0x00000000) = {
05-30 15:27:05.849 D/CCodec ( 703): int32_t channel-count = 2
05-30 15:27:05.849 D/CCodec ( 703): string mime = "audio/raw"
05-30 15:27:05.849 D/CCodec ( 703): int32_t sample-rate = 44100
05-30 15:27:05.849 D/CCodec ( 703): int32_t channel-mask = 3
05-30 15:27:05.849 D/CCodec ( 703): int32_t android._config-pcm-encoding = 2
05-30 15:27:05.849 D/CCodec ( 703): }
05-30 15:27:05.849 I/CCodecBufferChannel( 703): [c2.android.vorbis.decoder#279] Created output block pool with allocatorID 16 => poolID 23 - OK
05-30 15:27:05.849 I/CCodecConfig( 703): query failed after returning 7 values (BAD_INDEX)
05-30 15:27:05.849 D/CCodecBufferChannel( 703): [c2.android.vorbis.decoder#279] Configured output block pool ids 23 => OK
05-30 15:27:05.850 I/C2VendorComponentStore( 486): setDmaBufUsage 5
05-30 15:27:05.850 W/Codec2Client( 703): query -- param skipped: index = 1342179345.
05-30 15:27:05.850 W/Codec2Client( 703): query -- param skipped: index = 2415921170.
05-30 15:27:05.851 I/C2VendorComponentStore( 486): setDmaBufUsage 5
05-30 15:27:05.852 D/CCodecBufferChannel( 703): [c2.android.vorbis.decoder#230] Created input block pool with allocatorID 16 => poolID 24 - OK (0)
05-30 15:27:05.853 D/SimpleC2Component( 628): Using output block pool with poolID 23 => got 23 - 0
05-30 15:27:05.854 I/CCodecBufferChannel( 703): [c2.android.vorbis.decoder#230] Created output block pool with allocatorID 16 => poolID 24 - OK
05-30 15:27:05.854 D/CCodecBufferChannel( 703): [c2.android.vorbis.decoder#230] Configured output block pool ids 24 => OK
05-30 15:27:05.873 D/nStackXCoAP( 2953): CoapMessageHandler:[133] :2.01
05-30 15:27:05.874 D/SimpleC2Component( 628): Using output block pool with poolID 24 => got 24 - 0
05-30 15:27:05.876 I/C2VendorComponentStore( 486): setDmaBufUsage 5
05-30 15:27:05.901 I/SogouIME( 1523): onKeyUp: keyoCode=143
05-30 15:27:05.901 I/DefaultIMS( 1523): onKeyUp: keyoCode=143
05-30 15:27:05.901 E/SecondScreen( 1540): FirstScreenLayoutView dispatchKeyEvent 143
05-30 15:27:05.922 D/CCodecBufferChannel( 703): [c2.android.vorbis.decoder#279] MediaCodec discarded an unknown buffer
05-30 15:27:05.922 D/CCodecBufferChannel( 703): [c2.android.vorbis.decoder#279] MediaCodec discarded an unknown buffer
05-30 15:27:05.922 D/CCodecBufferChannel( 703): [c2.android.vorbis.decoder#279] MediaCodec discarded an unknown buffer
05-30 15:27:05.924 I/hw-BpHwBinder( 703): onLastStrongRef automatically unlinking death recipients
05-30 15:27:05.924 I/hw-BpHwBinder( 628): onLastStrongRef automatically unlinking death recipients
05-30 15:27:05.925 D/MediaCodec( 703): flushMediametrics
05-30 15:27:05.936 D/CCodecBufferChannel( 703): [c2.android.vorbis.decoder#230] MediaCodec discarded an unknown buffer
05-30 15:27:05.936 D/CCodecBufferChannel( 703): [c2.android.vorbis.decoder#230] MediaCodec discarded an unknown buffer
05-30 15:27:05.938 I/hw-BpHwBinder( 703): onLastStrongRef automatically unlinking death recipients
05-30 15:27:05.938 I/hw-BpHwBinder( 628): onLastStrongRef automatically unlinking death recipients
05-30 15:27:05.938 I/hw-BpHwBinder( 628): onLastStrongRef automatically unlinking death recipients
05-30 15:27:05.939 I/AmFFmpegByteIOAdapter( 620): File size : 13299
05-30 15:27:05.939 D/MediaCodec( 703): flushMediametrics
05-30 15:27:05.939 W/exFFmpeg( 620): Invalid return value 0 for stream protocol
05-30 15:27:05.940 W/exFFmpeg( 620): Invalid return value 0 for stream protocol
05-30 15:27:05.940 I/AmFFmpegExtractor( 620): checkInList: iswhite:0, mime:audio/ogg, type:1, id:86021 tag:0
05-30 15:27:05.940 I/AmFFmpegExtractor( 620): checkInList: iswhite:1, mime:audio/ogg, type:1, id:86021 tag:0
05-30 15:27:05.940 E/AmFFmpegExtractor( 620): codec_ctx->properties: 0
05-30 15:27:05.940 I/AmFFmpegExtractor( 620): checkSupportInList ret 1
05-30 15:27:05.942 I/AmFFmpegExtractor( 620): checkInList: iswhite:0, mime:audio/ogg, type:1, id:86021 tag:0
05-30 15:27:05.942 I/AmFFmpegExtractor( 620): checkInList: iswhite:1, mime:audio/ogg, type:1, id:86021 tag:0
05-30 15:27:05.942 E/AmFFmpegExtractor( 620): codec_ctx->properties: 0
05-30 15:27:05.942 I/AmFFmpegExtractor( 620): checkSupportInList ret 0
05-30 15:27:05.943 E/AmFFmpegExtractor( 620): vendor do not support
05-30 15:27:05.948 D/MediaCodecList( 703): codecHandlesFormat: no format, so no extra checks
05-30 15:27:05.950 D/CCodec ( 703): allocate(c2.android.vorbis.decoder)
05-30 15:27:05.951 I/CCodec ( 703): setting up 'default' as default (vendor) store
05-30 15:27:05.954 I/CCodec ( 703): Created component [c2.android.vorbis.decoder]
05-30 15:27:05.954 D/CCodecConfig( 703): read media type: audio/vorbis
05-30 15:27:05.956 D/ReflectedParamUpdater( 703): extent() != 1 for single value type: algo.buffers.max-count.values
05-30 15:27:05.956 D/ReflectedParamUpdater( 703): extent() != 1 for single value type: output.subscribed-indices.values
05-30 15:27:05.956 D/ReflectedParamUpdater( 703): extent() != 1 for single value type: input.buffers.allocator-ids.values
05-30 15:27:05.956 D/ReflectedParamUpdater( 703): extent() != 1 for single value type: output.buffers.allocator-ids.values
05-30 15:27:05.956 D/ReflectedParamUpdater( 703): extent() != 1 for single value type: algo.buffers.allocator-ids.values
05-30 15:27:05.957 D/ReflectedParamUpdater( 703): extent() != 1 for single value type: output.buffers.pool-ids.values
05-30 15:27:05.957 D/ReflectedParamUpdater( 703): extent() != 1 for single value type: algo.buffers.pool-ids.values
05-30 15:27:05.958 I/CCodecConfig( 703): query failed after returning 7 values (BAD_INDEX)
05-30 15:27:05.958 D/CCodecConfig( 703): c2 config diff is Dict {
05-30 15:27:05.958 D/CCodecConfig( 703): c2::u32 coded.bitrate.value = 64000
05-30 15:27:05.958 D/CCodecConfig( 703): c2::u32 input.buffers.max-size.value = 32768
05-30 15:27:05.958 D/CCodecConfig( 703): c2::u32 input.delay.value = 0
05-30 15:27:05.958 D/CCodecConfig( 703): string input.media-type.value = "audio/vorbis"
05-30 15:27:05.958 D/CCodecConfig( 703): string output.media-type.value = "audio/raw"
05-30 15:27:05.958 D/CCodecConfig( 703): c2::u32 raw.channel-count.value = 1
05-30 15:27:05.958 D/CCodecConfig( 703): c2::u32 raw.sample-rate.value = 48000
05-30 15:27:05.958 D/CCodecConfig( 703): }
05-30 15:27:05.960 D/MediaCodec( 703): flushMediametrics
05-30 15:27:05.960 D/CCodec ( 703): [c2.android.vorbis.decoder] buffers are bound to CCodec for this session
05-30 15:27:05.960 D/CCodecConfig( 703): no c2 equivalents for durationUs
05-30 15:27:05.960 D/CCodecConfig( 703): no c2 equivalents for track-id
05-30 15:27:05.960 D/CCodecConfig( 703): no c2 equivalents for csd-1
05-30 15:27:05.960 D/CCodecConfig( 703): no c2 equivalents for flags
05-30 15:27:05.961 D/CCodecConfig( 703): c2 config diff is c2::u32 coded.bitrate.value = 112000
05-30 15:27:05.961 D/CCodecConfig( 703): c2::u32 raw.channel-count.value = 2
05-30 15:27:05.961 D/CCodecConfig( 703): c2::u32 raw.sample-rate.value = 44100
05-30 15:27:05.962 W/Codec2Client( 703): query -- param skipped: index = 1107298332.
05-30 15:27:05.962 D/CCodec ( 703): encoding statistics level = 0
05-30 15:27:05.962 D/CCodec ( 703): setup formats input: AMessage(what = 0x00000000) = {
05-30 15:27:05.962 D/CCodec ( 703): int32_t bitrate = 112000
05-30 15:27:05.962 D/CCodec ( 703): int32_t channel-count = 2
05-30 15:27:05.962 D/CCodec ( 703): int32_t max-input-size = 32768
05-30 15:27:05.962 D/CCodec ( 703): string mime = "audio/vorbis"
05-30 15:27:05.962 D/CCodec ( 703): int32_t sample-rate = 44100
05-30 15:27:05.962 D/CCodec ( 703): }
05-30 15:27:05.962 D/CCodec ( 703): setup formats output: AMessage(what = 0x00000000) = {
05-30 15:27:05.962 D/CCodec ( 703): int32_t channel-count = 2
05-30 15:27:05.962 D/CCodec ( 703): string mime = "audio/raw"
05-30 15:27:05.962 D/CCodec ( 703): int32_t sample-rate = 44100
05-30 15:27:05.962 D/CCodec ( 703): int32_t channel-mask = 3
05-30 15:27:05.962 D/CCodec ( 703): int32_t android._config-pcm-encoding = 2
05-30 15:27:05.962 D/CCodec ( 703): }
05-30 15:27:05.962 I/CCodecConfig( 703): query failed after returning 7 values (BAD_INDEX)
05-30 15:27:05.963 W/Codec2Client( 703): query -- param skipped: index = 1342179345.
05-30 15:27:05.963 W/Codec2Client( 703): query -- param skipped: index = 2415921170.
05-30 15:27:05.964 D/CCodecBufferChannel( 703): [c2.android.vorbis.decoder#716] Created input block pool with allocatorID 16 => poolID 25 - OK (0)
05-30 15:27:05.967 I/CCodecBufferChannel( 703): [c2.android.vorbis.decoder#716] Created output block pool with allocatorID 16 => poolID 25 - OK
05-30 15:27:05.967 D/CCodecBufferChannel( 703): [c2.android.vorbis.decoder#716] Configured output block pool ids 25 => OK
05-30 15:27:05.967 I/C2VendorComponentStore( 486): setDmaBufUsage 5
05-30 15:27:05.969 D/SimpleC2Component( 628): Using output block pool with poolID 25 => got 25 - 0
05-30 15:27:05.973 I/C2VendorComponentStore( 486): setDmaBufUsage 5
05-30 15:27:05.999 D/CCodecBufferChannel( 703): [c2.android.vorbis.decoder#716] MediaCodec discarded an unknown buffer
05-30 15:27:05.999 D/CCodecBufferChannel( 703): [c2.android.vorbis.decoder#716] MediaCodec discarded an unknown buffer
05-30 15:27:05.999 D/CCodecBufferChannel( 703): [c2.android.vorbis.decoder#716] MediaCodec discarded an unknown buffer
05-30 15:27:06.002 I/hw-BpHwBinder( 703): onLastStrongRef automatically unlinking death recipients
05-30 15:27:06.002 I/hw-BpHwBinder( 628): onLastStrongRef automatically unlinking death recipients
05-30 15:27:06.002 I/hw-BpHwBinder( 628): onLastStrongRef automatically unlinking death recipients
05-30 15:27:06.004 D/MediaCodec( 703): flushMediametrics
05-30 15:27:06.017 D/nStackXCoAP( 2953): IsInSameNetwork:[276] :IsInSameNetwork exec
05-30 15:27:06.017 I/nStackXDFinder( 2953): GetLocalInterfaceDetail:[461] :GetLocalInterfaceDetail in
05-30 15:27:06.017 E/nStackXCoAP( 2953): IsInSameNetwork:[281] :IsInSameNetwork: not priority process
05-30 15:27:06.017 D/nStackXCoAP( 2953): ParseServiceDiscover:[330] :new device join
05-30 15:27:06.017 E/nStackXDFinder( 2953): GetLocalIp:[401] :GetLocalIp exec
05-30 15:27:06.102 D/nStackXCoAP( 2953): CoapMessageHandler:[133] :2.01
05-30 15:27:06.214 D/nStackXCoAP( 2953): IsInSameNetwork:[276] :IsInSameNetwork exec
05-30 15:27:06.214 I/nStackXDFinder( 2953): GetLocalInterfaceDetail:[461] :GetLocalInterfaceDetail in
05-30 15:27:06.214 E/nStackXCoAP( 2953): IsInSameNetwork:[281] :IsInSameNetwork: not priority process
05-30 15:27:06.214 D/nStackXCoAP( 2953): ParseServiceDiscover:[330] :new device join
05-30 15:27:06.214 E/nStackXDFinder( 2953): GetLocalIp:[401] :GetLocalIp exec
05-30 15:27:06.265 D/nStackXCoAP( 2953): CoapMessageHandler:[133] :2.01
05-30 15:27:06.359 D/nStackXCoAP( 2953): IsInSameNetwork:[276] :IsInSameNetwork exec
05-30 15:27:06.359 I/nStackXDFinder( 2953): GetLocalInterfaceDetail:[461] :GetLocalInterfaceDetail in
05-30 15:27:06.359 E/nStackXCoAP( 2953): IsInSameNetwork:[281] :IsInSameNetwork: not priority process
05-30 15:27:06.359 D/nStackXCoAP( 2953): ParseServiceDiscover:[330] :new device join
05-30 15:27:06.359 E/nStackXDFinder( 2953): GetLocalIp:[401] :GetLocalIp exec
05-30 15:27:06.375 I/cling--ap-3( 2852): type=1400 audit(0.0:1207): avc: denied { read } for name="address" dev="sysfs" ino=22127 scontext=u:r:untrusted_app_27:s0:c43,c256,c512,c768 tcontext=u:object_r:sysfs_net:s0 tclass=file permissive=1 app=com.dangbei.screencast
05-30 15:27:06.383 D/nStackXCoAP( 2953): CoapMessageHandler:[133] :2.01
05-30 15:27:06.375 I/cling--ap-3( 2852): type=1400 audit(0.0:1208): avc: denied { open } for path="/sys/devices/virtual/net/dummy0/address" dev="sysfs" ino=22127 scontext=u:r:untrusted_app_27:s0:c43,c256,c512,c768 tcontext=u:object_r:sysfs_net:s0 tclass=file permissive=1 app=com.dangbei.screencast
05-30 15:27:06.375 I/cling--ap-3( 2852): type=1400 audit(0.0:1209): avc: denied { getattr } for path="/sys/devices/virtual/net/dummy0/address" dev="sysfs" ino=22127 scontext=u:r:untrusted_app_27:s0:c43,c256,c512,c768 tcontext=u:object_r:sysfs_net:s0 tclass=file permissive=1 app=com.dangbei.screencast
05-30 15:27:06.752 W/AudioFlinger( 541): createTrack_l(): mismatch between requested flags (00000004) and output flags (00000002)
05-30 15:27:06.756 I/audio_hw_hal_primary( 480): [audiohal_get_latency:1333] io 13: out:0xf0703260 frames:2304 rate:48000 whole_latency:48 alsa_latency:48
05-30 15:27:06.773 I/audio_hw_hal_primary( 480): [register_audio_patch:8215] Patch 3:id:3 mix(io:13)->dev_0[OUT_HDMI(id:22)] found, register the same patch, do nothing.
05-30 15:27:06.773 I/audio_hw_hal_primary( 480): [adev_create_audio_patch:8316] Patch 3: MIX->DEVICE, num_src:1 num_sink:1 patch_src:INVAL
05-30 15:27:06.773 I/audio_hw_hal_primary( 480): [adev_create_audio_patch:8320] sink[0]: OUT_HDMI(id:22)
05-30 15:27:06.773 I/audio_hw_hal_primary( 480): [adev_create_audio_patch:8377] Patch 3: mix(io:13) -> dev[OUT_HDMI(id:22)]
05-30 15:27:06.774 I/audio_hw_hal_primary( 480): [adev_create_audio_patch:8445] dev=0xf07c3dc0 cur_out_device=0x400
05-30 15:27:06.775 D/UEventObserver( 1156): change@/devices/platform/auge_sound/sound/card0/controlC0ACTION=changeDEVPATH=/devices/platform/auge_sound/sound/card0/controlC0SUBSYSTEM=soundAUDIO_FORMAT=0MAJOR=116MINOR=13DEVNAME=snd/controlC0SEQNUM=3545
05-30 15:27:06.767 I/xm_hidread( 1991): type=1400 audit(0.0:1210): avc: denied { read } for scontext=u:r:init:s0 tcontext=u:r:init:s0 tclass=netlink_kobject_uevent_socket permissive=1
05-30 15:27:06.781 D/audioserver( 541): logFgsApiBegin: FGS Logger Transaction failed, -129
