05-30 15:25:19.972 D/SystemServerTimingAsync( 703): ssm.onStartUser-0_com.android.server.inputmethod.InputMethodManagerService$Lifecycle
05-30 15:25:19.972 D/SystemServerTimingAsync( 703): ssm.onStartUser-0_com.android.server.accessibility.AccessibilityManagerService$Lifecycle
05-30 15:25:19.972 D/SystemServerTimingAsync( 703): ssm.onStartUser-0_com.android.server.StorageManagerService$Lifecycle
05-30 15:25:19.976 V/StorageManagerService( 703): Package com.dangbei.lerad.leradwatcher has legacy storage
05-30 15:25:19.976 V/StorageManagerService( 703): Package com.android.cts.priv.ctsshim does not have legacy storage
05-30 15:25:19.977 V/StorageManagerService( 703): Package com.android.uwb.resources does not have legacy storage
05-30 15:25:19.977 V/StorageManagerService( 703): Package com.android.adservices.api does not have legacy storage
05-30 15:25:19.977 V/StorageManagerService( 703): Package com.android.dynsystem does not have legacy storage
05-30 15:25:19.977 V/StorageManagerService( 703): Package com.dangbei.lerad.rocky does not have legacy storage
05-30 15:25:19.977 V/StorageManagerService( 703): Package com.android.healthconnect.controller does not have legacy storage
05-30 15:25:19.977 V/StorageManagerService( 703): Package com.android.providers.calendar does not have legacy storage
05-30 15:25:19.977 V/StorageManagerService( 703): Package com.android.tv.settings does not have legacy storage
05-30 15:25:19.977 V/StorageManagerService( 703): Package com.android.providers.media does not have legacy storage
05-30 15:25:19.977 V/StorageManagerService( 703): Package com.android.health.connect.backuprestore does not have legacy storage
05-30 15:25:19.977 V/StorageManagerService( 703): Package com.android.virtualmachine.res does not have legacy storage
05-30 15:25:19.977 V/StorageManagerService( 703): Package com.dangbei.zhushou.os does not have legacy storage
05-30 15:25:19.977 V/StorageManagerService( 703): Package com.sohu.inputmethod.sogou.tv has legacy storage
05-30 15:25:19.977 V/StorageManagerService( 703): Package com.droidlogic.tvprovider.overlay does not have legacy storage
05-30 15:25:19.977 V/StorageManagerService( 703): Package com.android.externalstorage does not have legacy storage
05-30 15:25:19.977 V/StorageManagerService( 703): Package com.android.htmlviewer does not have legacy storage
05-30 15:25:19.977 V/StorageManagerService( 703): Package com.android.companiondevicemanager does not have legacy storage
05-30 15:25:19.977 V/StorageManagerService( 703): Package com.android.providers.downloads does not have legacy storage
05-30 15:25:19.977 V/StorageManagerService( 703): Package com.android.providers.tv does not have legacy storage
05-30 15:25:19.977 V/StorageManagerService( 703): Package com.droidlogic.mediacenter does not have legacy storage
05-30 15:25:19.977 V/StorageManagerService( 703): Package com.android.federatedcompute.services does not have legacy storage
05-30 15:25:19.977 V/StorageManagerService( 703): Package com.droidlogic does not have legacy storage
05-30 15:25:19.977 V/StorageManagerService( 703): Package com.droidlogic.tv.settings does not have legacy storage
05-30 15:25:19.977 V/StorageManagerService( 703): Package com.oranth.ledstatus does not have legacy storage
05-30 15:25:19.977 V/StorageManagerService( 703): Package com.android.tv.overlay.lps.disabled does not have legacy storage
05-30 15:25:19.978 V/StorageManagerService( 703): Package com.dangbei.lerad.videoposter has legacy storage
05-30 15:25:19.978 V/StorageManagerService( 703): Package com.android.tv.overlay.settingsprovider does not have legacy storage
05-30 15:25:19.978 V/StorageManagerService( 703): Package com.android.safetycenter.resources does not have legacy storage
05-30 15:25:19.978 V/StorageManagerService( 703): Package com.android.pacprocessor does not have legacy storage
05-30 15:25:19.978 V/StorageManagerService( 703): Package com.android.networkstack does not have legacy storage
05-30 15:25:19.978 V/StorageManagerService( 703): Package com.android.connectivity.resources does not have legacy storage
05-30 15:25:19.978 V/StorageManagerService( 703): Package com.android.modulemetadata does not have legacy storage
05-30 15:25:19.978 V/StorageManagerService( 703): Package com.android.certinstaller does not have legacy storage
05-30 15:25:19.979 V/StorageManagerService( 703): Package com.android.wifi.dialog does not have legacy storage
05-30 15:25:19.979 V/StorageManagerService( 703): Package android does not have legacy storage
05-30 15:25:19.979 V/StorageManagerService( 703): Package com.android.camera2 does not have legacy storage
05-30 15:25:19.979 V/StorageManagerService( 703): Package com.android.mtp does not have legacy storage
05-30 15:25:19.979 V/StorageManagerService( 703): Package com.android.backupconfirm does not have legacy storage
05-30 15:25:19.979 V/StorageManagerService( 703): Package com.android.systemui.auto_generated_rro_vendor__ does not have legacy storage
05-30 15:25:19.979 V/StorageManagerService( 703): Package com.android.tv.overlay.networkstack does not have legacy storage
05-30 15:25:19.979 V/StorageManagerService( 703): Package com.android.statementservice does not have legacy storage
05-30 15:25:19.979 V/StorageManagerService( 703): Package com.dangbei.screencast has legacy storage
05-30 15:25:19.979 V/StorageManagerService( 703): Package com.android.settings.intelligence does not have legacy storage
05-30 15:25:19.979 V/StorageManagerService( 703): Package com.dangbei.leard.leradlauncher does not have legacy storage
05-30 15:25:19.979 V/StorageManagerService( 703): Package com.android.providers.settings does not have legacy storage
05-30 15:25:19.979 V/StorageManagerService( 703): Package com.android.sharedstoragebackup does not have legacy storage
05-30 15:25:19.979 V/StorageManagerService( 703): Package com.android.printspooler does not have legacy storage
05-30 15:25:19.979 V/StorageManagerService( 703): Package com.android.dreams.basic does not have legacy storage
05-30 15:25:19.979 V/StorageManagerService( 703): Package com.android.webview does not have legacy storage
05-30 15:25:19.979 V/StorageManagerService( 703): Package com.android.se does not have legacy storage
05-30 15:25:19.979 V/StorageManagerService( 703): Package com.android.inputdevices does not have legacy storage
05-30 15:25:19.980 V/StorageManagerService( 703): Package com.android.rkpdapp does not have legacy storage
05-30 15:25:19.980 V/StorageManagerService( 703): Package com.android.tv.overlay.wifi.resources does not have legacy storage
05-30 15:25:19.980 V/StorageManagerService( 703): Package com.oranth.inputmacsn does not have legacy storage
05-30 15:25:19.980 V/StorageManagerService( 703): Package com.android.musicfx does not have legacy storage
05-30 15:25:19.980 V/StorageManagerService( 703): Package com.dangbei.hqguide does not have legacy storage
05-30 15:25:19.981 V/StorageManagerService( 703): Package com.droidlogic.systemui.overlay does not have legacy storage
05-30 15:25:19.981 V/StorageManagerService( 703): Package android.ext.shared does not have legacy storage
05-30 15:25:19.981 V/StorageManagerService( 703): Package com.android.keychain does not have legacy storage
05-30 15:25:19.981 V/StorageManagerService( 703): Package com.dlg.framework.overlay does not have legacy storage
05-30 15:25:19.981 V/StorageManagerService( 703): Package android.ext.services does not have legacy storage
05-30 15:25:19.981 V/StorageManagerService( 703): Package com.android.wifi.resources does not have legacy storage
05-30 15:25:19.981 V/StorageManagerService( 703): Package com.android.cameraextensions does not have legacy storage
05-30 15:25:19.981 V/StorageManagerService( 703): Package com.android.localtransport does not have legacy storage
05-30 15:25:19.981 V/StorageManagerService( 703): Package com.android.networkstack.tethering.droidlogic does not have legacy storage
05-30 15:25:19.981 V/StorageManagerService( 703): Package com.droidlogic.mictoggle does not have legacy storage
05-30 15:25:19.981 V/StorageManagerService( 703): Package com.android.packageinstaller does not have legacy storage
05-30 15:25:19.981 V/StorageManagerService( 703): Package com.cskj.factorytest does not have legacy storage
05-30 15:25:19.981 V/StorageManagerService( 703): Package com.android.proxyhandler does not have legacy storage
05-30 15:25:19.981 V/StorageManagerService( 703): Package com.android.intentresolver does not have legacy storage
05-30 15:25:19.981 V/StorageManagerService( 703): Package com.android.nearby.halfsheet does not have legacy storage
05-30 15:25:19.981 V/StorageManagerService( 703): Package com.android.managedprovisioning does not have legacy storage
05-30 15:25:19.981 V/StorageManagerService( 703): Package com.oranth.usbopenft does not have legacy storage
05-30 15:25:19.981 V/StorageManagerService( 703): Package com.android.networkstack.tethering does not have legacy storage
05-30 15:25:19.982 V/StorageManagerService( 703): Package com.android.soundpicker does not have legacy storage
05-30 15:25:19.982 V/StorageManagerService( 703): Package com.dangbei.lerad.etna.haqu does not have legacy storage
05-30 15:25:19.982 V/StorageManagerService( 703): Package com.droidlogic.miracast does not have legacy storage
05-30 15:25:19.982 V/StorageManagerService( 703): Package com.amlogic.tv.overlay.matchcontent does not have legacy storage
05-30 15:25:19.982 V/StorageManagerService( 703): Package com.droidlogic.wifitetheringoverlay does not have legacy storage
05-30 15:25:19.982 V/StorageManagerService( 703): Package com.tv.filemanager.os has legacy storage
05-30 15:25:19.982 V/StorageManagerService( 703): Package com.oranth.powerwindow does not have legacy storage
05-30 15:25:19.982 V/StorageManagerService( 703): Package com.android.cts.ctsshim does not have legacy storage
05-30 15:25:19.982 V/StorageManagerService( 703): Package com.dangbei.lerad.screensaver does not have legacy storage
05-30 15:25:19.982 V/StorageManagerService( 703): Package com.droidlogic.wifion does not have legacy storage
05-30 15:25:19.982 V/StorageManagerService( 703): Package com.android.vpndialogs does not have legacy storage
05-30 15:25:19.983 V/StorageManagerService( 703): Package com.android.music does not have legacy storage
05-30 15:25:19.984 V/StorageManagerService( 703): Package com.android.shell does not have legacy storage
05-30 15:25:19.984 V/WindowManagerShell( 984): Adding init callback for DefaultTransitionHandler
05-30 15:25:19.984 V/WindowManagerShell( 984): addHandler: Default
05-30 15:25:19.984 V/StorageManagerService( 703): Package com.android.sdksandbox does not have legacy storage
05-30 15:25:19.984 V/WindowManagerShell( 984): addHandler: Remote
05-30 15:25:19.984 V/StorageManagerService( 703): Package com.android.wallpaperbackup does not have legacy storage
05-30 15:25:19.984 V/WindowManagerShell( 984): Adding init callback for Transitions
05-30 15:25:19.984 V/StorageManagerService( 703): Package com.android.providers.userdictionary does not have legacy storage
05-30 15:25:19.984 V/StorageManagerService( 703): Package com.android.providers.media.module does not have legacy storage
05-30 15:25:19.984 V/StorageManagerService( 703): Package com.oranth.storage does not have legacy storage
05-30 15:25:19.984 V/StorageManagerService( 703): Package com.android.hotspot2.osulogin does not have legacy storage
05-30 15:25:19.984 V/StorageManagerService( 703): Package com.android.location.fused does not have legacy storage
05-30 15:25:19.984 V/StorageManagerService( 703): Package com.android.deskclock does not have legacy storage
05-30 15:25:19.984 V/StorageManagerService( 703): Package com.android.systemui does not have legacy storage
05-30 15:25:19.984 V/StorageManagerService( 703): Package com.dangbei.haqusetting does not have legacy storage
05-30 15:25:19.984 V/StorageManagerService( 703): Package com.android.tv.overlay.framework does not have legacy storage
05-30 15:25:19.984 V/StorageManagerService( 703): Package com.android.permissioncontroller does not have legacy storage
05-30 15:25:19.984 V/StorageManagerService( 703): Package com.droidlogic.appinstall does not have legacy storage
05-30 15:25:19.984 V/StorageManagerService( 703): Package com.android.ondevicepersonalization.services does not have legacy storage
05-30 15:25:19.984 V/StorageManagerService( 703): Package com.android.bluetooth does not have legacy storage
05-30 15:25:19.984 V/StorageManagerService( 703): Package com.android.providers.contacts does not have legacy storage
05-30 15:25:19.984 V/StorageManagerService( 703): Package com.android.captiveportallogin does not have legacy storage
05-30 15:25:19.984 V/StorageManagerService( 703): Package com.droidlogic.overlay does not have legacy storage
05-30 15:25:19.984 V/StorageManagerService( 703): Package com.android.devicelockcontroller does not have legacy storage
05-30 15:25:19.984 V/StorageManagerService( 703): Package com.android.ext.adservices.api does not have legacy storage
05-30 15:25:19.984 V/StorageManagerService( 703): Package android.auto_generated_rro_vendor__ does not have legacy storage
05-30 15:25:19.987 D/SystemServerTimingAsync( 703): ssm.onStartUser-0_com.android.server.usage.StorageStatsService$Lifecycle
05-30 15:25:19.987 D/SystemServerTimingAsync( 703): ssm.onStartUser-0_com.android.server.UiModeManagerService
05-30 15:25:19.987 D/SystemServerTimingAsync( 703): ssm.onStartUser-0_com.android.server.locales.LocaleManagerService
05-30 15:25:19.987 D/SystemServerTimingAsync( 703): ssm.onStartUser-0_com.android.server.grammaticalinflection.GrammaticalInflectionService
05-30 15:25:19.987 D/SystemServerTimingAsync( 703): ssm.onStartUser-0_com.android.server.apphibernation.AppHibernationService
05-30 15:25:19.987 D/SystemServerTimingAsync( 703): ssm.onStartUser-0_com.android.server.locksettings.LockSettingsService$Lifecycle
05-30 15:25:19.987 D/SystemServerTimingAsync( 703): ssm.onStartUser-0_com.android.server.PersistentDataBlockService
05-30 15:25:19.987 D/SystemServerTimingAsync( 703): ssm.onStartUser-0_com.android.server.testharness.TestHarnessModeService
05-30 15:25:19.987 D/SystemServerTimingAsync( 703): ssm.onStartUser-0_com.android.server.oemlock.OemLockService
05-30 15:25:19.987 D/SystemServerTimingAsync( 703): ssm.onStartUser-0_com.android.server.DeviceIdleController
05-30 15:25:19.987 D/SystemServerTimingAsync( 703): ssm.onStartUser-0_com.android.server.devicepolicy.DevicePolicyManagerService$Lifecycle
05-30 15:25:19.999 D/SystemServerTimingAsync( 703): ssm.onStartUser-0_com.android.server.texttospeech.TextToSpeechManagerService
05-30 15:25:19.999 D/SystemServerTimingAsync( 703): ssm.onStartUser-0_com.android.server.ambientcontext.AmbientContextManagerService
05-30 15:25:19.999 D/SystemServerTimingAsync( 703): ssm.onStartUser-0_com.android.server.wearable.WearableSensingManagerService
05-30 15:25:19.999 D/SystemServerTimingAsync( 703): ssm.onStartUser-0_com.android.server.speech.SpeechRecognitionManagerService
05-30 15:25:19.999 D/SystemServerTimingAsync( 703): ssm.onStartUser-0_com.android.server.searchui.SearchUiManagerService
05-30 15:25:19.999 D/SystemServerTimingAsync( 703): ssm.onStartUser-0_com.android.server.smartspace.SmartspaceManagerService
05-30 15:25:19.999 D/SystemServerTimingAsync( 703): ssm.onStartUser-0_com.android.server.graphics.fonts.FontManagerService$Lifecycle
05-30 15:25:19.999 D/SystemServerTimingAsync( 703): ssm.onStartUser-0_com.android.server.textservices.TextServicesManagerService$Lifecycle
05-30 15:25:19.999 D/SystemServerTimingAsync( 703): ssm.onStartUser-0_com.android.server.textclassifier.TextClassificationManagerService$Lifecycle
05-30 15:25:20.000 D/SystemServerTimingAsync( 703): ssm.onStartUser-0_com.android.server.NetworkScoreService$Lifecycle
05-30 15:25:20.000 D/SystemServerTimingAsync( 703): ssm.onStartUser-0_com.android.server.NetworkStatsServiceInitializer
05-30 15:25:20.001 D/SystemServerTimingAsync( 703): ssm.onStartUser-0_com.android.server.wifi.WifiService
05-30 15:25:20.001 D/SystemServerTimingAsync( 703): ssm.onStartUser-0_com.android.server.wifi.scanner.WifiScanningService
05-30 15:25:20.001 D/SystemServerTimingAsync( 703): ssm.onStartUser-0_com.android.server.wifi.p2p.WifiP2pService
05-30 15:25:20.001 D/SystemServerTimingAsync( 703): ssm.onStartUser-0_com.android.server.ConnectivityServiceInitializer
05-30 15:25:20.001 D/SystemServerTimingAsync( 703): ssm.onStartUser-0_com.android.server.notification.NotificationManagerService
05-30 15:25:20.001 D/SystemServerTimingAsync( 703): ssm.onStartUser-0_com.android.server.storage.DeviceStorageMonitorService
05-30 15:25:20.001 D/SystemServerTimingAsync( 703): ssm.onStartUser-0_com.android.server.timedetector.TimeDetectorService$Lifecycle
05-30 15:25:20.001 D/SystemServerTimingAsync( 703): ssm.onStartUser-0_com.android.server.location.LocationManagerService$Lifecycle
05-30 15:25:20.001 D/SystemServerTimingAsync( 703): ssm.onStartUser-0_com.android.server.timezonedetector.TimeZoneDetectorService$Lifecycle
05-30 15:25:20.001 D/SystemServerTimingAsync( 703): ssm.onStartUser-0_com.android.server.location.altitude.AltitudeService$Lifecycle
05-30 15:25:20.001 D/SystemServerTimingAsync( 703): ssm.onStartUser-0_com.android.server.timezonedetector.location.LocationTimeZoneManagerService$Lifecycle
05-30 15:25:20.001 D/SystemServerTimingAsync( 703): ssm.onStartUser-0_com.android.server.search.SearchManagerService$Lifecycle
05-30 15:25:20.001 D/SystemServerTimingAsync( 703): ssm.onStartUser-0_com.android.server.wallpaper.WallpaperManagerService$Lifecycle
05-30 15:25:20.001 D/SystemServerTimingAsync( 703): ssm.onStartUser-0_com.android.server.wallpapereffectsgeneration.WallpaperEffectsGenerationManagerService
05-30 15:25:20.002 D/SystemServerTimingAsync( 703): ssm.onStartUser-0_com.android.server.audio.AudioService$Lifecycle
05-30 15:25:20.002 D/SystemServerTimingAsync( 703): ssm.onStartUser-0_com.android.server.soundtrigger_middleware.SoundTriggerMiddlewareService$Lifecycle
05-30 15:25:20.002 D/SystemServerTimingAsync( 703): ssm.onStartUser-0_com.android.server.adb.AdbService$Lifecycle
05-30 15:25:20.002 D/SystemServerTimingAsync( 703): ssm.onStartUser-0_com.android.server.usb.UsbService$Lifecycle
05-30 15:25:20.002 D/SystemServerTimingAsync( 703): ssm.onStartUser-0_com.android.server.twilight.TwilightService
05-30 15:25:20.002 D/SystemServerTimingAsync( 703): ssm.onStartUser-0_com.android.server.display.color.ColorDisplayService
05-30 15:25:20.003 D/SystemServerTimingAsync( 703): ssm.onStartUser-0_com.android.server.job.JobSchedulerService
05-30 15:25:20.003 D/SystemServerTimingAsync( 703): ssm.onStartUser-0_com.android.server.soundtrigger.SoundTriggerService
05-30 15:25:20.003 D/SystemServerTimingAsync( 703): ssm.onStartUser-0_com.android.server.trust.TrustManagerService
05-30 15:25:20.003 D/SystemServerTimingAsync( 703): ssm.onStartUser-0_com.android.server.backup.BackupManagerService$Lifecycle
05-30 15:25:20.003 D/SystemServerTimingAsync( 703): ssm.onStartUser-0_com.android.server.appwidget.AppWidgetService
05-30 15:25:20.003 D/SystemServerTimingAsync( 703): ssm.onStartUser-0_com.android.server.voiceinteraction.VoiceInteractionManagerService
05-30 15:25:20.003 D/GameManagerService( 703): User ID '0' does not have a Game Mode selected for package: 'com.android.bluetooth'
05-30 15:25:20.004 W/VoiceInteractionManager( 703): no available voice recognition services found for user 0
05-30 15:25:20.004 D/SystemServerTimingAsync( 703): ssm.onStartUser-0_com.android.server.GestureLauncherService
05-30 15:25:20.004 D/SystemServerTimingAsync( 703): ssm.onStartUser-0_com.android.server.SensorNotificationService
05-30 15:25:20.004 D/SystemServerTimingAsync( 703): ssm.onStartUser-0_com.android.server.emergency.EmergencyAffordanceService
05-30 15:25:20.004 D/SystemServerTimingAsync( 703): ssm.onStartUser-0_com.android.server.blob.BlobStoreManagerService
05-30 15:25:20.004 D/SystemServerTimingAsync( 703): ssm.onStartUser-0_com.android.server.dreams.DreamManagerService
05-30 15:25:20.004 D/SystemServerTimingAsync( 703): ssm.onStartUser-0_com.android.server.security.AttestationVerificationManagerService
05-30 15:25:20.004 D/SystemServerTimingAsync( 703): ssm.onStartUser-0_com.android.server.restrictions.RestrictionsManagerService
05-30 15:25:20.004 D/SystemServerTimingAsync( 703): ssm.onStartUser-0_com.android.server.media.MediaSessionService
05-30 15:25:20.004 D/CompatibilityChangeReporter( 703): Compat change id reported: 168419799; UID 1002; state: DISABLED
05-30 15:25:20.004 D/SystemServerTimingAsync( 703): ssm.onStartUser-0_com.android.server.hdmi.HdmiControlService
05-30 15:25:20.004 D/SystemServerTimingAsync( 703): ssm.onStartUser-0_com.android.server.tv.interactive.TvInteractiveAppManagerService
05-30 15:25:20.004 D/SystemServerTimingAsync( 703): ssm.onStartUser-0_com.android.server.tv.TvInputManagerService
05-30 15:25:20.004 D/SystemServerTimingAsync( 703): ssm.onStartUser-0_com.android.server.media.MediaResourceMonitorService
05-30 15:25:20.004 D/SystemServerTimingAsync( 703): ssm.onStartUser-0_com.android.server.tv.TvRemoteService
05-30 15:25:20.004 D/SystemServerTimingAsync( 703): ssm.onStartUser-0_com.android.server.biometrics.BiometricService
05-30 15:25:20.004 D/SystemServerTimingAsync( 703): ssm.onStartUser-0_com.android.server.biometrics.AuthService
05-30 15:25:20.004 D/SystemServerTimingAsync( 703): ssm.onStartUser-0_com.android.server.pm.ShortcutService$Lifecycle
05-30 15:25:20.004 D/SystemServerTimingAsync( 703): ssm.onStartUser-0_com.android.server.pm.LauncherAppsService
05-30 15:25:20.004 D/SystemServerTimingAsync( 703): ssm.onStartUser-0_com.android.server.pm.CrossProfileAppsService
05-30 15:25:20.004 D/SystemServerTimingAsync( 703): ssm.onStartUser-0_com.android.server.people.PeopleService
05-30 15:25:20.004 D/SystemServerTimingAsync( 703): ssm.onStartUser-0_com.android.server.media.metrics.MediaMetricsManagerService
05-30 15:25:20.004 D/SystemServerTimingAsync( 703): ssm.onStartUser-0_com.android.server.pm.BackgroundInstallControlService
05-30 15:25:20.004 D/SystemServerTimingAsync( 703): ssm.onStartUser-0_com.android.server.media.projection.MediaProjectionManagerService
05-30 15:25:20.004 D/SystemServerTimingAsync( 703): ssm.onStartUser-0_com.android.server.slice.SliceManagerService$Lifecycle
05-30 15:25:20.004 D/SystemServerTimingAsync( 703): ssm.onStartUser-0_com.android.server.stats.StatsCompanion$Lifecycle
05-30 15:25:20.004 D/SystemServerTimingAsync( 703): ssm.onStartUser-0_com.android.server.scheduling.RebootReadinessManagerService$Lifecycle
05-30 15:25:20.004 D/SystemServerTimingAsync( 703): ssm.onStartUser-0_com.android.server.stats.pull.StatsPullAtomService
05-30 15:25:20.004 D/SystemServerTimingAsync( 703): ssm.onStartUser-0_com.android.server.stats.bootstrap.StatsBootstrapAtomService$Lifecycle
05-30 15:25:20.004 D/SystemServerTimingAsync( 703): ssm.onStartUser-0_com.android.server.incident.IncidentCompanionService
05-30 15:25:20.005 D/SystemServerTimingAsync( 703): ssm.onStartUser-0_com.android.server.sdksandbox.SdkSandboxManagerService$Lifecycle
05-30 15:25:20.005 D/SystemServerTimingAsync( 703): ssm.onStartUser-0_com.android.server.adservices.AdServicesManagerService$Lifecycle
05-30 15:25:20.005 D/SystemServerTimingAsync( 703): ssm.onStartUser-0_com.android.server.ondevicepersonalization.OnDevicePersonalizationSystemService$Lifecycle
05-30 15:25:20.005 D/SystemServerTimingAsync( 703): ssm.onStartUser-0_com.android.server.autofill.AutofillManagerService
05-30 15:25:20.005 D/SystemServerTimingAsync( 703): ssm.onStartUser-0_com.android.server.clipboard.ClipboardService
05-30 15:25:20.005 D/SystemServerTimingAsync( 703): ssm.onStartUser-0_com.android.server.appbinding.AppBindingService$Lifecycle
05-30 15:25:20.005 D/CompatibilityChangeReporter( 703): Compat change id reported: 273564678; UID 1002; state: DISABLED
05-30 15:25:20.005 W/AppBindingService( 703): [Default SMS app] u0 Target package not found
05-30 15:25:20.005 D/SystemServerTimingAsync( 703): ssm.onStartUser-0_com.android.server.tracing.TracingServiceProxy
05-30 15:25:20.005 D/SystemServerTimingAsync( 703): ssm.onStartUser-0_com.android.server.policy.PermissionPolicyService
05-30 15:25:20.005 D/SystemServerTimingAsync( 703): ssm.onStartUser-0_com.android.server.pm.StagingManager$Lifecycle
05-30 15:25:20.005 D/SystemServerTimingAsync( 703): ssm.onStartUser-0_com.android.server.app.GameManagerService$Lifecycle
05-30 15:25:20.005 D/GameManagerService( 703): Starting user 0
05-30 15:25:20.008 D/CompatibilityChangeReporter( 703): Compat change id reported: 265195908; UID 1002; state: ENABLED
05-30 15:25:20.014 D/SystemServerTimingAsync( 703): ssm.onStartUser-0_com.android.safetycenter.SafetyCenterService
05-30 15:25:20.014 D/SystemServerTimingAsync( 703): ssm.onStartUser-0_com.android.server.appsearch.AppSearchModule$Lifecycle
05-30 15:25:20.014 D/SystemServerTimingAsync( 703): ssm.onStartUser-0_com.android.server.media.MediaCommunicationService
05-30 15:25:20.014 D/SystemServerTimingAsync( 703): ssm.onStartUser-0_com.android.server.compat.overrides.AppCompatOverridesService$Lifecycle
05-30 15:25:20.014 D/SystemServerTimingAsync( 703): ssm.onStartUser-0_com.android.server.healthconnect.HealthConnectManagerService
05-30 15:25:20.014 D/SystemServerTimingAsync( 703): ssm.onStartUser-0_com.android.server.devicelock.DeviceLockService
05-30 15:25:20.014 D/SystemServerTiming( 703): startPersistentApps
05-30 15:25:20.016 I/ActivityManager( 703): com.droidlogic is exempt from freezer
05-30 15:25:20.017 D/CompatibilityChangeReporter( 703): Compat change id reported: 135634846; UID 1000; state: DISABLED
05-30 15:25:20.019 D/CompatibilityChangeReporter( 703): Compat change id reported: 135634846; UID 1068; state: DISABLED
05-30 15:25:20.025 D/SystemServerTiming( 703): startHomeOnAllDisplays
05-30 15:25:20.026 V/WindowManagerShell( 984): Adding init callback for FullscreenTaskListener
05-30 15:25:20.027 D/WindowManager( 703): ThemeHomeDelay: Home launch was deferred.
05-30 15:25:20.027 D/SystemServerTiming( 703): showSystemReadyErrorDialogs
05-30 15:25:20.040 V/WindowManagerShell( 984): Adding init callback for ActivityEmbeddingController
05-30 15:25:20.156 E/Build ( 703): Vendor interface is incompatible, error=1
05-30 15:25:20.156 E/ActivityTaskManager( 703): Build fingerprint is not consistent, warning user
05-30 15:25:20.156 D/SystemServerTiming( 703): sendUserStartBroadcast
05-30 15:25:20.159 D/SystemServerTiming( 703): resumeTopActivities
05-30 15:25:20.178 D/SystemServerTiming( 703): sendUserSwitchBroadcasts
05-30 15:25:20.188 D/SystemServerTiming( 703): setBinderProxies
05-30 15:25:20.188 D/SystemServerTiming( 703): componentAlias
05-30 15:25:20.190 D/ComponentAliasResolver( 703): Compat listener set.
05-30 15:25:20.191 D/SystemServerTiming( 703): LockSettingsThirdPartyAppsStarted
05-30 15:25:20.192 D/SystemServerTiming( 703): StartSystemUI
05-30 15:25:20.194 W/ActivityManager( 703): Slow operation: 176ms so far, now at startProcess: done updating battery stats
05-30 15:25:20.195 W/ActivityManager( 703): Slow operation: 179ms so far, now at startProcess: building log message
05-30 15:25:20.195 I/ActivityManager( 703): Start proc 1156:com.droidlogic/1000 for added application com.droidlogic
05-30 15:25:20.195 W/ActivityManager( 703): Slow operation: 179ms so far, now at startProcess: starting to update pids map
05-30 15:25:20.200 W/ActivityManager( 703): Slow operation: 184ms so far, now at startProcess: done updating pids map
05-30 15:25:20.200 W/ActivityManager( 703): Slow operation: 181ms so far, now at startProcess: asking zygote to start proc
05-30 15:25:20.204 D/CompatibilityChangeReporter( 703): Compat change id reported: 161145287; UID 10052; state: ENABLED
05-30 15:25:20.211 D/CompatibilityChangeReporter( 703): Compat change id reported: 168419799; UID 1000; state: DISABLED
05-30 15:25:20.211 D/CompatibilityChangeReporter( 703): Compat change id reported: 273564678; UID 1000; state: DISABLED
05-30 15:25:20.213 D/CompatibilityChangeReporter( 703): Compat change id reported: 161145287; UID 1073; state: ENABLED
05-30 15:25:20.227 V/WindowManagerShell( 984): Adding init callback for StartingWindowController
05-30 15:25:20.227 V/WindowManagerShell( 984): Adding init callback for ProtoLogController
05-30 15:25:20.233 W/ActivityManager( 703): Slow operation: 214ms so far, now at startProcess: returned from zygote!
05-30 15:25:20.251 W/ActivityManager( 703): Slow operation: 232ms so far, now at startProcess: done updating battery stats
05-30 15:25:20.251 W/ActivityManager( 703): Slow operation: 232ms so far, now at startProcess: building log message
05-30 15:25:20.251 I/ActivityManager( 703): Start proc 1181:com.android.se/1068 for added application com.android.se
05-30 15:25:20.251 W/ActivityManager( 703): Slow operation: 232ms so far, now at startProcess: starting to update pids map
05-30 15:25:20.251 W/ActivityManager( 703): Slow operation: 232ms so far, now at startProcess: done updating pids map
05-30 15:25:20.258 W/ActivityManager( 703): Unable to start service Intent { flg=0x100 cmp=com.droidlogic/.StubKeyguardService } U=0: not found
05-30 15:25:20.258 D/SystemServerTiming( 703): startApexServices
05-30 15:25:20.258 D/SystemServerTiming( 703): starting com.android.server.scheduling.RebootReadinessManagerService$Lifecycle
05-30 15:25:20.259 I/SystemServiceManager( 703): Starting com.android.server.scheduling.RebootReadinessManagerService$Lifecycle
05-30 15:25:20.259 I/SystemServiceManager( 703): Not starting an already started service com.android.server.scheduling.RebootReadinessManagerService$Lifecycle
05-30 15:25:20.259 D/SystemServerTiming( 703): UpdateWatchdogTimeout
05-30 15:25:20.259 I/Watchdog( 703): Watchdog timeout updated to 60000 millis
05-30 15:25:20.260 V/WindowManagerShell( 984): Adding init callback for TvPipTransition
05-30 15:25:20.268 D/CompatibilityChangeReporter( 703): Compat change id reported: 218533173; UID 10070; state: DISABLED
05-30 15:25:20.272 W/Looper ( 703): Slow delivery took 5021ms main h=android.app.PropertyInvalidatedCache$AutoCorker$1 c=null m=0
05-30 15:25:20.280 I/DisplayDeviceRepository( 703): Display device changed: DisplayDeviceInfo{"内置屏幕": uniqueId="local:4634745985938051595", 1920 x 1080, modeId 1, renderFrameRate 59.94006, defaultModeId 1, supportedModes [{id=1, width=1920, height=1080, fps=59.94006, alternativeRefreshRates=[], supportedHdrTypes=[2, 3]}, {id=2, width=1920, height=1080, fps=60.000004, alternativeRefreshRates=[], supportedHdrTypes=[2, 3]}, {id=3, width=1920, height=1080, fps=50.0, alternativeRefreshRates=[], supportedHdrTypes=[2, 3]}, {id=4, width=1920, height=1080, fps=29.97003, alternativeRefreshRates=[], supportedHdrTypes=[2, 3]}, {id=5, width=1920, height=1080, fps=30.000002, alternativeRefreshRates=[], supportedHdrTypes=[2, 3]}, {id=6, width=1920, height=1080, fps=25.0, alternativeRefreshRates=[], supportedHdrTypes=[2, 3]}, {id=7, width=1920, height=1080, fps=23.976025, alternativeRefreshRates=[], supportedHdrTypes=[2, 3]}, {id=8, width=1920, height=1080, fps=24.000002, alternativeRefreshRates=[], supportedHdrTypes=[2, 3]}, {id=9, width=1280, height=720, fps=59.94006, alternativeRefreshRates=[], supportedHdrTypes=[2, 3]}, {id=10, width=1280, height=720, fps=60.000004, alternativeRefreshRates=[], supportedHdrTypes=[2, 3]}, {id=11, width=1280, height=720, fps=50.0, alternativeRefreshRates=[], supportedHdrTypes=[2, 3]}], colorMode 0, supportedColorModes [0], hdrCapabilities HdrCapabilities{mSupportedHdrTypes=[2, 3], mMaxLuminance=500.0, mMaxAverageLuminance=500.0, mMinLuminance=0.0}, allmSupported false, gameContentTypeSupported false, density 240, 40.304 x 40.341 dpi, appVsyncOff 2000000, presDeadline 13683333, touch INTERNAL, rotation 0, type INTERNAL, address {port=11, model=0x4051eceb140152}, deviceProductInfo DeviceProductInfo{name=Beyond TV, manufacturerPnpId=TOL, productId=37409, modelYear=null, manufactureDate=ManufactureDate{week=20, year=2023}, connectionToSinkType=2}, state ON, committedState ON, frameRateOverride , brightnessMinimum 0.0, brightnessMaximum 1.0, brightnessDefault 0.39763778, hdrSdrRatio NaN, FLAG_ALLOWED_TO_BE_DEFAULT_DISPLAY, FLAG_ROTATES_WITH_CONTENT, FLAG_SECURE, FLAG_SUPPORTS_PROTECTED_BUFFERS, FLAG_TRUSTED, installOrientation 0, displayShape DisplayShape{ spec=729782573 displayWidth=1920 displayHeight=1080 physicalPixelDisplaySizeRatio=1.0 rotation=0 offsetX=0 offsetY=0 scale=1.0}}
05-30 15:25:20.285 D/CompatibilityChangeReporter( 703): Compat change id reported: 262645982; UID 10070; state: DISABLED
05-30 15:25:20.287 D/CompatibilityChangeReporter( 703): Compat change id reported: 218533173; UID 10068; state: ENABLED
05-30 15:25:20.287 D/CompatibilityChangeReporter( 703): Compat change id reported: 262645982; UID 10068; state: ENABLED
05-30 15:25:20.300 D/WindowManagerShell( 984): TvPipActionsProvider: onMediaActionsChanged()
05-30 15:25:20.300 D/WindowManagerShell( 984): TvPipActionsProvider: replaceCustomActions, count: 0
05-30 15:25:20.300 D/WindowManagerShell( 984): TvPipMenuController: setDelegate(), delegate=com.android.wm.shell.pip.tv.TvPipController@debd635
05-30 15:25:20.300 V/WindowManagerShell( 984): Adding init callback for TvPipController
05-30 15:25:20.300 V/WindowManagerShell( 984): Adding init callback for KeyguardTransitionHandler
05-30 15:25:20.311 D/ConditionProviders.SCP( 703): onConnected
05-30 15:25:20.311 D/ConditionProviders.SCP( 703): onSubscribe condition://android/schedule?days=1.2.3.4.5.6.7&start=22.0&end=7.0&exitAtAlarm=true
05-30 15:25:20.312 D/ConditionProviders.SCP( 703): setRegistered true
05-30 15:25:20.313 W/ActivityThread( 703): Failed to find provider info for com.android.calendar (user not unlocked)
05-30 15:25:20.313 V/WindowManagerShell( 984): Adding init callback for BackAnimationController
05-30 15:25:20.313 W/ActivityThread( 703): Failed to find provider info for com.android.calendar (user not unlocked)
05-30 15:25:20.314 D/CompatibilityChangeReporter( 703): Compat change id reported: 171306433; UID 1000; state: ENABLED
05-30 15:25:20.314 D/CompatibilityChangeReporter( 703): Compat change id reported: 218533173; UID 1000; state: ENABLED
05-30 15:25:20.315 V/WindowManagerShell( 984): Initializing Shell Components: 18
05-30 15:25:20.319 V/WindowManagerShell( 984): DisplayChangeController init took 4ms
05-30 15:25:20.338 D/ConditionProviders.SCP( 703): evaluateSubscriptionLocked cal=ScheduleCalendar[mDays={1, 2, 3, 4, 5, 6, 7}, mSchedule=ScheduleInfo{days=[1, 2, 3, 4, 5, 6, 7], startHour=22, startMinute=0, endHour=7, endMinute=0, exitAtAlarm=true, nextAlarm=Thu Jan 01 08:00:00 GMT+08:00 1970 (0)}], now=Fri May 30 15:25:20 GMT+08:00 2025 (1748589920312), nextUserAlarmTime=Thu Jan 01 08:00:00 GMT+08:00 1970 (0)
05-30 15:25:20.338 D/ConditionProviders.SCP( 703): notifyCondition condition://android/schedule?days=1.2.3.4.5.6.7&start=22.0&end=7.0&exitAtAlarm=true STATE_FALSE reason=!meetsSchedule
05-30 15:25:20.364 V/WindowManagerShell( 984): DisplayController init took 45ms
05-30 15:25:20.367 V/WindowManagerShell( 984): DisplayInsetsController init took 2ms
05-30 15:25:20.367 V/WindowManagerShell( 984): DisplayImeController init took 0ms
05-30 15:25:20.367 V/WindowManagerShell( 984): Adding dump callback for ShellController
05-30 15:25:20.367 V/WindowManagerShell( 984): ShellController init took 0ms
05-30 15:25:20.367 V/WindowManagerShell( 984): Adding external interface from DragAndDropController with key extra_shell_drag_and_drop
05-30 15:25:20.367 V/WindowManagerShell( 984): Adding dump callback for DragAndDropController
05-30 15:25:20.367 V/WindowManagerShell( 984): DragAndDropController init took 0ms
05-30 15:25:20.367 V/WindowManagerShell( 984): Adding command class compatui for CompatUIShellCommandHandler
05-30 15:25:20.367 V/WindowManagerShell( 984): CompatUIController init took 0ms
05-30 15:25:20.367 V/WindowManagerShell( 984): Adding dump callback for ShellTaskOrganizer
05-30 15:25:20.374 V/WindowManagerShell( 984): ShellTaskOrganizer init took 7ms
05-30 15:25:20.386 D/CompatibilityChangeReporter( 703): Compat change id reported: 168419799; UID 1068; state: DISABLED
05-30 15:25:20.389 D/ConditionProviders.SCP( 703): Scheduling evaluate for Fri May 30 22:00:00 GMT+08:00 2025 (1748613600000), in +6h34m39s688ms, now=Fri May 30 15:25:20 GMT+08:00 2025 (1748589920312)
05-30 15:25:20.394 D/CompatibilityChangeReporter( 703): Compat change id reported: 273564678; UID 1068; state: DISABLED
05-30 15:25:20.436 W/ActivityManager( 703): Slow operation: 55ms so far, now at attachApplicationLocked: after updateOomAdjLocked
05-30 15:25:20.450 D/CompatibilityChangeReporter( 703): Compat change id reported: 218533173; UID 10055; state: ENABLED
05-30 15:25:20.451 W/Looper ( 703): Slow dispatch took 140ms main h=android.service.notification.ConditionProviderService$H c=null m=3
05-30 15:25:20.452 D/CompatibilityChangeReporter( 703): Compat change id reported: 262645982; UID 10055; state: ENABLED
05-30 15:25:20.456 D/CompatibilityChangeReporter( 703): Compat change id reported: 218533173; UID 10059; state: ENABLED
05-30 15:25:20.457 D/CompatibilityChangeReporter( 703): Compat change id reported: 262645982; UID 10059; state: ENABLED
05-30 15:25:20.461 D/CompatibilityChangeReporter( 703): Compat change id reported: 218533173; UID 10016; state: ENABLED
05-30 15:25:20.464 D/CompatibilityChangeReporter( 703): Compat change id reported: 135634846; UID 10063; state: DISABLED
05-30 15:25:20.464 D/CompatibilityChangeReporter( 703): Compat change id reported: 262645982; UID 10016; state: ENABLED
05-30 15:25:20.466 D/CompatibilityChangeReporter( 703): Compat change id reported: 143937733; UID 10063; state: ENABLED
05-30 15:25:20.476 D/CompatibilityChangeReporter( 703): Compat change id reported: 218533173; UID 10019; state: ENABLED
05-30 15:25:20.477 D/CompatibilityChangeReporter( 703): Compat change id reported: 262645982; UID 10019; state: ENABLED
05-30 15:25:20.478 D/CompatibilityChangeReporter( 703): Compat change id reported: 218533173; UID 10060; state: ENABLED
05-30 15:25:20.478 D/CompatibilityChangeReporter( 703): Compat change id reported: 262645982; UID 10060; state: ENABLED
05-30 15:25:20.480 D/CompatibilityChangeReporter( 703): Compat change id reported: 218533173; UID 10065; state: ENABLED
05-30 15:25:20.480 D/CompatibilityChangeReporter( 703): Compat change id reported: 262645982; UID 10065; state: ENABLED
05-30 15:25:20.483 D/CompatibilityChangeReporter( 703): Compat change id reported: 218533173; UID 10040; state: DISABLED
05-30 15:25:20.484 D/CompatibilityChangeReporter( 703): Compat change id reported: 262645982; UID 10040; state: DISABLED
05-30 15:25:20.485 D/CompatibilityChangeReporter( 703): Compat change id reported: 218533173; UID 10007; state: ENABLED
05-30 15:25:20.485 D/CompatibilityChangeReporter( 703): Compat change id reported: 262645982; UID 10007; state: ENABLED
05-30 15:25:20.486 D/CompatibilityChangeReporter( 703): Compat change id reported: 218533173; UID 10018; state: ENABLED
05-30 15:25:20.487 D/CompatibilityChangeReporter( 703): Compat change id reported: 262645982; UID 10018; state: ENABLED
05-30 15:25:20.490 D/CompatibilityChangeReporter( 703): Compat change id reported: 218533173; UID 10035; state: ENABLED
05-30 15:25:20.491 D/CompatibilityChangeReporter( 703): Compat change id reported: 262645982; UID 10035; state: ENABLED
05-30 15:25:20.493 D/CompatibilityChangeReporter( 703): Compat change id reported: 218533173; UID 10036; state: ENABLED
05-30 15:25:20.494 D/CompatibilityChangeReporter( 703): Compat change id reported: 262645982; UID 10036; state: ENABLED
05-30 15:25:20.495 D/CompatibilityChangeReporter( 703): Compat change id reported: 218533173; UID 10026; state: ENABLED
05-30 15:25:20.498 D/CompatibilityChangeReporter( 703): Compat change id reported: 262645982; UID 10026; state: ENABLED
05-30 15:25:20.501 D/CompatibilityChangeReporter( 703): Compat change id reported: 218533173; UID 10061; state: ENABLED
05-30 15:25:20.501 I/ActivityManager( 703): Start proc 1201:android.ext.services/u0a63 for service {android.ext.services/android.ext.services.autofill.InlineSuggestionRenderServiceImpl}
05-30 15:25:20.501 D/CompatibilityChangeReporter( 703): Compat change id reported: 262645982; UID 10061; state: ENABLED
05-30 15:25:20.504 D/CompatibilityChangeReporter( 703): Compat change id reported: 218533173; UID 10005; state: ENABLED
05-30 15:25:20.505 D/CompatibilityChangeReporter( 703): Compat change id reported: 262645982; UID 10005; state: ENABLED
05-30 15:25:20.548 D/HDMI ( 703): receive android.intent.action.CONFIGURATION_CHANGED
05-30 15:25:20.631 V/WindowManagerShell( 984): DefaultTransitionHandler init took 257ms
05-30 15:25:20.636 V/WindowManagerShell( 984): Adding external interface from Transitions with key extra_shell_shell_transitions
05-30 15:25:20.663 I/android.hardware.wifi-service.droidlogic( 522): check loading wifi driver is ok...
05-30 15:25:20.664 W/android.hardware.wifi-service.droidlogic( 522): driver loaded
05-30 15:25:20.666 I/android.hardware.wifi-service.droidlogic( 522): After driver loaded, wifi_name:aml_w2_s
05-30 15:25:20.735 D/CompatibilityChangeReporter( 703): Compat change id reported: 218533173; UID 10009; state: ENABLED
05-30 15:25:20.741 I/android.hardware.wifi-service.droidlogic( 522): Even /data/vendor/wifi/wpa/wpa_supplicant.conf exists, still overwrite it.
05-30 15:25:20.742 I/android.hardware.wifi-service.droidlogic( 522): Migrated conf file from /vendor/etc/wifi/unbcm_supplicant.conf to /data/vendor/wifi/wpa/wpa_supplicant.conf: Operation not permitted
05-30 15:25:20.744 I/android.hardware.wifi-service.droidlogic( 522): Even /data/vendor/wifi/wpa/p2p_supplicant.conf exists, still overwrite it.
05-30 15:25:20.744 I/android.hardware.wifi-service.droidlogic( 522): Migrated conf file from /vendor/etc/wifi/p2p_supplicant.conf to /data/vendor/wifi/wpa/p2p_supplicant.conf: Read-only file system
05-30 15:25:20.744 I/android.hardware.wifi-service.droidlogic( 522): no bcm and uwe wifi ,need use p2p0 with p2p interface
05-30 15:25:20.745 I/android.hardware.wifi-service.droidlogic( 522): Wifi HAL started
05-30 15:25:20.746 D/CompatibilityChangeReporter( 703): Compat change id reported: 168419799; UID 10063; state: DISABLED
05-30 15:25:20.746 D/CompatibilityChangeReporter( 703): Compat change id reported: 273564678; UID 10063; state: DISABLED
05-30 15:25:20.747 W/ActivityManager( 703): Slow operation: 88ms so far, now at attachApplicationLocked: immediately before bindApplication
05-30 15:25:20.748 W/ActivityManager( 703): Slow operation: 89ms so far, now at attachApplicationLocked: immediately after bindApplication
05-30 15:25:20.748 W/ActivityManager( 703): Slow operation: 89ms so far, now at attachApplicationLocked: after updateLruProcessLocked
05-30 15:25:20.749 W/ActivityManager( 703): Slow operation: 89ms so far, now at attachApplicationLocked: after updateOomAdjLocked
05-30 15:25:20.761 D/CompatibilityChangeReporter( 703): Compat change id reported: 262645982; UID 10009; state: ENABLED
05-30 15:25:20.768 D/CompatibilityChangeReporter( 703): Compat change id reported: 218533173; UID 10057; state: ENABLED
05-30 15:25:20.776 D/CompatibilityChangeReporter( 703): Compat change id reported: 262645982; UID 10057; state: ENABLED
05-30 15:25:20.780 D/CompatibilityChangeReporter( 703): Compat change id reported: 218533173; UID 10037; state: ENABLED
05-30 15:25:20.786 D/CompatibilityChangeReporter( 703): Compat change id reported: 262645982; UID 10037; state: ENABLED
05-30 15:25:20.814 D/CompatibilityChangeReporter( 703): Compat change id reported: 218533173; UID 10066; state: ENABLED
05-30 15:25:20.827 D/CompatibilityChangeReporter( 703): Compat change id reported: 182478738; UID 1073; state: ENABLED
05-30 15:25:20.839 W/android.hardware.wifi-service.droidlogic( 522): No active wlan interfaces in use! Using default
05-30 15:25:20.839 E/android.hardware.wifi-service.droidlogic( 522): Unknown iface name: wlan0
05-30 15:25:20.839 E/android.hardware.wifi-service.droidlogic( 522): Unknown iface name: wlan0
05-30 15:25:20.847 D/CompatibilityChangeReporter( 703): Compat change id reported: 262645982; UID 10066; state: ENABLED
05-30 15:25:20.852 D/CompatibilityChangeReporter( 703): Compat change id reported: 218533173; UID 10047; state: DISABLED
05-30 15:25:20.861 W/android.hardware.wifi-service.droidlogic( 522): No active wlan interfaces in use! Using default
05-30 15:25:20.862 E/android.hardware.wifi-service.droidlogic( 522): Unknown iface name: wlan0
05-30 15:25:20.862 E/android.hardware.wifi-service.droidlogic( 522): Unknown iface name: wlan0
05-30 15:25:20.869 D/HDMI ( 703): receive android.intent.action.CONFIGURATION_CHANGED
05-30 15:25:20.880 V/WindowManagerShell( 984): Adding command class transitions for Transitions
05-30 15:25:20.880 V/WindowManagerShell( 984): Transitions init took 249ms
05-30 15:25:20.880 V/WindowManagerShell( 984): FullscreenTaskListener init took 0ms
05-30 15:25:20.880 V/WindowManagerShell( 984): addHandler: ActivityEmbeddingController
05-30 15:25:20.881 V/WindowManagerShell( 984): ActivityEmbeddingController init took 0ms
05-30 15:25:20.881 V/WindowManagerShell( 984): Adding external interface from StartingWindowController with key extra_shell_starting_window
05-30 15:25:20.881 V/WindowManagerShell( 984): StartingWindowController init took 0ms
05-30 15:25:20.881 V/WindowManagerShell( 984): Adding command class protolog for ProtoLogController
05-30 15:25:20.881 V/WindowManagerShell( 984): ProtoLogController init took 0ms
05-30 15:25:20.881 V/WindowManagerShell( 984): addHandler: TvPipTransition
05-30 15:25:20.881 V/WindowManagerShell( 984): TvPipTransition init took 0ms
05-30 15:25:20.869 W/Looper ( 703): Slow dispatch took 148ms main h=android.app.ActivityThread$H c=android.app.LoadedApk$ReceiverDispatcher$Args$$ExternalSyntheticLambda0@c23ba5e m=0
05-30 15:25:20.888 V/WindowManagerShell( 984): TvPipController init took 7ms
05-30 15:25:20.888 V/WindowManagerShell( 984): addHandler: KeyguardTransitionHandler
05-30 15:25:20.888 V/WindowManagerShell( 984): KeyguardTransitionHandler init took 0ms
05-30 15:25:20.896 D/ShellBackPreview( 984): Back animation enabled=false
05-30 15:25:20.898 D/AudioService( 703): onStatusChange cecEnabled:false available:false
05-30 15:25:20.905 I/PackageWatchdog( 703): Syncing health check requests for packages: {}
05-30 15:25:20.905 I/ExplicitHealthCheckController( 703): Service not ready to get health check supported packages. Binding...
05-30 15:25:20.908 V/WindowManagerShell( 984): Adding external interface from BackAnimationController with key extra_shell_back_animation
05-30 15:25:20.920 V/WindowManagerShell( 984): BackAnimationController init took 33ms
05-30 15:25:20.921 V/ShellDragAndDrop( 984): Display added: 0
05-30 15:25:20.921 I/ExplicitHealthCheckController( 703): Explicit health check service is bound
05-30 15:25:20.936 D/CompatibilityChangeReporter( 703): Compat change id reported: 170503758; UID 10063; state: ENABLED
05-30 15:25:20.945 D/CompatibilityChangeReporter( 703): Compat change id reported: 262645982; UID 10047; state: DISABLED
05-30 15:25:21.022 W/WindowManager( 703): [addWindow] title:ShellDropTarget
05-30 15:25:21.034 D/CompatibilityChangeReporter( 703): Compat change id reported: 168419799; UID 10052; state: DISABLED
05-30 15:25:21.034 D/CompatibilityChangeReporter( 703): Compat change id reported: 273564678; UID 10052; state: DISABLED
05-30 15:25:21.053 D/CompatibilityChangeReporter( 703): Compat change id reported: 218533173; UID 10034; state: ENABLED
05-30 15:25:21.072 D/CompatibilityChangeReporter( 703): Compat change id reported: 262645982; UID 10034; state: ENABLED
05-30 15:25:21.072 D/CompatibilityChangeReporter( 703): Compat change id reported: 218533173; UID 10074; state: ENABLED
05-30 15:25:21.073 D/CompatibilityChangeReporter( 703): Compat change id reported: 262645982; UID 10074; state: ENABLED
05-30 15:25:21.086 D/WindowManagerShell( 984): TvPipController: onImeVisibilityChanged(), visible=false, height=0
05-30 15:25:21.099 I/android.hardware.wifi-service.droidlogic( 522): Adding interface handle for p2p0
05-30 15:25:21.099 I/android.hardware.wifi-service.droidlogic( 522): Adding interface handle for ap0
05-30 15:25:21.099 I/android.hardware.wifi-service.droidlogic( 522): Adding interface handle for wlan0
05-30 15:25:21.099 W/android.hardware.wifi-service.droidlogic( 522): No active wlan interfaces in use! Using default
05-30 15:25:21.099 E/android.hardware.wifi-service.droidlogic( 522): Failed to register radio mode change callback
05-30 15:25:21.099 W/android.hardware.wifi-service.droidlogic( 522): No active wlan interfaces in use! Using default
05-30 15:25:21.099 D/CoreBackPreview( 703): Window{78c4135 u0 ShellDropTarget}: Setting back callback OnBackInvokedCallbackInfo{mCallback=android.window.IOnBackInvokedCallback$Stub$Proxy@fac7070, mPriority=0, mIsAnimationCallback=false}
05-30 15:25:21.100 E/android.hardware.wifi-service.droidlogic( 522): Failed to get SupportedIfaceCombinations matrix from legacy HAL: NOT_SUPPORTED
05-30 15:25:21.100 I/android.hardware.wifi-service.droidlogic( 522): Configured chip in mode 3
05-30 15:25:21.100 W/android.hardware.wifi-service.droidlogic( 522): No active wlan interfaces in use! Using default
05-30 15:25:21.109 W/android.hardware.wifi-service.droidlogic( 522): No active wlan interfaces in use! Using default
05-30 15:25:21.121 I/android.hardware.wifi-service.droidlogic( 522): Adding interface handle for p2p0
05-30 15:25:21.121 I/android.hardware.wifi-service.droidlogic( 522): Adding interface handle for ap0
05-30 15:25:21.121 I/android.hardware.wifi-service.droidlogic( 522): Adding interface handle for wlan0
05-30 15:25:21.121 E/android.hardware.wifi-service.droidlogic( 522): Failed to set DFS flag; DFS channels may be unavailable.
