05-30 15:26:03.781 E/dangbei111( 1505): cccccc 开始扫描
05-30 15:26:03.781 D/BluetoothAdapter( 1505): isLeEnabled(): ON
05-30 15:26:03.781 E/dangbei111( 1505): cccccc 停止扫描,开始配对或者连接
05-30 15:26:03.781 D/BluetoothAdapter( 1505): isLeEnabled(): ON
05-30 15:26:03.785 D/ActivityAttributionService( 1139): notifyActivityAttributionInfo UID=1002 packageName=com.android.bluetooth deviceAddress=no_active_device_address
05-30 15:26:03.785 I/bt_btif ( 1139): packages/modules/Bluetooth/system/btif/src/bluetooth.cc:829 get_profile_interface: get_profile_interface: id = activity_attribution
05-30 15:26:03.785 I/bt_stack( 1139): [INFO:le_scanning_manager.cc(168)] Scan in shim layer stopped
05-30 15:26:03.786 I/bluetooth( 1139): packages/modules/Bluetooth/system/gd/hci/le_address_manager.cc:193 unregister_client: Client unregistered
05-30 15:26:03.788 I/bt_stack( 1139): [INFO:le_scanning_manager.cc(162)] Unregister in shim layer, scanner_id:1
05-30 15:26:03.788 E/dangbei111( 1505): bondOrConnect state=10
05-30 15:26:03.791 E/dangbei111( 1505): cccccc 开始配对 Dangbei E4:BB:D3:57:C0:7D
05-30 15:26:03.796 I/bt_btif_dm( 1139): packages/modules/Bluetooth/system/btif/src/btif_dm.cc:2470 btif_dm_cancel_discovery: Cancel search
05-30 15:26:03.796 I/bluetooth( 1139): packages/modules/Bluetooth/system/bta/dm/bta_dm_main.cc:96 bta_dm_search_sm_execute: state:BTA_DM_SEARCH_IDLE, event:BTA_DM_API_SEARCH_CANCEL_EVT[0x201]
05-30 15:26:03.797 I/BluetoothBondStateMachine( 1139): Bond address is:XX:XX:XX:XX:C0:7D
05-30 15:26:03.798 E/dangbei111( 1505): cccccc 配对结果 true Dangbei E4:BB:D3:57:C0:7D
05-30 15:26:03.800 I/bt_btif_dm( 1139): packages/modules/Bluetooth/system/btif/src/btif_dm.cc:489 get_cod: get_cod remote_cod = 0x0000050c
05-30 15:26:03.800 I/bt_btif_dm( 1139): packages/modules/Bluetooth/system/btif/src/btif_dm.cc:489 get_cod: get_cod remote_cod = 0x0000050c
05-30 15:26:03.800 I/bt_btif_dm( 1139): packages/modules/Bluetooth/system/btif/src/btif_dm.cc:489 get_cod: get_cod remote_cod = 0x0000050c
05-30 15:26:03.800 I/bt_btif_dm( 1139): packages/modules/Bluetooth/system/btif/src/btif_dm.cc:571 bond_state_changed: Bond state changed to state=1 [0:none, 1:bonding, 2:bonded], prev_state=0, sdp_attempts = 0
05-30 15:26:03.800 I/bluetooth( 1139): packages/modules/Bluetooth/system/gd/metrics/metrics_state.cc:177 AddStateChangedEvent: LEConnectionMetricsRemoteDevice: Transaction State 0x00000001, Connection Type 0x00000001, Origin Type 0x00000001
05-30 15:26:03.800 I/bluetooth( 1139): packages/modules/Bluetooth/system/gd/metrics/metrics_state.cc:58 AddStateChangedEvent: LEConnectionMetricState: Origin Type: 0x00000001, Connection Type: 0x00000001, Transaction State: 0x00000001
05-30 15:26:03.800 I/bluetooth( 1139): packages/modules/Bluetooth/system/gd/metrics/metrics_state.cc:83 AddStateChangedEvent: LEConnectionMetricsRemoteDevice: Populating the connection type
05-30 15:26:03.800 I/bluetooth( 1139): packages/modules/Bluetooth/system/gd/metrics/metrics_state.cc:177 AddStateChangedEvent: LEConnectionMetricsRemoteDevice: Transaction State 0x00000001, Connection Type 0x00000001, Origin Type 0x00000001
05-30 15:26:03.800 I/bluetooth( 1139): packages/modules/Bluetooth/system/gd/metrics/metrics_state.cc:58 AddStateChangedEvent: LEConnectionMetricState: Origin Type: 0x00000001, Connection Type: 0x00000001, Transaction State: 0x00000001
05-30 15:26:03.801 I/bluetooth( 1139): packages/modules/Bluetooth/system/gd/metrics/metrics_state.cc:177 AddStateChangedEvent: LEConnectionMetricsRemoteDevice: Transaction State 0x00000003, Connection Type 0x00000001, Origin Type 0x00000000
05-30 15:26:03.801 I/bluetooth( 1139): packages/modules/Bluetooth/system/gd/metrics/metrics_state.cc:183 AddStateChangedEvent: LEConnectionMetricsRemoteDevice: Empty Address Cancellation 0x00000003, 0x00000001, 0x00000003
05-30 15:26:03.801 I/bluetooth( 1139): packages/modules/Bluetooth/system/gd/metrics/metrics_state.cc:187 AddStateChangedEvent: LEConnectionMetricsRemoteDevice: Cancellation Begin
05-30 15:26:03.801 I/bluetooth( 1139): packages/modules/Bluetooth/system/gd/metrics/metrics_state.cc:58 AddStateChangedEvent: LEConnectionMetricState: Origin Type: 0x00000000, Connection Type: 0x00000001, Transaction State: 0x00000003
05-30 15:26:03.801 I/bluetooth( 1139): packages/modules/Bluetooth/system/gd/hci/acl_manager/le_impl.h:1039 disarm_connectability: Disarming LE connection state machine with create connection cancel
05-30 15:26:03.801 I/BluetoothBondStateMachine( 1139): bondStateChangeCallback: Status: 0 Address: XX:XX:XX:XX:C0:7D newState: 1 hciReason: 0
05-30 15:26:03.804 E/dangbei111( 1505): cccccc 检查遥控器是否连接: Dangbei E4:BB:D3:57:C0:22
05-30 15:26:03.804 I/BluetoothBondStateMachine( 1139): Entering PendingCommandState State
05-30 15:26:03.805 I/bluetooth( 1139): packages/modules/Bluetooth/system/gd/metrics/metrics_state.cc:177 AddStateChangedEvent: LEConnectionMetricsRemoteDevice: Transaction State 0x00000002, Connection Type 0x00000001, Origin Type 0x00000001
05-30 15:26:03.806 I/bluetooth( 1139): packages/modules/Bluetooth/system/gd/metrics/metrics_state.cc:183 AddStateChangedEvent: LEConnectionMetricsRemoteDevice: Empty Address Cancellation 0x00000002, 0x00000001, 0x00000002
05-30 15:26:03.806 I/bluetooth( 1139): packages/modules/Bluetooth/system/gd/metrics/metrics_state.cc:196 AddStateChangedEvent: LEConnectionMetricsRemoteDevice: Session is now complete after cancellation
05-30 15:26:03.806 I/bluetooth( 1139): packages/modules/Bluetooth/system/gd/metrics/metrics_state.cc:58 AddStateChangedEvent: LEConnectionMetricState: Origin Type: 0x00000001, Connection Type: 0x00000001, Transaction State: 0x00000002
05-30 15:26:03.806 I/bluetooth( 1139): packages/modules/Bluetooth/system/gd/hci/le_address_manager.cc:265 ack_pause: Client already in paused state
05-30 15:26:03.808 I/bluetooth( 1139): packages/modules/Bluetooth/system/gd/hci/le_address_manager.cc:596 OnCommandComplete: Received command complete with op_code LE_ADD_DEVICE_TO_FILTER_ACCEPT_LIST
05-30 15:26:03.808 I/bluetooth( 1139): packages/modules/Bluetooth/system/gd/hci/le_address_manager.cc:294 resume_registered_clients: Resuming registered clients
05-30 15:26:03.809 E/dangbei111( 1505): cccccc 检查遥控器是否连接: 蓝牙的结果 Dangbei E4:BB:D3:57:C0:22 false
05-30 15:26:03.809 E/dangbei111( 1505): cccccc input中没有遥控器存在
05-30 15:26:03.809 E/dangbei111( 1505): cccccc 蓝牙状态连接 不是连接状态 啥都不干
05-30 15:26:03.811 I/bluetooth( 1139): packages/modules/Bluetooth/system/gd/hci/acl_manager/le_impl.h:878 update_connectability_state_after_armed: Le connection state machine armed state:ConnectabilityState::ARMED status:SUCCESS
05-30 15:26:03.811 D/BluetoothCompanionManager( 1139): register metadata listener: XX:XX:XX:XX:C0:7D
05-30 15:26:03.812 D/BluetoothAdapter( 1139): addOnMetadataChangedListener()
05-30 15:26:03.813 E/dangbei111( 1505): cccccc 有device 正在bonding 暂不开启扫描
05-30 15:26:03.815 E/dangbei111( 1505): cccccc scan 得到的设备和状态 Dangbei E4:BB:D3:57:C0:7D 11
05-30 15:26:03.818 D/FastPairService( 703): onReceive: ACTION_BOND_STATE_CHANGED
05-30 15:26:03.819 I/BluetoothBondStateMachine( 1139): Bond State Change Intent:XX:XX:XX:XX:C0:7D BOND_NONE => BOND_BONDING
05-30 15:26:03.820 D/OomAdjuster( 703): Not killing cached processes
05-30 15:26:03.824 I/dangbei111( 1505): cccccc on receiver=android.bluetooth.device.action.BOND_STATE_CHANGED,mac=E4:BB:D3:57:C0:7D
05-30 15:26:03.824 I/dangbei111( 1505): Wait for auto connection, processBondStateChange: bondState: 10 --> 11
05-30 15:26:03.826 I/bluetooth( 1139): packages/modules/Bluetooth/system/gd/metrics/metrics_state.cc:177 AddStateChangedEvent: LEConnectionMetricsRemoteDevice: Transaction State 0x00000002, Connection Type 0x00000001, Origin Type 0x00000001
05-30 15:26:03.826 I/bluetooth( 1139): packages/modules/Bluetooth/system/gd/metrics/metrics_state.cc:58 AddStateChangedEvent: LEConnectionMetricState: Origin Type: 0x00000001, Connection Type: 0x00000001, Transaction State: 0x00000002
05-30 15:26:03.826 I/bluetooth( 1139): packages/modules/Bluetooth/system/gd/metrics/metrics_state.cc:161 UploadLEConnectionSession: LEConnectionMetricsRemoteDevice: The session is uploaded for xx:xx:xx:xx:c0:7d
05-30 15:26:03.827 I/bluetooth( 1139): packages/modules/Bluetooth/system/gd/hci/le_address_manager.cc:265 ack_pause: Client already in paused state
05-30 15:26:03.827 I/bluetooth( 1139): packages/modules/Bluetooth/system/stack/gatt/connection_manager.cc:438 on_connection_complete: Le connection completed to device:xx:xx:xx:xx:c0:7d
05-30 15:26:03.827 I/bluetooth( 1139): packages/modules/Bluetooth/system/stack/gatt/connection_manager.cc:438 on_connection_complete: Le connection completed to device:xx:xx:xx:xx:c0:7d
05-30 15:26:03.827 I/bt_btm_ble( 1139): packages/modules/Bluetooth/system/stack/btm/btm_ble.cc:1730 btm_ble_connected: Updating device record timestamp for existing ble connection
05-30 15:26:03.828 D/BluetoothDatabase( 1139): updateDatabase XX:XX:XX:XX:C0:7D
05-30 15:26:03.828 I/BLE_Service( 1156): BOND STATE CHANGED [Dangbei] - was 10, now is 11
05-30 15:26:03.828 D/A2dpService( 1139): Bond state changed for device: XX:XX:XX:XX:C0:7D state: 11
05-30 15:26:03.829 D/HearingAidService( 1139): Bond state changed for device: XX:XX:XX:XX:C0:7D state: 11
05-30 15:26:03.831 D/CompatibilityChangeReporter( 1156): Compat change id reported: 265103382; UID 1000; state: ENABLED
05-30 15:26:03.832 W/BluetoothEventManager( 1156): Got bonding state changed for XX:XX:XX:XX:C0:7D, but we have no record of that device.
05-30 15:26:03.833 D/CompatibilityChangeReporter( 984): Compat change id reported: 265103382; UID 10052; state: ENABLED
05-30 15:26:03.835 I/bluetooth( 1139): packages/modules/Bluetooth/system/gd/hci/le_address_manager.cc:596 OnCommandComplete: Received command complete with op_code LE_REMOVE_DEVICE_FROM_FILTER_ACCEPT_LIST
05-30 15:26:03.835 I/bluetooth( 1139): packages/modules/Bluetooth/system/gd/hci/le_address_manager.cc:294 resume_registered_clients: Resuming registered clients
05-30 15:26:03.835 W/BluetoothEventManager( 984): Got bonding state changed for XX:XX:XX:XX:C0:7D, but we have no record of that device.
05-30 15:26:03.836 D/BluetoothAdapter( 1156): getActiveDevices(profile= A2DP)
05-30 15:26:03.838 D/BluetoothAdapter( 984): getActiveDevices(profile= A2DP)
05-30 15:26:03.839 I/bluetooth( 1139): packages/modules/Bluetooth/system/gd/hci/acl_manager/le_impl.h:878 update_connectability_state_after_armed: Le connection state machine armed state:ConnectabilityState::ARMED status:SUCCESS
05-30 15:26:03.839 I/BluetoothAdapterService( 1139): getActiveDevices: A2dp device: null
05-30 15:26:03.840 D/BluetoothAdapter( 1156): getActiveDevices(profile= HEADSET)
05-30 15:26:03.841 I/BluetoothAdapterService( 1139): getActiveDevices: A2dp device: null
05-30 15:26:03.841 D/BluetoothAdapter( 984): getActiveDevices(profile= HEADSET)
05-30 15:26:03.842 I/BluetoothAdapterService( 1139): getActiveDevices: Headset device: null
05-30 15:26:03.843 D/BluetoothAdapter( 1156): getActiveDevices(profile= HEARING_AID)
05-30 15:26:03.844 I/BluetoothAdapterService( 1139): getActiveDevices: Headset device: null
05-30 15:26:03.845 D/BluetoothAdapter( 984): getActiveDevices(profile= HEARING_AID)
05-30 15:26:03.846 I/BluetoothAdapterService( 1139): getActiveDevices: Hearing Aid devices: Left[null] - Right[null]
05-30 15:26:03.848 I/BluetoothAdapterService( 1139): getActiveDevices: Hearing Aid devices: Left[null] - Right[null]
05-30 15:26:04.069 I/bt_stack( 1139): [INFO:gatt_attr.cc(950)] gatt_sr_init_cl_status: bda=xx:xx:xx:xx:c0:7d, cl_supp_feat=0000, aware=1
05-30 15:26:04.069 I/bluetooth( 1139): packages/modules/Bluetooth/system/stack/gap/gap_ble.cc:304 client_connect_cback: No active GAP service found for peer:xx:xx:xx:xx:c0:7d callback:Connected
05-30 15:26:04.069 I/bt_bta_gattc( 1139): packages/modules/Bluetooth/system/bta/gatt/bta_gattc_act.cc:1304 bta_gattc_conn_cback: Connected client_if:3 addr:xx:xx:xx:xx:c0:7d, transport:BT_TRANSPORT_LE reason:GATT_CONN_OK
05-30 15:26:04.070 I/bt_bta_gattc( 1139): packages/modules/Bluetooth/system/bta/gatt/bta_gattc_act.cc:1304 bta_gattc_conn_cback: Connected client_if:4 addr:xx:xx:xx:xx:c0:7d, transport:BT_TRANSPORT_LE reason:GATT_CONN_OK
05-30 15:26:04.070 I/bt_bta_gattc( 1139): packages/modules/Bluetooth/system/bta/gatt/bta_gattc_act.cc:1304 bta_gattc_conn_cback: Connected client_if:5 addr:xx:xx:xx:xx:c0:7d, transport:BT_TRANSPORT_LE reason:GATT_CONN_OK
05-30 15:26:04.070 I/bluetooth( 1139): packages/modules/Bluetooth/system/stack/gatt/connection_manager.cc:438 on_connection_complete: Le connection completed to device:xx:xx:xx:xx:c0:7d
05-30 15:26:04.070 W/bt_stack( 1139): [WARNING:l2c_api.cc(1584)] L2CA_SetLeGattTimeout BDA: e4:bb:d3:57:c0:7d CID: 0x0004 not connected
05-30 15:26:04.070 I/bluetooth( 1139): packages/modules/Bluetooth/system/stack/gatt/gatt_api.cc:1206 GATT_SetIdleTimeout: idle_timeout=1, is_active=0, status=0 (1-OK 0-not performed)
05-30 15:26:04.070 I/bluetooth( 1139): packages/modules/Bluetooth/system/stack/gatt/gatt_main.cc:594 check_cached_model_name: Device xx:xx:xx:xx:c0:7d no cached model name
05-30 15:26:04.070 I/bt_btif_dm( 1139): packages/modules/Bluetooth/system/btif/src/btif_dm.cc:642 btif_update_remote_version_property: Remote version info valid:true [xx:xx:xx:xx:c0:7d]: 9, 1bf, 100
05-30 15:26:04.071 E/bta_gattc_main( 1139): packages/modules/Bluetooth/system/bta/gatt/bta_gattc_main.cc:395 bta_gattc_hdl_event: Ignore unknown conn ID: 3
05-30 15:26:04.071 E/bta_gattc_main( 1139): packages/modules/Bluetooth/system/bta/gatt/bta_gattc_main.cc:395 bta_gattc_hdl_event: Ignore unknown conn ID: 4
05-30 15:26:04.071 E/bta_gattc_main( 1139): packages/modules/Bluetooth/system/bta/gatt/bta_gattc_main.cc:395 bta_gattc_hdl_event: Ignore unknown conn ID: 5
05-30 15:26:04.071 W/BatteryService( 1139): getBatteryService(): service is NULL
05-30 15:26:04.080 I/BluetoothPhonePolicy( 1139): processDeviceConnected, device=XX:XX:XX:XX:C0:7D
05-30 15:26:04.080 D/BluetoothDatabase( 1139): setConnection: device XX:XX:XX:XX:C0:7D and isA2dpDevice=false
05-30 15:26:04.080 D/BluetoothDatabase( 1139): Updating last connected time for device: XX:XX:XX:XX:C0:7D to 2
05-30 15:26:04.080 D/BluetoothDatabase( 1139): updateDatabase XX:XX:XX:XX:C0:7D
05-30 15:26:04.082 I/BLE_Service( 1156): >ACL LINK CONNECTED [Dangbei] - checking for supported devices after delay
05-30 15:26:04.086 I/dangbei111( 1505): cccccc on receiver=android.bluetooth.device.action.ACL_CONNECTED,mac=E4:BB:D3:57:C0:7D
05-30 15:26:04.086 E/dangbei111( 1505): cccccc cancelDiscovery begin
05-30 15:26:04.091 E/dangbei111( 1505): cccccc 检查遥控器是否连接: Dangbei E4:BB:D3:57:C0:22
05-30 15:26:04.094 E/dangbei111( 1505): cccccc 检查遥控器是否连接: 蓝牙的结果 Dangbei E4:BB:D3:57:C0:22 false
05-30 15:26:04.094 E/dangbei111( 1505): cccccc input中没有遥控器存在
05-30 15:26:04.094 E/dangbei111( 1505): cccccc 蓝牙状态连接 不是连接状态 啥都不干
05-30 15:26:04.095 E/dangbei111( 1505): cccccc 有device 正在bonding 暂不开启扫描
05-30 15:26:04.106 I/WifiHAL ( 522): call wifi_get_link_stats handler
05-30 15:26:04.106 I/WifiHAL ( 522): Creating message to get link statistics; iface = 16
05-30 15:26:04.106 D/WifiHAL ( 522): error code -95 mapped to -3
05-30 15:26:04.107 E/WifiStaIfaceAidlImpl( 703): getLinkLayerStats failed with service-specific exception: android.os.ServiceSpecificException: (code 4)
05-30 15:26:04.122 E/bt_stack( 1139): [ERROR:bta_gattc_act.cc(1500)] bta_gattc_process_indicate: indication/notif for unknown device, ignore
05-30 15:26:04.122 E/bt_stack( 1139): [ERROR:bta_gattc_act.cc(1500)] bta_gattc_process_indicate: indication/notif for unknown device, ignore
05-30 15:26:04.122 E/bt_stack( 1139): [ERROR:bta_gattc_act.cc(1500)] bta_gattc_process_indicate: indication/notif for unknown device, ignore
05-30 15:26:04.229 E/btm_sco ( 1139): packages/modules/Bluetooth/system/stack/btm/btm_sco.cc:1137 btm_sco_on_disconnected: Unable to find sco connection
05-30 15:26:04.229 I/btm_acl ( 1139): packages/modules/Bluetooth/system/stack/acl/btm_acl.cc:2740 btm_acl_iso_disconnected: ISO disconnection from GD, handle: 0x10, reason: 0x13
05-30 15:26:04.229 I/bluetooth( 1139): packages/modules/Bluetooth/system/stack/arbiter/acl_arbiter.cc:90 OnLeDisconnect: Notifying Rust of LE disconnection
05-30 15:26:04.229 I/bt ( 1139): bluetooth_core::gatt::arbiter: processing disconnection on transport TransportIndex(0)
05-30 15:26:04.229 I/bluetooth( 1139): packages/modules/Bluetooth/system/stack/eatt/eatt_impl.h:914 disconnect: Device: xx:xx:xx:xx:c0:7d, cid: 0xffff
05-30 15:26:04.229 W/bt_stack( 1139): [WARNING:eatt_impl.h(918)] disconnect no eatt device found
05-30 15:26:04.229 I/bt_stack( 1139): [INFO:gatt_attr.cc(350)] gatt_connect_cback: remove untrusted client status, bda=xx:xx:xx:xx:c0:7d
05-30 15:26:04.229 I/bluetooth( 1139): packages/modules/Bluetooth/system/stack/gap/gap_ble.cc:304 client_connect_cback: No active GAP service found for peer:xx:xx:xx:xx:c0:7d callback:Disconnected
05-30 15:26:04.230 I/bt_bta_gattc( 1139): packages/modules/Bluetooth/system/bta/gatt/bta_gattc_act.cc:1310 bta_gattc_conn_cback: Disconnected att_id:3 addr:xx:xx:xx:xx:c0:7d, transport:BT_TRANSPORT_LE reason:GATT_CONN_TERMINATE_PEER_USER
05-30 15:26:04.230 I/bt_bta_gattc( 1139): packages/modules/Bluetooth/system/bta/gatt/bta_gattc_act.cc:1310 bta_gattc_conn_cback: Disconnected att_id:4 addr:xx:xx:xx:xx:c0:7d, transport:BT_TRANSPORT_LE reason:GATT_CONN_TERMINATE_PEER_USER
05-30 15:26:04.230 I/bt_bta_gattc( 1139): packages/modules/Bluetooth/system/bta/gatt/bta_gattc_act.cc:1310 bta_gattc_conn_cback: Disconnected att_id:5 addr:xx:xx:xx:xx:c0:7d, transport:BT_TRANSPORT_LE reason:GATT_CONN_TERMINATE_PEER_USER
05-30 15:26:04.230 W/bluetooth( 1139): packages/modules/Bluetooth/system/stack/smp/smp_utils.cc:980 smp_proc_pairing_cmpl: Pairing process has failed to remote:xx:xx:xx:xx:c0:7d smp_reason:SMP_CONN_TOUT sec_level:0x0
05-30 15:26:04.230 W/bt_stack( 1139): [WARNING:l2c_api.cc(1529)] L2CA_RemoveFixedChnl BDA: e4:bb:d3:57:c0:7d CID: 0x0006 not connected
05-30 15:26:04.230 I/bt_btif_dm( 1139): packages/modules/Bluetooth/system/btif/src/btif_dm.cc:3484 btif_dm_ble_auth_cmpl_evt: Removing ble bonding keys on SMP_CONN_TOUT during crosskey: 0
05-30 15:26:04.230 I/bt_btif_storage( 1139): packages/modules/Bluetooth/system/btif/src/btif_storage.cc:1263 btif_storage_remove_ble_bonding_keys: Removing bonding keys for bd addr:xx:xx:xx:xx:c0:7d
05-30 15:26:04.230 I/bt_btif_dm( 1139): packages/modules/Bluetooth/system/btif/src/btif_dm.cc:489 get_cod: get_cod remote_cod = 0x0000050c
05-30 15:26:04.230 I/bt_btif_dm( 1139): packages/modules/Bluetooth/system/btif/src/btif_dm.cc:571 bond_state_changed: Bond state changed to state=0 [0:none, 1:bonding, 2:bonded], prev_state=1, sdp_attempts = 0
05-30 15:26:04.230 E/BluetoothMetricIdManager( 1139): packages/modules/Bluetooth/system/gd/common/metric_id_manager.cc:190 ForgetDevice: Failed to remove device from paired_device_cache_
05-30 15:26:04.230 I/bt_btif_dm( 1139): packages/modules/Bluetooth/system/btif/src/btif_dm.cc:620 bond_state_changed: clearing btif pairing_cb
05-30 15:26:04.230 E/bta_gattc_main( 1139): packages/modules/Bluetooth/system/bta/gatt/bta_gattc_main.cc:395 bta_gattc_hdl_event: Ignore unknown conn ID: 3
05-30 15:26:04.230 E/bta_gattc_main( 1139): packages/modules/Bluetooth/system/bta/gatt/bta_gattc_main.cc:395 bta_gattc_hdl_event: Ignore unknown conn ID: 4
05-30 15:26:04.230 E/bta_gattc_main( 1139): packages/modules/Bluetooth/system/bta/gatt/bta_gattc_main.cc:395 bta_gattc_hdl_event: Ignore unknown conn ID: 5
05-30 15:26:04.230 I/bluetooth( 1139): packages/modules/Bluetooth/system/stack/btm/btm_dev.cc:174 BTM_SecDeleteDevice: Remove device xx:xx:xx:xx:c0:7d from filter accept list before delete record
05-30 15:26:04.231 I/bluetooth( 1139): packages/modules/Bluetooth/system/stack/btm/btm_dev.cc:192 BTM_SecDeleteDevice: BTM_SecDeleteDevice xx:xx:xx:xx:c0:7d complete
05-30 15:26:04.231 W/bluetooth( 1139): packages/modules/Bluetooth/system/main/shim/acl.cc:189 Remove: Unknown device being removed from acceptlist:e4:bb:d3:57:c0:7d[PUBLIC_DEVICE_ADDRESS]
05-30 15:26:04.231 I/btif_av ( 1139): packages/modules/Bluetooth/system/btif/src/btif_av.cc:3565 btif_av_acl_disconnected: btif_av_acl_disconnected: Peer xx:xx:xx:xx:c0:7d : ACL Disconnected
05-30 15:26:04.231 E/bt_stack( 1139): [ERROR:bta_gattc_utils.cc(576)] bta_gattc_mark_bg_conn unable to find the bg connection mask for bd_addr=xx:xx:xx:xx:c0:7d
05-30 15:26:04.231 I/btif_av ( 1139): packages/modules/Bluetooth/system/btif/src/btif_av.cc:1120 FindOrCreatePeer: BtifAvPeer *BtifAvSource::FindOrCreatePeer(const RawAddress &, tBTA_AV_HNDL): Create peer: peer_address=xx:xx:xx:xx:c0:7d bta_handle=0x41 peer_id=0
05-30 15:26:04.231 I/btif_av ( 1139): packages/modules/Bluetooth/system/btif/src/btif_av.cc:3490 btif_av_get_peer_sep: No active sink or source peer found
05-30 15:26:04.231 I/btif_av ( 1139): packages/modules/Bluetooth/system/btif/src/btif_av.cc:3490 btif_av_get_peer_sep: No active sink or source peer found
05-30 15:26:04.231 I/btif_av ( 1139): packages/modules/Bluetooth/system/btif/src/btif_av.cc:3490 btif_av_get_peer_sep: No active sink or source peer found
05-30 15:26:04.231 I/btif_av ( 1139): packages/modules/Bluetooth/system/btif/src/btif_av.cc:3490 btif_av_get_peer_sep: No active sink or source peer found
05-30 15:26:04.231 I/btif_av ( 1139): packages/modules/Bluetooth/system/btif/src/btif_av.cc:1165 DeleteIdlePeers: DeleteIdlePeers: Deleting idle peer: xx:xx:xx:xx:c0:7d bta_handle=0x41
05-30 15:26:04.231 W/bluetooth( 1139): packages/modules/Bluetooth/system/gd/hci/acl_manager/le_impl.h:821 remove_device_from_connect_list: Device not in acceptlist and cannot be removed:e4:bb:d3:57:c0:7d[PUBLIC_DEVICE_ADDRESS]
05-30 15:26:04.231 I/BluetoothBondStateMachine( 1139): bondStateChangeCallback: Status: 9 Address: XX:XX:XX:XX:C0:7D newState: 0 hciReason: 0
05-30 15:26:04.236 D/AdapterProperties( 1139): Failed to remove device: XX:XX:XX:XX:C0:7D
05-30 15:26:04.236 D/BluetoothRemoteDevices( 1139): removeDualDevicesMapXX:XX:XX:XX:C0:7D
05-30 15:26:04.239 D/BluetoothRemoteDevices( 1139): mDualDevicesMap not have E4:BB:D3:57:C0:7D
05-30 15:26:04.240 D/BluetoothCompanionManager( 1139): remove metadata listener: XX:XX:XX:XX:C0:7D
05-30 15:26:04.240 D/BluetoothAdapter( 1139): removeOnMetadataChangedListener()
05-30 15:26:04.241 W/BatteryService( 1139): getBatteryService(): service is NULL
05-30 15:26:04.241 V/BluetoothDatabase( 1139): getProfileConnectionPolicy: device XX:XX:XX:XX:C0:7D profile=A2DP, connectionPolicy=-1
05-30 15:26:04.241 V/BluetoothDatabase( 1139): getProfileConnectionPolicy: device XX:XX:XX:XX:C0:7D profile=HEADSET, connectionPolicy=-1
05-30 15:26:04.241 V/BluetoothDatabase( 1139): getProfileConnectionPolicy: device XX:XX:XX:XX:C0:7D profile=HID_HOST, connectionPolicy=-1
05-30 15:26:04.241 V/BluetoothDatabase( 1139): getProfileConnectionPolicy: device XX:XX:XX:XX:C0:7D profile=PAN, connectionPolicy=-1
05-30 15:26:04.241 V/BluetoothDatabase( 1139): getProfileConnectionPolicy: device XX:XX:XX:XX:C0:7D profile=HEARING_AID, connectionPolicy=-1
05-30 15:26:04.246 I/BluetoothBondStateMachine( 1139): Bond State Change Intent:XX:XX:XX:XX:C0:7D BOND_BONDING => BOND_NONE
05-30 15:26:04.246 W/HeadsetClientService( 1139): getHeadsetClientService(): service is null
05-30 15:26:04.246 W/PbapClientService( 1139): getPbapClientService(): service is null
05-30 15:26:04.246 V/BluetoothDatabase( 1139): setProfileConnectionPolicy connection policy not changed.
05-30 15:26:04.246 D/FastPairService( 703): onReceive: ACTION_BOND_STATE_CHANGED
05-30 15:26:04.246 D/FastPairService( 703): Forget device detect
05-30 15:26:04.246 D/A2dpService( 1139): Saved connectionPolicy XX:XX:XX:XX:C0:7D = -1
05-30 15:26:04.247 V/BluetoothDatabase( 1139): setProfileConnectionPolicy connection policy not changed.
05-30 15:26:04.247 I/HeadsetService( 1139): setConnectionPolicy: device=XX:XX:XX:XX:C0:7D, connectionPolicy=-1, uid/pid=1002/1139
05-30 15:26:04.247 V/BluetoothDatabase( 1139): setProfileConnectionPolicy connection policy not changed.
05-30 15:26:04.247 I/BluetoothBondStateMachine( 1139): StableState(): Entering Off State
05-30 15:26:04.253 D/A2dpService( 1139): Bond state changed for device: XX:XX:XX:XX:C0:7D state: 10
05-30 15:26:04.254 I/dangbei111( 1505): cccccc on receiver=android.bluetooth.device.action.BOND_STATE_CHANGED,mac=E4:BB:D3:57:C0:7D
05-30 15:26:04.254 D/HearingAidService( 1139): Bond state changed for device: XX:XX:XX:XX:C0:7D state: 10
05-30 15:26:04.254 I/dangbei111( 1505): Wait for auto connection, processBondStateChange: bondState: 11 --> 10
05-30 15:26:04.257 I/BLE_Service( 1156): BOND STATE CHANGED [Dangbei] - was 11, now is 10
05-30 15:26:04.261 E/dangbei111( 1505): cccccc 开始扫描
05-30 15:26:04.261 D/BluetoothAdapter( 1505): isLeEnabled(): ON
05-30 15:26:04.263 I/bt_stack( 1139): [INFO:le_scanning_manager.cc(155)] RegisterScanner in shim layer
05-30 15:26:04.264 D/BluetoothLeScanner( 1505): onScannerRegistered() - status=0 scannerId=1 mScannerId=0
05-30 15:26:04.271 D/BluetoothDatabase( 1139): getCustomMeta: device XX:XX:XX:XX:C0:7D is not in cache
05-30 15:26:04.273 D/ActivityAttributionService( 1139): notifyActivityAttributionInfo UID=1002 packageName=com.android.bluetooth deviceAddress=no_active_device_address
05-30 15:26:04.273 I/bt_btif ( 1139): packages/modules/Bluetooth/system/btif/src/bluetooth.cc:829 get_profile_interface: get_profile_interface: id = activity_attribution
05-30 15:26:04.274 I/bt_stack( 1139): [INFO:le_scanning_manager.cc(168)] Scan in shim layer started
05-30 15:26:04.274 I/bluetooth( 1139): packages/modules/Bluetooth/system/gd/hci/le_scanning_manager.cc:588 stop_scan: Scanning already stopped, return!
05-30 15:26:04.274 I/bluetooth( 1139): packages/modules/Bluetooth/system/gd/hci/le_address_manager.cc:178 register_client: Client registered
05-30 15:26:04.274 I/bt_stack( 1139): [INFO:le_scanning_manager.cc(168)] Scan in shim layer stopped
05-30 15:26:04.275 I/bluetooth( 1139): packages/modules/Bluetooth/system/gd/hci/le_address_manager.cc:193 unregister_client: Client unregistered
05-30 15:26:04.275 I/bt_stack( 1139): [INFO:le_scanning_manager.cc(346)] SetScanParameters in shim layer
05-30 15:26:04.275 I/bt_stack( 1139): [INFO:le_scanning_manager.cc(168)] Scan in shim layer started
05-30 15:26:04.275 I/bluetooth( 1139): packages/modules/Bluetooth/system/gd/hci/le_scanning_manager.cc:588 stop_scan: Scanning already stopped, return!
05-30 15:26:04.275 I/bluetooth( 1139): packages/modules/Bluetooth/system/gd/hci/le_address_manager.cc:178 register_client: Client registered
05-30 15:26:04.278 D/BluetoothDatabase( 1139): getCustomMeta: device XX:XX:XX:XX:C0:7D is not in cache
05-30 15:26:04.281 D/BluetoothDatabase( 1139): getCustomMeta: device XX:XX:XX:XX:C0:7D is not in cache
05-30 15:26:04.286 I/dangbei111( 1505): cccccc on receiver=android.bluetooth.device.action.ACL_DISCONNECTED,mac=E4:BB:D3:57:C0:7D
05-30 15:26:04.286 E/ccc ( 1505): cccccc 这里接到ACTION_ACL_DISCONNECTED 开启scan 10
05-30 15:26:04.288 D/BluetoothDatabase( 1139): getCustomMeta: device XX:XX:XX:XX:C0:7D is not in cache
05-30 15:26:04.289 E/dangbei111( 1505): cccccc 开始扫描
05-30 15:26:04.289 D/BluetoothAdapter( 1505): isLeEnabled(): ON
05-30 15:26:04.292 I/BLE_Service( 1156): >ACL LINK DISCONNECTED [Dangbei]
05-30 15:26:04.544 D/TrafficStats( 2257): tagSocket(222) with statsTag=0xffffffff, statsUid=-1
05-30 15:26:07.112 I/WifiHAL ( 522): call wifi_get_link_stats handler
05-30 15:26:07.113 I/WifiHAL ( 522): Creating message to get link statistics; iface = 16
05-30 15:26:07.113 D/WifiHAL ( 522): error code -95 mapped to -3
05-30 15:26:07.114 E/WifiStaIfaceAidlImpl( 703): getLinkLayerStats failed with service-specific exception: android.os.ServiceSpecificException: (code 4)
05-30 15:26:08.705 D/TrafficStats( 2257): tagSocket(223) with statsTag=0xffffffff, statsUid=-1
05-30 15:26:08.958 D/UtilLog ( 2186): 日志批量上报 进行正常循环 !!!!!!本次有0次请求,共0条数据
05-30 15:26:10.117 I/WifiHAL ( 522): call wifi_get_link_stats handler
05-30 15:26:10.117 I/WifiHAL ( 522): Creating message to get link statistics; iface = 16
05-30 15:26:10.118 D/WifiHAL ( 522): error code -95 mapped to -3
05-30 15:26:10.118 E/WifiStaIfaceAidlImpl( 703): getLinkLayerStats failed with service-specific exception: android.os.ServiceSpecificException: (code 4)
05-30 15:26:11.081 E/WifiHealthMonitor( 703): Hit PackageManager exception
05-30 15:26:11.081 E/WifiHealthMonitor( 703): android.content.pm.PackageManager$NameNotFoundException: No module info for package: com.android.wifi
05-30 15:26:11.081 E/WifiHealthMonitor( 703): at android.app.ApplicationPackageManager.getModuleInfo(ApplicationPackageManager.java:1190)
05-30 15:26:11.081 E/WifiHealthMonitor( 703): at com.android.server.wifi.WifiHealthMonitor.getWifiStackVersion(WifiHealthMonitor.java:367)
05-30 15:26:11.081 E/WifiHealthMonitor( 703): at com.android.server.wifi.WifiHealthMonitor.extractCurrentSoftwareBuildInfo(WifiHealthMonitor.java:588)
05-30 15:26:11.081 E/WifiHealthMonitor( 703): at com.android.server.wifi.WifiHealthMonitor.postBootSwBuildCheck(WifiHealthMonitor.java:523)
05-30 15:26:11.081 E/WifiHealthMonitor( 703): at com.android.server.wifi.WifiHealthMonitor.postBootDetectionHandler(WifiHealthMonitor.java:514)
05-30 15:26:11.081 E/WifiHealthMonitor( 703): at com.android.server.wifi.WifiHealthMonitor.-$$Nest$mpostBootDetectionHandler(WifiHealthMonitor.java:0)
05-30 15:26:11.081 E/WifiHealthMonitor( 703): at com.android.server.wifi.WifiHealthMonitor$2.onAlarm(WifiHealthMonitor.java:190)
05-30 15:26:11.081 E/WifiHealthMonitor( 703): at android.app.AlarmManager$ListenerWrapper.run(AlarmManager.java:375)
05-30 15:26:11.081 E/WifiHealthMonitor( 703): at android.os.Handler.handleCallback(Handler.java:958)
05-30 15:26:11.081 E/WifiHealthMonitor( 703): at android.os.Handler.dispatchMessage(Handler.java:99)
05-30 15:26:11.081 E/WifiHealthMonitor( 703): at com.android.server.wifi.RunnerHandler.dispatchMessage(RunnerHandler.java:122)
05-30 15:26:11.081 E/WifiHealthMonitor( 703): at android.os.Looper.loopOnce(Looper.java:205)
05-30 15:26:11.081 E/WifiHealthMonitor( 703): at android.os.Looper.loop(Looper.java:294)
05-30 15:26:11.081 E/WifiHealthMonitor( 703): at android.os.HandlerThread.run(HandlerThread.java:67)
05-30 15:26:12.850 D/OomAdjuster( 703): Not killing cached processes
05-30 15:26:13.123 I/WifiHAL ( 522): call wifi_get_link_stats handler
05-30 15:26:13.123 I/WifiHAL ( 522): Creating message to get link statistics; iface = 16
05-30 15:26:13.124 D/WifiHAL ( 522): error code -95 mapped to -3
05-30 15:26:13.124 E/WifiStaIfaceAidlImpl( 703): getLinkLayerStats failed with service-specific exception: android.os.ServiceSpecificException: (code 4)
05-30 15:26:13.846 D/ActivityManager( 703): freezing 1692 android.process.media
05-30 15:26:15.300 D/TrafficStats( 2257): tagSocket(226) with statsTag=0xffffffff, statsUid=-1
05-30 15:26:15.966 I/TDLog ( 2186): [APP] New data found, Submitting...
05-30 15:26:15.974 D/TrafficStats( 2186): tagSocket(5) with statsTag=0xffffffff, statsUid=-1
05-30 15:26:15.976 I/TDLog ( 2186): [APP] Failed to submit data!
05-30 15:26:16.130 I/WifiHAL ( 522): call wifi_get_link_stats handler
05-30 15:26:16.130 I/WifiHAL ( 522): Creating message to get link statistics; iface = 16
05-30 15:26:16.130 D/WifiHAL ( 522): error code -95 mapped to -3
05-30 15:26:16.130 E/WifiStaIfaceAidlImpl( 703): getLinkLayerStats failed with service-specific exception: android.os.ServiceSpecificException: (code 4)
05-30 15:26:16.339 D/TrafficStats( 2186): tagSocket(88) with statsTag=0xffffffff, statsUid=-1
05-30 15:26:18.959 D/UtilLog ( 2186): 日志批量上报 进行正常循环 !!!!!!本次有0次请求,共0条数据
05-30 15:26:19.136 I/WifiHAL ( 522): call wifi_get_link_stats handler
05-30 15:26:19.136 I/WifiHAL ( 522): Creating message to get link statistics; iface = 16
05-30 15:26:19.136 D/WifiHAL ( 522): error code -95 mapped to -3
05-30 15:26:19.136 E/WifiStaIfaceAidlImpl( 703): getLinkLayerStats failed with service-specific exception: android.os.ServiceSpecificException: (code 4)
05-30 15:26:20.336 D/nStackXCoAP( 2470): IsInSameNetwork:[276] :IsInSameNetwork exec
05-30 15:26:20.337 I/nStackXDFinder( 2470): GetLocalInterfaceDetail:[461] :GetLocalInterfaceDetail in
05-30 15:26:20.337 E/nStackXCoAP( 2470): IsInSameNetwork:[281] :IsInSameNetwork: not priority process
05-30 15:26:20.337 D/nStackXCoAP( 2470): ParseServiceDiscover:[330] :new device join
05-30 15:26:20.337 I/nStackXDFinder( 2470): NotifyDeviceListChanged:[540] :notify callback: device list changed callback is null
05-30 15:26:20.337 E/nStackXDFinder( 2470): GetLocalIp:[401] :GetLocalIp exec
05-30 15:26:20.350 D/nStackXCoAP( 2470): CoapMessageHandler:[133] :2.01
05-30 15:26:20.451 D/nStackXCoAP( 2470): IsInSameNetwork:[276] :IsInSameNetwork exec
05-30 15:26:20.451 I/nStackXDFinder( 2470): GetLocalInterfaceDetail:[461] :GetLocalInterfaceDetail in
05-30 15:26:20.451 E/nStackXCoAP( 2470): IsInSameNetwork:[281] :IsInSameNetwork: not priority process
05-30 15:26:20.452 D/nStackXCoAP( 2470): ParseServiceDiscover:[330] :new device join
05-30 15:26:20.452 E/nStackXDFinder( 2470): GetLocalIp:[401] :GetLocalIp exec
05-30 15:26:20.464 D/nStackXCoAP( 2470): CoapMessageHandler:[133] :2.01
05-30 15:26:20.664 D/nStackXCoAP( 2470): IsInSameNetwork:[276] :IsInSameNetwork exec
05-30 15:26:20.664 I/nStackXDFinder( 2470): GetLocalInterfaceDetail:[461] :GetLocalInterfaceDetail in
05-30 15:26:20.664 E/nStackXCoAP( 2470): IsInSameNetwork:[281] :IsInSameNetwork: not priority process
05-30 15:26:20.664 D/nStackXCoAP( 2470): ParseServiceDiscover:[330] :new device join
05-30 15:26:20.664 E/nStackXDFinder( 2470): GetLocalIp:[401] :GetLocalIp exec
05-30 15:26:20.692 D/nStackXCoAP( 2470): CoapMessageHandler:[133] :2.01
05-30 15:26:20.869 D/nStackXCoAP( 2470): IsInSameNetwork:[276] :IsInSameNetwork exec
05-30 15:26:20.869 I/nStackXDFinder( 2470): GetLocalInterfaceDetail:[461] :GetLocalInterfaceDetail in
05-30 15:26:20.869 E/nStackXCoAP( 2470): IsInSameNetwork:[281] :IsInSameNetwork: not priority process
05-30 15:26:20.869 D/nStackXCoAP( 2470): ParseServiceDiscover:[330] :new device join
05-30 15:26:20.869 E/nStackXDFinder( 2470): GetLocalIp:[401] :GetLocalIp exec
05-30 15:26:20.888 D/nStackXCoAP( 2470): CoapMessageHandler:[133] :2.01
05-30 15:26:21.362 D/nStackXCoAP( 2470): IsInSameNetwork:[276] :IsInSameNetwork exec
05-30 15:26:21.362 I/nStackXDFinder( 2470): GetLocalInterfaceDetail:[461] :GetLocalInterfaceDetail in
05-30 15:26:21.362 E/nStackXCoAP( 2470): IsInSameNetwork:[281] :IsInSameNetwork: not priority process
05-30 15:26:21.362 D/nStackXCoAP( 2470): ParseServiceDiscover:[330] :new device join
05-30 15:26:21.362 E/nStackXDFinder( 2470): GetLocalIp:[401] :GetLocalIp exec
05-30 15:26:21.369 D/nStackXCoAP( 2470): CoapMessageHandler:[133] :2.01
05-30 15:26:21.525 I/audio_hw_hal_alsamgr( 480): alsa format =0x1 delay frames =640 total frames=3174400
05-30 15:26:21.901 D/nStackXCoAP( 2470): IsInSameNetwork:[276] :IsInSameNetwork exec
05-30 15:26:21.901 I/nStackXDFinder( 2470): GetLocalInterfaceDetail:[461] :GetLocalInterfaceDetail in
05-30 15:26:21.901 E/nStackXCoAP( 2470): IsInSameNetwork:[281] :IsInSameNetwork: not priority process
05-30 15:26:21.901 D/nStackXCoAP( 2470): ParseServiceDiscover:[330] :new device join
05-30 15:26:21.901 E/nStackXDFinder( 2470): GetLocalIp:[401] :GetLocalIp exec
05-30 15:26:22.035 D/nStackXCoAP( 2470): CoapMessageHandler:[133] :2.01
05-30 15:26:22.142 I/WifiHAL ( 522): call wifi_get_link_stats handler
05-30 15:26:22.142 I/WifiHAL ( 522): Creating message to get link statistics; iface = 16
05-30 15:26:22.142 D/WifiHAL ( 522): error code -95 mapped to -3
05-30 15:26:22.142 E/WifiStaIfaceAidlImpl( 703): getLinkLayerStats failed with service-specific exception: android.os.ServiceSpecificException: (code 4)
05-30 15:26:22.191 I/UsageStatsService( 703): Time changed in by 3 seconds
05-30 15:26:22.194 D/OomAdjuster( 703): Not killing cached processes
05-30 15:26:22.198 I/PermissionControllerServiceImpl( 1918): Updating user sensitive for user 0
05-30 15:26:22.393 D/nStackXCoAP( 2470): IsInSameNetwork:[276] :IsInSameNetwork exec
05-30 15:26:22.393 I/nStackXDFinder( 2470): GetLocalInterfaceDetail:[461] :GetLocalInterfaceDetail in
05-30 15:26:22.393 E/nStackXCoAP( 2470): IsInSameNetwork:[281] :IsInSameNetwork: not priority process
05-30 15:26:22.393 D/nStackXCoAP( 2470): ParseServiceDiscover:[330] :new device join
05-30 15:26:22.393 E/nStackXDFinder( 2470): GetLocalIp:[401] :GetLocalIp exec
05-30 15:26:22.413 D/nStackXCoAP( 2470): CoapMessageHandler:[133] :2.01
05-30 15:26:22.855 D/ActivityManager( 703): freezing 2146 com.android.statementservice
05-30 15:26:22.856 D/ActivityManager( 703): freezing 2039 com.android.rkpdapp
05-30 15:26:22.917 D/nStackXCoAP( 2470): IsInSameNetwork:[276] :IsInSameNetwork exec
05-30 15:26:22.917 I/nStackXDFinder( 2470): GetLocalInterfaceDetail:[461] :GetLocalInterfaceDetail in
05-30 15:26:22.917 E/nStackXCoAP( 2470): IsInSameNetwork:[281] :IsInSameNetwork: not priority process
05-30 15:26:22.917 D/nStackXCoAP( 2470): ParseServiceDiscover:[330] :new device join
05-30 15:26:22.917 E/nStackXDFinder( 2470): GetLocalIp:[401] :GetLocalIp exec
05-30 15:26:22.958 D/nStackXCoAP( 2470): CoapMessageHandler:[133] :2.01
05-30 15:26:23.408 D/nStackXCoAP( 2470): IsInSameNetwork:[276] :IsInSameNetwork exec
05-30 15:26:23.408 I/nStackXDFinder( 2470): GetLocalInterfaceDetail:[461] :GetLocalInterfaceDetail in
05-30 15:26:23.408 E/nStackXCoAP( 2470): IsInSameNetwork:[281] :IsInSameNetwork: not priority process
05-30 15:26:23.408 D/nStackXCoAP( 2470): ParseServiceDiscover:[330] :new device join
05-30 15:26:23.408 E/nStackXDFinder( 2470): GetLocalIp:[401] :GetLocalIp exec
05-30 15:26:23.420 D/nStackXCoAP( 2470): CoapMessageHandler:[133] :2.01
05-30 15:26:23.842 E/dangbei111( 1505): cccccc 开始扫描
05-30 15:26:23.842 D/BluetoothAdapter( 1505): isLeEnabled(): ON
05-30 15:26:23.927 D/nStackXCoAP( 2470): IsInSameNetwork:[276] :IsInSameNetwork exec
05-30 15:26:23.927 I/nStackXDFinder( 2470): GetLocalInterfaceDetail:[461] :GetLocalInterfaceDetail in
05-30 15:26:23.927 E/nStackXCoAP( 2470): IsInSameNetwork:[281] :IsInSameNetwork: not priority process
05-30 15:26:23.927 D/nStackXCoAP( 2470): ParseServiceDiscover:[330] :new device join
05-30 15:26:23.927 E/nStackXDFinder( 2470): GetLocalIp:[401] :GetLocalIp exec
05-30 15:26:23.969 D/nStackXCoAP( 2470): CoapMessageHandler:[133] :2.01
05-30 15:26:24.432 D/nStackXCoAP( 2470): IsInSameNetwork:[276] :IsInSameNetwork exec
05-30 15:26:24.432 I/nStackXDFinder( 2470): GetLocalInterfaceDetail:[461] :GetLocalInterfaceDetail in
05-30 15:26:24.432 E/nStackXCoAP( 2470): IsInSameNetwork:[281] :IsInSameNetwork: not priority process
05-30 15:26:24.432 D/nStackXCoAP( 2470): ParseServiceDiscover:[330] :new device join
05-30 15:26:24.432 E/nStackXDFinder( 2470): GetLocalIp:[401] :GetLocalIp exec
05-30 15:26:24.494 D/nStackXCoAP( 2470): CoapMessageHandler:[133] :2.01
05-30 15:26:24.603 I/bt_btif_dm( 1139): packages/modules/Bluetooth/system/btif/src/btif_dm.cc:691 btif_update_remote_properties: cod from storage is also unclassified
05-30 15:26:24.603 I/bt_btif_dm( 1139): packages/modules/Bluetooth/system/btif/src/btif_dm.cc:695 btif_update_remote_properties: class of device (cod) is 0x000580
05-30 15:26:24.803 I/bt_btif_dm( 1139): packages/modules/Bluetooth/system/btif/src/btif_dm.cc:695 btif_update_remote_properties: class of device (cod) is 0x000580
05-30 15:26:24.944 D/nStackXCoAP( 2470): IsInSameNetwork:[276] :IsInSameNetwork exec
05-30 15:26:24.944 I/nStackXDFinder( 2470): GetLocalInterfaceDetail:[461] :GetLocalInterfaceDetail in
05-30 15:26:24.944 E/nStackXCoAP( 2470): IsInSameNetwork:[281] :IsInSameNetwork: not priority process
05-30 15:26:24.945 D/nStackXCoAP( 2470): ParseServiceDiscover:[330] :new device join
05-30 15:26:24.945 E/nStackXDFinder( 2470): GetLocalIp:[401] :GetLocalIp exec
05-30 15:26:24.957 I/bt_btif_dm( 1139): packages/modules/Bluetooth/system/btif/src/btif_dm.cc:695 btif_update_remote_properties: class of device (cod) is 0x000580
05-30 15:26:24.985 D/nStackXCoAP( 2470): CoapMessageHandler:[133] :2.01
05-30 15:26:25.019 I/bt_btif_dm( 1139): packages/modules/Bluetooth/system/btif/src/btif_dm.cc:695 btif_update_remote_properties: class of device (cod) is 0x000580
05-30 15:26:25.148 I/WifiHAL ( 522): call wifi_get_link_stats handler
05-30 15:26:25.148 I/WifiHAL ( 522): Creating message to get link statistics; iface = 16
05-30 15:26:25.148 D/WifiHAL ( 522): error code -95 mapped to -3
05-30 15:26:25.149 E/WifiStaIfaceAidlImpl( 703): getLinkLayerStats failed with service-specific exception: android.os.ServiceSpecificException: (code 4)
05-30 15:26:25.268 D/bbb ( 1635): onStartCommand begin !!!!!!! data分区剩余 54464MB
05-30 15:26:25.648 D/TrafficStats( 2257): tagSocket(226) with statsTag=0xffffffff, statsUid=-1
05-30 15:26:25.871 I/bt_btif_dm( 1139): packages/modules/Bluetooth/system/btif/src/btif_dm.cc:695 btif_update_remote_properties: class of device (cod) is 0x000580
05-30 15:26:27.747 W/BatteryExternalStatsWorker( 703): error reading Bluetooth stats: 11
05-30 15:26:28.153 I/WifiHAL ( 522): call wifi_get_link_stats handler
05-30 15:26:28.153 I/WifiHAL ( 522): Creating message to get link statistics; iface = 16
05-30 15:26:28.153 D/WifiHAL ( 522): error code -95 mapped to -3
05-30 15:26:28.154 E/WifiStaIfaceAidlImpl( 703): getLinkLayerStats failed with service-specific exception: android.os.ServiceSpecificException: (code 4)
05-30 15:26:28.958 D/UtilLog ( 2186): 日志批量上报 进行正常循环 !!!!!!本次有0次请求,共0条数据
05-30 15:26:31.159 I/WifiHAL ( 522): call wifi_get_link_stats handler
05-30 15:26:31.159 I/WifiHAL ( 522): Creating message to get link statistics; iface = 16
05-30 15:26:31.159 D/WifiHAL ( 522): error code -95 mapped to -3
05-30 15:26:31.160 E/WifiStaIfaceAidlImpl( 703): getLinkLayerStats failed with service-specific exception: android.os.ServiceSpecificException: (code 4)
05-30 15:26:32.433 D/OomAdjuster( 703): Not killing cached processes
05-30 15:26:33.283 I/efs.base( 2257): lt=event`ev_ct=efs_core`ev_ac=req_succ_rate`tm=2025-05-30 15:26:28`dn=2e014cdb-5933-4f31-abf7-df83dbf41111`ps=com.dangbei.screencast`um_os=android`stime=1748589929308`pid=2257`fr=android`pkg=com.dangbei.screencast`vcode=20830`dsp_w=1920`path=https://errlog.umeng.com/apm_cc`uid=2e014cdb-5933-4f31-abf7-df83dbf41111`rom=14`wid=2e014cdb-5933-4f31-abf7-df83dbf41111`um_app_carrier=`um_access=wifi`um_app_channel=os`um_crash_sdk_version=1.4.0`ctime=1748589993`model=dbbox-a3`lang=zh`net=wifi`brand=amlogic`dsp_h=1080`um_network_type=0`ver=v2.8.3`cnt=1`rep_code=200`px_code=0`build_model=DBBOX-A3`w_tm=1748589993`appid=5fc60c21094d637f3130af19`um_umid_header=null`sdk=34`tzone=Asia/Shanghai`sdk_ver=1.3.6.umeng
05-30 15:26:33.390 D/TrafficStats( 2257): tagSocket(144) with statsTag=0xffffffff, statsUid=-1
05-30 15:26:33.553 I/efs.base( 2257): wa upload succ, HttpResponse {succ=true, code=200, data='暂不支持该服务', extra={req_url=https://errlog.umeng.com/api/crashsdk/logcollect}}
05-30 15:26:33.648 I/ActivityManager( 703): Background started FGS: Allowed [callingPackage: com.dangbei.screencast; callingUid: 10043; uidState: FGS ; uidBFSL: [BFSL]; intent: Intent { cmp=com.dangbei.screencast/.startup.GuardService }; code:PROC_STATE_FGS; tempAllowListReason:; targetSdkVersion:28; callerTargetSdkVersion:28; startForegroundCount:0; bindFromPackage:null: isBindService:false]
05-30 15:26:33.650 D/CompatibilityChangeReporter( 703): Compat change id reported: 135634846; UID 10043; state: DISABLED
05-30 15:26:33.651 D/CompatibilityChangeReporter( 703): Compat change id reported: 143937733; UID 10043; state: DISABLED
05-30 15:26:33.666 I/serviceDiscovery( 703): [MdnsAdvertiser] Removing service with ID 5
05-30 15:26:33.669 I/serviceDiscovery( 703): [MdnsAdvertiser] Removing service with ID 4
05-30 15:26:33.669 W/System.err( 2257): java.net.SocketException: Socket closed
05-30 15:26:33.669 W/System.err( 2257): at java.net.PlainSocketImpl.socketAccept(PlainSocketImpl.java:213)
05-30 15:26:33.669 W/System.err( 2257): at java.net.AbstractPlainSocketImpl.accept(AbstractPlainSocketImpl.java:451)
05-30 15:26:33.669 W/System.err( 2257): at java.net.ServerSocket.implAccept(ServerSocket.java:569)
05-30 15:26:33.669 W/System.err( 2257): at java.net.ServerSocket.accept(ServerSocket.java:537)
05-30 15:26:33.669 W/System.err( 2257): at b.f.f.t.f.run(Unknown Source:40)
05-30 15:26:33.669 W/System.err( 2257): at java.lang.Thread.run(Thread.java:1012)
05-30 15:26:33.670 I/serviceDiscovery( 703): [MdnsAdvertiser] Removing service with ID 3
05-30 15:26:33.672 D/Zygote ( 469): Forked child process 2780
05-30 15:26:33.673 I/ActivityManager( 703): Start proc 2780:com.dangbei.screencast:bg_guard/u0a43 for service {com.dangbei.screencast/com.dangbei.screencast.startup.GuardService}
05-30 15:26:33.673 W/UpnpServiceImpl( 2257): >>> Shutting down UPnP service...
05-30 15:26:33.675 W/AbstractChannel( 2257): Can't invoke task later as EventLoop rejected it
05-30 15:26:33.675 W/AbstractChannel( 2257): java.util.concurrent.RejectedExecutionException: event executor terminated
05-30 15:26:33.675 W/AbstractChannel( 2257): at io.netty.util.concurrent.SingleThreadEventExecutor.reject(Unknown Source:4)
05-30 15:26:33.675 W/AbstractChannel( 2257): at io.netty.util.concurrent.SingleThreadEventExecutor.offerTask(Unknown Source:6)
05-30 15:26:33.675 W/AbstractChannel( 2257): at io.netty.util.concurrent.SingleThreadEventExecutor.addTask(Unknown Source:5)
05-30 15:26:33.675 W/AbstractChannel( 2257): at io.netty.util.concurrent.SingleThreadEventExecutor.execute(Unknown Source:4)
05-30 15:26:33.675 W/AbstractChannel( 2257): at io.netty.util.concurrent.SingleThreadEventExecutor.execute(Unknown Source:18)
05-30 15:26:33.675 W/AbstractChannel( 2257): at io.netty.channel.AbstractChannel$AbstractUnsafe.invokeLater(Unknown Source:6)
05-30 15:26:33.675 W/AbstractChannel( 2257): at io.netty.channel.AbstractChannel$AbstractUnsafe.deregister(Unknown Source:24)
05-30 15:26:33.675 W/AbstractChannel( 2257): at io.netty.channel.AbstractChannel$AbstractUnsafe.fireChannelInactiveAndDeregister(Unknown Source:17)
05-30 15:26:33.675 W/AbstractChannel( 2257): at io.netty.channel.AbstractChannel$AbstractUnsafe.close(Unknown Source:112)
05-30 15:26:33.675 W/AbstractChannel( 2257): at io.netty.channel.AbstractChannel$AbstractUnsafe.close(Unknown Source:12)
05-30 15:26:33.675 W/AbstractChannel( 2257): at io.netty.channel.nio.NioEventLoop.closeAll(Unknown Source:86)
05-30 15:26:33.675 W/AbstractChannel( 2257): at io.netty.channel.nio.NioEventLoop.run(Unknown Source:202)
05-30 15:26:33.675 W/AbstractChannel( 2257): at io.netty.util.concurrent.SingleThreadEventExecutor$4.run(Unknown Source:41)
05-30 15:26:33.675 W/AbstractChannel( 2257): at io.netty.util.internal.ThreadExecutorMap$2.run(Unknown Source:8)
05-30 15:26:33.675 W/AbstractChannel( 2257): at io.netty.util.concurrent.FastThreadLocalRunnable.run(Unknown Source:2)
05-30 15:26:33.675 W/AbstractChannel( 2257): at java.lang.Thread.run(Thread.java:1012)
05-30 15:26:33.671 I/shutdown-name( 2257): type=1400 audit(0.0:1168): avc: denied { search } for name="net" dev="sysfs" ino=12345 scontext=u:r:untrusted_app_27:s0:c43,c256,c512,c768 tcontext=u:object_r:sysfs_net:s0 tclass=dir permissive=1 app=com.dangbei.screencast
05-30 15:26:33.678 I/Zygote ( 2780): seccomp disabled by setenforce 0
05-30 15:26:33.685 I/encast:bg_guard( 2780): Using CollectorTypeCC GC.
05-30 15:26:33.688 E/raop ( 2257): httpd_stop running 1 joined 0
05-30 15:26:33.688 E/raop ( 2257): httpd_stop connection->socket_fd=0
05-30 15:26:33.688 E/raop ( 2257): httpd_stop connection->socket_fd=0
05-30 15:26:33.688 E/raop ( 2257): httpd_stop connection->socket_fd=0
05-30 15:26:33.688 E/raop ( 2257): httpd_stop connection->socket_fd=0
05-30 15:26:33.688 E/raop ( 2257): httpd_stop connection->socket_fd=0
05-30 15:26:33.688 E/raop ( 2257): httpd_stop connection->socket_fd=0
05-30 15:26:33.688 E/raop ( 2257): httpd_stop connection->socket_fd=0
05-30 15:26:33.688 E/raop ( 2257): httpd_stop connection->socket_fd=0
05-30 15:26:33.688 E/raop ( 2257): httpd_stop connection->socket_fd=0
05-30 15:26:33.688 E/raop ( 2257): httpd_stop connection->socket_fd=0
05-30 15:26:33.691 E/encast:bg_guard( 2780): Not starting debugger since process cannot load the jdwp agent.
05-30 15:26:33.683 I/rainbow_flow( 2177): type=1400 audit(0.0:1169): avc: denied { ioctl } for path="/dev/spidev1.0" dev="tmpfs" ino=534 ioctlcmd=0x6b00 scontext=u:r:init:s0 tcontext=u:object_r:device:s0 tclass=chr_file permissive=1
05-30 15:26:33.701 D/CompatibilityChangeReporter( 703): Compat change id reported: 168419799; UID 10043; state: DISABLED
05-30 15:26:33.702 D/CompatibilityChangeReporter( 703): Compat change id reported: 273564678; UID 10043; state: DISABLED
05-30 15:26:33.705 D/CompatibilityChangeReporter( 2780): Compat change id reported: 171979766; UID 10043; state: DISABLED
05-30 15:26:33.706 D/CompatibilityChangeReporter( 2780): Compat change id reported: 242716250; UID 10043; state: DISABLED
05-30 15:26:33.708 E/raop ( 2257): httpd_stop running 0 joined 1
05-30 15:26:33.708 D/CompatibilityChangeReporter( 703): Compat change id reported: 170503758; UID 10043; state: DISABLED
05-30 15:26:33.711 D/ApplicationLoaders( 2780): Returning zygote-cached class loader: /system/framework/android.test.base.jar
05-30 15:26:33.711 D/ApplicationLoaders( 2780): Returning zygote-cached class loader: /system/framework/android.hidl.manager-V1.0-java.jar
05-30 15:26:33.711 D/ApplicationLoaders( 2780): Returning zygote-cached class loader: /system/framework/android.hidl.base-V1.0-java.jar
