05-30 15:25:23.457 I/bt_bta_dm( 1139): packages/modules/Bluetooth/system/bta/dm/bta_dm_act.cc:3155 bta_dm_set_eir: Generating extended inquiry response packet EIR
05-30 15:25:23.457 I/bt_stack( 1139): [INFO:connection_handler.cc(200)] Connect to device ff:ff:ff:ff:ff:ff
05-30 15:25:23.457 I/bt_stack( 1139): [INFO:connection_handler.cc(222)] virtual bool bluetooth::avrcp::ConnectionHandler::AvrcpConnect(bool, const RawAddress &): handle=0000 status= 000000
05-30 15:25:23.461 I/DroidAudioManager.J( 1156): setAudioOutputHeadphoneDelay cur source:[4]SRC_MEDIA is not the same as the set source:[2]SRC_AV, only save to DB
05-30 15:25:23.463 E/AvrcpTargetService( 1139): Please use AVRCP version 1.6 to enable cover art
05-30 15:25:23.464 D/ActivityAttributionService( 1139): notifyActivityAttributionInfo UID=1002 packageName=com.android.bluetooth deviceAddress=no_active_device_address
05-30 15:25:23.464 I/bt_btif ( 1139): packages/modules/Bluetooth/system/btif/src/bluetooth.cc:829 get_profile_interface: get_profile_interface: id = activity_attribution
05-30 15:25:23.464 I/DroidAudioManager.J( 1156): setAudioOutputSpeakerDelay cur source:[4]SRC_MEDIA is not the same as the set source:[3]SRC_HDMI, only save to DB
05-30 15:25:23.464 I/HeadsetService( 1139): create()
05-30 15:25:23.466 I/HeadsetService( 1139): start()
05-30 15:25:23.466 I/DroidAudioManager.J( 1156): setAudioOutputSpdifDelay cur source:[4]SRC_MEDIA is not the same as the set source:[3]SRC_HDMI, only save to DB
05-30 15:25:23.468 I/DroidAudioManager.J( 1156): setAudioOutputHeadphoneDelay cur source:[4]SRC_MEDIA is not the same as the set source:[3]SRC_HDMI, only save to DB
05-30 15:25:23.468 I/MesonDisplay( 289): [/mode_policy.c, meson_mode_set_policy, 1177] connector:0 to policy:0
05-30 15:25:23.468 I/MesonDisplay( 289): [/mode_policy.c, is_dv_prefer, 66] not prefer dv, hdr_priority:10000010
05-30 15:25:23.468 I/MesonDisplay( 289): [/mode_policy.c, is_dv_prefer, 66] not prefer dv, hdr_priority:10000010
05-30 15:25:23.468 I/MesonDisplay( 289): [/mode_policy.c, hdr_scene_process, 724] policy:0 is_bestcolorspace:1 state:0
05-30 15:25:23.468 I/MesonDisplay( 289): [/mode_policy_parser.c, is_support_hdmimode, 110] is_support_hdmimode mode: 1080p60hz
05-30 15:25:23.468 I/MesonDisplay( 289): [/mode_policy_parser.c, is_support_hdmimode, 115] is_support_hdmimode mode: 2160p60hz not support
05-30 15:25:23.468 I/MesonDisplay( 289): [/mode_policy_parser.c, is_support_hdmimode, 115] is_support_hdmimode mode: 2160p50hz not support
05-30 15:25:23.468 I/MesonDisplay( 289): [/mode_policy.c, is_support_4kHDR, 507] is_support_4kHDR 4k hdr not support
05-30 15:25:23.468 I/MesonDisplay( 289): [/mode_policy_parser.c, is_support_hdmimode, 110] is_support_hdmimode mode: 1080p60hz
05-30 15:25:23.468 D/MesonDisplay( 289): meson_write /sys/class/amhdmitx/amhdmitx0/valid_mode, outputmode:1080p60hz422,12bit
05-30 15:25:23.469 D/MesonDisplay( 289): valid mode is true!
05-30 15:25:23.469 I/MesonDisplay( 289): [/mode_policy.c, is_support_non4kHDR, 552] is_support_non4kHDR mode:[1080p60hz], color format:[422,12bit]
05-30 15:25:23.469 I/MesonDisplay( 289): [/mode_policy.c, meson_mode_get_policy_output, 1289] final_displaymode:1080p60hz, final_deepcolor:422,12bit, amdv_type:0
05-30 15:25:23.469 I/MesonDisplay( 289): [/mode_policy.c, meson_mode_set_policy, 1177] connector:0 to policy:0
05-30 15:25:23.471 E/OpenGLRenderer( 1349): Unable to match the desired swap behavior.
05-30 15:25:23.473 I/audio_hw_hal_primary( 480): [adev_set_parameters:4123] dev:0xf07c3dc0, kv: hal_param_out_dev_delay_time_ms=0
05-30 15:25:23.473 D/audio_hw_hal_hfp( 480): [audio_extn_hfp_set_parameters:739] audio_extn_hfp_set_parameters
05-30 15:25:23.473 I/audio_hw_hal_primary( 480): adev_set_parameters set audio delay =0
05-30 15:25:23.473 I/audio_hw_hal_delay( 480): set audio output type:0, delay time: 0ms, has init buffer: 0
05-30 15:25:23.476 I/BluetoothHeadsetServiceJni( 1139): classInitNative: succeeds
05-30 15:25:23.476 W/HeadsetClientService( 1139): getHeadsetClientService(): service is null
05-30 15:25:23.476 I/bt_btif ( 1139): packages/modules/Bluetooth/system/btif/src/bluetooth.cc:829 get_profile_interface: get_profile_interface: id = handsfree
05-30 15:25:23.477 I/bt_stack( 1139): [INFO:btif_hf.cc(1626)] GetInterface
05-30 15:25:23.477 I/bt_btif_hf( 1139): packages/modules/Bluetooth/system/btif/src/btif_hf.cc:1590 ExecuteService: service starts to: Initialize
05-30 15:25:23.477 I/bt_btif_storage( 1139): packages/modules/Bluetooth/system/btif/src/btif_storage.cc:653 btif_storage_get_adapter_property: btif_storage_get_adapter_property service_mask:0x20000048
05-30 15:25:23.477 I/bluetooth( 1139): packages/modules/Bluetooth/system/bta/ag/bta_ag_main.cc:405 bta_ag_api_enable: AG api enable
05-30 15:25:23.477 I/bluetooth( 1139): packages/modules/Bluetooth/system/bta/ag/bta_ag_sdp.cc:146 bta_ag_add_record: features: 135023
05-30 15:25:23.477 I/bt_bta_dm( 1139): packages/modules/Bluetooth/system/bta/dm/bta_dm_act.cc:3456 bta_dm_eir_update_uuid: EIR Adding UUID=0x1112 into extended inquiry response
05-30 15:25:23.477 I/bt_bta_dm( 1139): packages/modules/Bluetooth/system/bta/dm/bta_dm_act.cc:3155 bta_dm_set_eir: Generating extended inquiry response packet EIR
05-30 15:25:23.477 I/bluetooth( 1139): packages/modules/Bluetooth/system/bta/ag/bta_ag_sdp.cc:146 bta_ag_add_record: features: 135023
05-30 15:25:23.477 I/bt_bta_dm( 1139): packages/modules/Bluetooth/system/bta/dm/bta_dm_act.cc:3456 bta_dm_eir_update_uuid: EIR Adding UUID=0x111F into extended inquiry response
05-30 15:25:23.477 I/bt_bta_dm( 1139): packages/modules/Bluetooth/system/bta/dm/bta_dm_act.cc:3155 bta_dm_set_eir: Generating extended inquiry response packet EIR
05-30 15:25:23.477 I/bt_stack( 1139): [INFO:port_api.cc(220)] RFCOMM_CreateConnectionWithSecurity: bd_addr=ff:ff:ff:ff:ff:ff, scn=2, is_server=1, mtu=256, uuid=0x1112, dlci=4, signal_state=0x0b, p_port=0xc469d3b0
05-30 15:25:23.477 I/bt_stack( 1139): [INFO:port_api.cc(220)] RFCOMM_CreateConnectionWithSecurity: bd_addr=ff:ff:ff:ff:ff:ff, scn=3, is_server=1, mtu=256, uuid=0x111f, dlci=6, signal_state=0x0b, p_port=0xc469d438
05-30 15:25:23.477 I/bt_stack( 1139): [INFO:btif_hf.cc(318)] btif_hf_upstreams_evt: AG enable/disable event 0
05-30 15:25:23.477 I/bt_stack( 1139): [INFO:port_api.cc(220)] RFCOMM_CreateConnectionWithSecurity: bd_addr=ff:ff:ff:ff:ff:ff, scn=2, is_server=1, mtu=256, uuid=0x1112, dlci=4, signal_state=0x0b, p_port=0xc469d4c0
05-30 15:25:23.478 I/bt_stack( 1139): [INFO:port_api.cc(220)] RFCOMM_CreateConnectionWithSecurity: bd_addr=ff:ff:ff:ff:ff:ff, scn=3, is_server=1, mtu=256, uuid=0x111f, dlci=6, signal_state=0x0b, p_port=0xc469d548
05-30 15:25:23.478 I/bt_stack( 1139): [INFO:port_api.cc(220)] RFCOMM_CreateConnectionWithSecurity: bd_addr=ff:ff:ff:ff:ff:ff, scn=2, is_server=1, mtu=256, uuid=0x1112, dlci=4, signal_state=0x0b, p_port=0xc469d5d0
05-30 15:25:23.478 I/bt_stack( 1139): [INFO:port_api.cc(220)] RFCOMM_CreateConnectionWithSecurity: bd_addr=ff:ff:ff:ff:ff:ff, scn=3, is_server=1, mtu=256, uuid=0x111f, dlci=6, signal_state=0x0b, p_port=0xc469d658
05-30 15:25:23.478 I/bt_stack( 1139): [INFO:port_api.cc(220)] RFCOMM_CreateConnectionWithSecurity: bd_addr=ff:ff:ff:ff:ff:ff, scn=2, is_server=1, mtu=256, uuid=0x1112, dlci=4, signal_state=0x0b, p_port=0xc469d6e0
05-30 15:25:23.478 I/bt_stack( 1139): [INFO:port_api.cc(220)] RFCOMM_CreateConnectionWithSecurity: bd_addr=ff:ff:ff:ff:ff:ff, scn=3, is_server=1, mtu=256, uuid=0x111f, dlci=6, signal_state=0x0b, p_port=0xc469d768
05-30 15:25:23.478 I/bt_stack( 1139): [INFO:port_api.cc(220)] RFCOMM_CreateConnectionWithSecurity: bd_addr=ff:ff:ff:ff:ff:ff, scn=2, is_server=1, mtu=256, uuid=0x1112, dlci=4, signal_state=0x0b, p_port=0xc469d7f0
05-30 15:25:23.478 I/bt_stack( 1139): [INFO:port_api.cc(220)] RFCOMM_CreateConnectionWithSecurity: bd_addr=ff:ff:ff:ff:ff:ff, scn=3, is_server=1, mtu=256, uuid=0x111f, dlci=6, signal_state=0x0b, p_port=0xc469d878
05-30 15:25:23.478 I/bt_stack( 1139): [INFO:port_api.cc(220)] RFCOMM_CreateConnectionWithSecurity: bd_addr=ff:ff:ff:ff:ff:ff, scn=2, is_server=1, mtu=256, uuid=0x1112, dlci=4, signal_state=0x0b, p_port=0xc469d900
05-30 15:25:23.478 I/bt_stack( 1139): [INFO:port_api.cc(220)] RFCOMM_CreateConnectionWithSecurity: bd_addr=ff:ff:ff:ff:ff:ff, scn=3, is_server=1, mtu=256, uuid=0x111f, dlci=6, signal_state=0x0b, p_port=0xc469d988
05-30 15:25:23.478 I/audio_hw_hal_primary( 480): [adev_set_parameters:4123] dev:0xf07c3dc0, kv: hal_param_out_dev_delay_time_ms=65536
05-30 15:25:23.478 D/audio_hw_hal_hfp( 480): [audio_extn_hfp_set_parameters:739] audio_extn_hfp_set_parameters
05-30 15:25:23.478 I/audio_hw_hal_primary( 480): adev_set_parameters set audio delay =0
05-30 15:25:23.478 I/audio_hw_hal_delay( 480): set audio output type:1, delay time: 0ms, has init buffer: 0
05-30 15:25:23.484 D/ActivityAttributionService( 1139): notifyActivityAttributionInfo UID=1002 packageName=com.android.bluetooth deviceAddress=no_active_device_address
05-30 15:25:23.484 I/bt_btif ( 1139): packages/modules/Bluetooth/system/btif/src/bluetooth.cc:829 get_profile_interface: get_profile_interface: id = activity_attribution
05-30 15:25:23.486 D/HearingAidService( 1139): create()
05-30 15:25:23.487 I/audio_hw_hal_primary( 480): [adev_set_parameters:4123] dev:0xf07c3dc0, kv: hal_param_out_dev_delay_time_ms=131072
05-30 15:25:23.487 D/audio_hw_hal_hfp( 480): [audio_extn_hfp_set_parameters:739] audio_extn_hfp_set_parameters
05-30 15:25:23.487 I/audio_hw_hal_primary( 480): adev_set_parameters set audio delay =0
05-30 15:25:23.487 I/audio_hw_hal_delay( 480): set audio output type:2, delay time: 0ms, has init buffer: 0
05-30 15:25:23.489 D/HearingAidService( 1139): start()
05-30 15:25:23.489 I/bt_stack( 1139): [INFO:com_android_bluetooth_hearing_aid.cpp(97)] classInitNative: succeeds
05-30 15:25:23.491 D/HearingAidService( 1139): setHearingAidService(): set to: com.android.bluetooth.hearingaid.HearingAidService@3544d8c
05-30 15:25:23.491 I/bt_btif ( 1139): packages/modules/Bluetooth/system/btif/src/bluetooth.cc:829 get_profile_interface: get_profile_interface: id = hearing_aid
05-30 15:25:23.492 D/ActivityAttributionService( 1139): notifyActivityAttributionInfo UID=1002 packageName=com.android.bluetooth deviceAddress=no_active_device_address
05-30 15:25:23.492 I/bt_btif ( 1139): packages/modules/Bluetooth/system/btif/src/bluetooth.cc:829 get_profile_interface: get_profile_interface: id = activity_attribution
05-30 15:25:23.492 I/bt_stack( 1139): [INFO:hearing_aid_software_encoding_aidl.cc(182)] init
05-30 15:25:23.494 I/BTAudioProviderFactoryAIDL( 480): getProviderCapabilities - SessionType=HEARING_AID_SOFTWARE_ENCODING_DATAPATH supports 1 codecs
05-30 15:25:23.494 I/bt_stack( 1139): [INFO:client_interface_aidl.cc(124)] FetchAudioProvider: BluetoothAudioHal SessionType=HEARING_AID_SOFTWARE_ENCODING_DATAPATH has 1 AudioCapabilities
05-30 15:25:23.495 I/BTAudioProviderFactoryAIDL( 480): openProvider - SessionType=HEARING_AID_SOFTWARE_ENCODING_DATAPATH
05-30 15:25:23.495 I/BTAudioProviderHearingAid( 480): HearingAidAudioProvider - size of audio buffer 3584 byte(s)
05-30 15:25:23.496 I/bt_stack( 1139): [INFO:client_interface_aidl.cc(143)] IBluetoothAudioProvidersFactory::openProvider() returned 0xf2be4350 (remote)
05-30 15:25:23.496 I/bluetooth( 1139): packages/modules/Bluetooth/system/stack/gatt/gatt_api.cc:1257 GATT_Register: Allocated name:GattClient uuid:0733f801-9cd9-18c3-6607-1630468199d0 gatt_if:4 eatt_support:0
05-30 15:25:23.496 I/bt_btif ( 1139): packages/modules/Bluetooth/system/btif/src/bluetooth.cc:829 get_profile_interface: get_profile_interface: id = hidhost
05-30 15:25:23.496 I/bt_btif_storage( 1139): packages/modules/Bluetooth/system/btif/src/btif_storage.cc:653 btif_storage_get_adapter_property: btif_storage_get_adapter_property service_mask:0x20100048
05-30 15:25:23.496 I/bt_l2cap( 1139): packages/modules/Bluetooth/system/stack/l2cap/l2c_api.cc:172 L2CA_Register: L2CAP Registered service classic PSM: 0x0011
05-30 15:25:23.496 I/bt_l2cap( 1139): packages/modules/Bluetooth/system/stack/l2cap/l2c_api.cc:172 L2CA_Register: L2CAP Registered service classic PSM: 0x0013
05-30 15:25:23.497 I/bluetooth( 1139): packages/modules/Bluetooth/system/stack/gatt/gatt_api.cc:1257 GATT_Register: Allocated name:GattClient uuid:d53945aa-1352-8597-7903-2c40d481a9ee gatt_if:5 eatt_support:0
05-30 15:25:23.497 I/audio_hw_hal_primary( 480): [adev_set_parameters:4123] dev:0xf07c3dc0, kv: hal_param_out_dev_delay_time_ms=196608
05-30 15:25:23.497 D/audio_hw_hal_hfp( 480): [audio_extn_hfp_set_parameters:739] audio_extn_hfp_set_parameters
05-30 15:25:23.497 I/audio_hw_hal_primary( 480): adev_set_parameters set audio delay =0
05-30 15:25:23.497 I/audio_hw_hal_delay( 480): set audio output type:3, delay time: 0ms, has init buffer: 0
05-30 15:25:23.497 W/bt_stack( 1139): [WARNING:btif_hh.cc(467)] Added device xx:xx:xx:xx:c0:22
05-30 15:25:23.497 I/bt_bta_gattc( 1139): packages/modules/Bluetooth/system/bta/gatt/bta_gattc_act.cc:429 bta_gattc_init_bk_conn: Not a connected remote device yet
05-30 15:25:23.498 I/bluetooth( 1139): packages/modules/Bluetooth/system/gd/hci/le_address_manager.cc:178 register_client: Client registered
05-30 15:25:23.498 I/bluetooth( 1139): packages/modules/Bluetooth/system/gd/hci/le_address_manager.cc:265 ack_pause: Client already in paused state
05-30 15:25:23.498 W/bt_btif ( 1139): packages/modules/Bluetooth/system/main/bte_logmsg.cc:108 LogMsg: BTA_HH_ADD_DEV_EVT: status = 0, handle = 16
05-30 15:25:23.500 I/bluetooth( 1139): packages/modules/Bluetooth/system/gd/hci/le_address_manager.cc:596 OnCommandComplete: Received command complete with op_code LE_ADD_DEVICE_TO_FILTER_ACCEPT_LIST
05-30 15:25:23.500 I/bluetooth( 1139): packages/modules/Bluetooth/system/gd/hci/le_address_manager.cc:294 resume_registered_clients: Resuming registered clients
05-30 15:25:23.503 I/bluetooth( 1139): packages/modules/Bluetooth/system/gd/hci/acl_manager/le_impl.h:878 update_connectability_state_after_armed: Le connection state machine armed state:ConnectabilityState::ARMED status:SUCCESS
05-30 15:25:23.503 W/ContextImpl( 703): Calling a method in the system process without a qualified user: android.app.ContextImpl.startService:1899 com.android.server.wm.DisplayPolicy.lambda$focusChangedLw$5:2126 com.android.server.wm.DisplayPolicy.$r8$lambda$Znxk63oh-WzVnzo_WQefN7uxV48:0 com.android.server.wm.DisplayPolicy$$ExternalSyntheticLambda13.run:0 android.os.Handler.handleCallback:958
05-30 15:25:23.504 W/ActivityManager( 703): Unable to start service Intent { cmp=com.oranth.ledstatus/.LedStatusService } U=0: not found
05-30 15:25:23.505 D/xm_audio( 480): adev_get_parameters
05-30 15:25:23.524 D/CompatibilityChangeReporter( 703): Compat change id reported: 197654537; UID 1000; state: ENABLED
05-30 15:25:23.534 I/ActivityTaskManager( 703): Displayed com.android.tv.settings/.system.FallbackHome for user 0: +598ms
05-30 15:25:23.534 V/WindowManager( 703): Sent Transition #0 createdAt=05-30 15:25:21.909
05-30 15:25:23.537 I/audio_hw_hal_primary( 480): [adev_set_parameters:4123] dev:0xf07c3dc0, kv: SOURCE_GAIN=0.0 0.0 0.0 0.0 0.0
05-30 15:25:23.537 D/audio_hw_hal_hfp( 480): [audio_extn_hfp_set_parameters:739] audio_extn_hfp_set_parameters
05-30 15:25:23.537 I/audio_hw_aq_eqdrc( 480): set_AQ_parameters() audio source gain: atv:0.000000, dtv:0.000000, hdmiin:0.000000, av:0.000000, media:0.000000
05-30 15:25:23.537 D/audio_hw_hal_primary( 480): get AQ param(kv: SOURCE_GAIN=0.0 0.0 0.0 0.0 0.0 )
05-30 15:25:23.538 V/WindowManager( 703): startWCT=WindowContainerTransaction { changes = {} hops = [] errorCallbackToken=null taskFragmentOrganizer=null }
05-30 15:25:23.538 V/WindowManager( 703): info=null
05-30 15:25:23.544 I/OutputModeManager( 1156): getPropertyString key:persist.vendor.sys.dtsdrcscale def:0
05-30 15:25:23.546 V/WindowManager( 703): Finish Transition #0: created at
05-30 15:25:21.909 collect-started=0.254ms request-sent=0.314ms started=19.359ms ready=1348.506ms sent=1615.985ms finished=1635.963ms
05-30 15:25:23.547 I/OutputModeManager( 1156): writeSysfs path:/sys/class/audiodsp/dts_dec_control value:0x00
05-30 15:25:23.548 D/ActivityManagerTiming( 703): FinishBooting
05-30 15:25:23.549 I/SystemControl( 313): [/Ubootenv.cpp, get, 345] [ubootenv] search end and not find env:ffv_wake
05-30 15:25:23.549 D/ActivityThread( 1139): Loading provider com.android.bluetooth.opp: com.android.bluetooth.opp.BluetoothOppProvider
05-30 15:25:23.550 I/DroidAudioCore( 1156): initVadStatus uboot status:off, prop:off
05-30 15:25:23.550 D/WindowManager( 703): updateCecScreenStatus 0
05-30 15:25:23.550 D/HDMI ( 703): setCecSettingIntValue name:cec_screen_state, value:0
05-30 15:25:23.550 I/HDMI ( 703): screen state is changing to 0
05-30 15:25:23.551 I/SysControlManager( 1156): setListener
05-30 15:25:23.553 D/BtOppService( 1139): setBluetoothOppService(): set to: com.android.bluetooth.opp.BluetoothOppService@abeb678
05-30 15:25:23.553 D/ActivityAttributionService( 1139): notifyActivityAttributionInfo UID=1002 packageName=com.android.bluetooth deviceAddress=no_active_device_address
05-30 15:25:23.553 I/bt_btif ( 1139): packages/modules/Bluetooth/system/btif/src/bluetooth.cc:829 get_profile_interface: get_profile_interface: id = activity_attribution
05-30 15:25:23.553 I/DroidlogicApplication( 1156): set BluetoothAutoPairReceiver disabled
05-30 15:25:23.564 D/BluetoothPanServiceJni( 1139): initializeNative(L113): pan
05-30 15:25:23.564 W/Looper ( 1156): Slow dispatch took 3327ms main h=android.app.ActivityThread$H c=null m=110
05-30 15:25:23.564 I/bt_btif ( 1139): packages/modules/Bluetooth/system/btif/src/bluetooth.cc:829 get_profile_interface: get_profile_interface: id = pan
05-30 15:25:23.564 D/CompatibilityChangeReporter( 1156): Compat change id reported: 150939131; UID 1000; state: ENABLED
05-30 15:25:23.564 I/bt_l2cap( 1139): packages/modules/Bluetooth/system/stack/l2cap/l2c_api.cc:172 L2CA_Register: L2CAP Registered service classic PSM: 0x000f
05-30 15:25:23.565 I/bt_bta_dm( 1139): packages/modules/Bluetooth/system/bta/dm/bta_dm_act.cc:3456 bta_dm_eir_update_uuid: EIR Adding UUID=0x1116 into extended inquiry response
05-30 15:25:23.565 I/bt_bta_dm( 1139): packages/modules/Bluetooth/system/bta/dm/bta_dm_act.cc:3155 bta_dm_set_eir: Generating extended inquiry response packet EIR
05-30 15:25:23.565 I/bt_bta_dm( 1139): packages/modules/Bluetooth/system/bta/dm/bta_dm_act.cc:3456 bta_dm_eir_update_uuid: EIR Adding UUID=0x1115 into extended inquiry response
05-30 15:25:23.565 I/bt_bta_dm( 1139): packages/modules/Bluetooth/system/bta/dm/bta_dm_act.cc:3155 bta_dm_set_eir: Generating extended inquiry response packet EIR
05-30 15:25:23.565 I/bt_bta_dm( 1139): packages/modules/Bluetooth/system/bta/dm/bta_dm_act.cc:3456 bta_dm_eir_update_uuid: EIR Adding UUID=0x1116 into extended inquiry response
05-30 15:25:23.565 I/bt_bta_dm( 1139): packages/modules/Bluetooth/system/bta/dm/bta_dm_act.cc:3155 bta_dm_set_eir: Generating extended inquiry response packet EIR
05-30 15:25:23.565 I/bt_bta_dm( 1139): packages/modules/Bluetooth/system/bta/dm/bta_dm_act.cc:3456 bta_dm_eir_update_uuid: EIR Adding UUID=0x1115 into extended inquiry response
05-30 15:25:23.565 I/bt_bta_dm( 1139): packages/modules/Bluetooth/system/bta/dm/bta_dm_act.cc:3155 bta_dm_set_eir: Generating extended inquiry response packet EIR
05-30 15:25:23.565 D/BluetoothPanServiceJni( 1139): control_state_callback(L60): state:0, local_role:3, ifname:bt-pan
05-30 15:25:23.566 I/DroidAudioCore( 1156): needSyncDroidSetting internal audio format:0, android format:1
05-30 15:25:23.566 I/DroidAudioCore( 1156): needSyncDroidSetting internal audio format:0, android format:1
05-30 15:25:23.566 D/DroidlogicApplication( 1156): bootvideo stopped, start initializing AudioEffect
05-30 15:25:23.568 I/TetheringManager( 1139): registerTetheringEventCallback:com.android.bluetooth
05-30 15:25:23.569 I/TetheringManager( 1139): registerTetheringEventCallback caller:com.android.bluetooth
05-30 15:25:23.570 D/AvrcpVolumeManager( 1139): onAudioDevicesAdded: Not expecting device changed
05-30 15:25:23.570 D/HeadsetPhoneState( 1139): sendDeviceStateChanged. mService=0 mSignal=0 mRoam=0 mBatteryCharge=3
05-30 15:25:23.571 W/ContextImpl( 1156): Calling a method in the system process without a qualified user: android.app.ContextImpl.startService:1899 android.content.ContextWrapper.startService:825 com.droidlogic.DroidlogicApplication$1.handleMessage:93 android.os.Handler.dispatchMessage:106 android.os.Looper.loopOnce:205
05-30 15:25:23.571 D/CompatibilityChangeReporter( 1139): Compat change id reported: 150939131; UID 1002; state: ENABLED
05-30 15:25:23.572 D/AdapterProperties( 1139): onBluetoothReady, state=TURNING_ON, ScanMode=20
05-30 15:25:23.577 D/BluetoothAdapterService( 1139): updateUuids() - Updating UUIDs for bonded devices
05-30 15:25:23.577 I/BluetoothAdapterService( 1139): initProfileServices: Initializing all bluetooth profile services
05-30 15:25:23.577 W/HeadsetClientService( 1139): getHeadsetClientService(): service is null
05-30 15:25:23.577 W/BluetoothMapService( 1139): getBluetoothMapService(): service is null
05-30 15:25:23.577 W/MapClientService( 1139): getMapClientService(): service is null
05-30 15:25:23.577 D/HidDeviceService( 1139): getHidDeviceService(): service is NULL
05-30 15:25:23.577 W/BluetoothPbapService( 1139): getBluetoothPbapService(): service is null
05-30 15:25:23.577 W/PbapClientService( 1139): getPbapClientService(): service is null
05-30 15:25:23.577 W/HapClientService( 1139): getHapClientService(): service is NULL
05-30 15:25:23.577 W/SapService( 1139): getSapService(): service is null
05-30 15:25:23.577 W/VolumeControlService( 1139): getVolumeControlService(): service is NULL
05-30 15:25:23.578 W/CsipSetCoordinatorService( 1139): getCsipSetCoordinatorService(): service is NULL
05-30 15:25:23.578 W/LeAudioService( 1139): getLeAudioService(): service is NULL
05-30 15:25:23.578 W/BassClientService( 1139): getBassClientService(): service is NULL
05-30 15:25:23.578 W/BatteryService( 1139): getBatteryService(): service is NULL
05-30 15:25:23.579 I/AdapterState( 1139): ON : entered
05-30 15:25:23.580 D/AdapterProperties( 1139): Setting state to ON
05-30 15:25:23.580 D/AdapterProperties( 1139): Scan Mode:21
05-30 15:25:23.581 D/AdapterProperties( 1139): Discoverable Timeout:120
05-30 15:25:23.581 D/AdapterProperties( 1139): mLocalIOCapability set to 1
05-30 15:25:23.581 D/AudioEffectsService( 1156): AudioEffectsService onCreate
05-30 15:25:23.581 I/BluetoothCompanionManager( 1139): Companion device is null, type=0
05-30 15:25:23.582 I/BluetoothAdapterService( 1139): sendUuidsInternal: Received service discovery UUIDs for device XX:XX:XX:XX:C0:22
05-30 15:25:23.582 D/BluetoothAdapterService( 1139): index=0uuid=0000180f-0000-1000-8000-00805f9b34fb
05-30 15:25:23.582 D/BluetoothAdapterService( 1139): index=1uuid=00001812-0000-1000-8000-00805f9b34fb
05-30 15:25:23.582 I/BluetoothPhonePolicy( 1139): onUuidsDiscovered: discovered services for device XX:XX:XX:XX:C0:22
05-30 15:25:23.582 I/BluetoothPhonePolicy( 1139): processInitProfilePriorities() - device XX:XX:XX:XX:C0:22
05-30 15:25:23.582 W/LeAudioService( 1139): getLeAudioService(): service is NULL
05-30 15:25:23.582 W/CsipSetCoordinatorService( 1139): getCsipSetCoordinatorService(): service is NULL
05-30 15:25:23.582 W/VolumeControlService( 1139): getVolumeControlService(): service is NULL
05-30 15:25:23.582 W/HapClientService( 1139): getHapClientService(): service is NULL
05-30 15:25:23.582 W/BassClientService( 1139): getBassClientService(): service is NULL
05-30 15:25:23.582 W/BatteryService( 1139): getBatteryService(): service is NULL
05-30 15:25:23.582 V/BluetoothDatabase( 1139): getProfileConnectionPolicy: device XX:XX:XX:XX:C0:22 profile=HID_HOST, connectionPolicy=100
05-30 15:25:23.583 D/BluetoothAdapterService( 1139): updateAdapterState() - Broadcasting state ON to 1 receivers.
05-30 15:25:23.584 D/BluetoothManagerService( 703): MESSAGE_BLUETOOTH_STATE_CHANGE: TURNING_ON > ON
05-30 15:25:23.584 D/BluetoothManagerService( 703): Broadcasting onBluetoothStateChange(true) to 13 receivers.
05-30 15:25:23.584 D/BluetoothA2dp( 703): Binding service...
05-30 15:25:23.584 D/BluetoothManagerService( 703): Creating new ProfileServiceConnections object for profile: 2
05-30 15:25:23.586 D/CompatibilityChangeReporter( 1156): Compat change id reported: 263076149; UID 1000; state: ENABLED
05-30 15:25:23.587 D/CompatibilityChangeReporter( 703): Compat change id reported: 261072174; UID 1000; state: ENABLED
05-30 15:25:23.588 D/xm_audio( 480): adev_get_parameters
05-30 15:25:23.589 D/BluetoothHeadset( 703): Binding service...
05-30 15:25:23.589 D/BluetoothManagerService( 703): Creating new ProfileServiceConnections object for profile: 1
05-30 15:25:23.592 D/BluetoothHearingAid( 703): Binding service...
05-30 15:25:23.592 D/BluetoothManagerService( 703): Creating new ProfileServiceConnections object for profile: 21
05-30 15:25:23.594 D/BluetoothA2dpSink( 703): Binding service...
05-30 15:25:23.594 W/BluetoothManagerService( 703): Cannot bind profile: 11, not in supported profiles list
05-30 15:25:23.594 D/BluetoothLeAudio( 703): Binding service...
05-30 15:25:23.594 W/BluetoothManagerService( 703): Cannot bind profile: 22, not in supported profiles list
05-30 15:25:23.594 D/BluetoothA2dp( 703): Binding service...
05-30 15:25:23.594 D/BluetoothA2dp( 703): Binding service...
05-30 15:25:23.594 D/BluetoothLeAudio( 703): Binding service...
05-30 15:25:23.594 W/BluetoothManagerService( 703): Cannot bind profile: 22, not in supported profiles list
05-30 15:25:23.594 D/BluetoothHearingAid( 703): Binding service...
05-30 15:25:23.594 D/BluetoothLeAudioBroadcast( 703): Binding service...
05-30 15:25:23.594 W/BluetoothManagerService( 703): Cannot bind profile: 26, not in supported profiles list
05-30 15:25:23.594 D/BluetoothHearingAid( 984): Binding service...
05-30 15:25:23.594 D/BluetoothHearingAid( 703): Binding service...
05-30 15:25:23.594 I/AudioEffectsService( 1156): handleActionStartUp: is tv:false
05-30 15:25:23.594 D/BluetoothLeAudio( 703): Binding service...
05-30 15:25:23.594 W/BluetoothManagerService( 703): Cannot bind profile: 22, not in supported profiles list
05-30 15:25:23.594 D/BluetoothManagerService( 703): Sending BLE State Change: TURNING_ON > ON
05-30 15:25:23.594 D/SoundEffectManager( 1156): init
05-30 15:25:23.595 D/BluetoothManagerService( 703): Sending State Change: TURNING_ON > ON
05-30 15:25:23.604 D/LocalBluetoothProfileManager( 984): Adding local A2DP profile
05-30 15:25:23.606 D/BluetoothA2dp( 984): Binding service...
05-30 15:25:23.607 D/LocalBluetoothProfileManager( 984): Adding local HEADSET profile
05-30 15:25:23.607 D/BootAnimation( 251): BootAnimationShownTiming End time: 21719ms
05-30 15:25:23.608 D/xm_audio( 480): adev_get_parameters
05-30 15:25:23.608 D/BluetoothHeadset( 984): Binding service...
05-30 15:25:23.609 D/LocalBluetoothProfileManager( 984): Adding local OPP profile
05-30 15:25:23.609 D/SoundEffectManager( 1156): getEffectFunctionConfig: UI:0 value:0
05-30 15:25:23.610 D/LocalBluetoothProfileManager( 984): Adding local HID_HOST profile
05-30 15:25:23.610 D/ActiveDeviceManager( 1139): handleAdapterStateChanged: currentState=12
05-30 15:25:23.611 D/xm_audio( 480): adev_get_parameters
05-30 15:25:23.612 D/BluetoothHidHost( 984): Binding service...
05-30 15:25:23.612 D/BluetoothManagerService( 703): Creating new ProfileServiceConnections object for profile: 4
05-30 15:25:23.612 D/SoundEffectManager( 1156): getEffectFunctionConfig: UI:1 value:0
05-30 15:25:23.613 D/BluetoothAdapterService( 1139): isQuietModeEnabled() - Enabled = false
05-30 15:25:23.613 I/BluetoothPhonePolicy( 1139): autoConnect: Initiate auto connection on BT on...
05-30 15:25:23.613 D/BluetoothDatabase( 1139): getMostRecentlyConnectedA2dpDevice: Invalid address for device null
05-30 15:25:23.613 E/BluetoothPhonePolicy( 1139): autoConnect: most recently active a2dp device is null
05-30 15:25:23.613 D/BtOppService( 1139): start Socket Listeners
05-30 15:25:23.613 D/BtOppService( 1139): stopListeners: mServerSocket is null
05-30 15:25:23.613 D/ObexServerSockets( 1139): create(rfcomm = -2, l2capPsm = -2)
05-30 15:25:23.614 D/xm_audio( 480): adev_get_parameters
05-30 15:25:23.614 D/SoundEffectManager( 1156): getEffectFunctionConfig: UI:2 value:0
05-30 15:25:23.615 D/LocalBluetoothProfileManager( 984): Adding local PAN profile
05-30 15:25:23.616 I/bt_btif_sock( 1139): packages/modules/Bluetooth/system/btif/src/btif_sock.cc:161 btif_sock_connection_logger: address=00:00:00:00:00:00, role=1, state=1
05-30 15:25:23.616 I/bt_btif_sock_rfcomm( 1139): packages/modules/Bluetooth/system/btif/src/btif_sock_rfc.cc:320 btsock_rfc_listen: Adding listening socket service_name: (null) - channel: -2
05-30 15:25:23.616 I/bt_stack( 1139): [INFO:port_api.cc(220)] RFCOMM_CreateConnectionWithSecurity: bd_addr=ff:ff:ff:ff:ff:ff, scn=4, is_server=1, mtu=990, uuid=000000, dlci=8, signal_state=0x0b, p_port=0xc469da10
05-30 15:25:23.616 I/bt_btif_sock( 1139): packages/modules/Bluetooth/system/btif/src/btif_sock.cc:161 btif_sock_connection_logger: address=00:00:00:00:00:00, role=1, state=1
05-30 15:25:23.616 D/BluetoothAdapter( 1139): listenUsingInsecureL2capOn: port=-2
05-30 15:25:23.617 D/xm_audio( 480): adev_get_parameters
05-30 15:25:23.617 D/BluetoothPan( 984): Binding service...
05-30 15:25:23.618 D/BluetoothManagerService( 703): Creating new ProfileServiceConnections object for profile: 5
05-30 15:25:23.618 D/SoundEffectManager( 1156): getEffectFunctionConfig: UI:3 value:0
05-30 15:25:23.619 D/xm_audio( 480): adev_get_parameters
05-30 15:25:23.620 D/SoundEffectManager( 1156): getEffectFunctionConfig: UI:4 value:0
05-30 15:25:23.622 D/xm_audio( 480): adev_get_parameters
05-30 15:25:23.622 I/bt_btif_sock( 1139): packages/modules/Bluetooth/system/btif/src/btif_sock.cc:161 btif_sock_connection_logger: address=00:00:00:00:00:00, role=1, state=1
05-30 15:25:23.622 I/bluetooth( 1139): packages/modules/Bluetooth/system/btif/src/btif_sock_l2cap.cc:332 btsock_l2cap_alloc_l: Allocated l2cap socket structure socket_id:1
05-30 15:25:23.623 D/SoundEffectManager( 1156): getEffectFunctionConfig: UI:5 value:0
05-30 15:25:23.623 I/bt_l2cap( 1139): packages/modules/Bluetooth/system/stack/l2cap/l2c_api.cc:172 L2CA_Register: L2CAP Registered service classic PSM: 0x1001
05-30 15:25:23.623 I/bt_btif_sock( 1139): packages/modules/Bluetooth/system/btif/src/btif_sock.cc:161 btif_sock_connection_logger: address=00:00:00:00:00:00, role=1, state=1
05-30 15:25:23.623 I/bluetooth( 1139): packages/modules/Bluetooth/system/btif/src/btif_sock_l2cap.cc:357 send_app_psm_or_chan_l: Sending l2cap socket socket_id:1 channel:4097
05-30 15:25:23.624 D/BootAnimation( 251): BootAnimationStopTiming start time: 21736ms
05-30 15:25:23.624 D/BluetoothAdapter( 1139): listenUsingInsecureL2capOn: set assigned channel to 4097
05-30 15:25:23.624 D/ObexServerSockets( 1139): Succeed to create listening sockets
05-30 15:25:23.624 D/ObexServerSockets0( 1139): startAccept()
05-30 15:25:23.625 D/ObexServerSockets0( 1139): Accepting socket connection...
05-30 15:25:23.625 D/BluetoothSocket( 1139): accept(), timeout (ms):-1
05-30 15:25:23.625 D/BluetoothSdpJni( 1139): sdpCreateOppOpsRecordNative
05-30 15:25:23.625 D/BluetoothSdpJni( 1139): SDP Create record success - handle: 0
05-30 15:25:23.625 D/BtOppService( 1139): mOppSdpHandle :0
05-30 15:25:23.625 I/bt_bta_dm( 1139): packages/modules/Bluetooth/system/bta/dm/bta_dm_act.cc:3456 bta_dm_eir_update_uuid: EIR Adding UUID=0x1105 into extended inquiry response
05-30 15:25:23.625 I/bt_bta_dm( 1139): packages/modules/Bluetooth/system/bta/dm/bta_dm_act.cc:3155 bta_dm_set_eir: Generating extended inquiry response packet EIR
05-30 15:25:23.625 E/bt_btif ( 1139): packages/modules/Bluetooth/system/main/bte_logmsg.cc:105 LogMsg: toggleProfile: Unknown service 255 being enabled
05-30 15:25:23.626 D/ObexServerSockets0( 1139): Accepting socket connection...
05-30 15:25:23.626 D/BluetoothSocket( 1139): accept(), timeout (ms):-1
05-30 15:25:23.626 D/xm_audio( 480): adev_get_parameters
05-30 15:25:23.626 D/SoundEffectManager( 1156): getEffectFunctionConfig: UI:6 value:0
05-30 15:25:23.627 D/SoundEffectManager( 1156): getEffectFunctionConfig: unknown UI_ID:7
05-30 15:25:23.629 D/xm_audio( 480): adev_get_parameters
05-30 15:25:23.631 D/SoundEffectManager( 1156): getEffectFunctionConfig: UI:8 value:0
05-30 15:25:23.631 I/libperfmgr( 488): Hint type not present in actions: EXPENSIVE_RENDERING
05-30 15:25:23.631 I/android.hardware.power-service.libperfmgr( 488): Power mode EXPENSIVE_RENDERING isModeSupported: 0
05-30 15:25:23.632 D/xm_audio( 480): adev_get_parameters
05-30 15:25:23.633 D/SoundEffectManager( 1156): getEffectFunctionConfig: UI:9 value:0
05-30 15:25:23.639 D/LocalBluetoothProfileManager( 984): Current Profiles[]
05-30 15:25:23.639 D/xm_audio( 480): adev_get_parameters
05-30 15:25:23.639 D/LocalBluetoothProfileManager( 984): New Profiles[HID]
05-30 15:25:23.639 D/CachedBluetoothDevice( 984): updating profiles for XX:XX:XX:XX:C0:22
05-30 15:25:23.640 D/SoundEffectManager( 1156): getEffectFunctionConfig: UI:10 value:0
05-30 15:25:23.641 D/xm_audio( 480): adev_get_parameters
05-30 15:25:23.641 D/SoundEffectManager( 1156): getEffectFunctionConfig: UI:11 value:0
05-30 15:25:23.642 D/BluetoothAdapter( 984): getActiveDevices(profile= A2DP)
05-30 15:25:23.642 D/xm_audio( 480): adev_get_parameters
05-30 15:25:23.642 D/SoundEffectManager( 1156): getEffectFunctionConfig: UI:12 value:0
05-30 15:25:23.644 D/xm_audio( 480): adev_get_parameters
05-30 15:25:23.644 I/BluetoothAdapterService( 1139): getActiveDevices: A2dp device: null
05-30 15:25:23.644 D/SoundEffectManager( 1156): getEffectFunctionConfig: UI:13 value:0
05-30 15:25:23.644 D/SoundEffectManager( 1156): getEffectFunctionConfig: unknown UI_ID:14
05-30 15:25:23.645 D/BluetoothAdapter( 984): getActiveDevices(profile= HEADSET)
05-30 15:25:23.646 I/BluetoothAdapterService( 1139): getActiveDevices: Headset device: null
05-30 15:25:23.647 D/BluetoothAdapter( 984): getActiveDevices(profile= HEARING_AID)
05-30 15:25:23.648 I/BluetoothAdapterService( 1139): getActiveDevices: Hearing Aid devices: Left[null] - Right[null]
05-30 15:25:23.667 I/audio_hw_hal_primary( 480): [audiohal_get_latency:1333] io 13: out:0xf0703260 frames:1024 rate:48000 whole_latency:21 alsa_latency:21
05-30 15:25:23.667 D/AudioFlinger( 541): Client defaulted notificationFrames to 2050 for frameCount 4100
05-30 15:25:23.679 I/audio_hw_hal_primary( 480): [audiohal_get_latency:1333] io 13: out:0xf0703260 frames:1280 rate:48000 whole_latency:26 alsa_latency:26
05-30 15:25:23.685 W/AudioTrack( 1156): Use of stream types is deprecated for operations other than volume control
05-30 15:25:23.685 W/AudioTrack( 1156): See the documentation of AudioTrack() for what to use instead with android.media.AudioAttributes to qualify your playback use case
05-30 15:25:23.685 I/SoundEffectManager( 1156): applyAudioEffectByPlayEmptyTrack create empty AudioTrack to applay AudioEffect
05-30 15:25:23.686 I/audio_hw_hal_primary( 480): [audiohal_get_latency:1333] io 69: out:0xf07064b0 frames:1152 rate:48000 whole_latency:24 alsa_latency:24
05-30 15:25:23.686 I/audio_hw_hal_primary( 480): [audiohal_get_latency:1333] io 13: out:0xf0703260 frames:1152 rate:48000 whole_latency:24 alsa_latency:24
05-30 15:25:23.688 D/MediaRouter( 703): onRestoreRoute() : route=RouteInfo{ name=外部设备, description=null, status=null, category=RouteCategory{ name=系统 types=ROUTE_TYPE_LIVE_AUDIO ROUTE_TYPE_LIVE_VIDEO groupable=false }, supportedTypes=ROUTE_TYPE_LIVE_AUDIO ROUTE_TYPE_LIVE_VIDEO , presentationDisplay=null }
05-30 15:25:23.689 D/BluetoothA2dp( 703): Proxy object connected
05-30 15:25:23.689 V/MediaRouter( 703): Selecting route: RouteInfo{ name=外部设备, description=null, status=null, category=RouteCategory{ name=系统 types=ROUTE_TYPE_LIVE_AUDIO ROUTE_TYPE_LIVE_VIDEO groupable=false }, supportedTypes=ROUTE_TYPE_LIVE_AUDIO ROUTE_TYPE_LIVE_VIDEO , presentationDisplay=null }
05-30 15:25:23.689 D/CompatibilityChangeReporter( 703): Compat change id reported: 171306433; UID 1000; state: ENABLED
05-30 15:25:23.689 D/CompatibilityChangeReporter( 703): Compat change id reported: 218533173; UID 1000; state: ENABLED
05-30 15:25:23.692 D/BluetoothHeadset( 703): Proxy object connected
05-30 15:25:23.693 D/BluetoothAdapter( 703): getActiveDevices(profile= HEADSET)
05-30 15:25:23.694 D/BluetoothHearingAid( 703): Proxy object connected
05-30 15:25:23.694 D/BluetoothA2dp( 703): Proxy object connected
05-30 15:25:23.694 D/BluetoothAdapter( 703): getActiveDevices(profile= HEARING_AID)
05-30 15:25:23.696 I/BluetoothAdapterService( 1139): getActiveDevices: Headset device: null
05-30 15:25:23.696 D/BluetoothA2dp( 703): Proxy object connected
05-30 15:25:23.696 I/AS.BtHelper( 703): onSetBtScoActiveDevice: (null) -> (null)
05-30 15:25:23.696 D/BluetoothHearingAid( 703): Proxy object connected
05-30 15:25:23.696 D/BluetoothHearingAid( 703): Proxy object connected
05-30 15:25:23.697 D/BluetoothHearingAid( 984): Proxy object connected
05-30 15:25:23.698 I/BluetoothAdapterService( 1139): getActiveDevices: Hearing Aid devices: Left[null] - Right[null]
05-30 15:25:23.701 D/BluetoothAdapter( 703): getActiveDevices(profile= A2DP)
05-30 15:25:23.702 I/audio_hw_hal_primary( 480): [register_audio_patch:8220] Patch 1:id:1 mix(io:13)->dev_0[OUT_SPEAKER(id:2)] found, remove it, and register new patch.
05-30 15:25:23.702 I/audio_hw_hal_primary( 480): [unregister_audio_patch:8167] delete the Patch: 1
05-30 15:25:23.702 I/audio_hw_hal_primary( 480): [aml_audio_output_routing:3986] cur_devices:0x2 unmute_devices:0x400, mute_devices:0x2
05-30 15:25:23.703 I/audio_hw_hal_primary( 480): [aml_audio_outport_enable:3899] all: 0x80002, pre:0x2, mute device: OUT_SPEAKER
05-30 15:25:23.703 D/audio_route( 480): Apply path: speaker_off
05-30 15:25:23.703 D/audio_hw_hal_resourcemgr( 480): [do_output_device_routing:592] [RM] device:0x2 avail_out_devices:400 routed_out_device:0x0 is_force:0
05-30 15:25:23.703 I/audio_hw_hal_primary( 480): [aml_audio_outport_enable:3974] dev=0xf07c3dc0 cur_out_device=0x0/
05-30 15:25:23.703 I/audio_hw_hal_primary( 480): [aml_audio_outport_enable:3899] all: 0x80002, pre:0, unmute device: OUT_HDMI
05-30 15:25:23.703 D/audio_hw_hal_resourcemgr( 480): [set_output_device_avail:353] device:0x400 avail_out_devices:400 routed_out_devices:0x0
05-30 15:25:23.703 D/audio_route( 480): Apply path: hdmi
05-30 15:25:23.704 I/BluetoothAdapterService( 1139): getActiveDevices: A2dp device: null
05-30 15:25:23.704 I/SystemControl( 313): [/UEventObserver.cpp, HDMITxUenventThreadLoop, 451] HDMI TX switch_name:hdmitx_current_status, switch_state: 6
05-30 15:25:23.705 D/audio_hw_hal_resourcemgr( 480): [do_output_device_routing:592] [ADD] device:0x400 avail_out_devices:400 routed_out_device:0x400 is_force:0
05-30 15:25:23.705 D/audio_hw_hal_stream( 480): update_sink_format_after_hotplug() active stream is ms12_out 0xf0705d80
05-30 15:25:23.705 D/audio_hw_hal_profile( 480): get_hdmi_sink_cap_new is running...
05-30 15:25:23.705 D/audio_hw_hal_profile( 480): query hdmi format...
05-30 15:25:23.705 D/audio_hw_hal_profile( 480): get_hdmi_sink_cap_new ddp is supported; ddp-joc(atmos) is unsupported;
05-30 15:25:23.705 I/audio_hw_hal_profile( 480): PCM cap Max channel =2
05-30 15:25:23.705 I/audio_hw_hal_stream( 480): get_sink_capability mbox+dvb case sink_capability = 0xe000000
05-30 15:25:23.705 I/audio_hw_hal_stream( 480): force ddp out =0
05-30 15:25:23.705 D/audio_hw_hal_profile( 480): get_hdmi_sink_cap_new is running...
05-30 15:25:23.705 D/audio_hw_hal_profile( 480): query hdmi format...
05-30 15:25:23.705 D/audio_hw_hal_profile( 480): get_hdmi_sink_cap_new ddp is supported; ddp-joc(atmos) is unsupported;
05-30 15:25:23.705 I/audio_hw_hal_profile( 480): PCM cap Max channel =2
05-30 15:25:23.705 I/audio_hw_hal_stream( 480): [get_sink_dts_capability:212] mbox+dvb case sink_capability: PCM_16_BIT(0x1)
05-30 15:25:23.705 D/audio_hw_hal_profile( 480): get_hdmi_sink_cap_new is running...
05-30 15:25:23.705 D/audio_hw_hal_profile( 480): query hdmi format...
05-30 15:25:23.705 D/audio_hw_hal_profile( 480): get_hdmi_sink_cap_new ddp is supported; ddp-joc(atmos) is unsupported;
05-30 15:25:23.705 I/audio_hw_hal_profile( 480): PCM cap Max channel =2
05-30 15:25:23.705 I/audio_hw_hal_stream( 480): [get_sink_mpegh_capability:245] mbox+dvb case sink_capability: PCM_16_BIT(0x1)
05-30 15:25:23.705 D/audio_hw_hal_profile( 480): get_hdmi_sink_cap_new is running...
05-30 15:25:23.706 D/audio_hw_hal_profile( 480): [get_hdmi_sink_cap_new:960] query hdmi sample_rate... format: PCM_16_BIT(0x1)
05-30 15:25:23.706 I/audio_hw_hal_profile( 480): get_hdmi_sink_cap_new format =0x1 support rate =sup_sampling_rates=32000|44100|48000
05-30 15:25:23.706 I/audio_hw_hal_stream( 480): pcm_fmt support sample_rate_mask:0x7
05-30 15:25:23.706 I/audio_hw_hal_stream( 480): get_sink_dv_capability : /sys/class/amhdmitx/amhdmitx0/hdmi_hdr_status = HDR10-GAMMA_ST2084
05-30 15:25:23.706 I/audio_hw_hal_stream( 480): get_sink_dv_capability : dv enable 0
05-30 15:25:23.706 I/audio_hw_hal_stream( 480): [get_sink_format:446] out:0xf0705d80 out devices:0x80002 cur_out_devices:0 format:PCM_16_BIT(0x1) digital_mode(PCM) sink cap:DOLBY_TRUEHD(0xe000000)
05-30 15:25:23.706 I/audio_hw_hal_stream( 480): get_sink_format() HDMI ARC or mbox + dvb case
05-30 15:25:23.706 I/audio_hw_hal_stream( 480): [get_sink_format:645] sink_format:PCM_16_BIT(0x1) max channel:2 optical_format:PCM_16_BIT(0x1) dual_output 0
05-30 15:25:23.706 I/audio_hw_hal_ms12common( 480): audiohal_send_msg_2_ms12 mesg_type:MS12_MESG_TYPE_RESET_MS12_ENCODER entry
05-30 15:25:23.706 I/audio_hw_hal_ms12common( 480): audiohal_send_msg_2_ms12 mesg_type:MS12_MESG_TYPE_RESET_MS12_ENCODER exit
05-30 15:25:23.706 I/audio_hw_hal_primary( 480): [aml_audio_outport_enable:3974] dev=0xf07c3dc0 cur_out_device=0x400/HDMI,
05-30 15:25:23.706 I/audio_hw_hal_primary( 480): [adev_create_audio_patch:8316] Patch 3: MIX->DEVICE, num_src:1 num_sink:1 patch_src:INVAL
05-30 15:25:23.706 I/audio_hw_hal_primary( 480): [adev_create_audio_patch:8320] sink[0]: OUT_HDMI(id:22)
05-30 15:25:23.706 I/audio_hw_hal_primary( 480): [adev_create_audio_patch:8377] Patch 3: mix(io:13) -> dev[OUT_HDMI(id:22)]
05-30 15:25:23.706 D/audio_hw_hal_ms12common( 480): ms12_message_threadloop(), msg type: MS12_MESG_TYPE_RESET_MS12_ENCODER
05-30 15:25:23.706 I/audio_hw_hal_ms12v2( 480): +dolby_ms12_encoder_reconfig()
05-30 15:25:23.706 D/libdolbyms12( 480): mch_enable 0
05-30 15:25:23.706 I/audio_hw_hal_ms12v2( 480): arc is reconnected, reset spdif output
05-30 15:25:23.706 D/audio_hw_hal_continuous_standby( 480): audio_continuous_standby_set, type 1, params 8
05-30 15:25:23.706 I/audio_hw_hal_ms12v2( 480): ms12_close_all_spdifout id=0 spdif handle =0xf2ec15d0
05-30 15:25:23.706 I/audio_hw_decoder_ms12v2( 480): setHDMIOutoutType() mHdmiOutputType 0
05-30 15:25:23.706 I/audio_hw_hal_spdifout( 480): aml_audio_spdifout_close close spdif output bitstream id=4 handle 0xf3441190, phandle:0xf2ec15d0
05-30 15:25:23.706 I/audio_hw_hal_ms12v2( 480): dolby_ms12_encoder_reconfig new out config =0x8
05-30 15:25:23.706 I/audio_hw_hal_alsamgr( 480):
05-30 15:25:23.706 I/audio_hw_hal_alsamgr( 480): +aml_alsa_output_close_new() handle 0xf3441190
05-30 15:25:23.706 D/libdolbyms12( 480): ms12_encoder_close() line 1184 release EncHandle
05-30 15:25:23.706 I/audio_hw_utils_tinyalsa( 480): pcm_close(): fd = 16
05-30 15:25:23.708 D/BluetoothA2dp( 984): Proxy object connected
05-30 15:25:23.708 E/BpTransactionCompletedListener( 263): Failed to transact (-32)
05-30 15:25:23.709 D/UEventObserver( 1156): change@/devices/platform/auge_sound/sound/card0/controlC0ACTION=changeDEVPATH=/devices/platform/auge_sound/sound/card0/controlC0SUBSYSTEM=soundAUDIO_FORMAT=0MAJOR=116MINOR=13DEVNAME=snd/controlC0SEQNUM=3512
05-30 15:25:23.710 I/audio_hw_hal_primary( 480): [adev_create_audio_patch:8445] dev=0xf07c3dc0 cur_out_device=0x400
05-30 15:25:23.710 D/BluetoothHeadset( 984): Proxy object connected
05-30 15:25:23.711 I/SurfaceFlinger( 263): Boot is finished (16395 ms)
05-30 15:25:23.712 I/audio_hw_hal_primary( 480): [audiohal_get_latency:1333] io 13: out:0xf0703260 frames:640 rate:48000 whole_latency:13 alsa_latency:13
05-30 15:25:23.713 I/audio_hw_hal_alsamgr( 480): -aml_alsa_output_close_new()
05-30 15:25:23.713 I/audio_hw_hal_alsamgr( 480):
05-30 15:25:23.713 I/audio_hw_hal_spdifout( 480): [aml_audio_select_src_to_hdmi:320] src =0
05-30 15:25:23.713 I/audio_hw_hal_ms12v2( 480): ms12_close_all_spdifout id=1 spdif handle =0xf2ec1c90
05-30 15:25:23.713 I/audio_hw_hal_spdifout( 480): aml_audio_spdifout_close close spdif output bitstream id=1 handle 0xf3440320, phandle:0xf2ec1c90
05-30 15:25:23.713 I/audio_hw_hal_alsamgr( 480):
05-30 15:25:23.713 I/audio_hw_hal_alsamgr( 480): +aml_alsa_output_close_new() handle 0xf3440320
05-30 15:25:23.713 I/audio_hw_utils_tinyalsa( 480): pcm_close(): fd = 20
05-30 15:25:23.716 D/BluetoothHidHost( 984): Proxy object connected
05-30 15:25:23.720 I/audio_hw_hal_alsamgr( 480): -aml_alsa_output_close_new()
05-30 15:25:23.720 I/audio_hw_hal_alsamgr( 480):
05-30 15:25:23.720 I/audio_hw_hal_spdifencoder( 480): aml_spdif_encoder_close handle=0xf45402b0
05-30 15:25:23.721 I/audio_hw_hal_alsamgr( 480): raw to lpcm switch aml_alsa_output_write
05-30 15:25:23.724 D/SurfaceFlinger( 263): Power hint is disabled
05-30 15:25:23.725 D/ActivityManagerTiming( 703): FinishBooting
05-30 15:25:23.725 W/Zygote ( 469): forkRepeatedly terminated due to non-simple command
05-30 15:25:23.725 D/Zygote ( 469): mbuffer starts with 1 , nice name is , mEnd = 19, mNext = 19, mLinesLeft = 0, mFd = 5
05-30 15:25:23.727 D/CompatibilityChangeReporter( 703): Compat change id reported: 161145287; UID 1000; state: ENABLED
05-30 15:25:23.728 D/CompatibilityChangeReporter( 703): Compat change id reported: 161145287; UID 1000; state: DISABLED
05-30 15:25:23.729 I/ActivityManager( 703): About to commit checkpoint
05-30 15:25:23.730 I/SystemServiceManager( 703): Starting phase 1000
05-30 15:25:23.730 D/ActivityManagerTiming( 703): OnBootPhase_1000
05-30 15:25:23.730 D/ActivityManagerTiming( 703): OnBootPhase_1000_com.android.server.security.FileIntegrityService
05-30 15:25:23.730 D/ActivityManagerTiming( 703): OnBootPhase_1000_com.android.server.pm.Installer
05-30 15:25:23.730 D/ActivityManagerTiming( 703): OnBootPhase_1000_com.android.server.os.DeviceIdentifiersPolicyService
05-30 15:25:23.730 D/ActivityManagerTiming( 703): OnBootPhase_1000_com.android.server.flags.FeatureFlagsService
05-30 15:25:23.730 D/ActivityManagerTiming( 703): OnBootPhase_1000_com.android.server.uri.UriGrantsManagerService$Lifecycle
05-30 15:25:23.730 D/ActivityManagerTiming( 703): OnBootPhase_1000_com.android.server.powerstats.PowerStatsService
05-30 15:25:23.730 E/PowerStatsService( 703): Failed to start PowerStatsService loggers
05-30 15:25:23.731 D/ActivityManagerTiming( 703): OnBootPhase_1000_com.android.server.permission.access.AccessCheckingService
05-30 15:25:23.731 D/ActivityManagerTiming( 703): OnBootPhase_1000_com.android.server.wm.ActivityTaskManagerService$Lifecycle
05-30 15:25:23.731 D/ActivityManagerTiming( 703): OnBootPhase_1000_com.android.server.am.ActivityManagerService$Lifecycle
05-30 15:25:23.731 D/ActivityManagerTiming( 703): OnBootPhase_1000_com.android.server.pm.DataLoaderManagerService
05-30 15:25:23.731 D/ActivityManagerTiming( 703): OnBootPhase_1000_com.android.server.power.PowerManagerService
05-30 15:25:23.733 D/ActivityManagerTiming( 703): OnBootPhase_1000_com.android.server.power.ThermalManagerService
05-30 15:25:23.733 D/ActivityManagerTiming( 703): OnBootPhase_1000_com.android.server.power.hint.HintManagerService
05-30 15:25:23.733 D/ActivityManagerTiming( 703): OnBootPhase_1000_com.android.server.recoverysystem.RecoverySystemService$Lifecycle
05-30 15:25:23.734 D/ActivityManagerTiming( 703): OnBootPhase_1000_com.android.server.lights.LightsService
05-30 15:25:23.734 D/ActivityManagerTiming( 703): OnBootPhase_1000_com.android.server.display.DisplayManagerService
05-30 15:25:23.734 I/LogicalDisplayMapper( 703): Requesting Transition to state: 0, from state=-1, interactive=true, mBootCompleted=true
05-30 15:25:23.734 I/LogicalDisplayMapper( 703): Applying layout: [{dispId: 0(ON), displayGroupName: , addr: {port=11, model=0x4051eceb140152}, mThermalBrightnessThrottlingMapId: null, mRefreshRateZoneId: null, mLeadDisplayId: -1, mLeadDisplayAddress: null, mThermalRefreshRateThrottlingMapId: null}], Previous layout: [{dispId: 0(ON), displayGroupName: , addr: {port=11, model=0x4051eceb140152}, mThermalBrightnessThrottlingMapId: null, mRefreshRateZoneId: null, mLeadDisplayId: -1, mLeadDisplayAddress: null, mThermalRefreshRateThrottlingMapId: null}]
05-30 15:25:23.734 D/ActivityManagerTiming( 703): OnBootPhase_1000_com.android.server.pm.verify.domain.DomainVerificationService
05-30 15:25:23.735 D/ActivityManagerTiming( 703): OnBootPhase_1000_com.android.server.pm.PackageInstallerService$Lifecycle
05-30 15:25:23.735 D/ActivityManagerTiming( 703): OnBootPhase_1000_com.android.server.pm.UserManagerService$LifeCycle
05-30 15:25:23.735 D/ActivityManagerTiming( 703): OnBootPhase_1000_com.android.server.om.OverlayManagerService
05-30 15:25:23.735 D/ActivityManagerTiming( 703): OnBootPhase_1000_com.android.server.resources.ResourcesManagerService
05-30 15:25:23.735 D/ActivityManagerTiming( 703): OnBootPhase_1000_com.android.server.sensorprivacy.SensorPrivacyService
05-30 15:25:23.735 D/ActivityManagerTiming( 703): OnBootPhase_1000_com.android.server.sensors.SensorService
05-30 15:25:23.735 D/ActivityManagerTiming( 703): OnBootPhase_1000_com.android.server.SystemConfigService
05-30 15:25:23.735 D/ActivityManagerTiming( 703): OnBootPhase_1000_com.android.server.BatteryService
