05-30 15:29:02.798 D/TrafficStats( 2852): tagSocket(131) with statsTag=0xffffffff, statsUid=-1
05-30 15:29:03.270 D/nStackXCoAP( 2953): IsInSameNetwork:[276] :IsInSameNetwork exec
05-30 15:29:03.270 I/nStackXDFinder( 2953): GetLocalInterfaceDetail:[461] :GetLocalInterfaceDetail in
05-30 15:29:03.270 E/nStackXCoAP( 2953): IsInSameNetwork:[281] :IsInSameNetwork: not priority process
05-30 15:29:03.270 D/nStackXCoAP( 2953): ParseServiceDiscover:[330] :new device join
05-30 15:29:03.270 E/nStackXDFinder( 2953): GetLocalIp:[401] :GetLocalIp exec
05-30 15:29:03.774 D/nStackXCoAP( 2953): IsInSameNetwork:[276] :IsInSameNetwork exec
05-30 15:29:03.774 I/nStackXDFinder( 2953): GetLocalInterfaceDetail:[461] :GetLocalInterfaceDetail in
05-30 15:29:03.774 E/nStackXCoAP( 2953): IsInSameNetwork:[281] :IsInSameNetwork: not priority process
05-30 15:29:03.774 D/nStackXCoAP( 2953): ParseServiceDiscover:[330] :new device join
05-30 15:29:03.774 E/nStackXDFinder( 2953): GetLocalIp:[401] :GetLocalIp exec
05-30 15:29:04.282 D/nStackXCoAP( 2953): IsInSameNetwork:[276] :IsInSameNetwork exec
05-30 15:29:04.282 I/nStackXDFinder( 2953): GetLocalInterfaceDetail:[461] :GetLocalInterfaceDetail in
05-30 15:29:04.282 E/nStackXCoAP( 2953): IsInSameNetwork:[281] :IsInSameNetwork: not priority process
05-30 15:29:04.282 D/nStackXCoAP( 2953): ParseServiceDiscover:[330] :new device join
05-30 15:29:04.282 E/nStackXDFinder( 2953): GetLocalIp:[401] :GetLocalIp exec
05-30 15:29:04.506 I/WifiHAL ( 522): call wifi_get_link_stats handler
05-30 15:29:04.506 I/WifiHAL ( 522): Creating message to get link statistics; iface = 16
05-30 15:29:04.506 D/WifiHAL ( 522): error code -95 mapped to -3
05-30 15:29:04.507 E/WifiStaIfaceAidlImpl( 703): getLinkLayerStats failed with service-specific exception: android.os.ServiceSpecificException: (code 4)
05-30 15:29:07.515 I/WifiHAL ( 522): call wifi_get_link_stats handler
05-30 15:29:07.515 I/WifiHAL ( 522): Creating message to get link statistics; iface = 16
05-30 15:29:07.515 D/WifiHAL ( 522): error code -95 mapped to -3
05-30 15:29:07.516 E/WifiStaIfaceAidlImpl( 703): getLinkLayerStats failed with service-specific exception: android.os.ServiceSpecificException: (code 4)
05-30 15:29:07.958 I/audio_hw_hal_alsamgr( 480): alsa format =0x1 delay frames =640 total frames=11150080
05-30 15:29:08.958 D/UtilLog ( 2186): 日志批量上报 进行正常循环 !!!!!!本次有0次请求,共0条数据
05-30 15:29:10.522 I/WifiHAL ( 522): call wifi_get_link_stats handler
05-30 15:29:10.522 I/WifiHAL ( 522): Creating message to get link statistics; iface = 16
05-30 15:29:10.523 D/WifiHAL ( 522): error code -95 mapped to -3
05-30 15:29:10.523 E/WifiStaIfaceAidlImpl( 703): getLinkLayerStats failed with service-specific exception: android.os.ServiceSpecificException: (code 4)
05-30 15:29:12.847 D/TrafficStats( 2852): tagSocket(131) with statsTag=0xffffffff, statsUid=-1
05-30 15:29:13.529 I/WifiHAL ( 522): call wifi_get_link_stats handler
05-30 15:29:13.529 I/WifiHAL ( 522): Creating message to get link statistics; iface = 16
05-30 15:29:13.529 D/WifiHAL ( 522): error code -95 mapped to -3
05-30 15:29:13.530 E/WifiStaIfaceAidlImpl( 703): getLinkLayerStats failed with service-specific exception: android.os.ServiceSpecificException: (code 4)
05-30 15:29:16.537 I/WifiHAL ( 522): call wifi_get_link_stats handler
05-30 15:29:16.537 I/WifiHAL ( 522): Creating message to get link statistics; iface = 16
05-30 15:29:16.537 D/WifiHAL ( 522): error code -95 mapped to -3
05-30 15:29:16.537 E/WifiStaIfaceAidlImpl( 703): getLinkLayerStats failed with service-specific exception: android.os.ServiceSpecificException: (code 4)
05-30 15:29:16.550 D/InstantWifi( 703): Receive Wifi is connected, freq = 5745 and currentNetworkId : 0, wifiinfo = SSID: , BSSID: 02:00:00:00:00:00, MAC: 02:00:00:00:00:00, IP: /192.168.3.222, Security type: 2, Supplicant state: COMPLETED, Wi-Fi standard: 6, RSSI: -56, Link speed: 1200Mbps, Tx Link speed: 1200Mbps, Max Supported Tx Link speed: 1200Mbps, Rx Link speed: 6Mbps, Max Supported Rx Link speed: 1200Mbps, Frequency: 5745MHz, Net ID: -1, Metered hint: false, score: 60, isUsable: true, CarrierMerged: false, SubscriptionId: -1, IsPrimary: 1, Trusted: true, Restricted: false, Ephemeral: false, OEM paid: false, OEM private: false, OSU AP: false, FQDN: , Provider friendly name: , Requesting package name: MLO Information: , Is TID-To-Link negotiation supported by the AP: false, AP MLD Address: , AP MLO Link Id: , AP MLO Affiliated links:
05-30 15:29:18.959 D/UtilLog ( 2186): 日志批量上报 进行正常循环 !!!!!!本次有0次请求,共0条数据
05-30 15:29:19.547 I/WifiHAL ( 522): call wifi_get_link_stats handler
05-30 15:29:19.547 I/WifiHAL ( 522): Creating message to get link statistics; iface = 16
05-30 15:29:19.547 D/WifiHAL ( 522): error code -95 mapped to -3
05-30 15:29:19.548 E/WifiStaIfaceAidlImpl( 703): getLinkLayerStats failed with service-specific exception: android.os.ServiceSpecificException: (code 4)