05-30 15:27:12.797 E/TaskPersister( 703): File error accessing recents directory (directory doesn't exist?).
05-30 15:27:13.164 D/audio_hw_hal_primary( 480): [out_standby_new:5767] io 13: out:0xf0703260 usecase:PCM_NORMAL
05-30 15:27:13.165 I/audio_hw_hal_primary( 480): [do_output_standby_l:5663] io 13: out:0xf0703260, stream usecase:PCM_NORMAL, continuous:1
05-30 15:27:13.165 I/audio_hw_hal_primary( 480): [usecase_change_validate_l:7436] ++ io 13: out:0xf0703260 dev masks:0x1 is_standby:1 out usecase:PCM_NORMAL
05-30 15:27:13.165 I/audio_hw_hal_ms12common( 480): aml_set_ms12_scheduler_state ms12_scheduler_state:1, sch_state:1 SCHEDULER_STANDBY is sent to ms12
05-30 15:27:13.165 I/audio_hw_hal_primary( 480): [usecase_change_validate_l:7477] -- dev masks:0 is_standby:1 out usecase PCM_NORMAL
05-30 15:27:13.165 D/audio_hw_hal_primary( 480): [out_standby_new:5790] io 13: out:0xf0703260 usecase:PCM_NORMAL exit
05-30 15:27:13.226 D/libdolbyms12( 480): continuous underrun 2
05-30 15:27:13.260 I/WifiHAL ( 522): call wifi_get_link_stats handler
05-30 15:27:13.260 I/WifiHAL ( 522): Creating message to get link statistics; iface = 16
05-30 15:27:13.260 D/WifiHAL ( 522): error code -95 mapped to -3
05-30 15:27:13.261 E/WifiStaIfaceAidlImpl( 703): getLinkLayerStats failed with service-specific exception: android.os.ServiceSpecificException: (code 4)
05-30 15:27:15.284 I/audio_hw_hal_alsamgr( 480): alsa format =0x1 delay frames =1024 total frames=5740800
05-30 15:27:16.165 D/audio_hw_hal_ms12common( 480): func:ms12_timer_callback_handler sigv:0 ~~~~~~~~~~
05-30 15:27:16.165 D/audio_hw_hal_ms12v2( 480): set_dolby_ms12_continuous_state audio_continuous_standby_set status 1
05-30 15:27:16.165 D/audio_hw_hal_continuous_standby( 480): audio_continuous_standby_set, type 0, params 1
05-30 15:27:16.165 D/audio_hw_hal_ms12common( 480): aml_send_ms12_scheduler_state_2_ms12 adev:0xf07c3dc0, sch_state:1(SCHEDULER_STANDBY)
05-30 15:27:16.266 I/WifiHAL ( 522): call wifi_get_link_stats handler
05-30 15:27:16.266 I/WifiHAL ( 522): Creating message to get link statistics; iface = 16
05-30 15:27:16.266 D/WifiHAL ( 522): error code -95 mapped to -3
05-30 15:27:16.267 E/WifiStaIfaceAidlImpl( 703): getLinkLayerStats failed with service-specific exception: android.os.ServiceSpecificException: (code 4)
05-30 15:27:18.054 D/TrafficStats( 2953): tagSocket(167) with statsTag=0xffffffff, statsUid=-1
05-30 15:27:18.959 D/UtilLog ( 2186): 日志批量上报 进行正常循环 !!!!!!本次有0次请求,共0条数据
05-30 15:27:19.272 I/WifiHAL ( 522): call wifi_get_link_stats handler
05-30 15:27:19.272 I/WifiHAL ( 522): Creating message to get link statistics; iface = 16
05-30 15:27:19.272 D/WifiHAL ( 522): error code -95 mapped to -3
05-30 15:27:19.272 E/WifiStaIfaceAidlImpl( 703): getLinkLayerStats failed with service-specific exception: android.os.ServiceSpecificException: (code 4)
05-30 15:27:19.867 I/audio_hw_hal_primary( 480): [register_audio_patch:8215] Patch 3:id:3 mix(io:13)->dev_0[OUT_HDMI(id:22)] found, register the same patch, do nothing.
05-30 15:27:19.867 I/audio_hw_hal_primary( 480): [adev_create_audio_patch:8316] Patch 3: MIX->DEVICE, num_src:1 num_sink:1 patch_src:INVAL
05-30 15:27:19.867 I/audio_hw_hal_primary( 480): [adev_create_audio_patch:8320] sink[0]: OUT_HDMI(id:22)
05-30 15:27:19.867 I/audio_hw_hal_primary( 480): [adev_create_audio_patch:8377] Patch 3: mix(io:13) -> dev[OUT_HDMI(id:22)]
05-30 15:27:19.868 I/audio_hw_hal_primary( 480): [adev_create_audio_patch:8445] dev=0xf07c3dc0 cur_out_device=0x400
05-30 15:27:19.868 D/UEventObserver( 1156): change@/devices/platform/auge_sound/sound/card0/controlC0ACTION=changeDEVPATH=/devices/platform/auge_sound/sound/card0/controlC0SUBSYSTEM=soundAUDIO_FORMAT=0MAJOR=116MINOR=13DEVNAME=snd/controlC0SEQNUM=3549
05-30 15:27:19.863 I/xm_hidread( 1991): type=1400 audit(0.0:1220): avc: denied { read } for scontext=u:r:init:s0 tcontext=u:r:init:s0 tclass=netlink_kobject_uevent_socket permissive=1
05-30 15:27:19.876 D/audioserver( 541): logFgsApiBegin: FGS Logger Transaction failed, -129
05-30 15:27:19.878 I/audio_hw_hal_primary( 480): out_update_source_metadata_v7() line 2013 usage:1 content_type:2
05-30 15:27:19.879 D/audio_hw_hal_ms12v2( 480): set_dolby_ms12_continuous_state audio_continuous_standby_set status 0
05-30 15:27:19.879 D/audio_hw_hal_continuous_standby( 480): audio_continuous_standby_set, type 0, params 0
05-30 15:27:19.879 I/audio_hw_hal_ms12common( 480): aml_set_ms12_scheduler_state ms12_scheduler_state:0, sch_state:0 SCHEDULER_RUNNING is sent to ms12
05-30 15:27:19.879 I/audio_hw_hal_primary( 480): [mixer_aux_buffer_write:7017] io 13: out:0xf0703260 usecase:PCM_NORMAL standby to unstandby
05-30 15:27:19.879 I/SogouIME( 1523): onKeyDown: keyoCode=19
05-30 15:27:19.879 I/DefaultIMS( 1523): onKeyDown: keyoCode=19
05-30 15:27:19.879 E/audio_hw_hal_virtualbuf( 480): ms12 system input underrun happens read=13095237423 write=6485333232 diff=6609904191
05-30 15:27:19.902 I/audio_hw_hal_stream( 480): aml_stream_out_info_print: out:0xf0703260, stream_type:pcm, sync_mode:non tunnel, input_size:1916928 bytes
05-30 15:27:19.902 I/audio_hw_hal_stream( 480): aml_stream_out_info_print: last_time:127737 ms (sec:127, nsec:737084309), last_position:9825 ms (471632), cur_time:134471 ms (sec:134, nsec:471840938), cur_position:9911 ms (475728)
05-30 15:27:19.902 I/audio_hw_hal_stream( 480): aml_stream_out_info_print: time_gap:6734 ms (thr:100 ms), position_gap:85 ms, delay:73 ms, jitter: Position gap is behind system time gap by 6649 ms (thr:100 ms)
05-30 15:27:19.979 I/SogouIME( 1523): onKeyUp: keyoCode=19
05-30 15:27:19.979 I/DefaultIMS( 1523): onKeyUp: keyoCode=19
05-30 15:27:20.084 D/BluetoothAdapterService( 1139): cancelDiscovery
05-30 15:27:20.084 I/bt_btif_dm( 1139): packages/modules/Bluetooth/system/btif/src/btif_dm.cc:2470 btif_dm_cancel_discovery: Cancel search
05-30 15:27:20.084 I/bluetooth( 1139): packages/modules/Bluetooth/system/bta/dm/bta_dm_main.cc:96 bta_dm_search_sm_execute: state:BTA_DM_SEARCH_IDLE, event:BTA_DM_API_SEARCH_CANCEL_EVT[0x201]
05-30 15:27:20.103 I/audio_hw_hal_primary( 480): [audiohal_get_latency:1333] io 13: out:0xf0703260 frames:1152 rate:48000 whole_latency:24 alsa_latency:24
05-30 15:27:20.124 I/audio_hw_hal_primary( 480): [audiohal_get_latency:1333] io 13: out:0xf0703260 frames:1152 rate:48000 whole_latency:24 alsa_latency:24
05-30 15:27:20.142 I/audio_hw_hal_primary( 480): [audiohal_get_latency:1333] io 13: out:0xf0703260 frames:1024 rate:48000 whole_latency:21 alsa_latency:21
05-30 15:27:20.164 I/audio_hw_hal_primary( 480): [audiohal_get_latency:1333] io 13: out:0xf0703260 frames:1024 rate:48000 whole_latency:21 alsa_latency:21
05-30 15:27:20.182 I/audio_hw_hal_primary( 480): [audiohal_get_latency:1333] io 13: out:0xf0703260 frames:1280 rate:48000 whole_latency:26 alsa_latency:26
05-30 15:27:20.203 I/audio_hw_hal_primary( 480): [audiohal_get_latency:1333] io 13: out:0xf0703260 frames:1152 rate:48000 whole_latency:24 alsa_latency:24
05-30 15:27:20.204 D/audioserver( 541): logFgsApiEnd: FGS Logger Transaction failed, -129
05-30 15:27:20.494 D/TrafficStats( 2852): tagSocket(226) with statsTag=0xffffffff, statsUid=-1
05-30 15:27:20.744 I/audio_hw_hal_primary( 480): [register_audio_patch:8215] Patch 3:id:3 mix(io:13)->dev_0[OUT_HDMI(id:22)] found, register the same patch, do nothing.
05-30 15:27:20.744 I/audio_hw_hal_primary( 480): [adev_create_audio_patch:8316] Patch 3: MIX->DEVICE, num_src:1 num_sink:1 patch_src:INVAL
05-30 15:27:20.744 I/audio_hw_hal_primary( 480): [adev_create_audio_patch:8320] sink[0]: OUT_HDMI(id:22)
05-30 15:27:20.744 I/audio_hw_hal_primary( 480): [adev_create_audio_patch:8377] Patch 3: mix(io:13) -> dev[OUT_HDMI(id:22)]
05-30 15:27:20.745 D/UEventObserver( 1156): change@/devices/platform/auge_sound/sound/card0/controlC0ACTION=changeDEVPATH=/devices/platform/auge_sound/sound/card0/controlC0SUBSYSTEM=soundAUDIO_FORMAT=0MAJOR=116MINOR=13DEVNAME=snd/controlC0SEQNUM=3550
05-30 15:27:20.745 I/audio_hw_hal_primary( 480): [adev_create_audio_patch:8445] dev=0xf07c3dc0 cur_out_device=0x400
05-30 15:27:20.752 D/audioserver( 541): logFgsApiBegin: FGS Logger Transaction failed, -129
05-30 15:27:20.753 I/audio_hw_hal_primary( 480): out_update_source_metadata_v7() line 2013 usage:1 content_type:2
05-30 15:27:20.756 I/SogouIME( 1523): onKeyDown: keyoCode=21
05-30 15:27:20.756 I/DefaultIMS( 1523): onKeyDown: keyoCode=21
05-30 15:27:20.836 I/SogouIME( 1523): onKeyUp: keyoCode=21
05-30 15:27:20.836 I/DefaultIMS( 1523): onKeyUp: keyoCode=21
05-30 15:27:20.990 I/audio_hw_hal_primary( 480): [audiohal_get_latency:1333] io 13: out:0xf0703260 frames:1024 rate:48000 whole_latency:21 alsa_latency:21
05-30 15:27:21.012 I/audio_hw_hal_primary( 480): [audiohal_get_latency:1333] io 13: out:0xf0703260 frames:1280 rate:48000 whole_latency:26 alsa_latency:26
05-30 15:27:21.033 I/audio_hw_hal_primary( 480): [audiohal_get_latency:1333] io 13: out:0xf0703260 frames:1024 rate:48000 whole_latency:21 alsa_latency:21
05-30 15:27:21.055 I/audio_hw_hal_primary( 480): [audiohal_get_latency:1333] io 13: out:0xf0703260 frames:1024 rate:48000 whole_latency:21 alsa_latency:21
05-30 15:27:21.076 I/audio_hw_hal_primary( 480): [audiohal_get_latency:1333] io 13: out:0xf0703260 frames:1024 rate:48000 whole_latency:21 alsa_latency:21
05-30 15:27:21.098 I/audio_hw_hal_primary( 480): [audiohal_get_latency:1333] io 13: out:0xf0703260 frames:1280 rate:48000 whole_latency:26 alsa_latency:26
05-30 15:27:21.118 I/audio_hw_hal_primary( 480): [audiohal_get_latency:1333] io 13: out:0xf0703260 frames:1024 rate:48000 whole_latency:21 alsa_latency:21
05-30 15:27:21.140 I/audio_hw_hal_primary( 480): [audiohal_get_latency:1333] io 13: out:0xf0703260 frames:1024 rate:48000 whole_latency:21 alsa_latency:21
05-30 15:27:21.141 D/audioserver( 541): logFgsApiEnd: FGS Logger Transaction failed, -129
05-30 15:27:21.460 I/audio_hw_hal_primary( 480): [register_audio_patch:8215] Patch 3:id:3 mix(io:13)->dev_0[OUT_HDMI(id:22)] found, register the same patch, do nothing.
05-30 15:27:21.460 I/audio_hw_hal_primary( 480): [adev_create_audio_patch:8316] Patch 3: MIX->DEVICE, num_src:1 num_sink:1 patch_src:INVAL
05-30 15:27:21.461 I/audio_hw_hal_primary( 480): [adev_create_audio_patch:8320] sink[0]: OUT_HDMI(id:22)
05-30 15:27:21.461 I/audio_hw_hal_primary( 480): [adev_create_audio_patch:8377] Patch 3: mix(io:13) -> dev[OUT_HDMI(id:22)]
05-30 15:27:21.461 I/audio_hw_hal_primary( 480): [adev_create_audio_patch:8445] dev=0xf07c3dc0 cur_out_device=0x400
05-30 15:27:21.461 D/UEventObserver( 1156): change@/devices/platform/auge_sound/sound/card0/controlC0ACTION=changeDEVPATH=/devices/platform/auge_sound/sound/card0/controlC0SUBSYSTEM=soundAUDIO_FORMAT=0MAJOR=116MINOR=13DEVNAME=snd/controlC0SEQNUM=3551
05-30 15:27:21.469 D/audioserver( 541): logFgsApiBegin: FGS Logger Transaction failed, -129
05-30 15:27:21.472 I/SogouIME( 1523): onKeyDown: keyoCode=20
05-30 15:27:21.472 I/DefaultIMS( 1523): onKeyDown: keyoCode=20
05-30 15:27:21.473 I/audio_hw_hal_primary( 480): out_update_source_metadata_v7() line 2013 usage:1 content_type:2
05-30 15:27:21.535 I/SogouIME( 1523): onKeyUp: keyoCode=20
05-30 15:27:21.535 I/DefaultIMS( 1523): onKeyUp: keyoCode=20
05-30 15:27:21.716 I/audio_hw_hal_primary( 480): [audiohal_get_latency:1333] io 13: out:0xf0703260 frames:1280 rate:48000 whole_latency:26 alsa_latency:26
05-30 15:27:21.738 I/audio_hw_hal_primary( 480): [audiohal_get_latency:1333] io 13: out:0xf0703260 frames:1024 rate:48000 whole_latency:21 alsa_latency:21
05-30 15:27:21.758 I/audio_hw_hal_primary( 480): [audiohal_get_latency:1333] io 13: out:0xf0703260 frames:1024 rate:48000 whole_latency:21 alsa_latency:21
05-30 15:27:21.780 I/audio_hw_hal_primary( 480): [audiohal_get_latency:1333] io 13: out:0xf0703260 frames:1024 rate:48000 whole_latency:21 alsa_latency:21
05-30 15:27:21.801 I/audio_hw_hal_primary( 480): [audiohal_get_latency:1333] io 13: out:0xf0703260 frames:1024 rate:48000 whole_latency:21 alsa_latency:21
05-30 15:27:21.822 I/audio_hw_hal_primary( 480): [audiohal_get_latency:1333] io 13: out:0xf0703260 frames:1024 rate:48000 whole_latency:21 alsa_latency:21
05-30 15:27:21.844 I/audio_hw_hal_primary( 480): [audiohal_get_latency:1333] io 13: out:0xf0703260 frames:1024 rate:48000 whole_latency:21 alsa_latency:21
05-30 15:27:21.865 I/audio_hw_hal_primary( 480): [audiohal_get_latency:1333] io 13: out:0xf0703260 frames:1280 rate:48000 whole_latency:26 alsa_latency:26
05-30 15:27:21.866 D/audioserver( 541): logFgsApiEnd: FGS Logger Transaction failed, -129
05-30 15:27:22.017 I/audio_hw_hal_primary( 480): [register_audio_patch:8215] Patch 3:id:3 mix(io:13)->dev_0[OUT_HDMI(id:22)] found, register the same patch, do nothing.
05-30 15:27:22.017 I/audio_hw_hal_primary( 480): [adev_create_audio_patch:8316] Patch 3: MIX->DEVICE, num_src:1 num_sink:1 patch_src:INVAL
05-30 15:27:22.017 I/audio_hw_hal_primary( 480): [adev_create_audio_patch:8320] sink[0]: OUT_HDMI(id:22)
05-30 15:27:22.017 I/audio_hw_hal_primary( 480): [adev_create_audio_patch:8377] Patch 3: mix(io:13) -> dev[OUT_HDMI(id:22)]
05-30 15:27:22.018 I/audio_hw_hal_primary( 480): [adev_create_audio_patch:8445] dev=0xf07c3dc0 cur_out_device=0x400
05-30 15:27:22.018 D/UEventObserver( 1156): change@/devices/platform/auge_sound/sound/card0/controlC0ACTION=changeDEVPATH=/devices/platform/auge_sound/sound/card0/controlC0SUBSYSTEM=soundAUDIO_FORMAT=0MAJOR=116MINOR=13DEVNAME=snd/controlC0SEQNUM=3552
05-30 15:27:22.026 D/audioserver( 541): logFgsApiBegin: FGS Logger Transaction failed, -129
05-30 15:27:22.028 I/audio_hw_hal_primary( 480): out_update_source_metadata_v7() line 2013 usage:1 content_type:2
05-30 15:27:22.028 I/SogouIME( 1523): onKeyDown: keyoCode=23
05-30 15:27:22.028 I/DefaultIMS( 1523): onKeyDown: keyoCode=23
05-30 15:27:22.101 I/SogouIME( 1523): onKeyUp: keyoCode=23
05-30 15:27:22.101 I/DefaultIMS( 1523): onKeyUp: keyoCode=23
05-30 15:27:22.117 D/ConnectivityService( 703): NetReassign [no changes] [c 0] [a 2] [i 1]
05-30 15:27:22.270 I/audio_hw_hal_primary( 480): [audiohal_get_latency:1333] io 13: out:0xf0703260 frames:1024 rate:48000 whole_latency:21 alsa_latency:21
05-30 15:27:22.276 I/WifiHAL ( 522): call wifi_get_link_stats handler
05-30 15:27:22.276 I/WifiHAL ( 522): Creating message to get link statistics; iface = 16
05-30 15:27:22.277 D/WifiHAL ( 522): error code -95 mapped to -3
05-30 15:27:22.277 E/WifiStaIfaceAidlImpl( 703): getLinkLayerStats failed with service-specific exception: android.os.ServiceSpecificException: (code 4)
05-30 15:27:22.291 I/audio_hw_hal_primary( 480): [audiohal_get_latency:1333] io 13: out:0xf0703260 frames:1024 rate:48000 whole_latency:21 alsa_latency:21
05-30 15:27:22.313 I/audio_hw_hal_primary( 480): [audiohal_get_latency:1333] io 13: out:0xf0703260 frames:1024 rate:48000 whole_latency:21 alsa_latency:21
05-30 15:27:22.335 I/audio_hw_hal_primary( 480): [audiohal_get_latency:1333] io 13: out:0xf0703260 frames:1280 rate:48000 whole_latency:26 alsa_latency:26
05-30 15:27:22.355 I/audio_hw_hal_primary( 480): [audiohal_get_latency:1333] io 13: out:0xf0703260 frames:1024 rate:48000 whole_latency:21 alsa_latency:21
05-30 15:27:22.377 I/audio_hw_hal_primary( 480): [audiohal_get_latency:1333] io 13: out:0xf0703260 frames:1280 rate:48000 whole_latency:26 alsa_latency:26
05-30 15:27:22.398 I/audio_hw_hal_primary( 480): [audiohal_get_latency:1333] io 13: out:0xf0703260 frames:1024 rate:48000 whole_latency:21 alsa_latency:21
05-30 15:27:22.421 I/audio_hw_hal_primary( 480): [audiohal_get_latency:1333] io 13: out:0xf0703260 frames:1280 rate:48000 whole_latency:26 alsa_latency:26
05-30 15:27:22.422 D/audioserver( 541): logFgsApiEnd: FGS Logger Transaction failed, -129
05-30 15:27:23.338 I/audio_hw_hal_alsamgr( 480): alsa format =0x1 delay frames =1024 total frames=6127360
05-30 15:27:24.917 I/audio_hw_hal_stream( 480): aml_stream_out_info_print: out:0xf0703260, stream_type:pcm, sync_mode:non tunnel, input_size:2891776 bytes
05-30 15:27:24.917 I/audio_hw_hal_stream( 480): aml_stream_out_info_print: last_time:139464 ms (sec:139, nsec:464604857), last_position:14903 ms (715344), cur_time:139489 ms (sec:139, nsec:489960940), cur_position:14929 ms (716624)
05-30 15:27:24.917 I/audio_hw_hal_stream( 480): aml_stream_out_info_print: time_gap:25 ms (thr:100 ms), position_gap:26 ms, delay:131 ms, jitter: Position gap is ahead of system time gap by 1 ms (thr:100 ms)
05-30 15:27:25.236 D/audio_hw_hal_primary( 480): [out_standby_new:5767] io 13: out:0xf0703260 usecase:PCM_NORMAL
05-30 15:27:25.236 I/audio_hw_hal_primary( 480): [do_output_standby_l:5663] io 13: out:0xf0703260, stream usecase:PCM_NORMAL, continuous:1
05-30 15:27:25.236 I/audio_hw_hal_primary( 480): [usecase_change_validate_l:7436] ++ io 13: out:0xf0703260 dev masks:0x1 is_standby:1 out usecase:PCM_NORMAL
05-30 15:27:25.236 I/audio_hw_hal_ms12common( 480): aml_set_ms12_scheduler_state ms12_scheduler_state:1, sch_state:1 SCHEDULER_STANDBY is sent to ms12
05-30 15:27:25.236 I/audio_hw_hal_primary( 480): [usecase_change_validate_l:7477] -- dev masks:0 is_standby:1 out usecase PCM_NORMAL
05-30 15:27:25.236 D/audio_hw_hal_primary( 480): [out_standby_new:5790] io 13: out:0xf0703260 usecase:PCM_NORMAL exit
05-30 15:27:25.271 D/OomAdjuster( 703): Not killing cached processes
05-30 15:27:25.276 D/bbb ( 1635): onStartCommand begin !!!!!!! data分区剩余 54458MB
05-30 15:27:25.282 I/WifiHAL ( 522): call wifi_get_link_stats handler
05-30 15:27:25.282 I/WifiHAL ( 522): Creating message to get link statistics; iface = 16
05-30 15:27:25.282 D/WifiHAL ( 522): error code -95 mapped to -3
05-30 15:27:25.283 E/WifiStaIfaceAidlImpl( 703): getLinkLayerStats failed with service-specific exception: android.os.ServiceSpecificException: (code 4)
05-30 15:27:25.295 D/libdolbyms12( 480): continuous underrun 2
05-30 15:27:28.236 D/audio_hw_hal_ms12common( 480): func:ms12_timer_callback_handler sigv:0 ~~~~~~~~~~
05-30 15:27:28.236 D/audio_hw_hal_ms12v2( 480): set_dolby_ms12_continuous_state audio_continuous_standby_set status 1
05-30 15:27:28.236 D/audio_hw_hal_continuous_standby( 480): audio_continuous_standby_set, type 0, params 1
05-30 15:27:28.236 D/audio_hw_hal_ms12common( 480): aml_send_ms12_scheduler_state_2_ms12 adev:0xf07c3dc0, sch_state:1(SCHEDULER_STANDBY)
05-30 15:27:28.289 I/WifiHAL ( 522): call wifi_get_link_stats handler
05-30 15:27:28.289 I/WifiHAL ( 522): Creating message to get link statistics; iface = 16
05-30 15:27:28.289 D/WifiHAL ( 522): error code -95 mapped to -3
05-30 15:27:28.289 E/WifiStaIfaceAidlImpl( 703): getLinkLayerStats failed with service-specific exception: android.os.ServiceSpecificException: (code 4)
05-30 15:27:28.672 I/audio_hw_hal_alsamgr( 480): alsa format =0x1 delay frames =1024 total frames=6383360
05-30 15:27:28.960 D/UtilLog ( 2186): 日志批量上报 进行正常循环 !!!!!!本次有0次请求,共0条数据
05-30 15:27:31.252 D/TrafficStats( 2852): tagSocket(226) with statsTag=0xffffffff, statsUid=-1
05-30 15:27:31.295 I/WifiHAL ( 522): call wifi_get_link_stats handler
05-30 15:27:31.295 I/WifiHAL ( 522): Creating message to get link statistics; iface = 16
05-30 15:27:31.295 D/WifiHAL ( 522): error code -95 mapped to -3
05-30 15:27:31.295 E/WifiStaIfaceAidlImpl( 703): getLinkLayerStats failed with service-specific exception: android.os.ServiceSpecificException: (code 4)
05-30 15:27:32.168 I/TDLog ( 2186): [APP] New data found, Submitting...
05-30 15:27:32.182 D/TrafficStats( 2186): tagSocket(104) with statsTag=0xffffffff, statsUid=-1
05-30 15:27:32.187 I/TDLog ( 2186): [APP] Failed to submit data!
05-30 15:27:32.302 D/TrafficStats( 2186): tagSocket(88) with statsTag=0xffffffff, statsUid=-1
05-30 15:27:34.300 I/WifiHAL ( 522): call wifi_get_link_stats handler
05-30 15:27:34.300 I/WifiHAL ( 522): Creating message to get link statistics; iface = 16
05-30 15:27:34.301 D/WifiHAL ( 522): error code -95 mapped to -3
05-30 15:27:34.301 E/WifiStaIfaceAidlImpl( 703): getLinkLayerStats failed with service-specific exception: android.os.ServiceSpecificException: (code 4)
05-30 15:27:34.468 D/TrafficStats( 2852): tagSocket(226) with statsTag=0xffffffff, statsUid=-1
05-30 15:27:36.278 I/adbd ( 1445): host-12: write thread spawning
05-30 15:27:36.278 I/adbd ( 1445): host-12: read thread spawning
05-30 15:27:36.279 I/adbd ( 1445): authentication not required
05-30 15:27:36.275 I/rainbow_flow( 2177): type=1400 audit(0.0:1221): avc: denied { ioctl } for path="/dev/spidev1.0" dev="tmpfs" ino=534 ioctlcmd=0x6b00 scontext=u:r:init:s0 tcontext=u:object_r:device:s0 tclass=chr_file permissive=1
05-30 15:27:37.306 I/WifiHAL ( 522): call wifi_get_link_stats handler
05-30 15:27:37.306 I/WifiHAL ( 522): Creating message to get link statistics; iface = 16
05-30 15:27:37.306 D/WifiHAL ( 522): error code -95 mapped to -3
05-30 15:27:37.307 E/WifiStaIfaceAidlImpl( 703): getLinkLayerStats failed with service-specific exception: android.os.ServiceSpecificException: (code 4)
05-30 15:27:37.805 W/System ( 703): A resource failed to call release.
05-30 15:27:38.348 D/TrafficStats( 2852): tagSocket(131) with statsTag=0xffffffff, statsUid=-1
05-30 15:27:38.442 W/resolv ( 468): SSL_connect write error 0, mark 0xf0064: Try again
05-30 15:27:38.442 W/resolv ( 468): TLS Handshake failed
05-30 15:27:38.442 W/resolv ( 468): query failed
05-30 15:27:38.442 W/resolv ( 468): validateDnsTlsServer returned 0 for 202.96.128.166
05-30 15:27:38.443 W/resolv ( 468): Validation failed
05-30 15:27:38.510 W/resolv ( 468): SSL_connect write error 0, mark 0xf0064: Try again
05-30 15:27:38.510 W/resolv ( 468): TLS Handshake failed
05-30 15:27:38.510 W/resolv ( 468): query failed
05-30 15:27:38.511 W/resolv ( 468): validateDnsTlsServer returned 0 for 202.96.134.133
05-30 15:27:38.511 W/resolv ( 468): Validation failed
05-30 15:27:38.540 I/efs.base( 2852): wa upload succ, HttpResponse {succ=true, code=200, data='暂不支持该服务', extra={req_url=https://errlog.umeng.com/api/crashsdk/logcollect}}
05-30 15:27:38.958 D/UtilLog ( 2186): 日志批量上报 进行正常循环 !!!!!!本次有0次请求,共0条数据
05-30 15:27:40.315 I/WifiHAL ( 522): call wifi_get_link_stats handler
05-30 15:27:40.315 I/WifiHAL ( 522): Creating message to get link statistics; iface = 16
05-30 15:27:40.315 D/WifiHAL ( 522): error code -95 mapped to -3
05-30 15:27:40.316 E/WifiStaIfaceAidlImpl( 703): getLinkLayerStats failed with service-specific exception: android.os.ServiceSpecificException: (code 4)
05-30 15:27:41.162 D/TrafficStats( 2852): tagSocket(131) with statsTag=0xffffffff, statsUid=-1
05-30 15:27:42.691 I/WifiService( 703): startScan uid=1000
05-30 15:27:42.692 E/ccc ( 3131): cccccc i will start scan
05-30 15:27:42.702 D/InstantWifi( 703): Drop, size: 1
05-30 15:27:43.320 I/WifiHAL ( 522): call wifi_get_link_stats handler
05-30 15:27:43.320 I/WifiHAL ( 522): Creating message to get link statistics; iface = 16
05-30 15:27:43.320 D/WifiHAL ( 522): error code -95 mapped to -3
05-30 15:27:43.321 E/WifiStaIfaceAidlImpl( 703): getLinkLayerStats failed with service-specific exception: android.os.ServiceSpecificException: (code 4)
05-30 15:27:45.378 D/WifiNl80211Manager( 703): Scan result ready event
05-30 15:27:45.378 D/WifiNative( 703): Scan result ready event
05-30 15:27:45.459 E/ccc ( 3131): cccccc SCAN_RESULTS_AVAILABLE_ACTION hhhh
05-30 15:27:45.460 E/hq ( 1540): NetWorkStateReceiver:::NetWorkStateReceiver onReceive: 网络变化广播 >>>> intent.action=android.net.wifi.SCAN_RESULTS
05-30 15:27:45.469 I/WifiHAL ( 522): call wifi_get_link_stats handler
05-30 15:27:45.470 I/WifiHAL ( 522): Creating message to get link statistics; iface = 16
05-30 15:27:45.470 D/WifiHAL ( 522): error code -95 mapped to -3
05-30 15:27:45.470 E/WifiStaIfaceAidlImpl( 703): getLinkLayerStats failed with service-specific exception: android.os.ServiceSpecificException: (code 4)
05-30 15:27:45.483 W/eventbuscore( 1540): post Event:com.dangbei.leard.base.entity.event.NetWifiRssiEvent
05-30 15:27:45.489 E/ccc ( 3131): cccccc result is not empty call back
05-30 15:27:45.489 E/ccc ( 3131): cccccc 666666666666666
05-30 15:27:45.506 E/ccc ( 3131): cccccc sort 2 64
05-30 15:27:46.326 I/WifiHAL ( 522): call wifi_get_link_stats handler
05-30 15:27:46.326 I/WifiHAL ( 522): Creating message to get link statistics; iface = 16
05-30 15:27:46.327 D/WifiHAL ( 522): error code -95 mapped to -3
05-30 15:27:46.327 E/WifiStaIfaceAidlImpl( 703): getLinkLayerStats failed with service-specific exception: android.os.ServiceSpecificException: (code 4)
05-30 15:27:46.990 D/TrafficStats( 2852): tagSocket(131) with statsTag=0xffffffff, statsUid=-1
05-30 15:27:47.804 I/audio_hw_hal_primary( 480): [register_audio_patch:8215] Patch 3:id:3 mix(io:13)->dev_0[OUT_HDMI(id:22)] found, register the same patch, do nothing.
05-30 15:27:47.804 I/audio_hw_hal_primary( 480): [adev_create_audio_patch:8316] Patch 3: MIX->DEVICE, num_src:1 num_sink:1 patch_src:INVAL
05-30 15:27:47.804 I/audio_hw_hal_primary( 480): [adev_create_audio_patch:8320] sink[0]: OUT_HDMI(id:22)
05-30 15:27:47.804 I/audio_hw_hal_primary( 480): [adev_create_audio_patch:8377] Patch 3: mix(io:13) -> dev[OUT_HDMI(id:22)]
05-30 15:27:47.805 I/audio_hw_hal_primary( 480): [adev_create_audio_patch:8445] dev=0xf07c3dc0 cur_out_device=0x400
05-30 15:27:47.805 D/UEventObserver( 1156): change@/devices/platform/auge_sound/sound/card0/controlC0ACTION=changeDEVPATH=/devices/platform/auge_sound/sound/card0/controlC0SUBSYSTEM=soundAUDIO_FORMAT=0MAJOR=116MINOR=13DEVNAME=snd/controlC0SEQNUM=3553
05-30 15:27:47.812 D/audioserver( 541): logFgsApiBegin: FGS Logger Transaction failed, -129
05-30 15:27:47.813 I/audio_hw_hal_primary( 480): out_update_source_metadata_v7() line 2013 usage:1 content_type:2
05-30 15:27:47.814 D/audio_hw_hal_ms12v2( 480): set_dolby_ms12_continuous_state audio_continuous_standby_set status 0
05-30 15:27:47.814 D/audio_hw_hal_continuous_standby( 480): audio_continuous_standby_set, type 0, params 0
05-30 15:27:47.814 I/audio_hw_hal_ms12common( 480): aml_set_ms12_scheduler_state ms12_scheduler_state:0, sch_state:0 SCHEDULER_RUNNING is sent to ms12
05-30 15:27:47.814 I/audio_hw_hal_primary( 480): [mixer_aux_buffer_write:7017] io 13: out:0xf0703260 usecase:PCM_NORMAL standby to unstandby
05-30 15:27:47.814 E/audio_hw_hal_virtualbuf( 480): ms12 system input underrun happens read=27935334680 write=5461333248 diff=22474001432
05-30 15:27:47.815 I/SogouIME( 1523): onKeyDown: keyoCode=22
05-30 15:27:47.815 I/DefaultIMS( 1523): onKeyDown: keyoCode=22
05-30 15:27:47.836 I/audio_hw_hal_stream( 480): aml_stream_out_info_print: out:0xf0703260, stream_type:pcm, sync_mode:non tunnel, input_size:2957312 bytes
05-30 15:27:47.836 I/audio_hw_hal_stream( 480): aml_stream_out_info_print: last_time:139805 ms (sec:139, nsec:805708357), last_position:15244 ms (731728), cur_time:162407 ms (sec:162, nsec:407383284), cur_position:15324 ms (735568)
05-30 15:27:47.836 I/audio_hw_hal_stream( 480): aml_stream_out_info_print: time_gap:22602 ms (thr:100 ms), position_gap:80 ms, delay:78 ms, jitter: Position gap is behind system time gap by 22522 ms (thr:100 ms)
05-30 15:27:47.924 I/SogouIME( 1523): onKeyUp: keyoCode=22
05-30 15:27:47.924 I/DefaultIMS( 1523): onKeyUp: keyoCode=22
05-30 15:27:48.038 I/audio_hw_hal_primary( 480): [audiohal_get_latency:1333] io 13: out:0xf0703260 frames:1152 rate:48000 whole_latency:24 alsa_latency:24
05-30 15:27:48.060 I/audio_hw_hal_primary( 480): [audiohal_get_latency:1333] io 13: out:0xf0703260 frames:1152 rate:48000 whole_latency:24 alsa_latency:24
05-30 15:27:48.077 I/audio_hw_hal_primary( 480): [audiohal_get_latency:1333] io 13: out:0xf0703260 frames:1152 rate:48000 whole_latency:24 alsa_latency:24
05-30 15:27:48.098 I/audio_hw_hal_primary( 480): [audiohal_get_latency:1333] io 13: out:0xf0703260 frames:1152 rate:48000 whole_latency:24 alsa_latency:24
05-30 15:27:48.118 I/audio_hw_hal_primary( 480): [audiohal_get_latency:1333] io 13: out:0xf0703260 frames:1280 rate:48000 whole_latency:26 alsa_latency:26
05-30 15:27:48.139 I/audio_hw_hal_primary( 480): [audiohal_get_latency:1333] io 13: out:0xf0703260 frames:1152 rate:48000 whole_latency:24 alsa_latency:24
05-30 15:27:48.140 D/audioserver( 541): logFgsApiEnd: FGS Logger Transaction failed, -129
05-30 15:27:48.584 D/TrafficStats( 2852): tagSocket(131) with statsTag=0xffffffff, statsUid=-1
05-30 15:27:48.958 D/UtilLog ( 2186): 日志批量上报 进行正常循环 !!!!!!本次有0次请求,共0条数据
05-30 15:27:49.075 I/efs.base( 2852): wa upload succ, HttpResponse {succ=true, code=200, data='暂不支持该服务', extra={req_url=https://errlog.umeng.com/api/crashsdk/logcollect}}
05-30 15:27:49.336 I/WifiHAL ( 522): call wifi_get_link_stats handler
05-30 15:27:49.337 I/WifiHAL ( 522): Creating message to get link statistics; iface = 16
05-30 15:27:49.337 D/WifiHAL ( 522): error code -95 mapped to -3
05-30 15:27:49.337 E/WifiStaIfaceAidlImpl( 703): getLinkLayerStats failed with service-specific exception: android.os.ServiceSpecificException: (code 4)
05-30 15:27:49.525 I/SogouIME( 1523): onKeyDown: keyoCode=111
05-30 15:27:49.525 I/DefaultIMS( 1523): onKeyDown: keyoCode=111
05-30 15:27:49.526 I/PhysicalKeyHandler( 1523): isHKBEnabled
05-30 15:27:49.528 W/ContextImpl( 703): Calling a method in the system process without a qualified user: android.app.ContextImpl.sendBroadcast:1319 android.app.ContextImpl.closeSystemDialogs:3630 com.android.server.policy.PhoneWindowManager.interceptUnhandledKey:4002 com.android.server.policy.PhoneWindowManager.dispatchUnhandledKey:3908 com.android.server.wm.InputManagerCallback.dispatchUnhandledKey:193
05-30 15:27:49.531 D/WindowManagerShell( 984): TvPipMenuController: closeMenu()
05-30 15:27:49.531 I/WindowManagerShell( 984): TvPipMenuController: switchToMenuMode: setting mCurrentMenuMode=MODE_NO_MENU, mPrevMenuMode=MODE_NO_MENU
05-30 15:27:49.533 E/hq ( 1540): HomeKeyReceiver:::onReceive android.intent.action.CLOSE_SYSTEM_DIALOGS
05-30 15:27:49.533 D/HomeKeyReceiver( 1540): reason:-----------null
05-30 15:27:49.538 I/vol.VolumeDialogImpl( 984): mDialog.dismiss() reason: volume_controller from: com.android.systemui.volume.VolumeDialogImpl$7.onDismissRequested:3
05-30 15:27:49.540 V/WindowManagerShell( 984): Transition requested: android.os.BinderProxy@1ed2539 TransitionRequestInfo { type = 2, triggerTask = TaskInfo{userId=0 taskId=46 displayId=0 isRunning=false baseIntent=Intent { dat=haqu://setting:8080/... flg=0x10000000 pkg=com.dangbei.haqusetting cmp=com.dangbei.haqusetting/.ui.HomeActivity } baseActivity=null topActivity=null origActivity=null realActivity=ComponentInfo{com.dangbei.haqusetting/com.dangbei.haqusetting.ui.HomeActivity} numActivities=0 lastActiveTime=123587 supportsMultiWindow=true resizeMode=1 isResizeable=true minWidth=-1 minHeight=-1 defaultMinSize=220 token=WCT{android.window.IWindowContainerToken$Stub$Proxy@666677e} topActivityType=1 pictureInPictureParams=null shouldDockBigOverlays=false launchIntoPipHostTaskId=-1 lastParentTaskIdBeforePip=-1 displayCutoutSafeInsets=null topActivityInfo=null launchCookies=[] positionInParent=Point(0, 0) parentTaskId=-1 isFocused=true isVisible=true isVisibleRequested=true isSleeping=false topActivityInSizeCompat=false topActivityEligibleForLetterboxEducation= false isLetterboxDoubleTapEnabled= false topActivityEligibleForUserAspectRatioButton= false topActivityBoundsLetterboxed= false isFromLetterboxDoubleTap= false topActivityLetterboxVerticalPosition= -1 topActivityLetterboxHorizontalPosition= -1 topActivityLetterboxWidth=-1 topActivityLetterboxHeight=-1 isUserFullscreenOverrideEnabled=false isTopActivityTransparent=false locusId=null displayAreaFeatureId=1 cameraCompatControlState=hidden}, remoteTransition = null, displayChange = null, flags = 0 }
05-30 15:27:49.553 V/WindowManager( 703): app ------------- force_land :0
05-30 15:27:49.555 I/hq ( 1540): 当小贝:::showMessage from=mActivityLifecycleCallbacks
05-30 15:27:49.555 I/hq ( 1540): 当小贝:::showMessage 没有消息需要显示
05-30 15:27:49.558 I/BpBinder( 263): onLastStrongRef automatically unlinking death recipients:
05-30 15:27:49.565 V/WindowManager( 703): Sent Transition #4 createdAt=05-30 15:27:49.538 via request=TransitionRequestInfo { type = 2, triggerTask = TaskInfo{userId=0 taskId=46 displayId=0 isRunning=false baseIntent=Intent { dat=haqu://setting:8080/... flg=0x10000000 pkg=com.dangbei.haqusetting cmp=com.dangbei.haqusetting/.ui.HomeActivity } baseActivity=null topActivity=null origActivity=null realActivity=ComponentInfo{com.dangbei.haqusetting/com.dangbei.haqusetting.ui.HomeActivity} numActivities=0 lastActiveTime=123587 supportsMultiWindow=true resizeMode=1 isResizeable=true minWidth=-1 minHeight=-1 defaultMinSize=220 token=WCT{RemoteToken{833b2da Task{40f532b #46 type=standard A=1000:com.dangbei.haqusetting}}} topActivityType=1 pictureInPictureParams=null shouldDockBigOverlays=false launchIntoPipHostTaskId=-1 lastParentTaskIdBeforePip=-1 displayCutoutSafeInsets=null topActivityInfo=null launchCookies=[] positionInParent=Point(0, 0) parentTaskId=-1 isFocused=true isVisible=true isVisibleRequested=true isSleeping=false topActivityInSizeCompat=false topActivityEligibleForLetterboxEducation= false isLetterboxDoubleTapEnabled= false topActivityEligibleForUserAspectRatioButton= false topActivityBoundsLetterboxed= false isFromLetterboxDoubleTap= false topActivityLetterboxVerticalPosition= -1 topActivityLetterboxHorizontalPosition= -1 topActivityLetterboxWidth=-1 topActivityLetterboxHeight=-1 isUserFullscreenOverrideEnabled=false isTopActivityTransparent=false locusId=null displayAreaFeatureId=1 cameraCompatControlState=hidden}, remoteTransition = null, displayChange = null, flags = 0 }
05-30 15:27:49.565 V/WindowManager( 703): startWCT=WindowContainerTransaction { changes = {} hops = [] errorCallbackToken=null taskFragmentOrganizer=null }
05-30 15:27:49.565 V/WindowManager( 703): info={id=4 t=CLOSE f=0x0 trk=0 r=[0@Point(0, 0)] c=[{WCT{RemoteToken{833b2da Task{40f532b #46 type=standard A=1000:com.dangbei.haqusetting}}} m=CLOSE f=TRANSLUCENT leash=Surface(name=Task=46)/@0xa13a6ef sb=Rect(0, 0 - 1920, 1080) eb=Rect(0, 0 - 1920, 1080) d=0}]}
05-30 15:27:49.569 I/SogouIME( 1523): onKeyUp: keyoCode=111
05-30 15:27:49.569 I/DefaultIMS( 1523): onKeyUp: keyoCode=111
05-30 15:27:49.579 D/TrafficStats( 1540): tagSocket(187) with statsTag=0xffffffff, statsUid=-1
05-30 15:27:49.580 V/WindowManagerShell( 984): onTransitionReady android.os.BinderProxy@1ed2539: {id=4 t=CLOSE f=0x0 trk=0 r=[0@Point(0, 0)] c=[{WCT{android.window.IWindowContainerToken$Stub$Proxy@17d7d8a} m=CLOSE f=TRANSLUCENT leash=Surface(name=Task=46)/@0x7da552c sb=Rect(0, 0 - 1920, 1080) eb=Rect(0, 0 - 1920, 1080) d=0}]}
05-30 15:27:49.580 V/WindowManagerShell( 984): Playing animation for (#4)android.os.BinderProxy@1ed2539@0
05-30 15:27:49.580 V/WindowManagerShell( 984): try handler com.android.wm.shell.keyguard.KeyguardTransitionHandler@cf71abc
05-30 15:27:49.580 V/WindowManagerShell( 984): try handler com.android.wm.shell.pip.tv.TvPipTransition@8c3da45
05-30 15:27:49.580 V/WindowManagerShell( 984): try handler com.android.wm.shell.activityembedding.ActivityEmbeddingController@e43259a
05-30 15:27:49.580 V/WindowManagerShell( 984): try handler com.android.wm.shell.transition.RemoteTransitionHandler@7281ecb
05-30 15:27:49.581 V/WindowManagerShell( 984): Transition doesn't have explicit remote, search filters for match for {id=4 t=CLOSE f=0x0 trk=0 r=[0@Point(0, 0)] c=[{WCT{android.window.IWindowContainerToken$Stub$Proxy@17d7d8a} m=CLOSE f=TRANSLUCENT leash=Surface(name=Task=46)/@0x7da552c sb=Rect(0, 0 - 1920, 1080) eb=Rect(0, 0 - 1920, 1080) d=0}]}
05-30 15:27:49.581 V/WindowManagerShell( 984): Delegate animation for #4 to null
05-30 15:27:49.581 V/WindowManagerShell( 984): try handler com.android.wm.shell.transition.DefaultTransitionHandler@17926a8
05-30 15:27:49.581 D/TrafficStats( 1540): tagSocket(79) with statsTag=0xffffffff, statsUid=-1
05-30 15:27:49.581 V/WindowManagerShell( 984): start default transition animation, info = {id=4 t=CLOSE f=0x0 trk=0 r=[0@Point(0, 0)] c=[{WCT{android.window.IWindowContainerToken$Stub$Proxy@17d7d8a} m=CLOSE f=TRANSLUCENT leash=Surface(name=Task=46)/@0x7da552c sb=Rect(0, 0 - 1920, 1080) eb=Rect(0, 0 - 1920, 1080) d=0}]}
05-30 15:27:49.582 V/WindowManagerShell( 984): loadAnimation: anim=android.view.animation.AlphaAnimation@9514271 animAttr=0x7 type=CLOSE isEntrance=false
05-30 15:27:49.583 V/WindowManagerShell( 984): animated by com.android.wm.shell.transition.DefaultTransitionHandler@17926a8
05-30 15:27:49.589 D/OomAdjuster( 703): Not killing cached processes
05-30 15:27:49.595 I/ImeTracker( 703): com.dangbei.leard.leradlauncher:df58855e: onRequestHide at ORIGIN_SERVER_HIDE_INPUT reason HIDE_UNSPECIFIED_WINDOW
05-30 15:27:49.595 I/ImeTracker( 703): com.dangbei.leard.leradlauncher:df58855e: onCancelled at PHASE_SERVER_SHOULD_HIDE
05-30 15:27:49.598 I/DefaultIMS( 1523): onStartInput attribute=android.view.inputmethod.EditorInfo@2b16b85 restarting=false inputType: 0
05-30 15:27:49.600 W/SQLiteLog( 1540): (28) double-quoted string literal: "UjftmJwNeB//pVBx7mhtEaKAZYJdAsRfaFb8Opv5JR+IMDMtu6fgZY8qt5uXShDDp+IQyr3fEH8I
05-30 15:27:49.600 W/SQLiteLog( 1540): z78wloBlhQ==
05-30 15:27:49.600 W/SQLiteLog( 1540): "
05-30 15:27:49.601 W/SQLiteLog( 1540): (28) double-quoted string literal: "090898A90B06531A601110CC3A73C469"
05-30 15:27:49.601 W/SQLiteLog( 1540): (28) double-quoted string literal: "1748590028800"
05-30 15:27:49.601 W/SQLiteLog( 1540): (28) double-quoted string literal: "090898A90B06531A601110CC3A73C469"
05-30 15:27:49.623 W/SQLiteLog( 1540): (28) double-quoted string literal: "1748590028800"
05-30 15:27:49.623 W/SQLiteLog( 1540): (28) double-quoted string literal: "0"
05-30 15:27:49.623 W/SQLiteLog( 1540): (28) double-quoted string literal: ""
05-30 15:27:49.623 W/SQLiteLog( 1540): (28) double-quoted string literal: ""
05-30 15:27:49.623 W/SQLiteLog( 1540): (28) double-quoted string literal: "090898A90B06531A601110CC3A73C469"
05-30 15:27:49.633 D/BluetoothAdapterService( 1139): cancelDiscovery
05-30 15:27:49.633 I/bt_btif_dm( 1139): packages/modules/Bluetooth/system/btif/src/btif_dm.cc:2470 btif_dm_cancel_discovery: Cancel search
05-30 15:27:49.633 I/bluetooth( 1139): packages/modules/Bluetooth/system/bta/dm/bta_dm_main.cc:96 bta_dm_search_sm_execute: state:BTA_DM_SEARCH_IDLE, event:BTA_DM_API_SEARCH_CANCEL_EVT[0x201]
05-30 15:27:49.638 W/WindowOnBackDispatcher( 3131): sendCancelIfRunning: isInProgress=falsecallback=android.view.ViewRootImpl$$ExternalSyntheticLambda17@22b7dda
05-30 15:27:49.638 D/CoreBackPreview( 703): Window{514fcd0 u0 com.dangbei.haqusetting/com.dangbei.haqusetting.ui.HomeActivity}: Setting back callback null
05-30 15:27:49.646 W/InputManager-JNI( 703): Input channel object '514fcd0 com.dangbei.haqusetting/com.dangbei.haqusetting.ui.HomeActivity (client)' was disposed without first being removed with the input manager!
05-30 15:27:49.651 W/ContextImpl( 703): Calling a method in the system process without a qualified user: android.app.ContextImpl.startService:1899 com.android.server.wm.DisplayPolicy.lambda$focusChangedLw$5:2126 com.android.server.wm.DisplayPolicy.$r8$lambda$Znxk63oh-WzVnzo_WQefN7uxV48:0 com.android.server.wm.DisplayPolicy$$ExternalSyntheticLambda13.run:0 android.os.Handler.handleCallback:958
05-30 15:27:49.653 D/aaa ( 1573): LedStatusService onStartCommand begin
05-30 15:27:49.654 D/aaa ( 1573): topPkg is -------------- :com.dangbei.leard.leradlauncher
05-30 15:27:49.656 D/WindowManagerShell( 984): TvPipController: onTaskStackChanged()
05-30 15:27:49.659 D/aaa ( 1573): WiFi is connect
05-30 15:27:49.660 I/SogouIME( 1523): onKeyUp: keyoCode=111
05-30 15:27:49.660 I/DefaultIMS( 1523): onKeyUp: keyoCode=111
05-30 15:27:49.661 E/SecondScreen( 1540): FirstScreenLayoutView dispatchKeyEvent 111
05-30 15:27:49.678 E/d.leradlauncher( 1540): Invalid resource ID 0x00000000.
05-30 15:27:49.714 W/SQLiteLog( 1540): (28) double-quoted string literal: "090898A90B06531A601110CC3A73C469"
05-30 15:27:49.714 W/SQLiteLog( 1540): (28) double-quoted string literal: "219CF502F650C676FD172B5F22C336A5"
05-30 15:27:49.719 W/SQLiteLog( 1540): (28) double-quoted string literal: "219CF502F650C676FD172B5F22C336A5"
05-30 15:27:49.719 W/SQLiteLog( 1540): (28) double-quoted string literal: ""
05-30 15:27:49.719 W/SQLiteLog( 1540): (28) double-quoted string literal: "219CF502F650C676FD172B5F22C336A5"
05-30 15:27:49.719 W/SQLiteLog( 1540): (28) double-quoted string literal: "-1"
05-30 15:27:49.719 D/TrafficStats( 1540): tagSocket(194) with statsTag=0xffffffff, statsUid=-1
05-30 15:27:49.722 D/MobclickAgent( 1540): 创建新会话: 219CF502F650C676FD172B5F22C336A5
05-30 15:27:49.788 I/d.leradlauncher( 1540): Background young concurrent copying GC freed 177663(8391KB) AllocSpace objects, 74(7092KB) LOS objects, 37% free, 23MB/38MB, paused 3.012ms,79us total 226.840ms
05-30 15:27:49.951 I/audio_hw_hal_alsamgr( 480): alsa format =0x1 delay frames =1024 total frames=7404800
05-30 15:27:49.991 V/WindowManagerShell( 984): Transition animation finished (aborted=false), notifying core (#4)android.os.BinderProxy@1ed2539@0
05-30 15:27:49.995 V/WindowManager( 703): Finish Transition #4: created at
05-30 15:27:49.538 collect-started=0.21ms request-sent=0.42ms started=5.457ms ready=17.059ms sent=25.161ms finished=455.428ms
05-30 15:27:50.004 V/WindowManagerShell( 984): Track 0 became idle
05-30 15:27:50.005 V/WindowManagerShell( 984): All active transition animations finished
05-30 15:27:50.011 D/AudioService( 703): Volume controller visible: false
05-30 15:27:50.590 I/audio_hw_hal_primary( 480): [register_audio_patch:8215] Patch 3:id:3 mix(io:13)->dev_0[OUT_HDMI(id:22)] found, register the same patch, do nothing.
05-30 15:27:50.590 I/audio_hw_hal_primary( 480): [adev_create_audio_patch:8316] Patch 3: MIX->DEVICE, num_src:1 num_sink:1 patch_src:INVAL
05-30 15:27:50.590 I/audio_hw_hal_primary( 480): [adev_create_audio_patch:8320] sink[0]: OUT_HDMI(id:22)
05-30 15:27:50.590 I/audio_hw_hal_primary( 480): [adev_create_audio_patch:8377] Patch 3: mix(io:13) -> dev[OUT_HDMI(id:22)]
05-30 15:27:50.590 D/UEventObserver( 1156): change@/devices/platform/auge_sound/sound/card0/controlC0ACTION=changeDEVPATH=/devices/platform/auge_sound/sound/card0/controlC0SUBSYSTEM=soundAUDIO_FORMAT=0MAJOR=116MINOR=13DEVNAME=snd/controlC0SEQNUM=3554
05-30 15:27:50.590 I/audio_hw_hal_primary( 480): [adev_create_audio_patch:8445] dev=0xf07c3dc0 cur_out_device=0x400
05-30 15:27:50.598 D/audioserver( 541): logFgsApiBegin: FGS Logger Transaction failed, -129
05-30 15:27:50.600 I/audio_hw_hal_primary( 480): out_update_source_metadata_v7() line 2013 usage:1 content_type:2
05-30 15:27:50.601 I/SogouIME( 1523): onKeyDown: keyoCode=19
05-30 15:27:50.602 I/DefaultIMS( 1523): onKeyDown: keyoCode=19
05-30 15:27:50.602 E/SecondScreen( 1540): FirstScreenLayoutView dispatchKeyEvent 19
05-30 15:27:50.615 I/DefaultIMS( 1523): onStartInput attribute=android.view.inputmethod.EditorInfo@d79320b restarting=false inputType: 0
05-30 15:27:50.676 I/SogouIME( 1523): onKeyUp: keyoCode=19
05-30 15:27:50.676 I/DefaultIMS( 1523): onKeyUp: keyoCode=19
05-30 15:27:50.676 E/SecondScreen( 1540): FirstScreenLayoutView dispatchKeyEvent 19
05-30 15:27:50.780 D/audioserver( 541): logFgsApiBegin: FGS Logger Transaction failed, -129
05-30 15:27:50.781 I/SogouIME( 1523): onKeyDown: keyoCode=19
05-30 15:27:50.782 I/DefaultIMS( 1523): onKeyDown: keyoCode=19
05-30 15:27:50.783 E/SecondScreen( 1540): FirstScreenLayoutView dispatchKeyEvent 19
05-30 15:27:50.803 I/audio_hw_hal_primary( 480): out_update_source_metadata_v7() line 2013 usage:1 content_type:2
05-30 15:27:50.847 I/audio_hw_hal_primary( 480): [audiohal_get_latency:1333] io 13: out:0xf0703260 frames:1024 rate:48000 whole_latency:21 alsa_latency:21
05-30 15:27:50.852 I/SogouIME( 1523): onKeyUp: keyoCode=19
05-30 15:27:50.852 I/DefaultIMS( 1523): onKeyUp: keyoCode=19
05-30 15:27:50.852 E/SecondScreen( 1540): FirstScreenLayoutView dispatchKeyEvent 19
05-30 15:27:50.888 I/audio_hw_hal_primary( 480): [audiohal_get_latency:1333] io 13: out:0xf0703260 frames:1024 rate:48000 whole_latency:21 alsa_latency:21
05-30 15:27:50.931 I/audio_hw_hal_primary( 480): [audiohal_get_latency:1333] io 13: out:0xf0703260 frames:1152 rate:48000 whole_latency:24 alsa_latency:24
05-30 15:27:50.973 I/audio_hw_hal_primary( 480): [audiohal_get_latency:1333] io 13: out:0xf0703260 frames:1152 rate:48000 whole_latency:24 alsa_latency:24
05-30 15:27:51.017 I/audio_hw_hal_primary( 480): [audiohal_get_latency:1333] io 13: out:0xf0703260 frames:1024 rate:48000 whole_latency:21 alsa_latency:21
05-30 15:27:51.017 D/audioserver( 541): logFgsApiEnd: FGS Logger Transaction failed, -129
05-30 15:27:51.018 I/audio_hw_hal_primary( 480): out_update_source_metadata_v7() line 2013 usage:1 content_type:2
05-30 15:27:51.059 I/audio_hw_hal_primary( 480): [audiohal_get_latency:1333] io 13: out:0xf0703260 frames:1152 rate:48000 whole_latency:24 alsa_latency:24
05-30 15:27:51.081 I/audio_hw_hal_primary( 480): [audiohal_get_latency:1333] io 13: out:0xf0703260 frames:1024 rate:48000 whole_latency:21 alsa_latency:21
05-30 15:27:51.102 I/audio_hw_hal_primary( 480): [audiohal_get_latency:1333] io 13: out:0xf0703260 frames:1024 rate:48000 whole_latency:21 alsa_latency:21
05-30 15:27:51.124 I/audio_hw_hal_primary( 480): [audiohal_get_latency:1333] io 13: out:0xf0703260 frames:1024 rate:48000 whole_latency:21 alsa_latency:21
05-30 15:27:51.144 I/audio_hw_hal_primary( 480): [audiohal_get_latency:1333] io 13: out:0xf0703260 frames:1152 rate:48000 whole_latency:24 alsa_latency:24
05-30 15:27:51.150 D/TrafficStats( 2852): tagSocket(131) with statsTag=0xffffffff, statsUid=-1
05-30 15:27:51.166 I/audio_hw_hal_primary( 480): [audiohal_get_latency:1333] io 13: out:0xf0703260 frames:1024 rate:48000 whole_latency:21 alsa_latency:21
05-30 15:27:51.187 I/audio_hw_hal_primary( 480): [audiohal_get_latency:1333] io 13: out:0xf0703260 frames:1024 rate:48000 whole_latency:21 alsa_latency:21
05-30 15:27:51.196 I/SogouIME( 1523): onKeyDown: keyoCode=22
05-30 15:27:51.196 I/DefaultIMS( 1523): onKeyDown: keyoCode=22
05-30 15:27:51.196 E/SecondScreen( 1540): FirstScreenLayoutView dispatchKeyEvent 22
05-30 15:27:51.324 I/SogouIME( 1523): onKeyUp: keyoCode=22
05-30 15:27:51.324 I/DefaultIMS( 1523): onKeyUp: keyoCode=22
05-30 15:27:51.324 E/SecondScreen( 1540): FirstScreenLayoutView dispatchKeyEvent 22
05-30 15:27:51.443 I/audio_hw_hal_primary( 480): [audiohal_get_latency:1333] io 13: out:0xf0703260 frames:1152 rate:48000 whole_latency:24 alsa_latency:24
05-30 15:27:51.465 I/audio_hw_hal_primary( 480): [audiohal_get_latency:1333] io 13: out:0xf0703260 frames:1024 rate:48000 whole_latency:21 alsa_latency:21
05-30 15:27:51.468 I/SogouIME( 1523): onKeyDown: keyoCode=22
05-30 15:27:51.468 I/DefaultIMS( 1523): onKeyDown: keyoCode=22
05-30 15:27:51.468 E/SecondScreen( 1540): FirstScreenLayoutView dispatchKeyEvent 22
05-30 15:27:51.515 I/SogouIME( 1523): onKeyUp: keyoCode=22
05-30 15:27:51.515 I/DefaultIMS( 1523): onKeyUp: keyoCode=22
05-30 15:27:51.515 E/SecondScreen( 1540): FirstScreenLayoutView dispatchKeyEvent 22
05-30 15:27:51.741 I/audio_hw_hal_primary( 480): [audiohal_get_latency:1333] io 13: out:0xf0703260 frames:1152 rate:48000 whole_latency:24 alsa_latency:24
05-30 15:27:51.764 I/audio_hw_hal_primary( 480): [audiohal_get_latency:1333] io 13: out:0xf0703260 frames:1024 rate:48000 whole_latency:21 alsa_latency:21
05-30 15:27:51.784 I/audio_hw_hal_primary( 480): [audiohal_get_latency:1333] io 13: out:0xf0703260 frames:1152 rate:48000 whole_latency:24 alsa_latency:24
05-30 15:27:51.806 I/audio_hw_hal_primary( 480): [audiohal_get_latency:1333] io 13: out:0xf0703260 frames:1024 rate:48000 whole_latency:21 alsa_latency:21
05-30 15:27:51.827 I/audio_hw_hal_primary( 480): [audiohal_get_latency:1333] io 13: out:0xf0703260 frames:1024 rate:48000 whole_latency:21 alsa_latency:21
05-30 15:27:51.849 I/audio_hw_hal_primary( 480): [audiohal_get_latency:1333] io 13: out:0xf0703260 frames:1024 rate:48000 whole_latency:21 alsa_latency:21
05-30 15:27:51.870 I/audio_hw_hal_primary( 480): [audiohal_get_latency:1333] io 13: out:0xf0703260 frames:1024 rate:48000 whole_latency:21 alsa_latency:21
05-30 15:27:51.892 I/audio_hw_hal_primary( 480): [audiohal_get_latency:1333] io 13: out:0xf0703260 frames:1024 rate:48000 whole_latency:21 alsa_latency:21
05-30 15:27:51.894 D/audioserver( 541): logFgsApiEnd: FGS Logger Transaction failed, -129
05-30 15:27:52.308 I/audio_hw_hal_primary( 480): [register_audio_patch:8215] Patch 3:id:3 mix(io:13)->dev_0[OUT_HDMI(id:22)] found, register the same patch, do nothing.
05-30 15:27:52.308 I/audio_hw_hal_primary( 480): [adev_create_audio_patch:8316] Patch 3: MIX->DEVICE, num_src:1 num_sink:1 patch_src:INVAL
05-30 15:27:52.309 I/audio_hw_hal_primary( 480): [adev_create_audio_patch:8320] sink[0]: OUT_HDMI(id:22)
05-30 15:27:52.309 I/audio_hw_hal_primary( 480): [adev_create_audio_patch:8377] Patch 3: mix(io:13) -> dev[OUT_HDMI(id:22)]
05-30 15:27:52.310 I/audio_hw_hal_primary( 480): [adev_create_audio_patch:8445] dev=0xf07c3dc0 cur_out_device=0x400
05-30 15:27:52.311 D/UEventObserver( 1156): change@/devices/platform/auge_sound/sound/card0/controlC0ACTION=changeDEVPATH=/devices/platform/auge_sound/sound/card0/controlC0SUBSYSTEM=soundAUDIO_FORMAT=0MAJOR=116MINOR=13DEVNAME=snd/controlC0SEQNUM=3555
05-30 15:27:52.320 D/audioserver( 541): logFgsApiBegin: FGS Logger Transaction failed, -129
05-30 15:27:52.321 I/SogouIME( 1523): onKeyDown: keyoCode=23
05-30 15:27:52.321 I/DefaultIMS( 1523): onKeyDown: keyoCode=23
05-30 15:27:52.322 E/SecondScreen( 1540): FirstScreenLayoutView dispatchKeyEvent 23
05-30 15:27:52.339 I/audio_hw_hal_primary( 480): out_update_source_metadata_v7() line 2013 usage:1 content_type:2
05-30 15:27:52.342 I/WifiHAL ( 522): call wifi_get_link_stats handler
05-30 15:27:52.342 I/WifiHAL ( 522): Creating message to get link statistics; iface = 16
05-30 15:27:52.343 D/WifiHAL ( 522): error code -95 mapped to -3
05-30 15:27:52.343 E/WifiStaIfaceAidlImpl( 703): getLinkLayerStats failed with service-specific exception: android.os.ServiceSpecificException: (code 4)
05-30 15:27:52.404 I/SogouIME( 1523): onKeyUp: keyoCode=23
