05-30 15:25:18.986 D/SystemServerTimingAsync( 703): InitThreadPoolExec:UsbService$Lifecycle#onBootPhase
05-30 15:25:18.987 D/SystemServerTiming( 703): OnBootPhase_550_com.android.server.soundtrigger.SoundTriggerService
05-30 15:25:18.987 D/SoundTriggerService( 703): onBootPhase: 550 : false
05-30 15:25:18.988 D/SystemServerTiming( 703): OnBootPhase_550_com.android.server.trust.TrustManagerService
05-30 15:25:18.988 D/SystemServerTiming( 703): OnBootPhase_550_com.android.server.backup.BackupManagerService$Lifecycle
05-30 15:25:18.988 D/SystemServerTiming( 703): OnBootPhase_550_com.android.server.appwidget.AppWidgetService
05-30 15:25:18.988 D/SystemServerTiming( 703): OnBootPhase_550_com.android.server.voiceinteraction.VoiceInteractionManagerService
05-30 15:25:18.989 D/SystemServerTiming( 703): OnBootPhase_550_com.android.server.GestureLauncherService
05-30 15:25:18.989 D/SystemServerTiming( 703): OnBootPhase_550_com.android.server.SensorNotificationService
05-30 15:25:18.989 D/SystemServerTiming( 703): OnBootPhase_550_com.android.server.emergency.EmergencyAffordanceService
05-30 15:25:18.989 D/SystemServerTiming( 703): OnBootPhase_550_com.android.server.blob.BlobStoreManagerService
05-30 15:25:18.990 I/UsbPortManager( 703): all: opID:1 successful
05-30 15:25:18.990 D/SystemServerTiming( 703): OnBootPhase_550_com.android.server.dreams.DreamManagerService
05-30 15:25:18.991 D/SystemServerTiming( 703): OnBootPhase_550_com.android.server.security.AttestationVerificationManagerService
05-30 15:25:18.991 D/SystemServerTiming( 703): OnBootPhase_550_com.android.server.restrictions.RestrictionsManagerService
05-30 15:25:18.991 D/SystemServerTiming( 703): OnBootPhase_550_com.android.server.media.MediaSessionService
05-30 15:25:18.993 D/SystemServerTiming( 703): OnBootPhase_550_com.android.server.hdmi.HdmiControlService
05-30 15:25:18.993 D/SystemServerTiming( 703): OnBootPhase_550_com.android.server.tv.interactive.TvInteractiveAppManagerService
05-30 15:25:18.993 D/SystemServerTiming( 703): OnBootPhase_550_com.android.server.tv.TvInputManagerService
05-30 15:25:18.993 D/SystemServerTiming( 703): OnBootPhase_550_com.android.server.media.MediaResourceMonitorService
05-30 15:25:18.993 D/SystemServerTiming( 703): OnBootPhase_550_com.android.server.tv.TvRemoteService
05-30 15:25:18.993 D/SystemServerTiming( 703): OnBootPhase_550_com.android.server.biometrics.BiometricService
05-30 15:25:18.993 D/SystemServerTiming( 703): OnBootPhase_550_com.android.server.biometrics.AuthService
05-30 15:25:18.993 D/SystemServerTiming( 703): OnBootPhase_550_com.android.server.pm.ShortcutService$Lifecycle
05-30 15:25:18.993 D/SystemServerTiming( 703): OnBootPhase_550_com.android.server.pm.LauncherAppsService
05-30 15:25:18.993 D/SystemServerTiming( 703): OnBootPhase_550_com.android.server.pm.CrossProfileAppsService
05-30 15:25:18.993 D/SystemServerTiming( 703): OnBootPhase_550_com.android.server.people.PeopleService
05-30 15:25:18.993 D/SystemServerTiming( 703): OnBootPhase_550_com.android.server.media.metrics.MediaMetricsManagerService
05-30 15:25:18.993 D/SystemServerTiming( 703): OnBootPhase_550_com.android.server.pm.BackgroundInstallControlService
05-30 15:25:18.993 D/SystemServerTiming( 703): OnBootPhase_550_com.android.server.media.projection.MediaProjectionManagerService
05-30 15:25:18.993 D/SystemServerTiming( 703): OnBootPhase_550_com.android.server.slice.SliceManagerService$Lifecycle
05-30 15:25:18.993 D/SystemServerTiming( 703): OnBootPhase_550_com.android.server.stats.StatsCompanion$Lifecycle
05-30 15:25:18.993 D/SystemServerTiming( 703): OnBootPhase_550_com.android.server.scheduling.RebootReadinessManagerService$Lifecycle
05-30 15:25:18.993 D/SystemServerTiming( 703): OnBootPhase_550_com.android.server.stats.pull.StatsPullAtomService
05-30 15:25:18.993 D/SystemServerTiming( 703): OnBootPhase_550_com.android.server.stats.bootstrap.StatsBootstrapAtomService$Lifecycle
05-30 15:25:18.993 D/SystemServerTiming( 703): OnBootPhase_550_com.android.server.incident.IncidentCompanionService
05-30 15:25:18.993 D/SystemServerTiming( 703): OnBootPhase_550_com.android.server.sdksandbox.SdkSandboxManagerService$Lifecycle
05-30 15:25:18.993 D/SystemServerTiming( 703): OnBootPhase_550_com.android.server.adservices.AdServicesManagerService$Lifecycle
05-30 15:25:18.993 D/SystemServerTiming( 703): OnBootPhase_550_com.android.server.ondevicepersonalization.OnDevicePersonalizationSystemService$Lifecycle
05-30 15:25:18.993 D/SystemServerTiming( 703): OnBootPhase_550_com.android.server.autofill.AutofillManagerService
05-30 15:25:18.993 D/SystemServerTiming( 703): OnBootPhase_550_com.android.server.clipboard.ClipboardService
05-30 15:25:18.993 D/SystemServerTiming( 703): OnBootPhase_550_com.android.server.appbinding.AppBindingService$Lifecycle
05-30 15:25:18.995 W/BroadcastLoopers( 703): Found previously unknown looper Thread[AudioDeviceBroker,5,main]
05-30 15:25:18.995 I/AppBindingService( 703): Updating constants with: null
05-30 15:25:18.995 D/SystemServerTiming( 703): OnBootPhase_550_com.android.server.tracing.TracingServiceProxy
05-30 15:25:18.995 D/SystemServerTiming( 703): OnBootPhase_550_com.android.server.policy.PermissionPolicyService
05-30 15:25:18.996 D/SystemServerTiming( 703): Permission_grant_default_permissions-0
05-30 15:25:18.996 D/SystemServerTiming( 703): Permission_synchronize_permissions-0
05-30 15:25:18.996 D/HDMI ( 703): Process pid:703 is calling addHotplugEventListener
05-30 15:25:18.996 D/SystemServerTiming( 703): Permission_synchronize_addPackages-0
05-30 15:25:19.000 I/ActivityManager( 703): Start proc 984:com.android.systemui/u0a52 for service {com.android.systemui/com.android.systemui.wallpapers.ImageWallpaper}
05-30 15:25:19.043 D/SystemServerTiming( 703): Permission_syncPackages-0
05-30 15:25:19.044 D/SystemServerTiming( 703): Permission_onInitialized-0
05-30 15:25:19.044 I/PermissionManager( 703): Permission ownership changed. Updating all permissions.
05-30 15:25:19.045 W/PermissionManager( 703): Package com.android.adservices.api is an APK in APEX, but has permission allowlist on the system image. Please bundle the allowlist in the com.android.adservices APEX instead.
05-30 15:25:19.066 D/GameManagerService( 703): User ID '0' does not have a Game Mode selected for package: 'com.android.systemui'
05-30 15:25:19.068 D/CompatibilityChangeReporter( 703): Compat change id reported: 168419799; UID 10052; state: DISABLED
05-30 15:25:19.069 D/CompatibilityChangeReporter( 703): Compat change id reported: 273564678; UID 10052; state: DISABLED
05-30 15:25:19.111 D/CompatibilityChangeReporter( 703): Compat change id reported: 265195908; UID 10052; state: ENABLED
05-30 15:25:19.134 W/PermissionManager( 703): Package com.android.providers.media.module is an APK in APEX, but has permission allowlist on the system image. Please bundle the allowlist in the com.android.mediaprovider APEX instead.
05-30 15:25:19.134 W/PermissionManager( 703): Package com.android.providers.media.module is an APK in APEX, but has permission allowlist on the system image. Please bundle the allowlist in the com.android.mediaprovider APEX instead.
05-30 15:25:19.134 W/PermissionManager( 703): Package com.android.providers.media.module is an APK in APEX, but has permission allowlist on the system image. Please bundle the allowlist in the com.android.mediaprovider APEX instead.
05-30 15:25:19.134 W/PermissionManager( 703): Package com.android.providers.media.module is an APK in APEX, but has permission allowlist on the system image. Please bundle the allowlist in the com.android.mediaprovider APEX instead.
05-30 15:25:19.134 W/PermissionManager( 703): Package com.android.providers.media.module is an APK in APEX, but has permission allowlist on the system image. Please bundle the allowlist in the com.android.mediaprovider APEX instead.
05-30 15:25:19.134 W/PermissionManager( 703): Package com.android.providers.media.module is an APK in APEX, but has permission allowlist on the system image. Please bundle the allowlist in the com.android.mediaprovider APEX instead.
05-30 15:25:19.134 W/PermissionManager( 703): Package com.android.providers.media.module is an APK in APEX, but has permission allowlist on the system image. Please bundle the allowlist in the com.android.mediaprovider APEX instead.
05-30 15:25:19.134 W/PermissionManager( 703): Package com.android.providers.media.module is an APK in APEX, but has permission allowlist on the system image. Please bundle the allowlist in the com.android.mediaprovider APEX instead.
05-30 15:25:19.134 W/PermissionManager( 703): Package com.android.providers.media.module is an APK in APEX, but has permission allowlist on the system image. Please bundle the allowlist in the com.android.mediaprovider APEX instead.
05-30 15:25:19.135 W/PermissionManager( 703): Package com.android.providers.media.module is an APK in APEX, but has permission allowlist on the system image. Please bundle the allowlist in the com.android.mediaprovider APEX instead.
05-30 15:25:19.135 W/PermissionManager( 703): Package com.android.providers.media.module is an APK in APEX, but has permission allowlist on the system image. Please bundle the allowlist in the com.android.mediaprovider APEX instead.
05-30 15:25:19.135 W/PermissionManager( 703): Package com.android.providers.media.module is an APK in APEX, but has permission allowlist on the system image. Please bundle the allowlist in the com.android.mediaprovider APEX instead.
05-30 15:25:19.135 W/PermissionManager( 703): Package com.android.providers.media.module is an APK in APEX, but has permission allowlist on the system image. Please bundle the allowlist in the com.android.mediaprovider APEX instead.
05-30 15:25:19.160 W/SystemServiceManager( 703): Service com.android.server.policy.PermissionPolicyService took 164 ms in onBootPhase
05-30 15:25:19.160 D/SystemServerTiming( 703): OnBootPhase_550_com.android.server.pm.StagingManager$Lifecycle
05-30 15:25:19.160 D/SystemServerTiming( 703): OnBootPhase_550_com.android.server.app.GameManagerService$Lifecycle
05-30 15:25:19.160 D/SystemServerTiming( 703): OnBootPhase_550_com.android.safetycenter.SafetyCenterService
05-30 15:25:19.160 D/SystemServerTiming( 703): OnBootPhase_550_com.android.server.appsearch.AppSearchModule$Lifecycle
05-30 15:25:19.160 D/SystemServerTiming( 703): OnBootPhase_550_com.android.server.media.MediaCommunicationService
05-30 15:25:19.160 D/SystemServerTiming( 703): OnBootPhase_550_com.android.server.compat.overrides.AppCompatOverridesService$Lifecycle
05-30 15:25:19.160 D/SystemServerTiming( 703): OnBootPhase_550_com.android.server.healthconnect.HealthConnectManagerService
05-30 15:25:19.160 D/SystemServerTiming( 703): OnBootPhase_550_com.android.server.devicelock.DeviceLockService
05-30 15:25:19.160 D/DeviceLockService( 703): onBootPhase: 550
05-30 15:25:19.160 D/SystemServerTiming( 703): StartObservingNativeCrashes
05-30 15:25:19.160 D/SystemServerTiming( 703): RegisterAppOpsPolicy
05-30 15:25:19.162 D/SystemServerTiming( 703): MakeNetworkManagementServiceReady
05-30 15:25:19.163 D/SystemServerTimingAsync( 703): InitThreadPoolExec:WebViewFactoryPreparation
05-30 15:25:19.163 I/SystemServer( 703): WebViewFactoryPreparation
05-30 15:25:19.164 D/SystemServerTimingAsync( 703): WebViewFactoryPreparation
05-30 15:25:19.165 D/SystemServerTiming( 703): MakeConnectivityServiceReady
05-30 15:25:19.167 W/BatteryExternalStatsWorker( 703): error reading modem stats:ERROR_PHONE_NOT_AVAILABLE
05-30 15:25:19.181 D/CompatibilityChangeReporter( 703): Compat change id reported: 170503758; UID 10052; state: ENABLED
05-30 15:25:19.206 I/ActivityManager( 703): android is exempt from freezer
05-30 15:25:19.206 D/CompatibilityChangeReporter( 703): Compat change id reported: 135634846; UID 1000; state: DISABLED
05-30 15:25:19.206 D/CompatibilityChangeReporter( 703): Compat change id reported: 177438394; UID 1000; state: DISABLED
05-30 15:25:19.206 D/CompatibilityChangeReporter( 703): Compat change id reported: 135772972; UID 1000; state: DISABLED
05-30 15:25:19.206 D/CompatibilityChangeReporter( 703): Compat change id reported: 178038272; UID 1000; state: DISABLED
05-30 15:25:19.235 I/ActivityManager( 703): Start proc 1000:WebViewLoader-armeabi-v7a/1037 [android.webkit.WebViewLibraryLoader$RelroFileCreator] for
05-30 15:25:19.263 W/NetworkPolicy( 703): setRestrictBackgroundUL: already false
05-30 15:25:19.266 I/keystore2( 279): system/security/keystore2/src/watchdog.rs:319 - Watchdog thread idle -> terminating. Have a great day.
05-30 15:25:19.271 D/CompatibilityChangeReporter( 703): Compat change id reported: 218533173; UID 10045; state: ENABLED
05-30 15:25:19.277 D/CompatibilityChangeReporter( 703): Compat change id reported: 262645982; UID 10045; state: ENABLED
05-30 15:25:19.279 D/CompatibilityChangeReporter( 703): Compat change id reported: 218533173; UID 10050; state: DISABLED
05-30 15:25:19.279 D/CompatibilityChangeReporter( 703): Compat change id reported: 262645982; UID 10050; state: DISABLED
05-30 15:25:19.280 D/CompatibilityChangeReporter( 703): Compat change id reported: 171306433; UID 10050; state: DISABLED
05-30 15:25:19.281 D/CompatibilityChangeReporter( 703): Compat change id reported: 218533173; UID 10042; state: DISABLED
05-30 15:25:19.282 D/CompatibilityChangeReporter( 703): Compat change id reported: 262645982; UID 10042; state: DISABLED
05-30 15:25:19.283 D/CompatibilityChangeReporter( 703): Compat change id reported: 218533173; UID 10029; state: DISABLED
05-30 15:25:19.284 D/CompatibilityChangeReporter( 703): Compat change id reported: 262645982; UID 10029; state: DISABLED
05-30 15:25:19.285 D/CompatibilityChangeReporter( 703): Compat change id reported: 218533173; UID 10048; state: ENABLED
05-30 15:25:19.285 D/CompatibilityChangeReporter( 703): Compat change id reported: 262645982; UID 10048; state: ENABLED
05-30 15:25:19.286 D/GameManagerService( 703): User ID '0' does not have a Game Mode selected for package: 'android'
05-30 15:25:19.286 D/CompatibilityChangeReporter( 703): Compat change id reported: 168419799; UID 1000; state: DISABLED
05-30 15:25:19.286 D/CompatibilityChangeReporter( 703): Compat change id reported: 218533173; UID 10041; state: DISABLED
05-30 15:25:19.287 D/CompatibilityChangeReporter( 703): Compat change id reported: 273564678; UID 1000; state: DISABLED
05-30 15:25:19.287 D/CompatibilityChangeReporter( 703): Compat change id reported: 262645982; UID 10041; state: DISABLED
05-30 15:25:19.289 D/CompatibilityChangeReporter( 703): Compat change id reported: 218533173; UID 10039; state: DISABLED
05-30 15:25:19.290 D/CompatibilityChangeReporter( 703): Compat change id reported: 262645982; UID 10039; state: DISABLED
05-30 15:25:19.293 D/SystemServerTiming( 703): MakeVpnManagerServiceReady
05-30 15:25:19.305 D/AudioService( 703): No vibrator found
05-30 15:25:19.306 D/SystemServerTiming( 703): MakeVcnManagementServiceReady
05-30 15:25:19.330 D/SystemServerTiming( 703): MakeNetworkPolicyServiceReady
05-30 15:25:19.380 W/PackageManager( 703): Invalid dex load report. loadingPackageName=null, uid=1037
05-30 15:25:19.394 W/BroadcastLoopers( 703): Found previously unknown looper Thread[NetworkStats,5,main]
05-30 15:25:19.400 D/SystemServerTiming( 703): PhaseThirdPartyAppsCanStart
05-30 15:25:19.400 I/SystemServiceManager( 703): Starting phase 600
05-30 15:25:19.400 D/SystemServerTiming( 703): OnBootPhase_600
05-30 15:25:19.400 D/SystemServerTiming( 703): OnBootPhase_600_com.android.server.security.FileIntegrityService
05-30 15:25:19.400 D/SystemServerTiming( 703): OnBootPhase_600_com.android.server.pm.Installer
05-30 15:25:19.400 D/SystemServerTiming( 703): OnBootPhase_600_com.android.server.os.DeviceIdentifiersPolicyService
05-30 15:25:19.400 D/SystemServerTiming( 703): OnBootPhase_600_com.android.server.flags.FeatureFlagsService
05-30 15:25:19.400 D/SystemServerTiming( 703): OnBootPhase_600_com.android.server.uri.UriGrantsManagerService$Lifecycle
05-30 15:25:19.400 D/SystemServerTiming( 703): OnBootPhase_600_com.android.server.powerstats.PowerStatsService
05-30 15:25:19.400 D/SystemServerTiming( 703): OnBootPhase_600_com.android.server.permission.access.AccessCheckingService
05-30 15:25:19.400 D/SystemServerTiming( 703): OnBootPhase_600_com.android.server.wm.ActivityTaskManagerService$Lifecycle
05-30 15:25:19.400 D/SystemServerTiming( 703): OnBootPhase_600_com.android.server.am.ActivityManagerService$Lifecycle
05-30 15:25:19.402 I/ExplicitHealthCheckController( 703): Explicit health checks enabled.
05-30 15:25:19.402 I/PackageWatchdog( 703): Syncing state, reason: health check state enabled
05-30 15:25:19.403 I/PackageWatchdog( 703): Not pruning observers, elapsed time: 0ms
05-30 15:25:19.403 I/PackageWatchdog( 703): Cancelling state sync, nothing to sync
05-30 15:25:19.403 I/PackageWatchdog( 703): Saving observer state to file
05-30 15:25:19.403 D/SystemServerTiming( 703): OnBootPhase_600_com.android.server.pm.DataLoaderManagerService
05-30 15:25:19.403 D/SystemServerTiming( 703): OnBootPhase_600_com.android.server.power.PowerManagerService
05-30 15:25:19.405 D/SystemServerTiming( 703): OnBootPhase_600_com.android.server.power.ThermalManagerService
05-30 15:25:19.405 D/SystemServerTiming( 703): OnBootPhase_600_com.android.server.power.hint.HintManagerService
05-30 15:25:19.405 D/SystemServerTiming( 703): OnBootPhase_600_com.android.server.recoverysystem.RecoverySystemService$Lifecycle
05-30 15:25:19.405 D/SystemServerTiming( 703): OnBootPhase_600_com.android.server.lights.LightsService
05-30 15:25:19.405 D/SystemServerTiming( 703): OnBootPhase_600_com.android.server.display.DisplayManagerService
05-30 15:25:19.405 D/SystemServerTiming( 703): OnBootPhase_600_com.android.server.pm.verify.domain.DomainVerificationService
05-30 15:25:19.405 D/SystemServerTiming( 703): OnBootPhase_600_com.android.server.pm.PackageInstallerService$Lifecycle
05-30 15:25:19.405 D/SystemServerTiming( 703): OnBootPhase_600_com.android.server.pm.UserManagerService$LifeCycle
05-30 15:25:19.405 D/SystemServerTiming( 703): OnBootPhase_600_com.android.server.om.OverlayManagerService
05-30 15:25:19.405 D/SystemServerTiming( 703): OnBootPhase_600_com.android.server.resources.ResourcesManagerService
05-30 15:25:19.405 D/SystemServerTiming( 703): OnBootPhase_600_com.android.server.sensorprivacy.SensorPrivacyService
05-30 15:25:19.405 D/SystemServerTiming( 703): OnBootPhase_600_com.android.server.sensors.SensorService
05-30 15:25:19.405 D/SystemServerTiming( 703): OnBootPhase_600_com.android.server.SystemConfigService
05-30 15:25:19.405 D/SystemServerTiming( 703): OnBootPhase_600_com.android.server.BatteryService
05-30 15:25:19.405 D/SystemServerTiming( 703): OnBootPhase_600_com.android.server.usage.UsageStatsService
05-30 15:25:19.405 D/SystemServerTiming( 703): OnBootPhase_600_com.android.server.webkit.WebViewUpdateService
05-30 15:25:19.405 D/SystemServerTiming( 703): OnBootPhase_600_com.android.server.CachedDeviceStateService
05-30 15:25:19.405 D/SystemServerTiming( 703): OnBootPhase_600_com.android.server.BinderCallsStatsService$LifeCycle
05-30 15:25:19.405 D/SystemServerTiming( 703): OnBootPhase_600_com.android.server.LooperStatsService$Lifecycle
05-30 15:25:19.405 D/SystemServerTiming( 703): OnBootPhase_600_com.android.server.rollback.RollbackManagerService
05-30 15:25:19.405 D/SystemServerTiming( 703): OnBootPhase_600_com.android.server.os.NativeTombstoneManagerService
05-30 15:25:19.405 D/SystemServerTiming( 703): OnBootPhase_600_com.android.server.os.BugreportManagerService
05-30 15:25:19.405 D/SystemServerTiming( 703): OnBootPhase_600_com.android.server.gpu.GpuService
05-30 15:25:19.405 D/SystemServerTiming( 703): OnBootPhase_600_com.android.server.security.rkp.RemoteProvisioningService
05-30 15:25:19.405 D/SystemServerTiming( 703): OnBootPhase_600_com.android.server.security.KeyChainSystemService
05-30 15:25:19.405 D/SystemServerTiming( 703): OnBootPhase_600_com.android.server.BinaryTransparencyService
05-30 15:25:19.405 D/SystemServerTiming( 703): OnBootPhase_600_com.android.server.accounts.AccountManagerService$Lifecycle
05-30 15:25:19.405 D/SystemServerTiming( 703): OnBootPhase_600_com.android.server.content.ContentService$Lifecycle
05-30 15:25:19.405 D/SystemServerTiming( 703): OnBootPhase_600_com.android.server.deviceconfig.DeviceConfigInit$Lifecycle
05-30 15:25:19.405 D/SystemServerTiming( 703): OnBootPhase_600_com.android.server.DropBoxManagerService
05-30 15:25:19.405 D/SystemServerTiming( 703): OnBootPhase_600_com.android.role.RoleService
05-30 15:25:19.405 D/SystemServerTiming( 703): OnBootPhase_600_com.android.server.vibrator.VibratorManagerService$Lifecycle
05-30 15:25:19.405 D/SystemServerTiming( 703): OnBootPhase_600_com.android.server.tare.InternalResourceService
05-30 15:25:19.405 D/SystemServerTiming( 703): OnBootPhase_600_com.android.server.alarm.AlarmManagerService
05-30 15:25:19.405 D/SystemServerTiming( 703): OnBootPhase_600_com.android.server.devicestate.DeviceStateManagerService
05-30 15:25:19.405 D/SystemServerTiming( 703): OnBootPhase_600_com.android.server.camera.CameraServiceProxy
05-30 15:25:19.405 D/SystemServerTiming( 703): OnBootPhase_600_com.android.server.bluetooth.BluetoothService
05-30 15:25:19.405 D/SystemServerTiming( 703): OnBootPhase_600_com.android.server.connectivity.IpConnectivityMetrics
05-30 15:25:19.405 D/SystemServerTiming( 703): OnBootPhase_600_com.android.server.net.watchlist.NetworkWatchlistService$Lifecycle
05-30 15:25:19.406 D/SystemServerTiming( 703): OnBootPhase_600_com.android.server.PinnerService
05-30 15:25:19.406 D/SystemServerTiming( 703): OnBootPhase_600_com.android.server.integrity.AppIntegrityManagerService
05-30 15:25:19.406 D/SystemServerTiming( 703): OnBootPhase_600_com.android.server.logcat.LogcatManagerService
05-30 15:25:19.406 D/SystemServerTiming( 703): OnBootPhase_600_com.android.server.inputmethod.InputMethodManagerService$Lifecycle
05-30 15:25:19.406 D/SystemServerTiming( 703): OnBootPhase_600_com.android.server.accessibility.AccessibilityManagerService$Lifecycle
05-30 15:25:19.407 D/SystemServerTiming( 703): OnBootPhase_600_com.android.server.StorageManagerService$Lifecycle
05-30 15:25:19.407 D/SystemServerTiming( 703): OnBootPhase_600_com.android.server.usage.StorageStatsService$Lifecycle
05-30 15:25:19.407 D/SystemServerTiming( 703): OnBootPhase_600_com.android.server.UiModeManagerService
05-30 15:25:19.407 D/SystemServerTiming( 703): OnBootPhase_600_com.android.server.locales.LocaleManagerService
05-30 15:25:19.407 D/SystemServerTiming( 703): OnBootPhase_600_com.android.server.grammaticalinflection.GrammaticalInflectionService
05-30 15:25:19.407 D/SystemServerTiming( 703): OnBootPhase_600_com.android.server.apphibernation.AppHibernationService
05-30 15:25:19.407 D/SystemServerTiming( 703): OnBootPhase_600_com.android.server.locksettings.LockSettingsService$Lifecycle
05-30 15:25:19.407 D/SystemServerTiming( 703): OnBootPhase_600_com.android.server.PersistentDataBlockService
05-30 15:25:19.407 D/SystemServerTiming( 703): OnBootPhase_600_com.android.server.testharness.TestHarnessModeService
05-30 15:25:19.408 D/SystemServerTiming( 703): OnBootPhase_600_com.android.server.oemlock.OemLockService
05-30 15:25:19.408 D/SystemServerTiming( 703): OnBootPhase_600_com.android.server.DeviceIdleController
05-30 15:25:19.408 D/SystemServerTiming( 703): OnBootPhase_600_com.android.server.devicepolicy.DevicePolicyManagerService$Lifecycle
05-30 15:25:19.408 D/SystemServerTiming( 703): OnBootPhase_600_com.android.server.texttospeech.TextToSpeechManagerService
05-30 15:25:19.409 D/SystemServerTiming( 703): OnBootPhase_600_com.android.server.ambientcontext.AmbientContextManagerService
05-30 15:25:19.409 D/SystemServerTiming( 703): OnBootPhase_600_com.android.server.wearable.WearableSensingManagerService
05-30 15:25:19.409 D/SystemServerTiming( 703): OnBootPhase_600_com.android.server.speech.SpeechRecognitionManagerService
05-30 15:25:19.410 D/SystemServerTiming( 703): OnBootPhase_600_com.android.server.searchui.SearchUiManagerService
05-30 15:25:19.412 D/SystemServerTiming( 703): OnBootPhase_600_com.android.server.smartspace.SmartspaceManagerService
05-30 15:25:19.413 D/SystemServerTiming( 703): OnBootPhase_600_com.android.server.graphics.fonts.FontManagerService$Lifecycle
05-30 15:25:19.413 D/SystemServerTiming( 703): OnBootPhase_600_com.android.server.textservices.TextServicesManagerService$Lifecycle
05-30 15:25:19.413 D/SystemServerTiming( 703): OnBootPhase_600_com.android.server.textclassifier.TextClassificationManagerService$Lifecycle
05-30 15:25:19.413 D/SystemServerTiming( 703): OnBootPhase_600_com.android.server.NetworkScoreService$Lifecycle
05-30 15:25:19.413 D/SystemServerTiming( 703): OnBootPhase_600_com.android.server.NetworkStatsServiceInitializer
05-30 15:25:19.413 D/SystemServerTiming( 703): OnBootPhase_600_com.android.server.wifi.WifiService
05-30 15:25:19.413 D/SystemServerTiming( 703): OnBootPhase_600_com.android.server.wifi.scanner.WifiScanningService
05-30 15:25:19.413 D/SystemServerTiming( 703): OnBootPhase_600_com.android.server.wifi.p2p.WifiP2pService
05-30 15:25:19.413 D/SystemServerTiming( 703): OnBootPhase_600_com.android.server.ConnectivityServiceInitializer
05-30 15:25:19.417 D/SystemServerTiming( 703): OnBootPhase_600_com.android.server.notification.NotificationManagerService
05-30 15:25:19.425 D/SystemServerTiming( 703): OnBootPhase_600_com.android.server.storage.DeviceStorageMonitorService
05-30 15:25:19.425 D/SystemServerTiming( 703): OnBootPhase_600_com.android.server.timedetector.TimeDetectorService$Lifecycle
05-30 15:25:19.425 D/SystemServerTiming( 703): OnBootPhase_600_com.android.server.location.LocationManagerService$Lifecycle
05-30 15:25:19.437 D/CompatibilityChangeReporter( 703): Compat change id reported: 261072174; UID 1000; state: ENABLED
05-30 15:25:19.450 E/android.hardware.wifi-service.droidlogic( 522): get aml true wifi is aml_w2_s
05-30 15:25:19.475 E/android.hardware.wifi-service.droidlogic( 522): multiwifi will rmmod wifi comm
05-30 15:25:19.490 W/SystemServiceManager( 703): Service com.android.server.location.LocationManagerService$Lifecycle took 65 ms in onBootPhase
05-30 15:25:19.490 D/SystemServerTiming( 703): OnBootPhase_600_com.android.server.timezonedetector.TimeZoneDetectorService$Lifecycle
05-30 15:25:19.490 D/SystemServerTiming( 703): OnBootPhase_600_com.android.server.location.altitude.AltitudeService$Lifecycle
05-30 15:25:19.490 D/SystemServerTiming( 703): OnBootPhase_600_com.android.server.timezonedetector.location.LocationTimeZoneManagerService$Lifecycle
05-30 15:25:19.490 D/SystemServerTiming( 703): OnBootPhase_600_com.android.server.search.SearchManagerService$Lifecycle
05-30 15:25:19.490 D/SystemServerTiming( 703): OnBootPhase_600_com.android.server.wallpaper.WallpaperManagerService$Lifecycle
05-30 15:25:19.491 D/WallpaperManagerService( 703): Wallpaper_switch-user-0
05-30 15:25:19.492 V/WallpaperManagerService( 703): bindWallpaperComponentLocked: componentName=ComponentInfo{com.android.systemui/com.android.systemui.wallpapers.ImageWallpaper}
05-30 15:25:19.492 D/WallpaperManagerService( 703): WPMS.bindWallpaperComponentLocked-ComponentInfo{com.android.systemui/com.android.systemui.wallpapers.ImageWallpaper}
05-30 15:25:19.494 D/SystemServerTiming( 703): OnBootPhase_600_com.android.server.wallpapereffectsgeneration.WallpaperEffectsGenerationManagerService
05-30 15:25:19.495 D/SystemServerTiming( 703): OnBootPhase_600_com.android.server.audio.AudioService$Lifecycle
05-30 15:25:19.495 D/SystemServerTiming( 703): OnBootPhase_600_com.android.server.soundtrigger_middleware.SoundTriggerMiddlewareService$Lifecycle
05-30 15:25:19.496 D/SystemServerTiming( 703): OnBootPhase_600_com.android.server.adb.AdbService$Lifecycle
05-30 15:25:19.496 D/SystemServerTiming( 703): OnBootPhase_600_com.android.server.usb.UsbService$Lifecycle
05-30 15:25:19.496 D/SystemServerTiming( 703): OnBootPhase_600_com.android.server.twilight.TwilightService
05-30 15:25:19.496 D/SystemServerTiming( 703): OnBootPhase_600_com.android.server.display.color.ColorDisplayService
05-30 15:25:19.496 D/SystemServerTiming( 703): OnBootPhase_600_com.android.server.job.JobSchedulerService
05-30 15:25:19.502 D/SystemServerTiming( 703): OnBootPhase_600_com.android.server.soundtrigger.SoundTriggerService
05-30 15:25:19.502 D/SoundTriggerService( 703): onBootPhase: 600 : false
05-30 15:25:19.504 I/android.hardware.wifi-service.droidlogic( 522): found the match wifi is: aml_w2_s
05-30 15:25:19.505 I/android.hardware.wifi-service.droidlogic( 522): insmod driver: /vendor/lib/modules/w2_comm.ko
05-30 15:25:19.505 D/SystemServerTiming( 703): OnBootPhase_600_com.android.server.trust.TrustManagerService
05-30 15:25:19.508 I/keystore2( 279): system/security/keystore2/src/authorization.rs:143 - on_lock_screen_event(r#UNLOCK, user_id=0, password.is_some()=false, unlocking_sids=Some([]))
05-30 15:25:19.512 D/SystemServerTiming( 703): OnBootPhase_600_com.android.server.backup.BackupManagerService$Lifecycle
05-30 15:25:19.512 D/SystemServerTiming( 703): OnBootPhase_600_com.android.server.appwidget.AppWidgetService
05-30 15:25:19.512 D/SystemServerTiming( 703): OnBootPhase_600_com.android.server.voiceinteraction.VoiceInteractionManagerService
05-30 15:25:19.533 D/SystemServerTiming( 703): OnBootPhase_600_com.android.server.GestureLauncherService
05-30 15:25:19.548 D/SystemServerTiming( 703): OnBootPhase_600_com.android.server.SensorNotificationService
05-30 15:25:19.552 D/SystemServerTiming( 703): OnBootPhase_600_com.android.server.emergency.EmergencyAffordanceService
05-30 15:25:19.553 D/SystemServerTiming( 703): OnBootPhase_600_com.android.server.blob.BlobStoreManagerService
05-30 15:25:19.553 I/android.hardware.wifi-service.droidlogic( 522): insmod driver: /vendor/lib/modules/aml_bt.ko
05-30 15:25:19.569 I/android.hardware.wifi-service.droidlogic( 522): insmod driver: /vendor/lib/modules/w2.ko
05-30 15:25:19.577 D/SystemServerTiming( 703): OnBootPhase_600_com.android.server.dreams.DreamManagerService
05-30 15:25:19.580 D/SystemServerTiming( 703): OnBootPhase_600_com.android.server.security.AttestationVerificationManagerService
05-30 15:25:19.580 D/SystemServerTiming( 703): OnBootPhase_600_com.android.server.restrictions.RestrictionsManagerService
05-30 15:25:19.580 D/SystemServerTiming( 703): OnBootPhase_600_com.android.server.media.MediaSessionService
05-30 15:25:19.580 D/SystemServerTiming( 703): OnBootPhase_600_com.android.server.hdmi.HdmiControlService
05-30 15:25:19.580 D/SystemServerTiming( 703): OnBootPhase_600_com.android.server.tv.interactive.TvInteractiveAppManagerService
05-30 15:25:19.584 D/SystemServerTiming( 703): OnBootPhase_600_com.android.server.tv.TvInputManagerService
05-30 15:25:19.585 D/SystemServerTiming( 703): OnBootPhase_600_com.android.server.media.MediaResourceMonitorService
05-30 15:25:19.585 D/SystemServerTiming( 703): OnBootPhase_600_com.android.server.tv.TvRemoteService
05-30 15:25:19.586 D/SystemServerTiming( 703): OnBootPhase_600_com.android.server.biometrics.BiometricService
05-30 15:25:19.586 D/SystemServerTiming( 703): OnBootPhase_600_com.android.server.biometrics.AuthService
05-30 15:25:19.586 D/SystemServerTiming( 703): OnBootPhase_600_com.android.server.pm.ShortcutService$Lifecycle
05-30 15:25:19.586 D/SystemServerTiming( 703): OnBootPhase_600_com.android.server.pm.LauncherAppsService
05-30 15:25:19.586 D/SystemServerTiming( 703): OnBootPhase_600_com.android.server.pm.CrossProfileAppsService
05-30 15:25:19.586 D/SystemServerTiming( 703): OnBootPhase_600_com.android.server.people.PeopleService
05-30 15:25:19.586 D/SystemServerTiming( 703): OnBootPhase_600_com.android.server.media.metrics.MediaMetricsManagerService
05-30 15:25:19.586 D/SystemServerTiming( 703): OnBootPhase_600_com.android.server.pm.BackgroundInstallControlService
05-30 15:25:19.586 D/SystemServerTiming( 703): OnBootPhase_600_com.android.server.media.projection.MediaProjectionManagerService
05-30 15:25:19.586 D/SystemServerTiming( 703): OnBootPhase_600_com.android.server.slice.SliceManagerService$Lifecycle
05-30 15:25:19.586 D/SystemServerTiming( 703): OnBootPhase_600_com.android.server.stats.StatsCompanion$Lifecycle
05-30 15:25:19.599 D/SystemServerTiming( 703): OnBootPhase_600_com.android.server.scheduling.RebootReadinessManagerService$Lifecycle
05-30 15:25:19.599 D/SystemServerTiming( 703): OnBootPhase_600_com.android.server.stats.pull.StatsPullAtomService
05-30 15:25:19.599 D/SystemServerTiming( 703): OnBootPhase_600_com.android.server.stats.bootstrap.StatsBootstrapAtomService$Lifecycle
05-30 15:25:19.599 D/SystemServerTiming( 703): OnBootPhase_600_com.android.server.incident.IncidentCompanionService
05-30 15:25:19.600 D/SystemServerTiming( 703): OnBootPhase_600_com.android.server.sdksandbox.SdkSandboxManagerService$Lifecycle
05-30 15:25:19.600 D/SystemServerTiming( 703): OnBootPhase_600_com.android.server.adservices.AdServicesManagerService$Lifecycle
05-30 15:25:19.600 D/SystemServerTiming( 703): OnBootPhase_600_com.android.server.ondevicepersonalization.OnDevicePersonalizationSystemService$Lifecycle
05-30 15:25:19.600 D/SystemServerTiming( 703): OnBootPhase_600_com.android.server.autofill.AutofillManagerService
05-30 15:25:19.600 D/StatsPullAtomService( 703): Registering NetworkStats pullers with statsd
05-30 15:25:19.603 D/SystemServerTiming( 703): OnBootPhase_600_com.android.server.clipboard.ClipboardService
05-30 15:25:19.603 D/SystemServerTiming( 703): OnBootPhase_600_com.android.server.appbinding.AppBindingService$Lifecycle
05-30 15:25:19.603 D/SystemServerTiming( 703): OnBootPhase_600_com.android.server.tracing.TracingServiceProxy
05-30 15:25:19.603 D/SystemServerTiming( 703): OnBootPhase_600_com.android.server.policy.PermissionPolicyService
05-30 15:25:19.603 D/SystemServerTiming( 703): OnBootPhase_600_com.android.server.pm.StagingManager$Lifecycle
05-30 15:25:19.603 D/SystemServerTiming( 703): OnBootPhase_600_com.android.server.app.GameManagerService$Lifecycle
05-30 15:25:19.603 D/SystemServerTiming( 703): OnBootPhase_600_com.android.safetycenter.SafetyCenterService
05-30 15:25:19.603 D/SystemServerTiming( 703): OnBootPhase_600_com.android.server.appsearch.AppSearchModule$Lifecycle
05-30 15:25:19.603 D/SystemServerTiming( 703): OnBootPhase_600_com.android.server.media.MediaCommunicationService
05-30 15:25:19.603 D/SystemServerTiming( 703): OnBootPhase_600_com.android.server.compat.overrides.AppCompatOverridesService$Lifecycle
05-30 15:25:19.603 D/SystemServerTiming( 703): OnBootPhase_600_com.android.server.healthconnect.HealthConnectManagerService
05-30 15:25:19.603 D/SystemServerTiming( 703): OnBootPhase_600_com.android.server.devicelock.DeviceLockService
05-30 15:25:19.603 D/DeviceLockService( 703): onBootPhase: 600
05-30 15:25:19.604 D/SystemServerTiming( 703): StartNetworkStack
05-30 15:25:19.637 D/CompatibilityChangeReporter( 703): Compat change id reported: 135634846; UID 1073; state: DISABLED
05-30 15:25:19.638 D/SystemServerTiming( 703): StartTethering
05-30 15:25:19.641 D/SystemServerTiming( 703): MakeCountryDetectionServiceReady
05-30 15:25:19.642 D/SystemServerTiming( 703): MakeNetworkTimeUpdateReady
05-30 15:25:19.643 D/SystemServerTiming( 703): MakeInputManagerServiceReady
05-30 15:25:19.652 I/ActivityManager( 703): Start proc 1096:com.android.networkstack.process/1073 for service {com.android.networkstack/com.android.server.NetworkStackService}
05-30 15:25:19.653 D/SystemServerTiming( 703): MakeTelephonyRegistryReady
05-30 15:25:19.654 D/SystemServerTiming( 703): MakeMediaRouterServiceReady
05-30 15:25:19.654 I/MR2ServiceImpl( 703): switchUser | user: 0
05-30 15:25:19.655 D/SystemServerTiming( 703): IncidentDaemonReady
05-30 15:25:19.664 D/SystemServerTiming( 703): MakeIncrementalServiceReady
05-30 15:25:19.664 D/SystemServerTiming( 703): OdsignStatsLogger
05-30 15:25:19.664 D/SystemServerTiming( 703): getCurrentUser
05-30 15:25:19.664 I/ActivityManager( 703): Current user:0
05-30 15:25:19.664 D/SystemServerTiming( 703): ActivityManagerStartApps
05-30 15:25:19.665 D/SystemServerTimingAsync( 703): ssm.StartUser-0
05-30 15:25:19.665 I/SystemServiceManager( 703): Calling onStartUser 0
05-30 15:25:19.665 D/SystemServerTimingAsync( 703): ssm.onStartUser-0_com.android.server.security.FileIntegrityService
05-30 15:25:19.665 D/SystemServerTimingAsync( 703): ssm.onStartUser-0_com.android.server.pm.Installer
05-30 15:25:19.665 D/SystemServerTimingAsync( 703): ssm.onStartUser-0_com.android.server.os.DeviceIdentifiersPolicyService
05-30 15:25:19.665 D/SystemServerTimingAsync( 703): ssm.onStartUser-0_com.android.server.flags.FeatureFlagsService
05-30 15:25:19.665 D/SystemServerTimingAsync( 703): ssm.onStartUser-0_com.android.server.uri.UriGrantsManagerService$Lifecycle
05-30 15:25:19.665 D/SystemServerTimingAsync( 703): ssm.onStartUser-0_com.android.server.powerstats.PowerStatsService
05-30 15:25:19.665 D/SystemServerTimingAsync( 703): ssm.onStartUser-0_com.android.server.permission.access.AccessCheckingService
05-30 15:25:19.665 D/SystemServerTimingAsync( 703): ssm.onStartUser-0_com.android.server.wm.ActivityTaskManagerService$Lifecycle
05-30 15:25:19.665 D/SystemServerTimingAsync( 703): ssm.onStartUser-0_com.android.server.am.ActivityManagerService$Lifecycle
05-30 15:25:19.665 D/SystemServerTimingAsync( 703): ssm.onStartUser-0_com.android.server.pm.DataLoaderManagerService
05-30 15:25:19.665 D/SystemServerTimingAsync( 703): ssm.onStartUser-0_com.android.server.power.PowerManagerService
05-30 15:25:19.665 D/SystemServerTimingAsync( 703): ssm.onStartUser-0_com.android.server.power.ThermalManagerService
05-30 15:25:19.665 D/SystemServerTimingAsync( 703): ssm.onStartUser-0_com.android.server.power.hint.HintManagerService
05-30 15:25:19.665 D/SystemServerTimingAsync( 703): ssm.onStartUser-0_com.android.server.recoverysystem.RecoverySystemService$Lifecycle
05-30 15:25:19.665 D/SystemServerTimingAsync( 703): ssm.onStartUser-0_com.android.server.lights.LightsService
05-30 15:25:19.665 D/SystemServerTimingAsync( 703): ssm.onStartUser-0_com.android.server.display.DisplayManagerService
05-30 15:25:19.665 D/SystemServerTimingAsync( 703): ssm.onStartUser-0_com.android.server.pm.verify.domain.DomainVerificationService
05-30 15:25:19.665 D/SystemServerTimingAsync( 703): ssm.onStartUser-0_com.android.server.pm.PackageInstallerService$Lifecycle
05-30 15:25:19.665 D/SystemServerTimingAsync( 703): ssm.onStartUser-0_com.android.server.pm.UserManagerService$LifeCycle
05-30 15:25:19.665 D/SystemServerTimingAsync( 703): ssm.onStartUser-0_com.android.server.om.OverlayManagerService
05-30 15:25:19.703 D/GameManagerService( 703): User ID '0' does not have a Game Mode selected for package: 'com.android.networkstack'
05-30 15:25:19.708 D/CompatibilityChangeReporter( 703): Compat change id reported: 168419799; UID 1073; state: DISABLED
05-30 15:25:19.711 D/CompatibilityChangeReporter( 703): Compat change id reported: 273564678; UID 1073; state: DISABLED
05-30 15:25:19.716 D/CompatibilityChangeReporter( 703): Compat change id reported: 265195908; UID 1073; state: ENABLED
05-30 15:25:19.773 D/CompatibilityChangeReporter( 703): Compat change id reported: 135634846; UID 10051; state: DISABLED
05-30 15:25:19.774 D/CompatibilityChangeReporter( 703): Compat change id reported: 177438394; UID 10051; state: DISABLED
05-30 15:25:19.774 D/CompatibilityChangeReporter( 703): Compat change id reported: 135772972; UID 10051; state: DISABLED
05-30 15:25:19.778 D/CompatibilityChangeReporter( 703): Compat change id reported: 135754954; UID 10051; state: ENABLED
05-30 15:25:19.827 D/CountryDetector( 703): Using custom country detector class: com.android.server.location.ComprehensiveCountryDetector
05-30 15:25:19.827 E/CountryDetector( 703): Could not instantiate the custom country detector class
05-30 15:25:19.827 D/CountryDetector( 703): Using default country detector
05-30 15:25:19.839 W/SystemServiceManager( 703): Service com.android.server.om.OverlayManagerService took 173 ms in onStartUser-0
05-30 15:25:19.839 D/SystemServerTimingAsync( 703): ssm.onStartUser-0_com.android.server.resources.ResourcesManagerService
05-30 15:25:19.839 D/SystemServerTimingAsync( 703): ssm.onStartUser-0_com.android.server.sensorprivacy.SensorPrivacyService
05-30 15:25:19.852 D/CompatibilityChangeReporter( 703): Compat change id reported: 265464455; UID 10052; state: DISABLED
05-30 15:25:19.853 D/CompatibilityChangeReporter( 703): Compat change id reported: 265452344; UID 10052; state: DISABLED
05-30 15:25:19.853 D/CompatibilityChangeReporter( 703): Compat change id reported: 266124927; UID 10052; state: DISABLED
05-30 15:25:19.853 D/CompatibilityChangeReporter( 703): Compat change id reported: 265451093; UID 10052; state: DISABLED
05-30 15:25:19.854 D/CompatibilityChangeReporter( 703): Compat change id reported: 265456536; UID 10052; state: DISABLED
05-30 15:25:19.854 D/CompatibilityChangeReporter( 703): Compat change id reported: 255940284; UID 10052; state: DISABLED
05-30 15:25:19.854 D/CompatibilityChangeReporter( 703): Compat change id reported: 236283604; UID 10052; state: DISABLED
05-30 15:25:19.855 D/CompatibilityChangeReporter( 703): Compat change id reported: 263959004; UID 10052; state: DISABLED
05-30 15:25:19.855 D/CompatibilityChangeReporter( 703): Compat change id reported: 264304459; UID 10052; state: DISABLED
05-30 15:25:19.855 D/CompatibilityChangeReporter( 703): Compat change id reported: 264301586; UID 10052; state: DISABLED
05-30 15:25:19.856 D/CompatibilityChangeReporter( 703): Compat change id reported: 254631730; UID 10052; state: DISABLED
05-30 15:25:19.856 D/CompatibilityChangeReporter( 703): Compat change id reported: 273509367; UID 10052; state: DISABLED
05-30 15:25:19.859 D/CompatibilityChangeReporter( 703): Compat change id reported: 263259275; UID 10052; state: DISABLED
05-30 15:25:19.860 D/CompatibilityChangeReporter( 703): Compat change id reported: 174042980; UID 10052; state: DISABLED
05-30 15:25:19.861 D/CompatibilityChangeReporter( 703): Compat change id reported: 174042936; UID 10052; state: DISABLED
05-30 15:25:19.861 D/CompatibilityChangeReporter( 703): Compat change id reported: 181136395; UID 10052; state: DISABLED
05-30 15:25:19.868 I/ActivityManager( 703): Process WebViewLoader-armeabi-v7a (pid 1000) has died: psvc PER
05-30 15:25:19.873 D/CompatibilityChangeReporter( 703): Compat change id reported: 194480991; UID 10052; state: ENABLED
05-30 15:25:19.875 D/CompatibilityChangeReporter( 703): Compat change id reported: 253665015; UID 1073; state: ENABLED
05-30 15:25:19.876 D/CompatibilityChangeReporter( 703): Compat change id reported: 194532703; UID 1073; state: ENABLED
05-30 15:25:19.876 W/ActivityTaskManager( 703): startActivity called from non-Activity context; forcing Intent.FLAG_ACTIVITY_NEW_TASK for: Intent { flg=0x840000 cmp=com.android.systemui/.sensorprivacy.television.TvSensorPrivacyChangedActivity (has extras) }
05-30 15:25:19.885 D/CompatibilityChangeReporter( 703): Compat change id reported: 184838306; UID 10052; state: DISABLED
05-30 15:25:19.885 D/CompatibilityChangeReporter( 703): Compat change id reported: 185004937; UID 10052; state: DISABLED
05-30 15:25:19.889 D/CompatibilityChangeReporter( 703): Compat change id reported: 197654537; UID 10052; state: ENABLED
05-30 15:25:19.897 I/ActivityTaskManager( 703): START u0 {flg=0x840000 cmp=com.android.systemui/.sensorprivacy.television.TvSensorPrivacyChangedActivity (has extras)} with LAUNCH_SINGLE_TOP from uid 1000 (BAL_ALLOW_ALLOWLISTED_UID) result code=0
05-30 15:25:19.901 V/WindowManagerShell( 984): Adding init callback for DisplayChangeController
05-30 15:25:19.901 V/WindowManagerShell( 984): Adding init callback for DisplayController
05-30 15:25:19.901 V/WindowManagerShell( 984): Adding init callback for DisplayInsetsController
05-30 15:25:19.901 V/WindowManagerShell( 984): Adding init callback for DisplayImeController
05-30 15:25:19.901 V/WindowManagerShell( 984): Adding init callback for ShellController
05-30 15:25:19.902 D/DisplayManagerService( 703): Drop pending events for gone uid 1037
05-30 15:25:19.904 V/WindowManagerShell( 984): Adding init callback for DragAndDropController
05-30 15:25:19.908 W/ActivityTaskManager( 703): startActivity called from non-Activity context; forcing Intent.FLAG_ACTIVITY_NEW_TASK for: Intent { flg=0x840000 cmp=com.android.systemui/.sensorprivacy.television.TvSensorPrivacyChangedActivity (has extras) }
05-30 15:25:19.910 I/ActivityTaskManager( 703): START u0 {flg=0x840000 cmp=com.android.systemui/.sensorprivacy.television.TvSensorPrivacyChangedActivity (has extras)} with LAUNCH_SINGLE_TOP from uid 1000 (BAL_ALLOW_ALLOWLISTED_UID) result code=3
05-30 15:25:19.915 W/ActivityTaskManager( 703): startActivity called from non-Activity context; forcing Intent.FLAG_ACTIVITY_NEW_TASK for: Intent { flg=0x840000 cmp=com.android.systemui/.sensorprivacy.television.TvSensorPrivacyChangedActivity (has extras) }
05-30 15:25:19.917 I/ActivityTaskManager( 703): START u0 {flg=0x840000 cmp=com.android.systemui/.sensorprivacy.television.TvSensorPrivacyChangedActivity (has extras)} with LAUNCH_SINGLE_TOP from uid 1000 (BAL_ALLOW_ALLOWLISTED_UID) result code=3
05-30 15:25:19.920 W/ActivityTaskManager( 703): startActivity called from non-Activity context; forcing Intent.FLAG_ACTIVITY_NEW_TASK for: Intent { flg=0x840000 cmp=com.android.systemui/.sensorprivacy.television.TvSensorPrivacyChangedActivity (has extras) }
05-30 15:25:19.922 I/ActivityTaskManager( 703): START u0 {flg=0x840000 cmp=com.android.systemui/.sensorprivacy.television.TvSensorPrivacyChangedActivity (has extras)} with LAUNCH_SINGLE_TOP from uid 1000 (BAL_ALLOW_ALLOWLISTED_UID) result code=3
05-30 15:25:19.922 W/SystemServiceManager( 703): Service com.android.server.sensorprivacy.SensorPrivacyService took 83 ms in onStartUser-0
05-30 15:25:19.922 D/SystemServerTimingAsync( 703): ssm.onStartUser-0_com.android.server.sensors.SensorService
05-30 15:25:19.922 D/SystemServerTimingAsync( 703): ssm.onStartUser-0_com.android.server.SystemConfigService
05-30 15:25:19.922 D/SystemServerTimingAsync( 703): ssm.onStartUser-0_com.android.server.BatteryService
05-30 15:25:19.922 D/SystemServerTimingAsync( 703): ssm.onStartUser-0_com.android.server.usage.UsageStatsService
05-30 15:25:19.922 D/SystemServerTimingAsync( 703): ssm.onStartUser-0_com.android.server.webkit.WebViewUpdateService
05-30 15:25:19.922 D/SystemServerTimingAsync( 703): ssm.onStartUser-0_com.android.server.CachedDeviceStateService
05-30 15:25:19.922 D/SystemServerTimingAsync( 703): ssm.onStartUser-0_com.android.server.BinderCallsStatsService$LifeCycle
05-30 15:25:19.922 D/SystemServerTimingAsync( 703): ssm.onStartUser-0_com.android.server.LooperStatsService$Lifecycle
05-30 15:25:19.922 D/SystemServerTimingAsync( 703): ssm.onStartUser-0_com.android.server.rollback.RollbackManagerService
05-30 15:25:19.922 D/SystemServerTimingAsync( 703): ssm.onStartUser-0_com.android.server.os.NativeTombstoneManagerService
05-30 15:25:19.922 D/SystemServerTimingAsync( 703): ssm.onStartUser-0_com.android.server.os.BugreportManagerService
05-30 15:25:19.922 D/SystemServerTimingAsync( 703): ssm.onStartUser-0_com.android.server.gpu.GpuService
05-30 15:25:19.922 D/SystemServerTimingAsync( 703): ssm.onStartUser-0_com.android.server.security.rkp.RemoteProvisioningService
05-30 15:25:19.922 D/SystemServerTimingAsync( 703): ssm.onStartUser-0_com.android.server.security.KeyChainSystemService
05-30 15:25:19.922 D/SystemServerTimingAsync( 703): ssm.onStartUser-0_com.android.server.BinaryTransparencyService
05-30 15:25:19.922 D/SystemServerTimingAsync( 703): ssm.onStartUser-0_com.android.server.accounts.AccountManagerService$Lifecycle
05-30 15:25:19.922 D/SystemServerTimingAsync( 703): ssm.onStartUser-0_com.android.server.content.ContentService$Lifecycle
05-30 15:25:19.923 D/SystemServerTimingAsync( 703): ssm.onStartUser-0_com.android.server.deviceconfig.DeviceConfigInit$Lifecycle
05-30 15:25:19.923 D/SystemServerTimingAsync( 703): ssm.onStartUser-0_com.android.server.DropBoxManagerService
05-30 15:25:19.923 D/SystemServerTimingAsync( 703): ssm.onStartUser-0_com.android.role.RoleService
05-30 15:25:19.933 D/SystemServerTimingAsync( 703): ssm.onStartUser-0_com.android.server.vibrator.VibratorManagerService$Lifecycle
05-30 15:25:19.934 D/SystemServerTimingAsync( 703): ssm.onStartUser-0_com.android.server.tare.InternalResourceService
05-30 15:25:19.934 D/SystemServerTimingAsync( 703): ssm.onStartUser-0_com.android.server.alarm.AlarmManagerService
05-30 15:25:19.934 D/SystemServerTimingAsync( 703): ssm.onStartUser-0_com.android.server.devicestate.DeviceStateManagerService
05-30 15:25:19.934 D/SystemServerTimingAsync( 703): ssm.onStartUser-0_com.android.server.camera.CameraServiceProxy
05-30 15:25:19.935 D/SystemServerTimingAsync( 703): ssm.onStartUser-0_com.android.server.bluetooth.BluetoothService
05-30 15:25:19.938 V/WindowManagerShell( 984): Adding init callback for CompatUIController
05-30 15:25:19.944 D/CompatibilityChangeReporter( 703): Compat change id reported: 135634846; UID 1002; state: DISABLED
05-30 15:25:19.956 V/WindowManagerShell( 984): Adding init callback for ShellTaskOrganizer
05-30 15:25:19.963 I/ActivityManager( 703): Start proc 1139:com.android.bluetooth/1002 for service {com.android.bluetooth/com.android.bluetooth.btservice.AdapterService}
05-30 15:25:19.972 D/SystemServerTimingAsync( 703): ssm.onStartUser-0_com.android.server.connectivity.IpConnectivityMetrics
05-30 15:25:19.972 D/SystemServerTimingAsync( 703): ssm.onStartUser-0_com.android.server.net.watchlist.NetworkWatchlistService$Lifecycle
05-30 15:25:19.972 D/SystemServerTimingAsync( 703): ssm.onStartUser-0_com.android.server.PinnerService
05-30 15:25:19.972 D/SystemServerTimingAsync( 703): ssm.onStartUser-0_com.android.server.integrity.AppIntegrityManagerService
05-30 15:25:19.972 D/SystemServerTimingAsync( 703): ssm.onStartUser-0_com.android.server.logcat.LogcatManagerService
