05-30 15:25:36.760 I/bt_btif_dm( 1139): packages/modules/Bluetooth/system/btif/src/btif_dm.cc:691 btif_update_remote_properties: cod from storage is also unclassified
05-30 15:25:36.873 I/bt_btif_dm( 1139): packages/modules/Bluetooth/system/btif/src/btif_dm.cc:691 btif_update_remote_properties: cod from storage is also unclassified
05-30 15:25:37.123 I/bt_btif_dm( 1139): packages/modules/Bluetooth/system/btif/src/btif_dm.cc:691 btif_update_remote_properties: cod from storage is also unclassified
05-30 15:25:37.456 E/crashsdk( 2257): Can not found process name start!
05-30 15:25:37.457 E/crashsdk( 2257): Can not found process name start!
05-30 15:25:37.459 E/crashsdk( 2257): Can not found process name start!
05-30 15:25:38.014 D/TrafficStats( 2470): tagSocket(151) with statsTag=0xffffffff, statsUid=-1
05-30 15:25:38.055 D/TrafficStats( 2257): tagSocket(173) with statsTag=0xffffffff, statsUid=-1
05-30 15:25:38.066 E/RCInfo ( 1505): vid:
05-30 15:25:38.066 E/RCInfo ( 1505): pid:
05-30 15:25:38.060 I/DefaultDispatch( 1505): type=1400 audit(0.0:1158): avc: denied { read } for name="devices" dev="proc" ino=4026531982 scontext=u:r:system_app:s0 tcontext=u:object_r:proc:s0 tclass=file permissive=1
05-30 15:25:38.068 E/RCInfo ( 1505): vid:
05-30 15:25:38.068 E/RCInfo ( 1505): pid:
05-30 15:25:38.069 W/System.err( 2257): java.lang.NullPointerException: Attempt to invoke virtual method 'byte[] java.net.NetworkInterface.getHardwareAddress()' on a null object reference
05-30 15:25:38.070 W/System.err( 2257): at b.f.f.y.g.b(Unknown Source:11)
05-30 15:25:38.070 W/System.err( 2257): at b.d.a.a.p.c0(Unknown Source:2)
05-30 15:25:38.070 W/System.err( 2257): at b.f.f.o.f.c.a(Unknown Source:23)
05-30 15:25:38.070 W/System.err( 2257): at b.f.f.d.b.c(:5)
05-30 15:25:38.070 W/System.err( 2257): at b.f.f.n.d$a.handleMessage(:3)
05-30 15:25:38.070 W/System.err( 2257): at android.os.Handler.dispatchMessage(Handler.java:106)
05-30 15:25:38.070 W/System.err( 2257): at android.os.Looper.loopOnce(Looper.java:205)
05-30 15:25:38.070 W/System.err( 2257): at android.os.Looper.loop(Looper.java:294)
05-30 15:25:38.070 W/System.err( 2257): at android.os.HandlerThread.run(HandlerThread.java:67)
05-30 15:25:38.060 I/DefaultDispatch( 1505): type=1400 audit(0.0:1159): avc: denied { open } for path="/proc/bus/input/devices" dev="proc" ino=4026531982 scontext=u:r:system_app:s0 tcontext=u:object_r:proc:s0 tclass=file permissive=1
05-30 15:25:38.060 I/DefaultDispatch( 1505): type=1400 audit(0.0:1160): avc: denied { getattr } for path="/proc/bus/input/devices" dev="proc" ino=4026531982 scontext=u:r:system_app:s0 tcontext=u:object_r:proc:s0 tclass=file permissive=1
05-30 15:25:38.094 I/PlatformDependent( 2257): Your platform does not provide complete low-level API for accessing direct buffers reliably. Unless explicitly requested, heap buffer will always be preferred to avoid potential system instability.
05-30 15:25:38.097 W/AudioCapabilities( 2257): Unsupported mime audio/vnd.dts.hd;profile=lbr
05-30 15:25:38.098 W/AudioCapabilities( 2257): Unsupported mime audio/ffmpeg
05-30 15:25:38.098 W/AudioCapabilities( 2257): Unsupported mime audio/mpeg-L1
05-30 15:25:38.098 W/AudioCapabilities( 2257): Unsupported mime audio/mpeg-L2
05-30 15:25:38.102 W/VideoCapabilities( 2257): Unsupported mime video/avs
05-30 15:25:38.102 W/VideoCapabilities( 2257): Unsupported mime video/avs2
05-30 15:25:38.104 W/VideoCapabilities( 2257): Unsupported mime video/x-motion-jpeg
05-30 15:25:38.104 W/VideoCapabilities( 2257): Unrecognized profile/level 0/4 for video/mpeg2
05-30 15:25:38.104 I/VideoCapabilities( 2257): Unsupported profile 3 for video/mpeg2
05-30 15:25:38.104 I/VideoCapabilities( 2257): Unsupported profile 4 for video/mpeg2
05-30 15:25:38.104 I/VideoCapabilities( 2257): Unsupported profile 5 for video/mpeg2
05-30 15:25:38.105 W/VideoCapabilities( 2257): Unrecognized profile/level 0/4 for video/mpeg2
05-30 15:25:38.105 I/VideoCapabilities( 2257): Unsupported profile 3 for video/mpeg2
05-30 15:25:38.105 I/VideoCapabilities( 2257): Unsupported profile 4 for video/mpeg2
05-30 15:25:38.105 I/VideoCapabilities( 2257): Unsupported profile 5 for video/mpeg2
05-30 15:25:38.105 I/VideoCapabilities( 2257): Unsupported profile 2 for video/mp4v-es
05-30 15:25:38.105 I/VideoCapabilities( 2257): Unsupported profile 8 for video/mp4v-es
05-30 15:25:38.105 I/VideoCapabilities( 2257): Unsupported profile 16 for video/mp4v-es
05-30 15:25:38.105 I/VideoCapabilities( 2257): Unsupported profile 1024 for video/mp4v-es
05-30 15:25:38.105 W/VideoCapabilities( 2257): Unsupported mime video/rm10
05-30 15:25:38.106 W/VideoCapabilities( 2257): Unsupported mime video/rm20
05-30 15:25:38.106 W/VideoCapabilities( 2257): Unsupported mime video/rm30
05-30 15:25:38.107 W/VideoCapabilities( 2257): Unsupported mime video/rm40
05-30 15:25:38.107 W/VideoCapabilities( 2257): Unsupported mime video/vc1
05-30 15:25:38.108 W/VideoCapabilities( 2257): Unsupported mime video/vc1
05-30 15:25:38.108 W/VideoCapabilities( 2257): Unsupported mime video/x-vnd.on2.vp6a
05-30 15:25:38.108 W/VideoCapabilities( 2257): Unsupported mime video/x-vnd.on2.vp6f
05-30 15:25:38.112 W/VideoCapabilities( 2257): Unsupported mime video/wmv1
05-30 15:25:38.112 W/VideoCapabilities( 2257): Unsupported mime video/wmv2
05-30 15:25:38.112 W/VideoCapabilities( 2257): Unsupported mime video/wmv3
05-30 15:25:38.114 D/TrafficStats( 2257): tagSocket(213) with statsTag=0xffffffff, statsUid=-1
05-30 15:25:38.124 I/serviceDiscovery( 703): [MdnsAdvertiser] Adding service name: 当贝投屏T9, type: _airplay._tcp, hostAddresses: , port: 43019, network: null, txtRecord: srcvers=220.68features=0x527FFFF7,0x1E'pi=2e388006-13ba-4041-9a67-25dd4a43d536Cpk=b07727d6f6cd6e08b58ede525ec3cdeaa252ad9f683feb212ef8a205246554e7vv=2 flags=0x4model=AppleTV2,1deviceid=1c:79:2d:20:62:b5 with ID 3 and subtype null
05-30 15:25:38.116 I/Thread-17( 2257): type=1400 audit(0.0:1161): avc: denied { read } for name="somaxconn" dev="proc" ino=38929 scontext=u:r:untrusted_app_27:s0:c43,c256,c512,c768 tcontext=u:object_r:proc_net:s0 tclass=file permissive=1 app=com.dangbei.screencast
05-30 15:25:38.116 I/Thread-17( 2257): type=1400 audit(0.0:1162): avc: denied { open } for path="/proc/sys/net/core/somaxconn" dev="proc" ino=38929 scontext=u:r:untrusted_app_27:s0:c43,c256,c512,c768 tcontext=u:object_r:proc_net:s0 tclass=file permissive=1 app=com.dangbei.screencast
05-30 15:25:38.136 I/serviceDiscovery( 703): [MdnsAdvertiser] Adding service name: 1c792d2062b5@当贝投屏T9, type: _raop._tcp, hostAddresses: , port: 38693, network: null, txtRecord: txtvers=1 am=AppleTV2,1ch=2
05-30 15:25:38.136 I/serviceDiscovery( 703): cn=0,1,2,3da=trueet=0,3,5ft=0x527FFFF7,0x1Emd=0,1,2Cpk=b07727d6f6cd6e08b58ede525ec3cdeaa252ad9f683feb212ef8a205246554e7pw=falsesf=0x4sr=44100ss=16sv=falsetp=UDPvn=65537 vs=220.68vv=2 rhd=5.6.0.0 with ID 4 and subtype null
05-30 15:25:38.566 W/System.err( 2257): java.lang.NullPointerException: Attempt to invoke virtual method 'byte[] java.net.NetworkInterface.getHardwareAddress()' on a null object reference
05-30 15:25:38.566 W/System.err( 2257): at b.f.f.y.g.b(Unknown Source:11)
05-30 15:25:38.566 W/System.err( 2257): at b.d.a.a.p.c0(Unknown Source:2)
05-30 15:25:38.566 W/System.err( 2257): at b.f.f.o.f.c.a(Unknown Source:23)
05-30 15:25:38.566 W/System.err( 2257): at b.f.f.t.d.c(:1)
05-30 15:25:38.566 W/System.err( 2257): at b.f.f.n.d$a.handleMessage(:3)
05-30 15:25:38.566 W/System.err( 2257): at android.os.Handler.dispatchMessage(Handler.java:106)
05-30 15:25:38.566 W/System.err( 2257): at android.os.Looper.loopOnce(Looper.java:205)
05-30 15:25:38.566 W/System.err( 2257): at android.os.Looper.loop(Looper.java:294)
05-30 15:25:38.566 W/System.err( 2257): at android.os.HandlerThread.run(HandlerThread.java:67)
05-30 15:25:38.572 I/serviceDiscovery( 703): [MdnsAdvertiser] Adding service name: 当贝投屏T9, type: _db_cast_screen._tcp, hostAddresses: , port: 37609, network: null, txtRecord: au=1cV=20830mV=100h265=0maxR=4096-4096model=DBBOX-A3deviceid=1c:79:2d:20:62:b5 with ID 5 and subtype null
05-30 15:25:38.572 E/MdnsAdvertiser( 703): Name conflict adding services that should have unique names
05-30 15:25:38.572 E/MdnsAdvertiser( 703): android.net.connectivity.com.android.server.connectivity.mdns.NameConflictException
05-30 15:25:38.572 E/MdnsAdvertiser( 703): at android.net.connectivity.com.android.server.connectivity.mdns.MdnsRecordRepository.addService(MdnsRecordRepository.java:314)
05-30 15:25:38.572 E/MdnsAdvertiser( 703): at android.net.connectivity.com.android.server.connectivity.mdns.MdnsInterfaceAdvertiser.addService(MdnsInterfaceAdvertiser.java:217)
05-30 15:25:38.572 E/MdnsAdvertiser( 703): at android.net.connectivity.com.android.server.connectivity.mdns.MdnsAdvertiser$InterfaceAdvertiserRequest.addService(MdnsAdvertiser.java:273)
05-30 15:25:38.572 E/MdnsAdvertiser( 703): at android.net.connectivity.com.android.server.connectivity.mdns.MdnsAdvertiser.addService(MdnsAdvertiser.java:488)
05-30 15:25:38.572 E/MdnsAdvertiser( 703): at android.net.connectivity.com.android.server.NsdService$NsdStateMachine$EnabledState.processMessage(NsdService.java:730)
05-30 15:25:38.572 E/MdnsAdvertiser( 703): at android.net.connectivity.com.android.internal.util.StateMachine$SmHandler.processMsg(StateMachine.java:993)
05-30 15:25:38.572 E/MdnsAdvertiser( 703): at android.net.connectivity.com.android.internal.util.StateMachine$SmHandler.handleMessage(StateMachine.java:810)
05-30 15:25:38.572 E/MdnsAdvertiser( 703): at android.os.Handler.dispatchMessage(Handler.java:106)
05-30 15:25:38.572 E/MdnsAdvertiser( 703): at android.os.Looper.loopOnce(Looper.java:205)
05-30 15:25:38.572 E/MdnsAdvertiser( 703): at android.os.Looper.loop(Looper.java:294)
05-30 15:25:38.572 E/MdnsAdvertiser( 703): at android.os.HandlerThread.run(HandlerThread.java:67)
05-30 15:25:38.668 I/bt_btif_dm( 1139): packages/modules/Bluetooth/system/btif/src/btif_dm.cc:691 btif_update_remote_properties: cod from storage is also unclassified
05-30 15:25:38.768 D/UtilLog ( 2186): 日志批量上报 进行正常循环 !!!!!!本次有0次请求,共0条数据
05-30 15:25:38.816 I/bt_btif_dm( 1139): packages/modules/Bluetooth/system/btif/src/btif_dm.cc:691 btif_update_remote_properties: cod from storage is also unclassified
05-30 15:25:38.924 D/SntpClient( 703): request time failed: java.net.SocketTimeoutException: Poll timed out
05-30 15:25:38.926 D/TrafficStats( 703): tagSocket(403) with statsTag=0xffffff41, statsUid=-1
05-30 15:25:38.959 D/UtilLog ( 2186): 日志批量上报 进行正常循环 !!!!!!本次有0次请求,共0条数据
05-30 15:25:38.979 I/serviceDiscovery( 703): [MdnsAdvertiser.wlan0] Probing finished for service 4
05-30 15:25:39.020 I/serviceDiscovery( 703): [MdnsAdvertiser.wlan0] Probing finished for service 3
05-30 15:25:39.045 I/bt_btif_dm( 1139): packages/modules/Bluetooth/system/btif/src/btif_dm.cc:691 btif_update_remote_properties: cod from storage is also unclassified
05-30 15:25:39.063 E/accept ( 2257): myIp:192.168.3.222
05-30 15:25:39.063 D/TrafficStats( 2257): tagSocket(214) with statsTag=0xffffffff, statsUid=-1
05-30 15:25:39.066 E/accept ( 2257): connect error
05-30 15:25:39.088 I/UpnpServiceImpl( 2257): >>> Starting UPnP service...
05-30 15:25:39.088 I/UpnpServiceImpl( 2257): Using configuration: org.fourthline.cling.android.AndroidUpnpServiceConfiguration
05-30 15:25:39.094 I/Router ( 2257): Creating Router: org.fourthline.cling.android.AndroidRouter
05-30 15:25:39.096 W/Router ( 2257): enable lock:org.fourthline.cling.android.AndroidRouter@c6a8b6e_java.util.concurrent.locks.ReentrantReadWriteLock$WriteLock@4ed120f[Unlocked]
05-30 15:25:39.104 W/tworkAddressFactoryImpl( 2257): Network interface may not be multicast capable: dummy0
05-30 15:25:39.108 I/MulticastReceiver( 2257): Creating wildcard socket (for receiving multicast datagrams) on port: 1900
05-30 15:25:39.108 D/TrafficStats( 2257): tagSocket(214) with statsTag=0xffffffff, statsUid=-1
05-30 15:25:39.108 I/MulticastReceiver( 2257): Joining multicast group: /239.255.255.250:1900 on network interface: wlan0
05-30 15:25:39.134 E/accept ( 2257): Adding connector try: 192.168.3.222/192.168.3.222:41627
05-30 15:25:39.135 D/TrafficStats( 2257): tagSocket(219) with statsTag=0xffffffff, statsUid=-1
05-30 15:25:39.136 E/accept ( 2257): Adding connector result: 192.168.3.222/192.168.3.222:41627
05-30 15:25:39.208 I/JettyServletContainer( 2257): Registering UPnP servlet under context path: /upnp
05-30 15:25:39.211 I/DatagramIO( 2257): Creating bound socket (for datagram input/output) on: 192.168.3.222/192.168.3.222
05-30 15:25:39.211 D/TrafficStats( 2257): tagSocket(5) with statsTag=0xffffffff, statsUid=-1
05-30 15:25:39.212 E/JettyServletContainer( 2257): gogogo
05-30 15:25:39.212 I/JettyServletContainer( 2257): Starting Jetty server...
05-30 15:25:39.213 W/System.err( 2257): 2025-05-30 15:25:39.213:INFO:lcaf.p:jetty-8.y.z-SNAPSHOT
05-30 15:25:39.216 I/Router ( 2257): WiFi multicast lock acquired
05-30 15:25:39.216 I/WifiService( 703): acquireMulticastLock uid=10043
05-30 15:25:39.217 I/Router ( 2257): WiFi lock acquired
05-30 15:25:39.218 I/WifiService( 703): acquireWifiLock uid=10043 lockMode=3
05-30 15:25:39.219 D/WifiHAL ( 522): Setting APF program, halHandle = 0xf41824a0
05-30 15:25:39.219 I/WifiHAL ( 522): createRequest: APF set program request
05-30 15:25:39.219 D/WifiHAL ( 522): error code -95 mapped to -3
05-30 15:25:39.219 I/WifiHAL ( 522): Request Response failed for APF, result = -3
05-30 15:25:39.220 E/WifiStaIfaceAidlImpl( 703): installApfPacketFilter failed with service-specific exception: android.os.ServiceSpecificException: (code 4)
05-30 15:25:39.222 I/WifiHAL ( 522): wifi_set_latency_mode set to 1
05-30 15:25:39.232 W/Router ( 2257): enable unlock:org.fourthline.cling.android.AndroidRouter@c6a8b6e
05-30 15:25:39.233 I/UpnpServiceImpl( 2257): <<< UPnP service started successfully
05-30 15:25:39.250 W/System.err( 2257): 2025-05-30 15:25:39.250:INFO:lcaf.a:Started @192.168.3.222:41627
05-30 15:25:39.287 I/ActivityManager( 703): Skip zero pid ANR, process=WebViewLoader-armeabi-v7a
05-30 15:25:39.299 E/g ( 2257): channel :os
05-30 15:25:39.519 I/WifiHAL ( 522): call wifi_get_link_stats handler
05-30 15:25:39.519 I/WifiHAL ( 522): Creating message to get link statistics; iface = 16
05-30 15:25:39.519 D/WifiHAL ( 522): error code -95 mapped to -3
05-30 15:25:39.519 E/WifiStaIfaceAidlImpl( 703): getLinkLayerStats failed with service-specific exception: android.os.ServiceSpecificException: (code 4)
05-30 15:25:39.723 D/ActivityManager( 703): freezing 2335 com.android.externalstorage
05-30 15:25:39.728 I/efs.base( 2257): lt=event`ev_ct=efs_core`ev_ac=log_lag`tm=2025-05-30 15:25:72`dn=2e014cdb-5933-4f31-abf7-df83dbf41111`ps=com.dangbei.screencast`um_os=android`stime=1748589929308`pid=2257`fr=android`pkg=com.dangbei.screencast`vcode=20830`dsp_w=1920`uid=2e014cdb-5933-4f31-abf7-df83dbf41111`rom=14`wid=2e014cdb-5933-4f31-abf7-df83dbf41111`um_app_carrier=`um_access=wifi`um_app_channel=os`um_crash_sdk_version=1.4.0`ctime=1748589939`model=dbbox-a3`lang=zh`net=wifi`brand=amlogic`dsp_h=1080`um_network_type=0`ver=v2.8.3`cnt=0`build_model=DBBOX-A3`w_tm=1748589939`appid=5fc60c21094d637f3130af19`um_umid_header=null`sdk=34`tzone=Asia/Shanghai`sdk_ver=1.3.6.umeng
05-30 15:25:39.907 W/NotificationHistory( 703): Attempted to add notif for locked/gone/disabled user 0
05-30 15:25:40.007 W/System ( 1139): A resource failed to call close.
05-30 15:25:40.095 W/TelephonyPermissions( 703): reportAccessDeniedToReadIdentifiers:com.dangbei.screencast:getSerial:-1
05-30 15:25:40.149 V/NFC ( 2470): this device does not have NFC support
05-30 15:25:40.181 I/ActivityManager( 703): Waited long enough for: ServiceRecord{dc59651 u0 com.oranth.storage/.MainService}
05-30 15:25:40.382 D/CompatibilityChangeReporter( 703): Compat change id reported: 161145287; UID 10043; state: DISABLED
05-30 15:25:40.498 I/ActivityManager( 703): Waited long enough for: ServiceRecord{b231662 u0 com.droidlogic.mictoggle/.AssistantMicMuteService}
05-30 15:25:40.567 D/TrafficStats( 2470): tagSocket(161) with statsTag=0xffffffff, statsUid=-1
05-30 15:25:40.596 I/ip ( 2568): type=1400 audit(0.0:1164): avc: denied { bind } for scontext=u:r:untrusted_app_27:s0:c43,c256,c512,c768 tcontext=u:r:untrusted_app_27:s0:c43,c256,c512,c768 tclass=netlink_route_socket permissive=1 app=com.dangbei.screencast
05-30 15:25:40.596 I/ip ( 2568): type=1400 audit(0.0:1165): avc: denied { nlmsg_readpriv } for scontext=u:r:untrusted_app_27:s0:c43,c256,c512,c768 tcontext=u:r:untrusted_app_27:s0:c43,c256,c512,c768 tclass=netlink_route_socket permissive=1 app=com.dangbei.screencast
05-30 15:25:40.596 W/ip ( 2568): type=1400 audit(0.0:1166): avc: granted { nlmsg_getneigh } for scontext=u:r:untrusted_app_27:s0:c43,c256,c512,c768 tcontext=u:r:untrusted_app_27:s0:c43,c256,c512,c768 tclass=netlink_route_socket app=com.dangbei.screencast
05-30 15:25:40.882 W/ActivityThread( 1540): ClassLoader.loadClass: The class loader returned by Thread.getContextClassLoader() may fail for processes that host multiple applications. You should explicitly specify a context class loader. For example: Thread.setContextClassLoader(getClass().getClassLoader());
05-30 15:25:40.886 D/AccountManagerService( 703): bind attempt failed for Session: expectLaunch false, connected false, stats (0/0/0), lifetime 0.0, addAccount, accountType cn.ninegame.gamemanager, requiredFeatures null
05-30 15:25:40.895 E/d.leradlauncher( 1540): Invalid resource ID 0x00000000.
05-30 15:25:40.903 D/TrafficStats( 1540): tagSocket(79) with statsTag=0xffffffff, statsUid=-1
05-30 15:25:41.495 I/ActivityManager( 703): Waited long enough for: ServiceRecord{99e1767 u0 com.dangbei.lerad.rocky/com.dangbei.phrike.core.PhrikeDownloadService}
05-30 15:25:41.786 I/bt_stack( 1139): [INFO:le_scanning_manager.cc(168)] Scan in shim layer stopped
05-30 15:25:41.787 I/bluetooth( 1139): packages/modules/Bluetooth/system/gd/hci/le_address_manager.cc:193 unregister_client: Client unregistered
05-30 15:25:41.787 I/bt_stack( 1139): [INFO:le_scanning_manager.cc(346)] SetScanParameters in shim layer
05-30 15:25:41.787 I/bt_stack( 1139): [INFO:le_scanning_manager.cc(168)] Scan in shim layer started
05-30 15:25:41.787 I/bluetooth( 1139): packages/modules/Bluetooth/system/gd/hci/le_scanning_manager.cc:588 stop_scan: Scanning already stopped, return!
05-30 15:25:41.788 I/bluetooth( 1139): packages/modules/Bluetooth/system/gd/hci/le_address_manager.cc:178 register_client: Client registered
05-30 15:25:42.524 I/WifiHAL ( 522): call wifi_get_link_stats handler
05-30 15:25:42.524 I/WifiHAL ( 522): Creating message to get link statistics; iface = 16
05-30 15:25:42.524 D/WifiHAL ( 522): error code -95 mapped to -3
05-30 15:25:42.525 E/WifiStaIfaceAidlImpl( 703): getLinkLayerStats failed with service-specific exception: android.os.ServiceSpecificException: (code 4)
05-30 15:25:42.629 I/bt_btif_dm( 1139): packages/modules/Bluetooth/system/btif/src/btif_dm.cc:691 btif_update_remote_properties: cod from storage is also unclassified
05-30 15:25:42.738 W/id.ext.services( 1201): ApkAssets: Deleting an ApkAssets object ' and /system/app/dangbei-screencast/dangbei-screencast.apk' with 1 weak references
05-30 15:25:43.638 D/CompatibilityChangeReporter( 703): Compat change id reported: 261072174; UID 1000; state: ENABLED
05-30 15:25:43.639 D/OomAdjuster( 703): Not killing cached processes
05-30 15:25:43.932 D/SntpClient( 703): request time failed: java.net.SocketTimeoutException: Poll timed out
05-30 15:25:43.932 D/TrafficStats( 703): tagSocket(403) with statsTag=0xffffff41, statsUid=-1
05-30 15:25:44.215 I/SdkSandboxManager( 703): Reconciling sdk data package directories for 0
05-30 15:25:44.531 W/method.sogou.tv( 1523): Cleared Reference was only reachable from finalizer (only reported once)
05-30 15:25:44.552 I/crashsdk( 2257): crashsdk uploading logs
05-30 15:25:44.852 W/oid.tv.settings( 1349): Cleared Reference was only reachable from finalizer (only reported once)
05-30 15:25:45.128 I/keystore2( 279): system/security/keystore2/src/watchdog.rs:319 - Watchdog thread idle -> terminating. Have a great day.
05-30 15:25:45.532 I/WifiHAL ( 522): call wifi_get_link_stats handler
05-30 15:25:45.532 I/WifiHAL ( 522): Creating message to get link statistics; iface = 16
05-30 15:25:45.532 D/WifiHAL ( 522): error code -95 mapped to -3
05-30 15:25:45.533 E/WifiStaIfaceAidlImpl( 703): getLinkLayerStats failed with service-specific exception: android.os.ServiceSpecificException: (code 4)
05-30 15:25:45.985 I/audio_hw_hal_alsamgr( 480): alsa format =0x1 delay frames =768 total frames=1638400
05-30 15:25:46.091 W/System ( 1505): A resource failed to call close.
05-30 15:25:46.092 W/System ( 1505): A resource failed to call close.
05-30 15:25:46.092 W/System ( 1505): A resource failed to call close.
05-30 15:25:46.092 W/System ( 1505): A resource failed to call close.
05-30 15:25:46.092 W/System ( 1505): A resource failed to call close.
05-30 15:25:46.092 W/System ( 1505): A resource failed to call close.
05-30 15:25:46.092 W/System ( 1505): A resource failed to call close.
05-30 15:25:46.092 W/System ( 1505): A resource failed to call close.
05-30 15:25:47.622 I/d.process.media( 1692): Background concurrent copying GC freed 3968(348KB) AllocSpace objects, 0(0B) LOS objects, 49% free, 2110KB/4220KB, paused 7.031ms,29us total 65.384ms
05-30 15:25:47.655 W/System ( 1817): A resource failed to call close.
05-30 15:25:47.656 W/bei.lerad.rocky( 1817): ApkAssets: Deleting an ApkAssets object ' and /system/app/dangbei-feedback/dangbei-feedback.apk' with 1 weak references
05-30 15:25:47.656 W/bei.lerad.rocky( 1817): ApkAssets: Deleting an ApkAssets object ' and /apex/com.android.uwb/priv-app/ServiceUwbResources@UD2A.240505.001.W1/ServiceUwbResources.apk' with 1 weak references
05-30 15:25:47.656 W/bei.lerad.rocky( 1817): ApkAssets: Deleting an ApkAssets object ' and /apex/com.android.adservices/priv-app/AdServicesApk@UD2A.240505.001.W1/AdServicesApk.apk' with 1 weak references
05-30 15:25:47.657 W/bei.lerad.rocky( 1817): ApkAssets: Deleting an ApkAssets object ' and /system/priv-app/DynamicSystemInstallationService/DynamicSystemInstallationService.apk' with 1 weak references
05-30 15:25:47.657 W/bei.lerad.rocky( 1817): ApkAssets: Deleting an ApkAssets object ' and /apex/com.android.healthfitness/priv-app/HealthConnectController@UD2A.240505.001.W1/HealthConnectController.apk' with 1 weak references
05-30 15:25:47.657 W/bei.lerad.rocky( 1817): ApkAssets: Deleting an ApkAssets object ' and /system/priv-app/CalendarProvider/CalendarProvider.apk' with 1 weak references
05-30 15:25:47.658 W/bei.lerad.rocky( 1817): ApkAssets: Deleting an ApkAssets object ' and /system_ext/priv-app/TvSettings/TvSettings.apk' with 1 weak references
05-30 15:25:47.658 W/bei.lerad.rocky( 1817): ApkAssets: Deleting an ApkAssets object ' and /system/app/dangbei-steward/dangbei-steward.apk' with 1 weak references
05-30 15:25:47.658 W/bei.lerad.rocky( 1817): ApkAssets: Deleting an ApkAssets object ' and /system/app/com.sohu.inputmethod.sogou.tv/com.sohu.inputmethod.sogou.tv.apk' with 1 weak references
05-30 15:25:47.659 W/bei.lerad.rocky( 1817): ApkAssets: Deleting an ApkAssets object ' and /system/priv-app/ExternalStorageProvider/ExternalStorageProvider.apk' with 1 weak references
05-30 15:25:47.659 W/bei.lerad.rocky( 1817): ApkAssets: Deleting an ApkAssets object ' and /system/app/HTMLViewer/HTMLViewer.apk' with 1 weak references
05-30 15:25:47.659 W/bei.lerad.rocky( 1817): ApkAssets: Deleting an ApkAssets object ' and /system/app/CompanionDeviceManager/CompanionDeviceManager.apk' with 1 weak references
05-30 15:25:47.659 W/bei.lerad.rocky( 1817): ApkAssets: Deleting an ApkAssets object ' and /system/priv-app/DownloadProvider/DownloadProvider.apk' with 1 weak references
05-30 15:25:47.659 W/bei.lerad.rocky( 1817): ApkAssets: Deleting an ApkAssets object ' and /system/priv-app/TvProvider/TvProvider.apk' with 1 weak references
05-30 15:25:47.659 W/bei.lerad.rocky( 1817): ApkAssets: Deleting an ApkAssets object '/product/overlay/TvProviderOverlay.apk' with 1 weak references
05-30 15:25:47.660 W/bei.lerad.rocky( 1817): ApkAssets: Deleting an ApkAssets object ' and /product/app/DLNA/DLNA.apk' with 1 weak references
05-30 15:25:47.660 W/bei.lerad.rocky( 1817): ApkAssets: Deleting an ApkAssets object ' and /system_ext/priv-app/droidlogic-res/droidlogic-res.apk' with 1 weak references
05-30 15:25:47.660 W/bei.lerad.rocky( 1817): ApkAssets: Deleting an ApkAssets object ' and /system_ext/priv-app/DroidTvSettings/DroidTvSettings.apk' with 1 weak references
05-30 15:25:47.661 W/bei.lerad.rocky( 1817): ApkAssets: Deleting an ApkAssets object ' and /system/app/LedCtrl/LedCtrl.apk' with 1 weak references
05-30 15:25:47.661 W/bei.lerad.rocky( 1817): ApkAssets: Deleting an ApkAssets object ' and /system/app/dangbei-media-player/dangbei-media-player.apk' with 1 weak references
05-30 15:25:47.661 W/bei.lerad.rocky( 1817): ApkAssets: Deleting an ApkAssets object ' and /system/app/PacProcessor/PacProcessor.apk' with 1 weak references
05-30 15:25:47.662 W/bei.lerad.rocky( 1817): ApkAssets: Deleting an ApkAssets object ' and /apex/com.android.permission/priv-app/SafetyCenterResources@UD2A.240505.001.W1/SafetyCenterResources.apk' with 1 weak references
05-30 15:25:47.662 W/bei.lerad.rocky( 1817): ApkAssets: Deleting an ApkAssets object ' and /system/priv-app/NetworkStack/NetworkStack.apk' with 1 weak references
05-30 15:25:47.662 W/bei.lerad.rocky( 1817): ApkAssets: Deleting an ApkAssets object '/product/overlay/TvNetworkStackOverlay.apk' with 1 weak references
05-30 15:25:47.662 W/bei.lerad.rocky( 1817): ApkAssets: Deleting an ApkAssets object ' and /apex/com.android.tethering/priv-app/ServiceConnectivityResources@UD2A.240505.001.W1/ServiceConnectivityResources.apk' with 1 weak references
05-30 15:25:47.662 W/bei.lerad.rocky( 1817): ApkAssets: Deleting an ApkAssets object ' and /product/app/ModuleMetadata/ModuleMetadata.apk' with 1 weak references
05-30 15:25:47.662 W/bei.lerad.rocky( 1817): ApkAssets: Deleting an ApkAssets object ' and /system/app/CertInstaller/CertInstaller.apk' with 1 weak references
05-30 15:25:47.662 W/bei.lerad.rocky( 1817): ApkAssets: Deleting an ApkAssets object ' and /system/framework/framework-res.apk' with 1 weak references
05-30 15:25:47.663 W/bei.lerad.rocky( 1817): ApkAssets: Deleting an ApkAssets object ' and /product/app/Camera2/Camera2.apk' with 1 weak references
05-30 15:25:47.664 W/bei.lerad.rocky( 1817): ApkAssets: Deleting an ApkAssets object ' and /system/priv-app/MtpService/MtpService.apk' with 1 weak references
05-30 15:25:47.665 W/bei.lerad.rocky( 1817): ApkAssets: Deleting an ApkAssets object ' and /system/priv-app/StatementService/StatementService.apk' with 1 weak references
05-30 15:25:47.665 W/bei.lerad.rocky( 1817): ApkAssets: Deleting an ApkAssets object ' and /system/app/dangbei-screencast/dangbei-screencast.apk' with 1 weak references
05-30 15:25:47.665 W/bei.lerad.rocky( 1817): ApkAssets: Deleting an ApkAssets object ' and /product/priv-app/SettingsIntelligence/SettingsIntelligence.apk' with 1 weak references
05-30 15:25:47.666 W/bei.lerad.rocky( 1817): ApkAssets: Deleting an ApkAssets object ' and /system/app/dangbei-launcher/dangbei-launcher.apk' with 1 weak references
05-30 15:25:47.666 W/bei.lerad.rocky( 1817): ApkAssets: Deleting an ApkAssets object ' and /system/app/PrintSpooler/PrintSpooler.apk' with 1 weak references
05-30 15:25:47.666 W/bei.lerad.rocky( 1817): ApkAssets: Deleting an ApkAssets object ' and /system/app/BasicDreams/BasicDreams.apk' with 1 weak references
05-30 15:25:47.667 W/bei.lerad.rocky( 1817): ApkAssets: Deleting an ApkAssets object ' and /system/priv-app/InputDevices/InputDevices.apk' with 1 weak references
05-30 15:25:47.667 W/bei.lerad.rocky( 1817): ApkAssets: Deleting an ApkAssets object ' and /apex/com.android.rkpd/priv-app/rkpdapp@UD2A.240505.001.W1/rkpdapp.apk' with 1 weak references
05-30 15:25:47.667 W/bei.lerad.rocky( 1817): ApkAssets: Deleting an ApkAssets object ' and /system/app/InputMacSn/InputMacSn.apk' with 1 weak references
05-30 15:25:47.668 W/bei.lerad.rocky( 1817): ApkAssets: Deleting an ApkAssets object ' and /system/priv-app/MusicFX/MusicFX.apk' with 1 weak references
05-30 15:25:47.668 W/bei.lerad.rocky( 1817): ApkAssets: Deleting an ApkAssets object ' and /system/priv-app/dangbei-boot-guide/dangbei-boot-guide.apk' with 1 weak references
05-30 15:25:47.669 W/bei.lerad.rocky( 1817): ApkAssets: Deleting an ApkAssets object ' and /system/app/ExtShared/ExtShared.apk' with 1 weak references
05-30 15:25:47.669 W/bei.lerad.rocky( 1817): ApkAssets: Deleting an ApkAssets object ' and /system/app/KeyChain/KeyChain.apk' with 1 weak references
05-30 15:25:47.669 W/bei.lerad.rocky( 1817): ApkAssets: Deleting an ApkAssets object ' and /apex/com.android.extservices/priv-app/ExtServices@UD2A.240505.001.W1/ExtServices.apk' with 1 weak references
05-30 15:25:47.670 W/bei.lerad.rocky( 1817): ApkAssets: Deleting an ApkAssets object ' and /apex/com.android.wifi/priv-app/ServiceWifiResources@UD2A.240505.001.W1/ServiceWifiResources.apk' with 1 weak references
05-30 15:25:47.670 W/bei.lerad.rocky( 1817): ApkAssets: Deleting an ApkAssets object '/product/overlay/TvWifiOverlay.apk' with 1 weak references
05-30 15:25:47.670 W/bei.lerad.rocky( 1817): ApkAssets: Deleting an ApkAssets object '/product/overlay/WiFiTetheringOverlay.apk' with 1 weak references
05-30 15:25:47.670 W/bei.lerad.rocky( 1817): ApkAssets: Deleting an ApkAssets object ' and /system/app/CameraExtensionsProxy/CameraExtensionsProxy.apk' with 1 weak references
05-30 15:25:47.670 W/bei.lerad.rocky( 1817): ApkAssets: Deleting an ApkAssets object ' and /system_ext/priv-app/MicToggleProvider/MicToggleProvider.apk' with 1 weak references
05-30 15:25:47.671 W/bei.lerad.rocky( 1817): ApkAssets: Deleting an ApkAssets object ' and /system/priv-app/PackageInstaller_tv/PackageInstaller_tv.apk' with 1 weak references
05-30 15:25:47.671 W/bei.lerad.rocky( 1817): ApkAssets: Deleting an ApkAssets object ' and /system/app/FactoryTest_oranth/FactoryTest_oranth.apk' with 1 weak references
05-30 15:25:47.672 W/bei.lerad.rocky( 1817): ApkAssets: Deleting an ApkAssets object ' and /system/priv-app/ProxyHandler/ProxyHandler.apk' with 1 weak references
05-30 15:25:47.672 W/bei.lerad.rocky( 1817): ApkAssets: Deleting an ApkAssets object ' and /system/priv-app/IntentResolver/IntentResolver.apk' with 1 weak references
05-30 15:25:47.672 W/bei.lerad.rocky( 1817): ApkAssets: Deleting an ApkAssets object ' and /system/priv-app/ManagedProvisioning/ManagedProvisioning.apk' with 1 weak references
05-30 15:25:47.673 W/bei.lerad.rocky( 1817): ApkAssets: Deleting an ApkAssets object ' and /system/app/UsbOpenFT/UsbOpenFT.apk' with 1 weak references
05-30 15:25:47.673 W/bei.lerad.rocky( 1817): ApkAssets: Deleting an ApkAssets object ' and /system/priv-app/SoundPicker/SoundPicker.apk' with 1 weak references
05-30 15:25:47.673 W/bei.lerad.rocky( 1817): ApkAssets: Deleting an ApkAssets object ' and /system/app/dangbei-etna-service/dangbei-etna-service.apk' with 1 weak references
05-30 15:25:47.673 W/bei.lerad.rocky( 1817): ApkAssets: Deleting an ApkAssets object ' and /product/app/Miracast/Miracast.apk' with 1 weak references
05-30 15:25:47.673 W/bei.lerad.rocky( 1817): ApkAssets: Deleting an ApkAssets object ' and /system/app/dangbei-file-manager/dangbei-file-manager.apk' with 1 weak references
05-30 15:25:47.674 W/bei.lerad.rocky( 1817): ApkAssets: Deleting an ApkAssets object ' and /system/app/PowerUI/PowerUI.apk' with 1 weak references
05-30 15:25:47.674 W/bei.lerad.rocky( 1817): ApkAssets: Deleting an ApkAssets object ' and /system/app/dangbei-screensaver/dangbei-screensaver.apk' with 1 weak references
05-30 15:25:47.674 W/bei.lerad.rocky( 1817): ApkAssets: Deleting an ApkAssets object ' and /product/app/Music/Music.apk' with 1 weak references
05-30 15:25:47.675 W/bei.lerad.rocky( 1817): ApkAssets: Deleting an ApkAssets object ' and /system/priv-app/Shell/Shell.apk' with 1 weak references
05-30 15:25:47.675 W/bei.lerad.rocky( 1817): ApkAssets: Deleting an ApkAssets object ' and /system/priv-app/UserDictionaryProvider/UserDictionaryProvider.apk' with 1 weak references
05-30 15:25:47.675 W/bei.lerad.rocky( 1817): ApkAssets: Deleting an ApkAssets object ' and /apex/com.android.mediaprovider/priv-app/MediaProvider@UD2A.240505.001.W1/MediaProvider.apk' with 1 weak references
05-30 15:25:47.675 W/bei.lerad.rocky( 1817): ApkAssets: Deleting an ApkAssets object ' and /system/app/Low_storage_dialog/Low_storage_dialog.apk' with 1 weak references
05-30 15:25:47.676 W/bei.lerad.rocky( 1817): ApkAssets: Deleting an ApkAssets object ' and /apex/com.android.wifi/app/OsuLogin@UD2A.240505.001.W1/OsuLogin.apk' with 1 weak references
05-30 15:25:47.676 W/bei.lerad.rocky( 1817): ApkAssets: Deleting an ApkAssets object ' and /system/priv-app/FusedLocation/FusedLocation.apk' with 1 weak references
05-30 15:25:47.676 W/bei.lerad.rocky( 1817): ApkAssets: Deleting an ApkAssets object ' and /product/app/DeskClock/DeskClock.apk' with 1 weak references
05-30 15:25:47.677 W/bei.lerad.rocky( 1817): ApkAssets: Deleting an ApkAssets object ' and /system_ext/priv-app/TvSystemUI/TvSystemUI.apk' with 1 weak references
05-30 15:25:47.677 W/bei.lerad.rocky( 1817): ApkAssets: Deleting an ApkAssets object '/vendor/overlay/TvSystemUI__auto_generated_rro_vendor.apk' with 1 weak references
05-30 15:25:47.677 W/bei.lerad.rocky( 1817): ApkAssets: Deleting an ApkAssets object '/product/overlay/SystemUIOverlay.apk' with 1 weak references
05-30 15:25:47.677 W/bei.lerad.rocky( 1817): ApkAssets: Deleting an ApkAssets object ' and /system/app/dangbei-setting/dangbei-setting.apk' with 1 weak references
05-30 15:25:47.678 W/bei.lerad.rocky( 1817): ApkAssets: Deleting an ApkAssets object ' and /apex/com.android.permission/priv-app/PermissionController@UD2A.240505.001.W1/PermissionController.apk' with 1 weak references
05-30 15:25:47.679 W/bei.lerad.rocky( 1817): ApkAssets: Deleting an ApkAssets object ' and /vendor/priv-app/AppInstaller/AppInstaller.apk' with 1 weak references
05-30 15:25:47.679 W/bei.lerad.rocky( 1817): ApkAssets: Deleting an ApkAssets object ' and /apex/com.android.btservices/app/Bluetooth@UD2A.240505.001.W1/Bluetooth.apk' with 1 weak references
05-30 15:25:47.679 W/bei.lerad.rocky( 1817): ApkAssets: Deleting an ApkAssets object ' and /system/priv-app/ContactsProvider/ContactsProvider.apk' with 1 weak references
05-30 15:25:47.680 W/bei.lerad.rocky( 1817): ApkAssets: Deleting an ApkAssets object ' and /system/app/CaptivePortalLogin/CaptivePortalLogin.apk' with 1 weak references
05-30 15:25:47.680 W/bei.lerad.rocky( 1817): ApkAssets: Deleting an ApkAssets object ' and /apex/com.android.devicelock/priv-app/DeviceLockController@UD2A.240505.001.W1/DeviceLockController.apk' with 1 weak references
05-30 15:25:47.680 W/bei.lerad.rocky( 1817): ApkAssets: Deleting an ApkAssets object ' and /apex/com.android.extservices/priv-app/AdExtServicesApk@UD2A.240505.001.W1/AdExtServicesApk.apk' with 1 weak references
05-30 15:25:48.538 I/WifiHAL ( 522): call wifi_get_link_stats handler
05-30 15:25:48.538 I/WifiHAL ( 522): Creating message to get link statistics; iface = 16
05-30 15:25:48.538 D/WifiHAL ( 522): error code -95 mapped to -3
05-30 15:25:48.539 E/WifiStaIfaceAidlImpl( 703): getLinkLayerStats failed with service-specific exception: android.os.ServiceSpecificException: (code 4)
05-30 15:25:48.677 D/OomAdjuster( 703): Not killing cached processes
05-30 15:25:48.680 D/CompatibilityChangeReporter( 703): Compat change id reported: 265195908; UID 10058; state: ENABLED
05-30 15:25:48.936 D/SntpClient( 703): request time failed: java.net.SocketTimeoutException: Poll timed out
05-30 15:25:48.936 D/SntpClient( 703): request time failed
05-30 15:25:48.958 D/UtilLog ( 2186): 日志批量上报 进行正常循环 !!!!!!本次有0次请求,共0条数据
05-30 15:25:48.961 D/TrafficStats( 703): tagSocket(403) with statsTag=0xffffff41, statsUid=-1
05-30 15:25:49.273 D/SntpClient( 703): round trip: 309ms, clock offset: 3540ms
05-30 15:25:49.276 D/SystemClockTime( 703): Setting time of day to sec=1748589952
05-30 15:25:52.815 E/LazyAlarmStore( 703): Removed TIME_TICK alarm
05-30 15:25:52.820 W/SyncManager( 703): Clock is valid now.
05-30 15:25:52.820 D/ConditionProviders.SCP( 703): onReceive android.intent.action.TIME_SET
05-30 15:25:52.855 D/ConditionProviders.SCP( 703): evaluateSubscriptionLocked cal=ScheduleCalendar[mDays={1, 2, 3, 4, 5, 6, 7}, mSchedule=ScheduleInfo{days=[1, 2, 3, 4, 5, 6, 7], startHour=22, startMinute=0, endHour=7, endMinute=0, exitAtAlarm=true, nextAlarm=Thu Jan 01 08:00:00 GMT+08:00 1970 (0)}], now=Fri May 30 15:25:52 GMT+08:00 2025 (1748589952820), nextUserAlarmTime=Thu Jan 01 08:00:00 GMT+08:00 1970 (0)
05-30 15:25:52.855 D/ConditionProviders.SCP( 703): notifyCondition condition://android/schedule?days=1.2.3.4.5.6.7&start=22.0&end=7.0&exitAtAlarm=true STATE_FALSE reason=!meetsSchedule
05-30 15:25:52.856 D/ConditionProviders.SCP( 703): Scheduling evaluate for Fri May 30 22:00:00 GMT+08:00 2025 (1748613600000), in +6h34m7s180ms, now=Fri May 30 15:25:52 GMT+08:00 2025 (1748589952820)
05-30 15:25:52.861 D/CompatibilityChangeReporter( 703): Compat change id reported: 171306433; UID 1000; state: ENABLED
05-30 15:25:52.861 D/CompatibilityChangeReporter( 703): Compat change id reported: 218533173; UID 1000; state: ENABLED
05-30 15:25:52.866 I/UsageStatsService( 703): User[0] Time changed in by 3 seconds
05-30 15:25:52.866 I/UsageStatsService( 703): User[0] Flushing usage stats to disk
05-30 15:25:52.871 D/CompatibilityChangeReporter( 703): Compat change id reported: 143231523; UID 1000; state: DISABLED
05-30 15:25:52.877 D/EpgDataCleanupService( 2000): Received intent: Intent { act=com.android.providers.tv.intent.CLEAN_UP_EPG_DATA cmp=com.android.providers.tv/.EpgDataCleanupService }
05-30 15:25:52.871 I/binder:468_4( 468): type=1400 audit(0.0:1167): avc: denied { add_name } for name="globalAlert" scontext=u:r:netd:s0 tcontext=u:object_r:proc_net:s0 tclass=dir permissive=1
05-30 15:25:52.892 I/UsageStatsDatabase( 703): Time changed by +3s538ms. files deleted: 0 files moved: 4
05-30 15:25:52.908 I/UsageStatsService( 703): User[0] Rollover scheduled @ 2025-05-31 13:46:28(1748670388827)
05-30 15:25:52.912 D/CompatibilityChangeReporter( 703): Compat change id reported: 218533173; UID 10019; state: ENABLED
05-30 15:25:52.912 D/CompatibilityChangeReporter( 703): Compat change id reported: 262645982; UID 10019; state: ENABLED
05-30 15:25:52.913 D/CompatibilityChangeReporter( 703): Compat change id reported: 218533173; UID 10040; state: DISABLED
05-30 15:25:52.913 D/CompatibilityChangeReporter( 703): Compat change id reported: 262645982; UID 10040; state: DISABLED
05-30 15:25:52.913 D/CompatibilityChangeReporter( 703): Compat change id reported: 218533173; UID 10018; state: ENABLED
05-30 15:25:52.913 D/CompatibilityChangeReporter( 703): Compat change id reported: 262645982; UID 10018; state: ENABLED
05-30 15:25:52.914 D/CompatibilityChangeReporter( 703): Compat change id reported: 218533173; UID 10026; state: ENABLED
05-30 15:25:52.914 D/CompatibilityChangeReporter( 703): Compat change id reported: 262645982; UID 10026; state: ENABLED
05-30 15:25:52.919 D/CompatibilityChangeReporter( 703): Compat change id reported: 218533173; UID 10027; state: DISABLED
05-30 15:25:52.920 D/CompatibilityChangeReporter( 703): Compat change id reported: 262645982; UID 10027; state: DISABLED
05-30 15:25:52.921 D/CompatibilityChangeReporter( 703): Compat change id reported: 218533173; UID 10043; state: DISABLED
05-30 15:25:52.921 I/bt_btif_dm( 1139): packages/modules/Bluetooth/system/btif/src/btif_dm.cc:691 btif_update_remote_properties: cod from storage is also unclassified
05-30 15:25:52.921 D/CompatibilityChangeReporter( 703): Compat change id reported: 262645982; UID 10043; state: DISABLED
05-30 15:25:52.923 D/CompatibilityChangeReporter( 703): Compat change id reported: 218533173; UID 10054; state: ENABLED
05-30 15:25:52.924 D/CompatibilityChangeReporter( 703): Compat change id reported: 262645982; UID 10054; state: ENABLED
05-30 15:25:52.928 D/CompatibilityChangeReporter( 703): Compat change id reported: 218533173; UID 10025; state: ENABLED
05-30 15:25:52.928 D/CompatibilityChangeReporter( 703): Compat change id reported: 262645982; UID 10025; state: ENABLED
05-30 15:25:52.929 D/CompatibilityChangeReporter( 703): Compat change id reported: 218533173; UID 10022; state: ENABLED
05-30 15:25:52.929 D/CompatibilityChangeReporter( 703): Compat change id reported: 262645982; UID 10022; state: ENABLED
05-30 15:25:52.930 D/CompatibilityChangeReporter( 703): Compat change id reported: 218533173; UID 10049; state: DISABLED
05-30 15:25:52.931 D/CompatibilityChangeReporter( 703): Compat change id reported: 262645982; UID 10049; state: DISABLED
05-30 15:25:52.931 D/CompatibilityChangeReporter( 703): Compat change id reported: 218533173; UID 10069; state: ENABLED
05-30 15:25:52.932 D/CompatibilityChangeReporter( 703): Compat change id reported: 262645982; UID 10069; state: ENABLED
05-30 15:25:52.933 D/CompatibilityChangeReporter( 703): Compat change id reported: 218533173; UID 10058; state: ENABLED
05-30 15:25:52.933 D/CompatibilityChangeReporter( 703): Compat change id reported: 262645982; UID 10058; state: ENABLED
05-30 15:25:53.872 W/System ( 2186): A resource failed to call close.
05-30 15:25:53.873 W/gbei.zhushou.os( 2186): ApkAssets: Deleting an ApkAssets object ' and /system/app/com.sohu.inputmethod.sogou.tv/com.sohu.inputmethod.sogou.tv.apk' with 1 weak references
05-30 15:25:55.082 I/WifiHAL ( 522): call wifi_get_link_stats handler
05-30 15:25:55.082 I/WifiHAL ( 522): Creating message to get link statistics; iface = 16
05-30 15:25:55.082 D/WifiHAL ( 522): error code -95 mapped to -3
05-30 15:25:55.083 E/WifiStaIfaceAidlImpl( 703): getLinkLayerStats failed with service-specific exception: android.os.ServiceSpecificException: (code 4)
05-30 15:25:57.864 D/OomAdjuster( 703): Not killing cached processes
05-30 15:25:58.090 I/WifiHAL ( 522): call wifi_get_link_stats handler
05-30 15:25:58.090 I/WifiHAL ( 522): Creating message to get link statistics; iface = 16
05-30 15:25:58.090 D/WifiHAL ( 522): error code -95 mapped to -3
05-30 15:25:58.091 E/WifiStaIfaceAidlImpl( 703): getLinkLayerStats failed with service-specific exception: android.os.ServiceSpecificException: (code 4)
05-30 15:25:59.141 D/DhcpClient( 1096): Received packet: 1c:79:2d:20:62:97 ACK: your new IP /192.168.3.246, netmask /255.255.254.0, gateways [/192.168.3.1] DNS servers: /202.96.134.133 /202.96.128.166 , lease time 3600
05-30 15:25:59.665 E/Tethering( 1096): [wlan0.IpNeighborMonitor] ERROR readPacket error: : read failed: ENOBUFS (No buffer space available)
05-30 15:25:59.665 E/Tethering( 1096): android.system.ErrnoException: read failed: ENOBUFS (No buffer space available)
05-30 15:25:59.665 E/Tethering( 1096): at libcore.io.Linux.readBytes(Native Method)
05-30 15:25:59.665 E/Tethering( 1096): at libcore.io.Linux.read(Linux.java:190)
05-30 15:25:59.665 E/Tethering( 1096): at libcore.io.ForwardingOs.read(ForwardingOs.java:613)
05-30 15:25:59.665 E/Tethering( 1096): at libcore.io.BlockGuardOs.read(BlockGuardOs.java:325)
05-30 15:25:59.665 E/Tethering( 1096): at libcore.io.ForwardingOs.read(ForwardingOs.java:613)
05-30 15:25:59.665 E/Tethering( 1096): at android.system.Os.read(Os.java:571)
05-30 15:25:59.665 E/Tethering( 1096): at com.android.networkstack.tethering.util.PacketReader.readPacket(PacketReader.java:57)
05-30 15:25:59.665 E/Tethering( 1096): at com.android.networkstack.tethering.util.PacketReader.readPacket(PacketReader.java:32)
05-30 15:25:59.665 E/Tethering( 1096): at com.android.networkstack.tethering.util.FdEventsReader.handleInput(FdEventsReader.java:237)
05-30 15:25:59.665 E/Tethering( 1096): at com.android.networkstack.tethering.util.FdEventsReader.lambda$createAndRegisterFd$0(FdEventsReader.java:217)
05-30 15:25:59.665 E/Tethering( 1096): at com.android.networkstack.tethering.util.FdEventsReader.$r8$lambda$hO54Bijxt4hTUz0s2LBxGAFSDjY(FdEventsReader.java:0)
05-30 15:25:59.665 E/Tethering( 1096): at com.android.networkstack.tethering.util.FdEventsReader$$ExternalSyntheticLambda0.onFileDescriptorEvents(R8$$SyntheticClass:0)
05-30 15:25:59.665 E/Tethering( 1096): at android.os.MessageQueue.dispatchEvents(MessageQueue.java:293)
05-30 15:25:59.665 E/Tethering( 1096): at android.os.MessageQueue.nativePollOnce(Native Method)
05-30 15:25:59.665 E/Tethering( 1096): at android.os.MessageQueue.next(MessageQueue.java:335)
05-30 15:25:59.665 E/Tethering( 1096): at android.os.Looper.loopOnce(Looper.java:162)
05-30 15:25:59.665 E/Tethering( 1096): at android.os.Looper.loop(Looper.java:294)
05-30 15:25:59.665 E/Tethering( 1096): at android.os.HandlerThread.run(HandlerThread.java:67)
05-30 15:25:59.666 E/IpNeighborMonitor( 1096): Errno: ENOBUFS
05-30 15:25:59.679 E/Tethering( 1096): [ap0.IpNeighborMonitor] ERROR readPacket error: : read failed: ENOBUFS (No buffer space available)
05-30 15:25:59.679 E/Tethering( 1096): android.system.ErrnoException: read failed: ENOBUFS (No buffer space available)
05-30 15:25:59.679 E/Tethering( 1096): at libcore.io.Linux.readBytes(Native Method)
05-30 15:25:59.679 E/Tethering( 1096): at libcore.io.Linux.read(Linux.java:190)
05-30 15:25:59.679 E/Tethering( 1096): at libcore.io.ForwardingOs.read(ForwardingOs.java:613)
05-30 15:25:59.679 E/Tethering( 1096): at libcore.io.BlockGuardOs.read(BlockGuardOs.java:325)
05-30 15:25:59.679 E/Tethering( 1096): at libcore.io.ForwardingOs.read(ForwardingOs.java:613)
05-30 15:25:59.679 E/Tethering( 1096): at android.system.Os.read(Os.java:571)
05-30 15:25:59.679 E/Tethering( 1096): at com.android.networkstack.tethering.util.PacketReader.readPacket(PacketReader.java:57)
05-30 15:25:59.679 E/Tethering( 1096): at com.android.networkstack.tethering.util.PacketReader.readPacket(PacketReader.java:32)
05-30 15:25:59.679 E/Tethering( 1096): at com.android.networkstack.tethering.util.FdEventsReader.handleInput(FdEventsReader.java:237)
05-30 15:25:59.679 E/Tethering( 1096): at com.android.networkstack.tethering.util.FdEventsReader.lambda$createAndRegisterFd$0(FdEventsReader.java:217)
05-30 15:25:59.679 E/Tethering( 1096): at com.android.networkstack.tethering.util.FdEventsReader.$r8$lambda$hO54Bijxt4hTUz0s2LBxGAFSDjY(FdEventsReader.java:0)
05-30 15:25:59.679 E/Tethering( 1096): at com.android.networkstack.tethering.util.FdEventsReader$$ExternalSyntheticLambda0.onFileDescriptorEvents(R8$$SyntheticClass:0)
05-30 15:25:59.679 E/Tethering( 1096): at android.os.MessageQueue.dispatchEvents(MessageQueue.java:293)
05-30 15:25:59.679 E/Tethering( 1096): at android.os.MessageQueue.nativePollOnce(Native Method)
05-30 15:25:59.679 E/Tethering( 1096): at android.os.MessageQueue.next(MessageQueue.java:335)
05-30 15:25:59.679 E/Tethering( 1096): at android.os.Looper.loopOnce(Looper.java:162)
05-30 15:25:59.679 E/Tethering( 1096): at android.os.Looper.loop(Looper.java:294)
05-30 15:25:59.679 E/Tethering( 1096): at android.os.HandlerThread.run(HandlerThread.java:67)
05-30 15:25:59.679 E/IpNeighborMonitor( 1096): Errno: ENOBUFS
05-30 15:26:01.100 I/WifiHAL ( 522): call wifi_get_link_stats handler
05-30 15:26:01.100 I/WifiHAL ( 522): Creating message to get link statistics; iface = 16
05-30 15:26:01.100 D/WifiHAL ( 522): error code -95 mapped to -3
05-30 15:26:01.100 E/WifiStaIfaceAidlImpl( 703): getLinkLayerStats failed with service-specific exception: android.os.ServiceSpecificException: (code 4)
05-30 15:26:02.217 D/TrafficStats( 2257): tagSocket(222) with statsTag=0xffffffff, statsUid=-1
05-30 15:26:02.497 D/UtilLog ( 2186): 日志批量上报 进行正常循环 !!!!!!本次有0次请求,共0条数据
05-30 15:26:02.938 D/ActivityManager( 703): freezing 2000 com.android.providers.tv
05-30 15:26:03.715 I/bt_btif_dm( 1139): packages/modules/Bluetooth/system/btif/src/btif_dm.cc:691 btif_update_remote_properties: cod from storage is also unclassified
05-30 15:26:03.716 I/bt_btif_dm( 1139): packages/modules/Bluetooth/system/btif/src/btif_dm.cc:695 btif_update_remote_properties: class of device (cod) is 0x00050c
05-30 15:26:03.725 E/dangbei111( 1505): cccccc 检查遥控器是否连接: Dangbei E4:BB:D3:57:C0:22
05-30 15:26:03.729 E/dangbei111( 1505): cccccc 检查遥控器是否连接: 蓝牙的结果 Dangbei E4:BB:D3:57:C0:22 false
05-30 15:26:03.729 E/dangbei111( 1505): cccccc input中没有遥控器存在
05-30 15:26:03.729 E/dangbei111( 1505): cccccc 蓝牙状态连接 不是连接状态 啥都不干
05-30 15:26:03.732 E/dangbei111( 1505): cccccc 开始扫描
05-30 15:26:03.732 D/BluetoothAdapter( 1505): isLeEnabled(): ON
05-30 15:26:03.737 E/dangbei111( 1505): cccccc scan 得到的设备和状态 Dangbei E4:BB:D3:57:C0:7D 10
05-30 15:26:03.739 E/dangbei111( 1505): cccccc 扫描到了设备 Dangbei E4:BB:D3:57:C0:7D
05-30 15:26:03.744 E/dangbei111( 1505): cccccc 检查遥控器是否连接: Dangbei E4:BB:D3:57:C0:22
05-30 15:26:03.750 E/dangbei111( 1505): cccccc 检查遥控器是否连接: 蓝牙的结果 Dangbei E4:BB:D3:57:C0:22 false
05-30 15:26:03.750 E/dangbei111( 1505): cccccc input中没有遥控器存在
05-30 15:26:03.750 E/dangbei111( 1505): cccccc 蓝牙状态连接 不是连接状态 啥都不干
05-30 15:26:03.753 E/dangbei111( 1505): cccccc 开始扫描
05-30 15:26:03.754 D/BluetoothAdapter( 1505): isLeEnabled(): ON
05-30 15:26:03.762 E/dangbei111( 1505): cccccc 检查遥控器是否连接: Dangbei E4:BB:D3:57:C0:22
05-30 15:26:03.766 E/dangbei111( 1505): cccccc 检查遥控器是否连接: 蓝牙的结果 Dangbei E4:BB:D3:57:C0:22 false
05-30 15:26:03.767 E/dangbei111( 1505): cccccc input中没有遥控器存在
05-30 15:26:03.767 E/dangbei111( 1505): cccccc 蓝牙状态连接 不是连接状态 啥都不干
05-30 15:26:03.767 E/dangbei111( 1505): cccccc cancelDiscovery begin
05-30 15:26:03.773 I/bt_btif_dm( 1139): packages/modules/Bluetooth/system/btif/src/btif_dm.cc:695 btif_update_remote_properties: class of device (cod) is 0x00050c
05-30 15:26:03.775 E/dangbei111( 1505): cccccc 检查遥控器是否连接: Dangbei E4:BB:D3:57:C0:22
05-30 15:26:03.779 E/dangbei111( 1505): cccccc 检查遥控器是否连接: 蓝牙的结果 Dangbei E4:BB:D3:57:C0:22 false
05-30 15:26:03.779 E/dangbei111( 1505): cccccc input中没有遥控器存在
05-30 15:26:03.779 E/dangbei111( 1505): cccccc 蓝牙状态连接 不是连接状态 啥都不干
