05-30 15:25:25.106 W/StorageManagerService( 703): Reporting emulated;0 unmounted due to system locked
05-30 15:25:25.108 W/StorageManagerService( 703): Reporting emulated;0 unmounted due to system locked
05-30 15:25:25.109 W/StorageManagerService( 703): Reporting emulated;0 unmounted due to system locked
05-30 15:25:25.110 W/StorageManagerService( 703): Reporting emulated;0 unmounted due to system locked
05-30 15:25:25.112 W/StorageManagerService( 703): Reporting emulated;0 unmounted due to system locked
05-30 15:25:25.116 E/ccc ( 1505): cccccc etna EtnaApplication init com.dangbei.lerad.etna.haqu.EtnaApplication@e18e03c
05-30 15:25:25.128 I/MMKV ( 1505): Disable checkProcessMode()
05-30 15:25:25.137 I/MMKV ( 1505): current API level = 34
05-30 15:25:25.137 I/MMKV ( 1505): version v1.2.8 page size:4096
05-30 15:25:25.138 I/MMKV ( 1505): root dir: /data/user/0/com.dangbei.lerad.etna.haqu/files/mmkv
05-30 15:25:25.139 V/GraphicsEnvironment( 1635): Currently set values for:
05-30 15:25:25.139 V/GraphicsEnvironment( 1635): angle_gl_driver_selection_pkgs=[]
05-30 15:25:25.140 V/GraphicsEnvironment( 1635): angle_gl_driver_selection_values=[]
05-30 15:25:25.141 V/GraphicsEnvironment( 1635): ANGLE GameManagerService for com.oranth.storage: false
05-30 15:25:25.141 V/GraphicsEnvironment( 1635): com.oranth.storage is not listed in per-application setting
05-30 15:25:25.141 V/GraphicsEnvironment( 1635): Neither updatable production driver nor prerelease driver is supported.
05-30 15:25:25.164 I/FrameWorkHelper( 1540): userHttps:
05-30 15:25:25.170 I/aaa ( 1635): low stroage service is start !!!
05-30 15:25:25.174 W/ContextImpl( 1635): Calling a method in the system process without a qualified user: android.app.ContextImpl.startService:1899 android.content.ContextWrapper.startService:825 android.content.ContextWrapper.startService:825 com.oranth.storage.BootCompletedReceiver.onReceive:15 android.app.ActivityThread.handleReceiver:4494
05-30 15:25:25.202 I/BootComplete( 1156): action: android.intent.action.BOOT_COMPLETED
05-30 15:25:25.202 D/FastPairService( 703): onReceive: ACTION_BOOT_COMPLETED.
05-30 15:25:25.204 V/FastPairService( 703): invalidateScan: scan is disabled
05-30 15:25:25.204 E/NearbyManager( 703): Cannot stop scan with this callback because it is never registered.
05-30 15:25:25.207 E/BootReceiver( 703): Could not open /sys/kernel/tracing/instances/bootreceiver/trace_pipe
05-30 15:25:25.207 E/BootReceiver( 703): android.system.ErrnoException: open failed: ENOENT (No such file or directory)
05-30 15:25:25.207 E/BootReceiver( 703): at libcore.io.Linux.open(Native Method)
05-30 15:25:25.207 E/BootReceiver( 703): at libcore.io.ForwardingOs.open(ForwardingOs.java:563)
05-30 15:25:25.207 E/BootReceiver( 703): at libcore.io.BlockGuardOs.open(BlockGuardOs.java:274)
05-30 15:25:25.207 E/BootReceiver( 703): at android.system.Os.open(Os.java:494)
05-30 15:25:25.207 E/BootReceiver( 703): at com.android.server.BootReceiver.onReceive(BootReceiver.java:164)
05-30 15:25:25.207 E/BootReceiver( 703): at android.app.ActivityThread.handleReceiver(ActivityThread.java:4494)
05-30 15:25:25.207 E/BootReceiver( 703): at android.app.ActivityThread.-$$Nest$mhandleReceiver(Unknown Source:0)
05-30 15:25:25.207 E/BootReceiver( 703): at android.app.ActivityThread$H.handleMessage(ActivityThread.java:2285)
05-30 15:25:25.207 E/BootReceiver( 703): at android.os.Handler.dispatchMessage(Handler.java:106)
05-30 15:25:25.207 E/BootReceiver( 703): at android.os.Looper.loopOnce(Looper.java:205)
05-30 15:25:25.207 E/BootReceiver( 703): at android.os.Looper.loop(Looper.java:294)
05-30 15:25:25.207 E/BootReceiver( 703): at com.android.server.SystemServer.run(SystemServer.java:982)
05-30 15:25:25.207 E/BootReceiver( 703): at com.android.server.SystemServer.main(SystemServer.java:668)
05-30 15:25:25.207 E/BootReceiver( 703): at java.lang.reflect.Method.invoke(Native Method)
05-30 15:25:25.207 E/BootReceiver( 703): at com.android.internal.os.RuntimeInit$MethodAndArgsCaller.run(RuntimeInit.java:552)
05-30 15:25:25.207 E/BootReceiver( 703): at com.android.internal.os.ZygoteInit.main(ZygoteInit.java:956)
05-30 15:25:25.212 I/RecoverySystem( 703): No recovery log file
05-30 15:25:25.215 I/DropBoxManagerService( 703): add tag=SYSTEM_BOOT isTagEnabled=true flags=0x2
05-30 15:25:25.221 I/BootReceiver( 703): Copying /sys/fs/pstore/console-ramoops-0 to DropBox (SYSTEM_LAST_KMSG)
05-30 15:25:25.222 I/DropBoxManagerService( 703): add tag=SYSTEM_LAST_KMSG isTagEnabled=true flags=0x6
05-30 15:25:25.226 E/ccc ( 1505): cccccc ota-path is cache/recovery/
05-30 15:25:25.227 W/StorageManagerService( 703): Reporting emulated;0 unmounted due to system locked
05-30 15:25:25.230 I/BootReceiver( 703): Copying audit failures to DropBox
05-30 15:25:25.231 I/UsbCameraManager( 1156): number of camera: 0
05-30 15:25:25.231 I/UsbCameraManager( 1156): bootReady disable all camera activities
05-30 15:25:25.233 W/ContextImpl( 1505): Calling a method in the system process without a qualified user: android.app.ContextImpl.startService:1899 android.content.ContextWrapper.startService:825 com.dangbei.lerad.etna.core.EtnaManager.startService:64 com.dangbei.lerad.etna.core.EtnaManager.init:39 com.dangbei.lerad.etna.haqu.EtnaApplication.init:87
05-30 15:25:25.236 D/bbb ( 1635): onCreate()
05-30 15:25:25.234 I/BootReceiver( 703): Copied 6905 worth of audits to DropBox
05-30 15:25:25.236 W/ContextImpl( 1505): Calling a method in the system process without a qualified user: android.app.ContextImpl.startService:1899 android.content.ContextWrapper.startService:825 com.dangbei.andes.CoreService$Companion.start:29 com.dangbei.lerad.etna.haqu.EtnaApplication.init:88 com.dangbei.lerad.etna.haqu.EtnaApplication.onCreate:59
05-30 15:25:25.236 I/DropBoxManagerService( 703): add tag=SYSTEM_AUDIT isTagEnabled=true flags=0x2
05-30 15:25:25.237 E/SystemControl( 313): [/SysWrite.cpp, writeSys, 280] writeSysFs, open /sys/class/tv/policy_fr_auto fail.
05-30 15:25:25.238 I/BootReceiver( 703): Checking for fsck errors
05-30 15:25:25.239 I/BootComplete( 1156): wakeup_key_event:0x0
05-30 15:25:25.239 I/BootReceiver( 703): fs_stat, partition:param stat:0x10013
05-30 15:25:25.239 I/BootReceiver( 703): fs_stat, partition:tee stat:0x3
05-30 15:25:25.239 I/BootReceiver( 703): fs_stat, partition:factory stat:0x0
05-30 15:25:25.239 I/BootReceiver( 703): fs_stat, partition:userdata stat:0x0
05-30 15:25:25.240 D/CompatibilityChangeReporter( 1635): Compat change id reported: 160794467; UID 1000; state: ENABLED
05-30 15:25:25.240 W/ContextImpl( 1156): Calling a method in the system process without a qualified user: android.app.ContextImpl.startService:1899 android.content.ContextWrapper.startService:825 android.content.ContextWrapper.startService:825 com.droidlogic.BootComplete.onReceive:116 android.app.ActivityThread.handleReceiver:4494
05-30 15:25:25.244 W/ContextImpl( 1156): Calling a method in the system process without a qualified user: android.app.ContextImpl.startForegroundService:1905 android.content.ContextWrapper.startForegroundService:830 android.content.ContextWrapper.startForegroundService:830 com.droidlogic.BootComplete.onReceive:125 android.app.ActivityThread.handleReceiver:4494
05-30 15:25:25.245 W/ActivityManager( 703): Unable to start service Intent { cmp=com.android.tv.mdnsoffloadcmd/.MdnsOffloadCmdService } U=0: not found
05-30 15:25:25.251 W/ContextImpl( 1156): Calling a method in the system process without a qualified user: android.app.ContextImpl.startService:1899 android.content.ContextWrapper.startService:825 android.content.ContextWrapper.startService:825 com.droidlogic.BootComplete.onReceive:127 android.app.ActivityThread.handleReceiver:4494
05-30 15:25:25.257 W/ContextImpl( 1156): Calling a method in the system process without a qualified user: android.app.ContextImpl.startService:1899 android.content.ContextWrapper.startService:825 android.content.ContextWrapper.startService:825 com.droidlogic.BootComplete.onReceive:128 android.app.ActivityThread.handleReceiver:4494
05-30 15:25:25.260 D/bbb ( 1635): onStartCommand begin !!!!!!! data分区剩余 54468MB
05-30 15:25:25.263 D/CompatibilityChangeReporter( 703): Compat change id reported: 135634846; UID 10019; state: DISABLED
05-30 15:25:25.263 D/CompatibilityChangeReporter( 703): Compat change id reported: 177438394; UID 10019; state: DISABLED
05-30 15:25:25.263 D/CompatibilityChangeReporter( 703): Compat change id reported: 171306433; UID 1000; state: ENABLED
05-30 15:25:25.264 D/CompatibilityChangeReporter( 703): Compat change id reported: 135772972; UID 10019; state: DISABLED
05-30 15:25:25.264 D/CompatibilityChangeReporter( 703): Compat change id reported: 135754954; UID 10019; state: ENABLED
05-30 15:25:25.264 D/CompatibilityChangeReporter( 703): Compat change id reported: 218533173; UID 1000; state: ENABLED
05-30 15:25:25.264 D/CompatibilityChangeReporter( 703): Compat change id reported: 143937733; UID 10019; state: ENABLED
05-30 15:25:25.267 I/android_os_HwBinder( 1505): HwBinder: Starting thread pool for getting: vendor.amlogic.hardware.systemcontrol@1.1::ISystemControl/default
05-30 15:25:25.275 V/MesonDisplayServer( 289): GetDisplayMode:1080p60hz
05-30 15:25:25.277 D/BootComplete( 1156): onChange developerOptionsEnabled=false
05-30 15:25:25.278 W/ContextImpl( 1156): Calling a method in the system process without a qualified user: android.app.ContextImpl.stopService:1911 android.content.ContextWrapper.stopService:835 android.content.ContextWrapper.stopService:835 com.droidlogic.BootComplete$2.onChange:276 com.droidlogic.BootComplete.updateDeveloperOptionsWatcher:283
05-30 15:25:25.279 I/SystemControl( 313): [/Ubootenv.cpp, get, 345] [ubootenv] search end and not find env:cc_enable
05-30 15:25:25.280 I/BootComplete( 1156): usb_status_cc:detach, usb_cc_enable:0
05-30 15:25:25.281 D/HDMI ( 703): Process pid:1505 is calling addHotplugEventListener
05-30 15:25:25.282 D/hdmicecd( 509): [HdmiCecControl]:isConnected, port:0, connected:yes
05-30 15:25:25.282 D/hdmiconnection( 509): isConnected:1
05-30 15:25:25.283 V/MesonDisplayServer( 289): GetDisplayMode:1080p60hz
05-30 15:25:25.284 I/SystemControl( 313): [/Ubootenv.cpp, get, 336] [ubootenv] get key:1080p_x envValue: 0
05-30 15:25:25.284 I/SystemControl( 313): [/Ubootenv.cpp, get, 336] [ubootenv] get key:1080p_y envValue: 0
05-30 15:25:25.284 I/SystemControl( 313): [/Ubootenv.cpp, get, 336] [ubootenv] get key:1080p_w envValue: 1920
05-30 15:25:25.284 I/SystemControl( 313): [/Ubootenv.cpp, get, 336] [ubootenv] get key:1080p_h envValue: 1080
05-30 15:25:25.284 I/SystemControl( 313): [/DisplayMode.cpp, getPosition, 2201] getPosition curMode:1080p60hz position[0]:0 position[1]:0 position[2]:1920 position[3]:1080
05-30 15:25:25.284 I/SystemControl( 313): get position x:0 y:0 w:1920 h:1080
05-30 15:25:25.284 W/ContextImpl( 1156): Calling a method in the system process without a qualified user: android.app.ContextImpl.startService:1899 android.content.ContextWrapper.startService:825 android.content.ContextWrapper.startService:825 com.droidlogic.BootComplete.onReceive:173 android.app.ActivityThread.handleReceiver:4494
05-30 15:25:25.287 V/MesonDisplayServer( 289): GetDisplayMode:1080p60hz
05-30 15:25:25.289 I/BootComplete( 1156): No need to listen low power policy change
05-30 15:25:25.290 D/HdmiCecService( 1156): onCreate
05-30 15:25:25.290 I/ActivityManager( 703): com.droidlogic.mictoggle is exempt from freezer
05-30 15:25:25.291 D/CompatibilityChangeReporter( 703): Compat change id reported: 135634846; UID 1000; state: DISABLED
05-30 15:25:25.290 D/Zygote ( 469): Forked child process 1692
05-30 15:25:25.291 D/HdmiCecService( 1156): VendorCommandHandler initialized
05-30 15:25:25.292 I/ActivityManager( 703): Start proc 1692:android.process.media/u0a19 for content provider {com.android.providers.downloads/com.android.providers.downloads.DownloadProvider}
05-30 15:25:25.292 I/DroidAudioManager.J( 1505): construction DroidAudioManager
05-30 15:25:25.297 D/HdmiCecService( 1156): registerVendorCommandListener
05-30 15:25:25.298 W/ContextImpl( 1505): Calling a method in the system process without a qualified user: android.app.ContextImpl.bindService:1988 android.content.ContextWrapper.bindService:861 com.dangbei.lerad.etna.lib.client.EtnaClient.bindServer:138 com.dangbei.lerad.etna.lib.client.EtnaClient.access$600:29 com.dangbei.lerad.etna.lib.client.EtnaClient$3.call:205
05-30 15:25:25.300 D/HDMI ( 703): addVendorCommandListener 1877008
05-30 15:25:25.302 D/ConnectivityService( 703): NetReassign [no changes] [c 0] [a 0] [i 1]
05-30 15:25:25.303 I/HdmiCecService( 1156): Netflix feature is not supported
05-30 15:25:25.304 I/chromium( 1523): [0530/152525:INFO:config_service.cc(227)] Load config buffer. err_code = 3, err_msg = Line: 1, column: 1, Unexpected token.
05-30 15:25:25.311 D/ConnectivityService( 703): NetReassign [no changes] [c 0] [a 0] [i 1]
05-30 15:25:25.314 E/ShutdownService( 1156): Larson: bt module = true
05-30 15:25:25.314 I/Zygote ( 1692): seccomp disabled by setenforce 0
05-30 15:25:25.320 I/d.process.media( 1692): Using CollectorTypeCC GC.
05-30 15:25:25.325 W/Searchables( 703): No global search activity found
05-30 15:25:25.325 D/WallpaperManagerService( 703): Wallpaper_selinux_restorecon-0
05-30 15:25:25.329 D/Zygote ( 469): Forked child process 1706
05-30 15:25:25.330 D/FrameRateService( 1156): [AIPQservice] onCreate sys_value= 0
05-30 15:25:25.330 I/ActivityManager( 703): Start proc 1706:com.droidlogic.mictoggle/1000 for broadcast {com.droidlogic.mictoggle/com.droidlogic.mictoggle.AssistantMicMuteReceiver}
05-30 15:25:25.332 D/FrameRateService( 1156): [FrameRateService] onStartCommand
05-30 15:25:25.333 W/ContextImpl( 1505): Calling a method in the system process without a qualified user: android.app.ContextImpl.bindService:1988 android.content.ContextWrapper.bindService:861 com.dangbei.lerad.etna.lib.client.EtnaClient.bindServer:138 com.dangbei.lerad.etna.lib.client.EtnaClient.access$600:29 com.dangbei.lerad.etna.lib.client.EtnaClient$3.call:205
05-30 15:25:25.337 E/d.process.media( 1692): Not starting debugger since process cannot load the jdwp agent.
05-30 15:25:25.353 I/Zygote ( 1706): seccomp disabled by setenforce 0
05-30 15:25:25.356 I/update_engine( 632): [INFO:cleanup_previous_update_action.cc(112)] Executing task 8
05-30 15:25:25.359 I/update_engine( 632): [INFO:cleanup_previous_update_action.cc(189)] Boot completed, waiting on markBootSuccessful()
05-30 15:25:25.359 I/logic.mictoggle( 1706): Using CollectorTypeCC GC.
05-30 15:25:25.232 I/com.droidlogic( 1156): type=1400 audit(0.0:701): avc: denied { open } for path="/dev/__properties__/u:object_r:vendor_default_prop:s0" dev="tmpfs" ino=377 scontext=u:r:system_app:s0 tcontext=u:object_r:vendor_default_prop:s0 tclass=file permissive=1
05-30 15:25:25.370 I/CHInputSession( 1523): set engine mode: 2 layout: 2
05-30 15:25:25.372 E/logic.mictoggle( 1706): Not starting debugger since process cannot load the jdwp agent.
05-30 15:25:25.377 I/update_engine( 632): [INFO:snapshot.cpp(3835)] EnsureMetadataMounted does nothing in Android mode.
05-30 15:25:25.379 D/CHJNIDefault( 1523): setInputMode value=-1
05-30 15:25:25.379 I/InputContext( 1523): onChanged: candidateWords=[]
05-30 15:25:25.379 I/InputContext( 1523): onChanged: candidateWordInfo.size=0 global offset: 0pausedCandidateData = false
05-30 15:25:25.380 I/InputContext( 1523): onChanged: composing=null
05-30 15:25:25.380 I/InputContext( 1523): onChanged: forCompose=false
05-30 15:25:25.382 I/nw ( 1523): onChanged: input mode:languageID=0
05-30 15:25:25.382 I/nw ( 1523): scriptID=2
05-30 15:25:25.382 I/nw ( 1523): layoutID=2
05-30 15:25:25.391 D/CompatibilityChangeReporter( 703): Compat change id reported: 168419799; UID 10019; state: DISABLED
05-30 15:25:25.391 D/CompatibilityChangeReporter( 703): Compat change id reported: 273564678; UID 10019; state: DISABLED
05-30 15:25:25.394 D/CompatibilityChangeReporter( 703): Compat change id reported: 265195908; UID 10019; state: ENABLED
05-30 15:25:25.398 D/CompatibilityChangeReporter( 703): Compat change id reported: 168419799; UID 1000; state: DISABLED
05-30 15:25:25.398 D/CompatibilityChangeReporter( 703): Compat change id reported: 273564678; UID 1000; state: DISABLED
05-30 15:25:25.400 D/CompatibilityChangeReporter( 1692): Compat change id reported: 171979766; UID 10019; state: ENABLED
05-30 15:25:25.400 D/CompatibilityChangeReporter( 1692): Compat change id reported: 242716250; UID 10019; state: ENABLED
05-30 15:25:25.403 D/CompatibilityChangeReporter( 1706): Compat change id reported: 171979766; UID 1000; state: ENABLED
05-30 15:25:25.403 D/CompatibilityChangeReporter( 1706): Compat change id reported: 242716250; UID 1000; state: ENABLED
05-30 15:25:25.406 D/CompatibilityChangeReporter( 703): Compat change id reported: 170503758; UID 10019; state: ENABLED
05-30 15:25:25.414 D/nativeloader( 1706): Configuring clns-shared-4 for other apk /vendor/framework/droidlogic.software.core.jar. target_sdk_version=34, uses_libraries=ALL, library_path=/system_ext/priv-app/MicToggleProvider/lib/arm:/system_ext/priv-app/MicToggleProvider/MicToggleProvider.apk!/lib/armeabi-v7a:/system/lib:/system_ext/lib, permitted_path=/data:/mnt/expand:/data/user/0/com.droidlogic.mictoggle:/system_ext/priv-app/MicToggleProvider:/system/lib:/system_ext/lib
05-30 15:25:25.419 D/nativeloader( 1692): Configuring clns-shared-4 for other apk /system/priv-app/DownloadProvider/DownloadProvider.apk. target_sdk_version=34, uses_libraries=, library_path=/system/priv-app/DownloadProvider/lib/arm:/system/lib:/system_ext/lib, permitted_path=/data:/mnt/expand:/data/user/0/com.android.providers.downloads:/system/priv-app/DownloadProvider:/system/lib:/system_ext/lib
05-30 15:25:25.422 D/CompatibilityChangeReporter( 703): Compat change id reported: 171306433; UID 1000; state: ENABLED
05-30 15:25:25.232 I/com.droidlogic( 1156): type=1400 audit(0.0:702): avc: denied { getattr } for path="/dev/__properties__/u:object_r:vendor_default_prop:s0" dev="tmpfs" ino=377 scontext=u:r:system_app:s0 tcontext=u:object_r:vendor_default_prop:s0 tclass=file permissive=1
05-30 15:25:25.232 I/com.droidlogic( 1156): type=1400 audit(0.0:703): avc: denied { map } for path="/dev/__properties__/u:object_r:vendor_default_prop:s0" dev="tmpfs" ino=377 scontext=u:r:system_app:s0 tcontext=u:object_r:vendor_default_prop:s0 tclass=file permissive=1
05-30 15:25:25.426 D/nativeloader( 1706): Configuring clns-shared-5 for other apk /system_ext/priv-app/MicToggleProvider/MicToggleProvider.apk. target_sdk_version=34, uses_libraries=, library_path=/system_ext/priv-app/MicToggleProvider/lib/arm:/system_ext/priv-app/MicToggleProvider/MicToggleProvider.apk!/lib/armeabi-v7a:/system/lib:/system_ext/lib, permitted_path=/data:/mnt/expand:/data/user/0/com.droidlogic.mictoggle:/system_ext/priv-app/MicToggleProvider:/system/lib:/system_ext/lib
05-30 15:25:25.430 I/update_engine( 632): [INFO:snapshot_stats.cpp(37)] Read merge statistics file failed: No such file or directory
05-30 15:25:25.434 I/update_engine( 632): [INFO:cleanup_previous_update_action.cc(261)] Waiting for any previous merge request to complete. This can take up to several minutes.
05-30 15:25:25.436 E/update_engine( 632): [ERROR:snapshot.cpp(2929)] Read state file failed: No such file or directory
05-30 15:25:25.437 E/update_engine( 632): [ERROR:snapshot.cpp(2929)] Read state file failed: No such file or directory
05-30 15:25:25.438 E/update_engine( 632): [ERROR:snapshot.cpp(2929)] Read state file failed: No such file or directory
05-30 15:25:25.439 I/update_engine( 632): [INFO:snapshot.cpp(1076)] CheckMergeState for snapshots returned: None
05-30 15:25:25.440 I/update_engine( 632): [INFO:snapshot.cpp(1048)] ProcessUpdateState handling state: None
05-30 15:25:25.441 I/update_engine( 632): [INFO:cleanup_previous_update_action.cc(297)] Can't find any snapshot to merge.
05-30 15:25:25.448 V/GraphicsEnvironment( 1692): Currently set values for:
05-30 15:25:25.448 V/GraphicsEnvironment( 1692): angle_gl_driver_selection_pkgs=[]
05-30 15:25:25.448 V/GraphicsEnvironment( 1692): angle_gl_driver_selection_values=[]
05-30 15:25:25.449 V/GraphicsEnvironment( 1692): ANGLE GameManagerService for com.android.providers.downloads: false
05-30 15:25:25.449 V/GraphicsEnvironment( 1692): com.android.providers.downloads is not listed in per-application setting
05-30 15:25:25.449 V/GraphicsEnvironment( 1692): Neither updatable production driver nor prerelease driver is supported.
05-30 15:25:25.449 E/update_engine( 632): [ERROR:snapshot.cpp(2929)] Read state file failed: No such file or directory
05-30 15:25:25.452 V/GraphicsEnvironment( 1706): Currently set values for:
05-30 15:25:25.452 V/GraphicsEnvironment( 1706): angle_gl_driver_selection_pkgs=[]
05-30 15:25:25.452 V/GraphicsEnvironment( 1706): angle_gl_driver_selection_values=[]
05-30 15:25:25.453 V/GraphicsEnvironment( 1706): ANGLE GameManagerService for com.droidlogic.mictoggle: false
05-30 15:25:25.453 V/GraphicsEnvironment( 1706): com.droidlogic.mictoggle is not listed in per-application setting
05-30 15:25:25.453 V/GraphicsEnvironment( 1706): Neither updatable production driver nor prerelease driver is supported.
05-30 15:25:25.455 I/update_engine( 632): [INFO:cleanup_previous_update_action.cc(130)] Stopping/suspending/completing CleanupPreviousUpdateAction
05-30 15:25:25.458 I/update_engine( 632): [INFO:cleanup_previous_update_action.cc(477)] Not reporting merge stats because state is None
05-30 15:25:25.464 I/update_engine( 632): [INFO:cleanup_previous_update_action.cc(130)] Stopping/suspending/completing CleanupPreviousUpdateAction
05-30 15:25:25.467 I/update_engine( 632): [INFO:action_processor.cc(116)] ActionProcessor: finished last action CleanupPreviousUpdateAction with code ErrorCode::kSuccess
05-30 15:25:25.469 I/update_engine( 632): [INFO:update_attempter_android.cc(583)] Processing Done.
05-30 15:25:25.472 I/android_os_HwBinder( 1706): HwBinder: Starting thread pool for getting: vendor.amlogic.hardware.systemcontrol@1.1::ISystemControl/default
05-30 15:25:25.477 D/AssistantMicMuteProvider( 1706): getMicToggleState:[0]: name = bluetooth status = 1 [1]: name = mute status = 1
05-30 15:25:25.477 D/AssistantMicMuteProvider( 1706): mic_state:1
05-30 15:25:25.481 D/nativeloader( 1692): Configuring clns-shared-5 for other apk /system/priv-app/MtpService/MtpService.apk. target_sdk_version=34, uses_libraries=, library_path=/system/priv-app/MtpService/lib/arm:/system/lib:/system_ext/lib, permitted_path=/data:/mnt/expand:/data/user/0/com.android.mtp:/system/priv-app/MtpService:/system/lib:/system_ext/lib
05-30 15:25:25.483 I/update_engine( 632): [INFO:update_attempter_android.cc(836)] Clearing update complete marker.
05-30 15:25:25.487 D/CompatibilityChangeReporter( 703): Compat change id reported: 161145287; UID 1000; state: DISABLED
05-30 15:25:25.487 D/CompatibilityChangeReporter( 703): Compat change id reported: 161145287; UID 1000; state: ENABLED
05-30 15:25:25.491 I/update_engine( 632): [INFO:update_attempter_android.cc(731)] Terminating cleanup previous update.
05-30 15:25:25.495 W/ContextImpl( 1706): Calling a method in the system process without a qualified user: android.app.ContextImpl.startService:1899 android.content.ContextWrapper.startService:825 android.content.ContextWrapper.startService:825 com.droidlogic.mictoggle.AssistantMicMuteReceiver.onReceive:48 android.app.ActivityThread.handleReceiver:4494
05-30 15:25:25.499 E/update_engine( 632): [ERROR:update_attempter_android.cc(-1)] unknown(...): Domain=update_engine, Code=generic_error, Message=No ongoing update to cancel.
05-30 15:25:25.503 E/update_engine( 632): [ERROR:update_attempter_android.cc(94)] Replying with failure: pc:0xc134089: No ongoing update to cancel.
05-30 15:25:25.508 E/ccc ( 1505): cccccc 故意做的cancel 捕获 No ongoing update to cancel.
05-30 15:25:25.508 W/System.err( 1505): android.os.ServiceSpecificException: No ongoing update to cancel. (code 1)
05-30 15:25:25.508 W/System.err( 1505): at android.os.Parcel.createExceptionOrNull(Parcel.java:3071)
05-30 15:25:25.508 W/System.err( 1505): at android.os.Parcel.createException(Parcel.java:3041)
05-30 15:25:25.508 W/System.err( 1505): at android.os.Parcel.readException(Parcel.java:3024)
05-30 15:25:25.508 W/System.err( 1505): at android.os.Parcel.readException(Parcel.java:2966)
05-30 15:25:25.508 W/System.err( 1505): at android.os.IUpdateEngine$Stub$Proxy.cancel(IUpdateEngine.java:461)
05-30 15:25:25.508 W/System.err( 1505): at android.os.UpdateEngine.cancel(UpdateEngine.java:384)
05-30 15:25:25.508 W/System.err( 1505): at com.oranth.otalibrary.OTAManager.cancel(OTAManager.java:54)
05-30 15:25:25.508 W/System.err( 1505): at com.dangbei.etna.update.ota.OtaUpdateHelper.cancelInstalling(OtaUpdateHelper.kt:134)
05-30 15:25:25.508 W/System.err( 1505): at com.dangbei.etna.update.ota.OtaUpdateHelper.init(OtaUpdateHelper.kt:72)
05-30 15:25:25.508 W/System.err( 1505): at com.dangbei.etna.update.UpdateHelper.init(UpdateHelper.kt:60)
05-30 15:25:25.508 W/System.err( 1505): at com.dangbei.lerad.etna.haqu.EtnaApplication.init(EtnaApplication.kt:97)
05-30 15:25:25.508 W/System.err( 1505): at com.dangbei.lerad.etna.haqu.EtnaApplication.onCreate(EtnaApplication.kt:59)
05-30 15:25:25.508 W/System.err( 1505): at android.app.Instrumentation.callApplicationOnCreate(Instrumentation.java:1316)
05-30 15:25:25.508 W/System.err( 1505): at android.app.ActivityThread.handleBindApplication(ActivityThread.java:7061)
05-30 15:25:25.508 W/System.err( 1505): at android.app.ActivityThread.-$$Nest$mhandleBindApplication(Unknown Source:0)
05-30 15:25:25.508 W/System.err( 1505): at android.app.ActivityThread$H.handleMessage(ActivityThread.java:2265)
05-30 15:25:25.508 W/System.err( 1505): at android.os.Handler.dispatchMessage(Handler.java:106)
05-30 15:25:25.508 W/System.err( 1505): at android.os.Looper.loopOnce(Looper.java:205)
05-30 15:25:25.508 W/System.err( 1505): at android.os.Looper.loop(Looper.java:294)
05-30 15:25:25.508 W/System.err( 1505): at android.app.ActivityThread.main(ActivityThread.java:8255)
05-30 15:25:25.508 W/System.err( 1505): at java.lang.reflect.Method.invoke(Native Method)
05-30 15:25:25.508 W/System.err( 1505): at com.android.internal.os.RuntimeInit$MethodAndArgsCaller.run(RuntimeInit.java:552)
05-30 15:25:25.508 W/System.err( 1505): at com.android.internal.os.ZygoteInit.main(ZygoteInit.java:978)
05-30 15:25:25.509 I/update_engine( 632): [INFO:update_attempter_android.cc(425)] Attempting to reset state from UPDATE_STATUS_IDLE to UpdateStatus::IDLE
05-30 15:25:25.511 W/ContextImpl( 1349): Calling a method in the system process without a qualified user: android.app.ContextImpl.startForegroundService:1905 android.content.ContextWrapper.startForegroundService:830 android.content.ContextWrapper.startForegroundService:830 com.android.tv.settings.BootReceiver.onReceive:58 android.app.ActivityThread.handleReceiver:4494
05-30 15:25:25.512 I/AiPqReceiver( 1156): start AiPqService
05-30 15:25:25.512 W/ActivityManager( 703): Unable to start service Intent { act=android.intent.action.BOOT_COMPLETED flg=0x89000010 cmp=com.android.tv.settings/.BootReceiver (has extras) } U=0: not found
05-30 15:25:25.512 W/ContextImpl( 1156): Calling a method in the system process without a qualified user: android.app.ContextImpl.startService:1899 android.content.ContextWrapper.startService:825 android.content.ContextWrapper.startService:825 com.droidlogic.AiPqReceiver.onReceive:31 android.app.ActivityThread.handleReceiver:4494
05-30 15:25:25.513 D/CompatibilityChangeReporter( 703): Compat change id reported: 253665015; UID 1000; state: DISABLED
05-30 15:25:25.514 D/CompatibilityChangeReporter( 703): Compat change id reported: 253665015; UID 1000; state: ENABLED
05-30 15:25:25.515 D/CompatibilityChangeReporter( 703): Compat change id reported: 194532703; UID 1000; state: DISABLED
05-30 15:25:25.515 D/CompatibilityChangeReporter( 703): Compat change id reported: 194532703; UID 1000; state: ENABLED
05-30 15:25:25.520 I/extservices( 1201): BootCompletedReceiver received BOOT_COMPLETED broadcast (f): Amlogic/ross/Dangbei:14/UD2A.240505.001.W1/eng.server.20250529.204748:user/release-keys
05-30 15:25:25.521 D/HDMI ( 703): receive android.intent.action.BOOT_COMPLETED
05-30 15:25:25.521 I/HDMI ( 703): Receive boot completed broadcast
05-30 15:25:25.522 V/Settings_BootBroadcastReceiver( 1349): com.google.android.tv.remote.service启动成功
05-30 15:25:25.522 D/extservices( 1201): BootCompletedReceiver not enabled in config, exiting
05-30 15:25:25.525 I/SysControlManager( 1156): run getAipqTable
05-30 15:25:25.526 I/AiPqService( 1156): [AIPQservice] onCreate
05-30 15:25:25.528 I/CheckInBootCompletedReceiver( 1444): Received boot completed intent
05-30 15:25:25.528 I/ActivityManager( 703): com.android.dynsystem is exempt from freezer
05-30 15:25:25.528 D/CompatibilityChangeReporter( 703): Compat change id reported: 135634846; UID 1000; state: DISABLED
05-30 15:25:25.528 D/AiPqService( 1156): [AIPQservice] onCreate sys_value= 0
05-30 15:25:25.530 I/SystemControl( 313): [/SystemControlService.cpp, readAiPqTable, 2082] readAiPqTable:run readAiPqTable
05-30 15:25:25.530 E/SystemControl( 313): [/SysTokenizer.cpp, open, 62] Error opening file 'vendor/etc/scenes_data.txt', No such file or directory.
05-30 15:25:25.530 E/SystemControl( 313): [/SystemControlService.cpp, readAiPqTable, 2085] Error -2 opening aipq config file vendor/etc/scenes_data.txt.
05-30 15:25:25.532 D/AIPQ_TABLE( 1156): getAipqTable value:
05-30 15:25:25.532 D/AiPqService( 1156): scenesval--><--
05-30 15:25:25.540 D/AiPqService( 1156): [AIPQservice] onStartCommand
05-30 15:25:25.541 I/DlcClient( 1444): Binding com.android.devicelockcontroller/.storage.GlobalParametersService
05-30 15:25:25.545 D/CompatibilityChangeReporter( 1491): Compat change id reported: 194532703; UID 10069; state: ENABLED
05-30 15:25:25.545 D/CompatibilityChangeReporter( 1491): Compat change id reported: 253665015; UID 10069; state: ENABLED
05-30 15:25:25.545 I/DeviceCheckInHelper( 1444): enqueueDeviceCheckInWork with delay: PT0S
05-30 15:25:25.546 D/CompatibilityChangeReporter( 703): Compat change id reported: 253665015; UID 10069; state: ENABLED
05-30 15:25:25.547 D/CompatibilityChangeReporter( 703): Compat change id reported: 194532703; UID 10069; state: ENABLED
05-30 15:25:25.547 I/update_engine( 632): [INFO:update_attempter_android.cc(440)] Cleaning up reserved space for compressed APEX (if any)
05-30 15:25:25.556 D/Zygote ( 469): Forked child process 1743
05-30 15:25:25.557 I/ActivityManager( 703): Start proc 1743:com.android.dynsystem/1000 for broadcast {com.android.dynsystem/com.android.dynsystem.BootCompletedReceiver}
05-30 15:25:25.561 I/Zygote ( 1743): seccomp disabled by setenforce 0
05-30 15:25:25.566 I/droid.dynsystem( 1743): Using CollectorTypeCC GC.
05-30 15:25:25.567 I/update_engine( 632): [INFO:update_attempter_android.cc(836)] Clearing update complete marker.
05-30 15:25:25.573 E/droid.dynsystem( 1743): Not starting debugger since process cannot load the jdwp agent.
05-30 15:25:25.574 D/WM-PackageManagerHelper( 1444): androidx.work.impl.background.systemjob.SystemJobService enabled
05-30 15:25:25.574 D/WM-Schedulers( 1444): Created SystemJobScheduler and enabled SystemJobService
05-30 15:25:25.577 I/update_engine( 632): [INFO:dynamic_partition_control_android.cc(1310)] ResetUpdate resetting update state and deleting snapshots.
05-30 15:25:25.585 D/CompatibilityChangeReporter( 703): Compat change id reported: 168419799; UID 1000; state: DISABLED
05-30 15:25:25.585 D/CompatibilityChangeReporter( 703): Compat change id reported: 273564678; UID 1000; state: DISABLED
05-30 15:25:25.586 W/StorageManagerService( 703): Reporting emulated;0 unmounted due to system locked
05-30 15:25:25.587 E/hq ( 1540): USBReceiver:::USBReceiver onReceive: list=1
05-30 15:25:25.590 D/hq ( 1540): NetWorkStateReceiver:::检查网络,并且持续更新 isConnect=false
05-30 15:25:25.590 E/DispatcherManager( 1540): publishMode=DBBOX-A3 piDispatcher=com.dangbei.launcher.dispatcher.function.BOXAXDispatcher@f350fcd
05-30 15:25:25.591 I/hq ( 1540): 当前的服务模式是,serviceMode=0
05-30 15:25:25.596 D/CompatibilityChangeReporter( 1743): Compat change id reported: 171979766; UID 1000; state: ENABLED
05-30 15:25:25.596 D/CompatibilityChangeReporter( 1743): Compat change id reported: 242716250; UID 1000; state: ENABLED
05-30 15:25:25.601 D/nativeloader( 1692): Configuring clns-shared-6 for other apk /system/priv-app/MediaProviderLegacy/MediaProviderLegacy.apk. target_sdk_version=34, uses_libraries=, library_path=/system/priv-app/MediaProviderLegacy/lib/arm:/system/lib:/system_ext/lib, permitted_path=/data:/mnt/expand:/data/user/0/com.android.providers.media:/system/priv-app/MediaProviderLegacy:/system/lib:/system_ext/lib
05-30 15:25:25.619 E/hq ( 1540): 检查user:::switchDao id=-1
05-30 15:25:25.627 D/nativeloader( 1743): Configuring clns-shared-4 for other apk /system/priv-app/DynamicSystemInstallationService/DynamicSystemInstallationService.apk. target_sdk_version=34, uses_libraries=, library_path=/system/priv-app/DynamicSystemInstallationService/lib/arm:/system/priv-app/DynamicSystemInstallationService/DynamicSystemInstallationService.apk!/lib/armeabi-v7a:/system/lib:/system_ext/lib, permitted_path=/data:/mnt/expand:/data/user/0/com.android.dynsystem:/system/priv-app/DynamicSystemInstallationService:/system/lib:/system_ext/lib
05-30 15:25:25.634 D/CompatibilityChangeReporter( 703): Compat change id reported: 161145287; UID 10019; state: ENABLED
05-30 15:25:25.647 E/hq ( 1540): 检查user:::更新前的信息: null
05-30 15:25:25.647 E/hq ( 1540): 更新后的信息: Users{userId=-1, nickName='游客', avatarUrl='null', wxToken='null', vip='null', mobile='null', sex=null, description='null', city='null', province='null', country='null', launcherMode=null, token='null', token='null'}
05-30 15:25:25.650 D/AdHelper( 1540): ad server environment is official? false
05-30 15:25:25.650 D/AdHelper( 1540): ad server environment is official? false
05-30 15:25:25.650 D/AdHelper( 1540): ad server environment is official? false
05-30 15:25:25.650 D/AdHelper( 1540): ad server environment is official? false
05-30 15:25:25.653 V/GraphicsEnvironment( 1743): Currently set values for:
05-30 15:25:25.654 V/GraphicsEnvironment( 1743): angle_gl_driver_selection_pkgs=[]
05-30 15:25:25.654 V/GraphicsEnvironment( 1743): angle_gl_driver_selection_values=[]
05-30 15:25:25.654 V/GraphicsEnvironment( 1743): ANGLE GameManagerService for com.android.dynsystem: false
05-30 15:25:25.654 V/GraphicsEnvironment( 1743): com.android.dynsystem is not listed in per-application setting
05-30 15:25:25.654 V/GraphicsEnvironment( 1743): Neither updatable production driver nor prerelease driver is supported.
05-30 15:25:25.656 D/CompatibilityChangeReporter( 1692): Compat change id reported: 194532703; UID 10019; state: ENABLED
05-30 15:25:25.656 D/CompatibilityChangeReporter( 1692): Compat change id reported: 253665015; UID 10019; state: ENABLED
05-30 15:25:25.657 D/CompatibilityChangeReporter( 703): Compat change id reported: 253665015; UID 10019; state: ENABLED
05-30 15:25:25.658 D/CompatibilityChangeReporter( 703): Compat change id reported: 194532703; UID 10019; state: ENABLED
05-30 15:25:25.662 I/ActivityManager( 703): com.android.managedprovisioning is exempt from freezer
05-30 15:25:25.663 D/CompatibilityChangeReporter( 703): Compat change id reported: 135634846; UID 10022; state: DISABLED
05-30 15:25:25.663 D/CompatibilityChangeReporter( 703): Compat change id reported: 177438394; UID 10022; state: DISABLED
05-30 15:25:25.663 D/CompatibilityChangeReporter( 703): Compat change id reported: 135772972; UID 10022; state: DISABLED
05-30 15:25:25.663 D/CompatibilityChangeReporter( 703): Compat change id reported: 135754954; UID 10022; state: ENABLED
05-30 15:25:25.663 D/AdHelper( 1540): AdHelper init: end
05-30 15:25:25.664 D/CompatibilityChangeReporter( 703): Compat change id reported: 143937733; UID 10022; state: ENABLED
05-30 15:25:25.667 I/update_engine( 632): [INFO:delta_performer.cc(1387)] Resetting recorded hash for prepared partitions.
05-30 15:25:25.668 E/xxxxxxxxxxxxxxx( 1540): onConfigurationChanged2===>{1.0 ?mcc0mnc [zh_CN] ldltr sw720dp w1280dp h720dp 240dpi xlrg long land television -touch -keyb/v/h dpad/v winConfig={ mBounds=Rect(0, 0 - 1920, 1080) mAppBounds=Rect(0, 0 - 1920, 1080) mMaxBounds=Rect(0, 0 - 1920, 1080) mDisplayRotation=ROTATION_0 mWindowingMode=fullscreen mDisplayWindowingMode=fullscreen mActivityType=undefined mAlwaysOnTop=undefined mRotation=ROTATION_0} s.6 fontWeightAdjustment=0}
05-30 15:25:25.670 E/memInfo.totalMem( 1540): memInfo.totalMem=3856015360 1073741824
05-30 15:25:25.673 I/ActivityManager( 703): com.android.dynsystem is exempt from freezer
05-30 15:25:25.674 D/CompatibilityChangeReporter( 703): Compat change id reported: 135634846; UID 1000; state: DISABLED
05-30 15:25:25.678 E/update_engine( 632): [ERROR:snapshot.cpp(2929)] Read state file failed: No such file or directory
05-30 15:25:25.686 D/getEthernetMacAddr( 1540): getEthernetMacAddr use eth0
05-30 15:25:25.686 D/Zygote ( 469): Forked child process 1773
05-30 15:25:25.687 I/ActivityManager( 703): Start proc 1773:com.android.managedprovisioning/u0a22 for broadcast {com.android.managedprovisioning/com.android.managedprovisioning.BootReminder}
05-30 15:25:25.693 E/ccc ( 1505): cccccc 只是做下reset 哈
05-30 15:25:25.695 I/Zygote ( 1773): seccomp disabled by setenforce 0
05-30 15:25:25.696 I/MMKV ( 1505): loading [mmkv.default] with 1973 actual size, file size 4096, InterProcess 0, meta info version:3
05-30 15:25:25.696 I/MMKV ( 1505): loading [mmkv.default] with crc 1242349630 sequence 2 version 3
05-30 15:25:25.696 I/MMKV ( 1505): loaded [mmkv.default] with 9 key-values
05-30 15:25:25.699 E/ccc ( 1505): cccccc updateHelper 通知更新
05-30 15:25:25.700 E/ccc ( 1505): cccccc updateHelper 通知更新
05-30 15:25:25.700 D/CompatibilityChangeReporter( 1444): Compat change id reported: 160794467; UID 10053; state: ENABLED
05-30 15:25:25.700 E/ccc ( 1505): cccccc updateHelper 通知更新
05-30 15:25:25.701 I/gedprovisioning( 1773): Using CollectorTypeCC GC.
05-30 15:25:25.702 D/CompatibilityChangeReporter( 703): Compat change id reported: 197654537; UID 1000; state: DISABLED
05-30 15:25:25.709 D/CompatibilityChangeReporter( 1505): Compat change id reported: 263076149; UID 1000; state: DISABLED
05-30 15:25:25.710 D/OsInitLaunch( 1540): send cache: homeCreate, null, null, null
05-30 15:25:25.710 E/gedprovisioning( 1773): Not starting debugger since process cannot load the jdwp agent.
05-30 15:25:25.664 I/nd.statics.boot( 1540): type=1400 audit(0.0:711): avc: denied { open } for path="/dev/__properties__/u:object_r:serialno_prop:s0" dev="tmpfs" ino=323 scontext=u:r:system_app:s0 tcontext=u:object_r:serialno_prop:s0 tclass=file permissive=1
05-30 15:25:25.724 D/CompatibilityChangeReporter( 703): Compat change id reported: 168419799; UID 10022; state: DISABLED
05-30 15:25:25.724 D/CompatibilityChangeReporter( 703): Compat change id reported: 273564678; UID 10022; state: DISABLED
05-30 15:25:25.728 D/CompatibilityChangeReporter( 703): Compat change id reported: 265195908; UID 10022; state: ENABLED
05-30 15:25:25.729 I/WebViewFactory( 1540): Loading com.android.webview version 116.0.5845.195 (code 584519500)
05-30 15:25:25.664 I/nd.statics.boot( 1540): type=1400 audit(0.0:712): avc: denied { getattr } for path="/dev/__properties__/u:object_r:serialno_prop:s0" dev="tmpfs" ino=323 scontext=u:r:system_app:s0 tcontext=u:object_r:serialno_prop:s0 tclass=file permissive=1
05-30 15:25:25.664 I/nd.statics.boot( 1540): type=1400 audit(0.0:713): avc: denied { map } for path="/dev/__properties__/u:object_r:serialno_prop:s0" dev="tmpfs" ino=323 scontext=u:r:system_app:s0 tcontext=u:object_r:serialno_prop:s0 tclass=file permissive=1
05-30 15:25:25.664 I/nd.statics.boot( 1540): type=1400 audit(0.0:714): avc: denied { search } for name="net" dev="sysfs" ino=12345 scontext=u:r:system_app:s0 tcontext=u:object_r:sysfs_net:s0 tclass=dir permissive=1
05-30 15:25:25.664 I/nd.statics.boot( 1540): type=1400 audit(0.0:715): avc: denied { read } for name="address" dev="sysfs" ino=22127 scontext=u:r:system_app:s0 tcontext=u:object_r:sysfs_net:s0 tclass=file permissive=1
05-30 15:25:25.737 D/CompatibilityChangeReporter( 1773): Compat change id reported: 171979766; UID 10022; state: ENABLED
05-30 15:25:25.737 D/CompatibilityChangeReporter( 1773): Compat change id reported: 242716250; UID 10022; state: ENABLED
05-30 15:25:25.738 D/nativeloader( 1540): InitLlndkLibrariesProduct: libEGL.so:libGLESv1_CM.so:libGLESv2.so:libGLESv3.so:libRS.so:libandroid_net.so:libbinder_ndk.so:libc.so:libcgrouprc.so:libclang_rt.asan-arm-android.so:libcom.android.tethering.connectivity_native.so:libdl.so:libft2.so:liblog.so:libm.so:libmediandk.so:libnativewindow.so:libneuralnetworks.so:libselinux.so:libsync.so:libvndksupport.so:libvulkan.so
05-30 15:25:25.738 D/nativeloader( 1540): Configuring product-clns-5 for unbundled product apk /product/app/webview/webview.apk. target_sdk_version=34, uses_libraries=, library_path=/product/app/webview/lib/arm:/product/app/webview/webview.apk!/lib/armeabi-v7a:/product/lib:/system/product/lib, permitted_path=/data:/mnt/expand:/product/lib:/system/product/lib
05-30 15:25:25.738 W/System.err( 1540): com.umeng.analytics.pro.dh: Required field 'version' was not found in serialized data! Struct: com.umeng.commonsdk.statistics.proto.d$a@f7830fe
05-30 15:25:25.739 W/System.err( 1540): at com.umeng.commonsdk.statistics.proto.d$a.a(SourceFile:10)
05-30 15:25:25.739 W/System.err( 1540): at com.umeng.commonsdk.statistics.proto.d$a.b(SourceFile:1)
05-30 15:25:25.739 W/System.err( 1540): at com.umeng.commonsdk.statistics.proto.d.read(Unknown Source:16)
05-30 15:25:25.739 W/System.err( 1540): at com.umeng.analytics.pro.ck.a(SourceFile:2)
05-30 15:25:25.739 W/System.err( 1540): at com.umeng.commonsdk.statistics.idtracking.ImprintHandler.e(SourceFile:39)
05-30 15:25:25.739 W/System.err( 1540): at com.umeng.commonsdk.statistics.idtracking.ImprintHandler.onFileLock(SourceFile:6)
05-30 15:25:25.739 W/System.err( 1540): at com.umeng.commonsdk.utils.FileLockUtil.doFileOperateion(SourceFile:19)
05-30 15:25:25.739 W/System.err( 1540): at com.umeng.commonsdk.statistics.idtracking.ImprintHandler.getImprintService(SourceFile:40)
05-30 15:25:25.739 W/System.err( 1540): at com.umeng.commonsdk.framework.UMEnvelopeBuild.imprintProperty(Unknown Source:7)
05-30 15:25:25.739 W/System.err( 1540): at com.umeng.commonsdk.utils.c.(SourceFile:37)
05-30 15:25:25.739 W/System.err( 1540): at com.umeng.commonsdk.UMConfigure.init(SourceFile:12)
05-30 15:25:25.739 W/System.err( 1540): at com.dangbei.statistics.StaticsHelp.init$lambda$0(SourceFile:43)
05-30 15:25:25.739 W/System.err( 1540): at com.dangbei.statistics.StaticsHelp.b(Unknown Source:0)
05-30 15:25:25.739 W/System.err( 1540): at le.d.run(Unknown Source:2)
05-30 15:25:25.739 W/System.err( 1540): at android.os.Handler.handleCallback(Handler.java:958)
05-30 15:25:25.739 W/System.err( 1540): at android.os.Handler.dispatchMessage(Handler.java:99)
05-30 15:25:25.739 W/System.err( 1540): at android.os.Looper.loopOnce(Looper.java:205)
05-30 15:25:25.739 W/System.err( 1540): at android.os.Looper.loop(Looper.java:294)
05-30 15:25:25.739 W/System.err( 1540): at android.os.HandlerThread.run(HandlerThread.java:67)
05-30 15:25:25.740 D/nativeloader( 1540): InitVndkspLibrariesProduct: android.hardware.common-V2-ndk.so:android.hardware.common.fmq-V1-ndk.so:android.hardware.graphics.allocator-V2-ndk.so:android.hardware.graphics.common-V4-ndk.so:android.hardware.graphics.common@1.0.so:android.hardware.graphics.common@1.1.so:android.hardware.graphics.common@1.2.so:android.hardware.graphics.composer3-V1-ndk.so:android.hardware.graphics.mapper@2.0.so:android.hardware.graphics.mapper@2.1.so:android.hardware.graphics.mapper@3.0.so:android.hardware.graphics.mapper@4.0.so:android.hardware.renderscript@1.0.so:android.hidl.memory.token@1.0.so:android.hidl.memory@1.0-impl.so:android.hidl.memory@1.0.so:android.hidl.safe_union@1.0.so:libRSCpuRef.so:libRSDriver.so:libRS_internal.so:libbase.so:libbcinfo.so:libblas.so:libc++.so:libcompiler_rt.so:libcutils.so:libdmabufheap.so:libgralloctypes.so:libhardware.so:libhidlbase.so:libhidlmemory.so:libion.so:libjsoncpp.so:liblzma.so:libprocessgroup.so:libunwindstack.so:libutils.so:libutilscallstack.so:libz.so
05-30 15:25:25.741 D/CompatibilityChangeReporter( 703): Compat change id reported: 261072174; UID 1000; state: DISABLED
05-30 15:25:25.745 D/Zygote ( 469): Forked child process 1791
05-30 15:25:25.745 W/ActivityManager( 703): Slow operation: 73ms so far, now at startProcess: returned from zygote!
05-30 15:25:25.746 W/ActivityManager( 703): Slow operation: 73ms so far, now at startProcess: done updating battery stats
05-30 15:25:25.746 W/ActivityManager( 703): Slow operation: 73ms so far, now at startProcess: building log message
05-30 15:25:25.746 I/ActivityManager( 703): Start proc 1791:com.android.dynsystem:dynsystem/1000 for service {com.android.dynsystem/com.android.dynsystem.DynamicSystemInstallationService}
05-30 15:25:25.746 W/ActivityManager( 703): Slow operation: 73ms so far, now at startProcess: starting to update pids map
05-30 15:25:25.746 W/ActivityManager( 703): Slow operation: 73ms so far, now at startProcess: done updating pids map
05-30 15:25:25.748 E/ccc ( 1505): cccccc etna-service onCreate
05-30 15:25:25.750 D/CompatibilityChangeReporter( 703): Compat change id reported: 170503758; UID 10022; state: ENABLED
05-30 15:25:25.751 W/ContextImpl( 1505): Calling a method in the system process without a qualified user: android.app.ContextImpl.sendBroadcast:1220 android.content.ContextWrapper.sendBroadcast:504 com.dangbei.lerad.etna.core.EtnaManager.sendRebootBroadcast:82 com.dangbei.lerad.etna.core.EtnaService.onStartCommand:89 android.app.ActivityThread.handleServiceArgs:4866
05-30 15:25:25.754 E/ccc ( 1505): cccccc etna-service onStartCommand
05-30 15:25:25.756 I/Zygote ( 1791): seccomp disabled by setenforce 0
05-30 15:25:25.757 E/CoreService( 1505): onStartCommand
05-30 15:25:25.757 E/ccc ( 1505): cccccc hdmi plug reset
05-30 15:25:25.758 E/ccc ( 1505): cccccc etnaService addListener com.dangbei.lerad.etna.lib.client.EtnaServerListener@d79320b com.dangbei.etna.update
05-30 15:25:25.758 E/ccc ( 1505): cccccc UpdateHelper onServerConnected
05-30 15:25:25.758 E/ccc ( 1505): cccccc etnaService addListener com.dangbei.lerad.etna.lib.client.EtnaServerListener@95bd8e8 com.dangbei.etna.setting
05-30 15:25:25.758 E/ccc ( 1505): cccccc SettingHelper onServerConnected
05-30 15:25:25.760 W/ContextImpl( 1505): Calling a method in the system process without a qualified user: android.app.ContextImpl.bindService:1988 android.content.ContextWrapper.bindService:861 com.dangbei.lerad.etna.lib.client.EtnaClient.bindServer:138 com.dangbei.lerad.etna.lib.client.EtnaClient.access$600:29 com.dangbei.lerad.etna.lib.client.EtnaClient$3.call:205
05-30 15:25:25.760 W/ContextImpl( 1505): Calling a method in the system process without a qualified user: android.app.ContextImpl.bindService:1988 android.content.ContextWrapper.bindService:861 com.dangbei.lerad.etna.lib.client.EtnaClient.bindServer:138 com.dangbei.lerad.etna.lib.client.EtnaClient.access$600:29 com.dangbei.lerad.etna.lib.client.EtnaClient$3.call:205
05-30 15:25:25.762 I/ystem:dynsystem( 1791): Using CollectorTypeCC GC.
05-30 15:25:25.762 E/ccc ( 1505): cccccc etnaService addListener com.dangbei.lerad.etna.lib.client.EtnaServerListener@186e3e7 com.dangbei.etna.setting
05-30 15:25:25.762 E/ccc ( 1505): cccccc SettingHelper onServerConnected
05-30 15:25:25.764 E/ccc ( 1505): cccccc etnaService addListener com.dangbei.lerad.etna.lib.client.EtnaServerListener@f76863d com.dangbei.etna.update
05-30 15:25:25.764 E/ccc ( 1505): cccccc UpdateHelper onServerConnected
05-30 15:25:25.766 W/ContextImpl( 1505): Calling a method in the system process without a qualified user: android.app.ContextImpl.bindService:1988 android.content.ContextWrapper.bindService:861 com.dangbei.lerad.etna.lib.client.EtnaClient.bindServer:138 com.dangbei.lerad.etna.lib.client.EtnaClient.access$600:29 com.dangbei.lerad.etna.lib.client.EtnaClient$3.call:205
05-30 15:25:25.770 E/ystem:dynsystem( 1791): Not starting debugger since process cannot load the jdwp agent.
05-30 15:25:25.770 E/ccc ( 1505): cccccc etnaService addListener com.dangbei.lerad.etna.lib.client.EtnaServerListener@4d3d783 com.dangbei.lerad.etna.haqu.andes
05-30 15:25:25.774 D/ConnectivityService( 703): NetReassign [no changes] [c 0] [a 0] [i 0]
05-30 15:25:25.774 E/hq ( 1540): LauncherCallback:::onViewCreate
05-30 15:25:25.775 E/hq ( 1540): LauncherCallback:::onAttach
05-30 15:25:25.775 E/ccc ( 1505): cccccc sendCycleCheckBootGuideStatusMessage
05-30 15:25:25.780 D/CompatibilityChangeReporter( 1505): Compat change id reported: 270306772; UID 1000; state: DISABLED
05-30 15:25:25.781 E/ccc ( 1505): cccccc sendCycleCheckBootGuideStatusMessage
05-30 15:25:25.784 W/ContextImpl( 1505): Calling a method in the system process without a qualified user: android.app.ContextImpl.startService:1899 android.content.ContextWrapper.startService:825 com.dangbei.etna.setting.core.SettingHelper.startRocky:267 com.dangbei.etna.setting.core.SettingHelper.sendCycleCheckBootGuideStatusMessage:214 com.dangbei.etna.setting.core.SettingHelper.startLoop:203
05-30 15:25:25.785 D/CompatibilityChangeReporter( 1505): Compat change id reported: 235355681; UID 1000; state: DISABLED
05-30 15:25:25.787 I/ActivityManager( 703): com.dangbei.lerad.rocky is exempt from freezer
05-30 15:25:25.790 E/ccc ( 1505): cccccc sendCycleCheckBroadcast
