05-30 15:25:21.207 D/CompatibilityChangeReporter( 703): Compat change id reported: 218533173; UID 10015; state: ENABLED
05-30 15:25:21.223 E/android.hardware.wifi-service.droidlogic( 522): Failed to get chip capabilities from legacy HAL: NOT_SUPPORTED
05-30 15:25:21.268 D/CompatibilityChangeReporter( 703): Compat change id reported: 262645982; UID 10015; state: ENABLED
05-30 15:25:21.269 I/wificond( 627): createClientInterface: wiphy_index 0 iface_name wlan0
05-30 15:25:21.269 D/CompatibilityChangeReporter( 703): Compat change id reported: 218533173; UID 10013; state: ENABLED
05-30 15:25:21.269 D/CompatibilityChangeReporter( 703): Compat change id reported: 262645982; UID 10013; state: ENABLED
05-30 15:25:21.270 D/CompatibilityChangeReporter( 703): Compat change id reported: 218533173; UID 10006; state: ENABLED
05-30 15:25:21.270 I/wificond( 627): create scanner for interface with index: 16
05-30 15:25:21.270 I/wificond( 627): subscribe scan result for interface with index: 16
05-30 15:25:21.270 D/CompatibilityChangeReporter( 703): Compat change id reported: 262645982; UID 10006; state: ENABLED
05-30 15:25:21.271 D/CompatibilityChangeReporter( 703): Compat change id reported: 218533173; UID 10027; state: DISABLED
05-30 15:25:21.271 D/CompatibilityChangeReporter( 703): Compat change id reported: 262645982; UID 10027; state: DISABLED
05-30 15:25:21.273 I/wificond( 627): add channel type 0 support at wiphy index: 0
05-30 15:25:21.273 I/wificond( 627): add channel type 1 support at wiphy index: 0
05-30 15:25:21.334 D/CompatibilityChangeReporter( 703): Compat change id reported: 218533173; UID 10043; state: DISABLED
05-30 15:25:21.334 D/CompatibilityChangeReporter( 703): Compat change id reported: 262645982; UID 10043; state: DISABLED
05-30 15:25:21.335 D/CompatibilityChangeReporter( 703): Compat change id reported: 218533173; UID 10046; state: DISABLED
05-30 15:25:21.335 D/CompatibilityChangeReporter( 703): Compat change id reported: 262645982; UID 10046; state: DISABLED
05-30 15:25:21.371 W/Looper ( 703): Slow dispatch took 412ms main h=android.app.ActivityThread$H c=null m=114
05-30 15:25:21.376 D/CompatibilityChangeReporter( 703): Compat change id reported: 161145287; UID 1000; state: ENABLED
05-30 15:25:21.377 D/CompatibilityChangeReporter( 703): Compat change id reported: 161145287; UID 1000; state: DISABLED
05-30 15:25:21.396 D/CompatibilityChangeReporter( 703): Compat change id reported: 157233955; UID 10052; state: ENABLED
05-30 15:25:21.398 D/CompatibilityChangeReporter( 703): Compat change id reported: 161145287; UID 1068; state: ENABLED
05-30 15:25:21.410 D/CompatibilityChangeReporter( 703): Compat change id reported: 218533173; UID 10024; state: ENABLED
05-30 15:25:21.410 D/CompatibilityChangeReporter( 703): Compat change id reported: 262645982; UID 10024; state: ENABLED
05-30 15:25:21.411 D/CompatibilityChangeReporter( 703): Compat change id reported: 218533173; UID 10038; state: ENABLED
05-30 15:25:21.411 D/CompatibilityChangeReporter( 703): Compat change id reported: 262645982; UID 10038; state: ENABLED
05-30 15:25:21.421 D/CompatibilityChangeReporter( 703): Compat change id reported: 218533173; UID 10031; state: ENABLED
05-30 15:25:21.422 D/CompatibilityChangeReporter( 703): Compat change id reported: 262645982; UID 10031; state: ENABLED
05-30 15:25:21.422 D/CompatibilityChangeReporter( 703): Compat change id reported: 218533173; UID 10051; state: ENABLED
05-30 15:25:21.423 D/CompatibilityChangeReporter( 703): Compat change id reported: 262645982; UID 10051; state: ENABLED
05-30 15:25:21.434 D/CompatibilityChangeReporter( 703): Compat change id reported: 218533173; UID 10054; state: ENABLED
05-30 15:25:21.434 D/CompatibilityChangeReporter( 703): Compat change id reported: 262645982; UID 10054; state: ENABLED
05-30 15:25:21.453 E/android.hardware.wifi-service.droidlogic( 522): Failed to get SupportedRadioCombinations matrix from legacy HAL: NOT_SUPPORTED
05-30 15:25:21.456 D/CompatibilityChangeReporter( 703): Compat change id reported: 218533173; UID 10010; state: ENABLED
05-30 15:25:21.456 D/CompatibilityChangeReporter( 703): Compat change id reported: 262645982; UID 10010; state: ENABLED
05-30 15:25:21.457 D/CompatibilityChangeReporter( 703): Compat change id reported: 218533173; UID 10021; state: ENABLED
05-30 15:25:21.457 D/CompatibilityChangeReporter( 703): Compat change id reported: 262645982; UID 10021; state: ENABLED
05-30 15:25:21.458 D/CompatibilityChangeReporter( 703): Compat change id reported: 218533173; UID 10001; state: ENABLED
05-30 15:25:21.459 D/CompatibilityChangeReporter( 703): Compat change id reported: 262645982; UID 10001; state: ENABLED
05-30 15:25:21.459 D/CompatibilityChangeReporter( 703): Compat change id reported: 218533173; UID 10032; state: ENABLED
05-30 15:25:21.460 D/CompatibilityChangeReporter( 703): Compat change id reported: 262645982; UID 10032; state: ENABLED
05-30 15:25:21.460 D/CompatibilityChangeReporter( 703): Compat change id reported: 218533173; UID 10000; state: ENABLED
05-30 15:25:21.461 D/CompatibilityChangeReporter( 703): Compat change id reported: 262645982; UID 10000; state: ENABLED
05-30 15:25:21.461 D/CompatibilityChangeReporter( 703): Compat change id reported: 218533173; UID 10063; state: ENABLED
05-30 15:25:21.461 D/CompatibilityChangeReporter( 703): Compat change id reported: 262645982; UID 10063; state: ENABLED
05-30 15:25:21.462 D/CompatibilityChangeReporter( 703): Compat change id reported: 218533173; UID 10072; state: ENABLED
05-30 15:25:21.462 D/CompatibilityChangeReporter( 703): Compat change id reported: 262645982; UID 10072; state: ENABLED
05-30 15:25:21.463 D/CompatibilityChangeReporter( 703): Compat change id reported: 218533173; UID 10030; state: ENABLED
05-30 15:25:21.464 D/CompatibilityChangeReporter( 703): Compat change id reported: 262645982; UID 10030; state: ENABLED
05-30 15:25:21.464 D/CompatibilityChangeReporter( 703): Compat change id reported: 218533173; UID 10012; state: ENABLED
05-30 15:25:21.465 D/CompatibilityChangeReporter( 703): Compat change id reported: 262645982; UID 10012; state: ENABLED
05-30 15:25:21.465 D/CompatibilityChangeReporter( 703): Compat change id reported: 218533173; UID 10025; state: ENABLED
05-30 15:25:21.466 D/CompatibilityChangeReporter( 703): Compat change id reported: 262645982; UID 10025; state: ENABLED
05-30 15:25:21.469 D/CompatibilityChangeReporter( 703): Compat change id reported: 218533173; UID 10023; state: ENABLED
05-30 15:25:21.469 D/CompatibilityChangeReporter( 703): Compat change id reported: 262645982; UID 10023; state: ENABLED
05-30 15:25:21.470 D/CompatibilityChangeReporter( 703): Compat change id reported: 218533173; UID 10020; state: ENABLED
05-30 15:25:21.470 D/CompatibilityChangeReporter( 703): Compat change id reported: 262645982; UID 10020; state: ENABLED
05-30 15:25:21.471 D/CompatibilityChangeReporter( 703): Compat change id reported: 218533173; UID 10067; state: ENABLED
05-30 15:25:21.479 D/CompatibilityChangeReporter( 703): Compat change id reported: 262645982; UID 10067; state: ENABLED
05-30 15:25:21.480 D/CompatibilityChangeReporter( 703): Compat change id reported: 218533173; UID 10022; state: ENABLED
05-30 15:25:21.480 D/CompatibilityChangeReporter( 703): Compat change id reported: 262645982; UID 10022; state: ENABLED
05-30 15:25:21.481 D/CompatibilityChangeReporter( 703): Compat change id reported: 218533173; UID 10003; state: ENABLED
05-30 15:25:21.482 D/CompatibilityChangeReporter( 703): Compat change id reported: 262645982; UID 10003; state: ENABLED
05-30 15:25:21.482 D/CompatibilityChangeReporter( 703): Compat change id reported: 218533173; UID 10008; state: ENABLED
05-30 15:25:21.482 D/CompatibilityChangeReporter( 703): Compat change id reported: 262645982; UID 10008; state: ENABLED
05-30 15:25:21.483 D/CompatibilityChangeReporter( 703): Compat change id reported: 218533173; UID 10071; state: DISABLED
05-30 15:25:21.484 D/CompatibilityChangeReporter( 703): Compat change id reported: 262645982; UID 10071; state: DISABLED
05-30 15:25:21.484 D/CompatibilityChangeReporter( 703): Compat change id reported: 218533173; UID 10044; state: ENABLED
05-30 15:25:21.485 D/CompatibilityChangeReporter( 703): Compat change id reported: 262645982; UID 10044; state: ENABLED
05-30 15:25:21.485 D/CompatibilityChangeReporter( 703): Compat change id reported: 218533173; UID 10011; state: ENABLED
05-30 15:25:21.485 D/CompatibilityChangeReporter( 703): Compat change id reported: 262645982; UID 10011; state: ENABLED
05-30 15:25:21.486 D/CompatibilityChangeReporter( 703): Compat change id reported: 218533173; UID 10028; state: ENABLED
05-30 15:25:21.486 D/CompatibilityChangeReporter( 703): Compat change id reported: 262645982; UID 10028; state: ENABLED
05-30 15:25:21.487 D/CompatibilityChangeReporter( 703): Compat change id reported: 218533173; UID 10049; state: DISABLED
05-30 15:25:21.487 D/CompatibilityChangeReporter( 703): Compat change id reported: 262645982; UID 10049; state: DISABLED
05-30 15:25:21.489 D/CompatibilityChangeReporter( 703): Compat change id reported: 218533173; UID 10056; state: ENABLED
05-30 15:25:21.489 D/CompatibilityChangeReporter( 703): Compat change id reported: 262645982; UID 10056; state: ENABLED
05-30 15:25:21.491 D/CompatibilityChangeReporter( 703): Compat change id reported: 218533173; UID 10017; state: ENABLED
05-30 15:25:21.491 D/CompatibilityChangeReporter( 703): Compat change id reported: 262645982; UID 10017; state: ENABLED
05-30 15:25:21.492 D/CompatibilityChangeReporter( 703): Compat change id reported: 218533173; UID 10069; state: ENABLED
05-30 15:25:21.493 D/CompatibilityChangeReporter( 703): Compat change id reported: 262645982; UID 10069; state: ENABLED
05-30 15:25:21.494 D/CompatibilityChangeReporter( 703): Compat change id reported: 218533173; UID 10073; state: ENABLED
05-30 15:25:21.494 D/CompatibilityChangeReporter( 703): Compat change id reported: 262645982; UID 10073; state: ENABLED
05-30 15:25:21.495 D/CompatibilityChangeReporter( 703): Compat change id reported: 218533173; UID 10052; state: ENABLED
05-30 15:25:21.496 D/CompatibilityChangeReporter( 703): Compat change id reported: 218533173; UID 10004; state: ENABLED
05-30 15:25:21.497 D/CompatibilityChangeReporter( 703): Compat change id reported: 262645982; UID 10004; state: ENABLED
05-30 15:25:21.498 D/CompatibilityChangeReporter( 703): Compat change id reported: 218533173; UID 10058; state: ENABLED
05-30 15:25:21.498 D/CompatibilityChangeReporter( 703): Compat change id reported: 262645982; UID 10058; state: ENABLED
05-30 15:25:21.500 D/CompatibilityChangeReporter( 703): Compat change id reported: 218533173; UID 10062; state: ENABLED
05-30 15:25:21.501 D/CompatibilityChangeReporter( 703): Compat change id reported: 262645982; UID 10062; state: ENABLED
05-30 15:25:21.503 D/CompatibilityChangeReporter( 703): Compat change id reported: 218533173; UID 10033; state: ENABLED
05-30 15:25:21.504 D/CompatibilityChangeReporter( 703): Compat change id reported: 262645982; UID 10033; state: DISABLED
05-30 15:25:21.506 D/CompatibilityChangeReporter( 703): Compat change id reported: 218533173; UID 10002; state: ENABLED
05-30 15:25:21.507 D/CompatibilityChangeReporter( 703): Compat change id reported: 262645982; UID 10002; state: ENABLED
05-30 15:25:21.508 D/CompatibilityChangeReporter( 703): Compat change id reported: 218533173; UID 10053; state: ENABLED
05-30 15:25:21.508 D/CompatibilityChangeReporter( 703): Compat change id reported: 262645982; UID 10053; state: ENABLED
05-30 15:25:21.509 D/CompatibilityChangeReporter( 703): Compat change id reported: 218533173; UID 10064; state: ENABLED
05-30 15:25:21.510 D/CompatibilityChangeReporter( 703): Compat change id reported: 262645982; UID 10064; state: ENABLED
05-30 15:25:21.511 D/CompatibilityChangeReporter( 703): Compat change id reported: 218533173; UID 10014; state: ENABLED
05-30 15:25:21.512 D/CompatibilityChangeReporter( 703): Compat change id reported: 262645982; UID 10014; state: ENABLED
05-30 15:25:21.517 I/MR2ServiceImpl( 703): registerManager | uid: 10052, pid: 984, package: com.android.systemui, user: 0
05-30 15:25:21.530 D/CompatibilityChangeReporter( 703): Compat change id reported: 265195908; UID 1068; state: ENABLED
05-30 15:25:21.548 W/Looper ( 703): Slow dispatch took 135ms main h=com.android.server.WiredAccessoryManager$1 c=null m=2
05-30 15:25:21.563 D/CompatibilityChangeReporter( 703): Compat change id reported: 265195908; UID 10063; state: ENABLED
05-30 15:25:21.722 D/AudioService( 703): onHdmiCecVolumeControlFeature enabled:false
05-30 15:25:21.732 D/CompatibilityChangeReporter( 703): Compat change id reported: 261072174; UID 1000; state: ENABLED
05-30 15:25:21.756 W/Looper ( 984): Slow dispatch took 2659ms main h=android.app.ActivityThread$H c=null m=110
05-30 15:25:21.785 I/MR2ServiceImpl( 703): addProviderRoutes | provider: com.android.server.media/.SystemMediaRoute2Provider, routes: [DEVICE_ROUTE | 电视]
05-30 15:25:21.786 W/ActivityThread( 1139): Failed to find provider info for bluetooth_legacy.provider (user not unlocked)
05-30 15:25:21.793 D/AudioService( 703): setWiredDeviceConnectionState( type:400 state:DEVICE_STATE_AVAILABLE addr: name:) from android
05-30 15:25:21.793 I/AS.AudioDeviceInventory( 703): handleDeviceConnection(true dev:400 address: name:)
05-30 15:25:21.793 I/AS.AudioDeviceInventory( 703): deviceKey:0x400:
05-30 15:25:21.794 I/AS.AudioDeviceInventory( 703): deviceInfo:null is(already)Connected:false
05-30 15:25:22.043 W/Looper ( 1139): Slow dispatch took 2032ms main h=android.app.ActivityThread$H c=null m=110
05-30 15:25:22.067 I/wificond( 627): Receive notifyCountryCodeChanged
05-30 15:25:22.067 I/wificond( 627): UpdateBandInfo
05-30 15:25:22.090 I/wificond( 627): 2.4Ghz frequencies: 2412 2417 2422 2427 2432 2437 2442 2447 2452 2457 2462 2467 2472
05-30 15:25:22.090 I/wificond( 627): 5Ghz non-DFS frequencies: 5745 5765 5785 5805 5825
05-30 15:25:22.090 I/wificond( 627): 5Ghz DFS frequencies: 5180 5200 5220 5240 5260 5280 5300 5320
05-30 15:25:22.090 I/wificond( 627): 6Ghz frequencies:
05-30 15:25:22.090 I/wificond( 627): 60Ghz frequencies:
05-30 15:25:22.092 I/wificond( 627): Regulatory domain changed to country: CN on wiphy_index: 0
05-30 15:25:22.092 I/wificond( 627): UpdateBandInfo
05-30 15:25:22.096 I/wificond( 627): 2.4Ghz frequencies: 2412 2417 2422 2427 2432 2437 2442 2447 2452 2457 2462 2467 2472
05-30 15:25:22.096 I/wificond( 627): 5Ghz non-DFS frequencies: 5745 5765 5785 5805 5825
05-30 15:25:22.096 I/wificond( 627): 5Ghz DFS frequencies: 5180 5200 5220 5240 5260 5280 5300 5320
05-30 15:25:22.096 I/wificond( 627): 6Ghz frequencies:
05-30 15:25:22.096 I/wificond( 627): 60Ghz frequencies:
05-30 15:25:22.097 I/wificond( 627): Regulatory domain changed to country: CN on wiphy_index: 0
05-30 15:25:22.097 I/wificond( 627): UpdateBandInfo
05-30 15:25:22.101 I/wificond( 627): 2.4Ghz frequencies: 2412 2417 2422 2427 2432 2437 2442 2447 2452 2457 2462 2467 2472
05-30 15:25:22.101 I/wificond( 627): 5Ghz non-DFS frequencies: 5745 5765 5785 5805 5825
05-30 15:25:22.101 I/wificond( 627): 5Ghz DFS frequencies: 5180 5200 5220 5240 5260 5280 5300 5320
05-30 15:25:22.101 I/wificond( 627): 6Ghz frequencies:
05-30 15:25:22.101 I/wificond( 627): 60Ghz frequencies:
05-30 15:25:22.140 D/HDMI ( 703): Process pid:1156 is calling addHotplugEventListener
05-30 15:25:22.192 D/CompatibilityChangeReporter( 703): Compat change id reported: 161145287; UID 1002; state: ENABLED
05-30 15:25:22.405 I/AS.AudioDeviceInventory( 703): sendDeviceConnectionIntent(dev:0x400 state:0x1 address: name:);
05-30 15:25:22.407 W/Looper ( 703): Slow dispatch took 621ms main h=com.android.server.media.MediaRouter2ServiceImpl$UserHandler c= m=0
05-30 15:25:22.409 W/ActivityTaskManager( 703): Activity top resumed state loss timeout for ActivityRecord{892c9ef u0 com.android.systemui/.sensorprivacy.television.TvSensorPrivacyChangedActivity t2 f}}
05-30 15:25:22.423 W/ActivityTaskManager( 703): Activity pause timeout for ActivityRecord{892c9ef u0 com.android.systemui/.sensorprivacy.television.TvSensorPrivacyChangedActivity t2 f}}
05-30 15:25:22.425 D/WindowManager( 703): ThemeHomeDelay: Home launch was deferred.
05-30 15:25:22.427 D/WindowManager( 703): ThemeHomeDelay: Home launch was deferred.
05-30 15:25:22.428 D/WindowManager( 703): ThemeHomeDelay: Home launch was deferred.
05-30 15:25:22.431 D/SystemServerTiming( 703): ManagedServices.unbindOtherUserServices_current0
05-30 15:25:22.432 D/SystemServerTiming( 703): ManagedServices.unbindOtherUserServices_current0
05-30 15:25:22.432 D/SystemServerTiming( 703): ManagedServices.unbindOtherUserServices_current0
05-30 15:25:22.433 V/NotificationAssistants( 703): enabling notification assistant for 0: ComponentInfo{android.ext.services/android.ext.services.notification.Assistant}
05-30 15:25:22.433 V/NotificationAssistants( 703): binding: Intent { act=android.service.notification.NotificationAssistantService cmp=android.ext.services/.notification.Assistant (has extras) }
05-30 15:25:22.436 D/OomAdjuster( 703): Not killing cached processes
05-30 15:25:22.467 D/CompatibilityChangeReporter( 703): Compat change id reported: 161145287; UID 10063; state: ENABLED
05-30 15:25:22.530 D/WindowManagerShell( 984): TvPipController: onTaskStackChanged()
05-30 15:25:22.556 D/CompatibilityChangeReporter( 703): Compat change id reported: 182478738; UID 10052; state: ENABLED
05-30 15:25:22.578 I/StatusBarManagerService( 703): registerStatusBar bar=com.android.internal.statusbar.IStatusBar$Stub$Proxy@dcda121
05-30 15:25:22.896 D/WindowManager( 703): ThemeHomeDelay: Home launch was deferred.
05-30 15:25:22.917 D/CompatibilityChangeReporter( 703): Compat change id reported: 265464455; UID 1000; state: DISABLED
05-30 15:25:22.917 D/CompatibilityChangeReporter( 703): Compat change id reported: 265452344; UID 1000; state: DISABLED
05-30 15:25:22.917 D/CompatibilityChangeReporter( 703): Compat change id reported: 266124927; UID 1000; state: DISABLED
05-30 15:25:22.918 D/CompatibilityChangeReporter( 703): Compat change id reported: 265451093; UID 1000; state: DISABLED
05-30 15:25:22.918 D/CompatibilityChangeReporter( 703): Compat change id reported: 265456536; UID 1000; state: DISABLED
05-30 15:25:22.918 D/CompatibilityChangeReporter( 703): Compat change id reported: 255940284; UID 1000; state: DISABLED
05-30 15:25:22.918 D/CompatibilityChangeReporter( 703): Compat change id reported: 236283604; UID 1000; state: DISABLED
05-30 15:25:22.918 D/CompatibilityChangeReporter( 703): Compat change id reported: 263959004; UID 1000; state: DISABLED
05-30 15:25:22.918 D/CompatibilityChangeReporter( 703): Compat change id reported: 264304459; UID 1000; state: DISABLED
05-30 15:25:22.919 D/CompatibilityChangeReporter( 703): Compat change id reported: 264301586; UID 1000; state: DISABLED
05-30 15:25:22.919 D/CompatibilityChangeReporter( 703): Compat change id reported: 254631730; UID 1000; state: DISABLED
05-30 15:25:22.919 D/CompatibilityChangeReporter( 703): Compat change id reported: 273509367; UID 1000; state: DISABLED
05-30 15:25:22.919 D/CompatibilityChangeReporter( 703): Compat change id reported: 263259275; UID 1000; state: DISABLED
05-30 15:25:22.919 D/CompatibilityChangeReporter( 703): Compat change id reported: 174042980; UID 1000; state: DISABLED
05-30 15:25:22.920 D/CompatibilityChangeReporter( 703): Compat change id reported: 174042936; UID 1000; state: DISABLED
05-30 15:25:22.920 D/CompatibilityChangeReporter( 703): Compat change id reported: 181136395; UID 1000; state: DISABLED
05-30 15:25:23.017 D/CompatibilityChangeReporter( 703): Compat change id reported: 194480991; UID 1000; state: ENABLED
05-30 15:25:23.024 D/CompatibilityChangeReporter( 703): Compat change id reported: 197654537; UID 1000; state: ENABLED
05-30 15:25:23.035 I/ActivityTaskManager( 703): START u0 {act=android.intent.action.MAIN cat=[android.intent.category.HOME] flg=0x10000100 cmp=com.android.tv.settings/.system.FallbackHome (has extras)} with LAUNCH_MULTIPLE from uid 0 (BAL_ALLOW_ALLOWLISTED_UID) result code=0
05-30 15:25:23.041 I/ActivityManager( 703): com.android.tv.settings is exempt from freezer
05-30 15:25:23.041 D/CompatibilityChangeReporter( 703): Compat change id reported: 135634846; UID 1000; state: DISABLED
05-30 15:25:23.053 D/SystemServerTiming( 703): getUserSwitchability-0
05-30 15:25:23.053 D/SystemServerTiming( 703): TM.isInCall
05-30 15:25:23.057 D/SystemServerTiming( 703): hasUserRestriction-DISALLOW_USER_SWITCH
05-30 15:25:23.058 D/SystemServerTiming( 703): getInt-ALLOW_USER_SWITCHING_WHEN_SYSTEM_USER_LOCKED
05-30 15:25:23.058 D/SystemServerTiming( 703): isUserUnlocked-USER_SYSTEM
05-30 15:25:23.067 I/ActivityManager( 703): Start proc 1349:com.android.tv.settings/1000 for top-activity {com.android.tv.settings/com.android.tv.settings.system.FallbackHome}
05-30 15:25:23.068 D/SystemServerTiming( 703): getUserSwitchability-0
05-30 15:25:23.068 D/SystemServerTiming( 703): TM.isInCall
05-30 15:25:23.069 D/SystemServerTiming( 703): hasUserRestriction-DISALLOW_USER_SWITCH
05-30 15:25:23.069 D/SystemServerTiming( 703): getInt-ALLOW_USER_SWITCHING_WHEN_SYSTEM_USER_LOCKED
05-30 15:25:23.069 D/SystemServerTiming( 703): isUserUnlocked-USER_SYSTEM
05-30 15:25:23.071 D/SystemServerTiming( 703): getUserSwitchability-0
05-30 15:25:23.072 D/SystemServerTiming( 703): TM.isInCall
05-30 15:25:23.073 D/SystemServerTiming( 703): hasUserRestriction-DISALLOW_USER_SWITCH
05-30 15:25:23.073 D/SystemServerTiming( 703): getInt-ALLOW_USER_SWITCHING_WHEN_SYSTEM_USER_LOCKED
05-30 15:25:23.074 D/SystemServerTiming( 703): isUserUnlocked-USER_SYSTEM
05-30 15:25:23.098 D/SystemServerTiming( 703): getUserSwitchability-0
05-30 15:25:23.098 D/SystemServerTiming( 703): TM.isInCall
05-30 15:25:23.099 D/SystemServerTiming( 703): hasUserRestriction-DISALLOW_USER_SWITCH
05-30 15:25:23.099 D/SystemServerTiming( 703): getInt-ALLOW_USER_SWITCHING_WHEN_SYSTEM_USER_LOCKED
05-30 15:25:23.099 D/SystemServerTiming( 703): isUserUnlocked-USER_SYSTEM
05-30 15:25:23.101 D/CompatibilityChangeReporter( 703): Compat change id reported: 168419799; UID 1000; state: DISABLED
05-30 15:25:23.102 D/CompatibilityChangeReporter( 703): Compat change id reported: 273564678; UID 1000; state: DISABLED
05-30 15:25:23.105 D/SystemServerTiming( 703): getUserSwitchability-0
05-30 15:25:23.105 D/SystemServerTiming( 703): TM.isInCall
05-30 15:25:23.105 D/SystemServerTiming( 703): hasUserRestriction-DISALLOW_USER_SWITCH
05-30 15:25:23.106 D/SystemServerTiming( 703): getInt-ALLOW_USER_SWITCHING_WHEN_SYSTEM_USER_LOCKED
05-30 15:25:23.106 D/SystemServerTiming( 703): isUserUnlocked-USER_SYSTEM
05-30 15:25:23.183 W/Looper ( 703): Slow dispatch took 745ms main h=android.app.ActivityThread$H c=android.app.LoadedApk$ReceiverDispatcher$Args$$ExternalSyntheticLambda0@381404f m=0
05-30 15:25:23.193 I/ExplicitHealthCheckController( 703): Explicit health check service is connected ComponentInfo{android.ext.services/android.ext.services.watchdog.ExplicitHealthCheckServiceImpl}
05-30 15:25:23.194 I/ExplicitHealthCheckController( 703): Service initialized, syncing requests
05-30 15:25:23.204 D/WallpaperManagerService( 703): WPMS.onServiceConnected-ComponentInfo{com.android.systemui/com.android.systemui.wallpapers.ImageWallpaper}
05-30 15:25:23.204 D/WallpaperManagerService( 703): WPMS.attachServiceLocked
05-30 15:25:23.204 D/WallpaperManagerService( 703): WPMS.connectLocked-ComponentInfo{com.android.systemui/com.android.systemui.wallpapers.ImageWallpaper}
05-30 15:25:23.207 D/WallpaperManagerService( 703): WPMS.saveSettingsLocked-0
05-30 15:25:23.211 D/WallpaperManagerService( 703): WPMS.onServiceConnected-ComponentInfo{com.android.systemui/com.android.systemui.wallpapers.ImageWallpaper}
05-30 15:25:23.211 D/WallpaperManagerService( 703): WPMS.attachServiceLocked
05-30 15:25:23.215 I/AutofillManagerService( 703): Updating for user 0: disabled=false
05-30 15:25:23.221 V/NotificationAssistants( 703): 0 notification assistant service connected: ComponentInfo{android.ext.services/android.ext.services.notification.Assistant}
05-30 15:25:23.229 I/PackageWatchdog( 703): Syncing health check requests for packages: {}
05-30 15:25:23.229 D/ExplicitHealthCheckController( 703): Getting health check supported packages
05-30 15:25:23.235 W/Looper ( 703): Drained
05-30 15:25:23.236 I/ExplicitHealthCheckController( 703): Explicit health check supported packages [PackageConfig{com.android.networkstack, 86400000}]
05-30 15:25:23.236 D/PackageWatchdog( 703): Received supported packages [PackageConfig{com.android.networkstack, 86400000}]
05-30 15:25:23.236 D/ExplicitHealthCheckController( 703): Getting health check requested packages
05-30 15:25:23.240 W/WindowManager( 703): [addWindow] title:com.android.systemui.wallpapers.ImageWallpaper
05-30 15:25:23.240 I/ExplicitHealthCheckController( 703): Explicit health check requested packages []
05-30 15:25:23.240 I/ExplicitHealthCheckController( 703): No more health check requests, unbinding...
05-30 15:25:23.242 I/ExplicitHealthCheckController( 703): Explicit health check service is unbound
05-30 15:25:23.255 V/WindowManager( 703): app ------------- force_land :0
05-30 15:25:23.255 V/WindowManager( 703): app ------------- force_land :0
05-30 15:25:23.259 W/BroadcastLoopers( 703): Found previously unknown looper Thread[BluetoothManagerService,5,main]
05-30 15:25:23.375 W/WindowManager( 703): Keyguard drawn timeout. Setting mKeyguardDrawComplete
05-30 15:25:23.389 W/WindowManager( 703): [addWindow] title:com.android.tv.settings/com.android.tv.settings.system.FallbackHome
05-30 15:25:23.398 D/CoreBackPreview( 703): Window{c9362ce u0 com.android.tv.settings/com.android.tv.settings.system.FallbackHome}: Setting back callback OnBackInvokedCallbackInfo{mCallback=android.window.IOnBackInvokedCallback$Stub$Proxy@f06ddda, mPriority=0, mIsAnimationCallback=false} --------- beginning of main
05-30 15:25:23.425 I/a2dp_codec( 1139): packages/modules/Bluetooth/system/stack/a2dp/a2dp_codec_config.cc:667 init: init: initialized Source codec AAC
05-30 15:25:23.425 I/a2dp_codec( 1139): packages/modules/Bluetooth/system/stack/a2dp/a2dp_codec_config.cc:667 init: init: initialized Source codec SBC
05-30 15:25:23.425 I/a2dp_codec( 1139): packages/modules/Bluetooth/system/stack/a2dp/a2dp_codec_config.cc:674 init: init: initialized Sink codec Opus SINK
05-30 15:25:23.425 I/a2dp_codec( 1139): packages/modules/Bluetooth/system/stack/a2dp/a2dp_codec_config.cc:674 init: init: initialized Sink codec AAC SINK
05-30 15:25:23.425 I/a2dp_codec( 1139): packages/modules/Bluetooth/system/stack/a2dp/a2dp_codec_config.cc:674 init: init: initialized Sink codec SBC SINK
05-30 15:25:23.425 I/a2dp_codec( 1139): packages/modules/Bluetooth/system/stack/a2dp/a2dp_codec_config.cc:601 init: init
05-30 15:25:23.425 I/a2dp_codec( 1139): packages/modules/Bluetooth/system/stack/a2dp/a2dp_codec_config.cc:116 createCodec: SBC
05-30 15:25:23.425 I/a2dp_codec( 1139): packages/modules/Bluetooth/system/stack/a2dp/a2dp_codec_config.cc:642 init: init: updated SBC codec priority to 1001
05-30 15:25:23.425 I/a2dp_codec( 1139): packages/modules/Bluetooth/system/stack/a2dp/a2dp_codec_config.cc:116 createCodec: AAC
05-30 15:25:23.425 I/a2dp_codec( 1139): packages/modules/Bluetooth/system/stack/a2dp/a2dp_codec_config.cc:642 init: init: updated AAC codec priority to 2001
05-30 15:25:23.425 I/a2dp_codec( 1139): packages/modules/Bluetooth/system/stack/a2dp/a2dp_codec_config.cc:116 createCodec: aptX
05-30 15:25:23.425 I/a2dp_codec( 1139): packages/modules/Bluetooth/system/stack/a2dp/a2dp_codec_config.cc:642 init: init: updated aptX codec priority to 3001
05-30 15:25:23.425 I/a2dp_codec( 1139): packages/modules/Bluetooth/system/stack/a2dp/a2dp_codec_config.cc:116 createCodec: aptX-HD
05-30 15:25:23.425 I/a2dp_codec( 1139): packages/modules/Bluetooth/system/stack/a2dp/a2dp_codec_config.cc:642 init: init: updated aptX-HD codec priority to 4001
05-30 15:25:23.425 I/a2dp_codec( 1139): packages/modules/Bluetooth/system/stack/a2dp/a2dp_codec_config.cc:116 createCodec: LDAC
05-30 15:25:23.425 I/a2dp_codec( 1139): packages/modules/Bluetooth/system/stack/a2dp/a2dp_codec_config.cc:642 init: init: updated LDAC codec priority to 5001
05-30 15:25:23.425 I/a2dp_codec( 1139): packages/modules/Bluetooth/system/stack/a2dp/a2dp_codec_config.cc:116 createCodec: LC3 not implemented
05-30 15:25:23.425 I/a2dp_codec( 1139): packages/modules/Bluetooth/system/stack/a2dp/a2dp_codec_config.cc:633 init: init: OPUS codec disabled, updated priority to -1
05-30 15:25:23.425 I/a2dp_codec( 1139): packages/modules/Bluetooth/system/stack/a2dp/a2dp_codec_config.cc:116 createCodec: Opus
05-30 15:25:23.425 I/a2dp_codec( 1139): packages/modules/Bluetooth/system/stack/a2dp/a2dp_codec_config.cc:642 init: init: updated Opus codec priority to -1
05-30 15:25:23.425 I/a2dp_codec( 1139): packages/modules/Bluetooth/system/stack/a2dp/a2dp_codec_config.cc:116 createCodec: SBC SINK
05-30 15:25:23.425 I/a2dp_codec( 1139): packages/modules/Bluetooth/system/stack/a2dp/a2dp_codec_config.cc:116 createCodec: AAC SINK
05-30 15:25:23.425 I/a2dp_codec( 1139): packages/modules/Bluetooth/system/stack/a2dp/a2dp_codec_config.cc:116 createCodec: LDAC SINK
05-30 15:25:23.426 I/a2dp_vendor_ldac_decoder( 1139): packages/modules/Bluetooth/system/stack/a2dp/a2dp_vendor_ldac_decoder.cc:130 A2DP_VendorLoadDecoderLdac: A2DP_VendorLoadDecoderLdac: cannot open LDAC decoder library libldacBT_bco.so: dlopen failed: library "libldacBT_bco.so" not found
05-30 15:25:23.426 E/a2dp_vendor_ldac( 1139): packages/modules/Bluetooth/system/stack/a2dp/a2dp_vendor_ldac.cc:1422 init: init: cannot load the decoder
05-30 15:25:23.426 I/a2dp_codec( 1139): packages/modules/Bluetooth/system/stack/a2dp/a2dp_codec_config.cc:116 createCodec: Opus SINK
05-30 15:25:23.426 I/a2dp_codec( 1139): packages/modules/Bluetooth/system/stack/a2dp/a2dp_codec_config.cc:667 init: init: initialized Source codec LDAC
05-30 15:25:23.426 I/a2dp_codec( 1139): packages/modules/Bluetooth/system/stack/a2dp/a2dp_codec_config.cc:667 init: init: initialized Source codec aptX-HD
05-30 15:25:23.426 I/a2dp_codec( 1139): packages/modules/Bluetooth/system/stack/a2dp/a2dp_codec_config.cc:667 init: init: initialized Source codec aptX
05-30 15:25:23.426 I/a2dp_codec( 1139): packages/modules/Bluetooth/system/stack/a2dp/a2dp_codec_config.cc:667 init: init: initialized Source codec AAC
05-30 15:25:23.426 I/a2dp_codec( 1139): packages/modules/Bluetooth/system/stack/a2dp/a2dp_codec_config.cc:667 init: init: initialized Source codec SBC
05-30 15:25:23.426 I/a2dp_codec( 1139): packages/modules/Bluetooth/system/stack/a2dp/a2dp_codec_config.cc:674 init: init: initialized Sink codec Opus SINK
05-30 15:25:23.426 I/a2dp_codec( 1139): packages/modules/Bluetooth/system/stack/a2dp/a2dp_codec_config.cc:674 init: init: initialized Sink codec AAC SINK
05-30 15:25:23.426 I/a2dp_codec( 1139): packages/modules/Bluetooth/system/stack/a2dp/a2dp_codec_config.cc:674 init: init: initialized Sink codec SBC SINK
05-30 15:25:23.426 I/a2dp_codec( 1139): packages/modules/Bluetooth/system/stack/a2dp/a2dp_codec_config.cc:601 init: init
05-30 15:25:23.426 I/a2dp_codec( 1139): packages/modules/Bluetooth/system/stack/a2dp/a2dp_codec_config.cc:116 createCodec: SBC
05-30 15:25:23.426 I/a2dp_codec( 1139): packages/modules/Bluetooth/system/stack/a2dp/a2dp_codec_config.cc:642 init: init: updated SBC codec priority to 1001
05-30 15:25:23.426 I/a2dp_codec( 1139): packages/modules/Bluetooth/system/stack/a2dp/a2dp_codec_config.cc:116 createCodec: AAC
05-30 15:25:23.427 I/hwservicemanager( 233): getTransport: Cannot find entry android.hardware.configstore@1.0::ISurfaceFlingerConfigs/default in either framework or device VINTF manifest.
05-30 15:25:23.429 I/a2dp_codec( 1139): packages/modules/Bluetooth/system/stack/a2dp/a2dp_codec_config.cc:642 init: init: updated AAC codec priority to 2001
05-30 15:25:23.429 I/a2dp_codec( 1139): packages/modules/Bluetooth/system/stack/a2dp/a2dp_codec_config.cc:116 createCodec: aptX
05-30 15:25:23.429 I/a2dp_codec( 1139): packages/modules/Bluetooth/system/stack/a2dp/a2dp_codec_config.cc:642 init: init: updated aptX codec priority to 3001
05-30 15:25:23.429 I/a2dp_codec( 1139): packages/modules/Bluetooth/system/stack/a2dp/a2dp_codec_config.cc:116 createCodec: aptX-HD
05-30 15:25:23.429 I/a2dp_codec( 1139): packages/modules/Bluetooth/system/stack/a2dp/a2dp_codec_config.cc:642 init: init: updated aptX-HD codec priority to 4001
05-30 15:25:23.429 I/a2dp_codec( 1139): packages/modules/Bluetooth/system/stack/a2dp/a2dp_codec_config.cc:116 createCodec: LDAC
05-30 15:25:23.429 I/a2dp_codec( 1139): packages/modules/Bluetooth/system/stack/a2dp/a2dp_codec_config.cc:642 init: init: updated LDAC codec priority to 5001
05-30 15:25:23.429 I/a2dp_codec( 1139): packages/modules/Bluetooth/system/stack/a2dp/a2dp_codec_config.cc:116 createCodec: LC3 not implemented
05-30 15:25:23.429 I/a2dp_codec( 1139): packages/modules/Bluetooth/system/stack/a2dp/a2dp_codec_config.cc:633 init: init: OPUS codec disabled, updated priority to -1
05-30 15:25:23.429 I/a2dp_codec( 1139): packages/modules/Bluetooth/system/stack/a2dp/a2dp_codec_config.cc:116 createCodec: Opus
05-30 15:25:23.429 I/a2dp_codec( 1139): packages/modules/Bluetooth/system/stack/a2dp/a2dp_codec_config.cc:642 init: init: updated Opus codec priority to -1
05-30 15:25:23.429 I/a2dp_codec( 1139): packages/modules/Bluetooth/system/stack/a2dp/a2dp_codec_config.cc:116 createCodec: SBC SINK
05-30 15:25:23.429 I/a2dp_codec( 1139): packages/modules/Bluetooth/system/stack/a2dp/a2dp_codec_config.cc:116 createCodec: AAC SINK
05-30 15:25:23.429 I/a2dp_codec( 1139): packages/modules/Bluetooth/system/stack/a2dp/a2dp_codec_config.cc:116 createCodec: LDAC SINK
05-30 15:25:23.432 I/vol.Events( 984): writeEvent external_ringer_mode_changed normal
05-30 15:25:23.432 I/a2dp_vendor_ldac_decoder( 1139): packages/modules/Bluetooth/system/stack/a2dp/a2dp_vendor_ldac_decoder.cc:130 A2DP_VendorLoadDecoderLdac: A2DP_VendorLoadDecoderLdac: cannot open LDAC decoder library libldacBT_bco.so: dlopen failed: library "libldacBT_bco.so" not found
05-30 15:25:23.432 E/a2dp_vendor_ldac( 1139): packages/modules/Bluetooth/system/stack/a2dp/a2dp_vendor_ldac.cc:1422 init: init: cannot load the decoder
05-30 15:25:23.432 I/a2dp_codec( 1139): packages/modules/Bluetooth/system/stack/a2dp/a2dp_codec_config.cc:116 createCodec: Opus SINK
05-30 15:25:23.433 I/a2dp_codec( 1139): packages/modules/Bluetooth/system/stack/a2dp/a2dp_codec_config.cc:667 init: init: initialized Source codec LDAC
05-30 15:25:23.433 I/DroidAudioManager.J( 1156): setAudioOutputSpdifDelay cur source:[4]SRC_MEDIA is not the same as the set source:[0]SRC_ATV, only save to DB
05-30 15:25:23.433 I/a2dp_codec( 1139): packages/modules/Bluetooth/system/stack/a2dp/a2dp_codec_config.cc:667 init: init: initialized Source codec aptX-HD
05-30 15:25:23.433 I/a2dp_codec( 1139): packages/modules/Bluetooth/system/stack/a2dp/a2dp_codec_config.cc:667 init: init: initialized Source codec aptX
05-30 15:25:23.433 I/a2dp_codec( 1139): packages/modules/Bluetooth/system/stack/a2dp/a2dp_codec_config.cc:667 init: init: initialized Source codec AAC
05-30 15:25:23.433 I/a2dp_codec( 1139): packages/modules/Bluetooth/system/stack/a2dp/a2dp_codec_config.cc:667 init: init: initialized Source codec SBC
05-30 15:25:23.433 I/a2dp_codec( 1139): packages/modules/Bluetooth/system/stack/a2dp/a2dp_codec_config.cc:674 init: init: initialized Sink codec Opus SINK
05-30 15:25:23.433 I/a2dp_codec( 1139): packages/modules/Bluetooth/system/stack/a2dp/a2dp_codec_config.cc:674 init: init: initialized Sink codec AAC SINK
05-30 15:25:23.433 I/a2dp_codec( 1139): packages/modules/Bluetooth/system/stack/a2dp/a2dp_codec_config.cc:674 init: init: initialized Sink codec SBC SINK
05-30 15:25:23.433 I/a2dp_codec( 1139): packages/modules/Bluetooth/system/stack/a2dp/a2dp_codec_config.cc:601 init: init
05-30 15:25:23.433 I/a2dp_codec( 1139): packages/modules/Bluetooth/system/stack/a2dp/a2dp_codec_config.cc:116 createCodec: SBC
05-30 15:25:23.433 I/a2dp_codec( 1139): packages/modules/Bluetooth/system/stack/a2dp/a2dp_codec_config.cc:642 init: init: updated SBC codec priority to 1001
05-30 15:25:23.433 I/a2dp_codec( 1139): packages/modules/Bluetooth/system/stack/a2dp/a2dp_codec_config.cc:116 createCodec: AAC
05-30 15:25:23.433 I/a2dp_codec( 1139): packages/modules/Bluetooth/system/stack/a2dp/a2dp_codec_config.cc:642 init: init: updated AAC codec priority to 2001
05-30 15:25:23.433 I/a2dp_codec( 1139): packages/modules/Bluetooth/system/stack/a2dp/a2dp_codec_config.cc:116 createCodec: aptX
05-30 15:25:23.433 I/a2dp_codec( 1139): packages/modules/Bluetooth/system/stack/a2dp/a2dp_codec_config.cc:642 init: init: updated aptX codec priority to 3001
05-30 15:25:23.433 I/a2dp_codec( 1139): packages/modules/Bluetooth/system/stack/a2dp/a2dp_codec_config.cc:116 createCodec: aptX-HD
05-30 15:25:23.433 I/a2dp_codec( 1139): packages/modules/Bluetooth/system/stack/a2dp/a2dp_codec_config.cc:642 init: init: updated aptX-HD codec priority to 4001
05-30 15:25:23.433 I/a2dp_codec( 1139): packages/modules/Bluetooth/system/stack/a2dp/a2dp_codec_config.cc:116 createCodec: LDAC
05-30 15:25:23.433 I/a2dp_codec( 1139): packages/modules/Bluetooth/system/stack/a2dp/a2dp_codec_config.cc:642 init: init: updated LDAC codec priority to 5001
05-30 15:25:23.433 I/a2dp_codec( 1139): packages/modules/Bluetooth/system/stack/a2dp/a2dp_codec_config.cc:116 createCodec: LC3 not implemented
05-30 15:25:23.433 I/a2dp_codec( 1139): packages/modules/Bluetooth/system/stack/a2dp/a2dp_codec_config.cc:633 init: init: OPUS codec disabled, updated priority to -1
05-30 15:25:23.433 I/a2dp_codec( 1139): packages/modules/Bluetooth/system/stack/a2dp/a2dp_codec_config.cc:116 createCodec: Opus
05-30 15:25:23.433 I/a2dp_codec( 1139): packages/modules/Bluetooth/system/stack/a2dp/a2dp_codec_config.cc:642 init: init: updated Opus codec priority to -1
05-30 15:25:23.433 I/a2dp_codec( 1139): packages/modules/Bluetooth/system/stack/a2dp/a2dp_codec_config.cc:116 createCodec: SBC SINK
05-30 15:25:23.433 I/a2dp_codec( 1139): packages/modules/Bluetooth/system/stack/a2dp/a2dp_codec_config.cc:116 createCodec: AAC SINK
05-30 15:25:23.433 I/a2dp_codec( 1139): packages/modules/Bluetooth/system/stack/a2dp/a2dp_codec_config.cc:116 createCodec: LDAC SINK
05-30 15:25:23.434 I/a2dp_vendor_ldac_decoder( 1139): packages/modules/Bluetooth/system/stack/a2dp/a2dp_vendor_ldac_decoder.cc:130 A2DP_VendorLoadDecoderLdac: A2DP_VendorLoadDecoderLdac: cannot open LDAC decoder library libldacBT_bco.so: dlopen failed: library "libldacBT_bco.so" not found
05-30 15:25:23.434 E/a2dp_vendor_ldac( 1139): packages/modules/Bluetooth/system/stack/a2dp/a2dp_vendor_ldac.cc:1422 init: init: cannot load the decoder
05-30 15:25:23.434 I/a2dp_codec( 1139): packages/modules/Bluetooth/system/stack/a2dp/a2dp_codec_config.cc:116 createCodec: Opus SINK
05-30 15:25:23.434 I/a2dp_codec( 1139): packages/modules/Bluetooth/system/stack/a2dp/a2dp_codec_config.cc:667 init: init: initialized Source codec LDAC
05-30 15:25:23.434 I/a2dp_codec( 1139): packages/modules/Bluetooth/system/stack/a2dp/a2dp_codec_config.cc:667 init: init: initialized Source codec aptX-HD
05-30 15:25:23.434 I/a2dp_codec( 1139): packages/modules/Bluetooth/system/stack/a2dp/a2dp_codec_config.cc:667 init: init: initialized Source codec aptX
05-30 15:25:23.434 I/a2dp_codec( 1139): packages/modules/Bluetooth/system/stack/a2dp/a2dp_codec_config.cc:667 init: init: initialized Source codec AAC
05-30 15:25:23.434 I/a2dp_codec( 1139): packages/modules/Bluetooth/system/stack/a2dp/a2dp_codec_config.cc:667 init: init: initialized Source codec SBC
05-30 15:25:23.434 I/a2dp_codec( 1139): packages/modules/Bluetooth/system/stack/a2dp/a2dp_codec_config.cc:674 init: init: initialized Sink codec Opus SINK
05-30 15:25:23.434 I/a2dp_codec( 1139): packages/modules/Bluetooth/system/stack/a2dp/a2dp_codec_config.cc:674 init: init: initialized Sink codec AAC SINK
05-30 15:25:23.434 I/a2dp_codec( 1139): packages/modules/Bluetooth/system/stack/a2dp/a2dp_codec_config.cc:674 init: init: initialized Sink codec SBC SINK
05-30 15:25:23.434 I/a2dp_codec( 1139): packages/modules/Bluetooth/system/stack/a2dp/a2dp_codec_config.cc:601 init: init
05-30 15:25:23.434 I/a2dp_codec( 1139): packages/modules/Bluetooth/system/stack/a2dp/a2dp_codec_config.cc:116 createCodec: SBC
05-30 15:25:23.434 I/a2dp_codec( 1139): packages/modules/Bluetooth/system/stack/a2dp/a2dp_codec_config.cc:642 init: init: updated SBC codec priority to 1001
05-30 15:25:23.434 I/a2dp_codec( 1139): packages/modules/Bluetooth/system/stack/a2dp/a2dp_codec_config.cc:116 createCodec: AAC
05-30 15:25:23.434 I/a2dp_codec( 1139): packages/modules/Bluetooth/system/stack/a2dp/a2dp_codec_config.cc:642 init: init: updated AAC codec priority to 2001
05-30 15:25:23.434 I/a2dp_codec( 1139): packages/modules/Bluetooth/system/stack/a2dp/a2dp_codec_config.cc:116 createCodec: aptX
05-30 15:25:23.434 I/a2dp_codec( 1139): packages/modules/Bluetooth/system/stack/a2dp/a2dp_codec_config.cc:642 init: init: updated aptX codec priority to 3001
05-30 15:25:23.434 I/a2dp_codec( 1139): packages/modules/Bluetooth/system/stack/a2dp/a2dp_codec_config.cc:116 createCodec: aptX-HD
05-30 15:25:23.434 I/a2dp_codec( 1139): packages/modules/Bluetooth/system/stack/a2dp/a2dp_codec_config.cc:642 init: init: updated aptX-HD codec priority to 4001
05-30 15:25:23.434 I/a2dp_codec( 1139): packages/modules/Bluetooth/system/stack/a2dp/a2dp_codec_config.cc:116 createCodec: LDAC
05-30 15:25:23.434 I/a2dp_codec( 1139): packages/modules/Bluetooth/system/stack/a2dp/a2dp_codec_config.cc:642 init: init: updated LDAC codec priority to 5001
05-30 15:25:23.434 I/a2dp_codec( 1139): packages/modules/Bluetooth/system/stack/a2dp/a2dp_codec_config.cc:116 createCodec: LC3 not implemented
05-30 15:25:23.434 I/a2dp_codec( 1139): packages/modules/Bluetooth/system/stack/a2dp/a2dp_codec_config.cc:633 init: init: OPUS codec disabled, updated priority to -1
05-30 15:25:23.434 I/a2dp_codec( 1139): packages/modules/Bluetooth/system/stack/a2dp/a2dp_codec_config.cc:116 createCodec: Opus
05-30 15:25:23.434 I/a2dp_codec( 1139): packages/modules/Bluetooth/system/stack/a2dp/a2dp_codec_config.cc:642 init: init: updated Opus codec priority to -1
05-30 15:25:23.434 I/a2dp_codec( 1139): packages/modules/Bluetooth/system/stack/a2dp/a2dp_codec_config.cc:116 createCodec: SBC SINK
05-30 15:25:23.434 I/a2dp_codec( 1139): packages/modules/Bluetooth/system/stack/a2dp/a2dp_codec_config.cc:116 createCodec: AAC SINK
05-30 15:25:23.434 I/a2dp_codec( 1139): packages/modules/Bluetooth/system/stack/a2dp/a2dp_codec_config.cc:116 createCodec: LDAC SINK
05-30 15:25:23.435 I/a2dp_vendor_ldac_decoder( 1139): packages/modules/Bluetooth/system/stack/a2dp/a2dp_vendor_ldac_decoder.cc:130 A2DP_VendorLoadDecoderLdac: A2DP_VendorLoadDecoderLdac: cannot open LDAC decoder library libldacBT_bco.so: dlopen failed: library "libldacBT_bco.so" not found
05-30 15:25:23.435 E/a2dp_vendor_ldac( 1139): packages/modules/Bluetooth/system/stack/a2dp/a2dp_vendor_ldac.cc:1422 init: init: cannot load the decoder
05-30 15:25:23.435 I/a2dp_codec( 1139): packages/modules/Bluetooth/system/stack/a2dp/a2dp_codec_config.cc:116 createCodec: Opus SINK
05-30 15:25:23.435 I/a2dp_codec( 1139): packages/modules/Bluetooth/system/stack/a2dp/a2dp_codec_config.cc:667 init: init: initialized Source codec LDAC
05-30 15:25:23.435 I/a2dp_codec( 1139): packages/modules/Bluetooth/system/stack/a2dp/a2dp_codec_config.cc:667 init: init: initialized Source codec aptX-HD
05-30 15:25:23.435 I/a2dp_codec( 1139): packages/modules/Bluetooth/system/stack/a2dp/a2dp_codec_config.cc:667 init: init: initialized Source codec aptX
05-30 15:25:23.435 I/a2dp_codec( 1139): packages/modules/Bluetooth/system/stack/a2dp/a2dp_codec_config.cc:667 init: init: initialized Source codec AAC
05-30 15:25:23.435 I/a2dp_codec( 1139): packages/modules/Bluetooth/system/stack/a2dp/a2dp_codec_config.cc:667 init: init: initialized Source codec SBC
05-30 15:25:23.435 I/a2dp_codec( 1139): packages/modules/Bluetooth/system/stack/a2dp/a2dp_codec_config.cc:674 init: init: initialized Sink codec Opus SINK
05-30 15:25:23.435 I/a2dp_codec( 1139): packages/modules/Bluetooth/system/stack/a2dp/a2dp_codec_config.cc:674 init: init: initialized Sink codec AAC SINK
05-30 15:25:23.435 I/a2dp_codec( 1139): packages/modules/Bluetooth/system/stack/a2dp/a2dp_codec_config.cc:674 init: init: initialized Sink codec SBC SINK
05-30 15:25:23.435 I/bt_btif_a2dp_source( 1139): packages/modules/Bluetooth/system/btif/src/btif_a2dp_source.cc:331 btif_a2dp_source_init: btif_a2dp_source_init
05-30 15:25:23.437 I/DroidAudioManager.J( 1156): setAudioOutputHeadphoneDelay cur source:[4]SRC_MEDIA is not the same as the set source:[0]SRC_ATV, only save to DB
05-30 15:25:23.439 I/DroidAudioManager.J( 1156): setAudioOutputSpeakerDelay cur source:[4]SRC_MEDIA is not the same as the set source:[1]SRC_DTV, only save to DB
05-30 15:25:23.440 I/vol.Events( 984): writeEvent zen_mode_config_changed [disallowAlarms=false disallowMedia=false disallowSystem=true disallowRinger=false]
05-30 15:25:23.441 I/DroidAudioManager.J( 1156): setAudioOutputSpdifDelay cur source:[4]SRC_MEDIA is not the same as the set source:[1]SRC_DTV, only save to DB
05-30 15:25:23.441 I/bt_stack( 1139): [INFO:message_loop_thread.cc(184)] Run: message loop starting for thread bt_a2dp_source_worker_thread
05-30 15:25:23.442 I/bt_btif_a2dp_source( 1139): packages/modules/Bluetooth/system/btif/src/btif_a2dp_source.cc:341 btif_a2dp_source_init_delayed: btif_a2dp_source_init_delayed
05-30 15:25:23.443 I/bt_bta_av( 1139): packages/modules/Bluetooth/system/bta/av/bta_av_main.cc:431 bta_av_api_register: bta_av_api_register: AVRCP version used for sdp: "avrcp15"
05-30 15:25:23.443 I/bt_l2cap( 1139): packages/modules/Bluetooth/system/stack/l2cap/l2c_api.cc:172 L2CA_Register: L2CAP Registered service classic PSM: 0x0019
05-30 15:25:23.443 I/bt_l2cap( 1139): packages/modules/Bluetooth/system/stack/l2cap/l2c_api.cc:172 L2CA_Register: L2CAP Registered service classic PSM: 0x0017
05-30 15:25:23.443 I/bt_l2cap( 1139): packages/modules/Bluetooth/system/stack/l2cap/l2c_api.cc:172 L2CA_Register: L2CAP Registered service classic PSM: 0x001b
05-30 15:25:23.443 I/bt_bta_dm( 1139): packages/modules/Bluetooth/system/bta/dm/bta_dm_act.cc:3456 bta_dm_eir_update_uuid: EIR Adding UUID=0x110A into extended inquiry response
05-30 15:25:23.443 I/bt_bta_dm( 1139): packages/modules/Bluetooth/system/bta/dm/bta_dm_act.cc:3155 bta_dm_set_eir: Generating extended inquiry response packet EIR
05-30 15:25:23.443 I/bt_bta_av( 1139): packages/modules/Bluetooth/system/bta/av/bta_av_act.cc:305 bta_av_rc_create: Skipping RC creation for the old AVRCP profile
05-30 15:25:23.443 I/bt_bta_av( 1139): packages/modules/Bluetooth/system/bta/av/bta_av_main.cc:431 bta_av_api_register: bta_av_api_register: AVRCP version used for sdp: "avrcp15"
05-30 15:25:23.443 I/bt_bta_av( 1139): packages/modules/Bluetooth/system/bta/av/bta_av_main.cc:431 bta_av_api_register: bta_av_api_register: AVRCP version used for sdp: "avrcp15"
05-30 15:25:23.443 I/bt_bta_av( 1139): packages/modules/Bluetooth/system/bta/av/bta_av_main.cc:431 bta_av_api_register: bta_av_api_register: AVRCP version used for sdp: "avrcp15"
05-30 15:25:23.444 I/bt_btif_storage( 1139): packages/modules/Bluetooth/system/btif/src/btif_storage.cc:653 btif_storage_get_adapter_property: btif_storage_get_adapter_property service_mask:0x20000008
05-30 15:25:23.444 I/bt_bta_av( 1139): packages/modules/Bluetooth/system/bta/av/bta_av_main.cc:431 bta_av_api_register: bta_av_api_register: AVRCP version used for sdp: "avrcp15"
05-30 15:25:23.444 I/bt_bta_av( 1139): packages/modules/Bluetooth/system/bta/av/bta_av_main.cc:431 bta_av_api_register: bta_av_api_register: AVRCP version used for sdp: "avrcp15"
05-30 15:25:23.444 D/A2dpService( 1139): A2DP offload flag set to false
05-30 15:25:23.445 D/A2dpService( 1139): setA2dpService(): set to: com.android.bluetooth.a2dp.A2dpService@6a9a773
05-30 15:25:23.445 D/ActivityAttributionService( 1139): notifyActivityAttributionInfo UID=1002 packageName=com.android.bluetooth deviceAddress=no_active_device_address
05-30 15:25:23.445 I/bt_btif ( 1139): packages/modules/Bluetooth/system/btif/src/bluetooth.cc:829 get_profile_interface: get_profile_interface: id = activity_attribution
05-30 15:25:23.447 I/DroidAudioManager.J( 1156): setAudioOutputHeadphoneDelay cur source:[4]SRC_MEDIA is not the same as the set source:[1]SRC_DTV, only save to DB
05-30 15:25:23.448 I/AvrcpTargetService( 1139): Starting the AVRCP Target Service
05-30 15:25:23.449 V/MediaPlayerList( 1139): Creating MediaPlayerList
05-30 15:25:23.450 I/DroidAudioManager.J( 1156): setAudioOutputSpeakerDelay cur source:[4]SRC_MEDIA is not the same as the set source:[2]SRC_AV, only save to DB
05-30 15:25:23.456 D/MediaSessionService( 703): The MediaKeyEventSessionChangedListener (android.os.BinderProxy@7bf065) is added by com.android.bluetooth
05-30 15:25:23.457 I/DroidAudioManager.J( 1156): setAudioOutputSpdifDelay cur source:[4]SRC_MEDIA is not the same as the set source:[2]SRC_AV, only save to DB
05-30 15:25:23.457 I/AvrcpTargetJni( 1139): classInitNative: AvrcpTargetJni initialized!
05-30 15:25:23.457 D/AvrcpTargetJni( 1139): initNative
05-30 15:25:23.457 I/bt_stack( 1139): [INFO:avrcp_service.cc(375)] AVRCP Target Service started
05-30 15:25:23.457 I/bt_bta_dm( 1139): packages/modules/Bluetooth/system/bta/dm/bta_dm_act.cc:3456 bta_dm_eir_update_uuid: EIR Adding UUID=0x110C into extended inquiry response
05-30 15:25:23.457 I/bt_bta_dm( 1139): packages/modules/Bluetooth/system/bta/dm/bta_dm_act.cc:3155 bta_dm_set_eir: Generating extended inquiry response packet EIR
05-30 15:25:23.457 I/bt_bta_dm( 1139): packages/modules/Bluetooth/system/bta/dm/bta_dm_act.cc:3456 bta_dm_eir_update_uuid: EIR Adding UUID=0x110E into extended inquiry response
