05-30 15:25:24.220 D/SystemServerTimingAsync( 703): ssm.onUnlockingUser-0_com.android.server.healthconnect.HealthConnectManagerService
05-30 15:25:24.220 D/SystemServerTimingAsync( 703): ssm.onUnlockingUser-0_com.android.server.devicelock.DeviceLockService
05-30 15:25:24.220 D/DeviceLockService( 703): onUserUnlocking
05-30 15:25:24.220 I/ActivityTaskManager( 703): Loading recents for user 0 into memory.
05-30 15:25:24.220 D/SystemServerTiming( 703): finishUserUnlocked-0
05-30 15:25:24.221 I/ActivityManager( 703): User 0 state changed from RUNNING_UNLOCKING to RUNNING_UNLOCKED
05-30 15:25:24.223 V/SystemServerTiming( 703): SystemUserUnlock took to complete: 357ms
05-30 15:25:24.229 I/audio_hw_hal_primary( 480): [audiohal_get_latency:1333] io 13: out:0xf0703260 frames:1024 rate:48000 whole_latency:21 alsa_latency:21
05-30 15:25:24.233 V/PackageConfigPersister( 703): loadPackages: empty list files from /data/system_ce/0/package_configs
05-30 15:25:24.234 I/ActivityManager( 703): com.dangbei.lerad.etna.haqu is exempt from freezer
05-30 15:25:24.236 D/Zygote ( 469): Forked child process 1491
05-30 15:25:24.236 W/ActivityManager( 703): Slow operation: 58ms so far, now at startProcess: returned from zygote!
05-30 15:25:24.237 D/CompatibilityChangeReporter( 703): Compat change id reported: 135634846; UID 1000; state: DISABLED
05-30 15:25:24.238 W/ActivityManager( 703): Slow operation: 59ms so far, now at startProcess: done updating battery stats
05-30 15:25:24.238 I/Watchdog( 703): Interesting Java process com.android.providers.media.module started. Pid 1491
05-30 15:25:24.238 W/ActivityManager( 703): Slow operation: 60ms so far, now at startProcess: building log message
05-30 15:25:24.238 I/ActivityManager( 703): Start proc 1491:com.android.providers.media.module/u0a69 for service {com.android.providers.media.module/com.android.providers.media.fuse.ExternalStorageServiceImpl}
05-30 15:25:24.240 W/ActivityManager( 703): Slow operation: 61ms so far, now at startProcess: starting to update pids map
05-30 15:25:24.240 W/ActivityManager( 703): Slow operation: 61ms so far, now at startProcess: done updating pids map
05-30 15:25:24.242 W/BroadcastLoopers( 703): Found previously unknown looper Thread[ActivityManager,5,main]
05-30 15:25:24.243 I/libperfmgr( 488): Hint type not present in actions: DISPLAY_UPDATE_IMMINENT
05-30 15:25:24.243 I/android.hardware.power-service.libperfmgr( 488): Power boost DISPLAY_UPDATE_IMMINENT isBoostSupported: 0
05-30 15:25:24.244 I/ActivityManager( 703): Posting BOOT_COMPLETED user #0
05-30 15:25:24.245 D/SystemServerTimingAsync( 703): ssm.UnlockedUser-0
05-30 15:25:24.245 I/SystemServiceManager( 703): Calling onUnlockedUser 0
05-30 15:25:24.245 D/SystemServerTimingAsync( 703): ssm.onUnlockedUser-0_com.android.server.security.FileIntegrityService
05-30 15:25:24.245 D/SystemServerTimingAsync( 703): ssm.onUnlockedUser-0_com.android.server.pm.Installer
05-30 15:25:24.245 D/SystemServerTimingAsync( 703): ssm.onUnlockedUser-0_com.android.server.os.DeviceIdentifiersPolicyService
05-30 15:25:24.245 D/SystemServerTimingAsync( 703): ssm.onUnlockedUser-0_com.android.server.flags.FeatureFlagsService
05-30 15:25:24.245 D/SystemServerTimingAsync( 703): ssm.onUnlockedUser-0_com.android.server.uri.UriGrantsManagerService$Lifecycle
05-30 15:25:24.245 D/SystemServerTimingAsync( 703): ssm.onUnlockedUser-0_com.android.server.powerstats.PowerStatsService
05-30 15:25:24.245 D/SystemServerTimingAsync( 703): ssm.onUnlockedUser-0_com.android.server.permission.access.AccessCheckingService
05-30 15:25:24.245 D/SystemServerTimingAsync( 703): ssm.onUnlockedUser-0_com.android.server.wm.ActivityTaskManagerService$Lifecycle
05-30 15:25:24.246 I/LaunchParamsPersister( 703): Didn't find launch param folder for user 0
05-30 15:25:24.246 D/SystemServerTimingAsync( 703): ssm.onUnlockedUser-0_com.android.server.am.ActivityManagerService$Lifecycle
05-30 15:25:24.246 D/SystemServerTimingAsync( 703): ssm.onUnlockedUser-0_com.android.server.pm.DataLoaderManagerService
05-30 15:25:24.246 D/SystemServerTimingAsync( 703): ssm.onUnlockedUser-0_com.android.server.power.PowerManagerService
05-30 15:25:24.246 D/SystemServerTimingAsync( 703): ssm.onUnlockedUser-0_com.android.server.power.ThermalManagerService
05-30 15:25:24.246 D/SystemServerTimingAsync( 703): ssm.onUnlockedUser-0_com.android.server.power.hint.HintManagerService
05-30 15:25:24.246 D/SystemServerTimingAsync( 703): ssm.onUnlockedUser-0_com.android.server.recoverysystem.RecoverySystemService$Lifecycle
05-30 15:25:24.246 D/SystemServerTimingAsync( 703): ssm.onUnlockedUser-0_com.android.server.lights.LightsService
05-30 15:25:24.246 D/SystemServerTimingAsync( 703): ssm.onUnlockedUser-0_com.android.server.display.DisplayManagerService
05-30 15:25:24.247 D/SystemServerTimingAsync( 703): ssm.onUnlockedUser-0_com.android.server.pm.verify.domain.DomainVerificationService
05-30 15:25:24.247 D/SystemServerTimingAsync( 703): ssm.onUnlockedUser-0_com.android.server.pm.PackageInstallerService$Lifecycle
05-30 15:25:24.247 D/SystemServerTimingAsync( 703): ssm.onUnlockedUser-0_com.android.server.pm.UserManagerService$LifeCycle
05-30 15:25:24.247 D/SystemServerTimingAsync( 703): ssm.onUnlockedUser-0_com.android.server.om.OverlayManagerService
05-30 15:25:24.247 D/SystemServerTimingAsync( 703): ssm.onUnlockedUser-0_com.android.server.resources.ResourcesManagerService
05-30 15:25:24.247 D/SystemServerTimingAsync( 703): ssm.onUnlockedUser-0_com.android.server.sensorprivacy.SensorPrivacyService
05-30 15:25:24.247 D/SystemServerTimingAsync( 703): ssm.onUnlockedUser-0_com.android.server.sensors.SensorService
05-30 15:25:24.247 D/SystemServerTimingAsync( 703): ssm.onUnlockedUser-0_com.android.server.SystemConfigService
05-30 15:25:24.247 D/SystemServerTimingAsync( 703): ssm.onUnlockedUser-0_com.android.server.BatteryService
05-30 15:25:24.247 D/SystemServerTimingAsync( 703): ssm.onUnlockedUser-0_com.android.server.usage.UsageStatsService
05-30 15:25:24.247 D/SystemServerTimingAsync( 703): ssm.onUnlockedUser-0_com.android.server.webkit.WebViewUpdateService
05-30 15:25:24.247 D/SystemServerTimingAsync( 703): ssm.onUnlockedUser-0_com.android.server.CachedDeviceStateService
05-30 15:25:24.247 D/SystemServerTimingAsync( 703): ssm.onUnlockedUser-0_com.android.server.BinderCallsStatsService$LifeCycle
05-30 15:25:24.247 D/SystemServerTimingAsync( 703): ssm.onUnlockedUser-0_com.android.server.LooperStatsService$Lifecycle
05-30 15:25:24.247 D/SystemServerTimingAsync( 703): ssm.onUnlockedUser-0_com.android.server.rollback.RollbackManagerService
05-30 15:25:24.247 D/SystemServerTimingAsync( 703): ssm.onUnlockedUser-0_com.android.server.os.NativeTombstoneManagerService
05-30 15:25:24.247 D/SystemServerTimingAsync( 703): ssm.onUnlockedUser-0_com.android.server.os.BugreportManagerService
05-30 15:25:24.247 D/SystemServerTimingAsync( 703): ssm.onUnlockedUser-0_com.android.server.gpu.GpuService
05-30 15:25:24.247 D/SystemServerTimingAsync( 703): ssm.onUnlockedUser-0_com.android.server.security.rkp.RemoteProvisioningService
05-30 15:25:24.247 D/SystemServerTimingAsync( 703): ssm.onUnlockedUser-0_com.android.server.security.KeyChainSystemService
05-30 15:25:24.247 D/SystemServerTimingAsync( 703): ssm.onUnlockedUser-0_com.android.server.BinaryTransparencyService
05-30 15:25:24.247 D/SystemServerTimingAsync( 703): ssm.onUnlockedUser-0_com.android.server.accounts.AccountManagerService$Lifecycle
05-30 15:25:24.247 D/SystemServerTimingAsync( 703): ssm.onUnlockedUser-0_com.android.server.content.ContentService$Lifecycle
05-30 15:25:24.247 D/SystemServerTimingAsync( 703): ssm.onUnlockedUser-0_com.android.server.deviceconfig.DeviceConfigInit$Lifecycle
05-30 15:25:24.247 D/SystemServerTimingAsync( 703): ssm.onUnlockedUser-0_com.android.server.DropBoxManagerService
05-30 15:25:24.247 D/SystemServerTimingAsync( 703): ssm.onUnlockedUser-0_com.android.role.RoleService
05-30 15:25:24.247 D/SystemServerTimingAsync( 703): ssm.onUnlockedUser-0_com.android.server.vibrator.VibratorManagerService$Lifecycle
05-30 15:25:24.247 D/SystemServerTimingAsync( 703): ssm.onUnlockedUser-0_com.android.server.tare.InternalResourceService
05-30 15:25:24.247 D/SystemServerTimingAsync( 703): ssm.onUnlockedUser-0_com.android.server.alarm.AlarmManagerService
05-30 15:25:24.247 D/SystemServerTimingAsync( 703): ssm.onUnlockedUser-0_com.android.server.devicestate.DeviceStateManagerService
05-30 15:25:24.247 D/SystemServerTimingAsync( 703): ssm.onUnlockedUser-0_com.android.server.camera.CameraServiceProxy
05-30 15:25:24.247 D/SystemServerTimingAsync( 703): ssm.onUnlockedUser-0_com.android.server.bluetooth.BluetoothService
05-30 15:25:24.247 D/SystemServerTimingAsync( 703): ssm.onUnlockedUser-0_com.android.server.connectivity.IpConnectivityMetrics
05-30 15:25:24.247 D/SystemServerTimingAsync( 703): ssm.onUnlockedUser-0_com.android.server.net.watchlist.NetworkWatchlistService$Lifecycle
05-30 15:25:24.247 D/SystemServerTimingAsync( 703): ssm.onUnlockedUser-0_com.android.server.PinnerService
05-30 15:25:24.247 D/SystemServerTimingAsync( 703): ssm.onUnlockedUser-0_com.android.server.integrity.AppIntegrityManagerService
05-30 15:25:24.247 D/SystemServerTimingAsync( 703): ssm.onUnlockedUser-0_com.android.server.logcat.LogcatManagerService
05-30 15:25:24.247 D/SystemServerTimingAsync( 703): ssm.onUnlockedUser-0_com.android.server.inputmethod.InputMethodManagerService$Lifecycle
05-30 15:25:24.247 D/SystemServerTimingAsync( 703): ssm.onUnlockedUser-0_com.android.server.accessibility.AccessibilityManagerService$Lifecycle
05-30 15:25:24.247 D/SystemServerTimingAsync( 703): ssm.onUnlockedUser-0_com.android.server.StorageManagerService$Lifecycle
05-30 15:25:24.247 D/SystemServerTimingAsync( 703): ssm.onUnlockedUser-0_com.android.server.usage.StorageStatsService$Lifecycle
05-30 15:25:24.247 E/TaskPersister( 703): File error accessing recents directory (directory doesn't exist?).
05-30 15:25:24.249 I/Zygote ( 1491): seccomp disabled by setenforce 0
05-30 15:25:24.249 D/AppWidgetServiceImpl( 703): Unable to load widget provider info from xml for ComponentInfo{com.android.deskclock/com.android.alarmclock.AnalogAppWidgetProvider}
05-30 15:25:24.250 D/AppWidgetServiceImpl( 703): Unable to load widget provider info from xml for ComponentInfo{com.android.deskclock/com.android.alarmclock.DigitalAppWidgetProvider}
05-30 15:25:24.250 D/AppWidgetServiceImpl( 703): Unable to load widget provider info from xml for ComponentInfo{com.android.systemui/com.android.systemui.people.widget.PeopleSpaceWidgetProvider}
05-30 15:25:24.251 I/audio_hw_hal_primary( 480): [audiohal_get_latency:1333] io 13: out:0xf0703260 frames:1024 rate:48000 whole_latency:21 alsa_latency:21
05-30 15:25:24.251 I/AppWidgetServiceImpl( 703): Processing of handleUserUnlocked u0 took 7 ms
05-30 15:25:24.255 D/SystemServerTimingAsync( 703): ssm.onUnlockedUser-0_com.android.server.UiModeManagerService
05-30 15:25:24.255 D/SystemServerTimingAsync( 703): ssm.onUnlockedUser-0_com.android.server.locales.LocaleManagerService
05-30 15:25:24.255 D/SystemServerTimingAsync( 703): ssm.onUnlockedUser-0_com.android.server.grammaticalinflection.GrammaticalInflectionService
05-30 15:25:24.255 D/SystemServerTimingAsync( 703): ssm.onUnlockedUser-0_com.android.server.apphibernation.AppHibernationService
05-30 15:25:24.255 D/SystemServerTimingAsync( 703): ssm.onUnlockedUser-0_com.android.server.locksettings.LockSettingsService$Lifecycle
05-30 15:25:24.255 D/SystemServerTimingAsync( 703): ssm.onUnlockedUser-0_com.android.server.PersistentDataBlockService
05-30 15:25:24.256 D/SystemServerTimingAsync( 703): ssm.onUnlockedUser-0_com.android.server.testharness.TestHarnessModeService
05-30 15:25:24.256 D/SystemServerTimingAsync( 703): ssm.onUnlockedUser-0_com.android.server.oemlock.OemLockService
05-30 15:25:24.256 D/SystemServerTimingAsync( 703): ssm.onUnlockedUser-0_com.android.server.DeviceIdleController
05-30 15:25:24.256 D/SystemServerTimingAsync( 703): ssm.onUnlockedUser-0_com.android.server.devicepolicy.DevicePolicyManagerService$Lifecycle
05-30 15:25:24.256 I/rs.media.module( 1491): Using CollectorTypeCC GC.
05-30 15:25:24.261 D/SystemServerTimingAsync( 703): ssm.onUnlockedUser-0_com.android.server.texttospeech.TextToSpeechManagerService
05-30 15:25:24.261 D/SystemServerTimingAsync( 703): ssm.onUnlockedUser-0_com.android.server.ambientcontext.AmbientContextManagerService
05-30 15:25:24.261 D/SystemServerTimingAsync( 703): ssm.onUnlockedUser-0_com.android.server.wearable.WearableSensingManagerService
05-30 15:25:24.261 D/SystemServerTimingAsync( 703): ssm.onUnlockedUser-0_com.android.server.speech.SpeechRecognitionManagerService
05-30 15:25:24.261 D/SystemServerTimingAsync( 703): ssm.onUnlockedUser-0_com.android.server.searchui.SearchUiManagerService
05-30 15:25:24.261 D/SystemServerTimingAsync( 703): ssm.onUnlockedUser-0_com.android.server.smartspace.SmartspaceManagerService
05-30 15:25:24.261 D/SystemServerTimingAsync( 703): ssm.onUnlockedUser-0_com.android.server.graphics.fonts.FontManagerService$Lifecycle
05-30 15:25:24.261 D/SystemServerTimingAsync( 703): ssm.onUnlockedUser-0_com.android.server.textservices.TextServicesManagerService$Lifecycle
05-30 15:25:24.261 D/SystemServerTimingAsync( 703): ssm.onUnlockedUser-0_com.android.server.textclassifier.TextClassificationManagerService$Lifecycle
05-30 15:25:24.261 D/SystemServerTimingAsync( 703): ssm.onUnlockedUser-0_com.android.server.NetworkScoreService$Lifecycle
05-30 15:25:24.261 D/SystemServerTimingAsync( 703): ssm.onUnlockedUser-0_com.android.server.NetworkStatsServiceInitializer
05-30 15:25:24.261 D/SystemServerTimingAsync( 703): ssm.onUnlockedUser-0_com.android.server.wifi.WifiService
05-30 15:25:24.261 D/SystemServerTimingAsync( 703): ssm.onUnlockedUser-0_com.android.server.wifi.scanner.WifiScanningService
05-30 15:25:24.261 D/SystemServerTimingAsync( 703): ssm.onUnlockedUser-0_com.android.server.wifi.p2p.WifiP2pService
05-30 15:25:24.261 D/SystemServerTimingAsync( 703): ssm.onUnlockedUser-0_com.android.server.ConnectivityServiceInitializer
05-30 15:25:24.261 D/SystemServerTimingAsync( 703): ssm.onUnlockedUser-0_com.android.server.notification.NotificationManagerService
05-30 15:25:24.256 I/rainbow_flow( 597): type=1400 audit(0.0:696): avc: denied { ioctl } for path="/dev/spidev1.0" dev="tmpfs" ino=534 ioctlcmd=0x6b00 scontext=u:r:init:s0 tcontext=u:object_r:device:s0 tclass=chr_file permissive=1
05-30 15:25:24.266 E/rs.media.module( 1491): Not starting debugger since process cannot load the jdwp agent.
05-30 15:25:24.268 I/audio_hw_hal_primary( 480): [audiohal_get_latency:1333] io 13: out:0xf0703260 frames:1024 rate:48000 whole_latency:21 alsa_latency:21
05-30 15:25:24.269 D/SystemServerTimingAsync( 703): ssm.onUnlockedUser-0_com.android.server.storage.DeviceStorageMonitorService
05-30 15:25:24.269 D/SystemServerTimingAsync( 703): ssm.onUnlockedUser-0_com.android.server.timedetector.TimeDetectorService$Lifecycle
05-30 15:25:24.269 D/SystemServerTimingAsync( 703): ssm.onUnlockedUser-0_com.android.server.location.LocationManagerService$Lifecycle
05-30 15:25:24.269 D/SystemServerTimingAsync( 703): ssm.onUnlockedUser-0_com.android.server.timezonedetector.TimeZoneDetectorService$Lifecycle
05-30 15:25:24.269 D/SystemServerTimingAsync( 703): ssm.onUnlockedUser-0_com.android.server.location.altitude.AltitudeService$Lifecycle
05-30 15:25:24.269 D/SystemServerTimingAsync( 703): ssm.onUnlockedUser-0_com.android.server.timezonedetector.location.LocationTimeZoneManagerService$Lifecycle
05-30 15:25:24.269 D/SystemServerTimingAsync( 703): ssm.onUnlockedUser-0_com.android.server.search.SearchManagerService$Lifecycle
05-30 15:25:24.269 D/SystemServerTimingAsync( 703): ssm.onUnlockedUser-0_com.android.server.wallpaper.WallpaperManagerService$Lifecycle
05-30 15:25:24.269 D/SystemServerTimingAsync( 703): ssm.onUnlockedUser-0_com.android.server.wallpapereffectsgeneration.WallpaperEffectsGenerationManagerService
05-30 15:25:24.269 D/SystemServerTimingAsync( 703): ssm.onUnlockedUser-0_com.android.server.audio.AudioService$Lifecycle
05-30 15:25:24.269 D/SystemServerTimingAsync( 703): ssm.onUnlockedUser-0_com.android.server.soundtrigger_middleware.SoundTriggerMiddlewareService$Lifecycle
05-30 15:25:24.269 D/SystemServerTimingAsync( 703): ssm.onUnlockedUser-0_com.android.server.adb.AdbService$Lifecycle
05-30 15:25:24.269 D/SystemServerTimingAsync( 703): ssm.onUnlockedUser-0_com.android.server.usb.UsbService$Lifecycle
05-30 15:25:24.269 I/NotificationHistory( 703): Attempted to unlock gone/disabled user 0
05-30 15:25:24.269 D/CompatibilityChangeReporter( 703): Compat change id reported: 214016041; UID 1000; state: DISABLED
05-30 15:25:24.269 D/SystemServerTimingAsync( 703): ssm.onUnlockedUser-0_com.android.server.twilight.TwilightService
05-30 15:25:24.269 D/SystemServerTimingAsync( 703): ssm.onUnlockedUser-0_com.android.server.display.color.ColorDisplayService
05-30 15:25:24.269 D/SystemServerTimingAsync( 703): ssm.onUnlockedUser-0_com.android.server.job.JobSchedulerService
05-30 15:25:24.269 D/SystemServerTimingAsync( 703): ssm.onUnlockedUser-0_com.android.server.soundtrigger.SoundTriggerService
05-30 15:25:24.269 D/SystemServerTimingAsync( 703): ssm.onUnlockedUser-0_com.android.server.trust.TrustManagerService
05-30 15:25:24.269 D/SystemServerTimingAsync( 703): ssm.onUnlockedUser-0_com.android.server.backup.BackupManagerService$Lifecycle
05-30 15:25:24.269 D/SystemServerTimingAsync( 703): ssm.onUnlockedUser-0_com.android.server.appwidget.AppWidgetService
05-30 15:25:24.269 D/SystemServerTimingAsync( 703): ssm.onUnlockedUser-0_com.android.server.voiceinteraction.VoiceInteractionManagerService
05-30 15:25:24.269 D/SystemServerTimingAsync( 703): ssm.onUnlockedUser-0_com.android.server.GestureLauncherService
05-30 15:25:24.270 D/SystemServerTimingAsync( 703): ssm.onUnlockedUser-0_com.android.server.SensorNotificationService
05-30 15:25:24.270 D/SystemServerTimingAsync( 703): ssm.onUnlockedUser-0_com.android.server.emergency.EmergencyAffordanceService
05-30 15:25:24.270 D/SystemServerTimingAsync( 703): ssm.onUnlockedUser-0_com.android.server.blob.BlobStoreManagerService
05-30 15:25:24.270 D/SystemServerTimingAsync( 703): ssm.onUnlockedUser-0_com.android.server.dreams.DreamManagerService
05-30 15:25:24.270 D/CompatibilityChangeReporter( 703): Compat change id reported: 214016041; UID 1000; state: ENABLED
05-30 15:25:24.270 D/SystemServerTimingAsync( 703): ssm.onUnlockedUser-0_com.android.server.security.AttestationVerificationManagerService
05-30 15:25:24.270 D/SystemServerTimingAsync( 703): ssm.onUnlockedUser-0_com.android.server.restrictions.RestrictionsManagerService
05-30 15:25:24.270 D/SystemServerTimingAsync( 703): ssm.onUnlockedUser-0_com.android.server.media.MediaSessionService
05-30 15:25:24.270 D/SystemServerTimingAsync( 703): ssm.onUnlockedUser-0_com.android.server.hdmi.HdmiControlService
05-30 15:25:24.270 D/SystemServerTimingAsync( 703): ssm.onUnlockedUser-0_com.android.server.tv.interactive.TvInteractiveAppManagerService
05-30 15:25:24.270 D/SystemServerTimingAsync( 703): ssm.onUnlockedUser-0_com.android.server.tv.TvInputManagerService
05-30 15:25:24.270 D/SystemServerTimingAsync( 703): ssm.onUnlockedUser-0_com.android.server.media.MediaResourceMonitorService
05-30 15:25:24.270 D/SystemServerTimingAsync( 703): ssm.onUnlockedUser-0_com.android.server.tv.TvRemoteService
05-30 15:25:24.270 D/SystemServerTimingAsync( 703): ssm.onUnlockedUser-0_com.android.server.biometrics.BiometricService
05-30 15:25:24.270 D/SystemServerTimingAsync( 703): ssm.onUnlockedUser-0_com.android.server.biometrics.AuthService
05-30 15:25:24.270 D/SystemServerTimingAsync( 703): ssm.onUnlockedUser-0_com.android.server.pm.ShortcutService$Lifecycle
05-30 15:25:24.270 D/SystemServerTimingAsync( 703): ssm.onUnlockedUser-0_com.android.server.pm.LauncherAppsService
05-30 15:25:24.270 D/SystemServerTimingAsync( 703): ssm.onUnlockedUser-0_com.android.server.pm.CrossProfileAppsService
05-30 15:25:24.270 D/SystemServerTimingAsync( 703): ssm.onUnlockedUser-0_com.android.server.people.PeopleService
05-30 15:25:24.272 D/Zygote ( 469): Forked child process 1505
05-30 15:25:24.272 I/ImeTracker( 703): com.android.tv.settings:afaed895: onRequestHide at ORIGIN_SERVER_HIDE_INPUT reason HIDE_UNSPECIFIED_WINDOW
05-30 15:25:24.272 I/ImeTracker( 703): com.android.tv.settings:afaed895: onCancelled at PHASE_SERVER_SHOULD_HIDE
05-30 15:25:24.272 I/ActivityManager( 703): Start proc 1505:com.dangbei.lerad.etna.haqu/1000 for added application com.dangbei.lerad.etna.haqu
05-30 15:25:24.277 D/CompatibilityChangeReporter( 703): Compat change id reported: 135634846; UID 10040; state: DISABLED
05-30 15:25:24.279 I/Zygote ( 1505): seccomp disabled by setenforce 0
05-30 15:25:24.283 D/SystemServerTimingAsync( 703): ssm.onUnlockedUser-0_com.android.server.media.metrics.MediaMetricsManagerService
05-30 15:25:24.283 D/SystemServerTimingAsync( 703): ssm.onUnlockedUser-0_com.android.server.pm.BackgroundInstallControlService
05-30 15:25:24.283 D/SystemServerTimingAsync( 703): ssm.onUnlockedUser-0_com.android.server.media.projection.MediaProjectionManagerService
05-30 15:25:24.283 D/SystemServerTimingAsync( 703): ssm.onUnlockedUser-0_com.android.server.slice.SliceManagerService$Lifecycle
05-30 15:25:24.283 D/SystemServerTimingAsync( 703): ssm.onUnlockedUser-0_com.android.server.stats.StatsCompanion$Lifecycle
05-30 15:25:24.284 D/SystemServerTimingAsync( 703): ssm.onUnlockedUser-0_com.android.server.scheduling.RebootReadinessManagerService$Lifecycle
05-30 15:25:24.284 D/SystemServerTimingAsync( 703): ssm.onUnlockedUser-0_com.android.server.stats.pull.StatsPullAtomService
05-30 15:25:24.284 D/SystemServerTimingAsync( 703): ssm.onUnlockedUser-0_com.android.server.stats.bootstrap.StatsBootstrapAtomService$Lifecycle
05-30 15:25:24.284 D/SystemServerTimingAsync( 703): ssm.onUnlockedUser-0_com.android.server.incident.IncidentCompanionService
05-30 15:25:24.284 D/SystemServerTimingAsync( 703): ssm.onUnlockedUser-0_com.android.server.sdksandbox.SdkSandboxManagerService$Lifecycle
05-30 15:25:24.284 D/SystemServerTimingAsync( 703): ssm.onUnlockedUser-0_com.android.server.adservices.AdServicesManagerService$Lifecycle
05-30 15:25:24.284 D/SystemServerTimingAsync( 703): ssm.onUnlockedUser-0_com.android.server.ondevicepersonalization.OnDevicePersonalizationSystemService$Lifecycle
05-30 15:25:24.284 D/SystemServerTimingAsync( 703): ssm.onUnlockedUser-0_com.android.server.autofill.AutofillManagerService
05-30 15:25:24.284 D/SystemServerTimingAsync( 703): ssm.onUnlockedUser-0_com.android.server.clipboard.ClipboardService
05-30 15:25:24.285 D/SystemServerTimingAsync( 703): ssm.onUnlockedUser-0_com.android.server.appbinding.AppBindingService$Lifecycle
05-30 15:25:24.285 D/SystemServerTimingAsync( 703): ssm.onUnlockedUser-0_com.android.server.tracing.TracingServiceProxy
05-30 15:25:24.285 D/SystemServerTimingAsync( 703): ssm.onUnlockedUser-0_com.android.server.policy.PermissionPolicyService
05-30 15:25:24.285 D/SystemServerTimingAsync( 703): ssm.onUnlockedUser-0_com.android.server.pm.StagingManager$Lifecycle
05-30 15:25:24.285 D/SystemServerTimingAsync( 703): ssm.onUnlockedUser-0_com.android.server.app.GameManagerService$Lifecycle
05-30 15:25:24.285 D/SystemServerTimingAsync( 703): ssm.onUnlockedUser-0_com.android.safetycenter.SafetyCenterService
05-30 15:25:24.285 D/SystemServerTimingAsync( 703): ssm.onUnlockedUser-0_com.android.server.appsearch.AppSearchModule$Lifecycle
05-30 15:25:24.285 D/SystemServerTimingAsync( 703): ssm.onUnlockedUser-0_com.android.server.media.MediaCommunicationService
05-30 15:25:24.285 D/SystemServerTimingAsync( 703): ssm.onUnlockedUser-0_com.android.server.compat.overrides.AppCompatOverridesService$Lifecycle
05-30 15:25:24.285 D/SystemServerTimingAsync( 703): ssm.onUnlockedUser-0_com.android.server.healthconnect.HealthConnectManagerService
05-30 15:25:24.285 D/HealthConnectManagerService( 703): switchToSetupForUser: UserHandle{0}
05-30 15:25:24.285 D/HealthConnectBackupRestore( 703): Performing user switch operations.
05-30 15:25:24.285 I/lerad.etna.haqu( 1505): Using CollectorTypeCC GC.
05-30 15:25:24.287 D/SystemServerTimingAsync( 703): ssm.onUnlockedUser-0_com.android.server.devicelock.DeviceLockService
05-30 15:25:24.288 D/CompatibilityChangeReporter( 703): Compat change id reported: 143937733; UID 10040; state: DISABLED
05-30 15:25:24.289 I/audio_hw_hal_primary( 480): [audiohal_get_latency:1333] io 13: out:0xf0703260 frames:1280 rate:48000 whole_latency:26 alsa_latency:26
05-30 15:25:24.294 E/lerad.etna.haqu( 1505): Not starting debugger since process cannot load the jdwp agent.
05-30 15:25:24.299 I/SELinux ( 703): SELinux: Loaded file context from:
05-30 15:25:24.299 I/SELinux ( 703): /system/etc/selinux/plat_file_contexts
05-30 15:25:24.299 I/SELinux ( 703): /system_ext/etc/selinux/system_ext_file_contexts
05-30 15:25:24.299 I/SELinux ( 703): /product/etc/selinux/product_file_contexts
05-30 15:25:24.299 I/SELinux ( 703): /vendor/etc/selinux/vendor_file_contexts
05-30 15:25:24.307 V/NotificationAssistants( 703): disabling notification assistant for user 0: ComponentInfo{android.ext.services/android.ext.services.notification.Assistant}
05-30 15:25:24.307 D/NotificationListeners( 703): Removing active service ComponentInfo{android.ext.services/android.ext.services.notification.Assistant}
05-30 15:25:24.308 I/audio_hw_hal_primary( 480): [audiohal_get_latency:1333] io 13: out:0xf0703260 frames:1152 rate:48000 whole_latency:24 alsa_latency:24
05-30 15:25:24.313 D/GattService( 1139): Unlocked userId 0
05-30 15:25:24.314 D/A2dpService( 1139): Unlocked userId 0
05-30 15:25:24.316 D/AvrcpTargetService( 1139): Unlocked userId 0
05-30 15:25:24.316 I/AvrcpTargetService( 1139): User unlocked, initializing the service
05-30 15:25:24.316 V/MediaPlayerList( 1139): Initializing MediaPlayerList
05-30 15:25:24.317 I/BrowsedPlayerWrapper( 1139): Wrapping Media Browser com.android.bluetooth
05-30 15:25:24.317 I/BrowsedPlayerWrapper( 1139): Wrapping Media Browser com.android.music
05-30 15:25:24.317 D/HeadsetService( 1139): Unlocked userId 0
05-30 15:25:24.317 D/HearingAidService( 1139): Unlocked userId 0
05-30 15:25:24.324 D/FallbackHome( 1349): User unlocked and real home found; let's go!
05-30 15:25:24.324 I/FastBootComplete( 1156): action:android.intent.action.BOOT_COMPLETED
05-30 15:25:24.326 W/ContextImpl( 1156): Calling a method in the system process without a qualified user: android.app.ContextImpl.startService:1899 android.content.ContextWrapper.startService:825 android.content.ContextWrapper.startService:825 com.droidlogic.btpair.FastBootComplete.onReceive:20 android.app.ActivityThread.handleReceiver:4494
05-30 15:25:24.330 I/audio_hw_hal_primary( 480): [audiohal_get_latency:1333] io 13: out:0xf0703260 frames:1152 rate:48000 whole_latency:24 alsa_latency:24
05-30 15:25:24.331 V/WindowManagerShell( 984): Transition requested: android.os.BinderProxy@79f8b24 TransitionRequestInfo { type = 2, triggerTask = TaskInfo{userId=0 taskId=3 displayId=0 isRunning=false baseIntent=Intent { act=android.intent.action.MAIN cat=[android.intent.category.HOME] flg=0x10800100 cmp=com.android.tv.settings/.system.FallbackHome } baseActivity=null topActivity=null origActivity=null realActivity=ComponentInfo{com.android.tv.settings/com.android.tv.settings.system.FallbackHome} numActivities=0 lastActiveTime=21369 supportsMultiWindow=true resizeMode=0 isResizeable=false minWidth=-1 minHeight=-1 defaultMinSize=220 token=WCT{android.window.IWindowContainerToken$Stub$Proxy@d2b668d} topActivityType=2 pictureInPictureParams=null shouldDockBigOverlays=false launchIntoPipHostTaskId=-1 lastParentTaskIdBeforePip=-1 displayCutoutSafeInsets=null topActivityInfo=null launchCookies=[] positionInParent=Point(0, 0) parentTaskId=-1 isFocused=true isVisible=true isVisibleRequested=true isSleeping=false topActivityInSizeCompat=false topActivityEligibleForLetterboxEducation= false isLetterboxDoubleTapEnabled= false topActivityEligibleForUserAspectRatioButton= false topActivityBoundsLetterboxed= false isFromLetterboxDoubleTap= false topActivityLetterboxVerticalPosition= -1 topActivityLetterboxHorizontalPosition= -1 topActivityLetterboxWidth=-1 topActivityLetterboxHeight=-1 isUserFullscreenOverrideEnabled=false isTopActivityTransparent=false locusId=null displayAreaFeatureId=1 cameraCompatControlState=hidden}, remoteTransition = null, displayChange = null, flags = 0 }
05-30 15:25:24.336 E/BackupPasswordManager( 703): Unable to read backup pw version
05-30 15:25:24.337 E/BackupPasswordManager( 703): Unable to read saved backup pw hash
05-30 15:25:24.340 D/CompatibilityChangeReporter( 703): Compat change id reported: 265464455; UID 1000; state: DISABLED
05-30 15:25:24.340 D/CompatibilityChangeReporter( 703): Compat change id reported: 265452344; UID 1000; state: DISABLED
05-30 15:25:24.340 D/CompatibilityChangeReporter( 703): Compat change id reported: 266124927; UID 1000; state: DISABLED
05-30 15:25:24.341 D/CompatibilityChangeReporter( 703): Compat change id reported: 265451093; UID 1000; state: DISABLED
05-30 15:25:24.342 D/CompatibilityChangeReporter( 703): Compat change id reported: 265456536; UID 1000; state: DISABLED
05-30 15:25:24.342 D/CompatibilityChangeReporter( 703): Compat change id reported: 255940284; UID 1000; state: DISABLED
05-30 15:25:24.343 D/CompatibilityChangeReporter( 703): Compat change id reported: 236283604; UID 1000; state: DISABLED
05-30 15:25:24.344 D/CompatibilityChangeReporter( 703): Compat change id reported: 263959004; UID 1000; state: DISABLED
05-30 15:25:24.344 D/CompatibilityChangeReporter( 703): Compat change id reported: 264304459; UID 1000; state: DISABLED
05-30 15:25:24.344 D/CompatibilityChangeReporter( 703): Compat change id reported: 264301586; UID 1000; state: DISABLED
05-30 15:25:24.345 D/CompatibilityChangeReporter( 703): Compat change id reported: 254631730; UID 1000; state: DISABLED
05-30 15:25:24.345 D/CompatibilityChangeReporter( 703): Compat change id reported: 273509367; UID 1000; state: DISABLED
05-30 15:25:24.346 D/CompatibilityChangeReporter( 703): Compat change id reported: 263259275; UID 1000; state: DISABLED
05-30 15:25:24.347 D/CompatibilityChangeReporter( 703): Compat change id reported: 174042980; UID 1000; state: DISABLED
05-30 15:25:24.347 D/Zygote ( 469): Forked child process 1523
05-30 15:25:24.347 D/CompatibilityChangeReporter( 703): Compat change id reported: 174042936; UID 1000; state: DISABLED
05-30 15:25:24.347 W/ActivityManager( 703): Slow operation: 72ms so far, now at startProcess: returned from zygote!
05-30 15:25:24.348 D/CompatibilityChangeReporter( 703): Compat change id reported: 181136395; UID 1000; state: DISABLED
05-30 15:25:24.348 I/audio_hw_hal_primary( 480): [audiohal_get_latency:1333] io 13: out:0xf0703260 frames:1280 rate:48000 whole_latency:26 alsa_latency:26
05-30 15:25:24.349 D/audioserver( 541): logFgsApiEnd: FGS Logger Transaction failed, -129
05-30 15:25:24.354 I/Zygote ( 1523): seccomp disabled by setenforce 0
05-30 15:25:24.362 I/method.sogou.tv( 1523): Using CollectorTypeCC GC.
05-30 15:25:24.363 D/CompatibilityChangeReporter( 703): Compat change id reported: 194480991; UID 1000; state: ENABLED
05-30 15:25:24.367 I/UsageStatsService( 703): User[0] Rollover scheduled @ 2025-05-31 13:46:25(1748670385289)
05-30 15:25:24.367 E/CellBroadcastUtils( 703): getDefaultCellBroadcastReceiverPackageName: no package found
05-30 15:25:24.371 E/method.sogou.tv( 1523): Not starting debugger since process cannot load the jdwp agent.
05-30 15:25:24.372 D/CompatibilityChangeReporter( 703): Compat change id reported: 197654537; UID 1000; state: DISABLED
05-30 15:25:24.373 D/audioserver( 541): logFgsApiEnd: FGS Logger Transaction failed, -129
05-30 15:25:24.378 I/ActivityTaskManager( 703): START u0 {act=android.intent.action.MAIN cat=[android.intent.category.HOME] flg=0x10000100 cmp=com.dangbei.leard.leradlauncher/com.dangbei.launcher.home.LauncherActivity (has extras)} with LAUNCH_SINGLE_TASK from uid 0 (BAL_ALLOW_ALLOWLISTED_UID) result code=0
05-30 15:25:24.381 I/UsageStatsService( 703): User[0] Flushing usage stats to disk
05-30 15:25:24.385 I/HealthConnectBackupRestore( 703): Attempt to schedule download timeout job with state: 0
05-30 15:25:24.385 D/CompatibilityChangeReporter( 703): Compat change id reported: 168419799; UID 10069; state: DISABLED
05-30 15:25:24.385 I/HealthConnectBackupRestore( 703): Attempt to schedule staging timeout job with state: 0
05-30 15:25:24.385 I/HealthConnectBackupRestore( 703): Attempt to schedule merging timeout job with state: 0
05-30 15:25:24.385 D/CompatibilityChangeReporter( 703): Compat change id reported: 273564678; UID 10069; state: DISABLED
05-30 15:25:24.393 D/CompatibilityChangeReporter( 1491): Compat change id reported: 171979766; UID 10069; state: ENABLED
05-30 15:25:24.393 D/CompatibilityChangeReporter( 1491): Compat change id reported: 242716250; UID 10069; state: ENABLED
05-30 15:25:24.393 V/NotificationAssistants( 703): enabling notification assistant for 0: ComponentInfo{android.ext.services/android.ext.services.notification.Assistant}
05-30 15:25:24.394 V/NotificationAssistants( 703): binding: Intent { act=android.service.notification.NotificationAssistantService cmp=android.ext.services/.notification.Assistant (has extras) }
05-30 15:25:24.394 D/CompatibilityChangeReporter( 703): Compat change id reported: 168419799; UID 1000; state: DISABLED
05-30 15:25:24.395 I/BpBinder( 263): onLastStrongRef automatically unlinking death recipients:
05-30 15:25:24.398 D/CompatibilityChangeReporter( 703): Compat change id reported: 273564678; UID 1000; state: DISABLED
05-30 15:25:24.360 I/rainbow_flow( 597): type=1400 audit(0.0:697): avc: denied { ioctl } for path="/dev/spidev1.0" dev="tmpfs" ino=534 ioctlcmd=0x6b00 scontext=u:r:init:s0 tcontext=u:object_r:device:s0 tclass=chr_file permissive=1
05-30 15:25:24.401 D/CompatibilityChangeReporter( 703): Compat change id reported: 161145287; UID 1000; state: DISABLED
05-30 15:25:24.401 D/CompatibilityChangeReporter( 703): Compat change id reported: 161145287; UID 1000; state: ENABLED
05-30 15:25:24.402 D/CompatibilityChangeReporter( 703): Compat change id reported: 170503758; UID 10069; state: ENABLED
05-30 15:25:24.404 D/CompatibilityChangeReporter( 703): Compat change id reported: 261072174; UID 1002; state: ENABLED
05-30 15:25:24.407 W/ActivityManager( 703): Slow operation: 131ms so far, now at startProcess: done updating battery stats
05-30 15:25:24.407 W/ActivityManager( 703): Slow operation: 131ms so far, now at startProcess: building log message
05-30 15:25:24.407 I/ActivityManager( 703): Start proc 1523:com.sohu.inputmethod.sogou.tv/u0a40 for service {com.sohu.inputmethod.sogou.tv/com.sohu.inputmethod.sogou.tv.SogouIME}
05-30 15:25:24.407 W/ActivityManager( 703): Slow operation: 131ms so far, now at startProcess: starting to update pids map
05-30 15:25:24.407 W/ActivityManager( 703): Slow operation: 131ms so far, now at startProcess: done updating pids map
05-30 15:25:24.408 I/ActivityManager( 703): com.dangbei.leard.leradlauncher is exempt from freezer
05-30 15:25:24.408 W/ContextImpl( 1156): Calling a method in the system process without a qualified user: android.app.ContextImpl.startService:1899 android.content.ContextWrapper.startService:825 android.content.ContextWrapper.startService:825 com.droidlogic.btpair.FastBootComplete.onReceive:23 android.app.ActivityThread.handleReceiver:4494
05-30 15:25:24.409 D/CompatibilityChangeReporter( 703): Compat change id reported: 135634846; UID 1000; state: DISABLED
05-30 15:25:24.410 D/CompatibilityChangeReporter( 703): Compat change id reported: 161252188; UID 10049; state: DISABLED
05-30 15:25:24.413 D/CompatibilityChangeReporter( 703): Compat change id reported: 135634846; UID 10049; state: DISABLED
05-30 15:25:24.413 D/CompatibilityChangeReporter( 703): Compat change id reported: 177438394; UID 10049; state: DISABLED
05-30 15:25:24.413 D/CompatibilityChangeReporter( 703): Compat change id reported: 135772972; UID 10049; state: DISABLED
05-30 15:25:24.413 D/CompatibilityChangeReporter( 703): Compat change id reported: 135754954; UID 10049; state: ENABLED
05-30 15:25:24.415 D/HidHostService( 1139): Unlocked userId 0
05-30 15:25:24.415 D/BluetoothOppService( 1139): Unlocked userId 0
05-30 15:25:24.415 D/PanService( 1139): Unlocked userId 0
05-30 15:25:24.418 W/MediaSessionCompat( 1139): Couldn't find a unique registered media button receiver in the given context.
05-30 15:25:24.421 I/MediaSessionStack( 703): addSession to bottom of stack | record: com.android.bluetooth/BluetoothMediaBrowserService (userId=0)
05-30 15:25:24.424 D/CompatibilityChangeReporter( 703): Compat change id reported: 168419799; UID 10040; state: DISABLED
05-30 15:25:24.424 D/CompatibilityChangeReporter( 703): Compat change id reported: 273564678; UID 10040; state: DISABLED
05-30 15:25:24.425 D/BLE_Service( 1156): Service onCreate
05-30 15:25:24.427 D/CompatibilityChangeReporter( 703): Compat change id reported: 265195908; UID 10069; state: ENABLED
05-30 15:25:24.429 D/CompatibilityChangeReporter( 1523): Compat change id reported: 171979766; UID 10040; state: DISABLED
05-30 15:25:24.429 D/CompatibilityChangeReporter( 1523): Compat change id reported: 242716250; UID 10040; state: DISABLED
05-30 15:25:24.429 W/Looper ( 703): Slow dispatch took 123ms main h=android.app.ActivityThread$H c=android.app.LoadedApk$ReceiverDispatcher$Args$$ExternalSyntheticLambda0@4509ab4 m=0
05-30 15:25:24.431 D/CompatibilityChangeReporter( 703): Compat change id reported: 265195908; UID 10040; state: ENABLED
05-30 15:25:24.438 I/ActivityManager( 703): com.oranth.ledstatus is exempt from freezer
05-30 15:25:24.444 D/CompatibilityChangeReporter( 703): Compat change id reported: 170503758; UID 10040; state: DISABLED
05-30 15:25:24.447 W/AudioVideoDevReconnectService( 1156): oncreate
05-30 15:25:24.447 I/system_server( 703): Background young concurrent copying GC freed 189083(9070KB) AllocSpace objects, 19(748KB) LOS objects, 29% free, 14MB/21MB, paused 384us,629us total 280.375ms
05-30 15:25:24.447 D/ApplicationLoaders( 1523): Returning zygote-cached class loader: /system/framework/android.test.base.jar
05-30 15:25:24.447 D/ApplicationLoaders( 1523): Returning zygote-cached class loader: /system/framework/android.hidl.manager-V1.0-java.jar
05-30 15:25:24.447 D/ApplicationLoaders( 1523): Returning zygote-cached class loader: /system/framework/android.hidl.base-V1.0-java.jar
05-30 15:25:24.450 D/SystemServerTiming( 703): getUserSwitchability-0
05-30 15:25:24.450 D/SystemServerTiming( 703): TM.isInCall
05-30 15:25:24.451 D/SystemServerTiming( 703): hasUserRestriction-DISALLOW_USER_SWITCH
05-30 15:25:24.451 D/SystemServerTiming( 703): getInt-ALLOW_USER_SWITCHING_WHEN_SYSTEM_USER_LOCKED
05-30 15:25:24.451 D/SystemServerTiming( 703): isUserUnlocked-USER_SYSTEM
05-30 15:25:24.453 I/AccountManagerService( 703): User 0 is unlocked - opening CE database
05-30 15:25:24.453 D/LocalBluetoothProfileManager( 1156): LocalBluetoothProfileManager construction complete
05-30 15:25:24.454 D/Zygote ( 469): Forked child process 1540
05-30 15:25:24.454 D/SystemServerTiming( 703): getUserSwitchability-0
05-30 15:25:24.454 D/SystemServerTiming( 703): TM.isInCall
05-30 15:25:24.455 I/ActivityManager( 703): Start proc 1540:com.dangbei.leard.leradlauncher/1000 for top-activity {com.dangbei.leard.leradlauncher/com.dangbei.launcher.home.LauncherActivity}
05-30 15:25:24.456 D/CompatibilityChangeReporter( 703): Compat change id reported: 143937733; UID 10049; state: ENABLED
05-30 15:25:24.456 D/CompatibilityChangeReporter( 1505): Compat change id reported: 171979766; UID 1000; state: DISABLED
05-30 15:25:24.457 D/CompatibilityChangeReporter( 1505): Compat change id reported: 242716250; UID 1000; state: DISABLED
05-30 15:25:24.460 D/LocalBluetoothProfileManager( 1156): Adding local A2DP profile
05-30 15:25:24.460 I/BrowsedPlayerWrapper( 1139): onConnected: com.android.bluetooth is connected
05-30 15:25:24.460 D/AvrcpBrowsablePlayerConnector( 1139): Browse player callback called: package=com.android.bluetooth : status=0
05-30 15:25:24.460 D/AvrcpBrowsablePlayerConnector( 1139): Received a message: msg.what=1
05-30 15:25:24.460 I/AvrcpBrowsablePlayerConnector( 1139): Checking root contents for com.android.bluetooth
05-30 15:25:24.463 D/SystemServerTiming( 703): hasUserRestriction-DISALLOW_USER_SWITCH
05-30 15:25:24.463 D/SystemServerTiming( 703): getInt-ALLOW_USER_SWITCHING_WHEN_SYSTEM_USER_LOCKED
05-30 15:25:24.463 D/SystemServerTiming( 703): isUserUnlocked-USER_SYSTEM
05-30 15:25:24.466 I/Zygote ( 1540): seccomp disabled by setenforce 0
05-30 15:25:24.468 W/MediaSessionCompat( 1139): Couldn't find a unique registered media button receiver in the given context.
05-30 15:25:24.469 I/MediaSessionStack( 703): addSession to bottom of stack | record: com.android.bluetooth/BluetoothMediaBrowserService (userId=0)
05-30 15:25:24.473 I/d.leradlauncher( 1540): Using CollectorTypeCC GC.
05-30 15:25:24.478 I/BrowsedPlayerWrapper( 1139): onConnected: com.android.bluetooth is connected
05-30 15:25:24.478 I/BrowsedPlayerWrapper( 1139): getFolderItems: Connected to browsable player: com.android.bluetooth
05-30 15:25:24.479 D/SystemServerTiming( 703): getUserSwitchability-0
05-30 15:25:24.479 D/SystemServerTiming( 703): TM.isInCall
05-30 15:25:24.480 D/WindowManagerShell( 984): TvPipController: onTaskStackChanged()
05-30 15:25:24.481 E/d.leradlauncher( 1540): Not starting debugger since process cannot load the jdwp agent.
05-30 15:25:24.483 D/ApplicationLoaders( 1505): Returning zygote-cached class loader: /system/framework/android.test.base.jar
05-30 15:25:24.483 D/ApplicationLoaders( 1505): Returning zygote-cached class loader: /system/framework/android.hidl.manager-V1.0-java.jar
05-30 15:25:24.483 D/ApplicationLoaders( 1505): Returning zygote-cached class loader: /system/framework/android.hidl.base-V1.0-java.jar
05-30 15:25:24.487 D/SystemServerTiming( 703): hasUserRestriction-DISALLOW_USER_SWITCH
05-30 15:25:24.487 D/SystemServerTiming( 703): getInt-ALLOW_USER_SWITCHING_WHEN_SYSTEM_USER_LOCKED
05-30 15:25:24.487 D/SystemServerTiming( 703): isUserUnlocked-USER_SYSTEM
05-30 15:25:24.490 D/CompatibilityChangeReporter( 703): Compat change id reported: 161252188; UID 1000; state: DISABLED
05-30 15:25:24.492 D/SystemServerTiming( 703): getUserSwitchability-0
05-30 15:25:24.492 D/SystemServerTiming( 703): TM.isInCall
05-30 15:25:24.492 I/ActivityManager( 703): com.android.keychain is exempt from freezer
05-30 15:25:24.493 D/SystemServerTiming( 703): hasUserRestriction-DISALLOW_USER_SWITCH
05-30 15:25:24.493 D/SystemServerTiming( 703): getInt-ALLOW_USER_SWITCHING_WHEN_SYSTEM_USER_LOCKED
05-30 15:25:24.493 D/SystemServerTiming( 703): isUserUnlocked-USER_SYSTEM
05-30 15:25:24.494 D/nativeloader( 1491): Configuring clns-shared-4 for other apk /apex/com.android.mediaprovider/priv-app/MediaProvider@UD2A.240505.001.W1/MediaProvider.apk. target_sdk_version=34, uses_libraries=, library_path=/apex/com.android.mediaprovider/priv-app/MediaProvider@UD2A.240505.001.W1/lib/arm:/apex/com.android.mediaprovider/priv-app/MediaProvider@UD2A.240505.001.W1/MediaProvider.apk!/lib/armeabi-v7a:/system/lib:/system_ext/lib, permitted_path=/data:/mnt/expand:/data/user/0/com.android.providers.media.module:/apex/com.android.mediaprovider/priv-app/MediaProvider@UD2A.240505.001.W1:/system/lib:/system_ext/lib
05-30 15:25:24.494 D/BluetoothA2dp( 1156): Binding service...
05-30 15:25:24.495 I/SyncManager( 703): Loaded persisted syncs: 0 periodic syncs, 0 oneshot syncs, 0 total system server jobs, JobStats: FirstLoad: 5/3/0 LastSave: -1/-1/-1
05-30 15:25:24.496 D/LocalBluetoothProfileManager( 1156): Adding local HEADSET profile
05-30 15:25:24.496 D/nativeloader( 1491): InitApexLibraries:
05-30 15:25:24.496 D/nativeloader( 1491): com_android_adservices: libhpke_jni.so:libtflite_support_classifiers_native.so
05-30 15:25:24.496 D/nativeloader( 1491): com_android_appsearch: libicing.so
05-30 15:25:24.496 D/nativeloader( 1491): com_android_art: libartservice.so
05-30 15:25:24.496 D/nativeloader( 1491): com_android_btservices: libbluetooth_jni.so
05-30 15:25:24.496 D/nativeloader( 1491): com_android_conscrypt: libjavacrypto.so
05-30 15:25:24.496 D/nativeloader( 1491): com_android_extservices: libhpke_jni.so:libtflite_support_classifiers_native.so
05-30 15:25:24.496 D/nativeloader( 1491): com_android_os_statsd: libstats_jni.so
05-30 15:25:24.496 D/nativeloader( 1491): com_android_tethering: libandroid_net_connectivity_com_android_net_module_util_jni.so:libcronet.114.0.5735.84.so:libframework-connectivity-jni.so:libframework-connectivity-tiramisu-jni.so:libservice-connectivity.so
05-30 15:25:24.496 D/nativeloader( 1491): com_android_uwb: libuwb_uci_jni_rust.so
05-30 15:25:24.496 D/nativeloader( 1491): com_android_virt: libvirtualizationservice_jni.so:libvirtualmachine_jni.so
05-30 15:25:24.498 D/BluetoothHeadset( 1156): Binding service...
05-30 15:25:24.499 D/SystemServerTiming( 703): getUserSwitchability-0
05-30 15:25:24.499 D/SystemServerTiming( 703): TM.isInCall
05-30 15:25:24.499 D/SystemServerTiming( 703): hasUserRestriction-DISALLOW_USER_SWITCH
05-30 15:25:24.499 D/SystemServerTiming( 703): getInt-ALLOW_USER_SWITCHING_WHEN_SYSTEM_USER_LOCKED
05-30 15:25:24.499 D/SystemServerTiming( 703): isUserUnlocked-USER_SYSTEM
05-30 15:25:24.501 D/LocalBluetoothProfileManager( 1156): Adding local OPP profile
05-30 15:25:24.503 D/LocalBluetoothProfileManager( 1156): Adding local Hearing Aid profile
05-30 15:25:24.504 V/BackupManagerService( 703): [UserID:0] No ancestral data
05-30 15:25:24.506 D/BluetoothHearingAid( 1156): Binding service...
05-30 15:25:24.506 D/nativeloader( 1523): Configuring clns-shared-4 for other apk /system/app/com.sohu.inputmethod.sogou.tv/com.sohu.inputmethod.sogou.tv.apk. target_sdk_version=28, uses_libraries=, library_path=/system/app/com.sohu.inputmethod.sogou.tv/lib/arm:/system/app/com.sohu.inputmethod.sogou.tv/com.sohu.inputmethod.sogou.tv.apk!/lib/armeabi-v7a:/system/lib:/system_ext/lib, permitted_path=/data:/mnt/expand:/data/user_de/0/com.sohu.inputmethod.sogou.tv:/system/app/com.sohu.inputmethod.sogou.tv:/system/lib:/system_ext/lib
05-30 15:25:24.507 D/LocalBluetoothProfileManager( 1156): Adding local HID_HOST profile
05-30 15:25:24.507 D/CompatibilityChangeReporter( 703): Compat change id reported: 168419799; UID 1000; state: DISABLED
05-30 15:25:24.508 D/CompatibilityChangeReporter( 703): Compat change id reported: 273564678; UID 1000; state: DISABLED
05-30 15:25:24.508 D/BluetoothHidHost( 1156): Binding service...
05-30 15:25:24.510 V/NotificationAssistants( 703): 0 notification assistant service connected: ComponentInfo{android.ext.services/android.ext.services.notification.Assistant}
05-30 15:25:24.513 D/CompatibilityChangeReporter( 1540): Compat change id reported: 171979766; UID 1000; state: DISABLED
05-30 15:25:24.513 D/CompatibilityChangeReporter( 1540): Compat change id reported: 242716250; UID 1000; state: DISABLED
05-30 15:25:24.520 D/ApplicationLoaders( 1540): Returning zygote-cached class loader: /system/framework/android.test.base.jar
05-30 15:25:24.520 D/ApplicationLoaders( 1540): Returning zygote-cached class loader: /system/framework/android.hidl.manager-V1.0-java.jar
05-30 15:25:24.520 D/ApplicationLoaders( 1540): Returning zygote-cached class loader: /system/framework/android.hidl.base-V1.0-java.jar
05-30 15:25:24.522 D/SystemServerTiming( 703): getUserSwitchability-0
05-30 15:25:24.522 D/SystemServerTiming( 703): TM.isInCall
05-30 15:25:24.524 D/SystemServerTiming( 703): hasUserRestriction-DISALLOW_USER_SWITCH
05-30 15:25:24.525 D/SystemServerTiming( 703): getInt-ALLOW_USER_SWITCHING_WHEN_SYSTEM_USER_LOCKED
05-30 15:25:24.525 D/SystemServerTiming( 703): isUserUnlocked-USER_SYSTEM
05-30 15:25:24.526 D/SystemServerTiming( 703): getUserSwitchability-0
05-30 15:25:24.526 D/SystemServerTiming( 703): TM.isInCall
05-30 15:25:24.527 D/SystemServerTiming( 703): hasUserRestriction-DISALLOW_USER_SWITCH
05-30 15:25:24.527 D/SystemServerTiming( 703): getInt-ALLOW_USER_SWITCHING_WHEN_SYSTEM_USER_LOCKED
05-30 15:25:24.527 D/SystemServerTiming( 703): isUserUnlocked-USER_SYSTEM
05-30 15:25:24.528 V/MediaPlayerList( 1139): onActiveSessionsChanged: number of controllers: 0
05-30 15:25:24.528 D/AvrcpTargetJni( 1139): sendPlayerSettingsNative
05-30 15:25:24.528 I/bt_stack( 1139): [INFO:avrcp_service.cc(551)] virtual void bluetooth::avrcp::AvrcpService::SendPlayerSettingsChanged(std::vector, std::vector)
05-30 15:25:24.528 I/bt_stack( 1139): [INFO:avrcp_service.cc(565)] attribute=PlayerAttribute::REPEAT : value=PlayerRepeatValue::OFF
05-30 15:25:24.528 I/bt_stack( 1139): attribute=PlayerAttribute::SHUFFLE : value=PlayerShuffleValue::OFF
05-30 15:25:24.528 I/bt_stack( 1139):
05-30 15:25:24.529 D/SystemServerTiming( 703): getUserSwitchability-0
05-30 15:25:24.529 D/SystemServerTiming( 703): TM.isInCall
05-30 15:25:24.529 D/LocalBluetoothProfileManager( 1156): Adding local PAN profile
05-30 15:25:24.531 D/SystemServerTiming( 703): hasUserRestriction-DISALLOW_USER_SWITCH
05-30 15:25:24.531 D/SystemServerTiming( 703): getInt-ALLOW_USER_SWITCHING_WHEN_SYSTEM_USER_LOCKED
05-30 15:25:24.531 D/SystemServerTiming( 703): isUserUnlocked-USER_SYSTEM
05-30 15:25:24.532 V/BackupManagerConstants( 703): getKeyValueBackupIntervalMilliseconds(...) returns 14400000
05-30 15:25:24.532 D/BluetoothPan( 1156): Binding service...
05-30 15:25:24.533 V/BackupManagerConstants( 703): getKeyValueBackupFuzzMilliseconds(...) returns 600000
05-30 15:25:24.533 V/BackupManagerConstants( 703): getKeyValueBackupRequiredNetworkType(...) returns 1
05-30 15:25:24.533 V/BackupManagerConstants( 703): getKeyValueBackupRequireCharging(...) returns true
05-30 15:25:24.533 V/KeyValueBackupJob( 703): Scheduling k/v pass in 244 minutes
05-30 15:25:24.536 D/CompatibilityChangeReporter( 703): Compat change id reported: 271850009; UID 1000; state: DISABLED
