05-30 15:27:52.404 I/DefaultIMS( 1523): onKeyUp: keyoCode=23
05-30 15:27:52.405 E/SecondScreen( 1540): FirstScreenLayoutView dispatchKeyEvent 23
05-30 15:27:52.411 E/CellBroadcastUtils( 703): getDefaultCellBroadcastReceiverPackageName: no package found
05-30 15:27:52.423 I/ActivityTaskManager( 703): START u0 {dat=haqu://setting:8080/... flg=0x10000000 pkg=com.dangbei.haqusetting cmp=com.dangbei.haqusetting/.ui.HomeActivity} with LAUNCH_MULTIPLE from uid 1000 (BAL_ALLOW_ALLOWLISTED_UID) result code=0
05-30 15:27:52.424 V/WindowManagerShell( 984): Transition requested: android.os.BinderProxy@b701dc4 TransitionRequestInfo { type = 1, triggerTask = TaskInfo{userId=0 taskId=47 displayId=0 isRunning=true baseIntent=Intent { dat=haqu://setting:8080/... flg=0x10000000 pkg=com.dangbei.haqusetting cmp=com.dangbei.haqusetting/.ui.HomeActivity } baseActivity=ComponentInfo{com.dangbei.haqusetting/com.dangbei.haqusetting.ui.HomeActivity} topActivity=ComponentInfo{com.dangbei.haqusetting/com.dangbei.haqusetting.ui.HomeActivity} origActivity=null realActivity=ComponentInfo{com.dangbei.haqusetting/com.dangbei.haqusetting.ui.HomeActivity} numActivities=1 lastActiveTime=166995 supportsMultiWindow=true resizeMode=1 isResizeable=true minWidth=-1 minHeight=-1 defaultMinSize=220 token=WCT{android.window.IWindowContainerToken$Stub$Proxy@16694ad} topActivityType=1 pictureInPictureParams=null shouldDockBigOverlays=true launchIntoPipHostTaskId=-1 lastParentTaskIdBeforePip=-1 displayCutoutSafeInsets=null topActivityInfo=ActivityInfo{4c833e2 com.dangbei.haqusetting.ui.HomeActivity} launchCookies=[] positionInParent=Point(0, 0) parentTaskId=-1 isFocused=false isVisible=false isVisibleRequested=false isSleeping=false topActivityInSizeCompat=false topActivityEligibleForLetterboxEducation= false isLetterboxDoubleTapEnabled= false topActivityEligibleForUserAspectRatioButton= false topActivityBoundsLetterboxed= false isFromLetterboxDoubleTap= false topActivityLetterboxVerticalPosition= -1 topActivityLetterboxHorizontalPosition= -1 topActivityLetterboxWidth=-1 topActivityLetterboxHeight=-1 isUserFullscreenOverrideEnabled=false isTopActivityTransparent=true locusId=null displayAreaFeatureId=1 cameraCompatControlState=hidden}, remoteTransition = null, displayChange = null, flags = 0 }
05-30 15:27:52.429 V/WindowManager( 703): app ------------- force_land :0
05-30 15:27:52.439 D/TrafficStats( 1540): tagSocket(161) with statsTag=0xffffffff, statsUid=-1
05-30 15:27:52.443 W/SQLiteLog( 1540): (28) double-quoted string literal: "
05-30 15:27:52.443 W/SQLiteLog( 1540): (28) double-quoted string literal: "219CF502F650C676FD172B5F22C336A5"
05-30 15:27:52.444 I/BpBinder( 263): onLastStrongRef automatically unlinking death recipients:
05-30 15:27:52.457 E/ccc ( 1505): cccccc UpdateHelper onMessageReceived com.dangbei.haqusetting com.dangbei.etna.update {"action":"get","functionTag":"leaf_controller_function_controller_dangbei_update","value":0} com.dangbei.lerad.etna.aidl.IEtnaAidlCallback$Stub$Proxy@ebaae38
05-30 15:27:52.459 W/WindowManager( 703): [addWindow] title:com.dangbei.haqusetting/com.dangbei.haqusetting.ui.HomeActivity
05-30 15:27:52.464 E/ccc ( 1505): cccccc 请求电量实时 -1
05-30 15:27:52.465 E/RCInfo ( 1505): vid:
05-30 15:27:52.465 E/RCInfo ( 1505): pid:
05-30 15:27:52.459 I/binder:1505_3( 1505): type=1400 audit(0.0:1222): avc: denied { read } for name="devices" dev="proc" ino=4026531982 scontext=u:r:system_app:s0 tcontext=u:object_r:proc:s0 tclass=file permissive=1
05-30 15:27:52.459 I/binder:1505_3( 1505): type=1400 audit(0.0:1223): avc: denied { open } for path="/proc/bus/input/devices" dev="proc" ino=4026531982 scontext=u:r:system_app:s0 tcontext=u:object_r:proc:s0 tclass=file permissive=1
05-30 15:27:52.459 I/binder:1505_3( 1505): type=1400 audit(0.0:1224): avc: denied { getattr } for path="/proc/bus/input/devices" dev="proc" ino=4026531982 scontext=u:r:system_app:s0 tcontext=u:object_r:proc:s0 tclass=file permissive=1
05-30 15:27:52.476 D/CoreBackPreview( 703): Window{effcc23 u0 com.dangbei.haqusetting/com.dangbei.haqusetting.ui.HomeActivity}: Setting back callback OnBackInvokedCallbackInfo{mCallback=android.window.IOnBackInvokedCallback$Stub$Proxy@fb9ded9, mPriority=0, mIsAnimationCallback=false}
05-30 15:27:52.486 E/OpenGLRenderer( 3131): Unable to match the desired swap behavior.
05-30 15:27:52.486 W/RecyclerView( 3131): No adapter attached; skipping layout
05-30 15:27:52.508 V/WindowManagerShell( 984): onTransitionReady android.os.BinderProxy@b701dc4: {id=5 t=OPEN f=0x0 trk=0 r=[0@Point(0, 0)] c=[{WCT{android.window.IWindowContainerToken$Stub$Proxy@404cea9} m=OPEN f=TRANSLUCENT leash=Surface(name=Task=47)/@0xbd92373 sb=Rect(0, 0 - 1920, 1080) eb=Rect(0, 0 - 1920, 1080) d=0}]}
05-30 15:27:52.508 V/WindowManagerShell( 984): Playing animation for (#5)android.os.BinderProxy@b701dc4@0
05-30 15:27:52.508 V/WindowManagerShell( 984): try handler com.android.wm.shell.keyguard.KeyguardTransitionHandler@cf71abc
05-30 15:27:52.509 V/WindowManagerShell( 984): try handler com.android.wm.shell.pip.tv.TvPipTransition@8c3da45
05-30 15:27:52.509 V/WindowManagerShell( 984): try handler com.android.wm.shell.activityembedding.ActivityEmbeddingController@e43259a
05-30 15:27:52.509 V/WindowManagerShell( 984): try handler com.android.wm.shell.transition.RemoteTransitionHandler@7281ecb
05-30 15:27:52.509 V/WindowManagerShell( 984): Transition doesn't have explicit remote, search filters for match for {id=5 t=OPEN f=0x0 trk=0 r=[0@Point(0, 0)] c=[{WCT{android.window.IWindowContainerToken$Stub$Proxy@404cea9} m=OPEN f=TRANSLUCENT leash=Surface(name=Task=47)/@0xbd92373 sb=Rect(0, 0 - 1920, 1080) eb=Rect(0, 0 - 1920, 1080) d=0}]}
05-30 15:27:52.509 V/WindowManagerShell( 984): Delegate animation for #5 to null
05-30 15:27:52.509 V/WindowManagerShell( 984): try handler com.android.wm.shell.transition.DefaultTransitionHandler@17926a8
05-30 15:27:52.509 V/WindowManagerShell( 984): start default transition animation, info = {id=5 t=OPEN f=0x0 trk=0 r=[0@Point(0, 0)] c=[{WCT{android.window.IWindowContainerToken$Stub$Proxy@404cea9} m=OPEN f=TRANSLUCENT leash=Surface(name=Task=47)/@0xbd92373 sb=Rect(0, 0 - 1920, 1080) eb=Rect(0, 0 - 1920, 1080) d=0}]}
05-30 15:27:52.509 V/WindowManagerShell( 984): loadAnimation: anim=android.view.animation.AlphaAnimation@cb9ac2e animAttr=0x4 type=OPEN isEntrance=true
05-30 15:27:52.513 V/WindowManagerShell( 984): animated by com.android.wm.shell.transition.DefaultTransitionHandler@17926a8
05-30 15:27:52.516 I/ActivityTaskManager( 703): Displayed com.dangbei.haqusetting/.ui.HomeActivity for user 0: +94ms
05-30 15:27:52.516 V/WindowManager( 703): Sent Transition #5 createdAt=05-30 15:27:52.410 via request=TransitionRequestInfo { type = 1, triggerTask = TaskInfo{userId=0 taskId=47 displayId=0 isRunning=true baseIntent=Intent { dat=haqu://setting:8080/... flg=0x10000000 pkg=com.dangbei.haqusetting cmp=com.dangbei.haqusetting/.ui.HomeActivity } baseActivity=ComponentInfo{com.dangbei.haqusetting/com.dangbei.haqusetting.ui.HomeActivity} topActivity=ComponentInfo{com.dangbei.haqusetting/com.dangbei.haqusetting.ui.HomeActivity} origActivity=null realActivity=ComponentInfo{com.dangbei.haqusetting/com.dangbei.haqusetting.ui.HomeActivity} numActivities=1 lastActiveTime=166995 supportsMultiWindow=true resizeMode=1 isResizeable=true minWidth=-1 minHeight=-1 defaultMinSize=220 token=WCT{RemoteToken{e608f95 Task{aa541b4 #47 type=standard A=1000:com.dangbei.haqusetting}}} topActivityType=1 pictureInPictureParams=null shouldDockBigOverlays=true launchIntoPipHostTaskId=-1 lastParentTaskIdBeforePip=-1 displayCutoutSafeInsets=null topActivityInfo=ActivityInfo{d1ab8aa com.dangbei.haqusetting.ui.HomeActivity} launchCookies=[] positionInParent=Point(0, 0) parentTaskId=-1 isFocused=false isVisible=false isVisibleRequested=false isSleeping=false topActivityInSizeCompat=false topActivityEligibleForLetterboxEducation= false isLetterboxDoubleTapEnabled= false topActivityEligibleForUserAspectRatioButton= false topActivityBoundsLetterboxed= false isFromLetterboxDoubleTap= false topActivityLetterboxVerticalPosition= -1 topActivityLetterboxHorizontalPosition= -1 topActivityLetterboxWidth=-1 topActivityLetterboxHeight=-1 isUserFullscreenOverrideEnabled=false isTopActivityTransparent=true locusId=null displayAreaFeatureId=1 cameraCompatControlState=hidden}, remoteTransition = null, displayChange = null, flags = 0 }
05-30 15:27:52.516 V/WindowManager( 703): startWCT=WindowContainerTransaction { changes = {} hops = [] errorCallbackToken=null taskFragmentOrganizer=null }
05-30 15:27:52.516 V/WindowManager( 703): info={id=5 t=OPEN f=0x0 trk=0 r=[0@Point(0, 0)] c=[{WCT{RemoteToken{e608f95 Task{aa541b4 #47 type=standard A=1000:com.dangbei.haqusetting}}} m=OPEN f=TRANSLUCENT leash=Surface(name=Task=47)/@0x8e0309e sb=Rect(0, 0 - 1920, 1080) eb=Rect(0, 0 - 1920, 1080) d=0}]}
05-30 15:27:52.534 D/WindowManagerShell( 984): TvPipController: onTaskStackChanged()
05-30 15:27:52.566 I/ImeTracker( 703): com.dangbei.haqusetting:f9f4e110: onRequestHide at ORIGIN_SERVER_HIDE_INPUT reason HIDE_UNSPECIFIED_WINDOW
05-30 15:27:52.566 I/ImeTracker( 703): com.dangbei.haqusetting:f9f4e110: onCancelled at PHASE_SERVER_SHOULD_HIDE
05-30 15:27:52.568 I/DefaultIMS( 1523): onStartInput attribute=android.view.inputmethod.EditorInfo@95bd8e8 restarting=false inputType: 0
05-30 15:27:52.583 W/ContextImpl( 703): Calling a method in the system process without a qualified user: android.app.ContextImpl.startService:1899 com.android.server.wm.DisplayPolicy.lambda$focusChangedLw$5:2126 com.android.server.wm.DisplayPolicy.$r8$lambda$Znxk63oh-WzVnzo_WQefN7uxV48:0 com.android.server.wm.DisplayPolicy$$ExternalSyntheticLambda13.run:0 android.os.Handler.handleCallback:958
05-30 15:27:52.587 D/aaa ( 1573): LedStatusService onStartCommand begin
05-30 15:27:52.588 D/aaa ( 1573): topPkg is -------------- :com.dangbei.haqusetting
05-30 15:27:52.595 I/audio_hw_hal_primary( 480): [audiohal_get_latency:1333] io 13: out:0xf0703260 frames:1024 rate:48000 whole_latency:21 alsa_latency:21
05-30 15:27:52.617 I/audio_hw_hal_primary( 480): [audiohal_get_latency:1333] io 13: out:0xf0703260 frames:1024 rate:48000 whole_latency:21 alsa_latency:21
05-30 15:27:52.639 I/audio_hw_hal_primary( 480): [audiohal_get_latency:1333] io 13: out:0xf0703260 frames:1280 rate:48000 whole_latency:26 alsa_latency:26
05-30 15:27:52.660 I/audio_hw_hal_primary( 480): [audiohal_get_latency:1333] io 13: out:0xf0703260 frames:1024 rate:48000 whole_latency:21 alsa_latency:21
05-30 15:27:52.680 I/audio_hw_hal_primary( 480): [audiohal_get_latency:1333] io 13: out:0xf0703260 frames:1152 rate:48000 whole_latency:24 alsa_latency:24
05-30 15:27:52.702 I/audio_hw_hal_primary( 480): [audiohal_get_latency:1333] io 13: out:0xf0703260 frames:1024 rate:48000 whole_latency:21 alsa_latency:21
05-30 15:27:52.723 I/audio_hw_hal_primary( 480): [audiohal_get_latency:1333] io 13: out:0xf0703260 frames:1024 rate:48000 whole_latency:21 alsa_latency:21
05-30 15:27:52.745 I/audio_hw_hal_primary( 480): [audiohal_get_latency:1333] io 13: out:0xf0703260 frames:1024 rate:48000 whole_latency:21 alsa_latency:21
05-30 15:27:52.746 D/audioserver( 541): logFgsApiEnd: FGS Logger Transaction failed, -129
05-30 15:27:52.776 E/ccc ( 1505): cccccc UpdateHelper onMessageReceived com.dangbei.haqusetting com.dangbei.etna.update {"action":"get","functionTag":"leaf_controller_function_controller_dangbei_update","value":0} com.dangbei.lerad.etna.aidl.IEtnaAidlCallback$Stub$Proxy@de16e11
05-30 15:27:52.785 E/ccc ( 1505): cccccc 请求电量实时 -1
05-30 15:27:52.787 E/RCInfo ( 1505): vid:
05-30 15:27:52.787 E/RCInfo ( 1505): pid:
05-30 15:27:52.836 D/ConnectivityService( 703): requestNetwork for uid/pid:1000/3131 activeRequest: null callbackRequest: 56 [NetworkRequest [ REQUEST id=57, [ Capabilities: INTERNET&NOT_RESTRICTED&TRUSTED&NOT_VCN_MANAGED Uid: 1000 RequestorUid: 1000 RequestorPkg: com.dangbei.haqusetting UnderlyingNetworks: Null] ]] callback flags: 0 order: 2147483647
05-30 15:27:52.839 D/WifiNetworkFactory( 703): got request NetworkRequest [ REQUEST id=57, [ Capabilities: INTERNET&NOT_RESTRICTED&TRUSTED&NOT_VCN_MANAGED Uid: 1000 RequestorUid: 1000 RequestorPkg: com.dangbei.haqusetting UnderlyingNetworks: Null] ]
05-30 15:27:52.839 D/UntrustedWifiNetworkFactory( 703): got request NetworkRequest [ REQUEST id=57, [ Capabilities: INTERNET&NOT_RESTRICTED&TRUSTED&NOT_VCN_MANAGED Uid: 1000 RequestorUid: 1000 RequestorPkg: com.dangbei.haqusetting UnderlyingNetworks: Null] ]
05-30 15:27:52.840 D/OemPaidWifiNetworkFactory( 703): got request NetworkRequest [ REQUEST id=57, [ Capabilities: INTERNET&NOT_RESTRICTED&TRUSTED&NOT_VCN_MANAGED Uid: 1000 RequestorUid: 1000 RequestorPkg: com.dangbei.haqusetting UnderlyingNetworks: Null] ]
05-30 15:27:52.840 D/MultiInternetWifiNetworkFactory( 703): got request NetworkRequest [ REQUEST id=57, [ Capabilities: INTERNET&NOT_RESTRICTED&TRUSTED&NOT_VCN_MANAGED Uid: 1000 RequestorUid: 1000 RequestorPkg: com.dangbei.haqusetting UnderlyingNetworks: Null] ]
05-30 15:27:52.840 D/ConnectivityService( 703): NetReassign [57 : null → 100] [c 0] [a 1] [i 2]
05-30 15:27:52.842 I/DefaultIMS( 1523): onStartInput attribute=android.view.inputmethod.EditorInfo@3a23b01 restarting=false inputType: 0
05-30 15:27:52.851 I/audio_hw_hal_stream( 480): aml_stream_out_info_print: out:0xf0703260, stream_type:pcm, sync_mode:non tunnel, input_size:3932160 bytes
05-30 15:27:52.851 I/audio_hw_hal_stream( 480): aml_stream_out_info_print: last_time:167400 ms (sec:167, nsec:400870787), last_position:20316 ms (975184), cur_time:167422 ms (sec:167, nsec:422133412), cur_position:20337 ms (976208)
05-30 15:27:52.851 I/audio_hw_hal_stream( 480): aml_stream_out_info_print: time_gap:22 ms (thr:100 ms), position_gap:21 ms, delay:142 ms, jitter: Position gap is behind system time gap by 1 ms (thr:100 ms)
05-30 15:27:52.928 V/WindowManagerShell( 984): Transition animation finished (aborted=false), notifying core (#5)android.os.BinderProxy@b701dc4@0
05-30 15:27:52.932 V/WindowManager( 703): Finish Transition #5: created at
05-30 15:27:52.410 collect-started=0.114ms request-sent=12.199ms started=14.78ms ready=23.6ms sent=96.355ms finished=521.061ms
05-30 15:27:52.934 V/WindowManagerShell( 984): Track 0 became idle
05-30 15:27:52.934 V/WindowManagerShell( 984): All active transition animations finished
05-30 15:27:53.015 E/ccc ( 1505): cccccc settingHelper resetManager
05-30 15:27:53.017 V/HdmiDisplayManager( 1505): Amlogic Y5
05-30 15:27:53.017 E/ccc ( 1505): cccccc 去判断 是不是 auto
05-30 15:27:53.022 I/audio_hw_hal_primary( 480): [register_audio_patch:8215] Patch 3:id:3 mix(io:13)->dev_0[OUT_HDMI(id:22)] found, register the same patch, do nothing.
05-30 15:27:53.023 I/audio_hw_hal_primary( 480): [adev_create_audio_patch:8316] Patch 3: MIX->DEVICE, num_src:1 num_sink:1 patch_src:INVAL
05-30 15:27:53.023 I/audio_hw_hal_primary( 480): [adev_create_audio_patch:8320] sink[0]: OUT_HDMI(id:22)
05-30 15:27:53.023 I/audio_hw_hal_primary( 480): [adev_create_audio_patch:8377] Patch 3: mix(io:13) -> dev[OUT_HDMI(id:22)]
05-30 15:27:53.024 D/UEventObserver( 1156): change@/devices/platform/auge_sound/sound/card0/controlC0ACTION=changeDEVPATH=/devices/platform/auge_sound/sound/card0/controlC0SUBSYSTEM=soundAUDIO_FORMAT=0MAJOR=116MINOR=13DEVNAME=snd/controlC0SEQNUM=3556
05-30 15:27:53.024 I/audio_hw_hal_primary( 480): [adev_create_audio_patch:8445] dev=0xf07c3dc0 cur_out_device=0x400
05-30 15:27:53.029 E/ccc ( 1505): cccccc current is 1080p (59.94 Hz)
05-30 15:27:53.036 D/audioserver( 541): logFgsApiBegin: FGS Logger Transaction failed, -129
05-30 15:27:53.039 I/audio_hw_hal_primary( 480): out_update_source_metadata_v7() line 2013 usage:1 content_type:2
05-30 15:27:53.048 E/ccc ( 1505): cccccc ColorFormatManager reset
05-30 15:27:53.050 V/MesonDisplayServer( 289): GetDisplayMode:1080p60hz
05-30 15:27:53.053 V/MesonDisplayServer( 289): GetDisplayMode:1080p60hz
05-30 15:27:53.053 D/MesonDisplay( 289): meson_write /sys/class/amhdmitx/amhdmitx0/valid_mode, outputmode:1080p60hz444,12bit
05-30 15:27:53.053 D/MesonDisplay( 289): valid mode is true!
05-30 15:27:53.053 D/MesonDisplay( 289): meson_write /sys/class/amhdmitx/amhdmitx0/valid_mode, outputmode:1080p60hz444,10bit
05-30 15:27:53.054 D/MesonDisplay( 289): valid mode is true!
05-30 15:27:53.054 D/MesonDisplay( 289): meson_write /sys/class/amhdmitx/amhdmitx0/valid_mode, outputmode:1080p60hz444,8bit
05-30 15:27:53.054 D/MesonDisplay( 289): valid mode is true!
05-30 15:27:53.054 D/MesonDisplay( 289): meson_write /sys/class/amhdmitx/amhdmitx0/valid_mode, outputmode:1080p60hz422,12bit
05-30 15:27:53.054 D/MesonDisplay( 289): valid mode is true!
05-30 15:27:53.054 D/MesonDisplay( 289): meson_write /sys/class/amhdmitx/amhdmitx0/valid_mode, outputmode:1080p60hzrgb,12bit
05-30 15:27:53.054 D/MesonDisplay( 289): valid mode is true!
05-30 15:27:53.054 D/MesonDisplay( 289): meson_write /sys/class/amhdmitx/amhdmitx0/valid_mode, outputmode:1080p60hzrgb,10bit
05-30 15:27:53.054 D/MesonDisplay( 289): valid mode is true!
05-30 15:27:53.054 D/MesonDisplay( 289): meson_write /sys/class/amhdmitx/amhdmitx0/valid_mode, outputmode:1080p60hzrgb,8bit
05-30 15:27:53.055 D/MesonDisplay( 289): valid mode is true!
05-30 15:27:53.055 I/MesonHwc( 289): [/ModePolicy.cpp, getCurrentSupportDeepColor, 736] getCurrentSupportDeepColor current mode: 1080p60hz supported color: 444,12bit
05-30 15:27:53.055 I/MesonHwc( 289): 444,10bit
05-30 15:27:53.055 I/MesonHwc( 289): 444,8bit
05-30 15:27:53.055 I/MesonHwc( 289): 422,12bit
05-30 15:27:53.055 I/MesonHwc( 289): rgb,12bit
05-30 15:27:53.055 I/MesonHwc( 289): rgb,10bit
05-30 15:27:53.055 I/MesonHwc( 289): rgb,8bit
05-30 15:27:53.059 D/MesonDisplayServer( 289): use connector getDisplayAttribute "HDR Priority": "268435472"
05-30 15:27:53.060 I/SystemControl( 313): [/DisplayMode.cpp, getCurrentHdrPriority, 2840] getCurrentHdrPriority is [0x10000010]
05-30 15:27:53.061 V/MesonDisplayServer( 289): GetDisplayMode:1080p60hz
05-30 15:27:53.062 D/MesonDisplayServer( 289): use connector getDisplayAttribute "HDR Priority": "268435472"
05-30 15:27:53.062 I/SystemControl( 313): [/DisplayMode.cpp, getCurrentHdrPriority, 2840] getCurrentHdrPriority is [0x10000010]
05-30 15:27:53.065 V/MesonDisplayServer( 289): GetDisplayMode:1080p60hz
05-30 15:27:53.065 D/MesonDisplay( 289): meson_write /sys/class/amhdmitx/amhdmitx0/valid_mode, outputmode:1080p60hz444,12bit
05-30 15:27:53.066 D/MesonDisplay( 289): valid mode is true!
05-30 15:27:53.066 D/MesonDisplay( 289): meson_write /sys/class/amhdmitx/amhdmitx0/valid_mode, outputmode:1080p60hz444,10bit
05-30 15:27:53.066 D/MesonDisplay( 289): valid mode is true!
05-30 15:27:53.066 D/MesonDisplay( 289): meson_write /sys/class/amhdmitx/amhdmitx0/valid_mode, outputmode:1080p60hz444,8bit
05-30 15:27:53.066 D/MesonDisplay( 289): valid mode is true!
05-30 15:27:53.066 D/MesonDisplay( 289): meson_write /sys/class/amhdmitx/amhdmitx0/valid_mode, outputmode:1080p60hz422,12bit
05-30 15:27:53.066 D/MesonDisplay( 289): valid mode is true!
05-30 15:27:53.066 D/MesonDisplay( 289): meson_write /sys/class/amhdmitx/amhdmitx0/valid_mode, outputmode:1080p60hzrgb,12bit
05-30 15:27:53.066 D/MesonDisplay( 289): valid mode is true!
05-30 15:27:53.066 D/MesonDisplay( 289): meson_write /sys/class/amhdmitx/amhdmitx0/valid_mode, outputmode:1080p60hzrgb,10bit
05-30 15:27:53.067 D/MesonDisplay( 289): valid mode is true!
05-30 15:27:53.067 D/MesonDisplay( 289): meson_write /sys/class/amhdmitx/amhdmitx0/valid_mode, outputmode:1080p60hzrgb,8bit
05-30 15:27:53.067 D/MesonDisplay( 289): valid mode is true!
05-30 15:27:53.067 I/MesonHwc( 289): [/ModePolicy.cpp, getCurrentSupportDeepColor, 736] getCurrentSupportDeepColor current mode: 1080p60hz supported color: 444,12bit
05-30 15:27:53.067 I/MesonHwc( 289): 444,10bit
05-30 15:27:53.067 I/MesonHwc( 289): 444,8bit
05-30 15:27:53.067 I/MesonHwc( 289): 422,12bit
05-30 15:27:53.067 I/MesonHwc( 289): rgb,12bit
05-30 15:27:53.067 I/MesonHwc( 289): rgb,10bit
05-30 15:27:53.067 I/MesonHwc( 289): rgb,8bit
05-30 15:27:53.069 V/MesonDisplayServer( 289): GetDisplayMode:1080p60hz
05-30 15:27:53.072 D/MesonDisplayServer( 289): use connector getDisplayAttribute "HDMI Color ATTR": "422,12bit"
05-30 15:27:53.072 I/SystemControl( 313): [/DisplayMode.cpp, getDeepColorAttr, 2290] getDeepColorAttr colorspace:422,12bit
05-30 15:27:53.072 I/SystemControl( 313): get deep color attr mode 1080p60hz, value 422,12bit
05-30 15:27:53.072 E/ccc ( 1505): cccccc ColorHelper current get YCbCr 4:2:2 12-bit
05-30 15:27:53.075 I/SogouIME( 1523): onKeyDown: keyoCode=20
05-30 15:27:53.075 I/DefaultIMS( 1523): onKeyDown: keyoCode=20
05-30 15:27:53.078 E/ccc ( 1505): cccccc current is 1080p (59.94 Hz)
05-30 15:27:53.089 E/ccc ( 1505): cccccc ColorFormatManager reset
05-30 15:27:53.090 D/MesonDisplayServer( 289): use connector getDisplayAttribute "HDR Priority": "268435472"
05-30 15:27:53.091 I/SystemControl( 313): [/DisplayMode.cpp, getCurrentHdrPriority, 2840] getCurrentHdrPriority is [0x10000010]
05-30 15:27:53.091 V/MesonDisplayServer( 289): GetDisplayMode:1080p60hz
05-30 15:27:53.093 D/MesonDisplayServer( 289): use connector getDisplayAttribute "HDR Priority": "268435472"
05-30 15:27:53.093 I/SystemControl( 313): [/DisplayMode.cpp, getCurrentHdrPriority, 2840] getCurrentHdrPriority is [0x10000010]
05-30 15:27:53.094 V/MesonDisplayServer( 289): GetDisplayMode:1080p60hz
05-30 15:27:53.094 D/MesonDisplay( 289): meson_write /sys/class/amhdmitx/amhdmitx0/valid_mode, outputmode:1080p60hz444,12bit
05-30 15:27:53.094 D/MesonDisplay( 289): valid mode is true!
05-30 15:27:53.094 D/MesonDisplay( 289): meson_write /sys/class/amhdmitx/amhdmitx0/valid_mode, outputmode:1080p60hz444,10bit
05-30 15:27:53.095 D/MesonDisplay( 289): valid mode is true!
05-30 15:27:53.095 D/MesonDisplay( 289): meson_write /sys/class/amhdmitx/amhdmitx0/valid_mode, outputmode:1080p60hz444,8bit
05-30 15:27:53.095 D/MesonDisplay( 289): valid mode is true!
05-30 15:27:53.095 D/MesonDisplay( 289): meson_write /sys/class/amhdmitx/amhdmitx0/valid_mode, outputmode:1080p60hz422,12bit
05-30 15:27:53.095 D/MesonDisplay( 289): valid mode is true!
05-30 15:27:53.095 D/MesonDisplay( 289): meson_write /sys/class/amhdmitx/amhdmitx0/valid_mode, outputmode:1080p60hzrgb,12bit
05-30 15:27:53.095 D/MesonDisplay( 289): valid mode is true!
05-30 15:27:53.095 D/MesonDisplay( 289): meson_write /sys/class/amhdmitx/amhdmitx0/valid_mode, outputmode:1080p60hzrgb,10bit
05-30 15:27:53.095 D/MesonDisplay( 289): valid mode is true!
05-30 15:27:53.095 D/MesonDisplay( 289): meson_write /sys/class/amhdmitx/amhdmitx0/valid_mode, outputmode:1080p60hzrgb,8bit
05-30 15:27:53.095 D/MesonDisplay( 289): valid mode is true!
05-30 15:27:53.095 I/MesonHwc( 289): [/ModePolicy.cpp, getCurrentSupportDeepColor, 736] getCurrentSupportDeepColor current mode: 1080p60hz supported color: 444,12bit
05-30 15:27:53.095 I/MesonHwc( 289): 444,10bit
05-30 15:27:53.095 I/MesonHwc( 289): 444,8bit
05-30 15:27:53.095 I/MesonHwc( 289): 422,12bit
05-30 15:27:53.095 I/MesonHwc( 289): rgb,12bit
05-30 15:27:53.095 I/MesonHwc( 289): rgb,10bit
05-30 15:27:53.095 I/MesonHwc( 289): rgb,8bit
05-30 15:27:53.096 V/MesonDisplayServer( 289): GetDisplayMode:1080p60hz
05-30 15:27:53.097 D/MesonDisplayServer( 289): use connector getDisplayAttribute "HDMI Color ATTR": "422,12bit"
05-30 15:27:53.098 I/SystemControl( 313): [/DisplayMode.cpp, getDeepColorAttr, 2290] getDeepColorAttr colorspace:422,12bit
05-30 15:27:53.098 I/SystemControl( 313): get deep color attr mode 1080p60hz, value 422,12bit
05-30 15:27:53.098 E/ccc ( 1505): cccccc ColorHelper current get YCbCr 4:2:2 12-bit
05-30 15:27:53.132 I/SogouIME( 1523): onKeyUp: keyoCode=20
05-30 15:27:53.132 I/DefaultIMS( 1523): onKeyUp: keyoCode=20
05-30 15:27:53.251 D/audioserver( 541): logFgsApiBegin: FGS Logger Transaction failed, -129
05-30 15:27:53.253 I/SogouIME( 1523): onKeyDown: keyoCode=20
05-30 15:27:53.253 I/DefaultIMS( 1523): onKeyDown: keyoCode=20
05-30 15:27:53.281 I/audio_hw_hal_primary( 480): [audiohal_get_latency:1333] io 13: out:0xf0703260 frames:1152 rate:48000 whole_latency:24 alsa_latency:24
05-30 15:27:53.282 I/audio_hw_hal_primary( 480): out_update_source_metadata_v7() line 2013 usage:1 content_type:2
05-30 15:27:53.320 I/audio_hw_hal_primary( 480): [audiohal_get_latency:1333] io 13: out:0xf0703260 frames:1152 rate:48000 whole_latency:24 alsa_latency:24
05-30 15:27:53.331 I/SogouIME( 1523): onKeyUp: keyoCode=20
05-30 15:27:53.331 I/DefaultIMS( 1523): onKeyUp: keyoCode=20
05-30 15:27:53.363 I/audio_hw_hal_primary( 480): [audiohal_get_latency:1333] io 13: out:0xf0703260 frames:1152 rate:48000 whole_latency:24 alsa_latency:24
05-30 15:27:53.405 I/audio_hw_hal_primary( 480): [audiohal_get_latency:1333] io 13: out:0xf0703260 frames:1152 rate:48000 whole_latency:24 alsa_latency:24
05-30 15:27:53.449 I/audio_hw_hal_primary( 480): [audiohal_get_latency:1333] io 13: out:0xf0703260 frames:1280 rate:48000 whole_latency:26 alsa_latency:26
05-30 15:27:53.449 D/audioserver( 541): logFgsApiEnd: FGS Logger Transaction failed, -129
05-30 15:27:53.451 I/audio_hw_hal_primary( 480): out_update_source_metadata_v7() line 2013 usage:1 content_type:2
05-30 15:27:53.534 I/audio_hw_hal_primary( 480): [audiohal_get_latency:1333] io 13: out:0xf0703260 frames:1152 rate:48000 whole_latency:24 alsa_latency:24
05-30 15:27:53.555 I/audio_hw_hal_primary( 480): [audiohal_get_latency:1333] io 13: out:0xf0703260 frames:1024 rate:48000 whole_latency:21 alsa_latency:21
05-30 15:27:53.576 I/audio_hw_hal_primary( 480): [audiohal_get_latency:1333] io 13: out:0xf0703260 frames:1152 rate:48000 whole_latency:24 alsa_latency:24
05-30 15:27:53.598 I/audio_hw_hal_primary( 480): [audiohal_get_latency:1333] io 13: out:0xf0703260 frames:1024 rate:48000 whole_latency:21 alsa_latency:21
05-30 15:27:53.619 I/audio_hw_hal_primary( 480): [audiohal_get_latency:1333] io 13: out:0xf0703260 frames:1152 rate:48000 whole_latency:24 alsa_latency:24
05-30 15:27:53.640 I/audio_hw_hal_primary( 480): [audiohal_get_latency:1333] io 13: out:0xf0703260 frames:1024 rate:48000 whole_latency:21 alsa_latency:21
05-30 15:27:53.662 I/audio_hw_hal_primary( 480): [audiohal_get_latency:1333] io 13: out:0xf0703260 frames:1024 rate:48000 whole_latency:21 alsa_latency:21
05-30 15:27:53.684 I/audio_hw_hal_primary( 480): [audiohal_get_latency:1333] io 13: out:0xf0703260 frames:1024 rate:48000 whole_latency:21 alsa_latency:21
05-30 15:27:53.685 D/audioserver( 541): logFgsApiEnd: FGS Logger Transaction failed, -129
05-30 15:27:54.011 E/TaskPersister( 703): File error accessing recents directory (directory doesn't exist?).
05-30 15:27:55.284 I/audio_hw_hal_alsamgr( 480): alsa format =0x1 delay frames =1024 total frames=7660800
05-30 15:27:55.349 I/WifiHAL ( 522): call wifi_get_link_stats handler
05-30 15:27:55.349 I/WifiHAL ( 522): Creating message to get link statistics; iface = 16
05-30 15:27:55.349 D/WifiHAL ( 522): error code -95 mapped to -3
05-30 15:27:55.350 E/WifiStaIfaceAidlImpl( 703): getLinkLayerStats failed with service-specific exception: android.os.ServiceSpecificException: (code 4)
05-30 15:27:56.499 D/audio_hw_hal_primary( 480): [out_standby_new:5767] io 13: out:0xf0703260 usecase:PCM_NORMAL
05-30 15:27:56.499 I/audio_hw_hal_primary( 480): [do_output_standby_l:5663] io 13: out:0xf0703260, stream usecase:PCM_NORMAL, continuous:1
05-30 15:27:56.499 I/audio_hw_hal_primary( 480): [usecase_change_validate_l:7436] ++ io 13: out:0xf0703260 dev masks:0x1 is_standby:1 out usecase:PCM_NORMAL
05-30 15:27:56.499 I/audio_hw_hal_ms12common( 480): aml_set_ms12_scheduler_state ms12_scheduler_state:1, sch_state:1 SCHEDULER_STANDBY is sent to ms12
05-30 15:27:56.499 I/audio_hw_hal_primary( 480): [usecase_change_validate_l:7477] -- dev masks:0 is_standby:1 out usecase PCM_NORMAL
05-30 15:27:56.499 D/audio_hw_hal_primary( 480): [out_standby_new:5790] io 13: out:0xf0703260 usecase:PCM_NORMAL exit
05-30 15:27:56.564 D/libdolbyms12( 480): continuous underrun 2
05-30 15:27:58.354 I/WifiHAL ( 522): call wifi_get_link_stats handler
05-30 15:27:58.354 I/WifiHAL ( 522): Creating message to get link statistics; iface = 16
05-30 15:27:58.354 D/WifiHAL ( 522): error code -95 mapped to -3
05-30 15:27:58.355 E/WifiStaIfaceAidlImpl( 703): getLinkLayerStats failed with service-specific exception: android.os.ServiceSpecificException: (code 4)
05-30 15:27:58.725 D/TrafficStats( 2852): tagSocket(131) with statsTag=0xffffffff, statsUid=-1
05-30 15:27:58.959 D/UtilLog ( 2186): 日志批量上报 进行正常循环 !!!!!!本次有0次请求,共0条数据
05-30 15:27:59.499 D/audio_hw_hal_ms12common( 480): func:ms12_timer_callback_handler sigv:0 ~~~~~~~~~~
05-30 15:27:59.499 D/audio_hw_hal_ms12v2( 480): set_dolby_ms12_continuous_state audio_continuous_standby_set status 1
05-30 15:27:59.499 D/audio_hw_hal_continuous_standby( 480): audio_continuous_standby_set, type 0, params 1
05-30 15:27:59.499 D/audio_hw_hal_ms12common( 480): aml_send_ms12_scheduler_state_2_ms12 adev:0xf07c3dc0, sch_state:1(SCHEDULER_STANDBY)
05-30 15:28:01.362 D/TrafficStats( 2852): tagSocket(131) with statsTag=0xffffffff, statsUid=-1
05-30 15:28:01.362 I/WifiHAL ( 522): call wifi_get_link_stats handler
05-30 15:28:01.362 I/WifiHAL ( 522): Creating message to get link statistics; iface = 16
05-30 15:28:01.362 D/WifiHAL ( 522): error code -95 mapped to -3
05-30 15:28:01.363 E/WifiStaIfaceAidlImpl( 703): getLinkLayerStats failed with service-specific exception: android.os.ServiceSpecificException: (code 4)
05-30 15:28:03.955 I/audio_hw_hal_alsamgr( 480): alsa format =0x1 delay frames =768 total frames=8078080
05-30 15:28:04.366 I/WifiHAL ( 522): call wifi_get_link_stats handler
05-30 15:28:04.366 I/WifiHAL ( 522): Creating message to get link statistics; iface = 16
05-30 15:28:04.366 D/WifiHAL ( 522): error code -95 mapped to -3
05-30 15:28:04.367 E/WifiStaIfaceAidlImpl( 703): getLinkLayerStats failed with service-specific exception: android.os.ServiceSpecificException: (code 4)
05-30 15:28:05.145 D/TrafficStats( 2852): tagSocket(131) with statsTag=0xffffffff, statsUid=-1
05-30 15:28:05.451 I/TDLog ( 2186): [APP] New data found, Submitting...
05-30 15:28:05.459 D/TrafficStats( 2186): tagSocket(104) with statsTag=0xffffffff, statsUid=-1
05-30 15:28:05.462 I/TDLog ( 2186): [APP] Failed to submit data!
05-30 15:28:07.372 I/WifiHAL ( 522): call wifi_get_link_stats handler
05-30 15:28:07.372 I/WifiHAL ( 522): Creating message to get link statistics; iface = 16
05-30 15:28:07.372 D/WifiHAL ( 522): error code -95 mapped to -3
05-30 15:28:07.373 E/WifiStaIfaceAidlImpl( 703): getLinkLayerStats failed with service-specific exception: android.os.ServiceSpecificException: (code 4)
05-30 15:28:08.959 D/UtilLog ( 2186): 日志批量上报 进行正常循环 !!!!!!本次有0次请求,共0条数据
05-30 15:28:10.378 I/WifiHAL ( 522): call wifi_get_link_stats handler
05-30 15:28:10.378 I/WifiHAL ( 522): Creating message to get link statistics; iface = 16
05-30 15:28:10.379 D/WifiHAL ( 522): error code -95 mapped to -3
05-30 15:28:10.379 E/WifiStaIfaceAidlImpl( 703): getLinkLayerStats failed with service-specific exception: android.os.ServiceSpecificException: (code 4)
05-30 15:28:13.387 I/WifiHAL ( 522): call wifi_get_link_stats handler
05-30 15:28:13.387 I/WifiHAL ( 522): Creating message to get link statistics; iface = 16
05-30 15:28:13.387 D/WifiHAL ( 522): error code -95 mapped to -3
05-30 15:28:13.389 E/WifiStaIfaceAidlImpl( 703): getLinkLayerStats failed with service-specific exception: android.os.ServiceSpecificException: (code 4)
05-30 15:28:16.394 I/WifiHAL ( 522): call wifi_get_link_stats handler
05-30 15:28:16.394 I/WifiHAL ( 522): Creating message to get link statistics; iface = 16
05-30 15:28:16.395 D/WifiHAL ( 522): error code -95 mapped to -3
05-30 15:28:16.396 E/WifiStaIfaceAidlImpl( 703): getLinkLayerStats failed with service-specific exception: android.os.ServiceSpecificException: (code 4)
05-30 15:28:18.958 D/UtilLog ( 2186): 日志批量上报 进行正常循环 !!!!!!本次有0次请求,共0条数据
05-30 15:28:19.402 I/WifiHAL ( 522): call wifi_get_link_stats handler
05-30 15:28:19.402 I/WifiHAL ( 522): Creating message to get link statistics; iface = 16
05-30 15:28:19.402 D/WifiHAL ( 522): error code -95 mapped to -3
05-30 15:28:19.403 E/WifiStaIfaceAidlImpl( 703): getLinkLayerStats failed with service-specific exception: android.os.ServiceSpecificException: (code 4)
05-30 15:28:22.407 I/WifiHAL ( 522): call wifi_get_link_stats handler
05-30 15:28:22.407 I/WifiHAL ( 522): Creating message to get link statistics; iface = 16
05-30 15:28:22.407 D/WifiHAL ( 522): error code -95 mapped to -3
05-30 15:28:22.408 E/WifiStaIfaceAidlImpl( 703): getLinkLayerStats failed with service-specific exception: android.os.ServiceSpecificException: (code 4)
05-30 15:28:22.498 D/TrafficStats( 2852): tagSocket(131) with statsTag=0xffffffff, statsUid=-1
05-30 15:28:25.279 D/OomAdjuster( 703): Not killing cached processes
05-30 15:28:25.284 D/bbb ( 1635): onStartCommand begin !!!!!!! data分区剩余 54453MB
05-30 15:28:25.414 I/WifiHAL ( 522): call wifi_get_link_stats handler
05-30 15:28:25.414 I/WifiHAL ( 522): Creating message to get link statistics; iface = 16
05-30 15:28:25.415 D/WifiHAL ( 522): error code -95 mapped to -3
05-30 15:28:25.415 E/WifiStaIfaceAidlImpl( 703): getLinkLayerStats failed with service-specific exception: android.os.ServiceSpecificException: (code 4)
05-30 15:28:28.422 I/WifiHAL ( 522): call wifi_get_link_stats handler
05-30 15:28:28.422 I/WifiHAL ( 522): Creating message to get link statistics; iface = 16
05-30 15:28:28.422 D/WifiHAL ( 522): error code -95 mapped to -3
05-30 15:28:28.423 E/WifiStaIfaceAidlImpl( 703): getLinkLayerStats failed with service-specific exception: android.os.ServiceSpecificException: (code 4)
05-30 15:28:28.958 D/UtilLog ( 2186): 日志批量上报 进行正常循环 !!!!!!本次有0次请求,共0条数据
05-30 15:28:29.458 E/ccc ( 1505): cccccc sendCycleCheckBroadcast
05-30 15:28:29.458 W/ContextImpl( 1505): Calling a method in the system process without a qualified user: android.app.ContextImpl.sendBroadcast:1220 android.content.ContextWrapper.sendBroadcast:504 com.dangbei.etna.setting.core.SettingHelper.sendCycleToProjector:257 com.dangbei.etna.setting.core.SettingHelper.sendCycleCheckBroadcast:226 com.dangbei.etna.setting.core.SettingHelper.startLoop$lambda-0:185
05-30 15:28:29.460 W/ContextImpl( 1505): Calling a method in the system process without a qualified user: android.app.ContextImpl.sendBroadcast:1220 android.content.ContextWrapper.sendBroadcast:504 com.dangbei.etna.setting.core.SettingHelper.sendCycleToVoice:242 com.dangbei.etna.setting.core.SettingHelper.sendCycleCheckBroadcast:227 com.dangbei.etna.setting.core.SettingHelper.startLoop$lambda-0:185
05-30 15:28:29.464 D/RockyVoice( 1817): RestartReceiver onReceive
05-30 15:28:31.426 I/WifiHAL ( 522): call wifi_get_link_stats handler
05-30 15:28:31.427 I/WifiHAL ( 522): Creating message to get link statistics; iface = 16
05-30 15:28:31.427 D/WifiHAL ( 522): error code -95 mapped to -3
05-30 15:28:31.427 E/WifiStaIfaceAidlImpl( 703): getLinkLayerStats failed with service-specific exception: android.os.ServiceSpecificException: (code 4)
05-30 15:28:31.579 I/pool-53-thread-( 1540): type=1400 audit(0.0:1225): avc: denied { search } for name="net" dev="sysfs" ino=12345 scontext=u:r:system_app:s0 tcontext=u:object_r:sysfs_net:s0 tclass=dir permissive=1
05-30 15:28:31.590 I/dangbei ad sdk( 1540): ad manager report data::cache data size=0
05-30 15:28:31.579 I/pool-53-thread-( 1540): type=1400 audit(0.0:1226): avc: denied { read } for name="address" dev="sysfs" ino=22127 scontext=u:r:system_app:s0 tcontext=u:object_r:sysfs_net:s0 tclass=file permissive=1
05-30 15:28:31.579 I/pool-53-thread-( 1540): type=1400 audit(0.0:1227): avc: denied { open } for path="/sys/devices/virtual/net/dummy0/address" dev="sysfs" ino=22127 scontext=u:r:system_app:s0 tcontext=u:object_r:sysfs_net:s0 tclass=file permissive=1
05-30 15:28:31.579 I/pool-53-thread-( 1540): type=1400 audit(0.0:1228): avc: denied { getattr } for path="/sys/devices/virtual/net/dummy0/address" dev="sysfs" ino=22127 scontext=u:r:system_app:s0 tcontext=u:object_r:sysfs_net:s0 tclass=file permissive=1
05-30 15:28:31.675 D/TrafficStats( 1540): tagSocket(127) with statsTag=0xffffffff, statsUid=-1
05-30 15:28:32.297 D/dangbei ad sdk( 1540): HttpUtils.....::response={"msg":"no available advert","code":200}
05-30 15:28:32.395 D/TrafficStats( 2852): tagSocket(131) with statsTag=0xffffffff, statsUid=-1
05-30 15:28:34.434 I/WifiHAL ( 522): call wifi_get_link_stats handler
05-30 15:28:34.434 I/WifiHAL ( 522): Creating message to get link statistics; iface = 16
05-30 15:28:34.434 D/WifiHAL ( 522): error code -95 mapped to -3
05-30 15:28:34.435 E/WifiStaIfaceAidlImpl( 703): getLinkLayerStats failed with service-specific exception: android.os.ServiceSpecificException: (code 4)
05-30 15:28:35.956 I/audio_hw_hal_alsamgr( 480): alsa format =0x1 delay frames =768 total frames=9614080
05-30 15:28:37.441 I/WifiHAL ( 522): call wifi_get_link_stats handler
05-30 15:28:37.441 I/WifiHAL ( 522): Creating message to get link statistics; iface = 16
05-30 15:28:37.442 D/WifiHAL ( 522): error code -95 mapped to -3
05-30 15:28:37.442 E/WifiStaIfaceAidlImpl( 703): getLinkLayerStats failed with service-specific exception: android.os.ServiceSpecificException: (code 4)
05-30 15:28:38.959 D/UtilLog ( 2186): 日志批量上报 进行正常循环 !!!!!!本次有0次请求,共0条数据
05-30 15:28:39.280 E/dangbei111( 1505): cccccc 检查遥控器是否连接: Dangbei E4:BB:D3:57:C0:22
05-30 15:28:39.285 E/dangbei111( 1505): cccccc 检查遥控器是否连接: 蓝牙的结果 Dangbei E4:BB:D3:57:C0:22 false
05-30 15:28:39.287 E/dangbei111( 1505): cccccc input中没有遥控器存在
05-30 15:28:39.287 E/dangbei111( 1505): cccccc 蓝牙状态连接 不是连接状态 啥都不干
05-30 15:28:39.289 E/dangbei111( 1505): cccccc 开始扫描
05-30 15:28:39.289 D/BluetoothAdapter( 1505): isLeEnabled(): ON
05-30 15:28:39.292 E/dangbei111( 1505): cccccc 开始扫描
05-30 15:28:39.292 D/BluetoothAdapter( 1505): isLeEnabled(): ON
05-30 15:28:40.450 I/WifiHAL ( 522): call wifi_get_link_stats handler
05-30 15:28:40.450 I/WifiHAL ( 522): Creating message to get link statistics; iface = 16
05-30 15:28:40.450 D/WifiHAL ( 522): error code -95 mapped to -3
05-30 15:28:40.451 E/WifiStaIfaceAidlImpl( 703): getLinkLayerStats failed with service-specific exception: android.os.ServiceSpecificException: (code 4)
05-30 15:28:42.536 D/TrafficStats( 2852): tagSocket(131) with statsTag=0xffffffff, statsUid=-1
05-30 15:28:43.455 I/WifiHAL ( 522): call wifi_get_link_stats handler
05-30 15:28:43.455 I/WifiHAL ( 522): Creating message to get link statistics; iface = 16
05-30 15:28:43.456 D/WifiHAL ( 522): error code -95 mapped to -3
05-30 15:28:43.456 E/WifiStaIfaceAidlImpl( 703): getLinkLayerStats failed with service-specific exception: android.os.ServiceSpecificException: (code 4)
05-30 15:28:45.798 W/gbei.zhushou.os( 2186): Suspending all threads took: 5.817ms
05-30 15:28:46.462 I/WifiHAL ( 522): call wifi_get_link_stats handler
05-30 15:28:46.462 I/WifiHAL ( 522): Creating message to get link statistics; iface = 16
05-30 15:28:46.462 D/WifiHAL ( 522): error code -95 mapped to -3
05-30 15:28:46.463 E/WifiStaIfaceAidlImpl( 703): getLinkLayerStats failed with service-specific exception: android.os.ServiceSpecificException: (code 4)
05-30 15:28:48.090 I/TDLog ( 2186): [APP] New data found, Submitting...
05-30 15:28:48.106 D/TrafficStats( 2186): tagSocket(104) with statsTag=0xffffffff, statsUid=-1
05-30 15:28:48.115 I/TDLog ( 2186): [APP] Failed to submit data!
05-30 15:28:48.959 D/UtilLog ( 2186): 日志批量上报 进行正常循环 !!!!!!本次有0次请求,共0条数据
05-30 15:28:49.468 I/WifiHAL ( 522): call wifi_get_link_stats handler
05-30 15:28:49.468 I/WifiHAL ( 522): Creating message to get link statistics; iface = 16
05-30 15:28:49.468 D/WifiHAL ( 522): error code -95 mapped to -3
05-30 15:28:49.469 E/WifiStaIfaceAidlImpl( 703): getLinkLayerStats failed with service-specific exception: android.os.ServiceSpecificException: (code 4)
05-30 15:28:52.127 D/nStackXCoAP( 2953): IsInSameNetwork:[276] :IsInSameNetwork exec
05-30 15:28:52.127 I/nStackXDFinder( 2953): GetLocalInterfaceDetail:[461] :GetLocalInterfaceDetail in
05-30 15:28:52.127 E/nStackXCoAP( 2953): IsInSameNetwork:[281] :IsInSameNetwork: not priority process
05-30 15:28:52.127 D/nStackXCoAP( 2953): ParseServiceDiscover:[330] :new device join
05-30 15:28:52.127 I/nStackXDFinder( 2953): NotifyDeviceListChanged:[540] :notify callback: device list changed callback is null
05-30 15:28:52.127 E/nStackXDFinder( 2953): GetLocalIp:[401] :GetLocalIp exec
05-30 15:28:52.152 D/nStackXCoAP( 2953): CoapMessageHandler:[133] :2.01
05-30 15:28:52.221 D/nStackXCoAP( 2953): IsInSameNetwork:[276] :IsInSameNetwork exec
05-30 15:28:52.221 I/nStackXDFinder( 2953): GetLocalInterfaceDetail:[461] :GetLocalInterfaceDetail in
05-30 15:28:52.221 E/nStackXCoAP( 2953): IsInSameNetwork:[281] :IsInSameNetwork: not priority process
05-30 15:28:52.221 D/nStackXCoAP( 2953): ParseServiceDiscover:[330] :new device join
05-30 15:28:52.222 E/nStackXDFinder( 2953): GetLocalIp:[401] :GetLocalIp exec
05-30 15:28:52.267 D/nStackXCoAP( 2953): CoapMessageHandler:[133] :2.01
05-30 15:28:52.405 D/nStackXCoAP( 2953): IsInSameNetwork:[276] :IsInSameNetwork exec
05-30 15:28:52.405 I/nStackXDFinder( 2953): GetLocalInterfaceDetail:[461] :GetLocalInterfaceDetail in
05-30 15:28:52.405 E/nStackXCoAP( 2953): IsInSameNetwork:[281] :IsInSameNetwork: not priority process
05-30 15:28:52.405 D/nStackXCoAP( 2953): ParseServiceDiscover:[330] :new device join
05-30 15:28:52.405 E/nStackXDFinder( 2953): GetLocalIp:[401] :GetLocalIp exec
05-30 15:28:52.474 I/WifiHAL ( 522): call wifi_get_link_stats handler
05-30 15:28:52.475 I/WifiHAL ( 522): Creating message to get link statistics; iface = 16
05-30 15:28:52.475 D/WifiHAL ( 522): error code -95 mapped to -3
05-30 15:28:52.475 E/WifiStaIfaceAidlImpl( 703): getLinkLayerStats failed with service-specific exception: android.os.ServiceSpecificException: (code 4)
05-30 15:28:52.478 D/nStackXCoAP( 2953): CoapMessageHandler:[133] :2.01
05-30 15:28:52.682 D/TrafficStats( 2852): tagSocket(131) with statsTag=0xffffffff, statsUid=-1
05-30 15:28:53.120 D/nStackXCoAP( 2953): IsInSameNetwork:[276] :IsInSameNetwork exec
05-30 15:28:53.120 I/nStackXDFinder( 2953): GetLocalInterfaceDetail:[461] :GetLocalInterfaceDetail in
05-30 15:28:53.120 E/nStackXCoAP( 2953): IsInSameNetwork:[281] :IsInSameNetwork: not priority process
05-30 15:28:53.120 D/nStackXCoAP( 2953): ParseServiceDiscover:[330] :new device join
05-30 15:28:53.120 E/nStackXDFinder( 2953): GetLocalIp:[401] :GetLocalIp exec
05-30 15:28:53.158 D/nStackXCoAP( 2953): CoapMessageHandler:[133] :2.01
05-30 15:28:53.632 D/nStackXCoAP( 2953): IsInSameNetwork:[276] :IsInSameNetwork exec
05-30 15:28:53.632 I/nStackXDFinder( 2953): GetLocalInterfaceDetail:[461] :GetLocalInterfaceDetail in
05-30 15:28:53.632 E/nStackXCoAP( 2953): IsInSameNetwork:[281] :IsInSameNetwork: not priority process
05-30 15:28:53.632 D/nStackXCoAP( 2953): ParseServiceDiscover:[330] :new device join
05-30 15:28:53.632 E/nStackXDFinder( 2953): GetLocalIp:[401] :GetLocalIp exec
05-30 15:28:53.640 D/nStackXCoAP( 2953): CoapMessageHandler:[133] :2.01
05-30 15:28:54.144 D/nStackXCoAP( 2953): IsInSameNetwork:[276] :IsInSameNetwork exec
05-30 15:28:54.144 I/nStackXDFinder( 2953): GetLocalInterfaceDetail:[461] :GetLocalInterfaceDetail in
05-30 15:28:54.144 E/nStackXCoAP( 2953): IsInSameNetwork:[281] :IsInSameNetwork: not priority process
05-30 15:28:54.144 D/nStackXCoAP( 2953): ParseServiceDiscover:[330] :new device join
05-30 15:28:54.144 E/nStackXDFinder( 2953): GetLocalIp:[401] :GetLocalIp exec
05-30 15:28:54.174 D/nStackXCoAP( 2953): CoapMessageHandler:[133] :2.01
05-30 15:28:54.563 D/nStackXCoAP( 2953): IsInSameNetwork:[276] :IsInSameNetwork exec
05-30 15:28:54.563 I/nStackXDFinder( 2953): GetLocalInterfaceDetail:[461] :GetLocalInterfaceDetail in
05-30 15:28:54.563 E/nStackXCoAP( 2953): IsInSameNetwork:[281] :IsInSameNetwork: not priority process
05-30 15:28:54.563 D/nStackXCoAP( 2953): ParseServiceDiscover:[330] :new device join
05-30 15:28:54.563 E/nStackXDFinder( 2953): GetLocalIp:[401] :GetLocalIp exec
05-30 15:28:54.583 D/nStackXCoAP( 2953): CoapMessageHandler:[133] :2.01
05-30 15:28:55.079 D/nStackXCoAP( 2953): IsInSameNetwork:[276] :IsInSameNetwork exec
05-30 15:28:55.079 I/nStackXDFinder( 2953): GetLocalInterfaceDetail:[461] :GetLocalInterfaceDetail in
05-30 15:28:55.079 E/nStackXCoAP( 2953): IsInSameNetwork:[281] :IsInSameNetwork: not priority process
05-30 15:28:55.079 D/nStackXCoAP( 2953): ParseServiceDiscover:[330] :new device join
05-30 15:28:55.079 E/nStackXDFinder( 2953): GetLocalIp:[401] :GetLocalIp exec
05-30 15:28:55.128 D/nStackXCoAP( 2953): CoapMessageHandler:[133] :2.01
05-30 15:28:55.483 I/WifiHAL ( 522): call wifi_get_link_stats handler
05-30 15:28:55.483 I/WifiHAL ( 522): Creating message to get link statistics; iface = 16
05-30 15:28:55.483 D/WifiHAL ( 522): error code -95 mapped to -3
05-30 15:28:55.484 E/WifiStaIfaceAidlImpl( 703): getLinkLayerStats failed with service-specific exception: android.os.ServiceSpecificException: (code 4)
05-30 15:28:55.697 D/nStackXCoAP( 2953): IsInSameNetwork:[276] :IsInSameNetwork exec
05-30 15:28:55.697 I/nStackXDFinder( 2953): GetLocalInterfaceDetail:[461] :GetLocalInterfaceDetail in
05-30 15:28:55.697 E/nStackXCoAP( 2953): IsInSameNetwork:[281] :IsInSameNetwork: not priority process
05-30 15:28:55.697 D/nStackXCoAP( 2953): ParseServiceDiscover:[330] :new device join
05-30 15:28:55.697 E/nStackXDFinder( 2953): GetLocalIp:[401] :GetLocalIp exec
05-30 15:28:56.089 D/nStackXCoAP( 2953): IsInSameNetwork:[276] :IsInSameNetwork exec
05-30 15:28:56.089 I/nStackXDFinder( 2953): GetLocalInterfaceDetail:[461] :GetLocalInterfaceDetail in
05-30 15:28:56.089 E/nStackXCoAP( 2953): IsInSameNetwork:[281] :IsInSameNetwork: not priority process
05-30 15:28:56.089 D/nStackXCoAP( 2953): ParseServiceDiscover:[330] :new device join
05-30 15:28:56.089 E/nStackXDFinder( 2953): GetLocalIp:[401] :GetLocalIp exec
05-30 15:28:58.490 I/WifiHAL ( 522): call wifi_get_link_stats handler
05-30 15:28:58.490 I/WifiHAL ( 522): Creating message to get link statistics; iface = 16
05-30 15:28:58.491 D/WifiHAL ( 522): error code -95 mapped to -3
05-30 15:28:58.491 E/WifiStaIfaceAidlImpl( 703): getLinkLayerStats failed with service-specific exception: android.os.ServiceSpecificException: (code 4)
05-30 15:28:58.958 D/UtilLog ( 2186): 日志批量上报 进行正常循环 !!!!!!本次有0次请求,共0条数据
05-30 15:28:59.776 D/nStackXCoAP( 2953): IsInSameNetwork:[276] :IsInSameNetwork exec
05-30 15:28:59.776 I/nStackXDFinder( 2953): GetLocalInterfaceDetail:[461] :GetLocalInterfaceDetail in
05-30 15:28:59.776 E/nStackXCoAP( 2953): IsInSameNetwork:[281] :IsInSameNetwork: not priority process
05-30 15:28:59.776 D/nStackXCoAP( 2953): ParseServiceDiscover:[330] :new device join
05-30 15:28:59.776 E/nStackXDFinder( 2953): GetLocalIp:[401] :GetLocalIp exec
05-30 15:28:59.895 D/nStackXCoAP( 2953): IsInSameNetwork:[276] :IsInSameNetwork exec
05-30 15:28:59.895 I/nStackXDFinder( 2953): GetLocalInterfaceDetail:[461] :GetLocalInterfaceDetail in
05-30 15:28:59.895 E/nStackXCoAP( 2953): IsInSameNetwork:[281] :IsInSameNetwork: not priority process
05-30 15:28:59.895 D/nStackXCoAP( 2953): ParseServiceDiscover:[330] :new device join
05-30 15:28:59.895 E/nStackXDFinder( 2953): GetLocalIp:[401] :GetLocalIp exec
05-30 15:29:00.097 D/nStackXCoAP( 2953): IsInSameNetwork:[276] :IsInSameNetwork exec
05-30 15:29:00.098 I/nStackXDFinder( 2953): GetLocalInterfaceDetail:[461] :GetLocalInterfaceDetail in
05-30 15:29:00.098 E/nStackXCoAP( 2953): IsInSameNetwork:[281] :IsInSameNetwork: not priority process
05-30 15:29:00.098 D/nStackXCoAP( 2953): ParseServiceDiscover:[330] :new device join
05-30 15:29:00.098 E/nStackXDFinder( 2953): GetLocalIp:[401] :GetLocalIp exec
05-30 15:29:00.399 D/nStackXCoAP( 2953): IsInSameNetwork:[276] :IsInSameNetwork exec
05-30 15:29:00.400 I/nStackXDFinder( 2953): GetLocalInterfaceDetail:[461] :GetLocalInterfaceDetail in
05-30 15:29:00.400 E/nStackXCoAP( 2953): IsInSameNetwork:[281] :IsInSameNetwork: not priority process
05-30 15:29:00.400 D/nStackXCoAP( 2953): ParseServiceDiscover:[330] :new device join
05-30 15:29:00.400 E/nStackXDFinder( 2953): GetLocalIp:[401] :GetLocalIp exec
05-30 15:29:01.312 D/nStackXCoAP( 2953): IsInSameNetwork:[276] :IsInSameNetwork exec
05-30 15:29:01.312 I/nStackXDFinder( 2953): GetLocalInterfaceDetail:[461] :GetLocalInterfaceDetail in
05-30 15:29:01.312 E/nStackXCoAP( 2953): IsInSameNetwork:[281] :IsInSameNetwork: not priority process
05-30 15:29:01.312 D/nStackXCoAP( 2953): ParseServiceDiscover:[330] :new device join
05-30 15:29:01.312 E/nStackXDFinder( 2953): GetLocalIp:[401] :GetLocalIp exec
05-30 15:29:01.498 I/WifiHAL ( 522): call wifi_get_link_stats handler
05-30 15:29:01.498 I/WifiHAL ( 522): Creating message to get link statistics; iface = 16
05-30 15:29:01.498 D/WifiHAL ( 522): error code -95 mapped to -3
05-30 15:29:01.499 E/WifiStaIfaceAidlImpl( 703): getLinkLayerStats failed with service-specific exception: android.os.ServiceSpecificException: (code 4)
05-30 15:29:01.767 D/nStackXCoAP( 2953): IsInSameNetwork:[276] :IsInSameNetwork exec
05-30 15:29:01.767 I/nStackXDFinder( 2953): GetLocalInterfaceDetail:[461] :GetLocalInterfaceDetail in
05-30 15:29:01.767 E/nStackXCoAP( 2953): IsInSameNetwork:[281] :IsInSameNetwork: not priority process
05-30 15:29:01.767 D/nStackXCoAP( 2953): ParseServiceDiscover:[330] :new device join
05-30 15:29:01.767 E/nStackXDFinder( 2953): GetLocalIp:[401] :GetLocalIp exec
05-30 15:29:02.246 D/nStackXCoAP( 2953): IsInSameNetwork:[276] :IsInSameNetwork exec
05-30 15:29:02.246 I/nStackXDFinder( 2953): GetLocalInterfaceDetail:[461] :GetLocalInterfaceDetail in
05-30 15:29:02.246 E/nStackXCoAP( 2953): IsInSameNetwork:[281] :IsInSameNetwork: not priority process
05-30 15:29:02.246 D/nStackXCoAP( 2953): ParseServiceDiscover:[330] :new device join
05-30 15:29:02.247 E/nStackXDFinder( 2953): GetLocalIp:[401] :GetLocalIp exec
