05-30 15:25:27.245 I/wpa_supplicant( 1241): wlan0: WPA: Sending EAPOL-Key 2/4
05-30 15:25:27.251 I/d.leradlauncher( 1540): Background concurrent copying GC freed 269875(54MB) AllocSpace objects, 51(9744KB) LOS objects, 49% free, 10MB/20MB, paused 2.233ms,91us total 349.124ms
05-30 15:25:27.252 I/wpa_supplicant( 1241): wlan0: RSN: RX message 3 of 4-Way Handshake from 58:c7:ac:78:f0:10 (ver=2)
05-30 15:25:27.252 I/wpa_supplicant( 1241): wlan0: WPA: Sending EAPOL-Key 4/4
05-30 15:25:27.259 W/SoundPool( 1817): Use of stream types is deprecated for operations other than volume control
05-30 15:25:27.260 W/SoundPool( 1817): See the documentation of SoundPool() for what to use instead with android.media.AudioAttributes to qualify your playback use case
05-30 15:25:27.259 I/Tethering( 1096): adding IpServer for: wlan0
05-30 15:25:27.264 I/wpa_supplicant( 1241): assoc key_mgmt 0x2 network key_mgmt 0x142
05-30 15:25:27.265 D/libdolbyms12( 480): continuous underrun 2
05-30 15:25:27.283 I/wpa_supplicant( 1241): wlan0: WPA: Key negotiation completed with 58:c7:ac:78:f0:10 [PTK=CCMP GTK=TKIP]
05-30 15:25:27.283 I/wpa_supplicant( 1241): wlan0: CTRL-EVENT-CONNECTED - Connection to 58:c7:ac:78:f0:10 completed [id=0 id_str=%7B%22configKey%22%3A%22%5C%22DB-machines5G%5C%22WPA_PSK%22%2C%22creatorUid%22%3A%221000%22%7D]
05-30 15:25:27.284 I/wpa_supplicant( 1241): assoc key_mgmt 0x2 network key_mgmt 0x142
05-30 15:25:27.296 I/WifiService( 703): updateInterfaceIpState uid=1073
05-30 15:25:27.298 D/RockyVoice( 1817): RestartReceiver onReceive
05-30 15:25:27.303 I/WifiClientModeImpl[20142:wlan0]( 703): Update current security type to 2
05-30 15:25:27.314 I/MediaProvider( 1491): Scanned external_primary due to REASON_MOUNTED, found 49 items in 784ms, 0 inserts 9 updates 0 deletes
05-30 15:25:27.317 W/ContextImpl( 703): Calling a method in the system process without a qualified user: android.app.ContextImpl.sendStickyBroadcast:1626 com.android.server.wifi.ClientModeImpl.sendNetworkChangeBroadcast:3008 com.android.server.wifi.ClientModeImpl.lambda$sendNetworkChangeBroadcastWithCurrentState$14:2985 com.android.server.wifi.ClientModeImpl.$r8$lambda$q-j88Pjw4gROgoJFr8wBlBVbuJI:0 com.android.server.wifi.ClientModeImpl$$ExternalSyntheticLambda4.send:0
05-30 15:25:27.321 I/PermissionEventCleanupJobService( 1918): Job already scheduled.
05-30 15:25:27.323 D/PermissionStorageTimeChangeReceiver( 1918): systemTimeSnapshot set to 1748589927323
05-30 15:25:27.324 D/PermissionStorageTimeChangeReceiver( 1918): realtimeSnapshot set to 25435
05-30 15:25:27.326 D/RockyReceiver( 1817): action: android.net.wifi.WIFI_STATE_CHANGED
05-30 15:25:27.328 D/RockyReceiver( 1817): action: android.net.wifi.STATE_CHANGE
05-30 15:25:27.333 I/WifiClientModeImpl[20142:wlan0]( 703): Update current security type to 2
05-30 15:25:27.334 I/MediaProvider( 1491): End Intent { act=com.android.providers.media.action.SCAN_VOLUME (has extras) }
05-30 15:25:27.336 I/WifiClientModeImpl[20142:wlan0]( 703): Update current security type to 2
05-30 15:25:27.340 D/WifiService( 703): updateInterfaceIpState: ifaceName=wlan0 mode=-1 previous LOHS mode= -1
05-30 15:25:27.347 D/CompatibilityChangeReporter( 703): Compat change id reported: 168419799; UID 10026; state: DISABLED
05-30 15:25:27.350 I/WifiClientModeImpl[20142:wlan0]( 703): Update current security type to 2 from network connection event.
05-30 15:25:27.350 I/wpa_supplicant( 1241): wpa_driver_nl80211_driver_cmd: wifi vendor: aml_w2_s
05-30 15:25:27.350 I/wpa_supplicant( 1241): wpa_driver_nl80211_driver_cmd: wlan0: private command: MACADDR
05-30 15:25:27.351 D/CompatibilityChangeReporter( 703): Compat change id reported: 273564678; UID 10026; state: DISABLED
05-30 15:25:27.360 D/CompatibilityChangeReporter( 703): Compat change id reported: 265195908; UID 10026; state: ENABLED
05-30 15:25:27.364 W/ContextImpl( 703): Calling a method in the system process without a qualified user: android.app.ContextImpl.sendStickyBroadcast:1626 com.android.server.wifi.ClientModeImpl.sendNetworkChangeBroadcast:3008 com.android.server.wifi.ClientModeImpl.lambda$sendNetworkChangeBroadcastWithCurrentState$14:2985 com.android.server.wifi.ClientModeImpl.$r8$lambda$q-j88Pjw4gROgoJFr8wBlBVbuJI:0 com.android.server.wifi.ClientModeImpl$$ExternalSyntheticLambda4.send:0
05-30 15:25:27.367 D/CompatibilityChangeReporter( 2000): Compat change id reported: 171979766; UID 10026; state: ENABLED
05-30 15:25:27.367 D/CompatibilityChangeReporter( 2000): Compat change id reported: 242716250; UID 10026; state: ENABLED
05-30 15:25:27.372 D/CompatibilityChangeReporter( 703): Compat change id reported: 170503758; UID 10026; state: ENABLED
05-30 15:25:27.387 D/RockyReceiver( 1817): action: android.net.wifi.STATE_CHANGE
05-30 15:25:27.392 D/RockyReceiver( 1817): action: android.net.wifi.STATE_CHANGE
05-30 15:25:27.393 D/nativeloader( 2000): Configuring clns-shared-4 for other apk /system/priv-app/TvProvider/TvProvider.apk. target_sdk_version=34, uses_libraries=, library_path=/system/priv-app/TvProvider/lib/arm:/system/lib:/system_ext/lib, permitted_path=/data:/mnt/expand:/data/user_de/0/com.android.providers.tv:/system/priv-app/TvProvider:/system/lib:/system_ext/lib
05-30 15:25:27.400 I/MediaProvider( 1491): Begin Intent { act=android.intent.action.MEDIA_MOUNTED dat=file:///... flg=0x5000010 cmp=com.android.providers.media.module/com.android.providers.media.MediaService (has extras) }
05-30 15:25:27.406 I/ConnectivityService( 703): Update score for net 100 : +IS_UNMETERED
05-30 15:25:27.415 D/ConnectivityService( 703): registerNetworkAgent NetworkAgentInfo{network{100} handle{432902426637} ni{WIFI CONNECTING extra: } created=2025-05-30T07:25:27.407Z Score(Policies : IS_UNMETERED ; KeepConnected : 0) lp{{LinkAddresses: [ ] DnsAddresses: [ ] Domains: null MTU: 0 Routes: [ ]}} nc{[ Transports: WIFI Capabilities: NOT_METERED&INTERNET&NOT_RESTRICTED&TRUSTED&NOT_VPN&NOT_ROAMING&NOT_CONGESTED&NOT_SUSPENDED&NOT_VCN_MANAGED LinkUpBandwidth>=1200000Kbps LinkDnBandwidth>=1200000Kbps Specifier: TransportInfo: , Provider friendly name: , Requesting package name: "DB-machines5G"wpa2-pskMLO Information: , Is TID-To-Link negotiation supported by the AP: false, AP MLD Address: , AP MLO Link Id: , AP MLO Affiliated links: > AllowedUids: <{1000}> OwnerUid: 1000 AdminUids: [1000] SSID: "DB-machines5G" UnderlyingNetworks: Null]} factorySerialNumber=4}
05-30 15:25:27.424 I/MediaProvider( 1491): Volume MediaVolume name: [external_primary] id: [emulated;0] user: [UserHandle{0}] path: [/storage/emulated/0] externallyManaged: [false] mPublicVolume: [false] already attached
05-30 15:25:27.424 I/MediaProvider( 1491): End Intent { act=android.intent.action.MEDIA_MOUNTED dat=file:///... flg=0x5000010 cmp=com.android.providers.media.module/com.android.providers.media.MediaService (has extras) }
05-30 15:25:27.425 I/MediaProvider( 1491): Begin Intent { act=android.intent.action.MEDIA_MOUNTED dat=file:///... flg=0x5000010 cmp=com.android.providers.media.module/com.android.providers.media.MediaService (has extras) }
05-30 15:25:27.426 I/MediaProvider( 1491): Volume MediaVolume name: [external_primary] id: [emulated;0] user: [UserHandle{0}] path: [/storage/emulated/0] externallyManaged: [false] mPublicVolume: [false] already attached
05-30 15:25:27.426 I/MediaProvider( 1491): End Intent { act=android.intent.action.MEDIA_MOUNTED dat=file:///... flg=0x5000010 cmp=com.android.providers.media.module/com.android.providers.media.MediaService (has extras) }
05-30 15:25:27.436 W/ContextImpl( 703): Calling a method in the system process without a qualified user: android.app.ContextImpl.sendStickyBroadcast:1626 com.android.server.wifi.ClientModeImpl.sendNetworkChangeBroadcast:3008 com.android.server.wifi.ClientModeImpl.lambda$sendNetworkChangeBroadcastWithCurrentState$14:2985 com.android.server.wifi.ClientModeImpl.$r8$lambda$q-j88Pjw4gROgoJFr8wBlBVbuJI:0 com.android.server.wifi.ClientModeImpl$$ExternalSyntheticLambda4.send:0
05-30 15:25:27.437 V/GraphicsEnvironment( 2000): Currently set values for:
05-30 15:25:27.437 V/GraphicsEnvironment( 2000): angle_gl_driver_selection_pkgs=[]
05-30 15:25:27.437 V/GraphicsEnvironment( 2000): angle_gl_driver_selection_values=[]
05-30 15:25:27.444 V/GraphicsEnvironment( 2000): ANGLE GameManagerService for com.android.providers.tv: false
05-30 15:25:27.444 V/GraphicsEnvironment( 2000): com.android.providers.tv is not listed in per-application setting
05-30 15:25:27.445 V/GraphicsEnvironment( 2000): Neither updatable production driver nor prerelease driver is supported.
05-30 15:25:27.449 I/wpa_supplicant( 1241): wpa_driver_nl80211_driver_cmd: wifi vendor: aml_w2_s
05-30 15:25:27.449 I/wpa_supplicant( 1241): wpa_driver_nl80211_driver_cmd: wlan0: private command: BTCOEXMODE 2
05-30 15:25:27.450 D/CompatibilityChangeReporter( 1096): Compat change id reported: 186082280; UID 1073; state: ENABLED
05-30 15:25:27.453 D/CompatibilityChangeReporter( 2000): Compat change id reported: 160794467; UID 10026; state: ENABLED
05-30 15:25:27.458 D/RockyReceiver( 1817): action: android.net.wifi.STATE_CHANGE
05-30 15:25:27.463 D/OomAdjuster( 703): Not killing cached processes
05-30 15:25:27.467 I/WifiHAL ( 522): call wifi_get_link_stats handler
05-30 15:25:27.467 I/WifiHAL ( 522): Creating message to get link statistics; iface = 16
05-30 15:25:27.467 D/WifiHAL ( 522): error code -95 mapped to -3
05-30 15:25:27.467 D/CompatibilityChangeReporter( 703): Compat change id reported: 135634846; UID 10054; state: DISABLED
05-30 15:25:27.467 D/CompatibilityChangeReporter( 703): Compat change id reported: 177438394; UID 10054; state: DISABLED
05-30 15:25:27.468 D/CompatibilityChangeReporter( 703): Compat change id reported: 135772972; UID 10054; state: DISABLED
05-30 15:25:27.468 D/CompatibilityChangeReporter( 703): Compat change id reported: 135754954; UID 10054; state: ENABLED
05-30 15:25:27.468 E/WifiStaIfaceAidlImpl( 703): getLinkLayerStats failed with service-specific exception: android.os.ServiceSpecificException: (code 4)
05-30 15:25:27.468 D/CompatibilityChangeReporter( 703): Compat change id reported: 143937733; UID 10054; state: ENABLED
05-30 15:25:27.469 I/WifiClientModeImpl[20142:wlan0]( 703): Update current security type to 2
05-30 15:25:27.474 D/CompatibilityChangeReporter( 703): Compat change id reported: 171306433; UID 1073; state: ENABLED
05-30 15:25:27.477 I/WifiHAL ( 522): call wifi_get_link_stats handler
05-30 15:25:27.477 I/WifiHAL ( 522): Creating message to get link statistics; iface = 16
05-30 15:25:27.478 D/WifiHAL ( 522): error code -95 mapped to -3
05-30 15:25:27.478 E/WifiStaIfaceAidlImpl( 703): getLinkLayerStats failed with service-specific exception: android.os.ServiceSpecificException: (code 4)
05-30 15:25:27.487 D/ConnectivityService( 703): [100 WIFI] EVENT_NETWORK_INFO_CHANGED, going from CONNECTING to CONNECTING
05-30 15:25:27.493 I/ConnectivityService( 703): Update score for net 100 : +TRANSPORT_PRIMARY
05-30 15:25:27.494 D/ConnectivityService( 703): NetReassign [no changes] [c 0] [a 0] [i 0]
05-30 15:25:27.500 D/NetworkMonitor/100( 1096): checkAndRenewResourceConfig: update captive portal https urls to [https://www.google.com/generate_204]
05-30 15:25:27.501 D/NetworkMonitor/100( 1096): checkAndRenewResourceConfig: update captive portal http urls to [http://connectivitycheck.gstatic.com/generate_204]
05-30 15:25:27.503 D/ConnectivityService( 703): NetReassign [no changes] [c 0] [a 0] [i 1]
05-30 15:25:27.506 D/NetworkMonitor/100( 1096): checkAndRenewResourceConfig: update captive portal fallback urls to[http://www.google.com/gen_204, http://play.googleapis.com/generate_204]
05-30 15:25:27.506 D/NetworkMonitor( 1096): Starting on network 100 with capport HTTPS URL [https://www.google.com/generate_204] and HTTP URL [http://connectivitycheck.gstatic.com/generate_204]
05-30 15:25:27.521 I/ActivityManager( 703): com.android.localtransport is exempt from freezer
05-30 15:25:27.521 D/CompatibilityChangeReporter( 703): Compat change id reported: 135634846; UID 1000; state: DISABLED
05-30 15:25:27.531 D/CompatibilityChangeReporter( 703): Compat change id reported: 143231523; UID 10016; state: DISABLED
05-30 15:25:27.536 D/WifiHAL ( 522): Setting APF program, halHandle = 0xf41824a0
05-30 15:25:27.537 I/WifiHAL ( 522): createRequest: APF set program request
05-30 15:25:27.537 D/WifiHAL ( 522): error code -95 mapped to -3
05-30 15:25:27.537 I/WifiHAL ( 522): Request Response failed for APF, result = -3
05-30 15:25:27.537 E/WifiStaIfaceAidlImpl( 703): installApfPacketFilter failed with service-specific exception: android.os.ServiceSpecificException: (code 4)
05-30 15:25:27.541 D/WifiHAL ( 522): Setting APF program, halHandle = 0xf41824a0
05-30 15:25:27.541 I/WifiHAL ( 522): createRequest: APF set program request
05-30 15:25:27.541 D/WifiHAL ( 522): error code -95 mapped to -3
05-30 15:25:27.541 I/WifiHAL ( 522): Request Response failed for APF, result = -3
05-30 15:25:27.542 E/WifiStaIfaceAidlImpl( 703): installApfPacketFilter failed with service-specific exception: android.os.ServiceSpecificException: (code 4)
05-30 15:25:27.550 D/Zygote ( 469): Forked child process 2039
05-30 15:25:27.551 W/ActivityManager( 703): Slow operation: 84ms so far, now at startProcess: returned from zygote!
05-30 15:25:27.551 W/ActivityManager( 703): Slow operation: 85ms so far, now at startProcess: done updating battery stats
05-30 15:25:27.551 W/ActivityManager( 703): Slow operation: 85ms so far, now at startProcess: building log message
05-30 15:25:27.552 I/ActivityManager( 703): Start proc 2039:com.android.rkpdapp/u0a54 for broadcast {com.android.rkpdapp/com.android.rkpdapp.BootReceiver}
05-30 15:25:27.552 W/ActivityManager( 703): Slow operation: 85ms so far, now at startProcess: starting to update pids map
05-30 15:25:27.552 W/ActivityManager( 703): Slow operation: 85ms so far, now at startProcess: done updating pids map
05-30 15:25:27.558 D/ApfFilter( 1096): (wlan0): begin monitoring
05-30 15:25:27.576 I/Zygote ( 2039): seccomp disabled by setenforce 0
05-30 15:25:27.584 I/android.rkpdapp( 2039): Using CollectorTypeCC GC.
05-30 15:25:27.588 D/Zygote ( 469): Forked child process 2048
05-30 15:25:27.589 W/ActivityManager( 703): Slow operation: 68ms so far, now at startProcess: returned from zygote!
05-30 15:25:27.589 W/ActivityManager( 703): Slow operation: 69ms so far, now at startProcess: done updating battery stats
05-30 15:25:27.589 W/ActivityManager( 703): Slow operation: 69ms so far, now at startProcess: building log message
05-30 15:25:27.589 I/ActivityManager( 703): Start proc 2048:com.android.localtransport/1000 for service {com.android.localtransport/com.android.localtransport.LocalTransportService}
05-30 15:25:27.590 W/ActivityManager( 703): Slow operation: 69ms so far, now at startProcess: starting to update pids map
05-30 15:25:27.590 W/ActivityManager( 703): Slow operation: 69ms so far, now at startProcess: done updating pids map
05-30 15:25:27.592 E/android.rkpdapp( 2039): Not starting debugger since process cannot load the jdwp agent.
05-30 15:25:27.593 I/Zygote ( 2048): seccomp disabled by setenforce 0
05-30 15:25:27.595 D/IpClient/wlan0( 1096): routeUpdated: fe80::/64 -> :: wlan0 mtu 0
05-30 15:25:27.598 D/IpClient/wlan0( 1096): addressUpdated: fe80::4c74:851b:2eda:9a9b/64 on ifindex 16 flags 0x000008C4 scope 253
05-30 15:25:27.599 I/.localtransport( 2048): Using CollectorTypeCC GC.
05-30 15:25:27.601 D/TrafficStats( 1096): tagSocket(102) with statsTag=0xfffffe01, statsUid=-1
05-30 15:25:27.603 D/hq ( 1540): NetWorkStateReceiver:::检查网络,并且持续更新 isConnect=false
05-30 15:25:27.605 E/.localtransport( 2048): Not starting debugger since process cannot load the jdwp agent.
05-30 15:25:27.617 D/BufferPoolAccessor2.0( 703): bufferpool2 0xbe9c18e8 : 0(0 size) total buffers - 0(0 size) used buffers - 0/7 (recycle/alloc) - 6/24 (fetch/transfer)
05-30 15:25:27.617 D/BufferPoolAccessor2.0( 703): evictor expired: 1, evicted: 1
05-30 15:25:27.621 D/IpClient.wlan0( 1096): set max DTIM multiplier to 1
05-30 15:25:27.623 D/ConnectivityService( 703): Adding iface wlan0 to network 100
05-30 15:25:27.623 D/WifiHAL ( 522): Setting DTIM config , halHandle = 0xf41824a0 Multiplier = 1
05-30 15:25:27.623 I/WifiHAL ( 522): Successfully configured dtim multiplier 1
05-30 15:25:27.623 D/WifiHAL ( 522): error code -95 mapped to -3
05-30 15:25:27.624 E/Netd ( 468): no such netId 100
05-30 15:25:27.624 D/CompatibilityChangeReporter( 2048): Compat change id reported: 171979766; UID 1000; state: ENABLED
05-30 15:25:27.624 D/BufferPoolAccessor2.0( 628): bufferpool2 0xf2801588 : 0(0 size) total buffers - 0(0 size) used buffers - 8/10 (recycle/alloc) - 2/9 (fetch/transfer)
05-30 15:25:27.624 D/BufferPoolAccessor2.0( 628): evictor expired: 1, evicted: 1
05-30 15:25:27.625 W/ConnectivityService( 703): Exception adding interface: android.os.ServiceSpecificException: Machine is not on the network (code 64)
05-30 15:25:27.625 D/CompatibilityChangeReporter( 2048): Compat change id reported: 242716250; UID 1000; state: ENABLED
05-30 15:25:27.625 D/CompatibilityChangeReporter( 703): Compat change id reported: 186082280; UID 1000; state: ENABLED
05-30 15:25:27.626 E/Netd ( 468): no such netId 100
05-30 15:25:27.626 E/WifiStaIfaceAidlImpl( 703): setDtimMultiplier failed with service-specific exception: android.os.ServiceSpecificException: (code 4)
05-30 15:25:27.627 I/wpa_supplicant( 1241): wpa_driver_nl80211_driver_cmd: wifi vendor: aml_w2_s
05-30 15:25:27.627 I/wpa_supplicant( 1241): wpa_driver_nl80211_driver_cmd: wlan0: private command: BTCOEXMODE 1
05-30 15:25:27.628 I/wpa_supplicant( 1241): wpa_driver_nl80211_driver_cmd: wifi vendor: aml_w2_s
05-30 15:25:27.628 I/wpa_supplicant( 1241): wpa_driver_nl80211_driver_cmd: wlan0: private command: SETSUSPENDMODE 0
05-30 15:25:27.642 I/WifiHAL ( 522): call wifi_get_link_stats handler
05-30 15:25:27.642 I/WifiHAL ( 522): Creating message to get link statistics; iface = 16
05-30 15:25:27.642 D/CompatibilityChangeReporter( 703): Compat change id reported: 168419799; UID 10054; state: DISABLED
05-30 15:25:27.642 D/WifiHAL ( 522): error code -95 mapped to -3
05-30 15:25:27.643 D/CompatibilityChangeReporter( 703): Compat change id reported: 273564678; UID 10054; state: DISABLED
05-30 15:25:27.643 W/BestClock( 703): java.time.DateTimeException: Missing network time fix
05-30 15:25:27.643 E/WifiStaIfaceAidlImpl( 703): getLinkLayerStats failed with service-specific exception: android.os.ServiceSpecificException: (code 4)
05-30 15:25:27.645 D/CompatibilityChangeReporter( 703): Compat change id reported: 265195908; UID 10054; state: ENABLED
05-30 15:25:27.650 D/CompatibilityChangeReporter( 2039): Compat change id reported: 171979766; UID 10054; state: ENABLED
05-30 15:25:27.652 D/CompatibilityChangeReporter( 2039): Compat change id reported: 242716250; UID 10054; state: ENABLED
05-30 15:25:27.656 D/nativeloader( 2048): Configuring clns-shared-4 for other apk /system/priv-app/LocalTransport/LocalTransport.apk. target_sdk_version=34, uses_libraries=, library_path=/system/priv-app/LocalTransport/lib/arm:/system/priv-app/LocalTransport/LocalTransport.apk!/lib/armeabi-v7a:/system/lib:/system_ext/lib, permitted_path=/data:/mnt/expand:/data/user/0/com.android.localtransport:/system/priv-app/LocalTransport:/system/lib:/system_ext/lib
05-30 15:25:27.657 D/DhcpClient( 1096): l2key: W87b8c93a7e8ebf58 lease address: /192.168.3.222 lease expiry: 1748592599421 current time: 1748589927657
05-30 15:25:27.661 D/DhcpClient( 1096): Broadcasting DHCPREQUEST ciaddr=0.0.0.0 request=192.168.3.222 serverid=null
05-30 15:25:27.668 W/BestClock( 703): java.time.DateTimeException: Missing network time fix
05-30 15:25:27.670 D/CompatibilityChangeReporter( 703): Compat change id reported: 170503758; UID 10054; state: ENABLED
05-30 15:25:27.689 V/GraphicsEnvironment( 2048): Currently set values for:
05-30 15:25:27.689 V/GraphicsEnvironment( 2048): angle_gl_driver_selection_pkgs=[]
05-30 15:25:27.689 V/GraphicsEnvironment( 2048): angle_gl_driver_selection_values=[]
05-30 15:25:27.690 V/GraphicsEnvironment( 2048): ANGLE GameManagerService for com.android.localtransport: false
05-30 15:25:27.690 V/GraphicsEnvironment( 2048): com.android.localtransport is not listed in per-application setting
05-30 15:25:27.690 V/GraphicsEnvironment( 2048): Neither updatable production driver nor prerelease driver is supported.
05-30 15:25:27.702 D/nativeloader( 2039): Configuring clns-shared-4 for other apk /apex/com.android.rkpd/priv-app/rkpdapp@UD2A.240505.001.W1/rkpdapp.apk. target_sdk_version=34, uses_libraries=, library_path=/apex/com.android.rkpd/priv-app/rkpdapp@UD2A.240505.001.W1/lib/arm:/system/lib:/system_ext/lib, permitted_path=/data:/mnt/expand:/data/user/0/com.android.rkpdapp:/apex/com.android.rkpd/priv-app/rkpdapp@UD2A.240505.001.W1:/system/lib:/system_ext/lib
05-30 15:25:27.704 D/nativeloader( 2039): InitApexLibraries:
05-30 15:25:27.704 D/nativeloader( 2039): com_android_adservices: libhpke_jni.so:libtflite_support_classifiers_native.so
05-30 15:25:27.704 D/nativeloader( 2039): com_android_appsearch: libicing.so
05-30 15:25:27.704 D/nativeloader( 2039): com_android_art: libartservice.so
05-30 15:25:27.704 D/nativeloader( 2039): com_android_btservices: libbluetooth_jni.so
05-30 15:25:27.704 D/nativeloader( 2039): com_android_conscrypt: libjavacrypto.so
05-30 15:25:27.704 D/nativeloader( 2039): com_android_extservices: libhpke_jni.so:libtflite_support_classifiers_native.so
05-30 15:25:27.704 D/nativeloader( 2039): com_android_os_statsd: libstats_jni.so
05-30 15:25:27.704 D/nativeloader( 2039): com_android_tethering: libandroid_net_connectivity_com_android_net_module_util_jni.so:libcronet.114.0.5735.84.so:libframework-connectivity-jni.so:libframework-connectivity-tiramisu-jni.so:libservice-connectivity.so
05-30 15:25:27.704 D/nativeloader( 2039): com_android_uwb: libuwb_uci_jni_rust.so
05-30 15:25:27.704 D/nativeloader( 2039): com_android_virt: libvirtualizationservice_jni.so:libvirtualmachine_jni.so
05-30 15:25:27.707 I/TransportConnection( 703): LocalTransportService#0: Notifying [TransportManager.registerTransport()] transport = BackupTransportClient
05-30 15:25:27.719 D/BackupTransportManager( 703): [UserID:0] Transport com.android.localtransport/.LocalTransportService registered
05-30 15:25:27.719 D/BackupManagerService( 703): [UserID:0] Transport com.android.localtransport/.LocalTransport registered 3222ms after first request (delay = 3000ms)
05-30 15:25:27.724 I/BackupManagerService( 703): [UserID:0] Found 22 stale backup journal(s), scheduling.
05-30 15:25:27.741 V/GraphicsEnvironment( 2039): Currently set values for:
05-30 15:25:27.741 V/GraphicsEnvironment( 2039): angle_gl_driver_selection_pkgs=[]
05-30 15:25:27.741 V/GraphicsEnvironment( 2039): angle_gl_driver_selection_values=[]
05-30 15:25:27.742 V/GraphicsEnvironment( 2039): ANGLE GameManagerService for com.android.rkpdapp: false
05-30 15:25:27.742 V/GraphicsEnvironment( 2039): com.android.rkpdapp is not listed in per-application setting
05-30 15:25:27.742 V/GraphicsEnvironment( 2039): Neither updatable production driver nor prerelease driver is supported.
05-30 15:25:27.751 D/WM-WrkMgrInitializer( 2039): Initializing WorkManager with default configuration.
05-30 15:25:27.757 D/DhcpClient( 1096): Received packet: 1c:79:2d:20:62:b5 ACK: your new IP /192.168.3.222, netmask /255.255.254.0, gateways [/192.168.3.1] DNS servers: /202.96.134.133 /202.96.128.166 , lease time 3600
05-30 15:25:27.760 D/DhcpClient( 1096): Confirmed lease: com.android.networkstack.android.net.DhcpResults@d6811a15 DHCP server /192.168.3.1 Vendor info null lease 3600 seconds Servername
05-30 15:25:27.762 D/WM-PackageManagerHelper( 2039): androidx.work.impl.background.systemjob.SystemJobService enabled
05-30 15:25:27.762 D/WM-Schedulers( 2039): Created SystemJobScheduler and enabled SystemJobService
05-30 15:25:27.772 I/wpa_supplicant( 1241): wpa_driver_nl80211_driver_cmd: wifi vendor: aml_w2_s
05-30 15:25:27.772 I/wpa_supplicant( 1241): wpa_driver_nl80211_driver_cmd: wlan0: private command: BTCOEXMODE 2
05-30 15:25:27.775 I/ActivityManager( 703): com.android.shell is exempt from freezer
05-30 15:25:27.775 D/CompatibilityChangeReporter( 703): Compat change id reported: 135634846; UID 2000; state: DISABLED
05-30 15:25:27.775 D/CompatibilityChangeReporter( 703): Compat change id reported: 177438394; UID 2000; state: DISABLED
05-30 15:25:27.776 D/CompatibilityChangeReporter( 703): Compat change id reported: 135772972; UID 2000; state: DISABLED
05-30 15:25:27.776 I/RkpdBootReceiver( 2039): Caught boot intent, waking up.
05-30 15:25:27.776 D/CompatibilityChangeReporter( 703): Compat change id reported: 135754954; UID 2000; state: ENABLED
05-30 15:25:27.777 I/BackupManagerService( 703): [UserID:0] Stale backup journals: Scheduled 5 package(s) total
05-30 15:25:27.779 I/WifiClientModeImpl[20142:wlan0]( 703): Update current security type to 2
05-30 15:25:27.781 W/ContextImpl( 703): Calling a method in the system process without a qualified user: android.app.ContextImpl.sendStickyBroadcast:1626 com.android.server.wifi.ClientModeImpl.sendNetworkChangeBroadcast:3008 com.android.server.wifi.ClientModeImpl.lambda$sendNetworkChangeBroadcastWithCurrentState$14:2985 com.android.server.wifi.ClientModeImpl.$r8$lambda$q-j88Pjw4gROgoJFr8wBlBVbuJI:0 com.android.server.wifi.ClientModeImpl$$ExternalSyntheticLambda4.send:0
05-30 15:25:27.784 E/Netd ( 468): no such netId 100
05-30 15:25:27.784 D/RockyReceiver( 1817): action: android.net.wifi.STATE_CHANGE
05-30 15:25:27.784 E/ConnectivityService( 703): Exception in networkAddRouteParcel for non-gateway: android.os.ServiceSpecificException: Machine is not on the network (code 64)
05-30 15:25:27.784 E/Netd ( 468): no such netId 100
05-30 15:25:27.785 E/ConnectivityService( 703): Exception in networkAddRouteParcel for gateway: android.os.ServiceSpecificException: Machine is not on the network (code 64)
05-30 15:25:27.789 D/IpClient/wlan0( 1096): addressUpdated: 192.168.3.222/23 on ifindex 16 flags 0x00000080 scope 0
05-30 15:25:27.799 D/DhcpClient( 1096): Scheduling renewal in 1799s
05-30 15:25:27.800 D/DhcpClient( 1096): Scheduling rebind in 3149s
05-30 15:25:27.800 D/DhcpClient( 1096): Scheduling expiry in 3599s
05-30 15:25:27.806 D/WifiHAL ( 522): Setting APF program, halHandle = 0xf41824a0
05-30 15:25:27.806 I/WifiHAL ( 522): createRequest: APF set program request
05-30 15:25:27.806 D/WifiHAL ( 522): error code -95 mapped to -3
05-30 15:25:27.806 I/WifiHAL ( 522): Request Response failed for APF, result = -3
05-30 15:25:27.820 I/setprop ( 2089): type=1400 audit(0.0:789): avc: denied { write } for name="property_service" dev="tmpfs" ino=411 scontext=u:r:toolbox:s0 tcontext=u:object_r:property_socket:s0 tclass=sock_file permissive=1
05-30 15:25:27.820 I/setprop ( 2089): type=1400 audit(0.0:790): avc: denied { connectto } for path="/dev/socket/property_service" scontext=u:r:toolbox:s0 tcontext=u:r:init:s0 tclass=unix_stream_socket permissive=1
05-30 15:25:27.820 I//system/bin/init( 1): type=1107 audit(0.0:791): uid=0 auid=4294967295 ses=4294967295 subj=u:r:init:s0 msg='avc: denied { set } for property=persist.vendor.db_bt_name pid=2089 uid=0 gid=0 scontext=u:r:toolbox:s0 tcontext=u:object_r:vendor_default_prop:s0 tclass=property_service permissive=1'
05-30 15:25:27.806 E/WifiStaIfaceAidlImpl( 703): installApfPacketFilter failed with service-specific exception: android.os.ServiceSpecificException: (code 4)
05-30 15:25:27.811 D/ConnectivityService( 703): Setting DNS servers for network 100 to [/202.96.134.133, /202.96.128.166]
05-30 15:25:27.811 W/BroadcastLoopers( 703): Found previously unknown looper Thread[ConnectivityServiceThread,5,main]
05-30 15:25:27.812 W/ContextImpl( 703): Calling a method in the system process without a qualified user: android.app.ContextImpl.sendStickyBroadcast:1626 com.android.server.wifi.ClientModeImpl.sendNetworkChangeBroadcast:3008 com.android.server.wifi.ClientModeImpl.lambda$sendNetworkChangeBroadcastWithCurrentState$14:2985 com.android.server.wifi.ClientModeImpl.$r8$lambda$q-j88Pjw4gROgoJFr8wBlBVbuJI:0 com.android.server.wifi.ClientModeImpl$$ExternalSyntheticLambda4.send:0
05-30 15:25:27.812 D/ConnectivityService( 703): [100 WIFI] EVENT_NETWORK_INFO_CHANGED, going from CONNECTING to CONNECTED
05-30 15:25:27.816 D/DnsManager( 703): sendDnsConfigurationForNetwork(100, [202.96.134.133, 202.96.128.166], [], 1800, 25, 8, 64, 0, 0, , [])
05-30 15:25:27.819 D/RockyReceiver( 1817): action: android.net.wifi.STATE_CHANGE
05-30 15:25:27.821 W/DnsManager( 703): updatePrivateDns(100, PrivateDnsConfig{true:/[]})
05-30 15:25:27.821 D/ConnectivityService( 703): Setting DNS servers for network 100 to [/202.96.134.133, /202.96.128.166]
05-30 15:25:27.822 D/DnsManager( 703): sendDnsConfigurationForNetwork(100, [202.96.134.133, 202.96.128.166], [], 1800, 25, 8, 64, 0, 0, , [202.96.134.133, 202.96.128.166])
05-30 15:25:27.824 D/ConnectivityService( 703): Adding iface wlan0 to network 100
05-30 15:25:27.828 W/resolv ( 468): Validating DnsTlsServer 202.96.128.166 with mark 0xf0064
05-30 15:25:27.828 W/resolv ( 468): Validating DnsTlsServer 202.96.134.133 with mark 0xf0064
05-30 15:25:27.830 W/WifiScoreReport( 703): Cannot start external scoring netId=100 currentNetId=100 currentNetCapabilities=[ Transports: WIFI Capabilities: NOT_METERED&INTERNET&NOT_RESTRICTED&TRUSTED&NOT_VPN&NOT_ROAMING&NOT_CONGESTED&NOT_SUSPENDED&NOT_VCN_MANAGED LinkUpBandwidth>=12000Kbps LinkDnBandwidth>=60000Kbps Specifier: TransportInfo: , Provider friendly name: , Requesting package name: "DB-machines5G"wpa2-pskMLO Information: , Is TID-To-Link negotiation supported by the AP: false, AP MLD Address: , AP MLO Link Id: , AP MLO Affiliated links: > SignalStrength: -52 AllowedUids: <{1000}> OwnerUid: 1000 AdminUids: [1000] SSID: "DB-machines5G" UnderlyingNetworks: Null] sessionId=1008
05-30 15:25:27.832 W/resolv ( 468): Socket failed to connect: Network is unreachable
05-30 15:25:27.832 W/resolv ( 468): TCP Handshake failed: 101
05-30 15:25:27.832 W/resolv ( 468): query failed
05-30 15:25:27.832 W/resolv ( 468): validateDnsTlsServer returned 0 for 202.96.134.133
05-30 15:25:27.833 W/resolv ( 468): Validation failed
05-30 15:25:27.833 W/resolv ( 468): Socket failed to connect: Network is unreachable
05-30 15:25:27.833 W/resolv ( 468): TCP Handshake failed: 101
05-30 15:25:27.834 W/resolv ( 468): query failed
05-30 15:25:27.834 W/resolv ( 468): validateDnsTlsServer returned 0 for 202.96.128.166
05-30 15:25:27.835 W/resolv ( 468): Validation failed
05-30 15:25:27.837 I/RkpdBootReceiver( 2039): Queueing a one-time provisioning job for widevine provisioning.
05-30 15:25:27.842 D/Zygote ( 469): Forked child process 2093
05-30 15:25:27.842 D/WifiMemoryStoreImpl( 703): Set cluster G14a19f23d26e552f for We6a61bdb02bb1b6: SUCCESS
05-30 15:25:27.842 W/ActivityManager( 703): Slow operation: 67ms so far, now at startProcess: returned from zygote!
05-30 15:25:27.846 W/ActivityManager( 703): Slow operation: 71ms so far, now at startProcess: done updating battery stats
05-30 15:25:27.846 W/ActivityManager( 703): Slow operation: 71ms so far, now at startProcess: building log message
05-30 15:25:27.846 I/ActivityManager( 703): Start proc 2093:com.android.shell/2000 for broadcast {com.android.shell/com.android.shell.HeapDumpReceiver}
05-30 15:25:27.846 W/ActivityManager( 703): Slow operation: 71ms so far, now at startProcess: starting to update pids map
05-30 15:25:27.846 W/ActivityManager( 703): Slow operation: 72ms so far, now at startProcess: done updating pids map
05-30 15:25:27.858 I/Zygote ( 2093): seccomp disabled by setenforce 0
05-30 15:25:27.859 D/ConnectivityService( 703): Setting DNS servers for network 100 to [/202.96.134.133, /202.96.128.166]
05-30 15:25:27.860 D/DnsManager( 703): sendDnsConfigurationForNetwork(100, [202.96.134.133, 202.96.128.166], [], 1800, 25, 8, 64, 0, 0, , [202.96.134.133, 202.96.128.166])
05-30 15:25:27.861 W/resolv ( 468): Validating DnsTlsServer 202.96.128.166 with mark 0xf0064
05-30 15:25:27.866 I/m.android.shell( 2093): Using CollectorTypeCC GC.
05-30 15:25:27.868 W/resolv ( 468): Validating DnsTlsServer 202.96.134.133 with mark 0xf0064
05-30 15:25:27.869 W/BestClock( 703): java.time.DateTimeException: Missing network time fix
05-30 15:25:27.873 I/audio_hw_hal_alsamgr( 480): alsa format =0x1 delay frames =1024 total frames=768000
05-30 15:25:27.848 I/net_disconnect.( 2094): type=1400 audit(0.0:792): avc: denied { execute_no_trans } for path="/vendor/bin/rgb_led_ctl" dev="dm-11" ino=334364 scontext=u:r:init:s0 tcontext=u:object_r:vendor_file:s0 tclass=file permissive=1
05-30 15:25:27.875 E/m.android.shell( 2093): Not starting debugger since process cannot load the jdwp agent.
05-30 15:25:27.881 D/WifiMemoryStoreImpl( 703): Set cluster G14a19f23d26e552f for W87b8c93a7e8ebf58: SUCCESS
05-30 15:25:27.890 W/BestClock( 703): java.time.DateTimeException: Missing network time fix
05-30 15:25:27.892 I/rgb_led_ctl( 2094): type=1400 audit(0.0:793): avc: denied { write } for name="spidev1.0" dev="tmpfs" ino=534 scontext=u:r:init:s0 tcontext=u:object_r:device:s0 tclass=chr_file permissive=1
05-30 15:25:27.895 D/ConnectivityService( 703): Switching to new default network for: uid/pid:1000/703 activeRequest: 1 callbackRequest: 1 [NetworkRequest [ REQUEST id=1, [ Capabilities: INTERNET&NOT_RESTRICTED&TRUSTED&NOT_VPN&NOT_VCN_MANAGED RequestorUid: 1000 RequestorPkg: android UnderlyingNetworks: Null] ]] callback flags: 1 order: 2147483647 using NetworkAgentInfo{network{100} handle{432902426637} ni{WIFI CONNECTED extra: } created=2025-05-30T07:25:27.407Z Score(Policies : TRANSPORT_PRIMARY&IS_UNMETERED ; KeepConnected : 0) created 25929 lp{{InterfaceName: wlan0 LinkAddresses: [ fe80::4c74:851b:2eda:9a9b/64,192.168.3.222/23 ] DnsAddresses: [ /202.96.134.133,/202.96.128.166 ] Domains: null MTU: 0 ServerAddress: /192.168.3.1 TcpBufferSizes: 524288,1048576,2097152,262144,524288,1048576 Routes: [ fe80::/64 -> :: wlan0 mtu 0,192.168.2.0/23 -> 0.0.0.0 wlan0 mtu 0,0.0.0.0/0 -> 192.168.3.1 wlan0 mtu 0 ]}} nc{[ Transports: WIFI Capabilities: NOT_METERED&INTERNET&NOT_RESTRICTED&TRUSTED&NOT_VPN&NOT_ROAMING&FOREGROUND&NOT_CONGESTED&NOT_SUSPENDED&NOT_VCN_MANAGED LinkUpBandwidth>=12000Kbps LinkDnBandwidth>=60000Kbps Specifier: TransportInfo: , Provider friendly name: , Requesting package name: "DB-machines5G"wpa2-pskMLO Information: , Is TID-To-Link negotiation supported by the AP: false, AP MLD Address: , AP MLO Link Id: , AP MLO Affiliated links: > SignalStrength: -52 OwnerUid: 1000 AdminUids: [1000] SSID: "DB-machines5G" UnderlyingNetworks: Null]} factorySerialNumber=4}
05-30 15:25:27.896 E/WifiStaIfaceAidlImpl( 703): stopRssiMonitoring failed with service-specific exception: android.os.ServiceSpecificException: (code 5)
05-30 15:25:27.898 D/WifiMemoryStoreImpl( 703): Set cluster G14a19f23d26e552f for W58d952b3bf9098ca: SUCCESS
05-30 15:25:27.900 D/NetworkMonitor/100( 1096): Validation disabled.
05-30 15:25:27.902 D/XM_HIDREAD( 1991): add@ add@/devices/virtual/xt_idletimer/timers
05-30 15:25:27.905 D/CompatibilityChangeReporter( 703): Compat change id reported: 168419799; UID 2000; state: DISABLED
05-30 15:25:27.905 D/CompatibilityChangeReporter( 703): Compat change id reported: 273564678; UID 2000; state: DISABLED
05-30 15:25:27.906 E/NetlinkEvent( 468): NetlinkEvent::FindParam(): Parameter 'INTERFACE' not found
05-30 15:25:27.906 E/NetlinkEvent( 468): NetlinkEvent::FindParam(): Parameter 'STATE' not found
05-30 15:25:27.906 E/NetlinkEvent( 468): NetlinkEvent::FindParam(): Parameter 'TIME_NS' not found
05-30 15:25:27.906 E/NetlinkEvent( 468): NetlinkEvent::FindParam(): Parameter 'UID' not found
05-30 15:25:27.909 D/CompatibilityChangeReporter( 703): Compat change id reported: 265195908; UID 2000; state: ENABLED
05-30 15:25:27.911 W/BestClock( 703): java.time.DateTimeException: Missing network time fix
05-30 15:25:27.911 D/CompatibilityChangeReporter( 2093): Compat change id reported: 171979766; UID 2000; state: ENABLED
05-30 15:25:27.912 D/CompatibilityChangeReporter( 2093): Compat change id reported: 242716250; UID 2000; state: ENABLED
05-30 15:25:27.928 W/BestClock( 703): java.time.DateTimeException: Missing network time fix
05-30 15:25:27.937 D/UpstreamNetworkMonitor( 1096): New default Internet network: 100
05-30 15:25:27.941 D/WifiMemoryStoreImpl( 703): Set cluster G14a19f23d26e552f for W33f2ddbfd49e89af: SUCCESS
05-30 15:25:27.945 D/NetworkTimeUpdateService( 703): New default network 100; checking time.
05-30 15:25:27.961 D/nativeloader( 2093): Configuring clns-shared-4 for other apk /system/priv-app/Shell/Shell.apk. target_sdk_version=34, uses_libraries=, library_path=/system/priv-app/Shell/lib/arm:/system/lib:/system_ext/lib, permitted_path=/data:/mnt/expand:/data/user_de/0/com.android.shell:/system/priv-app/Shell:/system/lib:/system_ext/lib
05-30 15:25:27.962 D/WifiMemoryStoreImpl( 703): Set cluster G14a19f23d26e552f for Wce7087ccdb4c615e: SUCCESS
05-30 15:25:27.972 W/BestClock( 703): java.time.DateTimeException: Missing network time fix
05-30 15:25:27.975 W/BestClock( 703): java.time.DateTimeException: Missing network time fix
05-30 15:25:27.981 D/WifiMemoryStoreImpl( 703): Set cluster G14a19f23d26e552f for W14a19f23d26e552f: SUCCESS
05-30 15:25:27.986 D/ConnectivityService( 703): Sending CONNECTED broadcast for type 1 [100 WIFI] isDefaultNetwork=true
05-30 15:25:27.986 W/ContextImpl( 703): Calling a method in the system process without a qualified user: android.app.ContextImpl.sendStickyBroadcast:1626 android.net.connectivity.com.android.server.ConnectivityService.sendStickyBroadcast:3280 android.net.connectivity.com.android.server.ConnectivityService.sendGeneralBroadcast:3250 android.net.connectivity.com.android.server.ConnectivityService.sendConnectedBroadcast:3223 android.net.connectivity.com.android.server.ConnectivityService.sendLegacyNetworkBroadcast:10138
05-30 15:25:27.986 D/InstantWifi( 703): Receive Wifi is connected, freq = 5745 and currentNetworkId : 0, wifiinfo = SSID: , BSSID: 02:00:00:00:00:00, MAC: 02:00:00:00:00:00, IP: /192.168.3.222, Security type: 2, Supplicant state: COMPLETED, Wi-Fi standard: 6, RSSI: -52, Link speed: 1200Mbps, Tx Link speed: 1200Mbps, Max Supported Tx Link speed: 1200Mbps, Rx Link speed: 6Mbps, Max Supported Rx Link speed: 1200Mbps, Frequency: 5745MHz, Net ID: -1, Metered hint: false, score: 60, isUsable: true, CarrierMerged: false, SubscriptionId: -1, IsPrimary: 1, Trusted: true, Restricted: false, Ephemeral: false, OEM paid: false, OEM private: false, OSU AP: false, FQDN: , Provider friendly name: , Requesting package name: MLO Information: , Is TID-To-Link negotiation supported by the AP: false, AP MLD Address: , AP MLO Link Id: , AP MLO Affiliated links:
05-30 15:25:27.992 D/CompatibilityChangeReporter( 1540): Compat change id reported: 247079863; UID 1000; state: DISABLED
05-30 15:25:27.994 D/ConnectivityService( 703): NetReassign [1 : null → 100, 24 : null → 100, 43 : null → 100, 18 : null → 100, 7 : null → 100, 16 : null → 100, 22 : null → 100, 31 : null → 100, 41 : null → 100, 39 : null → 100, 26 : null → 100, 34 : null → 100, 14 : null → 100] [c 1] [a 96] [i 5]
05-30 15:25:27.998 W/BestClock( 703): java.time.DateTimeException: Missing network time fix
05-30 15:25:27.998 D/aaa ( 1573): action:android.net.conn.CONNECTIVITY_CHANGE
05-30 15:25:27.998 W/BestClock( 703): java.time.DateTimeException: Missing network time fix
05-30 15:25:27.999 D/RockyReceiver( 1817): action: android.net.conn.CONNECTIVITY_CHANGE
05-30 15:25:28.000 I/Receiver( 1817): 网络连接成功
05-30 15:25:28.002 D/AppManager( 1540): checkLocalAppsIsValid:
05-30 15:25:28.004 W/System.err( 1156): java.lang.NoSuchMethodException: android.net.SntpClient.requestTime [class java.lang.String, int, class android.net.Network]
05-30 15:25:28.004 W/System.err( 1156): at java.lang.Class.getMethod(Class.java:2937)
05-30 15:25:28.004 W/System.err( 1156): at java.lang.Class.getMethod(Class.java:2449)
05-30 15:25:28.004 W/System.err( 1156): at com.droidlogic.NtpService.SyncTimeLock(NtpService.java:113)
05-30 15:25:28.004 W/System.err( 1156): at com.droidlogic.NtpService.-$$Nest$mSyncTimeLock(Unknown Source:0)
05-30 15:25:28.004 W/System.err( 1156): at com.droidlogic.NtpService$2.run(NtpService.java:104)
05-30 15:25:28.004 W/System.err( 1156): at android.os.Handler.handleCallback(Handler.java:958)
05-30 15:25:28.004 W/System.err( 1156): at android.os.Handler.dispatchMessage(Handler.java:99)
05-30 15:25:28.004 W/System.err( 1156): at android.os.Looper.loopOnce(Looper.java:205)
05-30 15:25:28.004 W/System.err( 1156): at android.os.Looper.loop(Looper.java:294)
05-30 15:25:28.004 W/System.err( 1156): at android.os.HandlerThread.run(HandlerThread.java:67)
05-30 15:25:28.005 D/LanSocketServer( 1505): connect
05-30 15:25:28.014 E/hq ( 1540): NetWorkStateReceiver:::NetWorkStateReceiver onReceive: 网络变化广播 >>>> intent.action=android.net.conn.CONNECTIVITY_CHANGE
05-30 15:25:28.016 E/hq ( 1540): NetWorkStateReceiver:::Network is available. isConnect=false 是否频次过快=false t=1748589928015
05-30 15:25:28.016 W/eventbuscore( 1540): post Event:com.dangbei.leard.base.entity.event.NetStateEvent
05-30 15:25:28.016 D/AppManager( 1540): requestBlackAndWhiteList
05-30 15:25:28.017 W/eventbuscore( 1540): post Event:com.dangbei.leard.base.entity.event.NetChangeEvent
05-30 15:25:28.018 D/AppListModel( 1540): requestAppFilterList: true , false
05-30 15:25:28.018 E/DangXiaoBeiManager( 1540): setMessageList: true
05-30 15:25:28.019 E/hq ( 1540): 当小贝:::message list add complete data.messageList:[]
05-30 15:25:28.019 E/hq ( 1540): data.tabList=[]
05-30 15:25:28.019 I/hq ( 1540): 当小贝:::showMessage from=net_change
05-30 15:25:28.020 I/hq ( 1540): 当小贝:::showMessage 没有消息需要显示
05-30 15:25:28.022 D/yc_test ( 1540): refreshWeather: null
05-30 15:25:28.026 D/CompatibilityChangeReporter( 2039): Compat change id reported: 160794467; UID 10054; state: ENABLED
05-30 15:25:28.030 V/GraphicsEnvironment( 2093): Currently set values for:
05-30 15:25:28.030 V/GraphicsEnvironment( 2093): angle_gl_driver_selection_pkgs=[]
05-30 15:25:28.030 V/GraphicsEnvironment( 2093): angle_gl_driver_selection_values=[]
05-30 15:25:28.031 V/GraphicsEnvironment( 2093): ANGLE GameManagerService for com.android.shell: false
05-30 15:25:28.031 V/GraphicsEnvironment( 2093): com.android.shell is not listed in per-application setting
05-30 15:25:28.032 V/GraphicsEnvironment( 2093): Neither updatable production driver nor prerelease driver is supported.
05-30 15:25:28.032 I/ConnectivityService( 703): Update score for net 100 : +EVER_EVALUATED
05-30 15:25:28.032 D/ConnectivityService( 703): [100 WIFI] validation passed
05-30 15:25:28.032 I/ConnectivityService( 703): Update capabilities for net 100 : +VALIDATED
05-30 15:25:28.033 I/ConnectivityService( 703): Update score for net 100 : +EVER_VALIDATED+IS_VALIDATED
05-30 15:25:28.037 E/hq ( 1540): listenerNet:::重新来网了 key=image_error isConnect=true
05-30 15:25:28.037 E/hq ( 1540): listenerNet:::重新来网了 key=requestAppWhiteList isConnect=true
05-30 15:25:28.038 D/ConnectivityService( 703): NetReassign [no changes] [c 0] [a 1] [i 4]
05-30 15:25:28.038 E/hq ( 1540): listenerNet:::重新来网了 key=ConfigureInterface:Init isConnect=true
05-30 15:25:28.040 D/yc_test ( 1540): refreshWeather: null
05-30 15:25:28.040 E/hq ( 1540): listenerNet:::重新来网了 key=requestGetMessageRemind isConnect=true
05-30 15:25:28.041 E/hq ( 1540): listenerNet:::重新来网了 key=requestMessageConfig isConnect=true
05-30 15:25:28.042 E/hq ( 1540): listenerNet:::重新来网了 key=requestMessageDialog isConnect=true
05-30 15:25:28.044 W/System.err( 1505): SLF4J: Failed to load class "org.slf4j.impl.StaticLoggerBinder".
05-30 15:25:28.044 W/System.err( 1505): SLF4J: Defaulting to no-operation (NOP) logger implementation
05-30 15:25:28.044 W/System.err( 1505): SLF4J: See http://www.slf4j.org/codes.html#StaticLoggerBinder for further details.
05-30 15:25:28.047 D/LanSocketServer( 1505): connect /192.168.3.222:6689
05-30 15:25:28.048 D/LanSocketServer( 1505): connect start
05-30 15:25:28.048 E/LanCommander( 1505): onNetWorkChanged: true
05-30 15:25:28.051 D/CompatibilityChangeReporter( 2039): Compat change id reported: 194532703; UID 10054; state: ENABLED
05-30 15:25:28.051 D/CompatibilityChangeReporter( 2039): Compat change id reported: 253665015; UID 10054; state: ENABLED
05-30 15:25:28.054 D/CompatibilityChangeReporter( 703): Compat change id reported: 271850009; UID 10054; state: ENABLED
05-30 15:25:28.055 D/CompatibilityChangeReporter( 703): Compat change id reported: 253665015; UID 10054; state: ENABLED
05-30 15:25:28.055 D/CompatibilityChangeReporter( 703): Compat change id reported: 194532703; UID 10054; state: ENABLED
05-30 15:25:28.071 D/TrafficStats( 1505): tagSocket(84) with statsTag=0xffffffff, statsUid=-1
05-30 15:25:28.077 E/LanCommander( 1505): onServerCreatedSuccess 192.168.3.222:6689
05-30 15:25:28.091 E/hq ( 1540): WeatherRefresh:::请求网络地址后,更新的地理位置为:null
05-30 15:25:28.092 E/hq ( 1540): WeatherRefresh:::请求网络地址后,更新的地理位置为:null
05-30 15:25:28.093 D/ConnectivityService( 703): requestNetwork for uid/pid:1000/703 asUid: 10054 activeRequest: null callbackRequest: 44 [NetworkRequest [ REQUEST id=45, [ Capabilities: INTERNET&NOT_RESTRICTED&TRUSTED&NOT_VCN_MANAGED Uid: 10054 RequestorUid: 1000 RequestorPkg: android UnderlyingNetworks: Null] ]] callback flags: 0 order: 2147483647
05-30 15:25:28.094 E/RCInfo ( 1505): vid:
05-30 15:25:28.094 E/RCInfo ( 1505): pid:
05-30 15:25:28.094 E/RCInfo ( 1505): RCBrand:NA
05-30 15:25:28.111 D/CompatibilityChangeReporter( 1444): Compat change id reported: 263076149; UID 10053; state: ENABLED
05-30 15:25:28.115 E/TaskWorkerFactory( 1444): Cannot create worker: com.android.devicelockcontroller.provision.worker.DeviceCheckInWorker
05-30 15:25:28.115 E/TaskWorkerFactory( 1444): java.lang.NoSuchMethodException: com.android.devicelockcontroller.provision.worker.DeviceCheckInWorker. [class android.content.Context, class androidx.work.WorkerParameters, interface com.google.common.util.concurrent.ListeningExecutorService]
05-30 15:25:28.115 E/TaskWorkerFactory( 1444): at java.lang.Class.getConstructor0(Class.java:3325)
05-30 15:25:28.115 E/TaskWorkerFactory( 1444): at java.lang.Class.getDeclaredConstructor(Class.java:3063)
05-30 15:25:28.115 E/TaskWorkerFactory( 1444): at com.android.devicelockcontroller.policy.TaskWorkerFactory.createWorker(TaskWorkerFactory.java:53)
05-30 15:25:28.115 E/TaskWorkerFactory( 1444): at androidx.work.DelegatingWorkerFactory.createWorker(DelegatingWorkerFactory.java:71)
05-30 15:25:28.115 E/TaskWorkerFactory( 1444): at androidx.work.WorkerFactory.createWorkerWithDefaultFallback(WorkerFactory.java:82)
05-30 15:25:28.115 E/TaskWorkerFactory( 1444): at androidx.work.impl.WorkerWrapper.runWorker(WorkerWrapper.java:240)
05-30 15:25:28.115 E/TaskWorkerFactory( 1444): at androidx.work.impl.WorkerWrapper.run(WorkerWrapper.java:142)
05-30 15:25:28.115 E/TaskWorkerFactory( 1444): at androidx.work.impl.utils.SerialExecutorImpl$Task.run(SerialExecutorImpl.java:96)
05-30 15:25:28.115 E/TaskWorkerFactory( 1444): at java.util.concurrent.ThreadPoolExecutor.runWorker(ThreadPoolExecutor.java:1145)
05-30 15:25:28.115 E/TaskWorkerFactory( 1444): at java.util.concurrent.ThreadPoolExecutor$Worker.run(ThreadPoolExecutor.java:644)
05-30 15:25:28.115 E/TaskWorkerFactory( 1444): at java.lang.Thread.run(Thread.java:1012)
05-30 15:25:28.116 D/InstantWifi( 703): Receive Wifi is connected, freq = 5745 and currentNetworkId : 0, wifiinfo = SSID: , BSSID: 02:00:00:00:00:00, MAC: 02:00:00:00:00:00, IP: /192.168.3.222, Security type: 2, Supplicant state: COMPLETED, Wi-Fi standard: 6, RSSI: -52, Link speed: 1200Mbps, Tx Link speed: 1200Mbps, Max Supported Tx Link speed: 1200Mbps, Rx Link speed: 6Mbps, Max Supported Rx Link speed: 1200Mbps, Frequency: 5745MHz, Net ID: -1, Metered hint: false, score: 60, isUsable: true, CarrierMerged: false, SubscriptionId: -1, IsPrimary: 1, Trusted: true, Restricted: false, Ephemeral: false, OEM paid: false, OEM private: false, OSU AP: false, FQDN: , Provider friendly name: , Requesting package name: MLO Information: , Is TID-To-Link negotiation supported by the AP: false, AP MLD Address: , AP MLO Link Id: , AP MLO Affiliated links:
05-30 15:25:28.122 E/RCInfo ( 1505): vid:
05-30 15:25:28.122 E/RCInfo ( 1505): pid:
05-30 15:25:28.122 E/RCInfo ( 1505): vid:
05-30 15:25:28.123 E/RCInfo ( 1505): pid:
05-30 15:25:28.129 D/ConnectivityService( 703): Setting DNS servers for network 100 to [/202.96.134.133, /202.96.128.166]
05-30 15:25:28.129 D/CompatibilityChangeReporter( 703): Compat change id reported: 135634846; UID 10027; state: DISABLED
05-30 15:25:28.129 D/DnsManager( 703): sendDnsConfigurationForNetwork(100, [202.96.134.133, 202.96.128.166], [], 1800, 25, 8, 64, 0, 0, , [202.96.134.133, 202.96.128.166])
05-30 15:25:28.130 D/CompatibilityChangeReporter( 703): Compat change id reported: 177438394; UID 10027; state: DISABLED
05-30 15:25:28.131 D/CompatibilityChangeReporter( 703): Compat change id reported: 135772972; UID 10027; state: DISABLED
05-30 15:25:28.131 D/CompatibilityChangeReporter( 703): Compat change id reported: 135754954; UID 10027; state: DISABLED
05-30 15:25:28.132 D/CompatibilityChangeReporter( 703): Compat change id reported: 143937733; UID 10027; state: DISABLED
05-30 15:25:28.141 D/aaa ( 1573): LedStatusService onStartCommand begin
05-30 15:25:28.142 W/ContextImpl( 703): Calling a method in the system process without a qualified user: android.app.ContextImpl.sendStickyBroadcast:1626 android.net.connectivity.com.android.server.ConnectivityService.sendStickyBroadcast:3280 android.net.connectivity.com.android.server.ConnectivityService.sendGeneralBroadcast:3250 android.net.connectivity.com.android.server.ConnectivityService.sendInetConditionBroadcast:3227 android.net.connectivity.com.android.server.ConnectivityService.updateInetCondition:9819
05-30 15:25:28.123 E/RCInfo ( 1505): vid:
