05-30 15:25:28.142 D/aaa ( 1573): topPkg is -------------- :com.dangbei.leard.leradlauncher
05-30 15:25:28.142 E/RCInfo ( 1505): pid:
05-30 15:25:28.142 E/RCInfo ( 1505): RCBrand:NA
05-30 15:25:28.146 E/RCInfo ( 1505): vid:
05-30 15:25:28.146 E/RCInfo ( 1505): pid:
05-30 15:25:28.148 W/LastMileLogger( 703): Failed to stop event tracing: /sys/kernel/debug/tracing/instances/wifi/tracing_on: open failed: ENOENT (No such file or directory)
05-30 15:25:28.148 E/RCInfo ( 1505): vid:
05-30 15:25:28.148 E/RCInfo ( 1505): pid:
05-30 15:25:28.152 D/ConnectivityService( 703): NetReassign [45 : null → 100] [c 0] [a 4] [i 1]
05-30 15:25:28.157 D/Zygote ( 469): Forked child process 2146
05-30 15:25:28.160 I/ActivityManager( 703): Start proc 2146:com.android.statementservice/u0a27 for broadcast {com.android.statementservice/com.android.statementservice.domain.BootCompletedReceiver}
05-30 15:25:28.166 D/WifiMemoryStoreImpl( 703): Set cluster G14a19f23d26e552f for W87b8c93a7e8ebf58: SUCCESS
05-30 15:25:28.169 D/HeapDumpReceiver( 2093): onReceive(): Intent { act=android.intent.action.BOOT_COMPLETED flg=0x89000010 cmp=com.android.shell/.HeapDumpReceiver (has extras) }
05-30 15:25:28.176 D/WifiConfigStore( 703): Writing to stores completed in 10 ms.
05-30 15:25:28.177 D/WifiNetworkFactory( 703): got request NetworkRequest [ REQUEST id=45, [ Capabilities: INTERNET&NOT_RESTRICTED&TRUSTED&NOT_VCN_MANAGED Uid: 10054 RequestorUid: 1000 RequestorPkg: android UnderlyingNetworks: Null] ]
05-30 15:25:28.178 D/UntrustedWifiNetworkFactory( 703): got request NetworkRequest [ REQUEST id=45, [ Capabilities: INTERNET&NOT_RESTRICTED&TRUSTED&NOT_VCN_MANAGED Uid: 10054 RequestorUid: 1000 RequestorPkg: android UnderlyingNetworks: Null] ]
05-30 15:25:28.178 D/OemPaidWifiNetworkFactory( 703): got request NetworkRequest [ REQUEST id=45, [ Capabilities: INTERNET&NOT_RESTRICTED&TRUSTED&NOT_VCN_MANAGED Uid: 10054 RequestorUid: 1000 RequestorPkg: android UnderlyingNetworks: Null] ]
05-30 15:25:28.178 D/MultiInternetWifiNetworkFactory( 703): got request NetworkRequest [ REQUEST id=45, [ Capabilities: INTERNET&NOT_RESTRICTED&TRUSTED&NOT_VCN_MANAGED Uid: 10054 RequestorUid: 1000 RequestorPkg: android UnderlyingNetworks: Null] ]
05-30 15:25:28.179 I/Zygote ( 2146): seccomp disabled by setenforce 0
05-30 15:25:28.186 I/tatementservice( 2146): Using CollectorTypeCC GC.
05-30 15:25:28.192 D/aaa ( 1573): WiFi is connect
05-30 15:25:28.196 E/tatementservice( 2146): Not starting debugger since process cannot load the jdwp agent.
05-30 15:25:28.202 D/HeapDumpReceiver( 2093): Deleting from /data/user_de/0/com.android.shell/files/heapdumps
05-30 15:25:28.216 D/CompatibilityChangeReporter( 703): Compat change id reported: 168419799; UID 10027; state: DISABLED
05-30 15:25:28.216 D/CompatibilityChangeReporter( 703): Compat change id reported: 273564678; UID 10027; state: DISABLED
05-30 15:25:28.228 D/CompatibilityChangeReporter( 703): Compat change id reported: 265195908; UID 10027; state: ENABLED
05-30 15:25:28.231 I/CheckInWorker( 1444): perform check-in request
05-30 15:25:28.241 D/CompatibilityChangeReporter( 2146): Compat change id reported: 171979766; UID 10027; state: DISABLED
05-30 15:25:28.243 D/CompatibilityChangeReporter( 2146): Compat change id reported: 242716250; UID 10027; state: DISABLED
05-30 15:25:28.247 D/CompatibilityChangeReporter( 703): Compat change id reported: 170503758; UID 10027; state: DISABLED
05-30 15:25:28.248 E/xxxxxxxxxxxxxxx( 1540): onReceive: true , configuration = {1.0 ?mcc0mnc [zh_CN] ldltr sw720dp w1280dp h720dp 240dpi xlrg long land television -touch -keyb/v/h dpad/v winConfig={ mBounds=Rect(0, 0 - 1920, 1080) mAppBounds=Rect(0, 0 - 1920, 1080) mMaxBounds=Rect(0, 0 - 1920, 1080) mDisplayRotation=ROTATION_0 mWindowingMode=fullscreen mDisplayWindowingMode=fullscreen mActivityType=undefined mAlwaysOnTop=undefined mRotation=ROTATION_0} s.6 fontWeightAdjustment=0}
05-30 15:25:28.248 E/xxxxxxxxxxxxxxx( 1540): isScreenSizeChange=false app onConfigurationChanged={1.0 ?mcc0mnc [zh_CN] ldltr sw720dp w1280dp h720dp 240dpi xlrg long land television -touch -keyb/v/h dpad/v winConfig={ mBounds=Rect(0, 0 - 1920, 1080) mAppBounds=Rect(0, 0 - 1920, 1080) mMaxBounds=Rect(0, 0 - 1920, 1080) mDisplayRotation=ROTATION_0 mWindowingMode=fullscreen mDisplayWindowingMode=fullscreen mActivityType=undefined mAlwaysOnTop=undefined mRotation=ROTATION_0} s.6 fontWeightAdjustment=0}
05-30 15:25:28.249 W/CheckInWorker( 1444): CheckIn failed. No device identifier available!
05-30 15:25:28.250 D/ApplicationLoaders( 2146): Returning zygote-cached class loader: /system/framework/android.test.base.jar
05-30 15:25:28.254 I/WM-WorkerWrapper( 1444): Worker result FAILURE for Work [ id=0ed5a6c1-c1aa-429f-a2b8-7e7704afbb45, tags={ com.android.devicelockcontroller.provision.worker.DeviceCheckInWorker } ]
05-30 15:25:28.289 D/nativeloader( 2146): Configuring clns-shared-4 for other apk /system/priv-app/StatementService/StatementService.apk. target_sdk_version=29, uses_libraries=, library_path=/system/priv-app/StatementService/lib/arm:/system/lib:/system_ext/lib, permitted_path=/data:/mnt/expand:/data/user/0/com.android.statementservice:/system/priv-app/StatementService:/system/lib:/system_ext/lib
05-30 15:25:28.304 D/getEthernetMacAddr( 1505): getEthernetMacAddr use eth0
05-30 15:25:28.306 D/getEthernetMacAddr( 1505): getEthernetMacAddr use eth0
05-30 15:25:28.369 D/getEthernetMacAddr( 1505): getEthernetMacAddr use eth0
05-30 15:25:28.374 D/getEthernetMacAddr( 1505): getEthernetMacAddr use eth0
05-30 15:25:28.403 V/GraphicsEnvironment( 2146): Currently set values for:
05-30 15:25:28.403 V/GraphicsEnvironment( 2146): angle_gl_driver_selection_pkgs=[]
05-30 15:25:28.404 V/GraphicsEnvironment( 2146): angle_gl_driver_selection_values=[]
05-30 15:25:28.405 V/GraphicsEnvironment( 2146): ANGLE GameManagerService for com.android.statementservice: false
05-30 15:25:28.405 V/GraphicsEnvironment( 2146): com.android.statementservice is not listed in per-application setting
05-30 15:25:28.405 V/GraphicsEnvironment( 2146): Neither updatable production driver nor prerelease driver is supported.
05-30 15:25:28.424 D/WM-WrkMgrInitializer( 2146): Initializing WorkManager with default configuration.
05-30 15:25:28.435 D/WM-PackageManagerHelper( 2146): androidx.work.impl.background.systemjob.SystemJobService enabled
05-30 15:25:28.435 D/WM-Schedulers( 2146): Created SystemJobScheduler and enabled SystemJobService
05-30 15:25:28.439 D/CompatibilityChangeReporter( 2146): Compat change id reported: 183155436; UID 10027; state: DISABLED
05-30 15:25:28.457 I/okhttp.OkHttpClient( 1505): --> POST http://tymsgapi.qun7.com/v1/core/logip (600-byte body)
05-30 15:25:28.467 I/okhttp.OkHttpClient( 1505): --> POST http://tyapi.qun7.com/v1/core/launcherota (533-byte body)
05-30 15:25:28.479 I/ActivityManager( 703): com.dangbei.zhushou.os is exempt from freezer
05-30 15:25:28.479 D/CompatibilityChangeReporter( 703): Compat change id reported: 135634846; UID 1000; state: DISABLED
05-30 15:25:28.490 I/SendAliveManager( 1523): doWhenNetworkStateChanged
05-30 15:25:28.488 D/AppManager( 1540): checkLocalAppsIsValid: size
05-30 15:25:28.490 D/AppManager( 1540): AppManager resetData:
05-30 15:25:28.496 I/okhttp.OkHttpClient( 1505): --> POST http://tymsgapi.qun7.com/v1/core/rom (533-byte body)
05-30 15:25:28.501 I/Receiver( 1817): ----------netConnectInitSDK--------------
05-30 15:25:28.501 D/RockyNetMessageUtil( 1817): initTipsList tipEntity = TipEntity{movieType=[我想看喜剧片, 动作片, 枪战片], movie=[庆余年, 误杀, 美丽人生, 爆笑虫子, 哪吒, 小猪佩奇, 胡歌的电视剧, 张艺谋导演的电影, 切换到1080P, 收藏], appController=[打开当贝市场, 下载哈趣影视, 爱奇艺, 卸载腾讯视频], weather=[今天的天气, 未来五天的天气, 杭州天气怎么样, 明天下不下雨], music=[我要听歌, 周杰伦的歌, 上一首, 下一首, 快进一分钟, 暂停], liveAppDownload='非常抱歉,根据监管部门政策管理要求,暂不提供相应服务。', subscreen=null, wakeUpVoiceResponse=[ProbabilityEntity{word='在呢', probability=30}, ProbabilityEntity{word='我在', probability=35}, ProbabilityEntity{word='你说', probability=15}, ProbabilityEntity{word='来啦', probability=20}], unrecognizedVoiceResponse=[ProbabilityEntity{word='可以再说一遍么', probability=45}, ProbabilityEntity{word='可以说的详细一点么', probability=30}, ProbabilityEntity{word='请问有什么可以帮您', probability=25}], notUnderstandVoiceResponse=[ProbabilityEntity{word='换个说法试试吧', probability=100}]} isRequestTipSuccess = false
05-30 15:25:28.503 D/Zygote ( 469): Forked child process 2186
05-30 15:25:28.503 I/ActivityManager( 703): Start proc 2186:com.dangbei.zhushou.os/1000 for broadcast {com.dangbei.zhushou.os/com.dangbei.projector.assistant.receiver.BootReceiver}
05-30 15:25:28.504 D/RockyNetMessageUtil( 1817): initMediaControlPage pageEntity = PageEntity{list=[ContentEntity{packageName='com.dangbei.leard.leradlauncher', activityName='FilmDetailActivity'}, ContentEntity{packageName='com.dangbei.leard.leradlauncher', activityName='FullScreenDetailActivity'}, ContentEntity{packageName='com.dangbei.leard.leradlauncher', activityName='TencentSportActivity'}, ContentEntity{packageName='com.dangbei.leradVideoPlugins', activityName='FilmDetailActivity'}, ContentEntity{packageName='com.dangbei.leradVideoPlugins', activityName='FullScreenDetailActivity'}, ContentEntity{packageName='com.dangbei.leradVideoPlugins', activityName='TencentSportActivity'}, ContentEntity{packageName='com.dangbei.leradVideoPlugins', activityName='ShortPlayActivity'}, ContentEntity{packageName='com.dangbei.hqmedia', activityName='FilmDetailActivity'}, ContentEntity{packageName='com.dangbei.hqmedia', activityName='FullScreenDetailActivity'}, ContentEntity{packageName='com.dangbei.leradVideoPlugins', activityName='MangoMediaActivity'}, ContentEntity{packageName='com.dangbei.leradVideoPlugins', activityName='VcinemaActivity'}]} isRequestPageControlSuccess = false
05-30 15:25:28.507 D/XHttpObservable( 1817): handleRequest: start https://tyapi.qun7.com/v1/voice/getsoundshowmsg ,,, isCache = false
05-30 15:25:28.507 D/XHttpObservable( 1817): handleRequest: start https://tyapi.qun7.com/v1/voice/getResponseControlPage ,,, isCache = false
05-30 15:25:28.510 I/Zygote ( 2186): seccomp disabled by setenforce 0
05-30 15:25:28.519 D/aaa ( 1573): WiFi is connect
05-30 15:25:28.520 I/gbei.zhushou.os( 2186): Using CollectorTypeCC GC.
05-30 15:25:28.527 D/aaa ( 1573): WiFi is connect
05-30 15:25:28.529 D/ConnectivityService( 703): requestNetwork for uid/pid:10054/2039 activeRequest: null callbackRequest: 46 [NetworkRequest [ REQUEST id=47, [ Capabilities: INTERNET&NOT_RESTRICTED&TRUSTED&NOT_VCN_MANAGED Uid: 10054 RequestorUid: 10054 RequestorPkg: com.android.rkpdapp UnderlyingNetworks: Null] ]] callback flags: 0 order: 2147483647
05-30 15:25:28.532 D/WifiNetworkFactory( 703): got request NetworkRequest [ REQUEST id=47, [ Capabilities: INTERNET&NOT_RESTRICTED&TRUSTED&NOT_VCN_MANAGED Uid: 10054 RequestorUid: 10054 RequestorPkg: com.android.rkpdapp UnderlyingNetworks: Null] ]
05-30 15:25:28.532 D/UntrustedWifiNetworkFactory( 703): got request NetworkRequest [ REQUEST id=47, [ Capabilities: INTERNET&NOT_RESTRICTED&TRUSTED&NOT_VCN_MANAGED Uid: 10054 RequestorUid: 10054 RequestorPkg: com.android.rkpdapp UnderlyingNetworks: Null] ]
05-30 15:25:28.532 D/ConnectivityService( 703): NetReassign [47 : null → 100] [c 0] [a 1] [i 2]
05-30 15:25:28.532 E/gbei.zhushou.os( 2186): Not starting debugger since process cannot load the jdwp agent.
05-30 15:25:28.533 I/okhttp.OkHttpClient( 1505): --> POST http://tymsgapi.qun7.com/v1/core/appupdate (2314-byte body)
05-30 15:25:28.534 D/OemPaidWifiNetworkFactory( 703): got request NetworkRequest [ REQUEST id=47, [ Capabilities: INTERNET&NOT_RESTRICTED&TRUSTED&NOT_VCN_MANAGED Uid: 10054 RequestorUid: 10054 RequestorPkg: com.android.rkpdapp UnderlyingNetworks: Null] ]
05-30 15:25:28.534 D/MultiInternetWifiNetworkFactory( 703): got request NetworkRequest [ REQUEST id=47, [ Capabilities: INTERNET&NOT_RESTRICTED&TRUSTED&NOT_VCN_MANAGED Uid: 10054 RequestorUid: 10054 RequestorPkg: com.android.rkpdapp UnderlyingNetworks: Null] ]
05-30 15:25:28.545 D/CompatibilityChangeReporter( 703): Compat change id reported: 168419799; UID 1000; state: DISABLED
05-30 15:25:28.546 D/CompatibilityChangeReporter( 703): Compat change id reported: 273564678; UID 1000; state: DISABLED
05-30 15:25:28.561 D/CompatibilityChangeReporter( 2186): Compat change id reported: 171979766; UID 1000; state: DISABLED
05-30 15:25:28.562 D/CompatibilityChangeReporter( 2186): Compat change id reported: 242716250; UID 1000; state: DISABLED
05-30 15:25:28.573 D/IpClient/wlan0( 1096): addressUpdated: fe80::4c74:851b:2eda:9a9b/64 on ifindex 16 flags 0x00000880 scope 253
05-30 15:25:28.576 D/ApplicationLoaders( 2186): Returning zygote-cached class loader: /system/framework/android.test.base.jar
05-30 15:25:28.576 D/ApplicationLoaders( 2186): Returning zygote-cached class loader: /system/framework/android.hidl.manager-V1.0-java.jar
05-30 15:25:28.576 D/ApplicationLoaders( 2186): Returning zygote-cached class loader: /system/framework/android.hidl.base-V1.0-java.jar
05-30 15:25:28.588 D/nativeloader( 2186): Configuring clns-shared-4 for other apk /system/framework/org.apache.http.legacy.jar. target_sdk_version=26, uses_libraries=ALL, library_path=/system/app/dangbei-steward/lib/arm:/system/app/dangbei-steward/dangbei-steward.apk!/lib/armeabi-v7a:/system/lib:/system_ext/lib, permitted_path=/data:/mnt/expand:/data/user/0/com.dangbei.zhushou.os:/system/app/dangbei-steward:/system/lib:/system_ext/lib
05-30 15:25:28.613 E/HigherBroadcastServer( 1505): {"bluetoothBoot":false,"bluetoothController":false,"bluetoothMac":"1C:79:2D:20:62:B6","deviceModel":"DBBOX-A3","deviceModelNumber":"H5P464","deviceName":"客厅的当贝盒子","findController":1,"hostName":"192.168.3.222","inetAddress":"192.168.3.222","mac":"20:02:FE:19:C2:49","port":6689,"romCode":5007,"romVersion":"5.0.0.7","wifiMac":"1C:79:2D:20:62:B5","deviceId":"6f215fe5923ef04ed4749210af2b76b9","sn":"DZOH5P8251918026"}
05-30 15:25:28.615 W/NsdServiceInfo( 1505): Key lengths > 9 are discouraged: deviceModel
05-30 15:25:28.615 W/NsdServiceInfo( 1505): Key lengths > 9 are discouraged: deviceModelNumber
05-30 15:25:28.615 W/NsdServiceInfo( 1505): Key lengths > 9 are discouraged: deviceName
05-30 15:25:28.615 W/NsdServiceInfo( 1505): Key lengths > 9 are discouraged: romVersion
05-30 15:25:28.615 W/NsdServiceInfo( 1505): Key lengths > 9 are discouraged: findController
05-30 15:25:28.617 D/BufferPoolAccessor2.0( 703): bufferpool2 0xbe9c33e8 : 0(0 size) total buffers - 0(0 size) used buffers - 1/7 (recycle/alloc) - 6/24 (fetch/transfer)
05-30 15:25:28.617 D/BufferPoolAccessor2.0( 703): bufferpool2 0xbe9c7768 : 0(0 size) total buffers - 0(0 size) used buffers - 1/7 (recycle/alloc) - 6/34 (fetch/transfer)
05-30 15:25:28.617 D/BufferPoolAccessor2.0( 703): bufferpool2 0xbe9c5368 : 0(0 size) total buffers - 0(0 size) used buffers - 2/7 (recycle/alloc) - 5/34 (fetch/transfer)
05-30 15:25:28.617 D/BufferPoolAccessor2.0( 703): bufferpool2 0xbe9f7468 : 0(0 size) total buffers - 0(0 size) used buffers - 1/7 (recycle/alloc) - 6/18 (fetch/transfer)
05-30 15:25:28.617 D/BufferPoolAccessor2.0( 703): bufferpool2 0xbe9c6568 : 0(0 size) total buffers - 0(0 size) used buffers - 1/7 (recycle/alloc) - 6/26 (fetch/transfer)
05-30 15:25:28.617 D/BufferPoolAccessor2.0( 703): evictor expired: 5, evicted: 5
05-30 15:25:28.620 D/CompatibilityChangeReporter( 2039): Compat change id reported: 263076149; UID 10054; state: ENABLED
05-30 15:25:28.625 D/BufferPoolAccessor2.0( 628): bufferpool2 0xf28017c8 : 0(0 size) total buffers - 0(0 size) used buffers - 7/10 (recycle/alloc) - 3/9 (fetch/transfer)
05-30 15:25:28.625 D/BufferPoolAccessor2.0( 628): bufferpool2 0xf2802668 : 0(0 size) total buffers - 0(0 size) used buffers - 3/7 (recycle/alloc) - 4/6 (fetch/transfer)
05-30 15:25:28.625 D/BufferPoolAccessor2.0( 628): bufferpool2 0xf28028a8 : 0(0 size) total buffers - 0(0 size) used buffers - 8/11 (recycle/alloc) - 3/10 (fetch/transfer)
05-30 15:25:28.625 D/BufferPoolAccessor2.0( 628): bufferpool2 0xf2802ae8 : 0(0 size) total buffers - 0(0 size) used buffers - 13/15 (recycle/alloc) - 2/14 (fetch/transfer)
05-30 15:25:28.625 D/BufferPoolAccessor2.0( 628): bufferpool2 0xf28031a8 : 0(0 size) total buffers - 0(0 size) used buffers - 12/15 (recycle/alloc) - 3/14 (fetch/transfer)
05-30 15:25:28.625 D/BufferPoolAccessor2.0( 628): evictor expired: 5, evicted: 5
05-30 15:25:28.647 D/nativeloader( 2186): Configuring clns-shared-5 for other apk /system/app/dangbei-steward/dangbei-steward.apk. target_sdk_version=26, uses_libraries=, library_path=/system/app/dangbei-steward/lib/arm:/system/app/dangbei-steward/dangbei-steward.apk!/lib/armeabi-v7a:/system/lib:/system_ext/lib, permitted_path=/data:/mnt/expand:/data/user/0/com.dangbei.zhushou.os:/system/app/dangbei-steward:/system/lib:/system_ext/lib
05-30 15:25:28.654 I/serviceDiscovery( 703): [MdnsSocketProvider] Start monitoring sockets.
05-30 15:25:28.654 I/TetheringManager( 703): registerTetheringEventCallback caller:android
05-30 15:25:28.657 D/ConnectivityService( 703): NetReassign [no changes] [c 0] [a 1] [i 0]
05-30 15:25:28.658 I/serviceDiscovery( 703): [MdnsAdvertiser] Adding service name: 192.168.3.222, type: _db_controller._tcp, hostAddresses: /192.168.3.222, port: 6689, network: null, txtRecord: deviceModel=DBBOX-A3romVersion=5.0.0.7findController=1sn=DZOH5P8251918026mac=20:02:FE:19:C2:49 deviceName=客厅的当贝盒子)deviceId=6f215fe5923ef04ed4749210af2b76b9deviceModelNumber=H5P464 romCode=5007 with ID 2 and subtype null
05-30 15:25:28.662 D/CompatibilityChangeReporter( 2146): Compat change id reported: 160794467; UID 10027; state: DISABLED
05-30 15:25:28.686 D/TrafficStats( 703): tagSocket(404) with statsTag=0xffffffff, statsUid=-1
05-30 15:25:28.692 V/GraphicsEnvironment( 2186): Currently set values for:
05-30 15:25:28.693 V/GraphicsEnvironment( 2186): angle_gl_driver_selection_pkgs=[]
05-30 15:25:28.693 V/GraphicsEnvironment( 2186): angle_gl_driver_selection_values=[]
05-30 15:25:28.694 V/GraphicsEnvironment( 2186): ANGLE GameManagerService for com.dangbei.zhushou.os: false
05-30 15:25:28.695 D/CompatibilityChangeReporter( 984): Compat change id reported: 186082280; UID 10052; state: ENABLED
05-30 15:25:28.695 V/GraphicsEnvironment( 2186): com.dangbei.zhushou.os is not listed in per-application setting
05-30 15:25:28.695 V/GraphicsEnvironment( 2186): Neither updatable production driver nor prerelease driver is supported.
05-30 15:25:28.701 I/DrmHalHidl( 2039): No hidl drm factories found
05-30 15:25:28.702 I/hwservicemanager( 233): getTransport: Cannot find entry android.hardware.drm@1.0::IDrmFactory/default in either framework or device VINTF manifest.
05-30 15:25:28.704 E/DrmHalHidl( 2039): Failed to find passthrough drm factories
05-30 15:25:28.709 I/DrmUtils( 2039): found IDrmFactory. Instance name:[android.hardware.drm.IDrmFactory/clearkey]
05-30 15:25:28.711 I/DrmUtils( 2039): found IDrmFactory. Instance name:[android.hardware.drm.IDrmFactory/widevine]
05-30 15:25:28.715 I/WVCdm-DrmFactory( 540): [app][com.android.rkpdapp] calling virtual ::ndk::ScopedAStatus wvdrm::hardware::drm::widevine::WVDrmFactory::createDrmPlugin(const Uuid &, const string &, std::shared_ptr< ::aidl::android::hardware::drm::IDrmPlugin> *)
05-30 15:25:28.716 D/WVCdm ( 540): Instantiating CDM metrics queue
05-30 15:25:28.716 D/WVCdm ( 540): Instantiating CDM.
05-30 15:25:28.721 D/WVCdm ( 540): [cdm_engine.cpp(581):QueryStatus] security_level = Default, query_token = WidevineCdmVersion
05-30 15:25:28.724 I/MultiDex( 2186): VM with version 2.1.0 has multidex support
05-30 15:25:28.724 I/MultiDex( 2186): Installing application
05-30 15:25:28.724 I/MultiDex( 2186): VM has multidex support, MultiDex support library is disabled.
05-30 15:25:28.725 I/WVCdm ( 540): [file_utils.cpp(38):Exists] stat failed: ENOENT
05-30 15:25:28.725 I/WVCdm ( 540): [oemcrypto_adapter_dynamic.cpp(783):Initialize] Level 3 Build Info (v18): {"soc_vendor":"L3_34136","soc_model":"ARM 32 bit","ta_ver":"18.1.0+May 15 2024_23:17:25_","uses_opk":false,"tee_os":"none","tee_os_ver":"0.0.0","form_factor":"L3","implementer":"Widevine","fused":false}
05-30 15:25:28.725 I/WVCdm ( 540): [(0):] Level3 Library 34136 May 15 2024 23:17:25
05-30 15:25:28.735 D/CompatibilityChangeReporter( 2146): Compat change id reported: 194532703; UID 10027; state: DISABLED
05-30 15:25:28.735 D/CompatibilityChangeReporter( 2146): Compat change id reported: 253665015; UID 10027; state: DISABLED
05-30 15:25:28.736 D/AppManager( 1540): checkLocalAppsIsValid:
05-30 15:25:28.743 D/CompatibilityChangeReporter( 703): Compat change id reported: 271850009; UID 10027; state: DISABLED
05-30 15:25:28.744 D/CompatibilityChangeReporter( 703): Compat change id reported: 253665015; UID 10027; state: DISABLED
05-30 15:25:28.744 D/CompatibilityChangeReporter( 703): Compat change id reported: 194532703; UID 10027; state: DISABLED
05-30 15:25:28.745 D/ConnectivityService( 703): requestNetwork for uid/pid:1000/703 asUid: 10027 activeRequest: null callbackRequest: 49 [NetworkRequest [ REQUEST id=50, [ Capabilities: INTERNET&NOT_RESTRICTED&TRUSTED&NOT_VCN_MANAGED Uid: 10027 RequestorUid: 1000 RequestorPkg: android UnderlyingNetworks: Null] ]] callback flags: 0 order: 2147483647
05-30 15:25:28.747 D/WifiNetworkFactory( 703): got request NetworkRequest [ REQUEST id=50, [ Capabilities: INTERNET&NOT_RESTRICTED&TRUSTED&NOT_VCN_MANAGED Uid: 10027 RequestorUid: 1000 RequestorPkg: android UnderlyingNetworks: Null] ]
05-30 15:25:28.748 D/UntrustedWifiNetworkFactory( 703): got request NetworkRequest [ REQUEST id=50, [ Capabilities: INTERNET&NOT_RESTRICTED&TRUSTED&NOT_VCN_MANAGED Uid: 10027 RequestorUid: 1000 RequestorPkg: android UnderlyingNetworks: Null] ]
05-30 15:25:28.748 D/OemPaidWifiNetworkFactory( 703): got request NetworkRequest [ REQUEST id=50, [ Capabilities: INTERNET&NOT_RESTRICTED&TRUSTED&NOT_VCN_MANAGED Uid: 10027 RequestorUid: 1000 RequestorPkg: android UnderlyingNetworks: Null] ]
05-30 15:25:28.749 D/MultiInternetWifiNetworkFactory( 703): got request NetworkRequest [ REQUEST id=50, [ Capabilities: INTERNET&NOT_RESTRICTED&TRUSTED&NOT_VCN_MANAGED Uid: 10027 RequestorUid: 1000 RequestorPkg: android UnderlyingNetworks: Null] ]
05-30 15:25:28.749 D/ConnectivityService( 703): NetReassign [50 : null → 100] [c 0] [a 1] [i 0]
05-30 15:25:28.782 I/WVCdm ( 540): [oemcrypto_adapter_dynamic.cpp(797):Initialize] L3 Initialized. Trying L1.
05-30 15:25:28.783 W/WVCdm ( 540): [oemcrypto_adapter_dynamic.cpp(810):Initialize] Could not load oemcrypto from path liboemcrypto.so. dlopen failed: library "liboemcrypto.so" not found
05-30 15:25:28.783 W/WVCdm ( 540): [oemcrypto_adapter_dynamic.cpp(814):Initialize] Could not load oemcrypto. Falling back to L3.
05-30 15:25:28.783 E/WVCdm ( 540): [oemcrypto_adapter_dynamic.cpp(1271):ValidateOrInstallL1KeyboxOrCert] L1 not initialized. Falling back to L3
05-30 15:25:28.783 I/WVCdm ( 540): [file_utils.cpp(38):Exists] stat failed: ENOENT
05-30 15:25:28.783 W/WVCdm ( 540): [oemcrypto_adapter_dynamic.cpp(1470):OEMCrypto_InitializeAndCheckKeybox] Keybox error: 25. Falling back to L3.
05-30 15:25:28.783 I/WVCdm ( 540): [oemcrypto_adapter_dynamic.cpp(846):Level1Terminate] L1 Terminate not needed
05-30 15:25:28.783 D/WVCdm ( 540): [crypto_session.cpp(472):CacheVersion] OEMCrypto version (default security level): 18.1
05-30 15:25:28.783 D/WVCdm ( 540): [crypto_session.cpp(481):CacheVersion] OEMCrypto version (L3 security level): 18.1
05-30 15:25:28.787 D/WVCdm ( 540): [cdm_engine.cpp(581):QueryStatus] security_level = Default, query_token = ProvisioningModel
05-30 15:25:28.787 I/RkpdWidevine( 2039): Not a WV provisioning 4.0 device. No provisioning required.
05-30 15:25:28.794 D/statsd_drm( 622): statsd_mediadrm skipping empty entry
05-30 15:25:28.799 I/WM-WorkerWrapper( 2039): Worker result SUCCESS for Work [ id=9d92381b-e05a-4b4c-abbc-6d8a43d2728d, tags={ com.android.rkpdapp.provisioner.WidevineProvisioner, WidevineProvisioner } ]
05-30 15:25:28.800 I/WVCdm ( 540): [(0):] L3 Terminate.
05-30 15:25:28.828 I/b ( 2186): -----------> Auto switch user, userId: -3377459
05-30 15:25:28.828 I/b ( 2186): -----------> doSwitchUserInternal, userId: -3377459
05-30 15:25:28.831 D/yl ( 2186): com.wangjie.rapidorm.c.b.a-------------------the tables are {class com.dangbei.setting.provider.dal.db.model.UserPreference=com.dangbei.setting.provider.dal.db.model.b@edd96ed, class com.dangbei.setting.provider.dal.db.model.User=com.dangbei.setting.provider.dal.db.model.c@a3a922}
05-30 15:25:28.881 D/AppManager( 1540): checkLocalAppsIsValid: success
05-30 15:25:28.888 D/CompatibilityChangeReporter( 2186): Compat change id reported: 147600208; UID 1000; state: DISABLED
05-30 15:25:28.912 I/Thread-2( 2186): type=1400 audit(0.0:847): avc: denied { read } for name="address" dev="sysfs" ino=22127 scontext=u:r:system_app:s0 tcontext=u:object_r:sysfs_net:s0 tclass=file permissive=1
05-30 15:25:28.912 I/Thread-2( 2186): type=1400 audit(0.0:848): avc: denied { open } for path="/sys/devices/virtual/net/dummy0/address" dev="sysfs" ino=22127 scontext=u:r:system_app:s0 tcontext=u:object_r:sysfs_net:s0 tclass=file permissive=1
05-30 15:25:28.912 I/Thread-2( 2186): type=1400 audit(0.0:849): avc: denied { getattr } for path="/sys/devices/virtual/net/dummy0/address" dev="sysfs" ino=22127 scontext=u:r:system_app:s0 tcontext=u:object_r:sysfs_net:s0 tclass=file permissive=1
05-30 15:25:28.893 D/ConnectivityService( 703): requestNetwork for uid/pid:10027/2146 activeRequest: null callbackRequest: 51 [NetworkRequest [ REQUEST id=52, [ Capabilities: INTERNET&NOT_RESTRICTED&TRUSTED&NOT_VCN_MANAGED Uid: 10027 RequestorUid: 10027 RequestorPkg: com.android.statementservice UnderlyingNetworks: Null] ]] callback flags: 0 order: 2147483647
05-30 15:25:28.893 D/CompatibilityChangeReporter( 2186): Compat change id reported: 263076149; UID 1000; state: DISABLED
05-30 15:25:28.897 D/WifiNetworkFactory( 703): got request NetworkRequest [ REQUEST id=52, [ Capabilities: INTERNET&NOT_RESTRICTED&TRUSTED&NOT_VCN_MANAGED Uid: 10027 RequestorUid: 10027 RequestorPkg: com.android.statementservice UnderlyingNetworks: Null] ]
05-30 15:25:28.897 D/UntrustedWifiNetworkFactory( 703): got request NetworkRequest [ REQUEST id=52, [ Capabilities: INTERNET&NOT_RESTRICTED&TRUSTED&NOT_VCN_MANAGED Uid: 10027 RequestorUid: 10027 RequestorPkg: com.android.statementservice UnderlyingNetworks: Null] ]
05-30 15:25:28.897 D/OemPaidWifiNetworkFactory( 703): got request NetworkRequest [ REQUEST id=52, [ Capabilities: INTERNET&NOT_RESTRICTED&TRUSTED&NOT_VCN_MANAGED Uid: 10027 RequestorUid: 10027 RequestorPkg: com.android.statementservice UnderlyingNetworks: Null] ]
05-30 15:25:28.898 D/MultiInternetWifiNetworkFactory( 703): got request NetworkRequest [ REQUEST id=52, [ Capabilities: INTERNET&NOT_RESTRICTED&TRUSTED&NOT_VCN_MANAGED Uid: 10027 RequestorUid: 10027 RequestorPkg: com.android.statementservice UnderlyingNetworks: Null] ]
05-30 15:25:28.898 D/ConnectivityService( 703): NetReassign [52 : null → 100] [c 0] [a 1] [i 3]
05-30 15:25:28.911 D/TrafficStats( 703): tagSocket(403) with statsTag=0xffffff41, statsUid=-1
05-30 15:25:28.918 D/TrafficStats( 1540): tagSocket(123) with statsTag=0xffffffff, statsUid=-1
05-30 15:25:28.920 D/TrafficStats( 1505): tagSocket(94) with statsTag=0xffffffff, statsUid=-1
05-30 15:25:28.920 D/TrafficStats( 1540): tagSocket(5) with statsTag=0xffffffff, statsUid=-1
05-30 15:25:28.921 D/TrafficStats( 1540): tagSocket(159) with statsTag=0xffffffff, statsUid=-1
05-30 15:25:28.921 D/TrafficStats( 1540): tagSocket(158) with statsTag=0xffffffff, statsUid=-1
05-30 15:25:28.922 D/TrafficStats( 1540): tagSocket(124) with statsTag=0xffffffff, statsUid=-1
05-30 15:25:28.922 D/TrafficStats( 1505): tagSocket(93) with statsTag=0xffffffff, statsUid=-1
05-30 15:25:28.923 D/TrafficStats( 1505): tagSocket(95) with statsTag=0xffffffff, statsUid=-1
05-30 15:25:28.923 D/TrafficStats( 1505): tagSocket(99) with statsTag=0xffffffff, statsUid=-1
05-30 15:25:28.931 D/TrafficStats( 1540): tagSocket(126) with statsTag=0xffffffff, statsUid=-1
05-30 15:25:28.952 D/TrafficStats( 1817): tagSocket(119) with statsTag=0xffffffff, statsUid=-1
05-30 15:25:28.957 I/TDLog ( 2186): TalkingData App Analytics SDK init...
05-30 15:25:28.957 I/TDLog ( 2186): SDK_VERSION is: Android+TD+V4.0.22 gp Type:Native Build_Num:712
05-30 15:25:28.957 I/TDLog ( 2186): App ID is: 219DEBE67C3B47D799EED1190DEACA09
05-30 15:25:28.957 I/TDLog ( 2186): App Channel is: statisticSDK
05-30 15:25:28.957 I/TDLog ( 2186): SDK_OVC is: TDOVC+a004ba0d7e569531a3ac013fd19b4443+SaaS
05-30 15:25:28.957 I/TDLog ( 2186): setReportUncaughtExceptions: true
05-30 15:25:28.958 D/TrafficStats( 1817): tagSocket(123) with statsTag=0xffffffff, statsUid=-1
05-30 15:25:28.966 D/CompatibilityChangeReporter( 703): Compat change id reported: 135634846; UID 10043; state: DISABLED
05-30 15:25:28.968 D/CompatibilityChangeReporter( 703): Compat change id reported: 143937733; UID 10043; state: DISABLED
05-30 15:25:28.969 I/BroadcastQueue( 703): BOOT_COMPLETED_BROADCAST_COMPLETION_LATENCY_REPORTED action:android.intent.action.BOOT_COMPLETED dispatchLatency:-22368 completeLatency:4713 dispatchRealLatency:-22368 completeRealLatency:4713 receiversSize:40 userId:0 userType:android.os.usertype.full.SYSTEM
05-30 15:25:28.970 I/ActivityManager( 703): Finished processing BOOT_COMPLETED for u0
05-30 15:25:28.971 I/okhttp.OkHttpClient( 1505): <-- 200 OK http://tymsgapi.qun7.com/v1/core/logip (513ms, 81-byte body)
05-30 15:25:28.975 I/HttpUtil( 1505): success
05-30 15:25:29.006 I/okhttp.OkHttpClient( 1505): <-- 200 OK http://tymsgapi.qun7.com/v1/core/appupdate (472ms, unknown-length body)
05-30 15:25:29.006 I/okhttp.OkHttpClient( 1505): <-- 200 OK http://tyapi.qun7.com/v1/core/launcherota (538ms, unknown-length body)
05-30 15:25:29.009 E/ccc ( 1505): cccccc launcher ota response is BaseResponse{message='success', data=UpgradeInfoEntity{contentLength=0, versionName='', versionCode=0, remark='', list=[]}, code=0}
05-30 15:25:29.010 W/System.err( 1505): java.lang.IndexOutOfBoundsException: Index 0 out of bounds for length 0
05-30 15:25:29.010 W/System.err( 1505): at jdk.internal.util.Preconditions.outOfBounds(Preconditions.java:64)
05-30 15:25:29.010 W/System.err( 1505): at jdk.internal.util.Preconditions.outOfBoundsCheckIndex(Preconditions.java:70)
05-30 15:25:29.010 W/System.err( 1505): at jdk.internal.util.Preconditions.checkIndex(Preconditions.java:266)
05-30 15:25:29.010 W/System.err( 1505): at java.util.Objects.checkIndex(Objects.java:359)
05-30 15:25:29.010 W/System.err( 1505): at java.util.ArrayList.get(ArrayList.java:434)
05-30 15:25:29.010 W/System.err( 1505): at com.dangbei.etna.update.launcher.LauncherUpdateHelper$requestLauncherUpdateInfo$1$2.invoke(LauncherUpdateHelper.kt:198)
05-30 15:25:29.010 W/System.err( 1505): at com.dangbei.etna.update.launcher.LauncherUpdateHelper$requestLauncherUpdateInfo$1$2.invoke(LauncherUpdateHelper.kt:189)
05-30 15:25:29.010 W/System.err( 1505): at com.etna.haqu.support.ext.FlowExtKt$safeCollect$3.emit(FlowExt.kt:52)
05-30 15:25:29.010 W/System.err( 1505): at kotlinx.coroutines.flow.FlowKt__ErrorsKt$catchImpl$2.emit(Errors.kt:158)
05-30 15:25:29.010 W/System.err( 1505): at kotlinx.coroutines.flow.FlowKt__ChannelsKt.emitAllImpl$FlowKt__ChannelsKt(Channels.kt:62)
05-30 15:25:29.010 W/System.err( 1505): at kotlinx.coroutines.flow.FlowKt__ChannelsKt.access$emitAllImpl$FlowKt__ChannelsKt(Channels.kt:1)
05-30 15:25:29.010 W/System.err( 1505): at kotlinx.coroutines.flow.FlowKt__ChannelsKt$emitAllImpl$1.invokeSuspend(Unknown Source:14)
05-30 15:25:29.010 W/System.err( 1505): at kotlin.coroutines.jvm.internal.BaseContinuationImpl.resumeWith(ContinuationImpl.kt:33)
05-30 15:25:29.010 W/System.err( 1505): at kotlinx.coroutines.DispatchedTask.run(DispatchedTask.kt:106)
05-30 15:25:29.010 W/System.err( 1505): at android.os.Handler.handleCallback(Handler.java:958)
05-30 15:25:29.010 W/System.err( 1505): at android.os.Handler.dispatchMessage(Handler.java:99)
05-30 15:25:29.010 W/System.err( 1505): at android.os.Looper.loopOnce(Looper.java:205)
05-30 15:25:29.010 W/System.err( 1505): at android.os.Looper.loop(Looper.java:294)
05-30 15:25:29.010 W/System.err( 1505): at android.app.ActivityThread.main(ActivityThread.java:8255)
05-30 15:25:29.010 W/System.err( 1505): at java.lang.reflect.Method.invoke(Native Method)
05-30 15:25:29.010 W/System.err( 1505): at com.android.internal.os.RuntimeInit$MethodAndArgsCaller.run(RuntimeInit.java:552)
05-30 15:25:29.010 W/System.err( 1505): at com.android.internal.os.ZygoteInit.main(ZygoteInit.java:978)
05-30 15:25:29.011 I/Zygote ( 2257): seccomp disabled by setenforce 0
05-30 15:25:29.016 I/okhttp.OkHttpClient( 1505): <-- 200 OK http://tymsgapi.qun7.com/v1/core/rom (516ms, unknown-length body)
05-30 15:25:29.018 I/gbei.screencast( 2257): Using CollectorTypeCC GC.
05-30 15:25:28.987 D/Zygote ( 469): Forked child process 2257
05-30 15:25:29.020 W/ActivityManager( 703): Slow operation: 55ms so far, now at startProcess: returned from zygote!
05-30 15:25:29.021 W/ActivityManager( 703): Slow operation: 55ms so far, now at startProcess: done updating battery stats
05-30 15:25:29.021 W/ActivityManager( 703): Slow operation: 55ms so far, now at startProcess: building log message
05-30 15:25:29.021 I/ActivityManager( 703): Start proc 2257:com.dangbei.screencast/u0a43 for broadcast {com.dangbei.screencast/com.dangbei.screencast.startup.BootReceiver}
05-30 15:25:29.021 W/ActivityManager( 703): Slow operation: 55ms so far, now at startProcess: starting to update pids map
05-30 15:25:29.021 W/ActivityManager( 703): Slow operation: 55ms so far, now at startProcess: done updating pids map
05-30 15:25:29.022 E/ccc ( 1505): cccccc com.dangbei.haqusetting not connect
05-30 15:25:29.022 E/ccc ( 1505): cccccc updateHelper 通知更新
05-30 15:25:29.025 E/ccc ( 1505): cccccc requestOtaInfo result BaseResponse{message='success', data=OtaUpdateBean{downloadId='3859', updateType=1, romVersionName='5.0.0.7', romCode=66666, current=0, romMd5v='e5fc8d9a29132ffd8efdc3842c3c35a5', romLength=1107791189, romSize='1.0 GB', downUrl='http://dl.qun7.com/H5/H5Pro/5.0.0.6-20250530-wsyv%20/user_H5P_S905X5M_20250529_3-ota.zip', reUrl='http://dl.v5tv.com/H5/H5Pro/5.0.0.6-20250530-wsyv%20/user_H5P_S905X5M_20250529_3-ota.zip', reUrl2='http://dl.tymcdn.com/H5/H5Pro/5.0.0.6-20250530-wsyv%20/user_H5P_S905X5M_20250529_3-ota.zip', tempUrl='null', remark='30号早上9点配置OTA升级
05-30 15:25:29.025 E/ccc ( 1505): 固件时间:29号晚上10点
05-30 15:25:29.025 E/ccc ( 1505): 更新信息:
05-30 15:25:29.025 E/ccc ( 1505): user_H5P_S905X5M_20250529_3
05-30 15:25:29.025 E/ccc ( 1505): 链接: https://pan.baidu.com/s/13dvHYrF9ktJxYMb1qkA6TA?pwd=wsyv 提取码: wsyv
05-30 15:25:29.025 E/ccc ( 1505): 1.修复深度清理卡死log异常 对应Redmine bug 10
05-30 15:25:29.025 E/ccc ( 1505): 2.47981 47937对应相关禅道bug
05-30 15:25:29.025 E/ccc ( 1505): 对应Redmine bug #29 #19 #78 #52 #27 #26
05-30 15:25:29.025 E/ccc ( 1505): 加油,各位老表,干完今天回家过端午', status=idle, progress=0.0, filterMac=[], localPath='null', popup=1, isPaused=false, cancelled=false, extraInfo='null'}, code=0}
05-30 15:25:29.025 E/gbei.screencast( 2257): Not starting debugger since process cannot load the jdwp agent.
05-30 15:25:29.028 E/ccc ( 1505): cccccc com.dangbei.haqusetting not connect
05-30 15:25:29.028 E/ccc ( 1505): cccccc updateHelper 通知更新
05-30 15:25:29.028 E/ccc ( 1505): cccccc OtaUpdateHelper 普通更新 1
05-30 15:25:29.024 I/lerad.etna.haqu( 1505): type=1400 audit(0.0:851): avc: denied { read } for name="cache" dev="dm-8" ino=95 scontext=u:r:system_app:s0 tcontext=u:object_r:cache_file:s0 tclass=lnk_file permissive=1
05-30 15:25:29.024 I/work_thread( 2186): type=1400 audit(0.0:850): avc: denied { search } for name="net" dev="sysfs" ino=12345 scontext=u:r:system_app:s0 tcontext=u:object_r:sysfs_net:s0 tclass=dir permissive=1
05-30 15:25:29.041 D/CompatibilityChangeReporter( 703): Compat change id reported: 168419799; UID 10043; state: DISABLED
05-30 15:25:29.042 D/CompatibilityChangeReporter( 703): Compat change id reported: 273564678; UID 10043; state: DISABLED
05-30 15:25:29.045 D/CompatibilityChangeReporter( 703): Compat change id reported: 265195908; UID 10043; state: ENABLED
05-30 15:25:29.046 D/CompatibilityChangeReporter( 2257): Compat change id reported: 171979766; UID 10043; state: DISABLED
05-30 15:25:29.046 D/CompatibilityChangeReporter( 2257): Compat change id reported: 242716250; UID 10043; state: DISABLED
05-30 15:25:29.053 D/CompatibilityChangeReporter( 703): Compat change id reported: 170503758; UID 10043; state: DISABLED
05-30 15:25:29.056 D/ApplicationLoaders( 2257): Returning zygote-cached class loader: /system/framework/android.test.base.jar
05-30 15:25:29.057 D/ApplicationLoaders( 2257): Returning zygote-cached class loader: /system/framework/android.hidl.manager-V1.0-java.jar
05-30 15:25:29.057 D/ApplicationLoaders( 2257): Returning zygote-cached class loader: /system/framework/android.hidl.base-V1.0-java.jar
05-30 15:25:29.094 D/CompatibilityChangeReporter( 2146): Compat change id reported: 263076149; UID 10027; state: DISABLED
05-30 15:25:29.104 D/nativeloader( 2257): Configuring clns-shared-4 for other apk /system/app/dangbei-screencast/dangbei-screencast.apk. target_sdk_version=28, uses_libraries=, library_path=/system/app/dangbei-screencast/lib/arm:/system/app/dangbei-screencast/dangbei-screencast.apk!/lib/armeabi-v7a:/system/lib:/system_ext/lib, permitted_path=/data:/mnt/expand:/data/user/0/com.dangbei.screencast:/system/app/dangbei-screencast:/system/lib:/system_ext/lib
05-30 15:25:29.118 D/AppListModel( 1540): requestAppFilterList: success
05-30 15:25:29.118 D/AppListModel( 1540): updateList
05-30 15:25:29.118 D/AppListModel( 1540): updateList: resetAppList
05-30 15:25:29.122 D/AppManager( 1540): checkLocalAppsIsValid:
05-30 15:25:29.142 V/GraphicsEnvironment( 2257): Currently set values for:
05-30 15:25:29.142 V/GraphicsEnvironment( 2257): angle_gl_driver_selection_pkgs=[]
05-30 15:25:29.142 V/GraphicsEnvironment( 2257): angle_gl_driver_selection_values=[]
05-30 15:25:29.144 V/GraphicsEnvironment( 2257): ANGLE GameManagerService for com.dangbei.screencast: false
05-30 15:25:29.144 V/GraphicsEnvironment( 2257): com.dangbei.screencast is not listed in per-application setting
05-30 15:25:29.144 V/GraphicsEnvironment( 2257): Neither updatable production driver nor prerelease driver is supported.
05-30 15:25:29.166 D/TrafficStats( 1540): tagSocket(79) with statsTag=0xffffffff, statsUid=-1
05-30 15:25:29.170 D/TrafficStats( 1540): tagSocket(187) with statsTag=0xffffffff, statsUid=-1
05-30 15:25:29.170 D/TrafficStats( 1540): tagSocket(189) with statsTag=0xffffffff, statsUid=-1
05-30 15:25:29.180 D/TrafficStats( 1540): tagSocket(125) with statsTag=0xffffffff, statsUid=-1
05-30 15:25:29.181 D/TrafficStats( 1540): tagSocket(186) with statsTag=0xffffffff, statsUid=-1
05-30 15:25:29.213 I/MultiDex( 2257): VM with version 2.1.0 has multidex support
05-30 15:25:29.213 I/MultiDex( 2257): Installing application
05-30 15:25:29.213 I/MultiDex( 2257): VM has multidex support, MultiDex support library is disabled.
05-30 15:25:29.214 V/NFC ( 2186): this device does not have NFC support
05-30 15:25:29.224 E/hq ( 1540): ErrorCoroutineExceptionHandler:::runTry error:com.dangbei.leard.base.proider.error.EmptyApiException: 数据为空 from=requestMessageDialog from=requestMessageDialog
05-30 15:25:29.226 E/hq ( 1540): WeatherRefresh:::请求网络地址后,更新的地理位置为:101280601
05-30 15:25:29.240 E/PartsInfoProvider( 2257): onCreate:
05-30 15:25:29.246 W/ActivityManager( 703): Background start not allowed: service Intent { act=com.dangbei.screencast.STARTUP pkg=com.dangbei.screencast } to com.dangbei.screencast/.startup.StartupService from pid=2257 uid=10043 pkg=com.dangbei.screencast startFg?=false
05-30 15:25:29.248 E/SecondScreen( 1540): isShowSecondScreen()=0 getCurrentPageState()=com.monster.gamma.core.LoadService@2048c66
05-30 15:25:29.256 W/System.err( 2257): android.app.BackgroundServiceStartNotAllowedException: Not allowed to start service Intent { act=com.dangbei.screencast.STARTUP pkg=com.dangbei.screencast }: app is in background uid UidRecord{309dbd7 u0a43 CEM idle change:idle|cached|procstate procs:0 seq(327,327)} caps=------
05-30 15:25:29.256 E/hq ( 1540): WeatherRefresh:::请求网络地址后,更新的地理位置为:101280601
05-30 15:25:29.256 W/System.err( 2257): at android.app.ContextImpl.startServiceCommon(ContextImpl.java:1945)
05-30 15:25:29.256 W/System.err( 2257): at android.app.ContextImpl.startService(ContextImpl.java:1900)
05-30 15:25:29.256 W/System.err( 2257): at android.content.ContextWrapper.startService(ContextWrapper.java:825)
05-30 15:25:29.256 W/System.err( 2257): at b.f.f.h.g.k.a(Unknown Source:20)
05-30 15:25:29.256 W/System.err( 2257): at com.dangbei.screencast.provider.PartsInfoProvider.onCreate(:2)
05-30 15:25:29.256 W/System.err( 2257): at android.content.ContentProvider.attachInfo(ContentProvider.java:2619)
05-30 15:25:29.256 W/System.err( 2257): at android.content.ContentProvider.attachInfo(ContentProvider.java:2589)
05-30 15:25:29.256 W/System.err( 2257): at android.app.ActivityThread.installProvider(ActivityThread.java:7840)
05-30 15:25:29.256 W/System.err( 2257): at android.app.ActivityThread.installContentProviders(ActivityThread.java:7351)
05-30 15:25:29.257 W/System.err( 2257): at android.app.ActivityThread.handleBindApplication(ActivityThread.java:7046)
05-30 15:25:29.257 W/System.err( 2257): at android.app.ActivityThread.-$$Nest$mhandleBindApplication(Unknown Source:0)
05-30 15:25:29.257 W/System.err( 2257): at android.app.ActivityThread$H.handleMessage(ActivityThread.java:2265)
05-30 15:25:29.257 W/System.err( 2257): at android.os.Handler.dispatchMessage(Handler.java:106)
05-30 15:25:29.257 W/System.err( 2257): at android.os.Looper.loopOnce(Looper.java:205)
05-30 15:25:29.257 W/System.err( 2257): at android.os.Looper.loop(Looper.java:294)
05-30 15:25:29.257 W/System.err( 2257): at android.app.ActivityThread.main(ActivityThread.java:8255)
05-30 15:25:29.257 W/System.err( 2257): at java.lang.reflect.Method.invoke(Native Method)
05-30 15:25:29.257 W/System.err( 2257): at com.android.internal.os.RuntimeInit$MethodAndArgsCaller.run(RuntimeInit.java:552)
05-30 15:25:29.257 W/System.err( 2257): at com.android.internal.os.ZygoteInit.main(ZygoteInit.java:978)
05-30 15:25:29.262 W/ActivityManager( 703): Background start not allowed: service Intent { act=com.dangbei.screencast.STARTUP pkg=com.dangbei.screencast } to com.dangbei.screencast/.startup.StartupService from pid=2257 uid=10043 pkg=com.dangbei.screencast startFg?=false
05-30 15:25:29.263 W/System.err( 2257): android.app.BackgroundServiceStartNotAllowedException: Not allowed to start service Intent { act=com.dangbei.screencast.STARTUP pkg=com.dangbei.screencast }: app is in background uid UidRecord{309dbd7 u0a43 CEM idle change:idle|cached|procstate procs:0 seq(327,327)} caps=------
05-30 15:25:29.263 W/System.err( 2257): at android.app.ContextImpl.startServiceCommon(ContextImpl.java:1945)
05-30 15:25:29.263 W/System.err( 2257): at android.app.ContextImpl.startService(ContextImpl.java:1900)
05-30 15:25:29.263 W/System.err( 2257): at android.content.ContextWrapper.startService(ContextWrapper.java:825)
05-30 15:25:29.263 W/System.err( 2257): at b.f.f.h.g.k.a(Unknown Source:20)
05-30 15:25:29.263 W/System.err( 2257): at com.dangbei.screencast.common.utils.remotepreferences.ScreenCastPreferenceProvider.onCreate(Unknown Source:11)
05-30 15:25:29.263 W/System.err( 2257): at android.content.ContentProvider.attachInfo(ContentProvider.java:2619)
05-30 15:25:29.263 W/System.err( 2257): at android.content.ContentProvider.attachInfo(ContentProvider.java:2589)
05-30 15:25:29.263 W/System.err( 2257): at android.app.ActivityThread.installProvider(ActivityThread.java:7840)
05-30 15:25:29.263 W/System.err( 2257): at android.app.ActivityThread.installContentProviders(ActivityThread.java:7351)
05-30 15:25:29.263 W/System.err( 2257): at android.app.ActivityThread.handleBindApplication(ActivityThread.java:7046)
05-30 15:25:29.263 W/System.err( 2257): at android.app.ActivityThread.-$$Nest$mhandleBindApplication(Unknown Source:0)
05-30 15:25:29.263 W/System.err( 2257): at android.app.ActivityThread$H.handleMessage(ActivityThread.java:2265)
05-30 15:25:29.263 W/System.err( 2257): at android.os.Handler.dispatchMessage(Handler.java:106)
05-30 15:25:29.263 W/System.err( 2257): at android.os.Looper.loopOnce(Looper.java:205)
05-30 15:25:29.263 W/System.err( 2257): at android.os.Looper.loop(Looper.java:294)
05-30 15:25:29.263 W/System.err( 2257): at android.app.ActivityThread.main(ActivityThread.java:8255)
05-30 15:25:29.263 W/System.err( 2257): at java.lang.reflect.Method.invoke(Native Method)
05-30 15:25:29.263 W/System.err( 2257): at com.android.internal.os.RuntimeInit$MethodAndArgsCaller.run(RuntimeInit.java:552)
05-30 15:25:29.263 W/System.err( 2257): at com.android.internal.os.ZygoteInit.main(ZygoteInit.java:978)
05-30 15:25:29.288 I/ActivityManager( 703): reportOnUserCompletedEvent(0): stored=10, eligible=111
05-30 15:25:29.289 D/SystemServerTimingAsync( 703): ssm.CompletedEventUser-0
05-30 15:25:29.289 I/SystemServiceManager( 703): Calling onCompletedEventUser 0
05-30 15:25:29.291 D/SystemServerTimingAsync( 703): ssm.onCompletedEventUser-0_{|Unlocked|}_com.android.server.security.FileIntegrityService
05-30 15:25:29.291 D/SystemServerTimingAsync( 703): ssm.onCompletedEventUser-0_{|Unlocked|}_com.android.server.flags.FeatureFlagsService
05-30 15:25:29.291 D/SystemServerTimingAsync( 703): ssm.onCompletedEventUser-0_{|Unlocked|}_com.android.server.uri.UriGrantsManagerService$Lifecycle
05-30 15:25:29.291 D/SystemServerTimingAsync( 703): ssm.onCompletedEventUser-0_{|Unlocked|}_com.android.server.powerstats.PowerStatsService
05-30 15:25:29.291 D/SystemServerTimingAsync( 703): ssm.onCompletedEventUser-0_{|Unlocked|}_com.android.server.permission.access.AccessCheckingService
05-30 15:25:29.291 D/SystemServerTimingAsync( 703): ssm.onCompletedEventUser-0_{|Unlocked|}_com.android.server.wm.ActivityTaskManagerService$Lifecycle
05-30 15:25:29.291 D/SystemServerTimingAsync( 703): ssm.onCompletedEventUser-0_{|Unlocked|}_com.android.server.am.ActivityManagerService$Lifecycle
05-30 15:25:29.291 D/SystemServerTimingAsync( 703): ssm.onCompletedEventUser-0_{|Unlocked|}_com.android.server.pm.DataLoaderManagerService
05-30 15:25:29.291 D/SystemServerTimingAsync( 703): ssm.onCompletedEventUser-0_{|Unlocked|}_com.android.server.power.PowerManagerService
05-30 15:25:29.291 D/SystemServerTimingAsync( 703): ssm.onCompletedEventUser-0_{|Unlocked|}_com.android.server.power.ThermalManagerService
05-30 15:25:29.291 D/SystemServerTimingAsync( 703): ssm.onCompletedEventUser-0_{|Unlocked|}_com.android.server.power.hint.HintManagerService
05-30 15:25:29.291 D/SystemServerTimingAsync( 703): ssm.onCompletedEventUser-0_{|Unlocked|}_com.android.server.recoverysystem.RecoverySystemService$Lifecycle
05-30 15:25:29.291 D/SystemServerTimingAsync( 703): ssm.onCompletedEventUser-0_{|Unlocked|}_com.android.server.lights.LightsService
05-30 15:25:29.291 D/SystemServerTimingAsync( 703): ssm.onCompletedEventUser-0_{|Unlocked|}_com.android.server.display.DisplayManagerService
05-30 15:25:29.291 D/SystemServerTimingAsync( 703): ssm.onCompletedEventUser-0_{|Unlocked|}_com.android.server.pm.verify.domain.DomainVerificationService
05-30 15:25:29.291 D/SystemServerTimingAsync( 703): ssm.onCompletedEventUser-0_{|Unlocked|}_com.android.server.pm.PackageInstallerService$Lifecycle
05-30 15:25:29.291 D/SystemServerTimingAsync( 703): ssm.onCompletedEventUser-0_{|Unlocked|}_com.android.server.pm.UserManagerService$LifeCycle
05-30 15:25:29.291 D/SystemServerTimingAsync( 703): ssm.onCompletedEventUser-0_{|Unlocked|}_com.android.server.om.OverlayManagerService
05-30 15:25:29.291 D/SystemServerTimingAsync( 703): ssm.onCompletedEventUser-0_{|Unlocked|}_com.android.server.resources.ResourcesManagerService
05-30 15:25:29.291 D/SystemServerTimingAsync( 703): ssm.onCompletedEventUser-0_{|Unlocked|}_com.android.server.sensorprivacy.SensorPrivacyService
05-30 15:25:29.291 D/SystemServerTimingAsync( 703): ssm.onCompletedEventUser-0_{|Unlocked|}_com.android.server.sensors.SensorService
05-30 15:25:29.291 D/SystemServerTimingAsync( 703): ssm.onCompletedEventUser-0_{|Unlocked|}_com.android.server.SystemConfigService
05-30 15:25:29.291 D/SystemServerTimingAsync( 703): ssm.onCompletedEventUser-0_{|Unlocked|}_com.android.server.BatteryService
05-30 15:25:29.291 D/SystemServerTimingAsync( 703): ssm.onCompletedEventUser-0_{|Unlocked|}_com.android.server.usage.UsageStatsService
05-30 15:25:29.291 D/SystemServerTimingAsync( 703): ssm.onCompletedEventUser-0_{|Unlocked|}_com.android.server.webkit.WebViewUpdateService
05-30 15:25:29.291 D/SystemServerTimingAsync( 703): ssm.onCompletedEventUser-0_{|Unlocked|}_com.android.server.CachedDeviceStateService
05-30 15:25:29.292 D/SystemServerTimingAsync( 703): ssm.onCompletedEventUser-0_{|Unlocked|}_com.android.server.BinderCallsStatsService$LifeCycle
05-30 15:25:29.292 D/SystemServerTimingAsync( 703): ssm.onCompletedEventUser-0_{|Unlocked|}_com.android.server.LooperStatsService$Lifecycle
05-30 15:25:29.292 D/SystemServerTimingAsync( 703): ssm.onCompletedEventUser-0_{|Unlocked|}_com.android.server.rollback.RollbackManagerService
05-30 15:25:29.292 D/SystemServerTimingAsync( 703): ssm.onCompletedEventUser-0_{|Unlocked|}_com.android.server.os.NativeTombstoneManagerService
05-30 15:25:29.292 D/SystemServerTimingAsync( 703): ssm.onCompletedEventUser-0_{|Unlocked|}_com.android.server.os.BugreportManagerService
05-30 15:25:29.292 D/SystemServerTimingAsync( 703): ssm.onCompletedEventUser-0_{|Unlocked|}_com.android.server.gpu.GpuService
05-30 15:25:29.292 D/SystemServerTimingAsync( 703): ssm.onCompletedEventUser-0_{|Unlocked|}_com.android.server.security.rkp.RemoteProvisioningService
05-30 15:25:29.292 D/SystemServerTimingAsync( 703): ssm.onCompletedEventUser-0_{|Unlocked|}_com.android.server.security.KeyChainSystemService
