05-30 15:25:29.292 D/SystemServerTimingAsync( 703): ssm.onCompletedEventUser-0_{|Unlocked|}_com.android.server.BinaryTransparencyService
05-30 15:25:29.292 D/SystemServerTimingAsync( 703): ssm.onCompletedEventUser-0_{|Unlocked|}_com.android.server.accounts.AccountManagerService$Lifecycle
05-30 15:25:29.292 D/SystemServerTimingAsync( 703): ssm.onCompletedEventUser-0_{|Unlocked|}_com.android.server.content.ContentService$Lifecycle
05-30 15:25:29.292 D/SystemServerTimingAsync( 703): ssm.onCompletedEventUser-0_{|Unlocked|}_com.android.server.deviceconfig.DeviceConfigInit$Lifecycle
05-30 15:25:29.292 D/SystemServerTimingAsync( 703): ssm.onCompletedEventUser-0_{|Unlocked|}_com.android.server.DropBoxManagerService
05-30 15:25:29.292 D/SystemServerTimingAsync( 703): ssm.onCompletedEventUser-0_{|Unlocked|}_com.android.role.RoleService
05-30 15:25:29.292 D/SystemServerTimingAsync( 703): ssm.onCompletedEventUser-0_{|Unlocked|}_com.android.server.vibrator.VibratorManagerService$Lifecycle
05-30 15:25:29.292 D/SystemServerTimingAsync( 703): ssm.onCompletedEventUser-0_{|Unlocked|}_com.android.server.tare.InternalResourceService
05-30 15:25:29.292 D/SystemServerTimingAsync( 703): ssm.onCompletedEventUser-0_{|Unlocked|}_com.android.server.alarm.AlarmManagerService
05-30 15:25:29.292 D/SystemServerTimingAsync( 703): ssm.onCompletedEventUser-0_{|Unlocked|}_com.android.server.devicestate.DeviceStateManagerService
05-30 15:25:29.292 D/SystemServerTimingAsync( 703): ssm.onCompletedEventUser-0_{|Unlocked|}_com.android.server.camera.CameraServiceProxy
05-30 15:25:29.292 D/SystemServerTimingAsync( 703): ssm.onCompletedEventUser-0_{|Unlocked|}_com.android.server.bluetooth.BluetoothService
05-30 15:25:29.292 D/SystemServerTimingAsync( 703): ssm.onCompletedEventUser-0_{|Unlocked|}_com.android.server.connectivity.IpConnectivityMetrics
05-30 15:25:29.292 D/SystemServerTimingAsync( 703): ssm.onCompletedEventUser-0_{|Unlocked|}_com.android.server.net.watchlist.NetworkWatchlistService$Lifecycle
05-30 15:25:29.292 D/SystemServerTimingAsync( 703): ssm.onCompletedEventUser-0_{|Unlocked|}_com.android.server.PinnerService
05-30 15:25:29.292 D/SystemServerTimingAsync( 703): ssm.onCompletedEventUser-0_{|Unlocked|}_com.android.server.integrity.AppIntegrityManagerService
05-30 15:25:29.292 D/SystemServerTimingAsync( 703): ssm.onCompletedEventUser-0_{|Unlocked|}_com.android.server.logcat.LogcatManagerService
05-30 15:25:29.292 D/SystemServerTimingAsync( 703): ssm.onCompletedEventUser-0_{|Unlocked|}_com.android.server.inputmethod.InputMethodManagerService$Lifecycle
05-30 15:25:29.292 D/SystemServerTimingAsync( 703): ssm.onCompletedEventUser-0_{|Unlocked|}_com.android.server.accessibility.AccessibilityManagerService$Lifecycle
05-30 15:25:29.292 D/SystemServerTimingAsync( 703): ssm.onCompletedEventUser-0_{|Unlocked|}_com.android.server.StorageManagerService$Lifecycle
05-30 15:25:29.292 D/SystemServerTimingAsync( 703): ssm.onCompletedEventUser-0_{|Unlocked|}_com.android.server.usage.StorageStatsService$Lifecycle
05-30 15:25:29.292 D/SystemServerTimingAsync( 703): ssm.onCompletedEventUser-0_{|Unlocked|}_com.android.server.UiModeManagerService
05-30 15:25:29.292 D/SystemServerTimingAsync( 703): ssm.onCompletedEventUser-0_{|Unlocked|}_com.android.server.locales.LocaleManagerService
05-30 15:25:29.292 D/SystemServerTimingAsync( 703): ssm.onCompletedEventUser-0_{|Unlocked|}_com.android.server.grammaticalinflection.GrammaticalInflectionService
05-30 15:25:29.292 D/SystemServerTimingAsync( 703): ssm.onCompletedEventUser-0_{|Unlocked|}_com.android.server.apphibernation.AppHibernationService
05-30 15:25:29.292 D/SystemServerTimingAsync( 703): ssm.onCompletedEventUser-0_{|Unlocked|}_com.android.server.locksettings.LockSettingsService$Lifecycle
05-30 15:25:29.292 D/SystemServerTimingAsync( 703): ssm.onCompletedEventUser-0_{|Unlocked|}_com.android.server.PersistentDataBlockService
05-30 15:25:29.292 D/SystemServerTimingAsync( 703): ssm.onCompletedEventUser-0_{|Unlocked|}_com.android.server.testharness.TestHarnessModeService
05-30 15:25:29.292 D/SystemServerTimingAsync( 703): ssm.onCompletedEventUser-0_{|Unlocked|}_com.android.server.oemlock.OemLockService
05-30 15:25:29.293 D/SystemServerTimingAsync( 703): ssm.onCompletedEventUser-0_{|Unlocked|}_com.android.server.DeviceIdleController
05-30 15:25:29.293 D/SystemServerTimingAsync( 703): ssm.onCompletedEventUser-0_{|Unlocked|}_com.android.server.devicepolicy.DevicePolicyManagerService$Lifecycle
05-30 15:25:29.293 D/SystemServerTimingAsync( 703): ssm.onCompletedEventUser-0_{|Unlocked|}_com.android.server.texttospeech.TextToSpeechManagerService
05-30 15:25:29.293 D/SystemServerTimingAsync( 703): ssm.onCompletedEventUser-0_{|Unlocked|}_com.android.server.ambientcontext.AmbientContextManagerService
05-30 15:25:29.293 D/SystemServerTimingAsync( 703): ssm.onCompletedEventUser-0_{|Unlocked|}_com.android.server.wearable.WearableSensingManagerService
05-30 15:25:29.293 D/SystemServerTimingAsync( 703): ssm.onCompletedEventUser-0_{|Unlocked|}_com.android.server.speech.SpeechRecognitionManagerService
05-30 15:25:29.293 D/SystemServerTimingAsync( 703): ssm.onCompletedEventUser-0_{|Unlocked|}_com.android.server.searchui.SearchUiManagerService
05-30 15:25:29.293 D/SystemServerTimingAsync( 703): ssm.onCompletedEventUser-0_{|Unlocked|}_com.android.server.smartspace.SmartspaceManagerService
05-30 15:25:29.293 D/SystemServerTimingAsync( 703): ssm.onCompletedEventUser-0_{|Unlocked|}_com.android.server.graphics.fonts.FontManagerService$Lifecycle
05-30 15:25:29.293 D/SystemServerTimingAsync( 703): ssm.onCompletedEventUser-0_{|Unlocked|}_com.android.server.textservices.TextServicesManagerService$Lifecycle
05-30 15:25:29.293 D/SystemServerTimingAsync( 703): ssm.onCompletedEventUser-0_{|Unlocked|}_com.android.server.textclassifier.TextClassificationManagerService$Lifecycle
05-30 15:25:29.293 D/SystemServerTimingAsync( 703): ssm.onCompletedEventUser-0_{|Unlocked|}_com.android.server.NetworkScoreService$Lifecycle
05-30 15:25:29.293 D/SystemServerTimingAsync( 703): ssm.onCompletedEventUser-0_{|Unlocked|}_com.android.server.NetworkStatsServiceInitializer
05-30 15:25:29.293 D/SystemServerTimingAsync( 703): ssm.onCompletedEventUser-0_{|Unlocked|}_com.android.server.wifi.WifiService
05-30 15:25:29.293 D/SystemServerTimingAsync( 703): ssm.onCompletedEventUser-0_{|Unlocked|}_com.android.server.wifi.scanner.WifiScanningService
05-30 15:25:29.293 D/SystemServerTimingAsync( 703): ssm.onCompletedEventUser-0_{|Unlocked|}_com.android.server.wifi.p2p.WifiP2pService
05-30 15:25:29.293 D/SystemServerTimingAsync( 703): ssm.onCompletedEventUser-0_{|Unlocked|}_com.android.server.ConnectivityServiceInitializer
05-30 15:25:29.293 D/SystemServerTimingAsync( 703): ssm.onCompletedEventUser-0_{|Unlocked|}_com.android.server.notification.NotificationManagerService
05-30 15:25:29.293 D/SystemServerTimingAsync( 703): ssm.onCompletedEventUser-0_{|Unlocked|}_com.android.server.storage.DeviceStorageMonitorService
05-30 15:25:29.293 D/SystemServerTimingAsync( 703): ssm.onCompletedEventUser-0_{|Unlocked|}_com.android.server.timedetector.TimeDetectorService$Lifecycle
05-30 15:25:29.293 D/SystemServerTimingAsync( 703): ssm.onCompletedEventUser-0_{|Unlocked|}_com.android.server.location.LocationManagerService$Lifecycle
05-30 15:25:29.293 D/SystemServerTimingAsync( 703): ssm.onCompletedEventUser-0_{|Unlocked|}_com.android.server.timezonedetector.TimeZoneDetectorService$Lifecycle
05-30 15:25:29.293 D/SystemServerTimingAsync( 703): ssm.onCompletedEventUser-0_{|Unlocked|}_com.android.server.location.altitude.AltitudeService$Lifecycle
05-30 15:25:29.293 D/SystemServerTimingAsync( 703): ssm.onCompletedEventUser-0_{|Unlocked|}_com.android.server.timezonedetector.location.LocationTimeZoneManagerService$Lifecycle
05-30 15:25:29.293 D/SystemServerTimingAsync( 703): ssm.onCompletedEventUser-0_{|Unlocked|}_com.android.server.search.SearchManagerService$Lifecycle
05-30 15:25:29.293 D/SystemServerTimingAsync( 703): ssm.onCompletedEventUser-0_{|Unlocked|}_com.android.server.wallpaper.WallpaperManagerService$Lifecycle
05-30 15:25:29.293 D/SystemServerTimingAsync( 703): ssm.onCompletedEventUser-0_{|Unlocked|}_com.android.server.wallpapereffectsgeneration.WallpaperEffectsGenerationManagerService
05-30 15:25:29.293 D/SystemServerTimingAsync( 703): ssm.onCompletedEventUser-0_{|Unlocked|}_com.android.server.audio.AudioService$Lifecycle
05-30 15:25:29.293 D/SystemServerTimingAsync( 703): ssm.onCompletedEventUser-0_{|Unlocked|}_com.android.server.soundtrigger_middleware.SoundTriggerMiddlewareService$Lifecycle
05-30 15:25:29.293 D/SystemServerTimingAsync( 703): ssm.onCompletedEventUser-0_{|Unlocked|}_com.android.server.adb.AdbService$Lifecycle
05-30 15:25:29.293 D/SystemServerTimingAsync( 703): ssm.onCompletedEventUser-0_{|Unlocked|}_com.android.server.usb.UsbService$Lifecycle
05-30 15:25:29.293 D/SystemServerTimingAsync( 703): ssm.onCompletedEventUser-0_{|Unlocked|}_com.android.server.twilight.TwilightService
05-30 15:25:29.293 D/SystemServerTimingAsync( 703): ssm.onCompletedEventUser-0_{|Unlocked|}_com.android.server.display.color.ColorDisplayService
05-30 15:25:29.293 D/SystemServerTimingAsync( 703): ssm.onCompletedEventUser-0_{|Unlocked|}_com.android.server.job.JobSchedulerService
05-30 15:25:29.295 D/SystemServerTimingAsync( 703): ssm.onCompletedEventUser-0_{|Unlocked|}_com.android.server.soundtrigger.SoundTriggerService
05-30 15:25:29.295 D/SystemServerTimingAsync( 703): ssm.onCompletedEventUser-0_{|Unlocked|}_com.android.server.trust.TrustManagerService
05-30 15:25:29.295 D/SystemServerTimingAsync( 703): ssm.onCompletedEventUser-0_{|Unlocked|}_com.android.server.backup.BackupManagerService$Lifecycle
05-30 15:25:29.296 D/SystemServerTimingAsync( 703): ssm.onCompletedEventUser-0_{|Unlocked|}_com.android.server.pm.Installer
05-30 15:25:29.296 D/SystemServerTimingAsync( 703): ssm.onCompletedEventUser-0_{|Unlocked|}_com.android.server.voiceinteraction.VoiceInteractionManagerService
05-30 15:25:29.296 D/SystemServerTimingAsync( 703): ssm.onCompletedEventUser-0_{|Unlocked|}_com.android.server.GestureLauncherService
05-30 15:25:29.296 D/SystemServerTimingAsync( 703): ssm.onCompletedEventUser-0_{|Unlocked|}_com.android.server.SensorNotificationService
05-30 15:25:29.296 D/SystemServerTimingAsync( 703): ssm.onCompletedEventUser-0_{|Unlocked|}_com.android.server.emergency.EmergencyAffordanceService
05-30 15:25:29.296 D/SystemServerTimingAsync( 703): ssm.onCompletedEventUser-0_{|Unlocked|}_com.android.server.blob.BlobStoreManagerService
05-30 15:25:29.296 D/SystemServerTimingAsync( 703): ssm.onCompletedEventUser-0_{|Unlocked|}_com.android.server.dreams.DreamManagerService
05-30 15:25:29.296 D/SystemServerTimingAsync( 703): ssm.onCompletedEventUser-0_{|Unlocked|}_com.android.server.security.AttestationVerificationManagerService
05-30 15:25:29.296 D/SystemServerTimingAsync( 703): ssm.onCompletedEventUser-0_{|Unlocked|}_com.android.server.restrictions.RestrictionsManagerService
05-30 15:25:29.296 D/SystemServerTimingAsync( 703): ssm.onCompletedEventUser-0_{|Unlocked|}_com.android.server.media.MediaSessionService
05-30 15:25:29.296 D/SystemServerTimingAsync( 703): ssm.onCompletedEventUser-0_{|Unlocked|}_com.android.server.hdmi.HdmiControlService
05-30 15:25:29.296 D/SystemServerTimingAsync( 703): ssm.onCompletedEventUser-0_{|Unlocked|}_com.android.server.tv.interactive.TvInteractiveAppManagerService
05-30 15:25:29.296 D/SystemServerTimingAsync( 703): ssm.onCompletedEventUser-0_{|Unlocked|}_com.android.server.tv.TvInputManagerService
05-30 15:25:29.296 D/SystemServerTimingAsync( 703): ssm.onCompletedEventUser-0_{|Unlocked|}_com.android.server.appwidget.AppWidgetService
05-30 15:25:29.296 D/SystemServerTimingAsync( 703): ssm.onCompletedEventUser-0_{|Unlocked|}_com.android.server.tv.TvRemoteService
05-30 15:25:29.296 D/SystemServerTimingAsync( 703): ssm.onCompletedEventUser-0_{|Unlocked|}_com.android.server.biometrics.BiometricService
05-30 15:25:29.296 D/SystemServerTimingAsync( 703): ssm.onCompletedEventUser-0_{|Unlocked|}_com.android.server.biometrics.AuthService
05-30 15:25:29.296 D/SystemServerTimingAsync( 703): ssm.onCompletedEventUser-0_{|Unlocked|}_com.android.server.pm.ShortcutService$Lifecycle
05-30 15:25:29.296 D/SystemServerTimingAsync( 703): ssm.onCompletedEventUser-0_{|Unlocked|}_com.android.server.pm.LauncherAppsService
05-30 15:25:29.296 D/SystemServerTimingAsync( 703): ssm.onCompletedEventUser-0_{|Unlocked|}_com.android.server.pm.CrossProfileAppsService
05-30 15:25:29.296 D/SystemServerTimingAsync( 703): ssm.onCompletedEventUser-0_{|Unlocked|}_com.android.server.people.PeopleService
05-30 15:25:29.296 D/SystemServerTimingAsync( 703): ssm.onCompletedEventUser-0_{|Unlocked|}_com.android.server.os.DeviceIdentifiersPolicyService
05-30 15:25:29.296 D/SystemServerTimingAsync( 703): ssm.onCompletedEventUser-0_{|Unlocked|}_com.android.server.media.MediaResourceMonitorService
05-30 15:25:29.296 D/SystemServerTimingAsync( 703): ssm.onCompletedEventUser-0_{|Unlocked|}_com.android.server.media.metrics.MediaMetricsManagerService
05-30 15:25:29.296 D/SystemServerTimingAsync( 703): ssm.onCompletedEventUser-0_{|Unlocked|}_com.android.server.pm.BackgroundInstallControlService
05-30 15:25:29.296 D/SystemServerTimingAsync( 703): ssm.onCompletedEventUser-0_{|Unlocked|}_com.android.server.media.projection.MediaProjectionManagerService
05-30 15:25:29.297 D/SystemServerTimingAsync( 703): ssm.onCompletedEventUser-0_{|Unlocked|}_com.android.server.slice.SliceManagerService$Lifecycle
05-30 15:25:29.297 D/SystemServerTimingAsync( 703): ssm.onCompletedEventUser-0_{|Unlocked|}_com.android.server.stats.StatsCompanion$Lifecycle
05-30 15:25:29.297 D/SystemServerTimingAsync( 703): ssm.onCompletedEventUser-0_{|Unlocked|}_com.android.server.stats.pull.StatsPullAtomService
05-30 15:25:29.297 D/SystemServerTimingAsync( 703): ssm.onCompletedEventUser-0_{|Unlocked|}_com.android.server.stats.bootstrap.StatsBootstrapAtomService$Lifecycle
05-30 15:25:29.297 D/SystemServerTimingAsync( 703): ssm.onCompletedEventUser-0_{|Unlocked|}_com.android.server.incident.IncidentCompanionService
05-30 15:25:29.297 D/SystemServerTimingAsync( 703): ssm.onCompletedEventUser-0_{|Unlocked|}_com.android.server.sdksandbox.SdkSandboxManagerService$Lifecycle
05-30 15:25:29.297 D/SystemServerTimingAsync( 703): ssm.onCompletedEventUser-0_{|Unlocked|}_com.android.server.adservices.AdServicesManagerService$Lifecycle
05-30 15:25:29.297 D/SystemServerTimingAsync( 703): ssm.onCompletedEventUser-0_{|Unlocked|}_com.android.server.autofill.AutofillManagerService
05-30 15:25:29.297 D/SystemServerTimingAsync( 703): ssm.onCompletedEventUser-0_{|Unlocked|}_com.android.server.clipboard.ClipboardService
05-30 15:25:29.297 D/SystemServerTimingAsync( 703): ssm.onCompletedEventUser-0_{|Unlocked|}_com.android.server.appbinding.AppBindingService$Lifecycle
05-30 15:25:29.297 D/SystemServerTimingAsync( 703): ssm.onCompletedEventUser-0_{|Unlocked|}_com.android.server.tracing.TracingServiceProxy
05-30 15:25:29.297 D/SystemServerTimingAsync( 703): ssm.onCompletedEventUser-0_{|Unlocked|}_com.android.server.policy.PermissionPolicyService
05-30 15:25:29.297 D/SystemServerTimingAsync( 703): ssm.onCompletedEventUser-0_{|Unlocked|}_com.android.server.pm.StagingManager$Lifecycle
05-30 15:25:29.297 D/SystemServerTimingAsync( 703): ssm.onCompletedEventUser-0_{|Unlocked|}_com.android.server.app.GameManagerService$Lifecycle
05-30 15:25:29.297 D/SystemServerTimingAsync( 703): ssm.onCompletedEventUser-0_{|Unlocked|}_com.android.safetycenter.SafetyCenterService
05-30 15:25:29.297 D/SystemServerTimingAsync( 703): ssm.onCompletedEventUser-0_{|Unlocked|}_com.android.server.appsearch.AppSearchModule$Lifecycle
05-30 15:25:29.297 D/SystemServerTimingAsync( 703): ssm.onCompletedEventUser-0_{|Unlocked|}_com.android.server.media.MediaCommunicationService
05-30 15:25:29.297 D/SystemServerTimingAsync( 703): ssm.onCompletedEventUser-0_{|Unlocked|}_com.android.server.compat.overrides.AppCompatOverridesService$Lifecycle
05-30 15:25:29.297 D/SystemServerTimingAsync( 703): ssm.onCompletedEventUser-0_{|Unlocked|}_com.android.server.healthconnect.HealthConnectManagerService
05-30 15:25:29.297 D/SystemServerTimingAsync( 703): ssm.onCompletedEventUser-0_{|Unlocked|}_com.android.server.devicelock.DeviceLockService
05-30 15:25:29.297 D/SystemServerTimingAsync( 703): ssm.onCompletedEventUser-0_{|Unlocked|}_com.android.server.ondevicepersonalization.OnDevicePersonalizationSystemService$Lifecycle
05-30 15:25:29.297 D/SystemServerTimingAsync( 703): ssm.onCompletedEventUser-0_{|Unlocked|}_com.android.server.scheduling.RebootReadinessManagerService$Lifecycle
05-30 15:25:29.304 D/AndroidAutoSize( 2257): designWidthInDp = 360, designHeightInDp = 640, screenWidth = 1920, screenHeight = 1080
05-30 15:25:29.305 D/AndroidAutoSize( 2257): initDensity = 1.5, initScaledDensity = 1.5
05-30 15:25:29.326 D/CompatibilityChangeReporter( 703): Compat change id reported: 149924527; UID 10043; state: ENABLED
05-30 15:25:29.327 D/CompatibilityChangeReporter( 703): Compat change id reported: 132649864; UID 10043; state: DISABLED
05-30 15:25:29.336 D/CompatibilityChangeReporter( 2257): Compat change id reported: 247079863; UID 10043; state: DISABLED
05-30 15:25:29.377 E/martin ( 1540): 组件:2025-05-30
05-30 15:25:29.377 D/CompatibilityChangeReporter( 703): Compat change id reported: 161145287; UID 10043; state: DISABLED
05-30 15:25:29.380 E/weatherWidget( 1540): dataChange:Fri May 30 15:25:29 GMT+08:00 2025
05-30 15:25:29.405 W/System.err( 2257): com.umeng.analytics.pro.br: Required field 'version' was not found in serialized data! Struct: com.umeng.commonsdk.statistics.proto.d$a@7b6f4cc
05-30 15:25:29.405 W/System.err( 2257): at com.umeng.commonsdk.statistics.proto.d$a.a(Unknown Source:43)
05-30 15:25:29.405 W/System.err( 2257): at com.umeng.commonsdk.statistics.proto.d$a.b(Unknown Source:2)
05-30 15:25:29.405 W/System.err( 2257): at com.umeng.commonsdk.statistics.proto.d.read(Unknown Source:16)
05-30 15:25:29.405 W/System.err( 2257): at com.umeng.analytics.pro.au.a(Unknown Source:7)
05-30 15:25:29.405 W/System.err( 2257): at com.umeng.commonsdk.statistics.idtracking.ImprintHandler.e(Unknown Source:66)
05-30 15:25:29.405 W/System.err( 2257): at com.umeng.commonsdk.statistics.idtracking.ImprintHandler.onFileLock(Unknown Source:5)
05-30 15:25:29.405 W/System.err( 2257): at com.umeng.commonsdk.utils.FileLockUtil.doFileOperateion(Unknown Source:20)
05-30 15:25:29.405 W/System.err( 2257): at com.umeng.commonsdk.statistics.idtracking.ImprintHandler.getImprintService(Unknown Source:41)
05-30 15:25:29.405 W/System.err( 2257): at com.umeng.commonsdk.framework.UMEnvelopeBuild.imprintProperty(Unknown Source:7)
05-30 15:25:29.405 W/System.err( 2257): at com.umeng.commonsdk.config.FieldManager.a(Unknown Source:43)
05-30 15:25:29.405 W/System.err( 2257): at com.umeng.commonsdk.UMConfigure.preInit(Unknown Source:73)
05-30 15:25:29.405 W/System.err( 2257): at com.umeng.commonsdk.UMConfigure.init(Unknown Source:161)
05-30 15:25:29.405 W/System.err( 2257): at b.f.f.b.a(:4)
05-30 15:25:29.405 W/System.err( 2257): at h.o.a.run(Unknown Source:2)
05-30 15:25:29.418 D/RockyManager( 1817): switchWakeIsAllow isQuitBootGuide: true isBtMode: false
05-30 15:25:29.418 D/RockyManager( 1817): switchWakeIsAllow isAllowFarWake: true
05-30 15:25:29.426 D/XHttpObservable( 1817): createNetWorkObservable subscribe: MediaControlEntity{code=0, data=PageEntity{list=[ContentEntity{packageName='com.dangbei.leard.leradlauncher', activityName='FilmDetailActivity'}, ContentEntity{packageName='com.dangbei.leard.leradlauncher', activityName='FullScreenDetailActivity'}, ContentEntity{packageName='com.dangbei.leard.leradlauncher', activityName='TencentSportActivity'}, ContentEntity{packageName='com.dangbei.leradVideoPlugins', activityName='FilmDetailActivity'}, ContentEntity{packageName='com.dangbei.leradVideoPlugins', activityName='FullScreenDetailActivity'}, ContentEntity{packageName='com.dangbei.leradVideoPlugins', activityName='TencentSportActivity'}, ContentEntity{packageName='com.dangbei.leradVideoPlugins', activityName='ShortPlayActivity'}, ContentEntity{packageName='com.dangbei.hqmedia', activityName='FilmDetailActivity'}, ContentEntity{packageName='com.dangbei.hqmedia', activityName='FullScreenDetailActivity'}, ContentEntity{packageName='com.dangbei.leradVideoPlugins', activityName='MangoMediaActivity'}, ContentEntity{packageName='com.dangbei.leradVideoPlugins', activityName='VcinemaActivity'}]}, message='success'} ,,, isDisposed = false
05-30 15:25:29.445 D/TrafficStats( 1540): tagSocket(123) with statsTag=0xffffffff, statsUid=-1
05-30 15:25:29.450 D/TrafficStats( 1540): tagSocket(79) with statsTag=0xffffffff, statsUid=-1
05-30 15:25:29.454 I/crashsdk( 2257): begin hack android.os.Process
05-30 15:25:29.454 I/crashsdk( 2257): end hack android.os.Process
05-30 15:25:29.456 I/crashsdk( 2257): version unique build id: 6230cced
05-30 15:25:29.457 D/crashsdk( 2257): Native log stat thread 2323 setup, waiting
05-30 15:25:29.459 D/TrafficStats( 1540): tagSocket(142) with statsTag=0xffffffff, statsUid=-1
05-30 15:25:29.468 I/TDLog ( 2257): setReportUncaughtExceptions: true
05-30 15:25:29.468 E/Application( 2257): onCreate:Version:v2.8.3/20830/883432e
05-30 15:25:29.481 D/TrafficStats( 1540): tagSocket(187) with statsTag=0xffffffff, statsUid=-1
05-30 15:25:29.481 I/TDLog ( 2257): TalkingData SDK init...
05-30 15:25:29.481 I/TDLog ( 2257): SDK_VERSION is: Android+TD+V5.0.7 gp Type:Native Build_Num:2141
05-30 15:25:29.481 I/TDLog ( 2257): App ID is: B9D7815EC975466AB1332111FCE62DF5
05-30 15:25:29.481 I/TDLog ( 2257): App Channel is: os
05-30 15:25:29.481 I/TDLog ( 2257): App Custom is:
05-30 15:25:29.481 I/TDLog ( 2257): SDK_OVC is: TDOVC+a3bb7754719798526508b6caad480dd7+SaaS
05-30 15:25:29.484 E/hq ( 1540): 当小贝:::message list add complete data.messageList:[]
05-30 15:25:29.484 E/hq ( 1540): data.tabList=[]
05-30 15:25:29.484 I/hq ( 1540): 当小贝:::showMessage from=requestGetMessageRemind
05-30 15:25:29.484 I/hq ( 1540): 当小贝:::showMessage 没有消息需要显示
05-30 15:25:29.486 D/TrafficStats( 1540): tagSocket(161) with statsTag=0xffffffff, statsUid=-1
05-30 15:25:29.488 D/CompatibilityChangeReporter( 703): Compat change id reported: 135634846; UID 10018; state: DISABLED
05-30 15:25:29.489 D/CompatibilityChangeReporter( 703): Compat change id reported: 177438394; UID 10018; state: DISABLED
05-30 15:25:29.489 D/CompatibilityChangeReporter( 703): Compat change id reported: 135772972; UID 10018; state: DISABLED
05-30 15:25:29.489 D/CompatibilityChangeReporter( 703): Compat change id reported: 135754954; UID 10018; state: ENABLED
05-30 15:25:29.489 I/d.leradlauncher( 1540): Background young concurrent copying GC freed 152602(12MB) AllocSpace objects, 26(2488KB) LOS objects, 47% free, 10MB/20MB, paused 857us,223us total 306.998ms
05-30 15:25:29.490 D/CompatibilityChangeReporter( 703): Compat change id reported: 143937733; UID 10018; state: ENABLED
05-30 15:25:29.503 I/crashsdk( 2257): Catcher mask: 5000, 20480
05-30 15:25:29.504 I/crashsdk( 2257): Catcher thread 2262
05-30 15:25:29.505 I/serviceDiscovery( 703): [MdnsAdvertiser.wlan0] Probing finished for service 2
05-30 15:25:29.505 D/crashsdk( 2257): Register ANR handler ...
05-30 15:25:29.508 D/LanCommander( 1505): com.dangbei.andes.bean.RegistrationData@ec89b20----------------onServiceRegistered
05-30 15:25:29.516 D/XHttpObservable( 1817): createNetWorkObservable subscribe: ShowMessageEntity{code=0, data=TipEntity{movieType=[我想看喜剧片, 动作片, 枪战片], movie=[庆余年, 误杀, 美丽人生, 爆笑虫子, 哪吒, 小猪佩奇, 胡歌的电视剧, 张艺谋导演的电影, 切换到1080P, 收藏], appController=[打开当贝市场, 下载哈趣影视, 爱奇艺, 卸载腾讯视频], weather=[今天的天气, 未来五天的天气, 杭州天气怎么样, 明天下不下雨], music=[我要听歌, 周杰伦的歌, 上一首, 下一首, 快进一分钟, 暂停], liveAppDownload='非常抱歉,根据监管部门政策管理要求,暂不提供相应服务。', subscreen=null, wakeUpVoiceResponse=[ProbabilityEntity{word='在呢', probability=30}, ProbabilityEntity{word='我在', probability=35}, ProbabilityEntity{word='你说', probability=15}, ProbabilityEntity{word='来啦', probability=20}], unrecognizedVoiceResponse=[ProbabilityEntity{word='可以再说一遍么', probability=45}, ProbabilityEntity{word='可以说的详细一点么', probability=30}, ProbabilityEntity{word='请问有什么可以帮您', probability=25}], notUnderstandVoiceResponse=[ProbabilityEntity{word='换个说法试试吧', probability=100}]}, message='success'} ,,, isDisposed = false
05-30 15:25:29.528 D/AppManager( 1540): checkLocalAppsIsValid: success
05-30 15:25:29.536 I/Zygote ( 2335): seccomp disabled by setenforce 0
05-30 15:25:29.542 I/externalstorage( 2335): Using CollectorTypeCC GC.
05-30 15:25:29.527 D/Zygote ( 469): Forked child process 2335
05-30 15:25:29.544 W/ActivityManager( 703): Slow operation: 56ms so far, now at startProcess: returned from zygote!
05-30 15:25:29.544 W/ActivityManager( 703): Slow operation: 56ms so far, now at startProcess: done updating battery stats
05-30 15:25:29.544 W/ActivityManager( 703): Slow operation: 56ms so far, now at startProcess: building log message
05-30 15:25:29.544 I/ActivityManager( 703): Start proc 2335:com.android.externalstorage/u0a18 for broadcast {com.android.externalstorage/com.android.externalstorage.MountReceiver}
05-30 15:25:29.544 W/ActivityManager( 703): Slow operation: 56ms so far, now at startProcess: starting to update pids map
05-30 15:25:29.544 W/ActivityManager( 703): Slow operation: 57ms so far, now at startProcess: done updating pids map
05-30 15:25:29.548 D/TrafficStats( 1540): tagSocket(141) with statsTag=0xffffffff, statsUid=-1
05-30 15:25:29.549 E/externalstorage( 2335): Not starting debugger since process cannot load the jdwp agent.
05-30 15:25:29.551 D/TrafficStats( 1540): tagSocket(79) with statsTag=0xffffffff, statsUid=-1
05-30 15:25:29.554 D/TrafficStats( 1540): tagSocket(125) with statsTag=0xffffffff, statsUid=-1
05-30 15:25:29.561 D/CompatibilityChangeReporter( 703): Compat change id reported: 168419799; UID 10018; state: DISABLED
05-30 15:25:29.562 D/CompatibilityChangeReporter( 703): Compat change id reported: 273564678; UID 10018; state: DISABLED
05-30 15:25:29.564 D/CompatibilityChangeReporter( 703): Compat change id reported: 265195908; UID 10018; state: ENABLED
05-30 15:25:29.566 D/CompatibilityChangeReporter( 2335): Compat change id reported: 171979766; UID 10018; state: ENABLED
05-30 15:25:29.566 D/CompatibilityChangeReporter( 2335): Compat change id reported: 242716250; UID 10018; state: ENABLED
05-30 15:25:29.570 D/CompatibilityChangeReporter( 703): Compat change id reported: 170503758; UID 10018; state: ENABLED
05-30 15:25:29.576 D/TrafficStats( 1540): tagSocket(169) with statsTag=0xffffffff, statsUid=-1
05-30 15:25:29.584 D/nativeloader( 2335): Configuring clns-shared-4 for other apk /system/priv-app/ExternalStorageProvider/ExternalStorageProvider.apk. target_sdk_version=34, uses_libraries=, library_path=/system/priv-app/ExternalStorageProvider/lib/arm:/system/lib:/system_ext/lib, permitted_path=/data:/mnt/expand:/data/user/0/com.android.externalstorage:/system/priv-app/ExternalStorageProvider:/system/lib:/system_ext/lib
05-30 15:25:29.585 D/TrafficStats( 1540): tagSocket(161) with statsTag=0xffffffff, statsUid=-1
05-30 15:25:29.615 I/ActivityManager( 703): Background started FGS: Allowed [callingPackage: com.dangbei.screencast; callingUid: 10043; uidState: CEM ; uidBFSL: n/a; intent: Intent { act=com.dangbei.screencast.STARTUP pkg=com.dangbei.screencast }; code:SYSTEM_ALERT_WINDOW_PERMISSION; tempAllowListReason:; targetSdkVersion:28; callerTargetSdkVersion:28; startForegroundCount:0; bindFromPackage:null: isBindService:false]
05-30 15:25:29.626 I/Matrix.AnrTracer( 2257): anrTrace, final mAnrBeatTime:400, mAnrBeatRate:400
05-30 15:25:29.628 V/GraphicsEnvironment( 2335): Currently set values for:
05-30 15:25:29.628 V/GraphicsEnvironment( 2335): angle_gl_driver_selection_pkgs=[]
05-30 15:25:29.628 V/GraphicsEnvironment( 2335): angle_gl_driver_selection_values=[]
05-30 15:25:29.630 V/GraphicsEnvironment( 2335): ANGLE GameManagerService for com.android.externalstorage: false
05-30 15:25:29.630 V/GraphicsEnvironment( 2335): com.android.externalstorage is not listed in per-application setting
05-30 15:25:29.630 V/GraphicsEnvironment( 2335): Neither updatable production driver nor prerelease driver is supported.
05-30 15:25:29.643 D/TrafficStats( 1540): tagSocket(142) with statsTag=0xffffffff, statsUid=-1
05-30 15:25:29.645 D/TrafficStats( 1540): tagSocket(79) with statsTag=0xffffffff, statsUid=-1
05-30 15:25:29.647 D/TrafficStats( 1540): tagSocket(141) with statsTag=0xffffffff, statsUid=-1
05-30 15:25:29.667 D/ExternalStorage( 2335): After updating volumes, found 1 active roots
05-30 15:25:29.681 I/ActivityManager( 703): com.oranth.usbopenft is exempt from freezer
05-30 15:25:29.682 D/CompatibilityChangeReporter( 703): Compat change id reported: 135634846; UID 1000; state: DISABLED
05-30 15:25:29.683 D/TrafficStats( 1540): tagSocket(146) with statsTag=0xffffffff, statsUid=-1
05-30 15:25:29.686 D/CompatibilityChangeReporter( 703): Compat change id reported: 170668199; UID 10043; state: DISABLED
05-30 15:25:29.687 W/ActivityManager( 703): Foreground service started from background can not have location/camera/microphone access: service com.dangbei.screencast/.startup.StartupService
05-30 15:25:29.687 D/CompatibilityChangeReporter( 703): Compat change id reported: 255038118; UID 10043; state: DISABLED
05-30 15:25:29.688 D/CompatibilityChangeReporter( 703): Compat change id reported: 255042465; UID 10043; state: DISABLED
05-30 15:25:29.690 W/ForegroundServiceTypeLoggerModule( 703): Foreground service start for UID: 10043 does not have any types
05-30 15:25:29.690 D/LaunchConfigManager( 2257): check in allready
05-30 15:25:29.690 D/ExternalStorage( 2335): After updating volumes, found 1 active roots
05-30 15:25:29.691 I/UMCrash ( 2257): begin register common callback. key is umid.
05-30 15:25:29.692 I/ActivityManager( 703): Deferring FGS notification in legacy app com.dangbei.screencast/u0a43 : Notification(channel=channel_record shortcut=null contentView=null vibrate=null sound=null defaults=0x0 flags=0x60 color=0x00000000 category=transport vis=PUBLIC)
05-30 15:25:29.693 I/LaunchTrace( 2257): begin sendLaunchCache
05-30 15:25:29.695 W/efs.send_log( 2257): tryFileLock start!
05-30 15:25:29.698 D/ExternalStorage( 2335): After updating volumes, found 1 active roots
05-30 15:25:29.701 W/efs.send_log( 2257): tryFileLock sendlock sucess! processname: com.dangbei.screencast
05-30 15:25:29.703 W/ndroid.systemui( 984): Cleared Reference was only reachable from finalizer (only reported once)
05-30 15:25:29.707 I/efs.config( 2257): --->>> 删除旧的配置文件 false
05-30 15:25:29.720 I/efs.config( 2257): current config version (-1) is older than another (1735614866)
05-30 15:25:29.721 I/efs.config( 2257): load config from storage and notify observer
05-30 15:25:29.721 I/ndroid.systemui( 984): Background concurrent copying GC freed 143859(5165KB) AllocSpace objects, 12(304KB) LOS objects, 49% free, 4386KB/8772KB, paused 535us,50us total 281.274ms
05-30 15:25:29.728 W/System ( 984): A resource failed to call release.
05-30 15:25:29.728 E/raop ( 2257): *********************AirplayBroadcastServer+++++++++
05-30 15:25:29.729 W/System ( 984): A resource failed to call release.
05-30 15:25:29.729 W/System ( 984): A resource failed to call release.
05-30 15:25:29.736 I/WM-WorkerWrapper( 2146): Worker result SUCCESS for Work [ id=4554adf1-1c2c-4e95-9ffd-00ce0d8d9e38, tags={ com.android.statementservice.domain.worker.RetryRequestWorker } ]
05-30 15:25:29.739 D/Zygote ( 469): Forked child process 2368
05-30 15:25:29.739 W/ActivityManager( 703): Slow operation: 59ms so far, now at startProcess: returned from zygote!
05-30 15:25:29.740 W/ActivityManager( 703): Slow operation: 59ms so far, now at startProcess: done updating battery stats
05-30 15:25:29.740 W/ActivityManager( 703): Slow operation: 59ms so far, now at startProcess: building log message
05-30 15:25:29.740 I/ActivityManager( 703): Start proc 2368:com.oranth.usbopenft/1000 for broadcast {com.oranth.usbopenft/com.oranth.usbopenft.UsbReceiver}
05-30 15:25:29.740 W/ActivityManager( 703): Slow operation: 59ms so far, now at startProcess: starting to update pids map
05-30 15:25:29.740 W/ActivityManager( 703): Slow operation: 59ms so far, now at startProcess: done updating pids map
05-30 15:25:29.742 D/TrafficStats( 1540): tagSocket(134) with statsTag=0xffffffff, statsUid=-1
05-30 15:25:29.747 I/Zygote ( 2368): seccomp disabled by setenforce 0
05-30 15:25:29.752 D/CompatibilityChangeReporter( 2257): Compat change id reported: 270306772; UID 10043; state: DISABLED
05-30 15:25:29.757 D/CompatibilityChangeReporter( 2257): Compat change id reported: 235355681; UID 10043; state: DISABLED
05-30 15:25:29.764 W/JobScheduler( 703): Job didn't exist in JobStore: 3ede49f #u0a27/23 com.android.statementservice/androidx.work.impl.background.systemjob.SystemJobService
05-30 15:25:29.773 I/ranth.usbopenft( 2368): Using CollectorTypeCC GC.
05-30 15:25:29.777 I/efs.base( 2257): lt=event`ev_ct=efs_core`ev_ac=pvuv`tm=2025-05-30 15:25:69`dn=2e014cdb-5933-4f31-abf7-df83dbf41111`ps=com.dangbei.screencast`um_os=android`stime=1748589929308`pid=2257`fr=android`pkg=com.dangbei.screencast`vcode=20830`dsp_w=1920`uid=2e014cdb-5933-4f31-abf7-df83dbf41111`rom=14`wid=2e014cdb-5933-4f31-abf7-df83dbf41111`um_app_carrier=`um_access=wifi`um_app_channel=os`um_crash_sdk_version=1.4.0`ctime=1748589929`model=dbbox-a3`lang=zh`net=wifi`brand=amlogic`dsp_h=1080`um_network_type=0`ver=v2.8.3`build_model=DBBOX-A3`w_tm=1748589929`appid=5fc60c21094d637f3130af19`um_umid_header=null`sdk=34`tzone=Asia/Shanghai`sdk_ver=1.3.6.umeng
05-30 15:25:29.778 D/TrafficStats( 1540): tagSocket(79) with statsTag=0xffffffff, statsUid=-1
05-30 15:25:29.803 E/ranth.usbopenft( 2368): Not starting debugger since process cannot load the jdwp agent.
05-30 15:25:29.818 D/CompatibilityChangeReporter( 703): Compat change id reported: 168419799; UID 1000; state: DISABLED
05-30 15:25:29.819 D/CompatibilityChangeReporter( 703): Compat change id reported: 273564678; UID 1000; state: DISABLED
05-30 15:25:29.823 D/TrafficStats( 1540): tagSocket(146) with statsTag=0xffffffff, statsUid=-1
05-30 15:25:29.825 D/TrafficStats( 1540): tagSocket(151) with statsTag=0xffffffff, statsUid=-1
05-30 15:25:29.828 D/CompatibilityChangeReporter( 2368): Compat change id reported: 171979766; UID 1000; state: ENABLED
05-30 15:25:29.828 D/CompatibilityChangeReporter( 2368): Compat change id reported: 242716250; UID 1000; state: ENABLED
05-30 15:25:29.841 W/OverlayManager( 703): service 'idmap' died
05-30 15:25:29.848 I/ActivityManager( 703): Background started FGS: Allowed [callingPackage: com.dangbei.screencast; callingUid: 10043; uidState: FGS ; uidBFSL: [BFSL]; intent: Intent { cmp=com.dangbei.screencast/.huaweicast.service.HuaweiCastService }; code:PROC_STATE_FGS; tempAllowListReason:; targetSdkVersion:28; callerTargetSdkVersion:28; startForegroundCount:0; bindFromPackage:null: isBindService:false]
05-30 15:25:29.858 E/H264FrameQueue( 2257): H264FrameQueue: mFullQueueCount:200
05-30 15:25:29.868 D/nativeloader( 2368): Configuring clns-shared-4 for other apk /system/app/UsbOpenFT/UsbOpenFT.apk. target_sdk_version=35, uses_libraries=, library_path=/system/app/UsbOpenFT/lib/arm:/system/app/UsbOpenFT/UsbOpenFT.apk!/lib/armeabi-v7a:/system/lib:/system_ext/lib, permitted_path=/data:/mnt/expand:/data/user/0/com.oranth.usbopenft:/system/app/UsbOpenFT:/system/lib:/system_ext/lib
05-30 15:25:29.871 W/System.err( 2257): java.lang.NullPointerException: Attempt to invoke virtual method 'byte[] java.net.NetworkInterface.getHardwareAddress()' on a null object reference
05-30 15:25:29.872 W/System.err( 2257): at b.f.f.y.g.b(Unknown Source:11)
05-30 15:25:29.872 W/System.err( 2257): at b.d.a.a.p.c0(Unknown Source:2)
05-30 15:25:29.872 W/System.err( 2257): at com.dangbei.screencast.startup.StartupService.onCreate(:5)
05-30 15:25:29.872 W/System.err( 2257): at android.app.ActivityThread.handleCreateService(ActivityThread.java:4696)
05-30 15:25:29.872 W/System.err( 2257): at android.app.ActivityThread.-$$Nest$mhandleCreateService(Unknown Source:0)
05-30 15:25:29.872 W/System.err( 2257): at android.app.ActivityThread$H.handleMessage(ActivityThread.java:2293)
05-30 15:25:29.872 W/System.err( 2257): at android.os.Handler.dispatchMessage(Handler.java:106)
05-30 15:25:29.872 W/System.err( 2257): at android.os.Looper.loopOnce(Looper.java:205)
05-30 15:25:29.872 W/System.err( 2257): at android.os.Looper.loop(Looper.java:294)
05-30 15:25:29.872 W/System.err( 2257): at android.app.ActivityThread.main(ActivityThread.java:8255)
05-30 15:25:29.872 W/System.err( 2257): at java.lang.reflect.Method.invoke(Native Method)
05-30 15:25:29.872 W/System.err( 2257): at com.android.internal.os.RuntimeInit$MethodAndArgsCaller.run(RuntimeInit.java:552)
05-30 15:25:29.872 W/System.err( 2257): at com.android.internal.os.ZygoteInit.main(ZygoteInit.java:978)
05-30 15:25:29.872 D/wenhc ( 1540): getScreenInfo uri = content://com.dangbei.screencast.parts.info/screen_cast
05-30 15:25:29.882 D/TrafficStats( 2257): tagSocket(150) with statsTag=0xffffffff, statsUid=-1
05-30 15:25:29.900 E/HuaweiCastService( 2257): onCreate called().
05-30 15:25:29.907 E/PlayerClient( 2257): registerCallback com.dangbei.screencast.huaweicast.service.HuaweiCastService$a@53b32e4
05-30 15:25:29.907 D/PlayerClient( 2257): registerCallback true
05-30 15:25:29.908 D/PlayerClient( 2257): init.
05-30 15:25:29.908 W/KIT_FWK_a( 2257): KitFwk is not installed, pls do not use related interfaces.
05-30 15:25:29.909 W/KIT_FWK_a( 2257): KitFwk is not installed, pls do not use related interfaces.
05-30 15:25:29.909 E/PlayerClient( 2257): bind player service by aar.
05-30 15:25:29.911 V/GraphicsEnvironment( 2368): Currently set values for:
05-30 15:25:29.911 V/GraphicsEnvironment( 2368): angle_gl_driver_selection_pkgs=[]
05-30 15:25:29.911 V/GraphicsEnvironment( 2368): angle_gl_driver_selection_values=[]
05-30 15:25:29.912 V/GraphicsEnvironment( 2368): ANGLE GameManagerService for com.oranth.usbopenft: false
05-30 15:25:29.913 V/GraphicsEnvironment( 2368): com.oranth.usbopenft is not listed in per-application setting
05-30 15:25:29.913 V/GraphicsEnvironment( 2368): Neither updatable production driver nor prerelease driver is supported.
05-30 15:25:29.914 D/CompatibilityChangeReporter( 703): Compat change id reported: 261072174; UID 10043; state: DISABLED
05-30 15:25:29.918 D/PlayerClient( 2257): bind player sink service true
05-30 15:25:29.922 I/WifiService( 703): acquireMulticastLock uid=10043
05-30 15:25:29.923 W/ActivityManager( 703): Foreground service started from background can not have location/camera/microphone access: service com.dangbei.screencast/.huaweicast.service.HuaweiCastService
05-30 15:25:29.924 W/ForegroundServiceTypeLoggerModule( 703): Foreground service start for UID: 10043 does not have any types
05-30 15:25:29.927 E/HuaweiCastService( 2257): startForeground!
05-30 15:25:29.932 I/WifiService( 703): acquireMulticastLock uid=10043
05-30 15:25:29.935 D/WifiHAL ( 522): Setting APF program, halHandle = 0xf41824a0
05-30 15:25:29.935 I/WifiHAL ( 522): createRequest: APF set program request
05-30 15:25:29.935 D/WifiHAL ( 522): error code -95 mapped to -3
05-30 15:25:29.935 I/WifiHAL ( 522): Request Response failed for APF, result = -3
05-30 15:25:29.936 E/WifiStaIfaceAidlImpl( 703): installApfPacketFilter failed with service-specific exception: android.os.ServiceSpecificException: (code 4)
05-30 15:25:29.937 D/TrafficStats( 2257): tagSocket(152) with statsTag=0xffffffff, statsUid=-1
05-30 15:25:29.938 E/HuaweiCastService( 2257): onStartCommand in 0
05-30 15:25:29.954 E/StartupService( 2257): onConnected:
05-30 15:25:29.967 I/dangbei ad sdk( 1540): AdSplashView::show offline ad
05-30 15:25:30.011 W/System.err( 2257): java.lang.NullPointerException: Attempt to invoke virtual method 'byte[] java.net.NetworkInterface.getHardwareAddress()' on a null object reference
05-30 15:25:30.011 W/System.err( 2257): at b.f.f.y.g.b(Unknown Source:11)
05-30 15:25:30.011 W/System.err( 2257): at b.d.a.a.p.c0(Unknown Source:2)
05-30 15:25:30.011 W/System.err( 2257): at b.f.f.w.b.(:16)
05-30 15:25:30.011 W/System.err( 2257): at com.dangbei.screencast.startup.StartupService.w(:2)
05-30 15:25:30.011 W/System.err( 2257): at b.f.f.h.g.b.run(:6)
05-30 15:25:30.011 W/System.err( 2257): at b.d.a.a.n.a(Unknown Source:10)
05-30 15:25:30.011 W/System.err( 2257): at b.f.f.h.g.j.onReceive(Unknown Source:20)
05-30 15:25:30.011 W/System.err( 2257): at android.app.LoadedApk$ReceiverDispatcher$Args.lambda$getRunnable$0(LoadedApk.java:1811)
05-30 15:25:30.011 W/System.err( 2257): at android.app.LoadedApk$ReceiverDispatcher$Args.$r8$lambda$gDuJqgxY6Zb-ifyeubKeivTLAwk(Unknown Source:0)
05-30 15:25:30.011 W/System.err( 2257): at android.app.LoadedApk$ReceiverDispatcher$Args$$ExternalSyntheticLambda0.run(Unknown Source:2)
05-30 15:25:30.011 W/System.err( 2257): at android.os.Handler.handleCallback(Handler.java:958)
05-30 15:25:30.011 W/System.err( 2257): at android.os.Handler.dispatchMessage(Handler.java:99)
05-30 15:25:30.011 W/System.err( 2257): at android.os.Looper.loopOnce(Looper.java:205)
05-30 15:25:30.011 W/System.err( 2257): at android.os.Looper.loop(Looper.java:294)
05-30 15:25:30.011 W/System.err( 2257): at android.app.ActivityThread.main(ActivityThread.java:8255)
05-30 15:25:30.011 W/System.err( 2257): at java.lang.reflect.Method.invoke(Native Method)
05-30 15:25:30.011 W/System.err( 2257): at com.android.internal.os.RuntimeInit$MethodAndArgsCaller.run(RuntimeInit.java:552)
05-30 15:25:30.011 W/System.err( 2257): at com.android.internal.os.ZygoteInit.main(ZygoteInit.java:978)
05-30 15:25:30.022 I/CameraManagerGlobal( 2186): Connecting to camera service
05-30 15:25:30.037 W/efs.info.manager( 2257): network change: wifi
05-30 15:25:30.000 I/gbei.screencast( 2257): type=1400 audit(0.0:868): avc: denied { read } for name="u:object_r:serialno_prop:s0" dev="tmpfs" ino=323 scontext=u:r:untrusted_app_27:s0:c43,c256,c512,c768 tcontext=u:object_r:serialno_prop:s0 tclass=file permissive=1 app=com.dangbei.screencast
05-30 15:25:30.000 I/gbei.screencast( 2257): type=1400 audit(0.0:869): avc: denied { open } for path="/dev/__properties__/u:object_r:serialno_prop:s0" dev="tmpfs" ino=323 scontext=u:r:untrusted_app_27:s0:c43,c256,c512,c768 tcontext=u:object_r:serialno_prop:s0 tclass=file permissive=1 app=com.dangbei.screencast
05-30 15:25:30.046 W/System.err( 2257): com.umeng.analytics.pro.br: Required field 'snapshots' was not present! Struct: IdTracking(snapshots:null)
05-30 15:25:30.046 W/System.err( 2257): at com.umeng.commonsdk.statistics.proto.c.n(Unknown Source:24)
05-30 15:25:30.046 W/System.err( 2257): at com.umeng.commonsdk.statistics.proto.c$a.a(Unknown Source:14)
05-30 15:25:30.046 W/System.err( 2257): at com.umeng.commonsdk.statistics.proto.c$a.b(Unknown Source:2)
05-30 15:25:30.046 W/System.err( 2257): at com.umeng.commonsdk.statistics.proto.c.read(Unknown Source:16)
05-30 15:25:30.046 W/System.err( 2257): at com.umeng.analytics.pro.au.a(Unknown Source:7)
05-30 15:25:30.046 W/System.err( 2257): at com.umeng.commonsdk.statistics.idtracking.e.i(Unknown Source:35)
05-30 15:25:30.046 W/System.err( 2257): at com.umeng.commonsdk.statistics.idtracking.e.f(Unknown Source:1)
05-30 15:25:30.046 W/System.err( 2257): at com.umeng.commonsdk.statistics.idtracking.e.a(Unknown Source:131)
05-30 15:25:30.046 W/System.err( 2257): at com.umeng.commonsdk.statistics.c.(Unknown Source:112)
05-30 15:25:30.046 W/System.err( 2257): at com.umeng.commonsdk.framework.a.r(Unknown Source:103)
05-30 15:25:30.046 W/System.err( 2257): at com.umeng.commonsdk.framework.a.k(Unknown Source:0)
05-30 15:25:30.000 I/gbei.screencast( 2257): type=1400 audit(0.0:870): avc: denied { getattr } for path="/dev/__properties__/u:object_r:serialno_prop:s0" dev="tmpfs" ino=323 scontext=u:r:untrusted_app_27:s0:c43,c256,c512,c768 tcontext=u:object_r:serialno_prop:s0 tclass=file permissive=1 app=com.dangbei.screencast
05-30 15:25:30.000 I/gbei.screencast( 2257): type=1400 audit(0.0:871): avc: denied { map } for path="/dev/__properties__/u:object_r:serialno_prop:s0" dev="tmpfs" ino=323 scontext=u:r:untrusted_app_27:s0:c43,c256,c512,c768 tcontext=u:object_r:serialno_prop:s0 tclass=file permissive=1 app=com.dangbei.screencast
05-30 15:25:30.056 I/Thread-2( 2186): type=1400 audit(0.0:872): avc: denied { search } for name="tmp" dev="dm-50" ino=98 scontext=u:r:system_app:s0 tcontext=u:object_r:shell_data_file:s0 tclass=dir permissive=1
05-30 15:25:30.046 W/System.err( 2257): at com.umeng.commonsdk.framework.a$2.handleMessage(Unknown Source:39)
05-30 15:25:30.046 W/System.err( 2257): at android.os.Handler.dispatchMessage(Handler.java:106)
05-30 15:25:30.046 W/System.err( 2257): at android.os.Looper.loopOnce(Looper.java:205)
05-30 15:25:30.046 W/System.err( 2257): at android.os.Looper.loop(Looper.java:294)
05-30 15:25:30.046 W/System.err( 2257): at android.os.HandlerThread.run(HandlerThread.java:67)
05-30 15:25:30.051 D/HiSight-SinkService( 2257): onCreate.
05-30 15:25:30.052 D/HiSight-ConnectionManager( 2257): start ConnectionManager
05-30 15:25:30.065 D/HiSight-SinkService( 2257): onBind.
05-30 15:25:30.066 D/TrafficStats( 2257): tagSocket(155) with statsTag=0xffffffff, statsUid=-1
05-30 15:25:30.070 D/PlayerClient( 2257): service connected.
05-30 15:25:30.070 D/HiSight-SinkService( 2257): ITaskBinder registerCallback: true
05-30 15:25:30.070 D/HiSight-HiSightManager( 2257): ITaskBinder registerCallback.
05-30 15:25:30.070 D/HiSight-CallbackManager( 2257): addNewCallback. com.dangbei.screencast.huaweicast.service.HuaweiCastService$a@53b32e4
05-30 15:25:30.070 E/HuaweiCastService( 2257): eventId: 4001
05-30 15:25:30.070 E/HuaweiCastService( 2257): mPlayerClient is null.
05-30 15:25:30.070 D/HiSight-HiSightManager( 2257): check capability vbr range not setting, using default value
05-30 15:25:30.070 E/HuaweiCastService( 2257): mPlayerClient is null.
05-30 15:25:30.070 D/HiSight-SinkService( 2257): setAuthMode
05-30 15:25:30.070 W/HiSight-ConnectionManager( 2257): mSinkId is empty
05-30 15:25:30.160 D/xm_audio( 480): socket_thread start
05-30 15:25:30.161 D/xm_audio( 480): create socket g_is_running4
05-30 15:25:30.161 D/xm_audio( 480): create socket g_is_running5
05-30 15:25:30.161 E/xm_audio( 480): so socket connect suc
05-30 15:25:30.161 D/XM_HIDREAD( 1991): Client connected.
05-30 15:25:30.161 D/XM_HIDREAD( 1991): accept before.
05-30 15:25:30.161 D/xm_audio( 480): data_thread start
05-30 15:25:30.170 D/XM_HIDREAD( 1991): handle_client start.
05-30 15:25:30.201 D/audio_hw_hal_ms12common( 480): func:ms12_timer_callback_handler sigv:0 ~~~~~~~~~~
05-30 15:25:30.202 D/audio_hw_hal_ms12v2( 480): set_dolby_ms12_continuous_state audio_continuous_standby_set status 1
05-30 15:25:30.202 D/audio_hw_hal_continuous_standby( 480): audio_continuous_standby_set, type 0, params 1
05-30 15:25:30.202 D/audio_hw_hal_ms12common( 480): aml_send_ms12_scheduler_state_2_ms12 adev:0xf07c3dc0, sch_state:1(SCHEDULER_STANDBY)
05-30 15:25:30.322 W/System.err( 2186): java.lang.NoSuchMethodException: android.bluetooth.IBluetooth$Stub$Proxy.getAddress []
05-30 15:25:30.322 W/System.err( 2186): at java.lang.Class.getMethod(Class.java:2937)
05-30 15:25:30.322 W/System.err( 2186): at java.lang.Class.getMethod(Class.java:2449)
05-30 15:25:30.322 W/System.err( 2186): at com.dangbei.statistics.wa.a(UtilCommon.java:38)
05-30 15:25:30.322 W/System.err( 2186): at com.dangbei.statistics.wa.a(UtilCommon.java:31)
05-30 15:25:30.322 W/System.err( 2186): at com.dangbei.statistics.ma.o(HttpBasicParamsInterceptor.java:1)
05-30 15:25:30.322 W/System.err( 2186): at com.dangbei.statistics.Q.call(Unknown Source:0)
05-30 15:25:30.322 W/System.err( 2186): at com.dangbei.statistics.library.e.a(Helper.java:1)
05-30 15:25:30.322 W/System.err( 2186): at com.dangbei.statistics.ma.u(HttpBasicParamsInterceptor.java:25)
05-30 15:25:30.322 W/System.err( 2186): at com.dangbei.statistics.ma.b(HttpBasicParamsInterceptor.java:1)
05-30 15:25:30.322 W/System.err( 2186): at com.dangbei.statistics.T.accept(Unknown Source:2)
05-30 15:25:30.322 W/System.err( 2186): at io.reactivex.internal.operators.single.l$a.b(SingleDoOnSuccess.java:1)
05-30 15:25:30.322 W/System.err( 2186): at io.reactivex.internal.operators.single.SingleObserveOn$ObserveOnSingleObserver.run(SingleObserveOn.java:3)
05-30 15:25:30.322 W/System.err( 2186): at io.reactivex.I$a.run(Scheduler.java:2)
05-30 15:25:30.322 W/System.err( 2186): at io.reactivex.internal.schedulers.ScheduledRunnable.run(ScheduledRunnable.java:2)
05-30 15:25:30.322 W/System.err( 2186): at io.reactivex.internal.schedulers.ScheduledRunnable.call(ScheduledRunnable.java:1)
05-30 15:25:30.322 W/System.err( 2186): at java.util.concurrent.FutureTask.run(FutureTask.java:264)
05-30 15:25:30.322 W/System.err( 2186): at java.util.concurrent.ScheduledThreadPoolExecutor$ScheduledFutureTask.run(ScheduledThreadPoolExecutor.java:307)
05-30 15:25:30.322 W/System.err( 2186): at java.util.concurrent.ThreadPoolExecutor.runWorker(ThreadPoolExecutor.java:1145)
05-30 15:25:30.322 W/System.err( 2186): at java.util.concurrent.ThreadPoolExecutor$Worker.run(ThreadPoolExecutor.java:644)
05-30 15:25:30.322 W/System.err( 2186): at java.lang.Thread.run(Thread.java:1012)
05-30 15:25:30.334 I/UtilCommon( 2186): bluetoothMac=1C:79:2D:20:62:B6
05-30 15:25:30.344 I/d.leradlauncher( 1540): Background concurrent copying GC freed 145272(8234KB) AllocSpace objects, 115(4144KB) LOS objects, 49% free, 19MB/38MB, paused 1.152ms,110us total 395.978ms
05-30 15:25:30.345 D/UtilLog ( 2186): key=deviceid
05-30 15:25:30.346 D/UtilLog ( 2186): values=ea844a589b4f3c24efec41e5af3bbccb
05-30 15:25:30.346 D/UtilLog ( 2186): DesValues=Ga7FpcmQbCkW08X5qfosMAAf4H46IhQGlAwwihZgyWRDLZMTC+zmXg==
05-30 15:25:30.346 D/UtilLog ( 2186):
05-30 15:25:30.346 D/UtilLog ( 2186): key=dev_uuid
05-30 15:25:30.346 D/UtilLog ( 2186): values=c86637c9-f517-4739-a92a-14e3db6b42a2
