05-30 15:25:25.791 W/ContextImpl( 1505): Calling a method in the system process without a qualified user: android.app.ContextImpl.sendBroadcast:1220 android.content.ContextWrapper.sendBroadcast:504 com.dangbei.etna.setting.core.SettingHelper.sendCycleToProjector:257 com.dangbei.etna.setting.core.SettingHelper.sendCycleCheckBroadcast:226 com.dangbei.etna.setting.core.SettingHelper.sendCycleCheckBootGuideStatusMessage:215
05-30 15:25:25.792 E/MDnsDS ( 468): Failed to start: Service already running
05-30 15:25:25.793 E/MDnsManager( 703): Start mdns failed.
05-30 15:25:25.793 E/MDnsManager( 703): android.os.ServiceSpecificException: Device or resource busy (code 16)
05-30 15:25:25.793 E/MDnsManager( 703): at android.os.Parcel.createExceptionOrNull(Parcel.java:3071)
05-30 15:25:25.793 E/MDnsManager( 703): at android.os.Parcel.createException(Parcel.java:3041)
05-30 15:25:25.793 E/MDnsManager( 703): at android.os.Parcel.readException(Parcel.java:3024)
05-30 15:25:25.793 E/MDnsManager( 703): at android.os.Parcel.readException(Parcel.java:2966)
05-30 15:25:25.793 E/MDnsManager( 703): at android.net.connectivity.android.net.mdns.aidl.IMDns$Stub$Proxy.startDaemon(IMDns.java:216)
05-30 15:25:25.793 E/MDnsManager( 703): at android.net.connectivity.android.net.nsd.MDnsManager.startDaemon(MDnsManager.java:53)
05-30 15:25:25.793 E/MDnsManager( 703): at android.net.connectivity.com.android.server.NsdService$NsdStateMachine.maybeStartDaemon(NsdService.java:332)
05-30 15:25:25.793 E/MDnsManager( 703): at android.net.connectivity.com.android.server.NsdService$NsdStateMachine.-$$Nest$mmaybeStartDaemon(NsdService.java:0)
05-30 15:25:25.793 E/MDnsManager( 703): at android.net.connectivity.com.android.server.NsdService$NsdStateMachine$DefaultState.processMessage(NsdService.java:486)
05-30 15:25:25.793 E/MDnsManager( 703): at android.net.connectivity.com.android.internal.util.StateMachine$SmHandler.processMsg(StateMachine.java:993)
05-30 15:25:25.793 E/MDnsManager( 703): at android.net.connectivity.com.android.internal.util.StateMachine$SmHandler.handleMessage(StateMachine.java:810)
05-30 15:25:25.793 E/MDnsManager( 703): at android.os.Handler.dispatchMessage(Handler.java:106)
05-30 15:25:25.793 E/MDnsManager( 703): at android.os.Looper.loopOnce(Looper.java:205)
05-30 15:25:25.793 E/MDnsManager( 703): at android.os.Looper.loop(Looper.java:294)
05-30 15:25:25.793 E/MDnsManager( 703): at android.os.HandlerThread.run(HandlerThread.java:67)
05-30 15:25:25.799 W/ContextImpl( 1505): Calling a method in the system process without a qualified user: android.app.ContextImpl.startService:1899 android.content.ContextWrapper.startService:825 com.dangbei.etna.setting.core.SettingHelper.startRocky:267 com.dangbei.etna.setting.core.SettingHelper.sendCycleCheckBootGuideStatusMessage:214 com.dangbei.etna.setting.core.SettingHelper.startLoop:203
05-30 15:25:25.800 W/gedprovisioning( 1773): ClassLoaderContext shared library size mismatch. Expected=2, found=0 (PCL[]{PCL[/system_ext/framework/androidx.window.extensions.jar*875812793]#PCL[/system_ext/framework/androidx.window.sidecar.jar*2298648165]} | PCL[])
05-30 15:25:25.801 W/ContextImpl( 1505): Calling a method in the system process without a qualified user: android.app.ContextImpl.sendBroadcast:1220 android.content.ContextWrapper.sendBroadcast:504 com.dangbei.etna.setting.core.SettingHelper.sendCycleToVoice:242 com.dangbei.etna.setting.core.SettingHelper.sendCycleCheckBroadcast:227 com.dangbei.etna.setting.core.SettingHelper.sendCycleCheckBootGuideStatusMessage:215
05-30 15:25:25.810 D/nativeloader( 1773): Configuring clns-shared-4 for other apk /system/priv-app/ManagedProvisioning/ManagedProvisioning.apk. target_sdk_version=34, uses_libraries=, library_path=/system/priv-app/ManagedProvisioning/lib/arm:/system/lib:/system_ext/lib, permitted_path=/data:/mnt/expand:/data/user/0/com.android.managedprovisioning:/system/priv-app/ManagedProvisioning:/system/lib:/system_ext/lib
05-30 15:25:25.813 D/CompatibilityChangeReporter( 1791): Compat change id reported: 171979766; UID 1000; state: ENABLED
05-30 15:25:25.813 D/CompatibilityChangeReporter( 1791): Compat change id reported: 242716250; UID 1000; state: ENABLED
05-30 15:25:25.816 D/WanCommander( 1505): handleConnection:
05-30 15:25:25.820 E/EtnaListener( 1505): onServerConnected
05-30 15:25:25.820 I/cr_WVCFactoryProvider( 1540): Loaded version=116.0.5845.195 minSdkVersion=1 isBundle=false multiprocess=true packageId=2
05-30 15:25:25.821 D/Zygote ( 469): Forked child process 1817
05-30 15:25:25.822 I/ActivityManager( 703): Start proc 1817:com.dangbei.lerad.rocky/1000 for service {com.dangbei.lerad.rocky/com.dangbei.rocky.RockyService}
05-30 15:25:25.823 E/hq ( 1540): LauncherCallback:::inspect
05-30 15:25:25.823 D/CompatibilityChangeReporter( 1540): Compat change id reported: 289878283; UID 1000; state: DISABLED
05-30 15:25:25.824 E/hq ( 1540): AdHelper:::后台配置是否展现广告: true
05-30 15:25:25.824 D/OsInitLaunch( 1540): send cache: launchHome, launchMainActivity, null, 1
05-30 15:25:25.824 E/ccc ( 1505): cccccc sendCycleCheckBroadcast
05-30 15:25:25.828 D/nativeloader( 1791): Configuring clns-shared-4 for other apk /system/priv-app/DynamicSystemInstallationService/DynamicSystemInstallationService.apk. target_sdk_version=34, uses_libraries=, library_path=/system/priv-app/DynamicSystemInstallationService/lib/arm:/system/priv-app/DynamicSystemInstallationService/DynamicSystemInstallationService.apk!/lib/armeabi-v7a:/system/lib:/system_ext/lib, permitted_path=/data:/mnt/expand:/data/user/0/com.android.dynsystem:/system/priv-app/DynamicSystemInstallationService:/system/lib:/system_ext/lib
05-30 15:25:25.828 D/CompatibilityChangeReporter( 1540): Compat change id reported: 210923482; UID 1000; state: DISABLED
05-30 15:25:25.828 D/CompatibilityChangeReporter( 1540): Compat change id reported: 37756858; UID 1000; state: ENABLED
05-30 15:25:25.830 I/Zygote ( 1817): seccomp disabled by setenforce 0
05-30 15:25:25.834 W/ContextImpl( 1505): Calling a method in the system process without a qualified user: android.app.ContextImpl.sendBroadcast:1220 android.content.ContextWrapper.sendBroadcast:504 com.dangbei.etna.setting.core.SettingHelper.sendCycleToProjector:257 com.dangbei.etna.setting.core.SettingHelper.sendCycleCheckBroadcast:226 com.dangbei.etna.setting.core.SettingHelper.sendCycleCheckBootGuideStatusMessage:215
05-30 15:25:25.837 I/bei.lerad.rocky( 1817): Using CollectorTypeCC GC.
05-30 15:25:25.843 W/ContextImpl( 1505): Calling a method in the system process without a qualified user: android.app.ContextImpl.sendBroadcast:1220 android.content.ContextWrapper.sendBroadcast:504 com.dangbei.etna.setting.core.SettingHelper.sendCycleToVoice:242 com.dangbei.etna.setting.core.SettingHelper.sendCycleCheckBroadcast:227 com.dangbei.etna.setting.core.SettingHelper.sendCycleCheckBootGuideStatusMessage:215
05-30 15:25:25.845 E/bei.lerad.rocky( 1817): Not starting debugger since process cannot load the jdwp agent.
05-30 15:25:25.858 D/CompatibilityChangeReporter( 703): Compat change id reported: 168419799; UID 1000; state: DISABLED
05-30 15:25:25.858 D/CompatibilityChangeReporter( 703): Compat change id reported: 273564678; UID 1000; state: DISABLED
05-30 15:25:25.867 I/MobclickAgent( 1540): module init:azio
05-30 15:25:25.873 V/GraphicsEnvironment( 1791): Currently set values for:
05-30 15:25:25.874 V/GraphicsEnvironment( 1791): angle_gl_driver_selection_pkgs=[]
05-30 15:25:25.874 V/GraphicsEnvironment( 1791): angle_gl_driver_selection_values=[]
05-30 15:25:25.874 V/GraphicsEnvironment( 1791): ANGLE GameManagerService for com.android.dynsystem: false
05-30 15:25:25.874 V/GraphicsEnvironment( 1791): com.android.dynsystem is not listed in per-application setting
05-30 15:25:25.875 D/CompatibilityChangeReporter( 1444): Compat change id reported: 194532703; UID 10053; state: ENABLED
05-30 15:25:25.875 V/GraphicsEnvironment( 1791): Neither updatable production driver nor prerelease driver is supported.
05-30 15:25:25.875 D/CompatibilityChangeReporter( 1444): Compat change id reported: 253665015; UID 10053; state: ENABLED
05-30 15:25:25.876 W/StorageManagerService( 703): Reporting emulated;0 unmounted due to system locked
05-30 15:25:25.877 W/StorageManagerService( 703): Reporting emulated;0 unmounted due to system locked
05-30 15:25:25.878 D/CompatibilityChangeReporter( 703): Compat change id reported: 271850009; UID 10053; state: ENABLED
05-30 15:25:25.878 D/CompatibilityChangeReporter( 703): Compat change id reported: 253665015; UID 10053; state: ENABLED
05-30 15:25:25.879 D/CompatibilityChangeReporter( 703): Compat change id reported: 194532703; UID 10053; state: ENABLED
05-30 15:25:25.880 D/ConnectivityService( 703): requestNetwork for uid/pid:1000/703 asUid: 10053 activeRequest: null callbackRequest: 38 [NetworkRequest [ REQUEST id=39, [ Capabilities: INTERNET&NOT_RESTRICTED&TRUSTED&NOT_VCN_MANAGED Uid: 10053 RequestorUid: 1000 RequestorPkg: android UnderlyingNetworks: Null] ]] callback flags: 0 order: 2147483647
05-30 15:25:25.882 D/ConnectivityService( 703): NetReassign [no changes] [c 0] [a 0] [i 1]
05-30 15:25:25.882 D/WifiNetworkFactory( 703): got request NetworkRequest [ REQUEST id=39, [ Capabilities: INTERNET&NOT_RESTRICTED&TRUSTED&NOT_VCN_MANAGED Uid: 10053 RequestorUid: 1000 RequestorPkg: android UnderlyingNetworks: Null] ]
05-30 15:25:25.882 D/UntrustedWifiNetworkFactory( 703): got request NetworkRequest [ REQUEST id=39, [ Capabilities: INTERNET&NOT_RESTRICTED&TRUSTED&NOT_VCN_MANAGED Uid: 10053 RequestorUid: 1000 RequestorPkg: android UnderlyingNetworks: Null] ]
05-30 15:25:25.882 D/OemPaidWifiNetworkFactory( 703): got request NetworkRequest [ REQUEST id=39, [ Capabilities: INTERNET&NOT_RESTRICTED&TRUSTED&NOT_VCN_MANAGED Uid: 10053 RequestorUid: 1000 RequestorPkg: android UnderlyingNetworks: Null] ]
05-30 15:25:25.882 D/MultiInternetWifiNetworkFactory( 703): got request NetworkRequest [ REQUEST id=39, [ Capabilities: INTERNET&NOT_RESTRICTED&TRUSTED&NOT_VCN_MANAGED Uid: 10053 RequestorUid: 1000 RequestorPkg: android UnderlyingNetworks: Null] ]
05-30 15:25:25.889 D/CompatibilityChangeReporter( 1817): Compat change id reported: 171979766; UID 1000; state: DISABLED
05-30 15:25:25.890 D/CompatibilityChangeReporter( 1817): Compat change id reported: 242716250; UID 1000; state: DISABLED
05-30 15:25:25.890 V/GraphicsEnvironment( 1773): Currently set values for:
05-30 15:25:25.890 V/GraphicsEnvironment( 1773): angle_gl_driver_selection_pkgs=[]
05-30 15:25:25.893 V/GraphicsEnvironment( 1773): angle_gl_driver_selection_values=[]
05-30 15:25:25.894 V/GraphicsEnvironment( 1773): ANGLE GameManagerService for com.android.managedprovisioning: false
05-30 15:25:25.894 V/GraphicsEnvironment( 1773): com.android.managedprovisioning is not listed in per-application setting
05-30 15:25:25.894 V/GraphicsEnvironment( 1773): Neither updatable production driver nor prerelease driver is supported.
05-30 15:25:25.897 D/ApplicationLoaders( 1817): Returning zygote-cached class loader: /system/framework/android.test.base.jar
05-30 15:25:25.897 D/ApplicationLoaders( 1817): Returning zygote-cached class loader: /system/framework/android.hidl.manager-V1.0-java.jar
05-30 15:25:25.897 D/ApplicationLoaders( 1817): Returning zygote-cached class loader: /system/framework/android.hidl.base-V1.0-java.jar
05-30 15:25:25.902 D/DynamicSystemInstallationService( 1791): onStartCommand(): action=android.os.image.action.NOTIFY_IF_IN_USE
05-30 15:25:25.903 I/DynamicSystemService( 703): isInstalled(): false
05-30 15:25:25.904 D/ConnectivityService( 703): requestNetwork for uid/pid:10053/1444 activeRequest: null callbackRequest: 40 [NetworkRequest [ REQUEST id=41, [ Capabilities: INTERNET&NOT_RESTRICTED&TRUSTED&NOT_VCN_MANAGED Uid: 10053 RequestorUid: 10053 RequestorPkg: com.android.devicelockcontroller UnderlyingNetworks: Null] ]] callback flags: 0 order: 2147483647
05-30 15:25:25.905 D/WifiNetworkFactory( 703): got request NetworkRequest [ REQUEST id=41, [ Capabilities: INTERNET&NOT_RESTRICTED&TRUSTED&NOT_VCN_MANAGED Uid: 10053 RequestorUid: 10053 RequestorPkg: com.android.devicelockcontroller UnderlyingNetworks: Null] ]
05-30 15:25:25.905 D/UntrustedWifiNetworkFactory( 703): got request NetworkRequest [ REQUEST id=41, [ Capabilities: INTERNET&NOT_RESTRICTED&TRUSTED&NOT_VCN_MANAGED Uid: 10053 RequestorUid: 10053 RequestorPkg: com.android.devicelockcontroller UnderlyingNetworks: Null] ]
05-30 15:25:25.905 D/OemPaidWifiNetworkFactory( 703): got request NetworkRequest [ REQUEST id=41, [ Capabilities: INTERNET&NOT_RESTRICTED&TRUSTED&NOT_VCN_MANAGED Uid: 10053 RequestorUid: 10053 RequestorPkg: com.android.devicelockcontroller UnderlyingNetworks: Null] ]
05-30 15:25:25.905 D/ConnectivityService( 703): NetReassign [no changes] [c 0] [a 0] [i 1]
05-30 15:25:25.905 D/MultiInternetWifiNetworkFactory( 703): got request NetworkRequest [ REQUEST id=41, [ Capabilities: INTERNET&NOT_RESTRICTED&TRUSTED&NOT_VCN_MANAGED Uid: 10053 RequestorUid: 10053 RequestorPkg: com.android.devicelockcontroller UnderlyingNetworks: Null] ]
05-30 15:25:25.920 W/StorageManagerService( 703): Reporting emulated;0 unmounted due to system locked
05-30 15:25:25.922 W/StorageManagerService( 703): Reporting emulated;0 unmounted due to system locked
05-30 15:25:25.931 W/StorageManagerService( 703): Reporting emulated;0 unmounted due to system locked
05-30 15:25:25.932 I/ActivityManager( 703): com.android.packageinstaller is exempt from freezer
05-30 15:25:25.932 D/CompatibilityChangeReporter( 703): Compat change id reported: 135634846; UID 10025; state: DISABLED
05-30 15:25:25.932 D/CompatibilityChangeReporter( 703): Compat change id reported: 177438394; UID 10025; state: DISABLED
05-30 15:25:25.932 D/CompatibilityChangeReporter( 703): Compat change id reported: 135772972; UID 10025; state: DISABLED
05-30 15:25:25.933 D/CompatibilityChangeReporter( 703): Compat change id reported: 135754954; UID 10025; state: ENABLED
05-30 15:25:25.933 D/CompatibilityChangeReporter( 703): Compat change id reported: 143937733; UID 10025; state: ENABLED
05-30 15:25:25.946 E/getHdmiStatus( 1540): sourceInputStatus=null mEtnaAdapter=null
05-30 15:25:25.961 D/nativeloader( 1817): Configuring clns-shared-4 for other apk /system/app/Rocky/Rocky.apk. target_sdk_version=28, uses_libraries=, library_path=/system/app/Rocky/lib/arm:/system/app/Rocky/Rocky.apk!/lib/armeabi-v7a:/system/lib:/system_ext/lib, permitted_path=/data:/mnt/expand:/data/user/0/com.dangbei.lerad.rocky:/system/app/Rocky:/system/lib:/system_ext/lib
05-30 15:25:25.964 D/Zygote ( 469): Forked child process 1856
05-30 15:25:25.965 I/ActivityManager( 703): Start proc 1856:com.android.packageinstaller/u0a25 for broadcast {com.android.packageinstaller/com.android.packageinstaller.TemporaryFileManager}
05-30 15:25:26.003 D/OsInitLaunch( 1540): send cache: mangoAuth, null, AUTH_NO_NETWORK, null
05-30 15:25:26.009 D/ConnectivityService( 703): requestNetwork for uid/pid:1000/1540 activeRequest: null callbackRequest: 42 [NetworkRequest [ REQUEST id=43, [ Capabilities: INTERNET&NOT_RESTRICTED&TRUSTED&NOT_VCN_MANAGED Uid: 1000 RequestorUid: 1000 RequestorPkg: com.dangbei.leard.leradlauncher UnderlyingNetworks: Null] ]] callback flags: 0 order: 2147483647
05-30 15:25:26.011 D/ConnectivityService( 703): NetReassign [no changes] [c 0] [a 0] [i 1]
05-30 15:25:26.011 D/WifiNetworkFactory( 703): got request NetworkRequest [ REQUEST id=43, [ Capabilities: INTERNET&NOT_RESTRICTED&TRUSTED&NOT_VCN_MANAGED Uid: 1000 RequestorUid: 1000 RequestorPkg: com.dangbei.leard.leradlauncher UnderlyingNetworks: Null] ]
05-30 15:25:26.012 D/UntrustedWifiNetworkFactory( 703): got request NetworkRequest [ REQUEST id=43, [ Capabilities: INTERNET&NOT_RESTRICTED&TRUSTED&NOT_VCN_MANAGED Uid: 1000 RequestorUid: 1000 RequestorPkg: com.dangbei.leard.leradlauncher UnderlyingNetworks: Null] ]
05-30 15:25:26.012 D/OemPaidWifiNetworkFactory( 703): got request NetworkRequest [ REQUEST id=43, [ Capabilities: INTERNET&NOT_RESTRICTED&TRUSTED&NOT_VCN_MANAGED Uid: 1000 RequestorUid: 1000 RequestorPkg: com.dangbei.leard.leradlauncher UnderlyingNetworks: Null] ]
05-30 15:25:26.012 D/MultiInternetWifiNetworkFactory( 703): got request NetworkRequest [ REQUEST id=43, [ Capabilities: INTERNET&NOT_RESTRICTED&TRUSTED&NOT_VCN_MANAGED Uid: 1000 RequestorUid: 1000 RequestorPkg: com.dangbei.leard.leradlauncher UnderlyingNetworks: Null] ]
05-30 15:25:26.012 E/hq ( 1540): ErrorCoroutineExceptionHandler:::runTry error:java.net.UnknownHostException: Unable to resolve host "ottdbui-tyapiqun7.yysh.mgtv.com": No address associated with hostname from=requestAppBarData_loadData
05-30 15:25:26.015 I/Zygote ( 1856): seccomp disabled by setenforce 0
05-30 15:25:26.023 I/ackageinstaller( 1856): Using CollectorTypeCC GC.
05-30 15:25:26.024 D/CompatibilityChangeReporter( 1540): Compat change id reported: 237531167; UID 1000; state: DISABLED
05-30 15:25:26.026 W/OpenGLRenderer( 1540): Unknown dataspace 0
05-30 15:25:26.029 E/ackageinstaller( 1856): Not starting debugger since process cannot load the jdwp agent.
05-30 15:25:26.033 W/WindowManager( 703): Failed looking up window session=Session{8ee0760 1540:1000} callers=com.android.server.wm.WindowManagerService.windowForClientLocked:6075 com.android.server.wm.Session.updateRequestedVisibleTypes:695 android.view.IWindowSession$Stub.onTransact:1034
05-30 15:25:26.033 W/WindowManager( 703): [addWindow] title:com.dangbei.leard.leradlauncher/com.dangbei.launcher.home.LauncherActivity
05-30 15:25:26.034 D/CompatibilityChangeReporter( 703): Compat change id reported: 168419799; UID 1000; state: DISABLED
05-30 15:25:26.035 D/CompatibilityChangeReporter( 703): Compat change id reported: 273564678; UID 1000; state: DISABLED
05-30 15:25:26.045 I/Choreographer( 1540): Skipped 53 frames! The application may be doing too much work on its main thread.
05-30 15:25:26.046 V/GraphicsEnvironment( 1817): Currently set values for:
05-30 15:25:26.046 V/GraphicsEnvironment( 1817): angle_gl_driver_selection_pkgs=[]
05-30 15:25:26.046 V/GraphicsEnvironment( 1817): angle_gl_driver_selection_values=[]
05-30 15:25:26.047 V/GraphicsEnvironment( 1817): ANGLE GameManagerService for com.dangbei.lerad.rocky: false
05-30 15:25:26.047 V/GraphicsEnvironment( 1817): com.dangbei.lerad.rocky is not listed in per-application setting
05-30 15:25:26.047 V/GraphicsEnvironment( 1817): Neither updatable production driver nor prerelease driver is supported.
05-30 15:25:26.049 D/CompatibilityChangeReporter( 703): Compat change id reported: 168419799; UID 10025; state: DISABLED
05-30 15:25:26.050 D/CompatibilityChangeReporter( 703): Compat change id reported: 273564678; UID 10025; state: DISABLED
05-30 15:25:26.054 W/SQLiteLog( 1540): (28) double-quoted string literal: "1748589895662"
05-30 15:25:26.055 W/SQLiteLog( 1540): (28) double-quoted string literal: "9EDE364BA03C3D37486FEEC308125229"
05-30 15:25:26.058 D/CompatibilityChangeReporter( 703): Compat change id reported: 265195908; UID 10025; state: ENABLED
05-30 15:25:26.064 D/CompatibilityChangeReporter( 1856): Compat change id reported: 171979766; UID 10025; state: ENABLED
05-30 15:25:26.065 D/CompatibilityChangeReporter( 1856): Compat change id reported: 242716250; UID 10025; state: ENABLED
05-30 15:25:26.071 D/CompatibilityChangeReporter( 1491): Compat change id reported: 247079863; UID 10069; state: ENABLED
05-30 15:25:26.073 D/CompatibilityChangeReporter( 703): Compat change id reported: 170503758; UID 10025; state: ENABLED
05-30 15:25:26.074 D/CoreBackPreview( 703): Window{1c398c u0 com.dangbei.leard.leradlauncher/com.dangbei.launcher.home.LauncherActivity}: Setting back callback OnBackInvokedCallbackInfo{mCallback=android.window.IOnBackInvokedCallback$Stub$Proxy@d71a9b6, mPriority=0, mIsAnimationCallback=false}
05-30 15:25:26.078 I/vold ( 247): fuse-bpf is enabled because /sys/fs/fuse/features/fuse_bpf reads 'supported'
05-30 15:25:26.078 I/vold ( 247): Setting ro.fuse.bpf.is_running to true
05-30 15:25:26.080 I/vold ( 247): Configuring read_ahead of /mnt/user/0/emulated fuse filesystem to 256kb
05-30 15:25:26.080 I/vold ( 247): Writing 256 to /sys/class/bdi/0:60/read_ahead_kb
05-30 15:25:26.080 I/vold ( 247): Configuring max_ratio of /mnt/user/0/emulated fuse filesystem to 40
05-30 15:25:26.081 I/vold ( 247): Writing 40 to /sys/class/bdi/0:60/max_ratio
05-30 15:25:26.083 I/StorageManagerService( 703): Mounted volume VolumeInfo{emulated;0}:
05-30 15:25:26.083 I/StorageManagerService( 703): type=EMULATED diskId=null partGuid= mountFlags=PRIMARY|VISIBLE_FOR_WRITE
05-30 15:25:26.083 I/StorageManagerService( 703): mountUserId=0 state=MOUNTED
05-30 15:25:26.083 I/StorageManagerService( 703): fsType=null fsUuid=null fsLabel=null
05-30 15:25:26.083 I/StorageManagerService( 703): path=/storage/emulated internalPath=/data/media
05-30 15:25:26.086 I/StorageSessionController( 703): Notifying volume state changed for session with id: emulated;0
05-30 15:25:26.090 I/mali ( 1540): Successfully parsed 1 environment variable(s) from /vendor/etc/mali_platform.config.
05-30 15:25:26.092 I/mali ( 1540): Successfully parsed 1 environment variable(s) from /vendor/etc/mali_platform.config.
05-30 15:25:26.094 W/SQLiteLog( 1540): (28) double-quoted string literal: "1748589895662"
05-30 15:25:26.095 W/SQLiteLog( 1540): (28) double-quoted string literal: "0"
05-30 15:25:26.095 W/SQLiteLog( 1540): (28) double-quoted string literal: ""
05-30 15:25:26.095 W/SQLiteLog( 1540): (28) double-quoted string literal: ""
05-30 15:25:26.095 W/SQLiteLog( 1540): (28) double-quoted string literal: "9EDE364BA03C3D37486FEEC308125229"
05-30 15:25:26.101 V/MediaStore( 1491): Examining volume emulated;0 with name external_primary and state mounted
05-30 15:25:26.102 I/MultiDex( 1817): VM with version 2.1.0 has multidex support
05-30 15:25:26.102 I/MultiDex( 1817): Installing application
05-30 15:25:26.102 I/MultiDex( 1817): VM has multidex support, MultiDex support library is disabled.
05-30 15:25:26.107 I/hwservicemanager( 233): getTransport: Cannot find entry android.hardware.configstore@1.0::ISurfaceFlingerConfigs/default in either framework or device VINTF manifest.
05-30 15:25:26.109 D/nativeloader( 1856): Configuring clns-shared-4 for other apk /system/priv-app/PackageInstaller_tv/PackageInstaller_tv.apk. target_sdk_version=34, uses_libraries=, library_path=/system/priv-app/PackageInstaller_tv/lib/arm:/system/lib:/system_ext/lib, permitted_path=/data:/mnt/expand:/data/user_de/0/com.android.packageinstaller:/system/priv-app/PackageInstaller_tv:/system/lib:/system_ext/lib
05-30 15:25:26.116 I/StorageSessionController( 703): Notifying volume state changed for session with id: emulated;0
05-30 15:25:26.118 I/ExternalStorageServiceImpl( 1491): Ignoring volume state for vol:external_primary. State: checking
05-30 15:25:26.121 V/MediaStore( 1491): Examining volume emulated;0 with name external_primary and state mounted
05-30 15:25:26.126 I/StorageSessionController( 703): Notifying volume state changed for session with id: emulated;0
05-30 15:25:26.131 V/MediaStore( 1491): Examining volume emulated;0 with name external_primary and state mounted
05-30 15:25:26.145 I/MesonDisplay( 289): [/mode_policy.c, meson_mode_set_policy, 1177] connector:0 to policy:0
05-30 15:25:26.145 I/MesonDisplay( 289): [/mode_policy.c, is_dv_prefer, 66] not prefer dv, hdr_priority:10000010
05-30 15:25:26.145 I/MesonDisplay( 289): [/mode_policy.c, is_dv_prefer, 66] not prefer dv, hdr_priority:10000010
05-30 15:25:26.145 I/MesonDisplay( 289): [/mode_policy.c, hdr_scene_process, 724] policy:0 is_bestcolorspace:1 state:0
05-30 15:25:26.145 I/MesonDisplay( 289): [/mode_policy_parser.c, is_support_hdmimode, 110] is_support_hdmimode mode: 1080p60hz
05-30 15:25:26.145 I/MesonDisplay( 289): [/mode_policy_parser.c, is_support_hdmimode, 115] is_support_hdmimode mode: 2160p60hz not support
05-30 15:25:26.145 I/MesonDisplay( 289): [/mode_policy_parser.c, is_support_hdmimode, 115] is_support_hdmimode mode: 2160p50hz not support
05-30 15:25:26.145 I/MesonDisplay( 289): [/mode_policy.c, is_support_4kHDR, 507] is_support_4kHDR 4k hdr not support
05-30 15:25:26.145 I/MesonDisplay( 289): [/mode_policy_parser.c, is_support_hdmimode, 110] is_support_hdmimode mode: 1080p60hz
05-30 15:25:26.145 D/MesonDisplay( 289): meson_write /sys/class/amhdmitx/amhdmitx0/valid_mode, outputmode:1080p60hz422,12bit
05-30 15:25:26.145 D/MesonDisplay( 289): valid mode is true!
05-30 15:25:26.145 I/MesonDisplay( 289): [/mode_policy.c, is_support_non4kHDR, 552] is_support_non4kHDR mode:[1080p60hz], color format:[422,12bit]
05-30 15:25:26.145 I/MesonDisplay( 289): [/mode_policy.c, meson_mode_get_policy_output, 1289] final_displaymode:1080p60hz, final_deepcolor:422,12bit, amdv_type:0
05-30 15:25:26.145 I/MesonDisplay( 289): [/mode_policy.c, meson_mode_set_policy, 1177] connector:0 to policy:0
05-30 15:25:26.147 E/OpenGLRenderer( 1540): Unable to match the desired swap behavior.
05-30 15:25:26.153 W/System.err( 1540): java.net.UnknownHostException: Unable to resolve host "utoken.umeng.com": No address associated with hostname
05-30 15:25:26.153 W/System.err( 1540): at java.net.Inet6AddressImpl.lookupHostByName(Inet6AddressImpl.java:156)
05-30 15:25:26.153 W/System.err( 1540): at java.net.Inet6AddressImpl.lookupAllHostAddr(Inet6AddressImpl.java:103)
05-30 15:25:26.153 W/System.err( 1540): at java.net.InetAddress.getAllByName(InetAddress.java:1152)
05-30 15:25:26.153 W/System.err( 1540): at com.android.okhttp.Dns$1.lookup(Dns.java:41)
05-30 15:25:26.153 W/System.err( 1540): at com.android.okhttp.internal.http.RouteSelector.resetNextInetSocketAddress(RouteSelector.java:178)
05-30 15:25:26.153 W/System.err( 1540): at com.android.okhttp.internal.http.RouteSelector.nextProxy(RouteSelector.java:144)
05-30 15:25:26.153 W/System.err( 1540): at com.android.okhttp.internal.http.RouteSelector.next(RouteSelector.java:86)
05-30 15:25:26.153 W/System.err( 1540): at com.android.okhttp.internal.http.StreamAllocation.findConnection(StreamAllocation.java:176)
05-30 15:25:26.153 W/System.err( 1540): at com.android.okhttp.internal.http.StreamAllocation.findHealthyConnection(StreamAllocation.java:128)
05-30 15:25:26.153 W/System.err( 1540): at com.android.okhttp.internal.http.StreamAllocation.newStream(StreamAllocation.java:97)
05-30 15:25:26.153 W/System.err( 1540): at com.android.okhttp.internal.http.HttpEngine.connect(HttpEngine.java:289)
05-30 15:25:26.153 W/System.err( 1540): at com.android.okhttp.internal.http.HttpEngine.sendRequest(HttpEngine.java:232)
05-30 15:25:26.153 W/System.err( 1540): at com.android.okhttp.internal.huc.HttpURLConnectionImpl.execute(HttpURLConnectionImpl.java:465)
05-30 15:25:26.153 W/System.err( 1540): at com.android.okhttp.internal.huc.HttpURLConnectionImpl.connect(HttpURLConnectionImpl.java:131)
05-30 15:25:26.153 W/System.err( 1540): at com.android.okhttp.internal.huc.HttpURLConnectionImpl.getOutputStream(HttpURLConnectionImpl.java:262)
05-30 15:25:26.153 W/System.err( 1540): at com.android.okhttp.internal.huc.DelegatingHttpsURLConnection.getOutputStream(DelegatingHttpsURLConnection.java:219)
05-30 15:25:26.153 W/System.err( 1540): at com.android.okhttp.internal.huc.HttpsURLConnectionImpl.getOutputStream(HttpsURLConnectionImpl.java:30)
05-30 15:25:26.153 W/System.err( 1540): at com.umeng.umzid.a.a(SourceFile:80)
05-30 15:25:26.153 W/System.err( 1540): at com.umeng.umzid.ZIDManager.b(SourceFile:298)
05-30 15:25:26.154 W/System.err( 1540): at com.umeng.umzid.ZIDManager$b.run(Unknown Source:4)
05-30 15:25:26.154 W/System.err( 1540): at java.util.concurrent.Executors$RunnableAdapter.call(Executors.java:487)
05-30 15:25:26.154 W/System.err( 1540): at java.util.concurrent.FutureTask.run(FutureTask.java:264)
05-30 15:25:26.154 W/System.err( 1540): at java.util.concurrent.ScheduledThreadPoolExecutor$ScheduledFutureTask.run(ScheduledThreadPoolExecutor.java:307)
05-30 15:25:26.154 W/System.err( 1540): at java.util.concurrent.ThreadPoolExecutor.runWorker(ThreadPoolExecutor.java:1145)
05-30 15:25:26.154 W/System.err( 1540): at java.util.concurrent.ThreadPoolExecutor$Worker.run(ThreadPoolExecutor.java:644)
05-30 15:25:26.154 W/System.err( 1540): at java.lang.Thread.run(Thread.java:1012)
05-30 15:25:26.154 W/System.err( 1540): Caused by: android.system.GaiException: android_getaddrinfo failed: EAI_NODATA (No address associated with hostname)
05-30 15:25:26.154 W/System.err( 1540): at libcore.io.Linux.android_getaddrinfo(Native Method)
05-30 15:25:26.154 W/System.err( 1540): at libcore.io.ForwardingOs.android_getaddrinfo(ForwardingOs.java:133)
05-30 15:25:26.154 W/System.err( 1540): at libcore.io.BlockGuardOs.android_getaddrinfo(BlockGuardOs.java:222)
05-30 15:25:26.154 W/System.err( 1540): at libcore.io.ForwardingOs.android_getaddrinfo(ForwardingOs.java:133)
05-30 15:25:26.154 W/System.err( 1540): at java.net.Inet6AddressImpl.lookupHostByName(Inet6AddressImpl.java:135)
05-30 15:25:26.154 W/System.err( 1540): ... 25 more
05-30 15:25:26.158 D/CompatibilityChangeReporter( 703): Compat change id reported: 261072174; UID 1000; state: ENABLED
05-30 15:25:26.161 W/SQLiteLog( 1540): (28) double-quoted string literal: "090898A90B06531A601110CC3A73C469"
05-30 15:25:26.161 W/SQLiteLog( 1540): (28) double-quoted string literal: ""
05-30 15:25:26.168 W/SQLiteLog( 1540): (28) double-quoted string literal: "090898A90B06531A601110CC3A73C469"
05-30 15:25:26.168 W/SQLiteLog( 1540): (28) double-quoted string literal: "-1"
05-30 15:25:26.168 V/MediaStore( 1491): Examining volume emulated;0 with name external_primary and state mounted
05-30 15:25:26.170 D/MobclickAgent( 1540): 创建新会话: 090898A90B06531A601110CC3A73C469
05-30 15:25:26.172 W/BroadcastLoopers( 703): Found previously unknown looper Thread[StorageManagerService,5,main]
05-30 15:25:26.176 D/installd( 611): Found quota mount /dev/block/by-name/metadata at /metadata
05-30 15:25:26.177 D/installd( 611): Found quota mount /dev/block/dm-50 at /data
05-30 15:25:26.178 D/installd( 611): Found quota mount /dev/block/dm-50 at /data/user/0
05-30 15:25:26.178 D/installd( 611): Found quota mount /dev/block/dm-50 at /mnt/pass_through/0/emulated
05-30 15:25:26.178 D/StorageManagerService( 703): Volume emulated;0 broadcasting mounted to UserHandle{0}
05-30 15:25:26.179 D/installd( 611): Found storage mount /dev/block/dm-50 at /mnt/pass_through/0/emulated
05-30 15:25:26.179 D/installd( 611): Found storage mount at /mnt/pass_through/0/emulated
05-30 15:25:26.182 W/ContextImpl( 703): Calling a method in the system process without a qualified user: android.app.ContextImpl.startService:1899 com.android.server.wm.DisplayPolicy.lambda$focusChangedLw$5:2126 com.android.server.wm.DisplayPolicy.$r8$lambda$Znxk63oh-WzVnzo_WQefN7uxV48:0 com.android.server.wm.DisplayPolicy$$ExternalSyntheticLambda13.run:0 android.os.Handler.handleCallback:958
05-30 15:25:26.187 D/aaa ( 1573): LedStatusService onStartCommand begin
05-30 15:25:26.191 D/aaa ( 1573): topPkg is -------------- :com.dangbei.leard.leradlauncher
05-30 15:25:26.193 E/DiskReceiver( 1349): Missing fsUuid, not launching activity.
05-30 15:25:26.197 D/StorageManagerService( 703): Volume emulated;0 broadcasting mounted to UserHandle{0}
05-30 15:25:26.201 V/GraphicsEnvironment( 1856): Currently set values for:
05-30 15:25:26.202 V/GraphicsEnvironment( 1856): angle_gl_driver_selection_pkgs=[]
05-30 15:25:26.203 V/MediaStore( 1491): Examining volume emulated;0 with name external_primary and state mounted
05-30 15:25:26.203 D/DiskReceiver( 1349): Scanning volume: VolumeInfo{emulated;0}:
05-30 15:25:26.203 D/DiskReceiver( 1349): type=EMULATED diskId=null partGuid= mountFlags=PRIMARY|VISIBLE_FOR_WRITE
05-30 15:25:26.203 D/DiskReceiver( 1349): mountUserId=0 state=MOUNTED
05-30 15:25:26.203 D/DiskReceiver( 1349): fsType=null fsUuid=null fsLabel=null
05-30 15:25:26.203 D/DiskReceiver( 1349): path=/storage/emulated internalPath=/data/media
05-30 15:25:26.202 V/GraphicsEnvironment( 1856): angle_gl_driver_selection_values=[]
05-30 15:25:26.205 D/RockyApplication( 1817): init: false
05-30 15:25:26.214 V/MediaStore( 1491): Examining volume emulated;0 with name external_primary and state mounted
05-30 15:25:26.216 V/GraphicsEnvironment( 1856): ANGLE GameManagerService for com.android.packageinstaller: false
05-30 15:25:26.216 V/GraphicsEnvironment( 1856): com.android.packageinstaller is not listed in per-application setting
05-30 15:25:26.216 V/GraphicsEnvironment( 1856): Neither updatable production driver nor prerelease driver is supported.
05-30 15:25:26.226 I/MediaProvider( 1491): Begin Intent { act=com.android.providers.media.action.SCAN_VOLUME (has extras) }
05-30 15:25:26.238 D/RockyVoice( 1817): RestartReceiver onReceive
05-30 15:25:26.239 E/xxxxxxxxxxxxxxx( 1540): onReceive:mIsHDMIPlugged = true
05-30 15:25:26.250 I/OpenGLRenderer( 1540): Davey! duration=1076ms; Flags=1, FrameTimelineVsyncId=920, IntendedVsync=23272526561, Vsync=24156739182, InputEventId=0, HandleInputStart=24159964719, AnimationStart=24159966760, PerformTraversalsStart=24160077635, DrawStart=24260394969, FrameDeadline=23291209894, FrameInterval=24158136469, FrameStartTime=16683257, SyncQueued=24261120969, SyncStart=24261228219, IssueDrawCommandsStart=24264186135, SwapBuffers=24328909719, FrameCompleted=24348860927, DequeueBufferDuration=19473209, QueueBufferDuration=18918583, GpuCompleted=24337610510, SwapBuffersCompleted=24348860927, DisplayPresentTime=0, CommandSubmissionCompleted=24328909719,
05-30 15:25:26.258 D/CompatibilityChangeReporter( 703): Compat change id reported: 135634846; UID 10058; state: DISABLED
05-30 15:25:26.258 D/CompatibilityChangeReporter( 703): Compat change id reported: 177438394; UID 10058; state: DISABLED
05-30 15:25:26.258 D/CompatibilityChangeReporter( 703): Compat change id reported: 135772972; UID 10058; state: DISABLED
05-30 15:25:26.258 D/CompatibilityChangeReporter( 703): Compat change id reported: 135754954; UID 10058; state: ENABLED
05-30 15:25:26.260 D/CompatibilityChangeReporter( 703): Compat change id reported: 143937733; UID 10058; state: ENABLED
05-30 15:25:26.260 I/ActivityTaskManager( 703): Displayed com.dangbei.leard.leradlauncher/com.dangbei.launcher.home.LauncherActivity for user 0: +1s909ms
05-30 15:25:26.261 V/WindowManager( 703): Sent Transition #1 createdAt=05-30 15:25:24.325 via request=TransitionRequestInfo { type = 2, triggerTask = TaskInfo{userId=0 taskId=3 displayId=0 isRunning=false baseIntent=Intent { act=android.intent.action.MAIN cat=[android.intent.category.HOME] flg=0x10800100 cmp=com.android.tv.settings/.system.FallbackHome } baseActivity=null topActivity=null origActivity=null realActivity=ComponentInfo{com.android.tv.settings/com.android.tv.settings.system.FallbackHome} numActivities=0 lastActiveTime=21369 supportsMultiWindow=true resizeMode=0 isResizeable=false minWidth=-1 minHeight=-1 defaultMinSize=220 token=WCT{RemoteToken{a6fcc08 Task{c4cf68 #3 type=home A=1000:com.android.tv.settings}}} topActivityType=2 pictureInPictureParams=null shouldDockBigOverlays=false launchIntoPipHostTaskId=-1 lastParentTaskIdBeforePip=-1 displayCutoutSafeInsets=null topActivityInfo=null launchCookies=[] positionInParent=Point(0, 0) parentTaskId=-1 isFocused=true isVisible=true isVisibleRequested=true isSleeping=false topActivityInSizeCompat=false topActivityEligibleForLetterboxEducation= false isLetterboxDoubleTapEnabled= false topActivityEligibleForUserAspectRatioButton= false topActivityBoundsLetterboxed= false isFromLetterboxDoubleTap= false topActivityLetterboxVerticalPosition= -1 topActivityLetterboxHorizontalPosition= -1 topActivityLetterboxWidth=-1 topActivityLetterboxHeight=-1 isUserFullscreenOverrideEnabled=false isTopActivityTransparent=false locusId=null displayAreaFeatureId=1 cameraCompatControlState=hidden}, remoteTransition = null, displayChange = null, flags = 0 }
05-30 15:25:26.261 V/WindowManager( 703): startWCT=WindowContainerTransaction { changes = {} hops = [] errorCallbackToken=null taskFragmentOrganizer=null }
05-30 15:25:26.262 V/WindowManagerShell( 984): onTransitionReady android.os.BinderProxy@79f8b24: {id=1 t=CLOSE f=0x0 trk=0 r=[0@Point(0, 0)] c=[{WCT{android.window.IWindowContainerToken$Stub$Proxy@386ae8e} m=OPEN f=MOVE_TO_TOP leash=Surface(name=Task=45)/@0x593f853 sb=Rect(0, 0 - 1920, 1080) eb=Rect(0, 0 - 1920, 1080) d=0},{WCT{android.window.IWindowContainerToken$Stub$Proxy@95bc6af} m=CLOSE f=SHOW_WALLPAPER leash=Surface(name=Task=3)/@0x8dc3590 sb=Rect(0, 0 - 1920, 1080) eb=Rect(0, 0 - 1920, 1080) d=0}]}
05-30 15:25:26.263 V/WindowManagerShell( 984): Playing animation for (#1)android.os.BinderProxy@79f8b24@0
05-30 15:25:26.266 V/WindowManagerShell( 984): try handler com.android.wm.shell.keyguard.KeyguardTransitionHandler@cf71abc
05-30 15:25:26.267 V/WindowManagerShell( 984): try handler com.android.wm.shell.pip.tv.TvPipTransition@8c3da45
05-30 15:25:26.267 V/WindowManagerShell( 984): try handler com.android.wm.shell.activityembedding.ActivityEmbeddingController@e43259a
05-30 15:25:26.267 V/WindowManagerShell( 984): try handler com.android.wm.shell.transition.RemoteTransitionHandler@7281ecb
05-30 15:25:26.267 V/WindowManagerShell( 984): Transition doesn't have explicit remote, search filters for match for {id=1 t=CLOSE f=0x0 trk=0 r=[0@Point(0, 0)] c=[{WCT{android.window.IWindowContainerToken$Stub$Proxy@386ae8e} m=OPEN f=MOVE_TO_TOP leash=Surface(name=Task=45)/@0x593f853 sb=Rect(0, 0 - 1920, 1080) eb=Rect(0, 0 - 1920, 1080) d=0},{WCT{android.window.IWindowContainerToken$Stub$Proxy@95bc6af} m=CLOSE f=SHOW_WALLPAPER leash=Surface(name=Task=3)/@0x8dc3590 sb=Rect(0, 0 - 1920, 1080) eb=Rect(0, 0 - 1920, 1080) d=0}]}
05-30 15:25:26.267 V/WindowManagerShell( 984): Delegate animation for #1 to null
05-30 15:25:26.267 V/WindowManagerShell( 984): try handler com.android.wm.shell.transition.DefaultTransitionHandler@17926a8
05-30 15:25:26.268 V/WindowManagerShell( 984): start default transition animation, info = {id=1 t=CLOSE f=0x0 trk=0 r=[0@Point(0, 0)] c=[{WCT{android.window.IWindowContainerToken$Stub$Proxy@386ae8e} m=OPEN f=MOVE_TO_TOP leash=Surface(name=Task=45)/@0x593f853 sb=Rect(0, 0 - 1920, 1080) eb=Rect(0, 0 - 1920, 1080) d=0},{WCT{android.window.IWindowContainerToken$Stub$Proxy@95bc6af} m=CLOSE f=SHOW_WALLPAPER leash=Surface(name=Task=3)/@0x8dc3590 sb=Rect(0, 0 - 1920, 1080) eb=Rect(0, 0 - 1920, 1080) d=0}]}
05-30 15:25:26.270 V/WindowManagerShell( 984): loadAnimation: anim=android.view.animation.AlphaAnimation@18e0554 animAttr=0x13 type=CLOSE isEntrance=false
05-30 15:25:26.271 V/WindowManagerShell( 984): loadAnimation: anim=android.view.animation.AlphaAnimation@d78cdf2 animAttr=0x12 type=CLOSE isEntrance=true
05-30 15:25:26.272 D/CompatibilityChangeReporter( 1540): Compat change id reported: 263076149; UID 1000; state: DISABLED
05-30 15:25:26.275 D/StatisticParamUtil( 1540): getBluetoothAddressSdk23: error
05-30 15:25:26.277 V/WindowManagerShell( 984): animated by com.android.wm.shell.transition.DefaultTransitionHandler@17926a8
05-30 15:25:26.282 V/WindowManager( 703): info={id=1 t=CLOSE f=0x0 trk=0 r=[0@Point(0, 0)] c=[{WCT{RemoteToken{98395c6 Task{6f5dec1 #45 type=home A=1000:com.dangbei.leard.leradlauncher}}} m=OPEN f=MOVE_TO_TOP leash=Surface(name=Task=45)/@0x56cac69 sb=Rect(0, 0 - 1920, 1080) eb=Rect(0, 0 - 1920, 1080) d=0},{WCT{RemoteToken{a6fcc08 Task{c4cf68 #3 type=home A=1000:com.android.tv.settings}}} m=CLOSE f=SHOW_WALLPAPER leash=Surface(name=Task=3)/@0x87d0ef0 sb=Rect(0, 0 - 1920, 1080) eb=Rect(0, 0 - 1920, 1080) d=0}]}
05-30 15:25:26.284 E/hq ( 1540): USBReceiver:::USBReceiver onReceive: action=android.intent.action.MEDIA_MOUNTED
05-30 15:25:26.284 E/hq ( 1540): USBReceiver:::USBReceiver onReceive: action=android.intent.action.MEDIA_MOUNTED
05-30 15:25:26.286 D/View ( 1540):
05-30 15:25:26.287 D/View ( 1540):
05-30 15:25:26.288 D/View ( 1540):
05-30 15:25:26.289 D/CompatibilityChangeReporter( 703): Compat change id reported: 265195908; UID 10058; state: ENABLED
05-30 15:25:26.290 D/View ( 1540):
05-30 15:25:26.291 D/View ( 1540):
05-30 15:25:26.292 D/View ( 1540):
05-30 15:25:26.292 I/libusbconfigfs( 519): monitorFfs signalled error
05-30 15:25:26.293 I/usb.gadget.aidl-service.droidlogic( 519): unvote accessory limit current failed
05-30 15:25:26.293 I/usb.gadget.aidl-service.droidlogic( 519): Usb Gadget setcurrent functions called successfully
05-30 15:25:26.294 D/View ( 1540):
05-30 15:25:26.294 D/View ( 1540):
05-30 15:25:26.296 D/View ( 1540):
05-30 15:25:26.297 D/View ( 1540):
05-30 15:25:26.297 D/View ( 1540):
05-30 15:25:26.297 I/UtilCommon( 1540): bluetoothMac=1C:79:2D:20:62:B6
05-30 15:25:26.298 E/wangli ( 1540): env: 0_false
05-30 15:25:26.299 E/UsbDeviceManager( 703): Usb setCurrentUsbFunctionsCb failed ,functions:4 ,status:1 ,transactionId:6
05-30 15:25:26.300 I/UsbDeviceManager( 703): notifyCurrentFunction request:1 status:1
05-30 15:25:26.302 D/Zygote ( 469): Forked child process 1918
05-30 15:25:26.303 I/ActivityManager( 703): Start proc 1918:com.android.permissioncontroller/u0a58 for broadcast {com.android.permissioncontroller/com.android.permissioncontroller.permission.service.LocationAccessCheck$SetupPeriodicBackgroundLocationAccessCheck}
05-30 15:25:26.308 D/View ( 1540):
05-30 15:25:26.309 D/View ( 1540):
05-30 15:25:26.309 D/View ( 1540):
05-30 15:25:26.310 D/View ( 1540):
05-30 15:25:26.310 D/View ( 1540):
05-30 15:25:26.311 D/View ( 1540):
05-30 15:25:26.312 D/View ( 1540):
05-30 15:25:26.312 D/View ( 1540):
05-30 15:25:26.313 D/View ( 1540):
05-30 15:25:26.318 D/View ( 1540):
05-30 15:25:26.319 D/CompatibilityChangeReporter( 703): Compat change id reported: 214016041; UID 1000; state: DISABLED
05-30 15:25:26.319 D/View ( 1540):
05-30 15:25:26.319 D/CompatibilityChangeReporter( 703): Compat change id reported: 214016041; UID 1000; state: ENABLED
05-30 15:25:26.319 D/View ( 1540):
05-30 15:25:26.320 D/View ( 1540):
05-30 15:25:26.320 D/View ( 1540):
05-30 15:25:26.321 D/View ( 1540):
05-30 15:25:26.321 I/ImeTracker( 703): com.dangbei.leard.leradlauncher:d7bc7a8e: onRequestHide at ORIGIN_SERVER_HIDE_INPUT reason HIDE_UNSPECIFIED_WINDOW
05-30 15:25:26.321 D/View ( 1540):
05-30 15:25:26.321 I/ImeTracker( 703): com.dangbei.leard.leradlauncher:d7bc7a8e: onCancelled at PHASE_SERVER_SHOULD_HIDE
05-30 15:25:26.322 D/View ( 1540):
05-30 15:25:26.322 D/View ( 1540):
05-30 15:25:26.322 D/View ( 1540):
05-30 15:25:26.323 D/View ( 1540):
05-30 15:25:26.324 D/View ( 1540):
05-30 15:25:26.324 D/RockyManager( 1817): initFarWakeStatus isMainFarSwitch: false
05-30 15:25:26.324 D/View ( 1540):
05-30 15:25:26.325 D/View ( 1540):
05-30 15:25:26.325 D/View ( 1540):
05-30 15:25:26.327 I/DefaultIMS( 1523): onStartInput attribute=android.view.inputmethod.EditorInfo@9f66082 restarting=false inputType: 0
05-30 15:25:26.328 D/View ( 1540):
05-30 15:25:26.328 D/View ( 1540):
05-30 15:25:26.328 D/View ( 1540):
05-30 15:25:26.329 D/View ( 1540):
05-30 15:25:26.338 I/Zygote ( 1918): seccomp disabled by setenforce 0
05-30 15:25:26.346 I/ssioncontroller( 1918): Using CollectorTypeCC GC.
05-30 15:25:26.352 D/View ( 1540):
05-30 15:25:26.352 W/WindowOnBackDispatcher( 1349): sendCancelIfRunning: isInProgress=falsecallback=android.view.ViewRootImpl$$ExternalSyntheticLambda17@34728fc
05-30 15:25:26.353 D/View ( 1540):
05-30 15:25:26.353 D/View ( 1540):
05-30 15:25:26.354 D/View ( 1540):
05-30 15:25:26.354 D/View ( 1540):
05-30 15:25:26.355 D/View ( 1540):
05-30 15:25:26.355 D/View ( 1540):
05-30 15:25:26.356 D/View ( 1540):
05-30 15:25:26.356 D/View ( 1540):
05-30 15:25:26.356 D/CoreBackPreview( 703): Window{c9362ce u0 com.android.tv.settings/com.android.tv.settings.system.FallbackHome}: Setting back callback null
05-30 15:25:26.356 V/MediaProvider( 1491): onConfigure() for internal.db
05-30 15:25:26.357 D/View ( 1540):
05-30 15:25:26.357 D/View ( 1540):
05-30 15:25:26.358 E/ssioncontroller( 1918): Not starting debugger since process cannot load the jdwp agent.
05-30 15:25:26.358 D/View ( 1540):
05-30 15:25:26.360 D/View ( 1540):
05-30 15:25:26.360 D/View ( 1540):
05-30 15:25:26.361 D/View ( 1540):
05-30 15:25:26.361 D/View ( 1540):
05-30 15:25:26.363 D/View ( 1540):
05-30 15:25:26.363 D/View ( 1540):
05-30 15:25:26.364 D/View ( 1540):
05-30 15:25:26.365 D/View ( 1540):
05-30 15:25:26.366 D/View ( 1540):
05-30 15:25:26.366 D/View ( 1540):
05-30 15:25:26.366 W/InputManager-JNI( 703): Input channel object 'c9362ce com.android.tv.settings/com.android.tv.settings.system.FallbackHome (client)' was disposed without first being removed with the input manager!
05-30 15:25:26.367 D/View ( 1540):
05-30 15:25:26.368 D/View ( 1540):
05-30 15:25:26.368 D/View ( 1540):
05-30 15:25:26.370 D/View ( 1540):
05-30 15:25:26.373 V/MediaProvider( 1491): onOpen() for internal.db
05-30 15:25:26.373 V/MediaProvider( 1491): onOpen() finished for internal.db
05-30 15:25:26.382 D/View ( 1540):
05-30 15:25:26.382 D/CompatibilityChangeReporter( 703): Compat change id reported: 168419799; UID 10058; state: DISABLED
05-30 15:25:26.382 D/View ( 1540):
05-30 15:25:26.383 D/CompatibilityChangeReporter( 703): Compat change id reported: 273564678; UID 10058; state: DISABLED
05-30 15:25:26.384 D/View ( 1540):
05-30 15:25:26.386 D/View ( 1540):
05-30 15:25:26.386 D/View ( 1540):
05-30 15:25:26.387 D/View ( 1540):
05-30 15:25:26.387 D/View ( 1540):
05-30 15:25:26.388 D/View ( 1540):
05-30 15:25:26.389 D/CompatibilityChangeReporter( 1918): Compat change id reported: 171979766; UID 10058; state: ENABLED
05-30 15:25:26.389 D/CompatibilityChangeReporter( 1918): Compat change id reported: 242716250; UID 10058; state: ENABLED
05-30 15:25:26.390 D/CompatibilityChangeReporter( 703): Compat change id reported: 182734110; UID 10069; state: ENABLED
05-30 15:25:26.393 D/CompatibilityChangeReporter( 703): Compat change id reported: 170503758; UID 10058; state: ENABLED
05-30 15:25:26.400 D/View ( 1540):
05-30 15:25:26.400 D/View ( 1540):
05-30 15:25:26.402 D/WifiNl80211Manager( 703): Scan result ready event
05-30 15:25:26.402 D/WifiNative( 703): Scan result ready event
05-30 15:25:26.404 D/View ( 1540):
05-30 15:25:26.404 D/View ( 1540):
05-30 15:25:26.405 D/View ( 1540):
05-30 15:25:26.406 D/nativeloader( 1918): Configuring clns-shared-4 for other apk /system/framework/org.apache.http.legacy.jar. target_sdk_version=34, uses_libraries=ALL, library_path=/apex/com.android.permission/priv-app/PermissionController@UD2A.240505.001.W1/lib/arm:/system/lib:/system_ext/lib, permitted_path=/data:/mnt/expand:/data/user_de/0/com.android.permissioncontroller:/apex/com.android.permission/priv-app/PermissionController@UD2A.240505.001.W1:/system/lib:/system_ext/lib
05-30 15:25:26.408 D/View ( 1540):
05-30 15:25:26.409 D/View ( 1540):
05-30 15:25:26.409 D/View ( 1540):
05-30 15:25:26.410 D/View ( 1540):
05-30 15:25:26.410 D/View ( 1540):
05-30 15:25:26.411 D/View ( 1540):
05-30 15:25:26.411 D/View ( 1540):
05-30 15:25:26.416 I/RockyManager( 1817): isFarWake: false
05-30 15:25:26.421 D/View ( 1540):
05-30 15:25:26.421 D/View ( 1540):
05-30 15:25:26.422 D/View ( 1540):
05-30 15:25:26.422 D/View ( 1540):
05-30 15:25:26.423 D/View ( 1540):
05-30 15:25:26.423 D/View ( 1540):
05-30 15:25:26.424 I/MediaProvider( 1491): Scanned internal due to REASON_MOUNTED, found 4 items in 50ms, 0 inserts 0 updates 0 deletes
05-30 15:25:26.424 D/View ( 1540):
05-30 15:25:26.424 D/View ( 1540):
05-30 15:25:26.425 D/View ( 1540):
05-30 15:25:26.425 D/View ( 1540):
05-30 15:25:26.425 D/View ( 1540):
05-30 15:25:26.426 D/View ( 1540):
05-30 15:25:26.426 D/View ( 1540):
05-30 15:25:26.427 D/View ( 1540):
05-30 15:25:26.427 D/View ( 1540):
05-30 15:25:26.428 W/ModernMediaScanner( 1491): Failed to visit /oem/media: java.nio.file.NoSuchFileException: /oem/media
05-30 15:25:26.428 D/View ( 1540):
05-30 15:25:26.428 D/View ( 1540):
05-30 15:25:26.429 D/View ( 1540):
05-30 15:25:26.430 I/MediaProvider( 1491): Scanned internal due to REASON_MOUNTED, found 0 items in 3ms, 0 inserts 0 updates 0 deletes
05-30 15:25:26.462 I/system_server( 703): Background concurrent copying GC freed 116996(6557KB) AllocSpace objects, 31(2360KB) LOS objects, 49% free, 14MB/29MB, paused 249us,267us total 584.070ms
05-30 15:25:26.462 I/MediaProvider( 1491): Scanned internal due to REASON_MOUNTED, found 10 items in 26ms, 0 inserts 0 updates 0 deletes
05-30 15:25:26.467 D/nativeloader( 1918): Configuring clns-shared-5 for other apk /apex/com.android.permission/priv-app/PermissionController@UD2A.240505.001.W1/PermissionController.apk. target_sdk_version=34, uses_libraries=, library_path=/apex/com.android.permission/priv-app/PermissionController@UD2A.240505.001.W1/lib/arm:/system/lib:/system_ext/lib, permitted_path=/data:/mnt/expand:/data/user_de/0/com.android.permissioncontroller:/apex/com.android.permission/priv-app/PermissionController@UD2A.240505.001.W1:/system/lib:/system_ext/lib
05-30 15:25:26.469 D/View ( 1540):
05-30 15:25:26.469 D/View ( 1540):
05-30 15:25:26.469 D/nativeloader( 1918): InitApexLibraries:
05-30 15:25:26.469 D/nativeloader( 1918): com_android_adservices: libhpke_jni.so:libtflite_support_classifiers_native.so
05-30 15:25:26.469 D/nativeloader( 1918): com_android_appsearch: libicing.so
05-30 15:25:26.469 D/nativeloader( 1918): com_android_art: libartservice.so
05-30 15:25:26.469 D/nativeloader( 1918): com_android_btservices: libbluetooth_jni.so
05-30 15:25:26.469 D/nativeloader( 1918): com_android_conscrypt: libjavacrypto.so
05-30 15:25:26.469 D/nativeloader( 1918): com_android_extservices: libhpke_jni.so:libtflite_support_classifiers_native.so
05-30 15:25:26.469 D/nativeloader( 1918): com_android_os_statsd: libstats_jni.so
05-30 15:25:26.469 D/nativeloader( 1918): com_android_tethering: libandroid_net_connectivity_com_android_net_module_util_jni.so:libcronet.114.0.5735.84.so:libframework-connectivity-jni.so:libframework-connectivity-tiramisu-jni.so:libservice-connectivity.so
05-30 15:25:26.469 D/nativeloader( 1918): com_android_uwb: libuwb_uci_jni_rust.so
05-30 15:25:26.469 D/nativeloader( 1918): com_android_virt: libvirtualizationservice_jni.so:libvirtualmachine_jni.so
