05-30 15:25:26.470 D/View ( 1540):
05-30 15:25:26.470 D/View ( 1540):
05-30 15:25:26.471 D/View ( 1540):
05-30 15:25:26.471 D/View ( 1540):
05-30 15:25:26.472 D/View ( 1540):
05-30 15:25:26.472 D/View ( 1540):
05-30 15:25:26.472 W/ContextImpl( 1817): Calling a method in the system process without a qualified user: android.app.ContextImpl.startService:1899 android.content.ContextWrapper.startService:825 com.cvte.tv.api.TvApiSDKManager.:177 com.cvte.tv.api.TvApiSDKManager.init:217 com.dangbei.rocky.component.system.SystemControlUtils.initSystemAidl:82
05-30 15:25:26.473 D/View ( 1540):
05-30 15:25:26.473 W/ActivityManager( 703): Unable to start service Intent { act=com.cvte.tv.api.TV_API_SERVICE pkg=com.cvte.tv.api.impl } U=0: not found
05-30 15:25:26.473 D/View ( 1540):
05-30 15:25:26.473 D/View ( 1540):
05-30 15:25:26.474 W/ContextImpl( 1817): Calling a method in the system process without a qualified user: android.app.ContextImpl.bindService:1988 android.content.ContextWrapper.bindService:861 com.cvte.tv.api.TvApiSDKManager.:178 com.cvte.tv.api.TvApiSDKManager.init:217 com.dangbei.rocky.component.system.SystemControlUtils.initSystemAidl:82
05-30 15:25:26.474 D/View ( 1540):
05-30 15:25:26.474 D/View ( 1540):
05-30 15:25:26.474 W/ActivityManager( 703): Unable to start service Intent { act=com.cvte.tv.api.TV_API_SERVICE pkg=com.cvte.tv.api.impl } U=0: not found
05-30 15:25:26.475 D/View ( 1540):
05-30 15:25:26.475 D/View ( 1540):
05-30 15:25:26.475 D/TvApiSDKManager( 1817): getTvApi getSystemService = false
05-30 15:25:26.475 D/TvApiSDKManager( 1817): getTvApi startService
05-30 15:25:26.476 W/ContextImpl( 1817): Calling a method in the system process without a qualified user: android.app.ContextImpl.startService:1899 android.content.ContextWrapper.startService:825 com.cvte.tv.api.TvApiSDKManager.getTvApi:361 com.dangbei.rocky.component.system.SystemControlUtils.initSystemAidl:83 com.dangbei.rocky.component.system.SystemComponent.onAttached:38
05-30 15:25:26.476 D/View ( 1540):
05-30 15:25:26.477 D/View ( 1540):
05-30 15:25:26.477 D/View ( 1540):
05-30 15:25:26.478 W/ActivityManager( 703): Unable to start service Intent { act=com.cvte.tv.api.TV_API_SERVICE pkg=com.cvte.tv.api.impl } U=0: not found
05-30 15:25:26.479 D/View ( 1540):
05-30 15:25:26.481 D/View ( 1540):
05-30 15:25:26.481 D/View ( 1540):
05-30 15:25:26.481 D/View ( 1540):
05-30 15:25:26.482 D/View ( 1540):
05-30 15:25:26.482 W/ContextImpl( 1817): Calling a method in the system process without a qualified user: android.app.ContextImpl.bindService:1988 android.content.ContextWrapper.bindService:861 com.cvte.tv.api.TvApiSDKManager.getTvApi:362 com.dangbei.rocky.component.system.SystemControlUtils.initSystemAidl:83 com.dangbei.rocky.component.system.SystemComponent.onAttached:38
05-30 15:25:26.483 W/ActivityManager( 703): Unable to start service Intent { act=com.cvte.tv.api.TV_API_SERVICE pkg=com.cvte.tv.api.impl } U=0: not found
05-30 15:25:26.483 D/View ( 1540):
05-30 15:25:26.483 D/View ( 1540):
05-30 15:25:26.484 D/View ( 1540):
05-30 15:25:26.484 D/View ( 1540):
05-30 15:25:26.485 D/View ( 1540):
05-30 15:25:26.485 D/View ( 1540):
05-30 15:25:26.485 D/View ( 1540):
05-30 15:25:26.486 D/View ( 1540):
05-30 15:25:26.486 D/View ( 1540):
05-30 15:25:26.487 D/View ( 1540):
05-30 15:25:26.487 D/View ( 1540):
05-30 15:25:26.488 D/View ( 1540):
05-30 15:25:26.489 D/View ( 1540):
05-30 15:25:26.490 D/View ( 1540):
05-30 15:25:26.490 D/View ( 1540):
05-30 15:25:26.491 D/View ( 1540):
05-30 15:25:26.491 W/ContextImpl( 1817): Calling a method in the system process without a qualified user: android.app.ContextImpl.startService:1899 android.content.ContextWrapper.startService:825 com.dangbei.phrike.core.DownloadManager.register:294 com.dangbei.component_appcontrol.phrike.XPhrikeAppCreator.register:47 com.dangbei.component_appcontrol.AppControlComponent.onAttached:65
05-30 15:25:26.491 D/View ( 1540):
05-30 15:25:26.494 D/View ( 1540):
05-30 15:25:26.494 D/View ( 1540):
05-30 15:25:26.494 I/RockyManager( 1817): initSDKDelegate:
05-30 15:25:26.494 D/View ( 1540):
05-30 15:25:26.495 D/View ( 1540):
05-30 15:25:26.496 D/View ( 1540):
05-30 15:25:26.496 D/View ( 1540):
05-30 15:25:26.499 D/View ( 1540):
05-30 15:25:26.500 D/View ( 1540):
05-30 15:25:26.501 D/View ( 1540):
05-30 15:25:26.501 D/View ( 1540):
05-30 15:25:26.501 D/View ( 1540):
05-30 15:25:26.502 D/View ( 1540):
05-30 15:25:26.502 D/View ( 1540):
05-30 15:25:26.503 D/View ( 1540):
05-30 15:25:26.503 D/View ( 1540):
05-30 15:25:26.503 D/View ( 1540):
05-30 15:25:26.503 D/View ( 1540):
05-30 15:25:26.504 D/View ( 1540):
05-30 15:25:26.504 D/View ( 1540):
05-30 15:25:26.504 D/View ( 1540):
05-30 15:25:26.504 D/View ( 1540):
05-30 15:25:26.505 D/View ( 1540):
05-30 15:25:26.505 D/View ( 1540):
05-30 15:25:26.505 D/View ( 1540):
05-30 15:25:26.505 D/View ( 1540):
05-30 15:25:26.505 D/View ( 1540):
05-30 15:25:26.506 D/View ( 1540):
05-30 15:25:26.506 D/View ( 1540):
05-30 15:25:26.506 D/View ( 1540):
05-30 15:25:26.519 D/View ( 1540):
05-30 15:25:26.519 D/View ( 1540):
05-30 15:25:26.520 D/View ( 1540):
05-30 15:25:26.521 D/View ( 1540):
05-30 15:25:26.521 D/View ( 1540):
05-30 15:25:26.521 D/View ( 1540):
05-30 15:25:26.522 D/View ( 1540):
05-30 15:25:26.522 D/View ( 1540):
05-30 15:25:26.522 D/View ( 1540):
05-30 15:25:26.522 D/View ( 1540):
05-30 15:25:26.523 D/View ( 1540):
05-30 15:25:26.524 D/View ( 1540):
05-30 15:25:26.524 D/View ( 1540):
05-30 15:25:26.525 D/View ( 1540):
05-30 15:25:26.525 D/View ( 1540):
05-30 15:25:26.526 D/View ( 1540):
05-30 15:25:26.534 E/hq ( 1540): NetWorkStateReceiver:::NetWorkStateReceiver onReceive: 网络变化广播 >>>> intent.action=android.net.wifi.SCAN_RESULTS
05-30 15:25:26.534 D/View ( 1540):
05-30 15:25:26.534 D/View ( 1540):
05-30 15:25:26.535 D/View ( 1540):
05-30 15:25:26.535 D/View ( 1540):
05-30 15:25:26.536 D/View ( 1540):
05-30 15:25:26.537 D/View ( 1540):
05-30 15:25:26.537 D/View ( 1540):
05-30 15:25:26.538 D/View ( 1540):
05-30 15:25:26.538 D/View ( 1540):
05-30 15:25:26.540 I/WifiHAL ( 522): call wifi_get_link_stats handler
05-30 15:25:26.540 I/WifiHAL ( 522): Creating message to get link statistics; iface = 16
05-30 15:25:26.540 D/WifiHAL ( 522): error code -95 mapped to -3
05-30 15:25:26.540 D/View ( 1540):
05-30 15:25:26.541 E/WifiStaIfaceAidlImpl( 703): getLinkLayerStats failed with service-specific exception: android.os.ServiceSpecificException: (code 4)
05-30 15:25:26.541 D/View ( 1540):
05-30 15:25:26.541 D/View ( 1540):
05-30 15:25:26.541 D/View ( 1540):
05-30 15:25:26.542 D/View ( 1540):
05-30 15:25:26.542 D/View ( 1540):
05-30 15:25:26.542 D/View ( 1540):
05-30 15:25:26.542 D/View ( 1540):
05-30 15:25:26.543 D/View ( 1540):
05-30 15:25:26.543 D/View ( 1540):
05-30 15:25:26.544 D/View ( 1540):
05-30 15:25:26.544 D/View ( 1540):
05-30 15:25:26.544 D/View ( 1540):
05-30 15:25:26.546 D/View ( 1540):
05-30 15:25:26.547 D/View ( 1540):
05-30 15:25:26.548 D/View ( 1540):
05-30 15:25:26.551 D/View ( 1540):
05-30 15:25:26.551 D/View ( 1540):
05-30 15:25:26.552 D/View ( 1540):
05-30 15:25:26.552 D/View ( 1540):
05-30 15:25:26.552 D/View ( 1540):
05-30 15:25:26.552 D/View ( 1540):
05-30 15:25:26.553 D/View ( 1540):
05-30 15:25:26.553 D/View ( 1540):
05-30 15:25:26.553 D/View ( 1540):
05-30 15:25:26.553 D/View ( 1540):
05-30 15:25:26.554 D/View ( 1540):
05-30 15:25:26.554 D/View ( 1540):
05-30 15:25:26.554 D/View ( 1540):
05-30 15:25:26.555 D/View ( 1540):
05-30 15:25:26.555 D/View ( 1540):
05-30 15:25:26.555 D/View ( 1540):
05-30 15:25:26.555 D/View ( 1540):
05-30 15:25:26.556 D/View ( 1540):
05-30 15:25:26.557 D/View ( 1540):
05-30 15:25:26.557 D/View ( 1540):
05-30 15:25:26.557 D/View ( 1540):
05-30 15:25:26.558 D/View ( 1540):
05-30 15:25:26.558 D/View ( 1540):
05-30 15:25:26.558 D/View ( 1540):
05-30 15:25:26.560 D/View ( 1540):
05-30 15:25:26.560 D/View ( 1540):
05-30 15:25:26.560 D/View ( 1540):
05-30 15:25:26.561 D/View ( 1540):
05-30 15:25:26.561 D/View ( 1540):
05-30 15:25:26.561 D/View ( 1540):
05-30 15:25:26.562 D/View ( 1540):
05-30 15:25:26.562 D/View ( 1540):
05-30 15:25:26.562 D/View ( 1540):
05-30 15:25:26.562 D/View ( 1540):
05-30 15:25:26.563 D/View ( 1540):
05-30 15:25:26.563 D/View ( 1540):
05-30 15:25:26.563 D/View ( 1540):
05-30 15:25:26.564 D/View ( 1540):
05-30 15:25:26.564 D/View ( 1540):
05-30 15:25:26.564 D/View ( 1540):
05-30 15:25:26.564 D/View ( 1540):
05-30 15:25:26.565 D/View ( 1540):
05-30 15:25:26.565 D/View ( 1540):
05-30 15:25:26.566 D/View ( 1540):
05-30 15:25:26.566 D/View ( 1540):
05-30 15:25:26.567 D/View ( 1540):
05-30 15:25:26.567 D/View ( 1540):
05-30 15:25:26.567 D/View ( 1540):
05-30 15:25:26.568 D/View ( 1540):
05-30 15:25:26.568 D/View ( 1540):
05-30 15:25:26.568 D/View ( 1540):
05-30 15:25:26.589 V/GraphicsEnvironment( 1918): Currently set values for:
05-30 15:25:26.589 V/GraphicsEnvironment( 1918): angle_gl_driver_selection_pkgs=[]
05-30 15:25:26.589 V/GraphicsEnvironment( 1918): angle_gl_driver_selection_values=[]
05-30 15:25:26.593 V/GraphicsEnvironment( 1918): ANGLE GameManagerService for com.android.permissioncontroller: false
05-30 15:25:26.593 V/GraphicsEnvironment( 1918): com.android.permissioncontroller is not listed in per-application setting
05-30 15:25:26.593 V/GraphicsEnvironment( 1918): Neither updatable production driver nor prerelease driver is supported.
05-30 15:25:26.600 D/View ( 1540):
05-30 15:25:26.600 D/View ( 1540):
05-30 15:25:26.601 D/View ( 1540):
05-30 15:25:26.601 D/View ( 1540):
05-30 15:25:26.602 D/View ( 1540):
05-30 15:25:26.602 D/View ( 1540):
05-30 15:25:26.603 D/View ( 1540):
05-30 15:25:26.604 D/View ( 1540):
05-30 15:25:26.605 D/View ( 1540):
05-30 15:25:26.605 D/View ( 1540):
05-30 15:25:26.605 D/View ( 1540):
05-30 15:25:26.605 D/View ( 1540):
05-30 15:25:26.606 D/View ( 1540):
05-30 15:25:26.606 D/View ( 1540):
05-30 15:25:26.606 D/View ( 1540):
05-30 15:25:26.606 D/View ( 1540):
05-30 15:25:26.607 D/View ( 1540):
05-30 15:25:26.607 D/View ( 1540):
05-30 15:25:26.607 D/View ( 1540):
05-30 15:25:26.608 D/View ( 1540):
05-30 15:25:26.608 D/View ( 1540):
05-30 15:25:26.608 D/View ( 1540):
05-30 15:25:26.609 D/View ( 1540):
05-30 15:25:26.609 D/View ( 1540):
05-30 15:25:26.610 D/View ( 1540):
05-30 15:25:26.610 D/View ( 1540):
05-30 15:25:26.610 D/View ( 1540):
05-30 15:25:26.610 D/View ( 1540):
05-30 15:25:26.611 D/View ( 1540):
05-30 15:25:26.611 D/View ( 1540):
05-30 15:25:26.613 D/View ( 1540):
05-30 15:25:26.614 D/View ( 1540):
05-30 15:25:26.614 D/View ( 1540):
05-30 15:25:26.615 D/View ( 1540):
05-30 15:25:26.615 D/View ( 1540):
05-30 15:25:26.615 D/View ( 1540):
05-30 15:25:26.616 D/View ( 1540):
05-30 15:25:26.616 D/View ( 1540):
05-30 15:25:26.616 D/View ( 1540):
05-30 15:25:26.617 D/View ( 1540):
05-30 15:25:26.617 D/View ( 1540):
05-30 15:25:26.617 D/View ( 1540):
05-30 15:25:26.617 D/View ( 1540):
05-30 15:25:26.618 D/View ( 1540):
05-30 15:25:26.618 D/View ( 1540):
05-30 15:25:26.618 D/View ( 1540):
05-30 15:25:26.618 D/View ( 1540):
05-30 15:25:26.619 D/View ( 1540):
05-30 15:25:26.619 D/View ( 1540):
05-30 15:25:26.619 D/View ( 1540):
05-30 15:25:26.619 D/View ( 1540):
05-30 15:25:26.621 D/View ( 1540):
05-30 15:25:26.621 D/View ( 1540):
05-30 15:25:26.622 D/View ( 1540):
05-30 15:25:26.622 D/View ( 1540):
05-30 15:25:26.622 D/View ( 1540):
05-30 15:25:26.623 D/View ( 1540):
05-30 15:25:26.623 D/View ( 1540):
05-30 15:25:26.624 D/View ( 1540):
05-30 15:25:26.624 D/View ( 1540):
05-30 15:25:26.624 D/View ( 1540):
05-30 15:25:26.625 D/View ( 1540):
05-30 15:25:26.625 D/View ( 1540):
05-30 15:25:26.626 D/View ( 1540):
05-30 15:25:26.626 D/View ( 1540):
05-30 15:25:26.626 D/View ( 1540):
05-30 15:25:26.626 D/View ( 1540):
05-30 15:25:26.627 D/View ( 1540):
05-30 15:25:26.627 D/View ( 1540):
05-30 15:25:26.627 D/View ( 1540):
05-30 15:25:26.628 D/View ( 1540):
05-30 15:25:26.628 D/View ( 1540):
05-30 15:25:26.628 D/View ( 1540):
05-30 15:25:26.628 D/View ( 1540):
05-30 15:25:26.629 D/View ( 1540):
05-30 15:25:26.629 D/View ( 1540):
05-30 15:25:26.630 D/View ( 1540):
05-30 15:25:26.630 D/View ( 1540):
05-30 15:25:26.630 D/View ( 1540):
05-30 15:25:26.631 D/View ( 1540):
05-30 15:25:26.631 D/View ( 1540):
05-30 15:25:26.632 D/View ( 1540):
05-30 15:25:26.633 D/View ( 1540):
05-30 15:25:26.633 D/View ( 1540):
05-30 15:25:26.633 D/View ( 1540):
05-30 15:25:26.634 D/View ( 1540):
05-30 15:25:26.634 D/View ( 1540):
05-30 15:25:26.634 D/View ( 1540):
05-30 15:25:26.635 D/View ( 1540):
05-30 15:25:26.635 D/View ( 1540):
05-30 15:25:26.635 D/View ( 1540):
05-30 15:25:26.635 D/View ( 1540):
05-30 15:25:26.636 D/View ( 1540):
05-30 15:25:26.637 D/View ( 1540):
05-30 15:25:26.637 D/View ( 1540):
05-30 15:25:26.637 D/View ( 1540):
05-30 15:25:26.637 D/View ( 1540):
05-30 15:25:26.638 D/View ( 1540):
05-30 15:25:26.638 D/View ( 1540):
05-30 15:25:26.638 D/View ( 1540):
05-30 15:25:26.639 D/View ( 1540):
05-30 15:25:26.639 D/View ( 1540):
05-30 15:25:26.639 D/View ( 1540):
05-30 15:25:26.642 D/View ( 1540):
05-30 15:25:26.643 D/View ( 1540):
05-30 15:25:26.643 D/View ( 1540):
05-30 15:25:26.643 D/View ( 1540):
05-30 15:25:26.644 D/View ( 1540):
05-30 15:25:26.644 D/View ( 1540):
05-30 15:25:26.644 D/View ( 1540):
05-30 15:25:26.644 D/View ( 1540):
05-30 15:25:26.645 D/View ( 1540):
05-30 15:25:26.646 D/View ( 1540):
05-30 15:25:26.647 D/View ( 1540):
05-30 15:25:26.648 D/View ( 1540):
05-30 15:25:26.648 D/View ( 1540):
05-30 15:25:26.649 D/View ( 1540):
05-30 15:25:26.649 D/View ( 1540):
05-30 15:25:26.650 D/View ( 1540):
05-30 15:25:26.650 D/View ( 1540):
05-30 15:25:26.651 D/View ( 1540):
05-30 15:25:26.651 D/View ( 1540):
05-30 15:25:26.651 D/View ( 1540):
05-30 15:25:26.651 D/View ( 1540):
05-30 15:25:26.651 D/WifiScoreReport( 703): setShouldReduceNetworkScore=false mNetworkAgent is null? true
05-30 15:25:26.652 D/WifiClientModeImpl[20142:wlan0]( 703): CMD_START_CONNECT my state DisconnectedState nid=0 roam=false
05-30 15:25:26.652 D/View ( 1540):
05-30 15:25:26.652 D/View ( 1540):
05-30 15:25:26.653 W/eventbuscore( 1540): post Event:com.dangbei.leard.base.entity.event.NetWifiRssiEvent
05-30 15:25:26.653 D/View ( 1540):
05-30 15:25:26.653 D/View ( 1540):
05-30 15:25:26.653 D/View ( 1540):
05-30 15:25:26.653 D/View ( 1540):
05-30 15:25:26.654 D/View ( 1540):
05-30 15:25:26.654 D/View ( 1540):
05-30 15:25:26.654 D/View ( 1540):
05-30 15:25:26.655 D/View ( 1540):
05-30 15:25:26.655 D/View ( 1540):
05-30 15:25:26.655 D/View ( 1540):
05-30 15:25:26.655 D/View ( 1540):
05-30 15:25:26.656 D/View ( 1540):
05-30 15:25:26.656 D/View ( 1540):
05-30 15:25:26.657 D/View ( 1540):
05-30 15:25:26.657 D/View ( 1540):
05-30 15:25:26.657 D/View ( 1540):
05-30 15:25:26.657 D/View ( 1540):
05-30 15:25:26.658 D/View ( 1540):
05-30 15:25:26.658 D/View ( 1540):
05-30 15:25:26.658 D/View ( 1540):
05-30 15:25:26.660 W/LastMileLogger( 703): Failed to open free_buffer pseudo-file: /sys/kernel/debug/tracing/instances/wifi/free_buffer: open failed: ENOENT (No such file or directory)
05-30 15:25:26.660 W/LastMileLogger( 703): Failed to arm fail-safe.
05-30 15:25:26.660 I/wpa_supplicant( 1241): wpa_driver_nl80211_driver_cmd: wifi vendor: aml_w2_s
05-30 15:25:26.660 I/wpa_supplicant( 1241): wpa_driver_nl80211_driver_cmd: wlan0: private command: MACADDR
05-30 15:25:26.661 W/wificond( 627): Scan is not started. Ignore abort request
05-30 15:25:26.662 D/SupplicantStaIfaceHalAidlImpl( 703): connectToNetwork "DB-machines5G"WPA_PSK, actualSsid=null
05-30 15:25:26.664 D/SupplicantStaIfaceHalAidlImpl( 703): Selecting supplicant SSID "DB-machines5G"
05-30 15:25:26.674 I/SupplicantStaNetworkHalAidlImpl( 703): Successfully set SSID
05-30 15:25:26.675 D/SupplicantStaNetworkHalAidlImpl( 703): The target security params: Security Parameters:
05-30 15:25:26.675 D/SupplicantStaNetworkHalAidlImpl( 703): Type: 2
05-30 15:25:26.675 D/SupplicantStaNetworkHalAidlImpl( 703): Enabled: true
05-30 15:25:26.675 D/SupplicantStaNetworkHalAidlImpl( 703): KeyMgmt: WPA_PSK
05-30 15:25:26.675 D/SupplicantStaNetworkHalAidlImpl( 703): Protocols: WPA RSN
05-30 15:25:26.675 D/SupplicantStaNetworkHalAidlImpl( 703): AuthAlgorithms:
05-30 15:25:26.675 D/SupplicantStaNetworkHalAidlImpl( 703): PairwiseCiphers: TKIP CCMP
05-30 15:25:26.675 D/SupplicantStaNetworkHalAidlImpl( 703): GroupCiphers: WEP40 WEP104 TKIP CCMP
05-30 15:25:26.675 D/SupplicantStaNetworkHalAidlImpl( 703): GroupMgmtCiphers:
05-30 15:25:26.675 D/SupplicantStaNetworkHalAidlImpl( 703): SuiteBCiphers:
05-30 15:25:26.675 D/SupplicantStaNetworkHalAidlImpl( 703): RequirePmf: false
05-30 15:25:26.675 D/SupplicantStaNetworkHalAidlImpl( 703): IsAddedByAutoUpgrade: false
05-30 15:25:26.675 D/SupplicantStaNetworkHalAidlImpl( 703): IsSaeH2eOnlyMode: false
05-30 15:25:26.675 D/SupplicantStaNetworkHalAidlImpl( 703): IsSaePkOnlyMode: false
05-30 15:25:26.675 I/carui ( 1918): CarUi plugin is disabled
05-30 15:25:26.678 D/CompatibilityChangeReporter( 703): Compat change id reported: 261072174; UID 1000; state: DISABLED
05-30 15:25:26.681 V/WindowManagerShell( 984): Transition animation finished (aborted=false), notifying core (#1)android.os.BinderProxy@79f8b24@0
05-30 15:25:26.685 E/ccc ( 1505): cccccc etnaService addListener com.dangbei.lerad.etna.aidl.IEtnaAidlListener$Stub$Proxy@e3eb3fb com.dangbei.leard.leradlauncher
05-30 15:25:26.686 V/WindowManager( 703): Finish Transition #1: created at
05-30 15:25:24.325 collect-started=0.146ms request-sent=0.675ms started=6.609ms ready=281.075ms sent=1924.745ms finished=2359.891ms
05-30 15:25:26.695 V/WindowManagerShell( 984): Track 0 became idle
05-30 15:25:26.695 V/WindowManagerShell( 984): All active transition animations finished
05-30 15:25:26.722 D/WifiCountryCode( 703): evaluateAllCmmStateAndApplyIfAllReady: {ConcreteClientModeManager{id=16703 iface=wlan0 role=ROLE_CLIENT_PRIMARY}=false}
05-30 15:25:26.722 D/WifiClientModeImpl[20142:wlan0]( 703): Start Connecting Watchdog 1
05-30 15:25:26.723 I/wpa_supplicant( 1241): wlan0: Trying to associate with 58:c7:ac:78:f0:10 (SSID='DB-machines5G' freq=5745 MHz)
05-30 15:25:26.723 I/wpa_supplicant( 1241): assoc key_mgmt 0x2 network key_mgmt 0x142
05-30 15:25:26.723 W/Role ( 1918): Cannot get ApplicationInfo for default holder: com.android.messaging
05-30 15:25:26.726 W/ContextImpl( 703): Calling a method in the system process without a qualified user: android.app.ContextImpl.sendStickyBroadcast:1626 com.android.server.wifi.ClientModeImpl.sendNetworkChangeBroadcast:3008 com.android.server.wifi.ClientModeImpl.lambda$sendNetworkChangeBroadcastWithCurrentState$14:2985 com.android.server.wifi.ClientModeImpl.$r8$lambda$q-j88Pjw4gROgoJFr8wBlBVbuJI:0 com.android.server.wifi.ClientModeImpl$$ExternalSyntheticLambda4.send:0
05-30 15:25:26.730 I/WifiClientModeImpl[20142:wlan0]( 703): Update current security type to 2
05-30 15:25:26.749 D/CompatibilityChangeReporter( 703): Compat change id reported: 135634846; UID 10016; state: DISABLED
05-30 15:25:26.749 D/CompatibilityChangeReporter( 703): Compat change id reported: 177438394; UID 10016; state: DISABLED
05-30 15:25:26.749 D/CompatibilityChangeReporter( 703): Compat change id reported: 135772972; UID 10016; state: DISABLED
05-30 15:25:26.749 D/CompatibilityChangeReporter( 703): Compat change id reported: 135754954; UID 10016; state: ENABLED
05-30 15:25:26.750 D/CompatibilityChangeReporter( 703): Compat change id reported: 143937733; UID 10016; state: ENABLED
05-30 15:25:26.760 D/View ( 1540):
05-30 15:25:26.761 D/View ( 1540):
05-30 15:25:26.761 D/View ( 1540):
05-30 15:25:26.761 D/View ( 1540):
05-30 15:25:26.761 D/View ( 1540):
05-30 15:25:26.762 D/View ( 1540):
05-30 15:25:26.763 D/View ( 1540):
05-30 15:25:26.763 D/View ( 1540):
05-30 15:25:26.764 D/View ( 1540):
05-30 15:25:26.764 D/View ( 1540):
05-30 15:25:26.764 D/View ( 1540):
05-30 15:25:26.764 D/View ( 1540):
05-30 15:25:26.764 D/Zygote ( 469): Forked child process 1943
05-30 15:25:26.765 I/ActivityManager( 703): Start proc 1943:com.android.providers.calendar/u0a16 for broadcast {com.android.providers.calendar/com.android.providers.calendar.CalendarReceiver}
05-30 15:25:26.765 D/View ( 1540):
05-30 15:25:26.766 D/View ( 1540):
05-30 15:25:26.766 D/View ( 1540):
05-30 15:25:26.766 D/View ( 1540):
05-30 15:25:26.767 D/View ( 1540):
05-30 15:25:26.767 D/View ( 1540):
05-30 15:25:26.767 D/View ( 1540):
05-30 15:25:26.768 D/View ( 1540):
05-30 15:25:26.768 D/View ( 1540):
05-30 15:25:26.768 D/View ( 1540):
05-30 15:25:26.768 D/View ( 1540):
05-30 15:25:26.769 D/View ( 1540):
05-30 15:25:26.769 D/View ( 1540):
05-30 15:25:26.769 D/View ( 1540):
05-30 15:25:26.769 D/View ( 1540):
05-30 15:25:26.770 D/View ( 1540):
05-30 15:25:26.770 D/View ( 1540):
05-30 15:25:26.770 D/View ( 1540):
05-30 15:25:26.770 D/View ( 1540):
05-30 15:25:26.771 D/View ( 1540):
05-30 15:25:26.771 D/View ( 1540):
05-30 15:25:26.771 D/View ( 1540):
05-30 15:25:26.772 D/View ( 1540):
05-30 15:25:26.772 D/View ( 1540):
05-30 15:25:26.772 D/View ( 1540):
05-30 15:25:26.773 D/View ( 1540):
05-30 15:25:26.773 D/View ( 1540):
05-30 15:25:26.773 D/View ( 1540):
05-30 15:25:26.774 D/View ( 1540):
05-30 15:25:26.774 D/View ( 1540):
05-30 15:25:26.774 D/View ( 1540):
05-30 15:25:26.774 D/View ( 1540):
05-30 15:25:26.775 I/Zygote ( 1943): seccomp disabled by setenforce 0
05-30 15:25:26.775 D/View ( 1540):
05-30 15:25:26.775 D/View ( 1540):
05-30 15:25:26.775 D/View ( 1540):
05-30 15:25:26.776 D/View ( 1540):
05-30 15:25:26.776 D/View ( 1540):
05-30 15:25:26.776 D/View ( 1540):
05-30 15:25:26.776 D/View ( 1540):
05-30 15:25:26.777 D/View ( 1540):
05-30 15:25:26.777 D/View ( 1540):
05-30 15:25:26.777 D/View ( 1540):
05-30 15:25:26.777 D/View ( 1540):
05-30 15:25:26.778 D/View ( 1540):
05-30 15:25:26.778 D/View ( 1540):
05-30 15:25:26.778 D/View ( 1540):
05-30 15:25:26.778 D/View ( 1540):
05-30 15:25:26.779 D/View ( 1540):
05-30 15:25:26.779 D/View ( 1540):
05-30 15:25:26.779 D/View ( 1540):
05-30 15:25:26.780 D/View ( 1540):
05-30 15:25:26.780 D/View ( 1540):
05-30 15:25:26.780 D/View ( 1540):
05-30 15:25:26.780 D/View ( 1540):
05-30 15:25:26.780 D/View ( 1540):
05-30 15:25:26.781 D/View ( 1540):
05-30 15:25:26.781 D/View ( 1540):
05-30 15:25:26.781 D/View ( 1540):
05-30 15:25:26.782 D/View ( 1540):
05-30 15:25:26.782 D/View ( 1540):
05-30 15:25:26.782 D/View ( 1540):
05-30 15:25:26.782 D/View ( 1540):
05-30 15:25:26.782 D/View ( 1540):
05-30 15:25:26.783 D/View ( 1540):
05-30 15:25:26.783 D/View ( 1540):
05-30 15:25:26.783 D/View ( 1540):
05-30 15:25:26.784 D/View ( 1540):
05-30 15:25:26.784 D/View ( 1540):
05-30 15:25:26.784 I/viders.calendar( 1943): Using CollectorTypeCC GC.
05-30 15:25:26.784 D/View ( 1540):
05-30 15:25:26.784 D/View ( 1540):
05-30 15:25:26.785 D/View ( 1540):
05-30 15:25:26.785 D/View ( 1540):
05-30 15:25:26.785 D/View ( 1540):
05-30 15:25:26.785 D/View ( 1540):
05-30 15:25:26.786 D/View ( 1540):
05-30 15:25:26.786 D/View ( 1540):
05-30 15:25:26.786 D/View ( 1540):
05-30 15:25:26.786 D/View ( 1540):
05-30 15:25:26.787 D/View ( 1540):
05-30 15:25:26.789 D/View ( 1540):
05-30 15:25:26.789 D/View ( 1540):
05-30 15:25:26.790 D/View ( 1540):
05-30 15:25:26.790 D/View ( 1540):
05-30 15:25:26.790 D/View ( 1540):
05-30 15:25:26.791 D/View ( 1540):
05-30 15:25:26.791 D/View ( 1540):
05-30 15:25:26.791 D/View ( 1540):
05-30 15:25:26.792 D/View ( 1540):
05-30 15:25:26.792 D/View ( 1540):
05-30 15:25:26.792 D/View ( 1540):
05-30 15:25:26.792 D/View ( 1540):
05-30 15:25:26.793 D/View ( 1540):
05-30 15:25:26.793 D/View ( 1540):
05-30 15:25:26.793 D/View ( 1540):
05-30 15:25:26.793 D/View ( 1540):
05-30 15:25:26.793 D/View ( 1540):
05-30 15:25:26.794 D/View ( 1540):
05-30 15:25:26.794 D/View ( 1540):
05-30 15:25:26.794 D/View ( 1540):
05-30 15:25:26.795 D/View ( 1540):
05-30 15:25:26.795 D/View ( 1540):
05-30 15:25:26.796 D/View ( 1540):
05-30 15:25:26.798 E/viders.calendar( 1943): Not starting debugger since process cannot load the jdwp agent.
05-30 15:25:26.798 D/View ( 1540):
05-30 15:25:26.798 D/View ( 1540):
05-30 15:25:26.799 D/View ( 1540):
05-30 15:25:26.799 D/View ( 1540):
05-30 15:25:26.799 D/View ( 1540):
05-30 15:25:26.799 D/View ( 1540):
05-30 15:25:26.796 I/rainbow_flow( 597): type=1400 audit(0.0:737): avc: denied { ioctl } for path="/dev/spidev1.0" dev="tmpfs" ino=534 ioctlcmd=0x6b00 scontext=u:r:init:s0 tcontext=u:object_r:device:s0 tclass=chr_file permissive=1
05-30 15:25:26.800 D/View ( 1540):
05-30 15:25:26.800 D/View ( 1540):
05-30 15:25:26.796 I/RxCachedThreadS( 1817): type=1400 audit(0.0:738): avc: denied { read } for name="u:object_r:serialno_prop:s0" dev="tmpfs" ino=323 scontext=u:r:system_app:s0 tcontext=u:object_r:serialno_prop:s0 tclass=file permissive=1
05-30 15:25:26.796 I/RxCachedThreadS( 1817): type=1400 audit(0.0:739): avc: denied { open } for path="/dev/__properties__/u:object_r:serialno_prop:s0" dev="tmpfs" ino=323 scontext=u:r:system_app:s0 tcontext=u:object_r:serialno_prop:s0 tclass=file permissive=1
05-30 15:25:26.796 I/RxCachedThreadS( 1817): type=1400 audit(0.0:740): avc: denied { getattr } for path="/dev/__properties__/u:object_r:serialno_prop:s0" dev="tmpfs" ino=323 scontext=u:r:system_app:s0 tcontext=u:object_r:serialno_prop:s0 tclass=file permissive=1
05-30 15:25:26.796 I/RxCachedThreadS( 1817): type=1400 audit(0.0:741): avc: denied { map } for path="/dev/__properties__/u:object_r:serialno_prop:s0" dev="tmpfs" ino=323 scontext=u:r:system_app:s0 tcontext=u:object_r:serialno_prop:s0 tclass=file permissive=1
05-30 15:25:26.808 D/View ( 1540):
05-30 15:25:26.809 D/View ( 1540):
05-30 15:25:26.809 D/CompatibilityChangeReporter( 1817): Compat change id reported: 263076149; UID 1000; state: DISABLED
05-30 15:25:26.809 D/View ( 1540):
05-30 15:25:26.809 D/View ( 1540):
05-30 15:25:26.810 D/View ( 1540):
05-30 15:25:26.811 D/View ( 1540):
05-30 15:25:26.811 D/View ( 1540):
05-30 15:25:26.812 D/View ( 1540):
05-30 15:25:26.813 D/View ( 1540):
05-30 15:25:26.813 D/View ( 1540):
05-30 15:25:26.815 D/CompatibilityChangeReporter( 703): Compat change id reported: 168419799; UID 10016; state: DISABLED
05-30 15:25:26.815 D/View ( 1540):
05-30 15:25:26.815 D/CompatibilityChangeReporter( 703): Compat change id reported: 273564678; UID 10016; state: DISABLED
05-30 15:25:26.815 D/View ( 1540):
05-30 15:25:26.816 D/View ( 1540):
05-30 15:25:26.824 D/View ( 1540):
05-30 15:25:26.824 D/View ( 1540):
05-30 15:25:26.824 D/View ( 1540):
05-30 15:25:26.825 D/View ( 1540):
05-30 15:25:26.825 D/View ( 1540):
05-30 15:25:26.825 D/View ( 1540):
05-30 15:25:26.826 D/View ( 1540):
05-30 15:25:26.826 W/System.err( 1817): java.lang.NoSuchMethodException: android.bluetooth.IBluetooth$Stub$Proxy.getAddress []
05-30 15:25:26.841 D/View ( 1540):
05-30 15:25:26.841 D/View ( 1540):
05-30 15:25:26.841 D/View ( 1540):
05-30 15:25:26.842 D/View ( 1540):
05-30 15:25:26.842 D/View ( 1540):
05-30 15:25:26.842 D/View ( 1540):
05-30 15:25:26.842 D/View ( 1540):
05-30 15:25:26.843 D/View ( 1540):
05-30 15:25:26.843 D/View ( 1540):
05-30 15:25:26.843 D/View ( 1540):
05-30 15:25:26.870 D/View ( 1540):
05-30 15:25:26.870 D/View ( 1540):
05-30 15:25:26.871 D/View ( 1540):
05-30 15:25:26.871 D/View ( 1540):
05-30 15:25:26.871 D/View ( 1540):
05-30 15:25:26.871 D/View ( 1540):
05-30 15:25:26.872 D/CompatibilityChangeReporter( 703): Compat change id reported: 265195908; UID 10016; state: ENABLED
05-30 15:25:26.872 D/View ( 1540):
05-30 15:25:26.872 D/View ( 1540):
05-30 15:25:26.872 D/View ( 1540):
05-30 15:25:26.872 D/View ( 1540):
05-30 15:25:26.873 D/View ( 1540):
05-30 15:25:26.874 D/CompatibilityChangeReporter( 1943): Compat change id reported: 171979766; UID 10016; state: ENABLED
05-30 15:25:26.874 D/CompatibilityChangeReporter( 1943): Compat change id reported: 242716250; UID 10016; state: ENABLED
05-30 15:25:26.877 D/View ( 1540):
05-30 15:25:26.877 D/View ( 1540):
05-30 15:25:26.877 D/View ( 1540):
05-30 15:25:26.878 D/View ( 1540):
05-30 15:25:26.878 D/CompatibilityChangeReporter( 703): Compat change id reported: 170503758; UID 10016; state: ENABLED
05-30 15:25:26.878 D/View ( 1540):
05-30 15:25:26.878 D/View ( 1540):
05-30 15:25:26.878 D/View ( 1540):
05-30 15:25:26.879 D/View ( 1540):
05-30 15:25:26.879 D/View ( 1540):
05-30 15:25:26.879 D/View ( 1540):
05-30 15:25:26.879 D/View ( 1540):
05-30 15:25:26.880 D/View ( 1540):
05-30 15:25:26.880 D/View ( 1540):
05-30 15:25:26.880 D/View ( 1540):
05-30 15:25:26.880 D/View ( 1540):
05-30 15:25:26.881 D/View ( 1540):
05-30 15:25:26.881 D/View ( 1540):
05-30 15:25:26.881 D/View ( 1540):
05-30 15:25:26.881 D/View ( 1540):
05-30 15:25:26.882 D/View ( 1540):
05-30 15:25:26.882 D/View ( 1540):
05-30 15:25:26.882 D/View ( 1540):
05-30 15:25:26.882 D/View ( 1540):
05-30 15:25:26.883 D/View ( 1540):
05-30 15:25:26.883 D/View ( 1540):
05-30 15:25:26.884 D/View ( 1540):
05-30 15:25:26.884 D/View ( 1540):
05-30 15:25:26.884 D/View ( 1540):
05-30 15:25:26.885 W/System.err( 1817): at java.lang.Class.getMethod(Class.java:2937)
05-30 15:25:26.885 W/System.err( 1817): at java.lang.Class.getMethod(Class.java:2449)
05-30 15:25:26.885 W/System.err( 1817): at com.dangbei.statistics.UtilCommon.getBluetoothAddressSdk23(UtilCommon.java:363)
05-30 15:25:26.885 W/System.err( 1817): at com.dangbei.statistics.UtilCommon.getBluetoothAddress(UtilCommon.java:333)
05-30 15:25:26.885 W/System.err( 1817): at com.dangbei.statistics.HttpBasicParamsInterceptor.lambda$create$26(HttpBasicParamsInterceptor.java:105)
05-30 15:25:26.885 W/System.err( 1817): at com.dangbei.statistics.-$$Lambda$HttpBasicParamsInterceptor$rmVfygJIBySIPZc0Bf7cpAPG2bY.call(Unknown Source:0)
05-30 15:25:26.885 W/System.err( 1817): at com.dangbei.statistics.library.Helper.callBackSelf(Helper.java:9)
05-30 15:25:26.885 W/System.err( 1817): at com.dangbei.statistics.HttpBasicParamsInterceptor.create(HttpBasicParamsInterceptor.java:105)
05-30 15:25:26.885 W/System.err( 1817): at com.dangbei.statistics.HttpBasicParamsInterceptor.lambda$init$0(HttpBasicParamsInterceptor.java:40)
05-30 15:25:26.885 W/System.err( 1817): at com.dangbei.statistics.-$$Lambda$HttpBasicParamsInterceptor$wo_01s0EQtjtRA0FDaKTO2uOKHM.accept(Unknown Source:2)
05-30 15:25:26.885 W/System.err( 1817): at io.reactivex.internal.operators.single.SingleDoOnSuccess$DoOnSuccess.onSuccess(SingleDoOnSuccess.java:54)
05-30 15:25:26.885 W/System.err( 1817): at io.reactivex.internal.operators.single.SingleObserveOn$ObserveOnSingleObserver.run(SingleObserveOn.java:81)
05-30 15:25:26.885 W/System.err( 1817): at io.reactivex.Scheduler$DisposeTask.run(Scheduler.java:578)
05-30 15:25:26.885 W/System.err( 1817): at io.reactivex.internal.schedulers.ScheduledRunnable.run(ScheduledRunnable.java:66)
05-30 15:25:26.885 W/System.err( 1817): at io.reactivex.internal.schedulers.ScheduledRunnable.call(ScheduledRunnable.java:57)
05-30 15:25:26.885 W/System.err( 1817): at java.util.concurrent.FutureTask.run(FutureTask.java:264)
05-30 15:25:26.885 W/System.err( 1817): at java.util.concurrent.ScheduledThreadPoolExecutor$ScheduledFutureTask.run(ScheduledThreadPoolExecutor.java:307)
05-30 15:25:26.885 W/System.err( 1817): at java.util.concurrent.ThreadPoolExecutor.runWorker(ThreadPoolExecutor.java:1145)
05-30 15:25:26.885 W/System.err( 1817): at java.util.concurrent.ThreadPoolExecutor$Worker.run(ThreadPoolExecutor.java:644)
05-30 15:25:26.885 W/System.err( 1817): at java.lang.Thread.run(Thread.java:1012)
05-30 15:25:26.896 D/View ( 1540):
05-30 15:25:26.896 D/View ( 1540):
05-30 15:25:26.897 D/View ( 1540):
05-30 15:25:26.897 D/View ( 1540):
05-30 15:25:26.897 D/View ( 1540):
05-30 15:25:26.897 D/View ( 1540):
05-30 15:25:26.898 D/View ( 1540):
05-30 15:25:26.898 D/View ( 1540):
05-30 15:25:26.898 D/View ( 1540):
05-30 15:25:26.898 D/View ( 1540):
05-30 15:25:26.899 D/View ( 1540):
05-30 15:25:26.899 D/View ( 1540):
05-30 15:25:26.899 D/View ( 1540):
05-30 15:25:26.900 D/View ( 1540):
05-30 15:25:26.900 D/View ( 1540):
05-30 15:25:26.900 D/View ( 1540):
05-30 15:25:26.900 D/View ( 1540):
05-30 15:25:26.901 D/View ( 1540):
05-30 15:25:26.901 D/View ( 1540):
05-30 15:25:26.901 D/View ( 1540):
05-30 15:25:26.901 D/View ( 1540):
05-30 15:25:26.901 D/View ( 1540):
05-30 15:25:26.902 D/View ( 1540):
05-30 15:25:26.902 D/View ( 1540):
05-30 15:25:26.902 D/View ( 1540):
05-30 15:25:26.903 D/View ( 1540):
05-30 15:25:26.903 D/View ( 1540):
05-30 15:25:26.903 D/View ( 1540):
05-30 15:25:26.903 D/View ( 1540):
05-30 15:25:26.904 D/View ( 1540):
05-30 15:25:26.904 D/View ( 1540):
05-30 15:25:26.904 D/View ( 1540):
05-30 15:25:26.904 D/View ( 1540):
05-30 15:25:26.905 D/View ( 1540):
05-30 15:25:26.905 D/View ( 1540):
05-30 15:25:26.905 D/View ( 1540):
05-30 15:25:26.905 D/View ( 1540):
05-30 15:25:26.906 D/View ( 1540):
05-30 15:25:26.906 D/View ( 1540):
05-30 15:25:26.906 D/View ( 1540):
05-30 15:25:26.906 D/View ( 1540):
05-30 15:25:26.907 D/View ( 1540):
05-30 15:25:26.907 D/View ( 1540):
05-30 15:25:26.907 D/View ( 1540):
05-30 15:25:26.907 D/View ( 1540):
05-30 15:25:26.908 D/View ( 1540):
05-30 15:25:26.908 D/View ( 1540):
05-30 15:25:26.908 D/View ( 1540):
05-30 15:25:26.909 D/View ( 1540):
05-30 15:25:26.909 D/View ( 1540):
05-30 15:25:26.909 D/View ( 1540):
05-30 15:25:26.914 D/View ( 1540):
05-30 15:25:26.915 D/View ( 1540):
05-30 15:25:26.915 D/View ( 1540):
05-30 15:25:26.915 D/View ( 1540):
05-30 15:25:26.916 D/View ( 1540):
05-30 15:25:26.916 D/View ( 1540):
05-30 15:25:26.916 D/View ( 1540):
05-30 15:25:26.916 D/View ( 1540):
05-30 15:25:26.917 D/View ( 1540):
05-30 15:25:26.917 D/View ( 1540):
05-30 15:25:26.917 D/View ( 1540):
05-30 15:25:26.918 D/View ( 1540):
05-30 15:25:26.919 D/View ( 1540):
05-30 15:25:26.919 D/View ( 1540):
05-30 15:25:26.919 D/CompatibilityChangeReporter( 1918): Compat change id reported: 194532703; UID 10058; state: ENABLED
05-30 15:25:26.919 D/View ( 1540):
05-30 15:25:26.920 D/View ( 1540):
05-30 15:25:26.920 D/View ( 1540):
05-30 15:25:26.920 D/View ( 1540):
05-30 15:25:26.921 D/View ( 1540):
05-30 15:25:26.921 D/View ( 1540):
05-30 15:25:26.921 D/View ( 1540):
05-30 15:25:26.922 D/View ( 1540):
05-30 15:25:26.922 D/View ( 1540):
05-30 15:25:26.924 I/UtilCommon( 1817): bluetoothMac=1C:79:2D:20:62:B6
05-30 15:25:26.924 D/nativeloader( 1943): Configuring clns-shared-4 for other apk /system/priv-app/CalendarProvider/CalendarProvider.apk. target_sdk_version=34, uses_libraries=, library_path=/system/priv-app/CalendarProvider/lib/arm:/system/lib:/system_ext/lib, permitted_path=/data:/mnt/expand:/data/user/0/com.android.providers.calendar:/system/priv-app/CalendarProvider:/system/lib:/system_ext/lib
05-30 15:25:26.926 D/CompatibilityChangeReporter( 1918): Compat change id reported: 253665015; UID 10058; state: ENABLED
05-30 15:25:26.927 D/View ( 1540):
05-30 15:25:26.927 D/CompatibilityChangeReporter( 703): Compat change id reported: 253665015; UID 10058; state: ENABLED
05-30 15:25:26.927 D/View ( 1540):
05-30 15:25:26.928 D/CompatibilityChangeReporter( 703): Compat change id reported: 194532703; UID 10058; state: ENABLED
05-30 15:25:26.928 D/View ( 1540):
05-30 15:25:26.928 D/View ( 1540):
05-30 15:25:26.928 D/View ( 1540):
05-30 15:25:26.929 D/View ( 1540):
05-30 15:25:26.929 D/View ( 1540):
05-30 15:25:26.930 D/View ( 1540):
05-30 15:25:26.930 D/View ( 1540):
05-30 15:25:26.930 D/View ( 1540):
05-30 15:25:26.930 D/View ( 1540):
05-30 15:25:26.931 D/View ( 1540):
05-30 15:25:26.932 D/View ( 1540):
05-30 15:25:26.932 D/View ( 1540):
05-30 15:25:26.932 D/View ( 1540):
05-30 15:25:26.932 D/View ( 1540):
05-30 15:25:26.933 D/View ( 1540):
05-30 15:25:26.933 D/View ( 1540):
05-30 15:25:26.933 D/View ( 1540):
05-30 15:25:26.935 D/View ( 1540):
05-30 15:25:26.935 D/View ( 1540):
05-30 15:25:26.936 D/View ( 1540):
05-30 15:25:26.937 D/View ( 1540):
05-30 15:25:26.937 D/View ( 1540):
05-30 15:25:26.937 D/View ( 1540):
05-30 15:25:26.938 D/View ( 1540):
05-30 15:25:26.941 D/View ( 1540):
05-30 15:25:26.941 D/View ( 1540):
05-30 15:25:26.941 D/View ( 1540):
05-30 15:25:26.942 D/View ( 1540):
05-30 15:25:26.942 D/View ( 1540):
05-30 15:25:26.942 D/View ( 1540):
05-30 15:25:26.942 D/View ( 1540):
05-30 15:25:26.943 D/View ( 1540):
05-30 15:25:26.943 D/View ( 1540):
05-30 15:25:26.943 D/View ( 1540):
05-30 15:25:26.944 D/View ( 1540):
05-30 15:25:26.944 D/View ( 1540):
05-30 15:25:26.944 D/View ( 1540):
05-30 15:25:26.944 D/View ( 1540):
05-30 15:25:26.947 D/View ( 1540):
05-30 15:25:26.948 D/View ( 1540):
05-30 15:25:26.948 D/View ( 1540):
05-30 15:25:26.949 D/View ( 1540):
05-30 15:25:26.949 D/View ( 1540):
05-30 15:25:26.949 D/View ( 1540):
05-30 15:25:26.950 D/View ( 1540):
05-30 15:25:26.950 D/View ( 1540):
05-30 15:25:26.950 D/View ( 1540):
05-30 15:25:26.950 D/View ( 1540):
05-30 15:25:26.951 D/View ( 1540):
05-30 15:25:26.951 D/View ( 1540):
05-30 15:25:26.951 D/View ( 1540):
05-30 15:25:26.951 D/View ( 1540):
05-30 15:25:26.952 D/View ( 1540):
05-30 15:25:26.952 D/View ( 1540):
05-30 15:25:26.952 D/View ( 1540):
05-30 15:25:26.952 D/View ( 1540):
05-30 15:25:26.953 D/View ( 1540):
05-30 15:25:26.953 D/View ( 1540):
05-30 15:25:26.953 D/View ( 1540):
05-30 15:25:26.953 D/View ( 1540):
05-30 15:25:26.954 D/View ( 1540):
05-30 15:25:26.954 D/View ( 1540):
05-30 15:25:26.954 D/View ( 1540):
05-30 15:25:26.954 D/View ( 1540):
05-30 15:25:26.955 D/View ( 1540):
05-30 15:25:26.955 D/View ( 1540):
05-30 15:25:26.955 D/View ( 1540):
05-30 15:25:26.956 D/View ( 1540):
05-30 15:25:26.956 D/View ( 1540):
05-30 15:25:26.956 D/View ( 1540):
05-30 15:25:26.956 D/View ( 1540):
05-30 15:25:26.957 D/View ( 1540):
05-30 15:25:26.957 D/View ( 1540):
05-30 15:25:26.957 D/View ( 1540):
05-30 15:25:26.957 D/View ( 1540):
05-30 15:25:26.958 W/System.err( 1817): java.net.UnknownHostException: Unable to resolve host "tyapi.qun7.com": No address associated with hostname
05-30 15:25:26.959 W/System.err( 1817): at java.net.Inet6AddressImpl.lookupHostByName(Inet6AddressImpl.java:156)
05-30 15:25:26.959 W/System.err( 1817): at java.net.Inet6AddressImpl.lookupAllHostAddr(Inet6AddressImpl.java:103)
05-30 15:25:26.959 W/System.err( 1817): at java.net.InetAddress.getAllByName(InetAddress.java:1152)
05-30 15:25:26.959 W/System.err( 1817): at com.android.okhttp.Dns$1.lookup(Dns.java:41)
05-30 15:25:26.959 W/System.err( 1817): at com.android.okhttp.internal.http.RouteSelector.resetNextInetSocketAddress(RouteSelector.java:178)
05-30 15:25:26.959 W/System.err( 1817): at com.android.okhttp.internal.http.RouteSelector.nextProxy(RouteSelector.java:144)
05-30 15:25:26.959 W/System.err( 1817): at com.android.okhttp.internal.http.RouteSelector.next(RouteSelector.java:86)
05-30 15:25:26.959 W/System.err( 1817): at com.android.okhttp.internal.http.StreamAllocation.findConnection(StreamAllocation.java:176)
05-30 15:25:26.959 W/System.err( 1817): at com.android.okhttp.internal.http.StreamAllocation.findHealthyConnection(StreamAllocation.java:128)
05-30 15:25:26.959 W/System.err( 1817): at com.android.okhttp.internal.http.StreamAllocation.newStream(StreamAllocation.java:97)
05-30 15:25:26.959 W/System.err( 1817): at com.android.okhttp.internal.http.HttpEngine.connect(HttpEngine.java:289)
05-30 15:25:26.959 W/System.err( 1817): at com.android.okhttp.internal.http.HttpEngine.sendRequest(HttpEngine.java:232)
05-30 15:25:26.959 W/System.err( 1817): at com.android.okhttp.internal.huc.HttpURLConnectionImpl.execute(HttpURLConnectionImpl.java:465)
05-30 15:25:26.959 W/System.err( 1817): at com.android.okhttp.internal.huc.HttpURLConnectionImpl.getResponse(HttpURLConnectionImpl.java:411)
05-30 15:25:26.959 W/System.err( 1817): at com.android.okhttp.internal.huc.HttpURLConnectionImpl.getResponseCode(HttpURLConnectionImpl.java:542)
05-30 15:25:26.959 W/System.err( 1817): at com.dangbei.statistics.UtilCommon.networkGetIp(UtilCommon.java:826)
05-30 15:25:26.959 W/System.err( 1817): at com.dangbei.statistics.UtilCommon$1.accept(UtilCommon.java:807)
05-30 15:25:26.959 W/System.err( 1817): at com.dangbei.statistics.UtilCommon$1.accept(UtilCommon.java:803)
05-30 15:25:26.959 W/System.err( 1817): at io.reactivex.internal.operators.observable.ObservableDoOnEach$DoOnEachObserver.onNext(ObservableDoOnEach.java:93)
05-30 15:25:26.959 W/System.err( 1817): at io.reactivex.internal.operators.observable.ObservableObserveOn$ObserveOnObserver.drainNormal(ObservableObserveOn.java:201)
05-30 15:25:26.959 W/System.err( 1817): at io.reactivex.internal.operators.observable.ObservableObserveOn$ObserveOnObserver.run(ObservableObserveOn.java:255)
05-30 15:25:26.959 W/System.err( 1817): at io.reactivex.internal.schedulers.ScheduledRunnable.run(ScheduledRunnable.java:66)
05-30 15:25:26.959 W/System.err( 1817): at io.reactivex.internal.schedulers.ScheduledRunnable.call(ScheduledRunnable.java:57)
05-30 15:25:26.959 W/System.err( 1817): at java.util.concurrent.FutureTask.run(FutureTask.java:264)
05-30 15:25:26.960 W/System.err( 1817): at java.util.concurrent.ScheduledThreadPoolExecutor$ScheduledFutureTask.run(ScheduledThreadPoolExecutor.java:307)
05-30 15:25:26.960 W/System.err( 1817): at java.util.concurrent.ThreadPoolExecutor.runWorker(ThreadPoolExecutor.java:1145)
05-30 15:25:26.960 W/System.err( 1817): at java.util.concurrent.ThreadPoolExecutor$Worker.run(ThreadPoolExecutor.java:644)
05-30 15:25:26.960 W/System.err( 1817): at java.lang.Thread.run(Thread.java:1012)
05-30 15:25:26.961 W/System.err( 1817): Caused by: android.system.GaiException: android_getaddrinfo failed: EAI_NODATA (No address associated with hostname)
05-30 15:25:26.961 W/System.err( 1817): at libcore.io.Linux.android_getaddrinfo(Native Method)
05-30 15:25:26.961 W/System.err( 1817): at libcore.io.ForwardingOs.android_getaddrinfo(ForwardingOs.java:133)
05-30 15:25:26.961 W/System.err( 1817): at libcore.io.BlockGuardOs.android_getaddrinfo(BlockGuardOs.java:222)
05-30 15:25:26.961 W/System.err( 1817): at libcore.io.ForwardingOs.android_getaddrinfo(ForwardingOs.java:133)
05-30 15:25:26.961 W/System.err( 1817): at java.net.Inet6AddressImpl.lookupHostByName(Inet6AddressImpl.java:135)
05-30 15:25:26.963 E/hq ( 1540): AdHelper:::启动延迟检查,支持广告的最长播放时间:25000 isLoadAd=false
05-30 15:25:26.964 W/System.err( 1817): ... 27 more
05-30 15:25:26.965 I/AiuiEngine( 1817): create aiui agent
05-30 15:25:26.965 D/RockyVoice_AiUiDelegate( 1817): 初始化成功
05-30 15:25:26.963 D/View ( 1540):
05-30 15:25:26.966 D/View ( 1540):
05-30 15:25:26.966 D/RockyNetMessageUtil( 1817): initTipsList tipEntity = null isRequestTipSuccess = false
05-30 15:25:26.966 D/View ( 1540):
05-30 15:25:26.966 D/OsInitLaunch( 1540): send cache: launchAd, playAd, start, null
05-30 15:25:26.967 I/dangbei ad sdk( 1540): ADSDK::play splash ad
05-30 15:25:26.968 D/View ( 1540):
05-30 15:25:26.976 V/GraphicsEnvironment( 1943): Currently set values for:
05-30 15:25:26.977 V/GraphicsEnvironment( 1943): angle_gl_driver_selection_pkgs=[]
05-30 15:25:26.977 V/GraphicsEnvironment( 1943): angle_gl_driver_selection_values=[]
05-30 15:25:26.977 V/GraphicsEnvironment( 1943): ANGLE GameManagerService for com.android.providers.calendar: false
05-30 15:25:26.977 V/GraphicsEnvironment( 1943): com.android.providers.calendar is not listed in per-application setting
05-30 15:25:26.978 V/GraphicsEnvironment( 1943): Neither updatable production driver nor prerelease driver is supported.
05-30 15:25:26.979 I/HibernationPolicy( 1918): scheduleHibernationJob with frequency 1296000000ms and threshold 7776000000ms
05-30 15:25:27.003 D/View ( 1540):
05-30 15:25:27.011 D/View ( 1540):
05-30 15:25:27.012 D/View ( 1540):
05-30 15:25:27.012 D/View ( 1540):
05-30 15:25:27.013 D/View ( 1540):
05-30 15:25:27.013 D/View ( 1540):
05-30 15:25:27.013 D/View ( 1540):
05-30 15:25:27.013 D/View ( 1540):
05-30 15:25:27.015 D/View ( 1540):
05-30 15:25:27.016 D/View ( 1540):
05-30 15:25:27.016 D/View ( 1540):
05-30 15:25:27.016 D/View ( 1540):
05-30 15:25:27.017 D/View ( 1540):
05-30 15:25:27.017 D/View ( 1540):
05-30 15:25:27.017 D/View ( 1540):
05-30 15:25:27.036 I/ImeTracker( 703): com.dangbei.leard.leradlauncher:3d358e03: onCancelled at PHASE_SERVER_SHOULD_HIDE
05-30 15:25:27.061 D/CompatibilityChangeReporter( 703): Compat change id reported: 161145287; UID 10016; state: ENABLED
05-30 15:25:27.062 I/CalendarProvider2( 1943): Created com.android.providers.calendar.CalendarAlarmManager@ec271a(com.android.providers.calendar.CalendarProvider2@92c24b)
05-30 15:25:27.072 D/CompatibilityChangeReporter( 703): Compat change id reported: 135634846; UID 10026; state: DISABLED
05-30 15:25:27.072 D/CompatibilityChangeReporter( 703): Compat change id reported: 177438394; UID 10026; state: DISABLED
05-30 15:25:27.072 D/CompatibilityChangeReporter( 703): Compat change id reported: 135772972; UID 10026; state: DISABLED
05-30 15:25:27.072 D/CompatibilityChangeReporter( 703): Compat change id reported: 135754954; UID 10026; state: ENABLED
05-30 15:25:27.073 D/CompatibilityChangeReporter( 703): Compat change id reported: 143937733; UID 10026; state: ENABLED
05-30 15:25:27.074 I/HibernationPolicy( 1918): user 0 is a profileowner. Running hibernation job.
05-30 15:25:27.076 I/HibernationPolicy( 1918): Job already scheduled.
05-30 15:25:27.090 D/RockyNetMessageUtil( 1817): initMediaControlPage pageEntity = null isRequestPageControlSuccess = false
05-30 15:25:27.102 D/XHttpObservable( 1817): handleRequest: start https://tyapi.qun7.com/v1/voice/getsoundshowmsg ,,, isCache = false
05-30 15:25:27.103 D/CompatibilityChangeReporter( 1943): Compat change id reported: 160794467; UID 10016; state: ENABLED
05-30 15:25:27.137 D/CompatibilityChangeReporter( 1943): Compat change id reported: 183155436; UID 10016; state: ENABLED
05-30 15:25:27.146 I/DefaultIMS( 1523): onStartInput attribute=android.view.inputmethod.EditorInfo@5dae393 restarting=false inputType: 0
05-30 15:25:27.148 V/SafetyCenterBackgroundR( 1918): Received a android.intent.action.BOOT_COMPLETED broadcast, but safety center is currently disabled. Cancelling any existing job.
05-30 15:25:27.151 D/CompatibilityChangeReporter( 703): Compat change id reported: 171306433; UID 10016; state: ENABLED
05-30 15:25:27.151 D/CompatibilityChangeReporter( 703): Compat change id reported: 218533173; UID 10016; state: ENABLED
05-30 15:25:27.160 D/xm_audio( 480): socket_thread start
05-30 15:25:27.160 D/xm_audio( 480): create socket g_is_running4
05-30 15:25:27.160 D/xm_audio( 480): create socket g_is_running5
05-30 15:25:27.160 E/xm_audio( 480): socket connect fail fd
05-30 15:25:27.160 E/xm_audio( 480): Error no: 111,Connection refused
05-30 15:25:27.160 E/xm_audio( 480): close cret:0
05-30 15:25:27.167 D/SafetyLabelChangesJobService( 1918): Received broadcast with intent action 'android.intent.action.BOOT_COMPLETED'
05-30 15:25:27.173 I/SafetyLabelChangesJobService( 1918): onReceive: Safety label change notifications are not enabled.
05-30 15:25:27.174 D/Zygote ( 469): Forked child process 2000
05-30 15:25:27.175 W/ActivityManager( 703): Slow operation: 104ms so far, now at startProcess: returned from zygote!
05-30 15:25:27.176 W/ActivityManager( 703): Slow operation: 105ms so far, now at startProcess: done updating battery stats
05-30 15:25:27.176 W/ActivityManager( 703): Slow operation: 105ms so far, now at startProcess: building log message
05-30 15:25:27.176 I/ActivityManager( 703): Start proc 2000:com.android.providers.tv/u0a26 for broadcast {com.android.providers.tv/com.android.providers.tv.BootCompletedReceiver}
05-30 15:25:27.176 W/ActivityManager( 703): Slow operation: 105ms so far, now at startProcess: starting to update pids map
05-30 15:25:27.176 W/ActivityManager( 703): Slow operation: 105ms so far, now at startProcess: done updating pids map
05-30 15:25:27.179 D/XHttpObservable( 1817): handleRequest: start https://tyapi.qun7.com/v1/voice/getResponseControlPage ,,, isCache = false
05-30 15:25:27.189 I/Zygote ( 2000): seccomp disabled by setenforce 0
05-30 15:25:27.195 I/id.providers.tv( 2000): Using CollectorTypeCC GC.
05-30 15:25:27.201 D/audio_hw_hal_primary( 480): [out_standby_new:5767] io 13: out:0xf0703260 usecase:PCM_NORMAL
05-30 15:25:27.201 I/audio_hw_hal_primary( 480): [do_output_standby_l:5663] io 13: out:0xf0703260, stream usecase:PCM_NORMAL, continuous:1
05-30 15:25:27.201 I/audio_hw_hal_primary( 480): [usecase_change_validate_l:7436] ++ io 13: out:0xf0703260 dev masks:0x1 is_standby:1 out usecase:PCM_NORMAL
05-30 15:25:27.201 I/audio_hw_hal_ms12common( 480): aml_set_ms12_scheduler_state ms12_scheduler_state:1, sch_state:1 SCHEDULER_STANDBY is sent to ms12
05-30 15:25:27.201 I/audio_hw_hal_primary( 480): [usecase_change_validate_l:7477] -- dev masks:0 is_standby:1 out usecase PCM_NORMAL
05-30 15:25:27.201 D/audio_hw_hal_primary( 480): [out_standby_new:5790] io 13: out:0xf0703260 usecase:PCM_NORMAL exit
05-30 15:25:27.211 E/id.providers.tv( 2000): Not starting debugger since process cannot load the jdwp agent.
05-30 15:25:27.215 E/hq ( 1540): ErrorCoroutineExceptionHandler:::runTry error:java.net.UnknownHostException: Unable to resolve host "ottdbui-tyapiqun7.yysh.mgtv.com": No address associated with hostname from=requestUserAgreement
05-30 15:25:27.215 E/UserProtocolInterceptorImpl( 1540): isAgree: 20210615 20210615 true
05-30 15:25:27.217 E/UserProtocolInterceptorImpl( 1540): version===>0
05-30 15:25:27.226 D/XM_HIDREAD( 1991): hidread running 0429 d06.
05-30 15:25:27.230 D/XM_HIDREAD( 1991): addr_len_t:26,addr_len:26
05-30 15:25:27.230 D/XM_HIDREAD( 1991): server_socket:4
05-30 15:25:27.230 D/XM_HIDREAD( 1991): pthread_join listen_thread before
05-30 15:25:27.238 D/XM_HIDREAD( 1991): listener_thread has start 4.
05-30 15:25:27.238 D/XM_HIDREAD( 1991): accept before.
05-30 15:25:27.239 D/XM_HIDREAD( 1991): >> start monitor uevent ...
05-30 15:25:27.243 I/wpa_supplicant( 1241): assoc key_mgmt 0x2 network key_mgmt 0x142
05-30 15:25:27.244 I/wpa_supplicant( 1241): wlan0: Associated with 58:c7:ac:78:f0:10
05-30 15:25:27.244 I/wpa_supplicant( 1241): wlan0: CTRL-EVENT-SUBNET-STATUS-UPDATE status=0
05-30 15:25:27.244 I/wpa_supplicant( 1241): wlan0: WPA: RX message 1 of 4-Way Handshake from 58:c7:ac:78:f0:10 (ver=2)
05-30 15:25:27.245 I/wpa_supplicant( 1241): assoc key_mgmt 0x2 network key_mgmt 0x142
