--------- beginning of system
05-30 15:25:06.688 I/vold ( 247): Vold 3.0 (the awakening) firing up
05-30 15:25:06.688 D/vold ( 247): Detected support for: ext4 f2fs vfat
05-30 15:25:06.713 D/vold ( 247): VoldNativeService::start() completed OK
05-30 15:25:07.402 I/vold ( 247): Using AIDL version of IBootControl
05-30 15:25:07.437 I/keystore2( 279): system/security/keystore2/src/keystore2_main.rs:61 - Keystore2 is starting.
05-30 15:25:07.438 I/keystore2( 279): system/security/keystore2/src/keystore2_main.rs:67 - Setting up sqlite logging for keystore2
05-30 15:25:07.439 D/vold ( 247): fscrypt_mount_metadata_encrypted: /data encrypt: 0 format: 0 with null block device: /dev/block/by-name/userdata and zoned device:
05-30 15:25:07.440 D/vold ( 247): metadata_key_dir/key: /metadata/vold/metadata_encryption/key
05-30 15:25:07.443 W/keystore2( 279): system/security/keystore2/src/metrics_store.rs:577 - In update_keystore_crash_sysprop: Failed to read the existing system property due to: system/security/keystore2/src/metrics_store.rs:608: Property not set..Therefore, keystore crashes will not be logged.
05-30 15:25:07.445 D/vold ( 247): Key exists, using: /metadata/vold/metadata_encryption/key
05-30 15:25:07.450 I/keystore2( 279): system/security/keystore2/src/keystore2_main.rs:97 - Starting thread pool now.
05-30 15:25:07.456 I/keystore2( 279): system/security/keystore2/src/globals.rs:256 - KeyMint device is current version (Some(300)) for security level: r#TRUSTED_ENVIRONMENT
05-30 15:25:07.465 I/keystore2( 279): system/security/keystore2/src/shared_secret_negotiation.rs:47 - Shared secret negotiation concluded successfully.
05-30 15:25:07.470 I/keystore2( 279): system/security/keystore2/src/keystore2_main.rs:152 - Successfully registered Keystore 2.0 service.
05-30 15:25:07.471 I/keystore2( 279): system/security/keystore2/src/shared_secret_negotiation.rs:294 - No StrongBox Keymint available, so no RoT transfer
05-30 15:25:07.471 I/keystore2( 279): system/security/keystore2/src/keystore2_main.rs:154 - Joining thread pool now.
05-30 15:25:07.477 D/vold ( 247): Mounting metadata-encrypted filesystem:/data
05-30 15:25:07.480 I/vold ( 247): [libfs_mgr] Running /system/bin/fsck.f2fs -a -c 10000 --debug-cache /dev/block/dm-50
05-30 15:25:07.564 I/vold ( 247): [libfs_mgr] __mount(source=/dev/block/dm-50,target=/data,type=f2fs)=0: Success
05-30 15:25:07.593 D/vold ( 247): Mounted /data
05-30 15:25:07.668 I/Checkpoint( 247): cp_prepareCheckpoint called
05-30 15:25:07.691 I/vold ( 247): fscrypt_initialize_systemwide_keys
05-30 15:25:07.692 D/vold ( 247): Key exists, using: /data/unencrypted/key
05-30 15:25:07.697 D/vold ( 247): Installed fscrypt key with ref 6dbe7be9ad8db708b58f2b9e9e76d78f to /data
05-30 15:25:07.697 D/vold ( 247): Added fscrypt-provisioning key for 6dbe7be9ad8db708b58f2b9e9e76d78f to session keyring
05-30 15:25:07.699 I/vold ( 247): Wrote system DE key reference to:/data/unencrypted/ref
05-30 15:25:07.699 D/vold ( 247): Generating standard storage key
05-30 15:25:07.700 D/vold ( 247): Installed fscrypt key with ref c60680dc8b698b0cb44d40cb593dda17 to /data
05-30 15:25:07.700 D/vold ( 247): Added fscrypt-provisioning key for c60680dc8b698b0cb44d40cb593dda17 to session keyring
05-30 15:25:07.700 I/vold ( 247): Wrote per boot key reference to:/data/unencrypted/per_boot_ref
05-30 15:25:07.739 I/incfs ( 247): Initial API level of the device: 34
05-30 15:25:07.739 I/incfs ( 247): ro.incremental.enable: yes
05-30 15:25:07.739 I/incfs ( 247): isFsAvailable: true
05-30 15:25:07.739 I/incfs ( 247): isFsAvailable: true
05-30 15:25:07.740 I/incfs ( 247): IncFs_Features: v2
05-30 15:25:07.741 I/keystore2( 279): system/security/keystore2/src/maintenance.rs:206 - In early_boot_ended.
05-30 15:25:07.752 I/keystore2( 279): system/security/keystore2/src/globals.rs:66 - Touching Keystore 2.0 database for this first time since boot.
05-30 15:25:07.752 I/keystore2( 279): system/security/keystore2/src/globals.rs:68 - Calling cleanup leftovers.
05-30 15:25:07.753 I/keystore2( 279): system/security/keystore2/src/boot_level_keys.rs:57 - ro.keystore.boot_level_key.strategy not set, inferring from installed KM instances
05-30 15:25:07.753 I/keystore2( 279): system/security/keystore2/src/boot_level_keys.rs:115 - In get_level_zero_key: security_level=r#SOFTWARE, deny_later_strategy=EarlyBootOnly
05-30 15:25:07.759 I/keystore2( 279): system/security/keystore2/src/super_key.rs:293 - Starting boot level watcher.
05-30 15:25:07.759 I/keystore2( 279): system/security/keystore2/src/super_key.rs:325 - Read keystore.boot_level value 30
05-30 15:25:07.759 I/keystore2( 279): system/security/keystore2/src/maintenance.rs:187 - Call to earlyBootEnded succeeded for security level TRUSTED_ENVIRONMENT.
05-30 15:25:07.760 I/keystore2( 279): system/security/keystore2/src/super_key.rs:325 - Read keystore.boot_level value 30
05-30 15:25:07.761 E/keystore2( 279): system/security/keystore2/src/maintenance.rs:192 - Call to earlyBootEnded failed for security level STRONGBOX: system/security/keystore2/src/maintenance.rs:167: getting keymint device.
05-30 15:25:07.761 E/keystore2( 279): system/security/keystore2/src/error.rs:180 - system/security/keystore2/src/maintenance.rs:167: getting keymint device
05-30 15:25:07.761 E/keystore2( 279):
05-30 15:25:07.761 E/keystore2( 279): Caused by:
05-30 15:25:07.761 E/keystore2( 279): 0: system/security/keystore2/src/globals.rs:335: Cannot connect to Keymint
05-30 15:25:07.761 E/keystore2( 279): 1: system/security/keystore2/src/globals.rs:246: Trying to get Legacy wrapper.
05-30 15:25:07.761 E/keystore2( 279): 2: Error::Km(r#HARDWARE_TYPE_UNAVAILABLE)
05-30 15:25:07.761 E/vold ( 247): keystore2 Keystore earlyBootEnded returned service specific error: -68
05-30 15:25:08.397 D/BootAnimation( 251): BootAnimation::threadLoop
05-30 15:25:08.398 D/BootAnimation( 251): bootVideoProp=50, mConfig=0, mVol=50, mMute=0
05-30 15:25:08.418 D/BootAnimation( 251): BootAnimationShownTiming start time: 6531ms
05-30 15:25:08.540 D/vold ( 247): fscrypt_init_user0
05-30 15:25:08.540 D/vold ( 247): Preparing: /data/misc/vold/user_keys
05-30 15:25:08.545 D/vold ( 247): Preparing: /data/misc/vold/user_keys/ce
05-30 15:25:08.546 D/vold ( 247): Preparing: /data/misc/vold/user_keys/de
05-30 15:25:08.553 D/vold ( 247): Installed fscrypt key with ref 704be1d36ff9575f60af6ae7dd546998 to /data
05-30 15:25:08.553 D/vold ( 247): Added fscrypt-provisioning key for 704be1d36ff9575f60af6ae7dd546998 to session keyring
05-30 15:25:08.554 D/vold ( 247): Installed de key for user 0
05-30 15:25:08.554 D/vold ( 247): Preparing: /data/data
05-30 15:25:08.555 D/vold ( 247): Preparing: /data/user/0
05-30 15:25:08.556 D/vold ( 247): Preparing: /data/media/obb
05-30 15:25:08.557 D/vold ( 247): fscrypt_prepare_user_storage for volume null, user 0, serial 0, flags 1
05-30 15:25:08.557 D/vold ( 247): Preparing: /data/system/users/0
05-30 15:25:08.558 D/vold ( 247): Preparing: /data/misc/profiles/cur/0
05-30 15:25:08.559 D/vold ( 247): Preparing: /data/system_de/0
05-30 15:25:08.560 I/vold ( 247): Verified that /data/system_de/0 has the encryption policy 704be1d36ff9575f60af6ae7dd546998 v2 modes 1/4 flags 0xa
05-30 15:25:08.560 D/vold ( 247): Preparing: /data/vendor_de/0
05-30 15:25:08.561 I/vold ( 247): Verified that /data/vendor_de/0 has the encryption policy 704be1d36ff9575f60af6ae7dd546998 v2 modes 1/4 flags 0xa
05-30 15:25:08.561 D/vold ( 247): Preparing: /data/misc_de/0
05-30 15:25:08.562 I/vold ( 247): Verified that /data/misc_de/0 has the encryption policy 704be1d36ff9575f60af6ae7dd546998 v2 modes 1/4 flags 0xa
05-30 15:25:08.562 D/vold ( 247): Preparing: /data/user_de/0
05-30 15:25:08.563 I/vold ( 247): Verified that /data/user_de/0 has the encryption policy 704be1d36ff9575f60af6ae7dd546998 v2 modes 1/4 flags 0xa
05-30 15:25:08.563 D/vold ( 247): /system/bin/vold_prepare_subdirs
05-30 15:25:08.563 D/vold ( 247): prepare
05-30 15:25:08.563 D/vold ( 247):
05-30 15:25:08.563 D/vold ( 247): 0
05-30 15:25:08.563 D/vold ( 247): 1
05-30 15:25:08.629 D/vold ( 247): Detected support for FS_IOC_ADD_ENCRYPTION_KEY
05-30 15:25:08.759 I/odsign ( 448): Trying to retrieve existing HMAC key...
05-30 15:25:08.761 I/odsign ( 448): Trying to retrieve existing keystore key...
05-30 15:25:08.766 I/odsign ( 448): Verified public key signature.
05-30 15:25:08.766 I/odsign ( 448): Initialized Keystore key.
05-30 15:25:08.767 I/odsign ( 448): Found and verified existing public key certificate: /data/misc/odsign/key.cert
05-30 15:25:08.891 I/odrefresh( 449): ART APEX version 340090000
05-30 15:25:09.020 I/odrefresh( 449): Boot images on /system OK (arm)
05-30 15:25:09.025 I/odrefresh( 449): system_server artifacts on /system OK
05-30 15:25:09.039 I/odsign ( 448): /data/misc/odsign/odsign.info.signature matches.
05-30 15:25:09.040 I/odsign ( 448): Loaded /data/misc/odsign/odsign.info
05-30 15:25:09.041 I/odsign ( 448): All root hashes match.
05-30 15:25:09.041 I/odsign ( 448): odrefresh said artifacts are VALID
05-30 15:25:09.041 I/odsign ( 448): On-device signing done.
05-30 15:25:09.041 I/odsign ( 448): Metrics report is empty
05-30 15:25:09.064 I/keystore2( 279): system/security/keystore2/src/super_key.rs:330 - keystore.boot_level 1000000000 hits maximum 1000000000, finishing.
05-30 15:25:10.137 I/android.hardware.wifi-service.droidlogic( 522): Wifi Hal is booting up...
05-30 15:25:10.143 I/android.hardware.wifi-service.droidlogic( 522): Joining RPC thread pool
05-30 15:25:10.448 I/gsid ( 568): no DSU: No such file or directory
05-30 15:25:10.820 I/installd( 611): installd firing up
05-30 15:25:10.935 I/wificond( 627): wificond is starting up...
05-30 15:25:10.939 E/HidlServiceManagement( 627): Service android.system.wifi.keystore@1.0::IKeystore/default must be in VINTF manifest in order to register/get.
05-30 15:25:10.939 I/wificond( 627): Did not register wifi keystore HIDL HAL service: -2147483648
05-30 15:25:10.991 W/storaged( 626): health: invalid battery status
05-30 15:25:13.962 D/SystemServerTiming( 703): InitBeforeStartServices
05-30 15:25:13.968 I/SystemServer( 703): Entered the Android system server!
05-30 15:25:14.253 I/SystemServerInitThreadPool( 703): Creating instance with 4 threads
05-30 15:25:14.783 D/SystemServerTiming( 703): StartServices
05-30 15:25:14.784 D/SystemServerTiming( 703): startBootstrapServices
05-30 15:25:14.784 D/SystemServerTiming( 703): ArtModuleServiceInitializer
05-30 15:25:14.785 D/SystemServerTiming( 703): StartWatchdog
05-30 15:25:14.790 I/SystemServer( 703): Reading configuration...
05-30 15:25:14.790 D/SystemServerTiming( 703): ReadingSystemConfig
05-30 15:25:14.791 D/SystemServerTiming( 703): PlatformCompat
05-30 15:25:14.791 D/CompatConfig( 703): Found a config file: /system/etc/compatconfig/TeleService-platform-compat-config.xml
05-30 15:25:14.792 D/SystemServerTimingAsync( 703): InitThreadPoolExec:ReadingSystemConfig
05-30 15:25:14.792 D/CompatConfig( 703): Adding: com.android.server.compat.config.Change@b2a42e2
05-30 15:25:14.793 D/CompatConfig( 703): Adding: com.android.server.compat.config.Change@e2b8673
05-30 15:25:14.793 D/CompatConfig( 703): Adding: com.android.server.compat.config.Change@b717930
05-30 15:25:14.793 D/CompatConfig( 703): Adding: com.android.server.compat.config.Change@d5d69a9
05-30 15:25:14.793 D/CompatConfig( 703): Adding: com.android.server.compat.config.Change@8adab2e
05-30 15:25:14.793 D/CompatConfig( 703): Adding: com.android.server.compat.config.Change@fae16cf
05-30 15:25:14.793 I/SystemConfig( 703): Reading permissions from /system/etc/sysconfig/framework-sysconfig.xml
05-30 15:25:14.795 D/CompatConfig( 703): Found a config file: /system/etc/compatconfig/calendar-provider-compat-config.xml
05-30 15:25:14.795 D/CompatConfig( 703): Adding: com.android.server.compat.config.Change@8ed4c3a
05-30 15:25:14.796 I/SystemConfig( 703): Reading permissions from /system/etc/sysconfig/hiddenapi-package-whitelist.xml
05-30 15:25:14.796 D/CompatConfig( 703): Found a config file: /system/etc/compatconfig/contacts-provider-platform-compat-config.xml
05-30 15:25:14.797 I/SystemConfig( 703): Reading permissions from /system/etc/sysconfig/initial-package-stopped-states.xml
05-30 15:25:14.798 D/CompatConfig( 703): Found a config file: /system/etc/compatconfig/documents-ui-compat-config.xml
05-30 15:25:14.798 I/SystemConfig( 703): Reading permissions from /system/etc/sysconfig/preinstalled-packages-asl-files.xml
05-30 15:25:14.799 D/CompatConfig( 703): Adding: com.android.server.compat.config.Change@5adf6f4
05-30 15:25:14.799 D/CompatConfig( 703): Found a config file: /system/etc/compatconfig/framework-platform-compat-config.xml
05-30 15:25:14.799 I/SystemConfig( 703): Reading permissions from /system/etc/sysconfig/preinstalled-packages-com.android.providers.media.module.xml
05-30 15:25:14.800 I/SystemConfig( 703): Reading permissions from /system/etc/sysconfig/preinstalled-packages-platform.xml
05-30 15:25:14.805 I/SystemConfig( 703): Reading permissions from /system/etc/permissions/android.hardware.bluetooth.xml
05-30 15:25:14.806 I/SystemConfig( 703): Reading permissions from /system/etc/permissions/android.hardware.bluetooth_le.xml
05-30 15:25:14.807 D/CompatConfig( 703): Adding: com.android.server.compat.config.Change@cf13bde
05-30 15:25:14.807 D/CompatConfig( 703): Adding: com.android.server.compat.config.Change@f4d308c
05-30 15:25:14.807 D/CompatConfig( 703): Adding: com.android.server.compat.config.Change@f083d5
05-30 15:25:14.807 I/SystemConfig( 703): Reading permissions from /system/etc/permissions/android.software.webview.xml
05-30 15:25:14.807 D/CompatConfig( 703): Adding: com.android.server.compat.config.Change@a5137ea
05-30 15:25:14.807 D/CompatConfig( 703): Adding: com.android.server.compat.config.Change@c9a4adb
05-30 15:25:14.807 D/CompatConfig( 703): Adding: com.android.server.compat.config.Change@e2c978
05-30 15:25:14.807 D/CompatConfig( 703): Adding: com.android.server.compat.config.Change@4c28851
05-30 15:25:14.807 D/CompatConfig( 703): Adding: com.android.server.compat.config.Change@c02e8b6
05-30 15:25:14.807 D/CompatConfig( 703): Adding: com.android.server.compat.config.Change@2e8b9b7
05-30 15:25:14.807 D/CompatConfig( 703): Adding: com.android.server.compat.config.Change@370524
05-30 15:25:14.807 D/CompatConfig( 703): Adding: com.android.server.compat.config.Change@8d6588d
05-30 15:25:14.807 D/CompatConfig( 703): Adding: com.android.server.compat.config.Change@c4cda42
05-30 15:25:14.807 D/CompatConfig( 703): Adding: com.android.server.compat.config.Change@8453a53
05-30 15:25:14.807 D/CompatConfig( 703): Adding: com.android.server.compat.config.Change@c714f90
05-30 15:25:14.807 D/CompatConfig( 703): Adding: com.android.server.compat.config.Change@bdcf089
05-30 15:25:14.807 D/CompatConfig( 703): Adding: com.android.server.compat.config.Change@152588e
05-30 15:25:14.807 D/CompatConfig( 703): Adding: com.android.server.compat.config.Change@2df28af
05-30 15:25:14.807 D/CompatConfig( 703): Adding: com.android.server.compat.config.Change@dc3d4bc
05-30 15:25:14.807 D/CompatConfig( 703): Adding: com.android.server.compat.config.Change@c9b0c45
05-30 15:25:14.807 D/CompatConfig( 703): Adding: com.android.server.compat.config.Change@e1f6f9a
05-30 15:25:14.807 D/CompatConfig( 703): Adding: com.android.server.compat.config.Change@27fa0cb
05-30 15:25:14.807 D/CompatConfig( 703): Adding: com.android.server.compat.config.Change@b5780a8
05-30 15:25:14.807 D/CompatConfig( 703): Adding: com.android.server.compat.config.Change@76527c1
05-30 15:25:14.807 D/CompatConfig( 703): Adding: com.android.server.compat.config.Change@874eb66
05-30 15:25:14.807 D/CompatConfig( 703): Adding: com.android.server.compat.config.Change@657ea7
05-30 15:25:14.807 D/CompatConfig( 703): Adding: com.android.server.compat.config.Change@3f7ff54
05-30 15:25:14.807 D/CompatConfig( 703): Adding: com.android.server.compat.config.Change@f5b7efd
05-30 15:25:14.807 D/CompatConfig( 703): Adding: com.android.server.compat.config.Change@f5457f2
05-30 15:25:14.807 D/CompatConfig( 703): Adding: com.android.server.compat.config.Change@e15e43
05-30 15:25:14.807 D/CompatConfig( 703): Adding: com.android.server.compat.config.Change@57fbcc0
05-30 15:25:14.807 D/CompatConfig( 703): Adding: com.android.server.compat.config.Change@f660df9
05-30 15:25:14.807 D/CompatConfig( 703): Adding: com.android.server.compat.config.Change@e4c013e
05-30 15:25:14.807 D/CompatConfig( 703): Adding: com.android.server.compat.config.Change@2b19b9f
05-30 15:25:14.807 D/CompatConfig( 703): Adding: com.android.server.compat.config.Change@f03e4ec
05-30 15:25:14.807 D/CompatConfig( 703): Adding: com.android.server.compat.config.Change@ef090b5
05-30 15:25:14.807 D/CompatConfig( 703): Adding: com.android.server.compat.config.Change@982f34a
05-30 15:25:14.807 D/CompatConfig( 703): Adding: com.android.server.compat.config.Change@81e52bb
05-30 15:25:14.807 D/CompatConfig( 703): Adding: com.android.server.compat.config.Change@9c063d8
05-30 15:25:14.807 D/CompatConfig( 703): Adding: com.android.server.compat.config.Change@6668331
05-30 15:25:14.807 D/CompatConfig( 703): Adding: com.android.server.compat.config.Change@e84fa16
05-30 15:25:14.807 D/CompatConfig( 703): Adding: com.android.server.compat.config.Change@5d55f97
05-30 15:25:14.807 D/CompatConfig( 703): Adding: com.android.server.compat.config.Change@4c3e584
05-30 15:25:14.807 D/CompatConfig( 703): Adding: com.android.server.compat.config.Change@f6f216d
05-30 15:25:14.807 D/CompatConfig( 703): Adding: com.android.server.compat.config.Change@5cea1a2
05-30 15:25:14.807 D/CompatConfig( 703): Adding: com.android.server.compat.config.Change@3865e33
05-30 15:25:14.807 D/CompatConfig( 703): Adding: com.android.server.compat.config.Change@f5bd5f0
05-30 15:25:14.808 D/CompatConfig( 703): Adding: com.android.server.compat.config.Change@ce96769
05-30 15:25:14.808 D/CompatConfig( 703): Adding: com.android.server.compat.config.Change@11935ee
05-30 15:25:14.808 D/CompatConfig( 703): Adding: com.android.server.compat.config.Change@a3eaa8f
05-30 15:25:14.808 D/CompatConfig( 703): Adding: com.android.server.compat.config.Change@e40611c
05-30 15:25:14.808 D/CompatConfig( 703): Adding: com.android.server.compat.config.Change@6a81125
05-30 15:25:14.808 D/CompatConfig( 703): Adding: com.android.server.compat.config.Change@266c2fa
05-30 15:25:14.808 D/CompatConfig( 703): Adding: com.android.server.compat.config.Change@c8560ab
05-30 15:25:14.808 D/CompatConfig( 703): Adding: com.android.server.compat.config.Change@7807308
05-30 15:25:14.808 D/CompatConfig( 703): Adding: com.android.server.compat.config.Change@4ed9aa1
05-30 15:25:14.808 D/CompatConfig( 703): Adding: com.android.server.compat.config.Change@7ce14c6
05-30 15:25:14.808 D/CompatConfig( 703): Adding: com.android.server.compat.config.Change@4375c87
05-30 15:25:14.808 D/CompatConfig( 703): Adding: com.android.server.compat.config.Change@12db7b4
05-30 15:25:14.808 D/CompatConfig( 703): Adding: com.android.server.compat.config.Change@7a83fdd
05-30 15:25:14.808 D/CompatConfig( 703): Adding: com.android.server.compat.config.Change@806b752
05-30 15:25:14.808 D/CompatConfig( 703): Adding: com.android.server.compat.config.Change@2233a23
05-30 15:25:14.808 D/CompatConfig( 703): Adding: com.android.server.compat.config.Change@ec89b20
05-30 15:25:14.808 D/CompatConfig( 703): Adding: com.android.server.compat.config.Change@56dfcd9
05-30 15:25:14.808 D/CompatConfig( 703): Adding: com.android.server.compat.config.Change@bb4f69e
05-30 15:25:14.808 D/CompatConfig( 703): Adding: com.android.server.compat.config.Change@b65557f
05-30 15:25:14.808 D/CompatConfig( 703): Adding: com.android.server.compat.config.Change@96c494c
05-30 15:25:14.808 D/CompatConfig( 703): Adding: com.android.server.compat.config.Change@e388d95
05-30 15:25:14.808 D/CompatConfig( 703): Adding: com.android.server.compat.config.Change@f75deaa
05-30 15:25:14.808 D/CompatConfig( 703): Adding: com.android.server.compat.config.Change@83ca9b
05-30 15:25:14.808 D/CompatConfig( 703): Adding: com.android.server.compat.config.Change@ebaae38
05-30 15:25:14.808 D/CompatConfig( 703): Adding: com.android.server.compat.config.Change@de16e11
05-30 15:25:14.808 D/CompatConfig( 703): Adding: com.android.server.compat.config.Change@aab3b76
05-30 15:25:14.808 D/CompatConfig( 703): Adding: com.android.server.compat.config.Change@a4a7577
05-30 15:25:14.808 D/CompatConfig( 703): Adding: com.android.server.compat.config.Change@28875e4
05-30 15:25:14.808 D/CompatConfig( 703): Adding: com.android.server.compat.config.Change@a5dda4d
05-30 15:25:14.808 D/CompatConfig( 703): Adding: com.android.server.compat.config.Change@866f213
05-30 15:25:14.808 D/CompatConfig( 703): Adding: com.android.server.compat.config.Change@f490c50
05-30 15:25:14.808 D/CompatConfig( 703): Adding: com.android.server.compat.config.Change@9bace49
05-30 15:25:14.808 D/CompatConfig( 703): Adding: com.android.server.compat.config.Change@4da434e
05-30 15:25:14.808 D/CompatConfig( 703): Adding: com.android.server.compat.config.Change@dc49c6f
05-30 15:25:14.808 D/CompatConfig( 703): Adding: com.android.server.compat.config.Change@13a9d7c
05-30 15:25:14.808 D/CompatConfig( 703): Adding: com.android.server.compat.config.Change@bd90605
05-30 15:25:14.808 D/CompatConfig( 703): Adding: com.android.server.compat.config.Change@81b465a
05-30 15:25:14.808 D/CompatConfig( 703): Adding: com.android.server.compat.config.Change@6a8908b
05-30 15:25:14.808 I/SystemConfig( 703): Reading permissions from /system/etc/permissions/android.test.base.xml
05-30 15:25:14.808 D/CompatConfig( 703): Adding: com.android.server.compat.config.Change@8521568
05-30 15:25:14.808 D/CompatConfig( 703): Adding: com.android.server.compat.config.Change@3e8fd81
05-30 15:25:14.808 D/CompatConfig( 703): Adding: com.android.server.compat.config.Change@a376e26
05-30 15:25:14.808 D/CompatConfig( 703): Adding: com.android.server.compat.config.Change@48daa67
05-30 15:25:14.808 D/CompatConfig( 703): Adding: com.android.server.compat.config.Change@ce72014
05-30 15:25:14.808 D/CompatConfig( 703): Adding: com.android.server.compat.config.Change@da6f0bd
05-30 15:25:14.808 D/CompatConfig( 703): Adding: com.android.server.compat.config.Change@c9c46b2
05-30 15:25:14.808 D/CompatConfig( 703): Adding: com.android.server.compat.config.Change@bc08603
05-30 15:25:14.808 D/CompatConfig( 703): Adding: com.android.server.compat.config.Change@3202980
05-30 15:25:14.808 D/CompatConfig( 703): Adding: com.android.server.compat.config.Change@a56dbb9
05-30 15:25:14.808 D/CompatConfig( 703): Adding: com.android.server.compat.config.Change@8041bfe
05-30 15:25:14.809 D/CompatConfig( 703): Adding: com.android.server.compat.config.Change@ebb7f5f
05-30 15:25:14.809 D/CompatConfig( 703): Adding: com.android.server.compat.config.Change@91e5dac
05-30 15:25:14.809 D/CompatConfig( 703): Adding: com.android.server.compat.config.Change@1807a75
05-30 15:25:14.809 D/CompatConfig( 703): Adding: com.android.server.compat.config.Change@481fa0a
05-30 15:25:14.809 D/CompatConfig( 703): Adding: com.android.server.compat.config.Change@342b27b
05-30 15:25:14.809 D/CompatConfig( 703): Adding: com.android.server.compat.config.Change@be9a898
05-30 15:25:14.809 D/CompatConfig( 703): Adding: com.android.server.compat.config.Change@16b48f1
05-30 15:25:14.809 D/CompatConfig( 703): Adding: com.android.server.compat.config.Change@64dacd6
05-30 15:25:14.809 D/CompatConfig( 703): Adding: com.android.server.compat.config.Change@d3ffb57
05-30 15:25:14.809 D/CompatConfig( 703): Adding: com.android.server.compat.config.Change@f1cb644
05-30 15:25:14.809 D/CompatConfig( 703): Adding: com.android.server.compat.config.Change@b5a832d
05-30 15:25:14.809 D/CompatConfig( 703): Adding: com.android.server.compat.config.Change@b4fc062
05-30 15:25:14.809 D/CompatConfig( 703): Adding: com.android.server.compat.config.Change@b5ef5f3
05-30 15:25:14.809 D/CompatConfig( 703): Adding: com.android.server.compat.config.Change@350f2b0
05-30 15:25:14.809 D/CompatConfig( 703): Adding: com.android.server.compat.config.Change@7892529
05-30 15:25:14.809 D/CompatConfig( 703): Adding: com.android.server.compat.config.Change@56d80ae
05-30 15:25:14.809 D/CompatConfig( 703): Adding: com.android.server.compat.config.Change@168fe4f
05-30 15:25:14.809 D/CompatConfig( 703): Adding: com.android.server.compat.config.Change@74a89dc
05-30 15:25:14.809 D/CompatConfig( 703): Adding: com.android.server.compat.config.Change@ce5eae5
05-30 15:25:14.809 D/CompatConfig( 703): Adding: com.android.server.compat.config.Change@d94f9ba
05-30 15:25:14.809 D/CompatConfig( 703): Adding: com.android.server.compat.config.Change@c61306b
05-30 15:25:14.809 D/CompatConfig( 703): Adding: com.android.server.compat.config.Change@fe467c8
05-30 15:25:14.809 D/CompatConfig( 703): Adding: com.android.server.compat.config.Change@88f5061
05-30 15:25:14.809 D/CompatConfig( 703): Adding: com.android.server.compat.config.Change@b88f786
05-30 15:25:14.809 D/CompatConfig( 703): Adding: com.android.server.compat.config.Change@c606847
05-30 15:25:14.809 D/CompatConfig( 703): Adding: com.android.server.compat.config.Change@10f919d
05-30 15:25:14.809 D/CompatConfig( 703): Adding: com.android.server.compat.config.Change@e6d0612
05-30 15:25:14.809 D/CompatConfig( 703): Adding: com.android.server.compat.config.Change@3141e3
05-30 15:25:14.809 D/CompatConfig( 703): Adding: com.android.server.compat.config.Change@f9e67e0
05-30 15:25:14.809 D/CompatConfig( 703): Adding: com.android.server.compat.config.Change@158aa99
05-30 15:25:14.809 D/CompatConfig( 703): Adding: com.android.server.compat.config.Change@211715e
05-30 15:25:14.809 I/SystemConfig( 703): Reading permissions from /system/etc/permissions/android.test.mock.xml
05-30 15:25:14.809 D/CompatConfig( 703): Adding: com.android.server.compat.config.Change@eac193f
05-30 15:25:14.809 D/CompatConfig( 703): Adding: com.android.server.compat.config.Change@4b2220c
05-30 15:25:14.810 D/CompatConfig( 703): Found a config file: /system/etc/compatconfig/icu4j-platform-compat-config.xml
05-30 15:25:14.810 I/SystemConfig( 703): Reading permissions from /system/etc/permissions/android.test.runner.xml
05-30 15:25:14.810 D/CompatConfig( 703): Adding: com.android.server.compat.config.Change@9d30a5b
05-30 15:25:14.811 D/CompatConfig( 703): Found a config file: /system/etc/compatconfig/services-platform-compat-config.xml
05-30 15:25:14.812 I/SystemConfig( 703): Reading permissions from /system/etc/permissions/com.android.adservices.sdksandbox.xml
05-30 15:25:14.812 I/SystemConfig( 703): Reading permissions from /system/etc/permissions/com.android.future.usb.accessory.xml
05-30 15:25:14.813 I/SystemConfig( 703): Reading permissions from /system/etc/permissions/com.android.intentresolver.xml
05-30 15:25:14.814 I/SystemConfig( 703): Reading permissions from /system/etc/permissions/com.android.location.provider.xml
05-30 15:25:14.815 I/SystemConfig( 703): Reading permissions from /system/etc/permissions/com.android.media.remotedisplay.xml
05-30 15:25:14.816 I/SystemConfig( 703): Reading permissions from /system/etc/permissions/com.android.media.tv.remoteprovider.xml
05-30 15:25:14.817 I/SystemConfig( 703): Reading permissions from /system/etc/permissions/com.android.mediadrm.signer.xml
05-30 15:25:14.817 D/CompatConfig( 703): Adding: com.android.server.compat.config.Change@e8b8910
05-30 15:25:14.818 D/CompatConfig( 703): Adding: com.android.server.compat.config.Change@7aaee0e
05-30 15:25:14.818 I/SystemConfig( 703): Reading permissions from /system/etc/permissions/com.android.networkstack.xml
05-30 15:25:14.818 D/CompatConfig( 703): Adding: com.android.server.compat.config.Change@523d02f
05-30 15:25:14.818 D/CompatConfig( 703): Adding: com.android.server.compat.config.Change@d08263c
05-30 15:25:14.818 D/CompatConfig( 703): Adding: com.android.server.compat.config.Change@686bfc5
05-30 15:25:14.818 D/CompatConfig( 703): Adding: com.android.server.compat.config.Change@d2bdd1a
05-30 15:25:14.818 D/CompatConfig( 703): Adding: com.android.server.compat.config.Change@527404b
05-30 15:25:14.818 D/CompatConfig( 703): Adding: com.android.server.compat.config.Change@c4f6a28
05-30 15:25:14.818 D/CompatConfig( 703): Adding: com.android.server.compat.config.Change@3189341
05-30 15:25:14.818 D/CompatConfig( 703): Adding: com.android.server.compat.config.Change@39ab0e6
05-30 15:25:14.818 D/CompatConfig( 703): Adding: com.android.server.compat.config.Change@2a79627
05-30 15:25:14.818 D/CompatConfig( 703): Adding: com.android.server.compat.config.Change@a4500d4
05-30 15:25:14.818 D/CompatConfig( 703): Adding: com.android.server.compat.config.Change@d9a227d
05-30 15:25:14.818 D/CompatConfig( 703): Adding: com.android.server.compat.config.Change@ad0f572
05-30 15:25:14.818 D/CompatConfig( 703): Adding: com.android.server.compat.config.Change@ded6dc3
05-30 15:25:14.818 D/CompatConfig( 703): Adding: com.android.server.compat.config.Change@d5b5640
05-30 15:25:14.818 D/CompatConfig( 703): Adding: com.android.server.compat.config.Change@9ab6979
05-30 15:25:14.818 D/CompatConfig( 703): Adding: com.android.server.compat.config.Change@4b4f6be
05-30 15:25:14.818 D/CompatConfig( 703): Adding: com.android.server.compat.config.Change@92f231f
05-30 15:25:14.818 D/CompatConfig( 703): Adding: com.android.server.compat.config.Change@ebf966c
05-30 15:25:14.818 D/CompatConfig( 703): Adding: com.android.server.compat.config.Change@af02435
05-30 15:25:14.818 D/CompatConfig( 703): Adding: com.android.server.compat.config.Change@945c0ca
05-30 15:25:14.818 D/CompatConfig( 703): Adding: com.android.server.compat.config.Change@9acd23b
05-30 15:25:14.818 D/CompatConfig( 703): Adding: com.android.server.compat.config.Change@b45ad58
05-30 15:25:14.818 D/CompatConfig( 703): Adding: com.android.server.compat.config.Change@18bceb1
05-30 15:25:14.818 D/CompatConfig( 703): Adding: com.android.server.compat.config.Change@f671f96
05-30 15:25:14.818 D/CompatConfig( 703): Adding: com.android.server.compat.config.Change@e8c5717
05-30 15:25:14.818 D/CompatConfig( 703): Adding: com.android.server.compat.config.Change@7144704
05-30 15:25:14.818 D/CompatConfig( 703): Adding: com.android.server.compat.config.Change@25da4ed
05-30 15:25:14.818 D/CompatConfig( 703): Adding: com.android.server.compat.config.Change@66d9f22
05-30 15:25:14.818 D/CompatConfig( 703): Adding: com.android.server.compat.config.Change@9754db3
05-30 15:25:14.818 D/CompatConfig( 703): Adding: com.android.server.compat.config.Change@10cf70
05-30 15:25:14.818 D/CompatConfig( 703): Adding: com.android.server.compat.config.Change@6fca2e9
05-30 15:25:14.818 D/CompatConfig( 703): Adding: com.android.server.compat.config.Change@c6a8b6e
05-30 15:25:14.818 D/CompatConfig( 703): Adding: com.android.server.compat.config.Change@4ed120f
05-30 15:25:14.818 D/CompatConfig( 703): Adding: com.android.server.compat.config.Change@b0b729c
05-30 15:25:14.818 D/CompatConfig( 703): Adding: com.android.server.compat.config.Change@17384a5
05-30 15:25:14.818 D/CompatConfig( 703): Adding: com.android.server.compat.config.Change@d37f07a
05-30 15:25:14.818 D/CompatConfig( 703): Adding: com.android.server.compat.config.Change@472c02b
05-30 15:25:14.818 D/CompatConfig( 703): Adding: com.android.server.compat.config.Change@7ab1c88
05-30 15:25:14.818 D/CompatConfig( 703): Adding: com.android.server.compat.config.Change@fbcc621
05-30 15:25:14.818 D/CompatConfig( 703): Adding: com.android.server.compat.config.Change@6449a46
05-30 15:25:14.818 D/CompatConfig( 703): Adding: com.android.server.compat.config.Change@a5b3407
05-30 15:25:14.818 D/CompatConfig( 703): Adding: com.android.server.compat.config.Change@7197934
05-30 15:25:14.818 D/CompatConfig( 703): Adding: com.android.server.compat.config.Change@afea35d
05-30 15:25:14.818 D/CompatConfig( 703): Adding: com.android.server.compat.config.Change@b2014d2
05-30 15:25:14.818 D/CompatConfig( 703): Adding: com.android.server.compat.config.Change@f6d09a3
05-30 15:25:14.818 D/CompatConfig( 703): Adding: com.android.server.compat.config.Change@16ef4a0
05-30 15:25:14.818 D/CompatConfig( 703): Adding: com.android.server.compat.config.Change@e871859
05-30 15:25:14.818 D/CompatConfig( 703): Adding: com.android.server.compat.config.Change@6c6ac1e
05-30 15:25:14.818 D/CompatConfig( 703): Adding: com.android.server.compat.config.Change@83c9cff
05-30 15:25:14.819 D/CompatConfig( 703): Adding: com.android.server.compat.config.Change@5debacc
05-30 15:25:14.819 D/CompatConfig( 703): Adding: com.android.server.compat.config.Change@287e115
05-30 15:25:14.819 D/CompatConfig( 703): Adding: com.android.server.compat.config.Change@5ad6c2a
05-30 15:25:14.819 D/CompatConfig( 703): Adding: com.android.server.compat.config.Change@4480a1b
05-30 15:25:14.819 D/CompatConfig( 703): Adding: com.android.server.compat.config.Change@6927991
05-30 15:25:14.819 D/CompatConfig( 703): Adding: com.android.server.compat.config.Change@48e20f6
05-30 15:25:14.819 D/CompatConfig( 703): Adding: com.android.server.compat.config.Change@2d32cf7
05-30 15:25:14.819 D/CompatConfig( 703): Adding: com.android.server.compat.config.Change@9a79764
05-30 15:25:14.819 I/SystemConfig( 703): Reading permissions from /system/etc/permissions/javax.obex.xml
05-30 15:25:14.819 D/CompatConfig( 703): Adding: com.android.server.compat.config.Change@7d41dcd
05-30 15:25:14.819 D/CompatConfig( 703): Adding: com.android.server.compat.config.Change@ff35682
05-30 15:25:14.819 D/CompatConfig( 703): Adding: com.android.server.compat.config.Change@983a193
05-30 15:25:14.819 D/CompatConfig( 703): Adding: com.android.server.compat.config.Change@2f8c5d0
05-30 15:25:14.819 D/CompatConfig( 703): Adding: com.android.server.compat.config.Change@f11c9c9
05-30 15:25:14.819 D/CompatConfig( 703): Adding: com.android.server.compat.config.Change@8458ce
05-30 15:25:14.819 D/CompatConfig( 703): Adding: com.android.server.compat.config.Change@8bcc3ef
05-30 15:25:14.819 D/CompatConfig( 703): Adding: com.android.server.compat.config.Change@5ec6efc
05-30 15:25:14.819 D/CompatConfig( 703): Adding: com.android.server.compat.config.Change@2643985
05-30 15:25:14.819 D/CompatConfig( 703): Adding: com.android.server.compat.config.Change@1133da
05-30 15:25:14.819 D/CompatConfig( 703): Adding: com.android.server.compat.config.Change@9bbb00b
05-30 15:25:14.819 D/CompatConfig( 703): Adding: com.android.server.compat.config.Change@80f7ee8
05-30 15:25:14.819 D/CompatConfig( 703): Adding: com.android.server.compat.config.Change@6b3e901
05-30 15:25:14.819 D/CompatConfig( 703): Adding: com.android.server.compat.config.Change@35eb3a6
05-30 15:25:14.819 D/CompatConfig( 703): Adding: com.android.server.compat.config.Change@27341e7
05-30 15:25:14.819 D/CompatConfig( 703): Adding: com.android.server.compat.config.Change@8d1a194
05-30 15:25:14.819 D/CompatConfig( 703): Adding: com.android.server.compat.config.Change@cf5143d
05-30 15:25:14.819 D/CompatConfig( 703): Adding: com.android.server.compat.config.Change@4b26432
05-30 15:25:14.819 D/CompatConfig( 703): Adding: com.android.server.compat.config.Change@b281583
05-30 15:25:14.819 D/CompatConfig( 703): Adding: com.android.server.compat.config.Change@cf14300
05-30 15:25:14.819 D/CompatConfig( 703): Adding: com.android.server.compat.config.Change@723b739
05-30 15:25:14.819 D/CompatConfig( 703): Adding: com.android.server.compat.config.Change@b1e917e
05-30 15:25:14.819 D/CompatConfig( 703): Adding: com.android.server.compat.config.Change@1cc86df
05-30 15:25:14.819 D/CompatConfig( 703): Adding: com.android.server.compat.config.Change@4a78f2c
05-30 15:25:14.819 D/CompatConfig( 703): Adding: com.android.server.compat.config.Change@ff8df5
05-30 15:25:14.819 D/CompatConfig( 703): Adding: com.android.server.compat.config.Change@a8e478a
05-30 15:25:14.819 D/CompatConfig( 703): Adding: com.android.server.compat.config.Change@71cb1fb
05-30 15:25:14.819 D/CompatConfig( 703): Adding: com.android.server.compat.config.Change@8947218
05-30 15:25:14.819 D/CompatConfig( 703): Adding: com.android.server.compat.config.Change@8881471
05-30 15:25:14.821 I/SystemConfig( 703): Reading permissions from /system/etc/permissions/org.apache.http.legacy.xml
05-30 15:25:14.822 D/CompatConfig( 703): No directory /system/system_ext/etc/compatconfig, skipping
05-30 15:25:14.823 D/ApexManagerTiming( 703): getActiveApexInfos_noCache
05-30 15:25:14.824 I/SystemConfig( 703): Reading permissions from /system/etc/permissions/privapp-permissions-oranth.xml
05-30 15:25:14.832 I/SystemConfig( 703): Reading permissions from /system/etc/permissions/privapp-permissions-platform.xml
05-30 15:25:14.840 I/SystemConfig( 703): Reading permissions from /system/etc/permissions/privapp_allowlist_com.android.adservices.api.xml
05-30 15:25:14.841 I/SystemConfig( 703): Reading permissions from /system/etc/permissions/privapp_allowlist_com.android.providers.media.module.xml
05-30 15:25:14.844 D/CompatConfig( 703): No directory /apex/com.android.conscrypt/etc/compatconfig, skipping
05-30 15:25:14.844 I/SystemConfig( 703): Reading permissions from /system/etc/permissions/tv_core_hardware.xml
05-30 15:25:14.844 D/CompatConfig( 703): No directory /apex/com.android.os.statsd/etc/compatconfig, skipping
05-30 15:25:14.844 D/CompatConfig( 703): No directory /apex/com.amlogic.mediaextractor/etc/compatconfig, skipping
05-30 15:25:14.844 D/CompatConfig( 703): No directory /apex/com.android.resolv/etc/compatconfig, skipping
05-30 15:25:14.845 D/CompatConfig( 703): No directory /apex/com.google.android.widevine/etc/compatconfig, skipping
05-30 15:25:14.845 D/CompatConfig( 703): No directory /apex/com.android.media/etc/compatconfig, skipping
05-30 15:25:14.845 D/CompatConfig( 703): No directory /apex/com.android.uwb/etc/compatconfig, skipping
05-30 15:25:14.845 I/SystemConfig( 703): Reading permissions from /system/etc/permissions/platform.xml
05-30 15:25:14.846 D/CompatConfig( 703): Found a config file: /apex/com.android.mediaprovider/etc/compatconfig/media-provider-platform-compat-config.xml
05-30 15:25:14.847 D/CompatConfig( 703): Adding: com.android.server.compat.config.Change@84f77af
05-30 15:25:14.847 D/CompatConfig( 703): Adding: com.android.server.compat.config.Change@a777bc
05-30 15:25:14.847 D/CompatConfig( 703): Adding: com.android.server.compat.config.Change@5317345
05-30 15:25:14.847 D/CompatConfig( 703): Adding: com.android.server.compat.config.Change@38b4a9a
05-30 15:25:14.847 D/CompatConfig( 703): Adding: com.android.server.compat.config.Change@25dfcb
05-30 15:25:14.847 D/CompatConfig( 703): Adding: com.android.server.compat.config.Change@c5253a8
05-30 15:25:14.847 D/CompatConfig( 703): Adding: com.android.server.compat.config.Change@7afec1
05-30 15:25:14.849 D/CompatConfig( 703): Found a config file: /apex/com.android.wifi/etc/compatconfig/wifi-compat-config.xml
05-30 15:25:14.849 I/SystemConfig( 703): Reading permissions from /vendor/etc/permissions/android.hardware.audio.output.xml
05-30 15:25:14.850 D/CompatConfig( 703): Adding: com.android.server.compat.config.Change@54d0254
05-30 15:25:14.850 D/CompatConfig( 703): Adding: com.android.server.compat.config.Change@977c5fd
05-30 15:25:14.850 D/CompatConfig( 703): Adding: com.android.server.compat.config.Change@50092f2
05-30 15:25:14.850 I/SystemConfig( 703): Reading permissions from /vendor/etc/permissions/android.hardware.bluetooth.xml
05-30 15:25:14.851 I/SystemConfig( 703): Reading permissions from /vendor/etc/permissions/android.hardware.bluetooth_le.xml
05-30 15:25:14.852 D/CompatConfig( 703): No directory /apex/com.android.configinfrastructure/etc/compatconfig, skipping
05-30 15:25:14.852 D/CompatConfig( 703): No directory /apex/com.android.appsearch/etc/compatconfig, skipping
05-30 15:25:14.852 I/SystemConfig( 703): Reading permissions from /vendor/etc/permissions/android.hardware.camera.external.xml
05-30 15:25:14.852 D/CompatConfig( 703): No directory /apex/com.android.adservices/etc/compatconfig, skipping
05-30 15:25:14.852 D/CompatConfig( 703): No directory /apex/com.android.rkpd/etc/compatconfig, skipping
05-30 15:25:14.852 D/CompatConfig( 703): No directory /apex/com.android.i18n/etc/compatconfig, skipping
05-30 15:25:14.852 D/CompatConfig( 703): No directory /apex/com.android.ondevicepersonalization/etc/compatconfig, skipping
05-30 15:25:14.853 D/CompatConfig( 703): No directory /apex/com.android.healthfitness/etc/compatconfig, skipping
05-30 15:25:14.853 D/CompatConfig( 703): No directory /apex/com.android.permission/etc/compatconfig, skipping
05-30 15:25:14.853 D/CompatConfig( 703): No directory /apex/com.android.virt/etc/compatconfig, skipping
05-30 15:25:14.853 I/SystemConfig( 703): Reading permissions from /vendor/etc/permissions/android.hardware.ethernet.xml
05-30 15:25:14.853 D/CompatConfig( 703): No directory /apex/com.android.sdkext/etc/compatconfig, skipping
05-30 15:25:14.853 D/CompatConfig( 703): No directory /apex/com.android.media.swcodec/etc/compatconfig, skipping
05-30 15:25:14.853 I/SystemConfig( 703): Reading permissions from /vendor/etc/permissions/android.hardware.gamepad.xml
05-30 15:25:14.854 D/CompatConfig( 703): Found a config file: /apex/com.android.tethering/etc/compatconfig/connectivity-platform-compat-config.xml
05-30 15:25:14.854 I/SystemConfig( 703): Reading permissions from /vendor/etc/permissions/android.hardware.hardware_keystore.xml
05-30 15:25:14.855 I/SystemConfig( 703): Reading permissions from /vendor/etc/permissions/android.hardware.hdmi.cec.xml
05-30 15:25:14.855 D/CompatConfig( 703): Adding: com.android.server.compat.config.Change@75251bb
05-30 15:25:14.855 D/CompatConfig( 703): Adding: com.android.server.compat.config.Change@8201a31
05-30 15:25:14.855 D/CompatConfig( 703): Adding: com.android.server.compat.config.Change@8c4516
05-30 15:25:14.855 D/CompatConfig( 703): Adding: com.android.server.compat.config.Change@dca4e97
05-30 15:25:14.855 I/SystemConfig( 703): Reading permissions from /vendor/etc/permissions/android.hardware.keystore.app_attest_key.xml
05-30 15:25:14.856 I/SystemConfig( 703): Reading permissions from /vendor/etc/permissions/android.hardware.location.xml
05-30 15:25:14.857 D/CompatConfig( 703): Found a config file: /apex/com.android.btservices/etc/compatconfig/bluetoothapk-platform-compat-config.xml
05-30 15:25:14.857 I/SystemConfig( 703): Reading permissions from /vendor/etc/permissions/android.hardware.opengles.aep.xml
05-30 15:25:14.857 D/CompatConfig( 703): Adding: com.android.server.compat.config.Change@75b3d33
05-30 15:25:14.858 D/CompatConfig( 703): Found a config file: /apex/com.android.btservices/etc/compatconfig/bluetooth-compat-config.xml
05-30 15:25:14.858 I/SystemConfig( 703): Reading permissions from /vendor/etc/permissions/android.hardware.usb.host.xml
05-30 15:25:14.859 D/CompatConfig( 703): Adding: com.android.server.compat.config.Change@d5ee0ee
05-30 15:25:14.859 I/SystemConfig( 703): Reading permissions from /vendor/etc/permissions/android.hardware.vulkan.compute.xml
05-30 15:25:14.859 D/CompatConfig( 703): Found a config file: /apex/com.android.btservices/etc/compatconfig/framework-bluetooth-compat-config.xml
05-30 15:25:14.860 D/CompatConfig( 703): Adding: com.android.server.compat.config.Change@c7df825
05-30 15:25:14.861 D/CompatConfig( 703): No directory /apex/com.android.ipsec/etc/compatconfig, skipping
05-30 15:25:14.861 I/SystemConfig( 703): Reading permissions from /vendor/etc/permissions/android.hardware.vulkan.level.xml
05-30 15:25:14.861 D/CompatConfig( 703): No directory /apex/com.android.scheduling/etc/compatconfig, skipping
05-30 15:25:14.861 D/CompatConfig( 703): No directory /apex/com.android.extservices/etc/compatconfig, skipping
05-30 15:25:14.861 D/CompatConfig( 703): No directory /apex/com.android.runtime/etc/compatconfig, skipping
05-30 15:25:14.861 D/CompatConfig( 703): No directory /apex/com.android.apex.cts.shim/etc/compatconfig, skipping
05-30 15:25:14.861 D/CompatConfig( 703): No directory /apex/com.android.neuralnetworks/etc/compatconfig, skipping
05-30 15:25:14.862 I/SystemConfig( 703): Reading permissions from /vendor/etc/permissions/android.hardware.vulkan.version.xml
05-30 15:25:14.862 D/CompatConfig( 703): No directory /apex/com.android.tzdata/etc/compatconfig, skipping
05-30 15:25:14.862 I/SystemConfig( 703): Reading permissions from /vendor/etc/permissions/android.hardware.wifi.direct.xml
05-30 15:25:14.863 D/CompatConfig( 703): Found a config file: /apex/com.android.art/etc/compatconfig/libcore-platform-compat-config.xml
05-30 15:25:14.863 I/SystemConfig( 703): Reading permissions from /vendor/etc/permissions/android.hardware.wifi.passpoint.xml
05-30 15:25:14.864 D/CompatConfig( 703): Adding: com.android.server.compat.config.Change@b403ab4
05-30 15:25:14.864 I/SystemConfig( 703): Reading permissions from /vendor/etc/permissions/android.hardware.wifi.xml
05-30 15:25:14.864 D/CompatConfig( 703): Adding: com.android.server.compat.config.Change@77406dd
05-30 15:25:14.864 D/CompatConfig( 703): Adding: com.android.server.compat.config.Change@26c7252
05-30 15:25:14.864 D/CompatConfig( 703): Adding: com.android.server.compat.config.Change@6dd923
05-30 15:25:14.864 D/CompatConfig( 703): Adding: com.android.server.compat.config.Change@b004e20
05-30 15:25:14.864 D/CompatConfig( 703): Adding: com.android.server.compat.config.Change@3af33d9
05-30 15:25:14.864 D/CompatConfig( 703): Adding: com.android.server.compat.config.Change@63b619e
05-30 15:25:14.864 D/CompatConfig( 703): Adding: com.android.server.compat.config.Change@d3ae47f
05-30 15:25:14.864 D/CompatConfig( 703): Adding: com.android.server.compat.config.Change@cec2c4c
05-30 15:25:14.864 D/CompatConfig( 703): Adding: com.android.server.compat.config.Change@4d63495
05-30 15:25:14.864 D/CompatConfig( 703): Adding: com.android.server.compat.config.Change@377f9aa
05-30 15:25:14.865 D/CompatConfig( 703): No directory /apex/com.android.adbd/etc/compatconfig, skipping
05-30 15:25:14.865 I/SystemConfig( 703): Reading permissions from /vendor/etc/permissions/android.software.app_widgets.xml
05-30 15:25:14.865 D/CompatConfig( 703): No directory /apex/com.android.vndk.v34/etc/compatconfig, skipping
05-30 15:25:14.866 D/CompatConfig( 703): No directory /apex/com.android.devicelock/etc/compatconfig, skipping
05-30 15:25:14.866 I/SystemConfig( 703): Reading permissions from /vendor/etc/permissions/android.software.backup.xml
05-30 15:25:14.867 I/SystemConfig( 703): Reading permissions from /vendor/etc/permissions/android.software.cant_save_state.xml
05-30 15:25:14.868 D/SystemServerTiming( 703): StartFileIntegrityService
05-30 15:25:14.868 I/SystemServiceManager( 703): Starting com.android.server.security.FileIntegrityService
05-30 15:25:14.868 I/SystemConfig( 703): Reading permissions from /vendor/etc/permissions/android.software.farfield.xml
05-30 15:25:14.870 I/SystemConfig( 703): Reading permissions from /vendor/etc/permissions/android.software.ipsec_tunnels.xml
05-30 15:25:14.871 I/SystemConfig( 703): Reading permissions from /vendor/etc/permissions/android.software.opengles.deqp.level-2023-03-01.xml
05-30 15:25:14.872 I/SystemConfig( 703): Reading permissions from /vendor/etc/permissions/android.software.verified_boot.xml
05-30 15:25:14.872 D/SystemServerTiming( 703): StartInstaller
05-30 15:25:14.872 I/SystemServiceManager( 703): Starting com.android.server.pm.Installer
05-30 15:25:14.872 I/SystemConfig( 703): Reading permissions from /vendor/etc/permissions/android.software.vulkan.deqp.level-2023-03-01.xml
05-30 15:25:14.874 I/SystemConfig( 703): Reading permissions from /vendor/etc/permissions/aosp_excluded_hardware.xml
05-30 15:25:14.874 D/SystemConfig( 703): Removed unavailable feature android.hardware.location.network
05-30 15:25:14.875 I/SystemConfig( 703): Reading permissions from /vendor/etc/permissions/com.droidlogic.appinstaller.xml
05-30 15:25:14.876 I/SystemConfig( 703): Reading permissions from /vendor/etc/permissions/com.google.android.feature.SILENT_OTA.xml
05-30 15:25:14.876 I/SystemConfig( 703): Reading permissions from /vendor/etc/permissions/droidlogic.jasplayer.xml
05-30 15:25:14.877 D/SystemServerTiming( 703): DeviceIdentifiersPolicyService
05-30 15:25:14.878 I/SystemServiceManager( 703): Starting com.android.server.os.DeviceIdentifiersPolicyService
05-30 15:25:14.878 I/SystemConfig( 703): Reading permissions from /vendor/etc/permissions/droidlogic.jniasplayer.xml
05-30 15:25:14.878 D/SystemServerTiming( 703): StartFeatureFlagsService
05-30 15:25:14.879 I/SystemServiceManager( 703): Starting com.android.server.flags.FeatureFlagsService
05-30 15:25:14.879 I/SystemConfig( 703): Reading permissions from /vendor/etc/permissions/droidlogic.software.core.xml
05-30 15:25:14.879 D/FeatureFlagsService( 703): Started Feature Flag Service
05-30 15:25:14.880 W/SystemConfig( 703): name is required for in START_TAG (empty) @27:35 in java.io.FileReader@a5a215a
05-30 15:25:14.880 I/SystemConfig( 703): Reading permissions from /vendor/etc/permissions/droidlogic.tv.software.core.xml
05-30 15:25:14.881 I/SystemConfig( 703): Ignore shared library droidlogic.tv.software.core: /vendor/framework/droidlogic.tv.software.core.jar does not exist
05-30 15:25:14.882 I/SystemConfig( 703): Reading permissions from /vendor/etc/permissions/prime.xml
05-30 15:25:14.882 D/SystemServerTiming( 703): UriGrantsManagerService
05-30 15:25:14.882 I/SystemServiceManager( 703): Starting com.android.server.uri.UriGrantsManagerService$Lifecycle
05-30 15:25:14.885 D/SystemServerTiming( 703): StartPowerStatsService
05-30 15:25:14.885 I/SystemServiceManager( 703): Starting com.android.server.powerstats.PowerStatsService
05-30 15:25:14.885 I/SystemConfig( 703): Reading permissions from /product/etc/sysconfig/atv-component-overrides.xml
05-30 15:25:14.887 I/SystemConfig( 703): Reading permissions from /product/etc/permissions/android.hardware.gamepad.xml
05-30 15:25:14.888 I/SystemConfig( 703): Reading permissions from /product/etc/permissions/com.android.settings.intelligence.xml
