05-30 16:56:15.700 I/DefaultIMS( 3073): onStartInput attribute=android.view.inputmethod.EditorInfo@ee9dc52 restarting=false inputType: 0
05-30 16:56:15.701 I/SogouIME( 3073): SogouIME::onStartInputView()
05-30 16:56:15.701 I/DefaultIMS( 3073): onStartInputView attributeandroid.view.inputmethod.EditorInfo@ee9dc52 restarting=false inputType: 0
05-30 16:56:15.701 I/SogouIME( 3073): SogouIME::setInputView()
05-30 16:56:15.702 I/MainPresenter( 3073): onStartInputView: attribute=android.view.inputmethod.EditorInfo@ee9dc52 isReady=true; restarting: false inputType: 0
05-30 16:56:15.702 I/RootPresenter( 3073): hideInputWindow:
05-30 16:56:15.703 I/ImeTracker( 718): com.dangbei.hqguide:9e5ec82f: onRequestHide at ORIGIN_SERVER_HIDE_INPUT reason HIDE_SOFT_INPUT_FROM_IME
05-30 16:56:15.704 W/WindowOnBackDispatcher( 1477): sendCancelIfRunning: isInProgress=falsecallback=ImeCallback=ImeOnBackInvokedCallback@8273109 Callback=android.window.IOnBackInvokedCallback$Stub$Proxy@588adb3
05-30 16:56:15.705 D/OomAdjuster( 718): Not killing cached processes
05-30 16:56:15.706 D/CoreBackPreview( 718): Window{80f3152 u0 com.dangbei.hqguide/com.dangbei.hqguide.main.MainActivity}: Setting back callback OnBackInvokedCallbackInfo{mCallback=android.window.IOnBackInvokedCallback$Stub$Proxy@cda1c5, mPriority=0, mIsAnimationCallback=false}
05-30 16:56:15.710 I/eJ ( 3073): handle Action on start Input
05-30 16:56:15.720 I/SogouIME( 3073): onFinishInputView:
05-30 16:56:15.720 I/DefaultIMS( 3073): onFinishInputView: false
05-30 16:56:15.720 I/UA ( 3073): updateCandidateData
05-30 16:56:15.720 D/TA ( 3073): updateCandidateData currentIndex=-1, toLeft = true
05-30 16:56:15.720 I/UA ( 3073): updateCandidateData
05-30 16:56:15.720 D/TA ( 3073): updateCandidateData currentIndex=-1, toLeft = true
05-30 16:56:15.729 D/EnInputSession( 3073): getCandidateWords: count=0
05-30 16:56:15.740 D/WindowManagerShell( 1131): TvPipController: onImeVisibilityChanged(), visible=false, height=0
05-30 16:56:15.746 D/EnInputSession( 3073): getCandidateWords: count=0
05-30 16:56:15.746 I/eJ ( 3073): handle Action on finish Input
05-30 16:56:15.746 I/PhysicalKeyHandler( 3073): resetPhysicalKeyboardStatus
05-30 16:56:15.758 D/EnInputSession( 3073): getCandidateWords: count=0
05-30 16:56:15.761 I/SogouIME( 3073): onKeyUp: keyoCode=23
05-30 16:56:15.761 I/DefaultIMS( 3073): onKeyUp: keyoCode=23
05-30 16:56:15.943 I/ImeTracker( 1477): com.dangbei.hqguide:189aba1f: onRequestHide at ORIGIN_CLIENT_HIDE_SOFT_INPUT reason HIDE_SOFT_INPUT_BY_INSETS_API
05-30 16:56:15.945 I/ImeTracker( 718): com.dangbei.hqguide:189aba1f: onCancelled at PHASE_SERVER_SHOULD_HIDE
05-30 16:56:15.948 I/ImeTracker( 1477): com.dangbei.hqguide:9e5ec82f: onHidden
05-30 16:56:16.151 I/LA ( 3073): isFirstItemCompletelyShow, offset = 0, isFirstPage = false
05-30 16:56:16.151 I/CandidateLayout( 3073): onChanged, firstItemShown = true, lastItemShown = true
05-30 16:56:16.152 I/LA ( 3073): isFirstItemCompletelyShow, offset = 0, isFirstPage = false
05-30 16:56:16.152 I/CandidateLayout( 3073): onChanged, firstItemShown = true, lastItemShown = true
05-30 16:56:16.219 I/LA ( 3073): isFirstItemCompletelyShow, offset = 0, isFirstPage = false
05-30 16:56:16.219 I/CandidateLayout( 3073): onChanged, firstItemShown = true, lastItemShown = true
05-30 16:56:16.219 I/LA ( 3073): isFirstItemCompletelyShow, offset = 0, isFirstPage = false
05-30 16:56:16.219 I/CandidateLayout( 3073): onChanged, firstItemShown = true, lastItemShown = true
05-30 16:56:16.219 I/LA ( 3073): isFirstItemCompletelyShow, offset = 0, isFirstPage = false
05-30 16:56:16.219 I/CandidateLayout( 3073): onChanged, firstItemShown = true, lastItemShown = true
05-30 16:56:16.219 I/LA ( 3073): isFirstItemCompletelyShow, offset = 0, isFirstPage = false
05-30 16:56:16.219 I/CandidateLayout( 3073): onChanged, firstItemShown = true, lastItemShown = true
05-30 16:56:16.219 I/LA ( 3073): isFirstItemCompletelyShow, offset = 0, isFirstPage = false
05-30 16:56:16.220 I/CandidateLayout( 3073): onChanged, firstItemShown = true, lastItemShown = true
05-30 16:56:16.220 I/LA ( 3073): isFirstItemCompletelyShow, offset = 0, isFirstPage = false
05-30 16:56:16.220 I/CandidateLayout( 3073): onChanged, firstItemShown = true, lastItemShown = true
05-30 16:56:16.262 I/LA ( 3073): isFirstItemCompletelyShow, offset = 0, isFirstPage = false
05-30 16:56:16.262 I/CandidateLayout( 3073): onChanged, firstItemShown = true, lastItemShown = true
05-30 16:56:16.262 I/LA ( 3073): isFirstItemCompletelyShow, offset = 0, isFirstPage = false
05-30 16:56:16.262 I/CandidateLayout( 3073): onChanged, firstItemShown = true, lastItemShown = true
05-30 16:56:16.262 I/LA ( 3073): isFirstItemCompletelyShow, offset = 0, isFirstPage = false
05-30 16:56:16.262 I/CandidateLayout( 3073): onChanged, firstItemShown = true, lastItemShown = true
05-30 16:56:16.262 I/LA ( 3073): isFirstItemCompletelyShow, offset = 0, isFirstPage = false
05-30 16:56:16.262 I/CandidateLayout( 3073): onChanged, firstItemShown = true, lastItemShown = true
05-30 16:56:16.432 I/SogouIME( 3073): onKeyDown: keyoCode=23
05-30 16:56:16.433 I/DefaultIMS( 3073): onKeyDown: keyoCode=23
05-30 16:56:16.519 I/SogouIME( 3073): onKeyUp: keyoCode=23
05-30 16:56:16.519 I/DefaultIMS( 3073): onKeyUp: keyoCode=23
05-30 16:56:16.522 I/WifiService( 718): disconnect uid=10029
05-30 16:56:16.523 E/WifiClientModeImpl[40539:wlan0]( 718): Error! unhandled message{ when=0 what=131145 arg1=2 target=com.android.wifi.x.com.android.internal.util.StateMachine$SmHandler }
05-30 16:56:16.528 W/WindowOnBackDispatcher( 1477): sendCancelIfRunning: isInProgress=falsecallback=android.view.ViewRootImpl$$ExternalSyntheticLambda17@f98256a
05-30 16:56:16.529 D/CoreBackPreview( 718): Window{80f3152 u0 com.dangbei.hqguide/com.dangbei.hqguide.main.MainActivity}: Setting back callback null
05-30 16:56:16.534 I/WifiService( 718): addOrUpdateNetwork uid=10029
05-30 16:56:16.534 I/addOrUpdateNetworkInternal( 718): uid = 10029 SSID "DB-machines5G" nid=-1
05-30 16:56:16.536 E/WifiConfigManager( 718): Cannot find network with networkId -1 or configKey "DB-machines5G"WPA_PSK or upgradable security type check
05-30 16:56:16.536 E/WifiConfigManager( 718): Cannot find network with networkId -1 or configKey "DB-machines5G"WPA_PSK or upgradable security type check
05-30 16:56:16.542 W/InputManager-JNI( 718): Input channel object '80f3152 com.dangbei.hqguide/com.dangbei.hqguide.main.MainActivity (client)' was disposed without first being removed with the input manager!
05-30 16:56:16.550 W/InputEventReceiver( 1477): Attempted to finish an input event but the input event receiver has already been disposed.
05-30 16:56:16.553 V/WindowManager( 718): Unknown focus tokens, dropping reportFocusChanged
05-30 16:56:16.554 D/CompatibilityChangeReporter( 1477): Compat change id reported: 147798919; UID 10029; state: ENABLED
05-30 16:56:16.562 E/WifiConfigManager( 718): Cannot find network with configKey "DB-machines5G"WPA_PSK
05-30 16:56:16.563 D/WifiConfigurationUtil( 718): Add upgradable SAE configuration.
05-30 16:56:16.563 I/WifiConfigManager( 718): Credential changed for netId=0
05-30 16:56:16.565 D/WifiConfigManager( 718): Enable disabled network: "DB-machines5G" num=0
05-30 16:56:16.572 W/WindowManager( 718): [addWindow] title:Toast
05-30 16:56:16.577 D/WifiConfigStore( 718): Writing to stores completed in 3 ms.
05-30 16:56:16.579 D/CoreBackPreview( 718): Window{93c8ed2 u0 Toast}: Setting back callback OnBackInvokedCallbackInfo{mCallback=android.window.IOnBackInvokedCallback$Stub$Proxy@155aeff, mPriority=0, mIsAnimationCallback=false}
05-30 16:56:16.585 I/WifiService( 718): enableNetwork uid=10029 disableOthers=true
05-30 16:56:16.593 D/WifiConfigManager( 718): Enable disabled network: "DB-machines5G" num=0
05-30 16:56:16.598 W/ScanResultUtil( 718): Empty or null ScanResult list
05-30 16:56:16.598 W/WifiService( 718): Attempt to retrieve WifiConfiguration with invalid scanResult List
05-30 16:56:16.601 I/ImeTracker( 718): com.dangbei.hqguide:28212c64: onRequestHide at ORIGIN_SERVER_HIDE_INPUT reason HIDE_UNSPECIFIED_WINDOW
05-30 16:56:16.602 I/ImeTracker( 718): com.dangbei.hqguide:28212c64: onCancelled at PHASE_SERVER_SHOULD_HIDE
05-30 16:56:16.604 I/DefaultIMS( 3073): onStartInput attribute=android.view.inputmethod.EditorInfo@762ad6f restarting=false inputType: 0
05-30 16:56:16.612 D/WifiConfigStore( 718): Writing to stores completed in 9 ms.
05-30 16:56:16.612 D/WifiClientModeImpl[40539:wlan0]( 718): connectToUserSelectNetwork netId 0, uid 10029, package com.dangbei.hqguide, forceReconnect = false, isUserSelected = false
05-30 16:56:16.613 W/ScanResultUtil( 718): Empty or null ScanResult list
05-30 16:56:16.614 E/WifiService( 718): Attempt to retrieve passpoint with invalid scanResult List
05-30 16:56:16.614 W/ScanResultUtil( 718): Empty or null ScanResult list
05-30 16:56:16.614 W/WifiService( 718): Attempt to retrieve OsuProviders with invalid scanResult List
05-30 16:56:16.614 D/WifiScoreReport( 718): setShouldReduceNetworkScore=false mNetworkAgent is null? true
05-30 16:56:16.614 D/WifiClientModeImpl[40539:wlan0]( 718): CMD_START_CONNECT my state DisconnectedState nid=0 roam=false
05-30 16:56:16.616 E/OpenGLRenderer( 1131): Unable to match the desired swap behavior.
05-30 16:56:16.627 D/PermissionCache( 718): checking android.permission.ROTATE_SURFACE_FLINGER for uid=10052 => granted (124 us)
05-30 16:56:16.627 D/PermissionCache( 718): checking android.permission.INTERNAL_SYSTEM_WINDOW for uid=10052 => granted (65 us)
05-30 16:56:16.627 D/PermissionCache( 718): checking android.permission.ACCESS_SURFACE_FLINGER for uid=10052 => granted (45 us)
05-30 16:56:16.646 W/ContextImpl( 718): Calling a method in the system process without a qualified user: android.app.ContextImpl.startService:1899 com.android.server.wm.DisplayPolicy.lambda$focusChangedLw$5:2126 com.android.server.wm.DisplayPolicy.$r8$lambda$Znxk63oh-WzVnzo_WQefN7uxV48:0 com.android.server.wm.DisplayPolicy$$ExternalSyntheticLambda13.run:0 android.os.Handler.handleCallback:958
05-30 16:56:16.651 D/aaa ( 2101): LedStatusService onStartCommand begin
05-30 16:56:16.655 D/aaa ( 2101): topPkg is -------------- :com.dangbei.hqguide
05-30 16:56:16.667 I/WifiClientModeImpl[40539:wlan0]( 718): Select best-fit security params: 2
05-30 16:56:16.672 W/LastMileLogger( 718): Failed to open free_buffer pseudo-file: /sys/kernel/debug/tracing/instances/wifi/free_buffer: open failed: ENOENT (No such file or directory)
05-30 16:56:16.672 W/LastMileLogger( 718): Failed to arm fail-safe.
05-30 16:56:16.673 I/wpa_supplicant( 1247): wpa_driver_nl80211_driver_cmd: wifi vendor: aml_w2_s
05-30 16:56:16.673 I/wpa_supplicant( 1247): wpa_driver_nl80211_driver_cmd: wlan0: private command: MACADDR
05-30 16:56:16.674 E/wificond( 640): Received error messsage: Operation not supported on transport endpoint
05-30 16:56:16.674 E/wificond( 640): NL80211_CMD_ABORT_SCAN failed
05-30 16:56:16.674 W/wificond( 640): Abort scan failed
05-30 16:56:16.674 D/SupplicantStaIfaceHalAidlImpl( 718): connectToNetwork "DB-machines5G"WPA_PSK, actualSsid=null
05-30 16:56:16.675 D/SupplicantStaIfaceHalAidlImpl( 718): Selecting supplicant SSID "DB-machines5G"
05-30 16:56:16.678 I/SupplicantStaNetworkHalAidlImpl( 718): Successfully set SSID
05-30 16:56:16.679 D/SupplicantStaNetworkHalAidlImpl( 718): The target security params: Security Parameters:
05-30 16:56:16.679 D/SupplicantStaNetworkHalAidlImpl( 718): Type: 2
05-30 16:56:16.679 D/SupplicantStaNetworkHalAidlImpl( 718): Enabled: true
05-30 16:56:16.679 D/SupplicantStaNetworkHalAidlImpl( 718): KeyMgmt: WPA_PSK
05-30 16:56:16.679 D/SupplicantStaNetworkHalAidlImpl( 718): Protocols: WPA RSN
05-30 16:56:16.679 D/SupplicantStaNetworkHalAidlImpl( 718): AuthAlgorithms:
05-30 16:56:16.679 D/SupplicantStaNetworkHalAidlImpl( 718): PairwiseCiphers: TKIP CCMP
05-30 16:56:16.679 D/SupplicantStaNetworkHalAidlImpl( 718): GroupCiphers: WEP40 WEP104 TKIP CCMP
05-30 16:56:16.679 D/SupplicantStaNetworkHalAidlImpl( 718): GroupMgmtCiphers:
05-30 16:56:16.679 D/SupplicantStaNetworkHalAidlImpl( 718): SuiteBCiphers:
05-30 16:56:16.679 D/SupplicantStaNetworkHalAidlImpl( 718): RequirePmf: false
05-30 16:56:16.679 D/SupplicantStaNetworkHalAidlImpl( 718): IsAddedByAutoUpgrade: false
05-30 16:56:16.679 D/SupplicantStaNetworkHalAidlImpl( 718): IsSaeH2eOnlyMode: false
05-30 16:56:16.679 D/SupplicantStaNetworkHalAidlImpl( 718): IsSaePkOnlyMode: false
05-30 16:56:16.711 I/wpa_supplicant( 1247): assoc key_mgmt 0x0 network key_mgmt 0x142
05-30 16:56:16.714 D/WifiCountryCode( 718): evaluateAllCmmStateAndApplyIfAllReady: {ConcreteClientModeManager{id=36963 iface=wlan0 role=ROLE_CLIENT_PRIMARY}=false}
05-30 16:56:16.714 D/WifiClientModeImpl[40539:wlan0]( 718): Start Connecting Watchdog 1
05-30 16:56:16.722 W/ContextImpl( 718): Calling a method in the system process without a qualified user: android.app.ContextImpl.sendStickyBroadcast:1626 com.android.server.wifi.ClientModeImpl.sendNetworkChangeBroadcast:3008 com.android.server.wifi.ClientModeImpl.lambda$sendNetworkChangeBroadcastWithCurrentState$14:2985 com.android.server.wifi.ClientModeImpl.$r8$lambda$q-j88Pjw4gROgoJFr8wBlBVbuJI:0 com.android.server.wifi.ClientModeImpl$$ExternalSyntheticLambda4.send:0
05-30 16:56:16.726 D/RockyReceiver( 2593): action: android.net.wifi.STATE_CHANGE
05-30 16:56:16.729 W/ScanResultUtil( 718): Empty or null ScanResult list
05-30 16:56:16.729 W/WifiService( 718): Attempt to retrieve WifiConfiguration with invalid scanResult List
05-30 16:56:16.730 W/ScanResultUtil( 718): Empty or null ScanResult list
05-30 16:56:16.730 E/WifiService( 718): Attempt to retrieve passpoint with invalid scanResult List
05-30 16:56:16.730 W/ScanResultUtil( 718): Empty or null ScanResult list
05-30 16:56:16.730 W/WifiService( 718): Attempt to retrieve OsuProviders with invalid scanResult List
05-30 16:56:16.758 I/DefaultIMS( 3073): onStartInput attribute=android.view.inputmethod.EditorInfo@8b5da7c restarting=false inputType: 0
05-30 16:56:16.949 D/hq ( 2251): NetWorkStateReceiver:::检查网络,并且持续更新 isConnect=false
05-30 16:56:17.279 I/audio_hw_hal_alsamgr( 504): alsa format =0x1 delay frames =768 total frames=10851840
05-30 16:56:18.087 D/WifiNl80211Manager( 718): Scan result ready event
05-30 16:56:18.087 D/WifiNative( 718): Scan result ready event
05-30 16:56:18.154 E/hq ( 2251): NetWorkStateReceiver:::NetWorkStateReceiver onReceive: 网络变化广播 >>>> intent.action=android.net.wifi.SCAN_RESULTS
05-30 16:56:18.164 I/WifiHAL ( 527): call wifi_get_link_stats handler
05-30 16:56:18.164 I/WifiHAL ( 527): Creating message to get link statistics; iface = 16
05-30 16:56:18.164 D/WifiHAL ( 527): error code -95 mapped to -3
05-30 16:56:18.165 E/WifiStaIfaceAidlImpl( 718): getLinkLayerStats failed with service-specific exception: android.os.ServiceSpecificException: (code 4)
05-30 16:56:18.179 W/eventbuscore( 2251): post Event:com.dangbei.leard.base.entity.event.NetWifiRssiEvent
05-30 16:56:18.221 W/System ( 1131): A resource failed to call release.
05-30 16:56:18.221 W/System ( 1131): A resource failed to call release.
05-30 16:56:18.221 W/System ( 1131): A resource failed to call release.
05-30 16:56:18.222 W/System ( 1131): A resource failed to call release.
05-30 16:56:18.950 D/hq ( 2251): NetWorkStateReceiver:::检查网络,并且持续更新 isConnect=false
05-30 16:56:20.395 I/efs.send_log( 2598): log cann't be send because net status is disconnected
05-30 16:56:20.625 I/wificond( 640): Received external scan result notification from kernel.
05-30 16:56:20.625 D/WifiNl80211Manager( 718): Scan result ready event
05-30 16:56:20.625 D/WifiNative( 718): Scan result ready event
05-30 16:56:20.628 I/wpa_supplicant( 1247): wlan0: Trying to associate with 58:c7:ac:78:f0:10 (SSID='DB-machines5G' freq=5745 MHz)
05-30 16:56:20.628 I/wpa_supplicant( 1247): assoc key_mgmt 0x2 network key_mgmt 0x142
05-30 16:56:20.631 W/ContextImpl( 718): Calling a method in the system process without a qualified user: android.app.ContextImpl.sendStickyBroadcast:1626 com.android.server.wifi.ClientModeImpl.sendNetworkChangeBroadcast:3008 com.android.server.wifi.ClientModeImpl.lambda$sendNetworkChangeBroadcastWithCurrentState$14:2985 com.android.server.wifi.ClientModeImpl.$r8$lambda$q-j88Pjw4gROgoJFr8wBlBVbuJI:0 com.android.server.wifi.ClientModeImpl$$ExternalSyntheticLambda4.send:0
05-30 16:56:20.633 I/WifiClientModeImpl[40539:wlan0]( 718): Update current security type to 2
05-30 16:56:20.644 D/RockyReceiver( 2593): action: android.net.wifi.STATE_CHANGE
05-30 16:56:20.654 W/NotificationService( 718): Toast already killed. pkg=com.dangbei.hqguide token=android.os.BinderProxy@5719671
05-30 16:56:20.734 I/SogouIME( 3073): SogouIME::setInputView()
05-30 16:56:20.952 D/hq ( 2251): NetWorkStateReceiver:::检查网络,并且持续更新 isConnect=false
05-30 16:56:21.187 I/wpa_supplicant( 1247): assoc key_mgmt 0x2 network key_mgmt 0x142
05-30 16:56:21.188 I/Tethering( 1294): adding IpServer for: wlan0
05-30 16:56:21.192 I/wpa_supplicant( 1247): wlan0: Associated with 58:c7:ac:78:f0:10
05-30 16:56:21.192 I/wpa_supplicant( 1247): wlan0: CTRL-EVENT-SUBNET-STATUS-UPDATE status=0
05-30 16:56:21.192 I/wpa_supplicant( 1247): wlan0: WPA: RX message 1 of 4-Way Handshake from 58:c7:ac:78:f0:10 (ver=2)
05-30 16:56:21.192 I/wpa_supplicant( 1247): assoc key_mgmt 0x2 network key_mgmt 0x142
05-30 16:56:21.194 I/wpa_supplicant( 1247): wlan0: WPA: Sending EAPOL-Key 2/4
05-30 16:56:21.196 I/WifiService( 718): updateInterfaceIpState uid=1073
05-30 16:56:21.197 I/WifiClientModeImpl[40539:wlan0]( 718): Update current security type to 2
05-30 16:56:21.199 D/WifiService( 718): updateInterfaceIpState: ifaceName=wlan0 mode=-1 previous LOHS mode= -1
05-30 16:56:21.201 W/ContextImpl( 718): Calling a method in the system process without a qualified user: android.app.ContextImpl.sendStickyBroadcast:1626 com.android.server.wifi.ClientModeImpl.sendNetworkChangeBroadcast:3008 com.android.server.wifi.ClientModeImpl.lambda$sendNetworkChangeBroadcastWithCurrentState$14:2985 com.android.server.wifi.ClientModeImpl.$r8$lambda$q-j88Pjw4gROgoJFr8wBlBVbuJI:0 com.android.server.wifi.ClientModeImpl$$ExternalSyntheticLambda4.send:0
05-30 16:56:21.202 I/WifiClientModeImpl[40539:wlan0]( 718): Update current security type to 2
05-30 16:56:21.208 D/RockyReceiver( 2593): action: android.net.wifi.STATE_CHANGE
05-30 16:56:21.559 I/wpa_supplicant( 1247): wlan0: WPA: RX message 1 of 4-Way Handshake from 58:c7:ac:78:f0:10 (ver=2)
05-30 16:56:21.559 I/wpa_supplicant( 1247): wlan0: WPA: Sending EAPOL-Key 2/4
05-30 16:56:21.848 I/wpa_supplicant( 1247): wlan0: WPA: RX message 1 of 4-Way Handshake from 58:c7:ac:78:f0:10 (ver=2)
05-30 16:56:21.848 I/wpa_supplicant( 1247): wlan0: WPA: Sending EAPOL-Key 2/4
05-30 16:56:22.146 I/wpa_supplicant( 1247): wlan0: WPA: RX message 1 of 4-Way Handshake from 58:c7:ac:78:f0:10 (ver=2)
05-30 16:56:22.147 I/wpa_supplicant( 1247): wlan0: WPA: Sending EAPOL-Key 2/4
05-30 16:56:22.953 D/hq ( 2251): NetWorkStateReceiver:::检查网络,并且持续更新 isConnect=false
05-30 16:56:24.954 D/hq ( 2251): NetWorkStateReceiver:::检查网络,并且持续更新 isConnect=false
05-30 16:56:26.956 D/hq ( 2251): NetWorkStateReceiver:::检查网络,并且持续更新 isConnect=false
05-30 16:56:27.063 I/keystore2( 282): system/security/keystore2/src/watchdog.rs:319 - Watchdog thread idle -> terminating. Have a great day.
05-30 16:56:27.446 I/wpa_supplicant( 1247): wlan0: WPA: RX message 1 of 4-Way Handshake from 58:c7:ac:78:f0:10 (ver=2)
05-30 16:56:27.446 I/wpa_supplicant( 1247): wlan0: WPA: Sending EAPOL-Key 2/4
05-30 16:56:27.754 I/wpa_supplicant( 1247): wlan0: WPA: RX message 1 of 4-Way Handshake from 58:c7:ac:78:f0:10 (ver=2)
05-30 16:56:27.754 I/wpa_supplicant( 1247): wlan0: WPA: Sending EAPOL-Key 2/4
05-30 16:56:28.090 I/wpa_supplicant( 1247): wlan0: WPA: RX message 1 of 4-Way Handshake from 58:c7:ac:78:f0:10 (ver=2)
05-30 16:56:28.091 I/wpa_supplicant( 1247): wlan0: WPA: Sending EAPOL-Key 2/4
05-30 16:56:28.415 I/wpa_supplicant( 1247): wlan0: WPA: RX message 1 of 4-Way Handshake from 58:c7:ac:78:f0:10 (ver=2)
05-30 16:56:28.415 I/wpa_supplicant( 1247): wlan0: WPA: Sending EAPOL-Key 2/4
05-30 16:56:28.957 D/hq ( 2251): NetWorkStateReceiver:::检查网络,并且持续更新 isConnect=false
05-30 16:56:30.445 I/efs.send_log( 2598): log cann't be send because net status is disconnected
05-30 16:56:30.958 D/hq ( 2251): NetWorkStateReceiver:::检查网络,并且持续更新 isConnect=false
05-30 16:56:31.193 I/wpa_supplicant( 1247): wlan0: Authentication with 58:c7:ac:78:f0:10 timed out.
05-30 16:56:31.194 D/SupplicantStaIfaceCallbackAidlImpl( 718): EAPOL H/S failed in first connect attempt. Possibly a wrong password
05-30 16:56:31.195 D/WifiClientModeImpl[40539:wlan0]( 718): L2ConnectingState: Authentication failure reason=2 error=-1
05-30 16:56:31.197 I/WifiHAL ( 527): Added event handler 0xec1c1350:0xed3ca9d1 for vendor 0x1a11 and subcmd 0xa at 3
05-30 16:56:31.261 D/WifiHAL ( 527): error code -95 mapped to -3
05-30 16:56:31.261 I/WifiHAL ( 527): Successfully removed event handler 0xec1c1350:0xed3ca9d1 for vendor 0x1a11, subcmd 0xa from 2
05-30 16:56:31.261 E/WifiHAL ( 527): Failed to register set Hal preInit; result = -3
05-30 16:56:31.261 I/wpa_supplicant( 1247): wlan0: CTRL-EVENT-DISCONNECTED bssid=58:c7:ac:78:f0:10 reason=3 locally_generated=1
05-30 16:56:31.261 I/wpa_supplicant( 1247): wlan0: WPA: 4-Way Handshake failed - pre-shared key may be incorrect
05-30 16:56:31.261 I/wpa_supplicant( 1247): wlan0: CTRL-EVENT-SSID-TEMP-DISABLED id=0 ssid="DB-machines5G" auth_failures=1 duration=10 reason=WRONG_KEY
05-30 16:56:31.262 E/WifiChipAidlImpl( 718): forceDumpToDebugRingBuffer failed with service-specific exception: android.os.ServiceSpecificException: (code 4)
05-30 16:56:31.263 W/LastMileLogger( 718): Failed to stop event tracing: /sys/kernel/debug/tracing/instances/wifi/tracing_on: open failed: ENOENT (No such file or directory)
05-30 16:56:31.270 W/LastMileLogger( 718): Failed to read event trace: /sys/kernel/debug/tracing/instances/wifi/trace
05-30 16:56:31.281 E/WifiStaIfaceAidlImpl( 718): stopRssiMonitoring failed with service-specific exception: android.os.ServiceSpecificException: (code 5)
05-30 16:56:31.316 I/wpa_supplicant( 1247): assoc key_mgmt 0x2 network key_mgmt 0x142
05-30 16:56:31.317 I/wpa_supplicant( 1247): wlan0: CTRL-EVENT-DSCP-POLICY clear_all
05-30 16:56:31.318 I/wpa_supplicant( 1247): wpa_driver_nl80211_driver_cmd: wifi vendor: aml_w2_s
05-30 16:56:31.318 I/wpa_supplicant( 1247): wpa_driver_nl80211_driver_cmd: wlan0: private command: BTCOEXMODE 2
05-30 16:56:31.318 W/ContextImpl( 718): Calling a method in the system process without a qualified user: android.app.ContextImpl.sendStickyBroadcast:1626 com.android.server.wifi.ClientModeImpl.sendNetworkChangeBroadcast:3008 com.android.server.wifi.ClientModeImpl.lambda$sendNetworkChangeBroadcastWithCurrentState$14:2985 com.android.server.wifi.ClientModeImpl.$r8$lambda$q-j88Pjw4gROgoJFr8wBlBVbuJI:0 com.android.server.wifi.ClientModeImpl$$ExternalSyntheticLambda4.send:0
05-30 16:56:31.323 D/RockyReceiver( 2593): action: android.net.wifi.STATE_CHANGE
05-30 16:56:31.325 D/WifiCountryCode( 718): evaluateAllCmmStateAndApplyIfAllReady: {ConcreteClientModeManager{id=36963 iface=wlan0 role=ROLE_CLIENT_PRIMARY}=true}
05-30 16:56:31.325 D/WifiCountryCode( 718): Reading country code from telephony
05-30 16:56:31.327 D/WifiCountryCode( 718): Set telephony country code to:
05-30 16:56:31.327 D/WifiCountryCode( 718): updateCountryCode to CN
05-30 16:56:31.327 D/WifiCountryCode( 718): setCountryCodeNative: CN, isClientModeOnly: true mDriverCountryCode: CN
05-30 16:56:31.328 I/wpa_supplicant( 1247): wpa_driver_nl80211_driver_cmd: wifi vendor: aml_w2_s
05-30 16:56:31.328 I/wpa_supplicant( 1247): wpa_driver_nl80211_driver_cmd: wlan0: private command: COUNTRY CN
05-30 16:56:31.328 I/wpa_supplicant( 1247): wlan0: CTRL-EVENT-REGDOM-CHANGE init=USER type=COUNTRY alpha2=CN
05-30 16:56:31.329 D/WifiNative( 718): onSetCountryCodeSucceeded: CN
05-30 16:56:31.329 I/WifiCountryCode( 718): Receive onSetCountryCodeSucceeded CN
05-30 16:56:31.329 I/WifiNl80211Manager( 718): Receive country code change to CN
05-30 16:56:31.329 D/WifiScanRequestProxy( 718): Sending scan available broadcast: true
05-30 16:56:31.329 I/WifiScanningService( 718): Received a request to enable scanning, UID = 1000
05-30 16:56:31.329 I/WifiScanningService( 718): scanner impls already exists
05-30 16:56:31.329 E/WifiScanningService( 718): wifi driver loaded received while already loaded
05-30 16:56:31.330 I/wificond( 640): Receive notifyCountryCodeChanged
05-30 16:56:31.330 I/wificond( 640): UpdateBandInfo
05-30 16:56:31.330 I/WifiScanRequestProxy( 718): Scanning is enabled
05-30 16:56:31.330 I/WifiScanRequestProxy( 718): Scanning for hidden networks is enabled
05-30 16:56:31.331 I/WifiClientModeImpl[40539:wlan0]( 718): disconnectedstate enter
05-30 16:56:31.332 E/WifiScoringParams( 718): Invalid frequency(-1), using 5G as default rssi array
05-30 16:56:31.333 E/WifiClientModeImpl[40539:wlan0]( 718): Error! unhandled message{ when=-132ms what=131145 arg1=11 target=com.android.wifi.x.com.android.internal.util.StateMachine$SmHandler }
05-30 16:56:31.335 E/WifiClientModeImpl[40539:wlan0]( 718): Error! unhandled message{ when=-71ms what=147530 obj= eventCode: SSID_TEMP_DISABLED bssid: 58:c7:ac:78:f0:10 reasonString: id=0 ssid="DB-machines5G" auth_failures=1 duration=10 reason=WRONG_KEY target=com.android.wifi.x.com.android.internal.util.StateMachine$SmHandler }
05-30 16:56:31.337 I/WifiService( 718): Receive onDriverCountryCodeChanged to CN, update available channel list
05-30 16:56:31.341 I/wpa_supplicant( 1247): wlan0: CTRL-EVENT-REGDOM-CHANGE init=CORE type=WORLD
05-30 16:56:31.348 I/WifiHAL ( 527): found interface wlan0
05-30 16:56:31.348 D/WifiHAL ( 527): error code -95 mapped to -3
05-30 16:56:31.349 E/WifiHAL ( 527): failed to set scanning mac OUI; result = -3
05-30 16:56:31.349 E/WifiChipAidlImpl( 718): getUsableChannels failed with service-specific exception: android.os.ServiceSpecificException: (code 4)
05-30 16:56:31.349 I/wpa_supplicant( 1247): wlan0: CTRL-EVENT-REGDOM-CHANGE init=USER type=COUNTRY alpha2=CN
05-30 16:56:31.353 I/wificond( 640): 2.4Ghz frequencies: 2412 2417 2422 2427 2432 2437 2442 2447 2452 2457 2462 2467 2472
05-30 16:56:31.353 I/wificond( 640): 5Ghz non-DFS frequencies: 5745 5765 5785 5805 5825
05-30 16:56:31.353 I/wificond( 640): 5Ghz DFS frequencies: 5180 5200 5220 5240 5260 5280 5300 5320
05-30 16:56:31.353 I/wificond( 640): 6Ghz frequencies:
05-30 16:56:31.353 I/wificond( 640): 60Ghz frequencies:
05-30 16:56:31.355 I/wificond( 640): Regulatory domain changed to country: CN on wiphy_index: 0
05-30 16:56:31.355 I/wificond( 640): UpdateBandInfo
05-30 16:56:31.355 D/WifiNl80211Manager( 718): OnRegDomainChanged CN
05-30 16:56:31.355 D/WifiNative( 718): onCountryCodeChanged: CN
05-30 16:56:31.355 I/WifiCountryCode( 718): Receive onDriverCountryCodeChanged CN
05-30 16:56:31.358 I/wificond( 640): 2.4Ghz frequencies: 2412 2417 2422 2427 2432 2437 2442 2447 2452 2457 2462 2467 2472
05-30 16:56:31.358 I/wificond( 640): 5Ghz non-DFS frequencies: 5745 5765 5785 5805 5825
05-30 16:56:31.358 I/wificond( 640): 5Ghz DFS frequencies: 5180 5200 5220 5240 5260 5280 5300 5320
05-30 16:56:31.358 I/wificond( 640): 6Ghz frequencies:
05-30 16:56:31.358 I/wificond( 640): 60Ghz frequencies:
05-30 16:56:31.360 I/wificond( 640): Regulatory domain changed to country: CN on wiphy_index: 0
05-30 16:56:31.360 D/WifiNl80211Manager( 718): OnRegDomainChanged CN
05-30 16:56:31.360 D/WifiNative( 718): onCountryCodeChanged: CN
05-30 16:56:31.360 I/WifiCountryCode( 718): Receive onDriverCountryCodeChanged CN
05-30 16:56:31.360 I/wificond( 640): UpdateBandInfo
05-30 16:56:31.361 I/WifiHAL ( 527): found interface wlan0
05-30 16:56:31.361 D/WifiHAL ( 527): error code -95 mapped to -3
05-30 16:56:31.361 E/WifiHAL ( 527): failed to set scanning mac OUI; result = -3
05-30 16:56:31.361 E/WifiChipAidlImpl( 718): getUsableChannels failed with service-specific exception: android.os.ServiceSpecificException: (code 4)
05-30 16:56:31.364 I/wificond( 640): 2.4Ghz frequencies: 2412 2417 2422 2427 2432 2437 2442 2447 2452 2457 2462 2467 2472
05-30 16:56:31.365 I/wificond( 640): 5Ghz non-DFS frequencies: 5745 5765 5785 5805 5825
05-30 16:56:31.365 I/wificond( 640): 5Ghz DFS frequencies: 5180 5200 5220 5240 5260 5280 5300 5320
05-30 16:56:31.365 I/wificond( 640): 6Ghz frequencies:
05-30 16:56:31.365 I/wificond( 640): 60Ghz frequencies:
05-30 16:56:31.367 E/ApConfigUtil( 718): Malformed channel value detected: java.lang.NumberFormatException: For input string: ""
05-30 16:56:31.368 I/WifiHAL ( 527): found interface wlan0
05-30 16:56:31.368 D/WifiHAL ( 527): error code -95 mapped to -3
05-30 16:56:31.368 E/WifiHAL ( 527): failed to set scanning mac OUI; result = -3
05-30 16:56:31.369 E/WifiChipAidlImpl( 718): getUsableChannels failed with service-specific exception: android.os.ServiceSpecificException: (code 4)
05-30 16:56:31.373 D/InstantWifi( 718): Drop, size: 0
05-30 16:56:31.374 I/WifiHAL ( 527): found interface wlan0
05-30 16:56:31.382 D/WifiHAL ( 527): error code -95 mapped to -3
05-30 16:56:31.382 E/WifiHAL ( 527): failed to set scanning mac OUI; result = -3
05-30 16:56:31.384 E/WifiChipAidlImpl( 718): getUsableChannels failed with service-specific exception: android.os.ServiceSpecificException: (code 4)
05-30 16:56:31.385 E/ApConfigUtil( 718): Malformed channel value detected: java.lang.NumberFormatException: For input string: ""
05-30 16:56:31.387 I/WifiHAL ( 527): found interface wlan0
05-30 16:56:31.387 D/WifiHAL ( 527): error code -95 mapped to -3
05-30 16:56:31.387 E/WifiHAL ( 527): failed to set scanning mac OUI; result = -3
05-30 16:56:31.387 E/WifiChipAidlImpl( 718): getUsableChannels failed with service-specific exception: android.os.ServiceSpecificException: (code 4)
05-30 16:56:31.390 I/WifiHAL ( 527): found interface wlan0
05-30 16:56:31.390 D/WifiHAL ( 527): error code -95 mapped to -3
05-30 16:56:31.390 E/WifiHAL ( 527): failed to set scanning mac OUI; result = -3
05-30 16:56:31.391 E/WifiChipAidlImpl( 718): getUsableChannels failed with service-specific exception: android.os.ServiceSpecificException: (code 4)
05-30 16:56:31.392 E/ApConfigUtil( 718): Malformed channel value detected: java.lang.NumberFormatException: For input string: ""
05-30 16:56:31.393 I/WifiHAL ( 527): found interface wlan0
05-30 16:56:31.394 D/WifiHAL ( 527): error code -95 mapped to -3
05-30 16:56:31.394 E/WifiHAL ( 527): failed to set scanning mac OUI; result = -3
05-30 16:56:31.394 E/WifiChipAidlImpl( 718): getUsableChannels failed with service-specific exception: android.os.ServiceSpecificException: (code 4)
05-30 16:56:31.394 E/ApConfigUtil( 718): Malformed channel value detected: java.lang.NumberFormatException: For input string: ""
05-30 16:56:31.396 W/InputManager-JNI( 718): Input channel object '93c8ed2 Toast (client)' was disposed without first being removed with the input manager!
05-30 16:56:31.399 I/WifiHAL ( 527): found interface wlan0
05-30 16:56:31.399 D/WifiHAL ( 527): error code -95 mapped to -3
05-30 16:56:31.399 E/WifiHAL ( 527): failed to set scanning mac OUI; result = -3
05-30 16:56:31.400 E/WifiChipAidlImpl( 718): getUsableChannels failed with service-specific exception: android.os.ServiceSpecificException: (code 4)
05-30 16:56:31.401 E/ApConfigUtil( 718): Malformed channel value detected: java.lang.NumberFormatException: For input string: ""
05-30 16:56:31.405 W/NotificationHistory( 718): Attempted to add notif for locked/gone/disabled user 0
05-30 16:56:31.424 D/WifiConfigStore( 718): Writing to stores completed in 9 ms.
05-30 16:56:31.430 D/WifiConfigStore( 718): Writing to stores completed in 3 ms.
05-30 16:56:31.488 I/system_server( 718): Background concurrent copying GC freed 306426(10MB) AllocSpace objects, 18(888KB) LOS objects, 50% free, 14MB/28MB, paused 335us,146us total 211.580ms
05-30 16:56:32.959 D/hq ( 2251): NetWorkStateReceiver:::检查网络,并且持续更新 isConnect=false
05-30 16:56:33.907 D/WifiNl80211Manager( 718): Scan result ready event
05-30 16:56:33.907 D/WifiNative( 718): Scan result ready event
05-30 16:56:33.926 D/WificondScannerImpl( 718): Filtering out 18 scan results.
05-30 16:56:33.954 E/hq ( 2251): NetWorkStateReceiver:::NetWorkStateReceiver onReceive: 网络变化广播 >>>> intent.action=android.net.wifi.SCAN_RESULTS
05-30 16:56:33.958 I/WifiHAL ( 527): call wifi_get_link_stats handler
05-30 16:56:33.958 I/WifiHAL ( 527): Creating message to get link statistics; iface = 16
05-30 16:56:33.958 D/WifiHAL ( 527): error code -95 mapped to -3
05-30 16:56:33.959 E/WifiStaIfaceAidlImpl( 718): getLinkLayerStats failed with service-specific exception: android.os.ServiceSpecificException: (code 4)
05-30 16:56:33.976 W/eventbuscore( 2251): post Event:com.dangbei.leard.base.entity.event.NetWifiRssiEvent
05-30 16:56:34.961 D/hq ( 2251): NetWorkStateReceiver:::检查网络,并且持续更新 isConnect=false
05-30 16:56:35.857 I/SogouIME( 3073): onKeyDown: keyoCode=20
05-30 16:56:35.857 I/DefaultIMS( 3073): onKeyDown: keyoCode=20
05-30 16:56:35.993 I/SogouIME( 3073): onKeyUp: keyoCode=20
05-30 16:56:35.993 I/DefaultIMS( 3073): onKeyUp: keyoCode=20
05-30 16:56:36.962 D/hq ( 2251): NetWorkStateReceiver:::检查网络,并且持续更新 isConnect=false
05-30 16:56:37.336 I/SogouIME( 3073): onKeyDown: keyoCode=19
05-30 16:56:37.336 I/DefaultIMS( 3073): onKeyDown: keyoCode=19
05-30 16:56:37.472 I/SogouIME( 3073): onKeyUp: keyoCode=19
05-30 16:56:37.472 I/DefaultIMS( 3073): onKeyUp: keyoCode=19
05-30 16:56:38.964 D/hq ( 2251): NetWorkStateReceiver:::检查网络,并且持续更新 isConnect=false
05-30 16:56:40.483 I/efs.send_log( 2598): log cann't be send because net status is disconnected
05-30 16:56:40.965 D/hq ( 2251): NetWorkStateReceiver:::检查网络,并且持续更新 isConnect=false
05-30 16:56:42.016 I/SogouIME( 3073): onKeyDown: keyoCode=23
05-30 16:56:42.016 I/DefaultIMS( 3073): onKeyDown: keyoCode=23
05-30 16:56:42.128 I/SogouIME( 3073): onKeyUp: keyoCode=23
05-30 16:56:42.128 I/DefaultIMS( 3073): onKeyUp: keyoCode=23
05-30 16:56:42.216 W/WindowManager( 718): [addWindow] title:com.dangbei.hqguide/com.dangbei.hqguide.main.MainActivity
05-30 16:56:42.255 D/CoreBackPreview( 718): Window{5860db6 u0 com.dangbei.hqguide/com.dangbei.hqguide.main.MainActivity}: Setting back callback OnBackInvokedCallbackInfo{mCallback=android.window.IOnBackInvokedCallback$Stub$Proxy@5433224, mPriority=0, mIsAnimationCallback=false}
05-30 16:56:42.280 E/OpenGLRenderer( 1477): Unable to match the desired swap behavior.
05-30 16:56:42.319 W/ContextImpl( 718): Calling a method in the system process without a qualified user: android.app.ContextImpl.startService:1899 com.android.server.wm.DisplayPolicy.lambda$focusChangedLw$5:2126 com.android.server.wm.DisplayPolicy.$r8$lambda$Znxk63oh-WzVnzo_WQefN7uxV48:0 com.android.server.wm.DisplayPolicy$$ExternalSyntheticLambda13.run:0 android.os.Handler.handleCallback:958
05-30 16:56:42.320 D/OomAdjuster( 718): Not killing cached processes
05-30 16:56:42.321 D/aaa ( 2101): LedStatusService onStartCommand begin
05-30 16:56:42.322 D/aaa ( 2101): topPkg is -------------- :com.dangbei.hqguide
05-30 16:56:42.371 I/DefaultIMS( 3073): onStartInput attribute=android.view.inputmethod.EditorInfo@a96b18b restarting=false inputType: 33
05-30 16:56:42.425 I/ImeTracker( 1477): com.dangbei.hqguide:2934bed7: onRequestShow at ORIGIN_CLIENT_SHOW_SOFT_INPUT reason SHOW_SOFT_INPUT
05-30 16:56:42.427 D/InputMethodManager( 1477): showSoftInput() view=androidx.appcompat.widget.AppCompatEditText{b9717e VFED..CL. .F...... 80,156-520,236 #7f080093 app:id/dialog_wifi_edit aid=1073741842} flags=0 reason=SHOW_SOFT_INPUT
05-30 16:56:42.432 W/ProcessStats( 718): Tracking association SourceState{72b7c67 system/1000 BFgs #498} whose proc state 4 is better than process ProcessState{db73d01 com.sohu.inputmethod.sogou.tv/10039 pkg=com.sohu.inputmethod.sogou.tv} proc state 6 (0 skipped)
05-30 16:56:42.433 I/SogouIME( 3073): SogouIME::onStartInputView()
05-30 16:56:42.433 I/DefaultIMS( 3073): onStartInputView attributeandroid.view.inputmethod.EditorInfo@a96b18b restarting=false inputType: 33
05-30 16:56:42.434 D/InputSurface( 3073): initView:
05-30 16:56:42.434 I/MainPresenter( 3073): initView:
05-30 16:56:42.434 D/MainLayer( 3073): initView:
05-30 16:56:42.434 D/BodyAreaPresenter( 3073): initView:
05-30 16:56:42.452 I/SogouIME( 3073): SogouIME::setInputView()
05-30 16:56:42.453 I/MainPresenter( 3073): onStartInputView: attribute=android.view.inputmethod.EditorInfo@a96b18b isReady=true; restarting: false inputType: 33
05-30 16:56:42.464 D/EnInputSession( 3073): getCandidateWords: count=0
05-30 16:56:42.465 I/InputContext( 3073): onChanged: candidateWords=[]
05-30 16:56:42.465 I/InputContext( 3073): onChanged: candidateWordInfo.size=0 global offset: 0pausedCandidateData = false
05-30 16:56:42.465 I/InputContext( 3073): onChanged: composing=null
05-30 16:56:42.465 I/InputContext( 3073): onChanged: forCompose=false
05-30 16:56:42.465 I/InputContext( 3073): onChanged: editComposing=
05-30 16:56:42.466 I/MainPresenter( 3073): setInputType:
05-30 16:56:42.467 E/SpannableStringBuilder( 1477): SPAN_EXCLUSIVE_EXCLUSIVE spans cannot have a zero length
05-30 16:56:42.467 E/SpannableStringBuilder( 1477): SPAN_EXCLUSIVE_EXCLUSIVE spans cannot have a zero length
05-30 16:56:42.475 I/InputContext( 3073): onChanged: editComposing=
05-30 16:56:42.475 D/EnInputSession( 3073): getCandidateWords: count=0
05-30 16:56:42.475 I/InputContext( 3073): onChanged: candidateWords=[]
05-30 16:56:42.475 I/InputContext( 3073): onChanged: candidateWordInfo.size=0 global offset: 0pausedCandidateData = false
05-30 16:56:42.475 I/InputContext( 3073): onChanged: composing=null
05-30 16:56:42.475 I/InputContext( 3073): onChanged: forCompose=false
05-30 16:56:42.475 I/InputContext( 3073): onChanged: editComposing=
05-30 16:56:42.476 I/InputContext( 3073): onChanged: candidateWords=[]
05-30 16:56:42.476 I/InputContext( 3073): onChanged: candidateWordInfo.size=0 global offset: 0pausedCandidateData = false
05-30 16:56:42.476 E/SpannableStringBuilder( 1477): SPAN_EXCLUSIVE_EXCLUSIVE spans cannot have a zero length
05-30 16:56:42.476 E/SpannableStringBuilder( 1477): SPAN_EXCLUSIVE_EXCLUSIVE spans cannot have a zero length
05-30 16:56:42.476 I/KeyEventTransfer( 3073): languageID=0
05-30 16:56:42.476 I/KeyEventTransfer( 3073): scriptID=1
05-30 16:56:42.476 I/KeyEventTransfer( 3073): layoutID=2
05-30 16:56:42.477 E/SpannableStringBuilder( 1477): SPAN_EXCLUSIVE_EXCLUSIVE spans cannot have a zero length
05-30 16:56:42.477 E/SpannableStringBuilder( 1477): SPAN_EXCLUSIVE_EXCLUSIVE spans cannot have a zero length
05-30 16:56:42.487 D/CHJNIDefault( 3073): setInputMode value=-1
05-30 16:56:42.487 I/MainPresenter( 3073): loadInputType: 0
05-30 16:56:42.508 I/BodyArea( 3073): loadKeyboard layoutId1
05-30 16:56:42.508 D/SkinEngine( 3073): prepareProtoList: execute start
05-30 16:56:42.509 I/CountdownExecutor( 3073): run:size=2 no=0
05-30 16:56:42.518 I/CountdownExecutor( 3073): run:size=2 no=1
05-30 16:56:42.518 D/SkinEngine( 3073): prepareProtoList: execute end
05-30 16:56:42.562 I/AbstractLifecycle( 3073): onStartInputView: Build_d5523c4_20201222 android_tv_dangbei
05-30 16:56:42.569 I/eJ ( 3073): handle Action on start Input
05-30 16:56:42.577 D/CoreBackPreview( 718): Window{5860db6 u0 com.dangbei.hqguide/com.dangbei.hqguide.main.MainActivity}: Setting back callback OnBackInvokedCallbackInfo{mCallback=android.window.IOnBackInvokedCallback$Stub$Proxy@f3091cb, mPriority=0, mIsAnimationCallback=false}
05-30 16:56:42.587 E/OpenGLRenderer( 3073): Unable to match the desired swap behavior.
05-30 16:56:42.608 E/DMABUFHEAPS( 262): Unable to allocate from DMA-BUF heap: heap-gfx: Out of memory
05-30 16:56:42.608 E/DMABUFHEAPS( 262): No ion heap of name heap-gfx exists
05-30 16:56:42.608 E/DMABUFHEAPS( 262): No ion heap of name heap-gfx exists
05-30 16:56:42.608 W/mali_gralloc( 262): libdmabufheap allocation failed for heap-gfx heap, falling back to system heap
05-30 16:56:42.632 D/InsetsController( 1477): show(ime(), fromIme=true)
05-30 16:56:42.641 D/WindowManagerShell( 1131): TvPipController: onImeVisibilityChanged(), visible=true, height=488
05-30 16:56:42.867 I/ImeTracker( 1477): com.dangbei.hqguide:2934bed7: onShown
05-30 16:56:42.966 D/hq ( 2251): NetWorkStateReceiver:::检查网络,并且持续更新 isConnect=false
05-30 16:56:44.968 D/hq ( 2251): NetWorkStateReceiver:::检查网络,并且持续更新 isConnect=false
05-30 16:56:45.537 I/SogouIME( 3073): onKeyDown: keyoCode=22
05-30 16:56:45.537 I/DefaultIMS( 3073): onKeyDown: keyoCode=22
05-30 16:56:45.538 I/TvSpecialKeyEventInterceptor( 3073): onKeyDown repeat: 0 onKeyDownConsume: false
05-30 16:56:45.539 I/KeyboardViewPresenter( 3073): getNextKey Key_L
05-30 16:56:45.640 I/SogouIME( 3073): onKeyUp: keyoCode=22
05-30 16:56:45.641 I/DefaultIMS( 3073): onKeyUp: keyoCode=22
05-30 16:56:45.642 I/TvSpecialKeyEventInterceptor( 3073): onKeyUp: onKeyDownConsume false onKeyUpConsume: false repeat: 0
05-30 16:56:45.735 I/SogouIME( 3073): onKeyDown: keyoCode=22
05-30 16:56:45.735 I/DefaultIMS( 3073): onKeyDown: keyoCode=22
05-30 16:56:45.736 I/TvSpecialKeyEventInterceptor( 3073): onKeyDown repeat: 0 onKeyDownConsume: false
05-30 16:56:45.736 I/KeyboardViewPresenter( 3073): getNextKey Key_M
05-30 16:56:45.815 I/SogouIME( 3073): onKeyUp: keyoCode=22
05-30 16:56:45.815 I/DefaultIMS( 3073): onKeyUp: keyoCode=22
05-30 16:56:45.816 I/TvSpecialKeyEventInterceptor( 3073): onKeyUp: onKeyDownConsume false onKeyUpConsume: false repeat: 0
05-30 16:56:45.911 I/SogouIME( 3073): onKeyDown: keyoCode=22
05-30 16:56:45.911 I/DefaultIMS( 3073): onKeyDown: keyoCode=22
05-30 16:56:45.912 I/TvSpecialKeyEventInterceptor( 3073): onKeyDown repeat: 0 onKeyDownConsume: false
05-30 16:56:45.912 I/KeyboardViewPresenter( 3073): getNextKey Key_N
05-30 16:56:45.983 I/SogouIME( 3073): onKeyUp: keyoCode=22
05-30 16:56:45.983 I/DefaultIMS( 3073): onKeyUp: keyoCode=22
05-30 16:56:45.984 I/TvSpecialKeyEventInterceptor( 3073): onKeyUp: onKeyDownConsume false onKeyUpConsume: false repeat: 0
05-30 16:56:46.087 I/SogouIME( 3073): onKeyDown: keyoCode=22
05-30 16:56:46.087 I/DefaultIMS( 3073): onKeyDown: keyoCode=22
05-30 16:56:46.088 I/TvSpecialKeyEventInterceptor( 3073): onKeyDown repeat: 0 onKeyDownConsume: false
05-30 16:56:46.088 I/KeyboardViewPresenter( 3073): getNextKey Key_EnSwitchToCh
05-30 16:56:46.159 I/SogouIME( 3073): onKeyUp: keyoCode=22
05-30 16:56:46.159 I/DefaultIMS( 3073): onKeyUp: keyoCode=22
05-30 16:56:46.160 I/TvSpecialKeyEventInterceptor( 3073): onKeyUp: onKeyDownConsume false onKeyUpConsume: false repeat: 0
05-30 16:56:46.497 I/SogouIME( 3073): onKeyDown: keyoCode=19
05-30 16:56:46.498 I/DefaultIMS( 3073): onKeyDown: keyoCode=19
05-30 16:56:46.499 I/TvSpecialKeyEventInterceptor( 3073): onKeyDown repeat: 0 onKeyDownConsume: false
05-30 16:56:46.499 I/KeyboardViewPresenter( 3073): getNextKey Key_Shift_Qwerty
05-30 16:56:46.608 I/SogouIME( 3073): onKeyUp: keyoCode=19
05-30 16:56:46.608 I/DefaultIMS( 3073): onKeyUp: keyoCode=19
05-30 16:56:46.608 I/TvSpecialKeyEventInterceptor( 3073): onKeyUp: onKeyDownConsume false onKeyUpConsume: false repeat: 0
05-30 16:56:46.756 I/net_disconnect.( 4952): type=1400 audit(0.0:2145): avc: denied { execute_no_trans } for path="/vendor/bin/rgb_led_ctl" dev="dm-11" ino=334364 scontext=u:r:init:s0 tcontext=u:object_r:vendor_file:s0 tclass=file permissive=1
05-30 16:56:46.768 I/SogouIME( 3073): onKeyDown: keyoCode=23
05-30 16:56:46.768 I/DefaultIMS( 3073): onKeyDown: keyoCode=23
05-30 16:56:46.768 I/TvSpecialKeyEventInterceptor( 3073): onKeyDown repeat: 0 onKeyDownConsume: false
05-30 16:56:46.912 I/SogouIME( 3073): onKeyUp: keyoCode=23
05-30 16:56:46.912 I/DefaultIMS( 3073): onKeyUp: keyoCode=23
05-30 16:56:46.913 I/TvSpecialKeyEventInterceptor( 3073): onKeyUp: onKeyDownConsume false onKeyUpConsume: false repeat: 0
05-30 16:56:46.914 I/fB ( 3073): onKeyClick: property=-101 code=-101 symbol=null
05-30 16:56:46.914 I/KeyEventTransfer( 3073): doKeyInput: property=-101 code=-101 text=null miniText=null
05-30 16:56:46.969 D/hq ( 2251): NetWorkStateReceiver:::检查网络,并且持续更新 isConnect=false
05-30 16:56:47.295 I/SogouIME( 3073): onKeyDown: keyoCode=21
05-30 16:56:47.295 I/DefaultIMS( 3073): onKeyDown: keyoCode=21
05-30 16:56:47.296 I/TvSpecialKeyEventInterceptor( 3073): onKeyDown repeat: 0 onKeyDownConsume: false
05-30 16:56:47.297 I/KeyboardViewPresenter( 3073): getNextKey Key_G
05-30 16:56:47.408 I/SogouIME( 3073): onKeyUp: keyoCode=21
05-30 16:56:47.408 I/DefaultIMS( 3073): onKeyUp: keyoCode=21
05-30 16:56:47.409 I/TvSpecialKeyEventInterceptor( 3073): onKeyUp: onKeyDownConsume false onKeyUpConsume: false repeat: 0
05-30 16:56:47.495 I/SogouIME( 3073): onKeyDown: keyoCode=21
05-30 16:56:47.495 I/DefaultIMS( 3073): onKeyDown: keyoCode=21
05-30 16:56:47.496 I/TvSpecialKeyEventInterceptor( 3073): onKeyDown repeat: 0 onKeyDownConsume: false
05-30 16:56:47.497 I/KeyboardViewPresenter( 3073): getNextKey Key_F
05-30 16:56:47.567 I/SogouIME( 3073): onKeyUp: keyoCode=21
05-30 16:56:47.567 I/DefaultIMS( 3073): onKeyUp: keyoCode=21
05-30 16:56:47.568 I/TvSpecialKeyEventInterceptor( 3073): onKeyUp: onKeyDownConsume false onKeyUpConsume: false repeat: 0
05-30 16:56:47.671 I/SogouIME( 3073): onKeyDown: keyoCode=21
05-30 16:56:47.671 I/DefaultIMS( 3073): onKeyDown: keyoCode=21
05-30 16:56:47.672 I/TvSpecialKeyEventInterceptor( 3073): onKeyDown repeat: 0 onKeyDownConsume: false
05-30 16:56:47.673 I/KeyboardViewPresenter( 3073): getNextKey Key_E
05-30 16:56:47.720 I/SogouIME( 3073): onKeyUp: keyoCode=21
05-30 16:56:47.720 I/DefaultIMS( 3073): onKeyUp: keyoCode=21
05-30 16:56:47.721 I/TvSpecialKeyEventInterceptor( 3073): onKeyUp: onKeyDownConsume false onKeyUpConsume: false repeat: 0
05-30 16:56:47.864 I/SogouIME( 3073): onKeyDown: keyoCode=21
05-30 16:56:47.864 I/DefaultIMS( 3073): onKeyDown: keyoCode=21
05-30 16:56:47.865 I/TvSpecialKeyEventInterceptor( 3073): onKeyDown repeat: 0 onKeyDownConsume: false
05-30 16:56:47.865 I/KeyboardViewPresenter( 3073): getNextKey Key_D
05-30 16:56:47.959 I/SogouIME( 3073): onKeyUp: keyoCode=21
05-30 16:56:47.959 I/DefaultIMS( 3073): onKeyUp: keyoCode=21
05-30 16:56:47.960 I/TvSpecialKeyEventInterceptor( 3073): onKeyUp: onKeyDownConsume false onKeyUpConsume: false repeat: 0
05-30 16:56:48.153 I/SogouIME( 3073): onKeyDown: keyoCode=21
05-30 16:56:48.153 I/DefaultIMS( 3073): onKeyDown: keyoCode=21
05-30 16:56:48.154 I/TvSpecialKeyEventInterceptor( 3073): onKeyDown repeat: 0 onKeyDownConsume: false
05-30 16:56:48.154 I/KeyboardViewPresenter( 3073): getNextKey Key_C
05-30 16:56:48.233 I/WifiService( 718): startScan uid=10029
05-30 16:56:48.238 I/SogouIME( 3073): onKeyUp: keyoCode=21
05-30 16:56:48.238 I/DefaultIMS( 3073): onKeyUp: keyoCode=21
05-30 16:56:48.239 I/TvSpecialKeyEventInterceptor( 3073): onKeyUp: onKeyDownConsume false onKeyUpConsume: false repeat: 0
05-30 16:56:48.242 D/InstantWifi( 718): Drop, size: 0
05-30 16:56:48.519 I/SogouIME( 3073): onKeyDown: keyoCode=22
05-30 16:56:48.520 I/DefaultIMS( 3073): onKeyDown: keyoCode=22
05-30 16:56:48.520 I/TvSpecialKeyEventInterceptor( 3073): onKeyDown repeat: 0 onKeyDownConsume: false
05-30 16:56:48.520 I/KeyboardViewPresenter( 3073): getNextKey Key_D
05-30 16:56:48.656 I/SogouIME( 3073): onKeyUp: keyoCode=22
05-30 16:56:48.656 I/DefaultIMS( 3073): onKeyUp: keyoCode=22
05-30 16:56:48.657 I/TvSpecialKeyEventInterceptor( 3073): onKeyUp: onKeyDownConsume false onKeyUpConsume: false repeat: 0
05-30 16:56:48.711 I/SogouIME( 3073): onKeyDown: keyoCode=23
05-30 16:56:48.711 I/DefaultIMS( 3073): onKeyDown: keyoCode=23
05-30 16:56:48.712 I/TvSpecialKeyEventInterceptor( 3073): onKeyDown repeat: 0 onKeyDownConsume: false
05-30 16:56:48.809 I/SogouIME( 3073): onKeyUp: keyoCode=23
05-30 16:56:48.809 I/DefaultIMS( 3073): onKeyUp: keyoCode=23
05-30 16:56:48.810 I/TvSpecialKeyEventInterceptor( 3073): onKeyUp: onKeyDownConsume false onKeyUpConsume: false repeat: 0
05-30 16:56:48.811 I/fB ( 3073): onKeyClick: property=100 code=100 symbol=null
05-30 16:56:48.811 I/KeyEventTransfer( 3073): doKeyInput: property=100 code=100 text=d miniText=null
05-30 16:56:48.840 I/ENKeyHandler( 3073): on selection update: oldStart: 0, oldEnd: 0, newStart: 1, newEnd: 1, composingStart: -1, composingEnd: -1
05-30 16:56:48.968 I/SogouIME( 3073): onKeyDown: keyoCode=20
05-30 16:56:48.968 I/DefaultIMS( 3073): onKeyDown: keyoCode=20
05-30 16:56:48.969 I/TvSpecialKeyEventInterceptor( 3073): onKeyDown repeat: 0 onKeyDownConsume: false
05-30 16:56:48.970 I/KeyboardViewPresenter( 3073): getNextKey Key_K
05-30 16:56:48.970 D/hq ( 2251): NetWorkStateReceiver:::检查网络,并且持续更新 isConnect=false
05-30 16:56:49.030 I/SogouIME( 3073): onKeyUp: keyoCode=20
05-30 16:56:49.031 I/DefaultIMS( 3073): onKeyUp: keyoCode=20
05-30 16:56:49.031 I/TvSpecialKeyEventInterceptor( 3073): onKeyUp: onKeyDownConsume false onKeyUpConsume: false repeat: 0
05-30 16:56:49.200 I/SogouIME( 3073): onKeyDown: keyoCode=20
05-30 16:56:49.201 I/DefaultIMS( 3073): onKeyDown: keyoCode=20
05-30 16:56:49.201 I/TvSpecialKeyEventInterceptor( 3073): onKeyDown repeat: 0 onKeyDownConsume: false
05-30 16:56:49.202 I/KeyboardViewPresenter( 3073): getNextKey Key_R
05-30 16:56:49.278 I/audio_hw_hal_alsamgr( 504): alsa format =0x1 delay frames =768 total frames=12387840
05-30 16:56:49.313 I/SogouIME( 3073): onKeyUp: keyoCode=20
05-30 16:56:49.313 I/DefaultIMS( 3073): onKeyUp: keyoCode=20
05-30 16:56:49.315 I/TvSpecialKeyEventInterceptor( 3073): onKeyUp: onKeyDownConsume false onKeyUpConsume: false repeat: 0
05-30 16:56:49.456 I/SogouIME( 3073): onKeyDown: keyoCode=20
05-30 16:56:49.457 I/DefaultIMS( 3073): onKeyDown: keyoCode=20
05-30 16:56:49.458 I/TvSpecialKeyEventInterceptor( 3073): onKeyDown repeat: 0 onKeyDownConsume: false
05-30 16:56:49.458 I/KeyboardViewPresenter( 3073): getNextKey Key_Y
05-30 16:56:49.518 I/SogouIME( 3073): onKeyUp: keyoCode=20
05-30 16:56:49.518 I/DefaultIMS( 3073): onKeyUp: keyoCode=20
05-30 16:56:49.519 I/TvSpecialKeyEventInterceptor( 3073): onKeyUp: onKeyDownConsume false onKeyUpConsume: false repeat: 0
