05-30 16:56:49.848 I/SogouIME( 3073): onKeyDown: keyoCode=19
05-30 16:56:49.848 I/DefaultIMS( 3073): onKeyDown: keyoCode=19
05-30 16:56:49.849 I/TvSpecialKeyEventInterceptor( 3073): onKeyDown repeat: 0 onKeyDownConsume: false
05-30 16:56:49.849 I/KeyboardViewPresenter( 3073): getNextKey Key_R
05-30 16:56:49.936 I/SogouIME( 3073): onKeyUp: keyoCode=19
05-30 16:56:49.936 I/DefaultIMS( 3073): onKeyUp: keyoCode=19
05-30 16:56:49.937 I/TvSpecialKeyEventInterceptor( 3073): onKeyUp: onKeyDownConsume false onKeyUpConsume: false repeat: 0
05-30 16:56:50.531 I/efs.send_log( 2598): log cann't be send because net status is disconnected
05-30 16:56:50.776 D/WifiNl80211Manager( 718): Scan result ready event
05-30 16:56:50.776 D/WifiNative( 718): Scan result ready event
05-30 16:56:50.802 D/WificondScannerImpl( 718): Filtering out 11 scan results.
05-30 16:56:50.845 E/hq ( 2251): NetWorkStateReceiver:::NetWorkStateReceiver onReceive: 网络变化广播 >>>> intent.action=android.net.wifi.SCAN_RESULTS
05-30 16:56:50.849 I/WifiHAL ( 527): call wifi_get_link_stats handler
05-30 16:56:50.849 I/WifiHAL ( 527): Creating message to get link statistics; iface = 16
05-30 16:56:50.849 D/WifiHAL ( 527): error code -95 mapped to -3
05-30 16:56:50.849 E/WifiStaIfaceAidlImpl( 718): getLinkLayerStats failed with service-specific exception: android.os.ServiceSpecificException: (code 4)
05-30 16:56:50.871 W/eventbuscore( 2251): post Event:com.dangbei.leard.base.entity.event.NetWifiRssiEvent
05-30 16:56:50.972 D/hq ( 2251): NetWorkStateReceiver:::检查网络,并且持续更新 isConnect=false
05-30 16:56:51.080 I/SogouIME( 3073): onKeyDown: keyoCode=19
05-30 16:56:51.080 I/DefaultIMS( 3073): onKeyDown: keyoCode=19
05-30 16:56:51.081 I/TvSpecialKeyEventInterceptor( 3073): onKeyDown repeat: 0 onKeyDownConsume: false
05-30 16:56:51.081 I/KeyboardViewPresenter( 3073): getNextKey Key_K
05-30 16:56:51.152 I/SogouIME( 3073): onKeyUp: keyoCode=19
05-30 16:56:51.152 I/DefaultIMS( 3073): onKeyUp: keyoCode=19
05-30 16:56:51.153 I/TvSpecialKeyEventInterceptor( 3073): onKeyUp: onKeyDownConsume false onKeyUpConsume: false repeat: 0
05-30 16:56:51.305 I/SogouIME( 3073): onKeyDown: keyoCode=19
05-30 16:56:51.305 I/DefaultIMS( 3073): onKeyDown: keyoCode=19
05-30 16:56:51.305 I/TvSpecialKeyEventInterceptor( 3073): onKeyDown repeat: 0 onKeyDownConsume: false
05-30 16:56:51.306 I/KeyboardViewPresenter( 3073): getNextKey Key_D
05-30 16:56:51.333 E/WifiScoringParams( 718): Invalid frequency(-1), using 5G as default rssi array
05-30 16:56:51.344 D/InstantWifi( 718): Drop, size: 0
05-30 16:56:51.383 I/SogouIME( 3073): onKeyUp: keyoCode=19
05-30 16:56:51.384 I/DefaultIMS( 3073): onKeyUp: keyoCode=19
05-30 16:56:51.384 I/TvSpecialKeyEventInterceptor( 3073): onKeyUp: onKeyDownConsume false onKeyUpConsume: false repeat: 0
05-30 16:56:51.728 I/SogouIME( 3073): onKeyDown: keyoCode=21
05-30 16:56:51.728 I/DefaultIMS( 3073): onKeyDown: keyoCode=21
05-30 16:56:51.729 I/TvSpecialKeyEventInterceptor( 3073): onKeyDown repeat: 0 onKeyDownConsume: false
05-30 16:56:51.729 I/KeyboardViewPresenter( 3073): getNextKey Key_C
05-30 16:56:51.815 I/SogouIME( 3073): onKeyUp: keyoCode=21
05-30 16:56:51.815 I/DefaultIMS( 3073): onKeyUp: keyoCode=21
05-30 16:56:51.816 I/TvSpecialKeyEventInterceptor( 3073): onKeyUp: onKeyDownConsume false onKeyUpConsume: false repeat: 0
05-30 16:56:51.920 I/SogouIME( 3073): onKeyDown: keyoCode=21
05-30 16:56:51.920 I/DefaultIMS( 3073): onKeyDown: keyoCode=21
05-30 16:56:51.920 I/TvSpecialKeyEventInterceptor( 3073): onKeyDown repeat: 0 onKeyDownConsume: false
05-30 16:56:51.921 I/KeyboardViewPresenter( 3073): getNextKey Key_B
05-30 16:56:51.999 I/SogouIME( 3073): onKeyUp: keyoCode=21
05-30 16:56:51.999 I/DefaultIMS( 3073): onKeyUp: keyoCode=21
05-30 16:56:52.000 I/TvSpecialKeyEventInterceptor( 3073): onKeyUp: onKeyDownConsume false onKeyUpConsume: false repeat: 0
05-30 16:56:52.456 I/SogouIME( 3073): onKeyDown: keyoCode=23
05-30 16:56:52.456 I/DefaultIMS( 3073): onKeyDown: keyoCode=23
05-30 16:56:52.456 I/TvSpecialKeyEventInterceptor( 3073): onKeyDown repeat: 0 onKeyDownConsume: false
05-30 16:56:52.567 I/SogouIME( 3073): onKeyUp: keyoCode=23
05-30 16:56:52.567 I/DefaultIMS( 3073): onKeyUp: keyoCode=23
05-30 16:56:52.569 I/TvSpecialKeyEventInterceptor( 3073): onKeyUp: onKeyDownConsume false onKeyUpConsume: false repeat: 0
05-30 16:56:52.569 I/fB ( 3073): onKeyClick: property=98 code=98 symbol=null
05-30 16:56:52.569 I/KeyEventTransfer( 3073): doKeyInput: property=98 code=98 text=b miniText=null
05-30 16:56:52.592 I/ENKeyHandler( 3073): on selection update: oldStart: 1, oldEnd: 1, newStart: 2, newEnd: 2, composingStart: -1, composingEnd: -1
05-30 16:56:52.864 I/SogouIME( 3073): onKeyDown: keyoCode=20
05-30 16:56:52.864 I/DefaultIMS( 3073): onKeyDown: keyoCode=20
05-30 16:56:52.865 I/TvSpecialKeyEventInterceptor( 3073): onKeyDown repeat: 0 onKeyDownConsume: false
05-30 16:56:52.865 I/KeyboardViewPresenter( 3073): getNextKey Key_I
05-30 16:56:52.969 I/SogouIME( 3073): onKeyUp: keyoCode=20
05-30 16:56:52.969 I/DefaultIMS( 3073): onKeyUp: keyoCode=20
05-30 16:56:52.970 I/TvSpecialKeyEventInterceptor( 3073): onKeyUp: onKeyDownConsume false onKeyUpConsume: false repeat: 0
05-30 16:56:52.973 D/hq ( 2251): NetWorkStateReceiver:::检查网络,并且持续更新 isConnect=false
05-30 16:56:53.109 I/SogouIME( 3073): onKeyDown: keyoCode=22
05-30 16:56:53.109 I/DefaultIMS( 3073): onKeyDown: keyoCode=22
05-30 16:56:53.110 I/TvSpecialKeyEventInterceptor( 3073): onKeyDown repeat: 0 onKeyDownConsume: false
05-30 16:56:53.110 I/KeyboardViewPresenter( 3073): getNextKey Key_J
05-30 16:56:53.174 I/SogouIME( 3073): onKeyUp: keyoCode=22
05-30 16:56:53.174 I/DefaultIMS( 3073): onKeyUp: keyoCode=22
05-30 16:56:53.175 I/TvSpecialKeyEventInterceptor( 3073): onKeyUp: onKeyDownConsume false onKeyUpConsume: false repeat: 0
05-30 16:56:53.281 I/SogouIME( 3073): onKeyDown: keyoCode=22
05-30 16:56:53.281 I/DefaultIMS( 3073): onKeyDown: keyoCode=22
05-30 16:56:53.282 I/TvSpecialKeyEventInterceptor( 3073): onKeyDown repeat: 0 onKeyDownConsume: false
05-30 16:56:53.282 I/KeyboardViewPresenter( 3073): getNextKey Key_K
05-30 16:56:53.352 I/SogouIME( 3073): onKeyUp: keyoCode=22
05-30 16:56:53.352 I/DefaultIMS( 3073): onKeyUp: keyoCode=22
05-30 16:56:53.353 I/TvSpecialKeyEventInterceptor( 3073): onKeyUp: onKeyDownConsume false onKeyUpConsume: false repeat: 0
05-30 16:56:53.455 I/SogouIME( 3073): onKeyDown: keyoCode=22
05-30 16:56:53.455 I/DefaultIMS( 3073): onKeyDown: keyoCode=22
05-30 16:56:53.457 I/TvSpecialKeyEventInterceptor( 3073): onKeyDown repeat: 0 onKeyDownConsume: false
05-30 16:56:53.457 I/KeyboardViewPresenter( 3073): getNextKey Key_L
05-30 16:56:53.528 I/SogouIME( 3073): onKeyUp: keyoCode=22
05-30 16:56:53.528 I/DefaultIMS( 3073): onKeyUp: keyoCode=22
05-30 16:56:53.529 I/TvSpecialKeyEventInterceptor( 3073): onKeyUp: onKeyDownConsume false onKeyUpConsume: false repeat: 0
05-30 16:56:53.631 I/SogouIME( 3073): onKeyDown: keyoCode=22
05-30 16:56:53.631 I/DefaultIMS( 3073): onKeyDown: keyoCode=22
05-30 16:56:53.632 I/TvSpecialKeyEventInterceptor( 3073): onKeyDown repeat: 0 onKeyDownConsume: false
05-30 16:56:53.632 I/KeyboardViewPresenter( 3073): getNextKey Key_M
05-30 16:56:53.695 I/SogouIME( 3073): onKeyUp: keyoCode=22
05-30 16:56:53.695 I/DefaultIMS( 3073): onKeyUp: keyoCode=22
05-30 16:56:53.696 I/TvSpecialKeyEventInterceptor( 3073): onKeyUp: onKeyDownConsume false onKeyUpConsume: false repeat: 0
05-30 16:56:53.808 I/SogouIME( 3073): onKeyDown: keyoCode=22
05-30 16:56:53.808 I/DefaultIMS( 3073): onKeyDown: keyoCode=22
05-30 16:56:53.809 I/TvSpecialKeyEventInterceptor( 3073): onKeyDown repeat: 0 onKeyDownConsume: false
05-30 16:56:53.809 I/KeyboardViewPresenter( 3073): getNextKey Key_N
05-30 16:56:53.871 I/SogouIME( 3073): onKeyUp: keyoCode=22
05-30 16:56:53.871 I/DefaultIMS( 3073): onKeyUp: keyoCode=22
05-30 16:56:53.872 I/TvSpecialKeyEventInterceptor( 3073): onKeyUp: onKeyDownConsume false onKeyUpConsume: false repeat: 0
05-30 16:56:53.878 D/WifiNl80211Manager( 718): Scan result ready event
05-30 16:56:53.878 D/WifiNative( 718): Scan result ready event
05-30 16:56:53.891 D/WificondScannerImpl( 718): Filtering out 13 scan results.
05-30 16:56:53.920 E/hq ( 2251): NetWorkStateReceiver:::NetWorkStateReceiver onReceive: 网络变化广播 >>>> intent.action=android.net.wifi.SCAN_RESULTS
05-30 16:56:53.924 I/WifiHAL ( 527): call wifi_get_link_stats handler
05-30 16:56:53.924 I/WifiHAL ( 527): Creating message to get link statistics; iface = 16
05-30 16:56:53.924 D/WifiHAL ( 527): error code -95 mapped to -3
05-30 16:56:53.925 E/WifiStaIfaceAidlImpl( 718): getLinkLayerStats failed with service-specific exception: android.os.ServiceSpecificException: (code 4)
05-30 16:56:53.942 W/eventbuscore( 2251): post Event:com.dangbei.leard.base.entity.event.NetWifiRssiEvent
05-30 16:56:53.983 I/SogouIME( 3073): onKeyDown: keyoCode=22
05-30 16:56:53.984 I/DefaultIMS( 3073): onKeyDown: keyoCode=22
05-30 16:56:53.984 I/TvSpecialKeyEventInterceptor( 3073): onKeyDown repeat: 0 onKeyDownConsume: false
05-30 16:56:53.984 I/KeyboardViewPresenter( 3073): getNextKey Key_EnSwitchToCh
05-30 16:56:54.040 I/SogouIME( 3073): onKeyUp: keyoCode=22
05-30 16:56:54.040 I/DefaultIMS( 3073): onKeyUp: keyoCode=22
05-30 16:56:54.040 I/TvSpecialKeyEventInterceptor( 3073): onKeyUp: onKeyDownConsume false onKeyUpConsume: false repeat: 0
05-30 16:56:54.183 I/SogouIME( 3073): onKeyDown: keyoCode=22
05-30 16:56:54.183 I/DefaultIMS( 3073): onKeyDown: keyoCode=22
05-30 16:56:54.184 I/TvSpecialKeyEventInterceptor( 3073): onKeyDown repeat: 0 onKeyDownConsume: false
05-30 16:56:54.184 I/KeyboardViewPresenter( 3073): getNextKey Key_Backspace
05-30 16:56:54.256 I/SogouIME( 3073): onKeyUp: keyoCode=22
05-30 16:56:54.256 I/DefaultIMS( 3073): onKeyUp: keyoCode=22
05-30 16:56:54.256 I/TvSpecialKeyEventInterceptor( 3073): onKeyUp: onKeyDownConsume false onKeyUpConsume: false repeat: 0
05-30 16:56:54.593 I/SogouIME( 3073): onKeyDown: keyoCode=19
05-30 16:56:54.593 I/DefaultIMS( 3073): onKeyDown: keyoCode=19
05-30 16:56:54.595 I/TvSpecialKeyEventInterceptor( 3073): onKeyDown repeat: 0 onKeyDownConsume: false
05-30 16:56:54.595 I/KeyboardViewPresenter( 3073): getNextKey Key_Hide_Keyboard
05-30 16:56:54.712 I/SogouIME( 3073): onKeyUp: keyoCode=19
05-30 16:56:54.712 I/DefaultIMS( 3073): onKeyUp: keyoCode=19
05-30 16:56:54.713 I/TvSpecialKeyEventInterceptor( 3073): onKeyUp: onKeyDownConsume false onKeyUpConsume: false repeat: 0
05-30 16:56:54.879 I/SogouIME( 3073): onKeyDown: keyoCode=21
05-30 16:56:54.879 I/DefaultIMS( 3073): onKeyDown: keyoCode=21
05-30 16:56:54.880 I/TvSpecialKeyEventInterceptor( 3073): onKeyDown repeat: 0 onKeyDownConsume: false
05-30 16:56:54.880 I/KeyboardViewPresenter( 3073): getNextKey Key_Shift_Qwerty
05-30 16:56:54.975 D/hq ( 2251): NetWorkStateReceiver:::检查网络,并且持续更新 isConnect=false
05-30 16:56:54.984 I/SogouIME( 3073): onKeyUp: keyoCode=21
05-30 16:56:54.984 I/DefaultIMS( 3073): onKeyUp: keyoCode=21
05-30 16:56:54.985 I/TvSpecialKeyEventInterceptor( 3073): onKeyUp: onKeyDownConsume false onKeyUpConsume: false repeat: 0
05-30 16:56:55.168 I/SogouIME( 3073): onKeyDown: keyoCode=23
05-30 16:56:55.168 I/DefaultIMS( 3073): onKeyDown: keyoCode=23
05-30 16:56:55.169 I/TvSpecialKeyEventInterceptor( 3073): onKeyDown repeat: 0 onKeyDownConsume: false
05-30 16:56:55.281 I/SogouIME( 3073): onKeyUp: keyoCode=23
05-30 16:56:55.281 I/DefaultIMS( 3073): onKeyUp: keyoCode=23
05-30 16:56:55.282 I/TvSpecialKeyEventInterceptor( 3073): onKeyUp: onKeyDownConsume false onKeyUpConsume: false repeat: 0
05-30 16:56:55.282 I/fB ( 3073): onKeyClick: property=-101 code=-101 symbol=null
05-30 16:56:55.283 I/KeyEventTransfer( 3073): doKeyInput: property=-101 code=-101 text=null miniText=null
05-30 16:56:55.753 I/SogouIME( 3073): onKeyDown: keyoCode=20
05-30 16:56:55.753 I/DefaultIMS( 3073): onKeyDown: keyoCode=20
05-30 16:56:55.754 I/TvSpecialKeyEventInterceptor( 3073): onKeyDown repeat: 0 onKeyDownConsume: false
05-30 16:56:55.754 I/KeyboardViewPresenter( 3073): getNextKey Key_EnSwitchToCh
05-30 16:56:55.863 I/SogouIME( 3073): onKeyUp: keyoCode=20
05-30 16:56:55.864 I/DefaultIMS( 3073): onKeyUp: keyoCode=20
05-30 16:56:55.865 I/TvSpecialKeyEventInterceptor( 3073): onKeyUp: onKeyDownConsume false onKeyUpConsume: false repeat: 0
05-30 16:56:56.119 I/SogouIME( 3073): onKeyDown: keyoCode=21
05-30 16:56:56.119 I/DefaultIMS( 3073): onKeyDown: keyoCode=21
05-30 16:56:56.120 I/TvSpecialKeyEventInterceptor( 3073): onKeyDown repeat: 0 onKeyDownConsume: false
05-30 16:56:56.120 I/KeyboardViewPresenter( 3073): getNextKey Key_N
05-30 16:56:56.207 I/SogouIME( 3073): onKeyUp: keyoCode=21
05-30 16:56:56.207 I/DefaultIMS( 3073): onKeyUp: keyoCode=21
05-30 16:56:56.208 I/TvSpecialKeyEventInterceptor( 3073): onKeyUp: onKeyDownConsume false onKeyUpConsume: false repeat: 0
05-30 16:56:56.327 I/SogouIME( 3073): onKeyDown: keyoCode=21
05-30 16:56:56.327 I/DefaultIMS( 3073): onKeyDown: keyoCode=21
05-30 16:56:56.328 I/TvSpecialKeyEventInterceptor( 3073): onKeyDown repeat: 0 onKeyDownConsume: false
05-30 16:56:56.328 I/KeyboardViewPresenter( 3073): getNextKey Key_M
05-30 16:56:56.399 I/SogouIME( 3073): onKeyUp: keyoCode=21
05-30 16:56:56.399 I/DefaultIMS( 3073): onKeyUp: keyoCode=21
05-30 16:56:56.400 I/TvSpecialKeyEventInterceptor( 3073): onKeyUp: onKeyDownConsume false onKeyUpConsume: false repeat: 0
05-30 16:56:56.512 I/SogouIME( 3073): onKeyDown: keyoCode=21
05-30 16:56:56.512 I/DefaultIMS( 3073): onKeyDown: keyoCode=21
05-30 16:56:56.513 I/TvSpecialKeyEventInterceptor( 3073): onKeyDown repeat: 0 onKeyDownConsume: false
05-30 16:56:56.513 I/KeyboardViewPresenter( 3073): getNextKey Key_L
05-30 16:56:56.566 I/SogouIME( 3073): onKeyUp: keyoCode=21
05-30 16:56:56.566 I/DefaultIMS( 3073): onKeyUp: keyoCode=21
05-30 16:56:56.567 I/TvSpecialKeyEventInterceptor( 3073): onKeyUp: onKeyDownConsume false onKeyUpConsume: false repeat: 0
05-30 16:56:56.679 I/SogouIME( 3073): onKeyDown: keyoCode=21
05-30 16:56:56.679 I/DefaultIMS( 3073): onKeyDown: keyoCode=21
05-30 16:56:56.680 I/TvSpecialKeyEventInterceptor( 3073): onKeyDown repeat: 0 onKeyDownConsume: false
05-30 16:56:56.681 I/KeyboardViewPresenter( 3073): getNextKey Key_K
05-30 16:56:56.743 I/SogouIME( 3073): onKeyUp: keyoCode=21
05-30 16:56:56.743 I/DefaultIMS( 3073): onKeyUp: keyoCode=21
05-30 16:56:56.744 I/TvSpecialKeyEventInterceptor( 3073): onKeyUp: onKeyDownConsume false onKeyUpConsume: false repeat: 0
05-30 16:56:56.976 D/hq ( 2251): NetWorkStateReceiver:::检查网络,并且持续更新 isConnect=false
05-30 16:56:57.424 I/SogouIME( 3073): onKeyDown: keyoCode=20
05-30 16:56:57.424 I/DefaultIMS( 3073): onKeyDown: keyoCode=20
05-30 16:56:57.425 I/TvSpecialKeyEventInterceptor( 3073): onKeyDown repeat: 0 onKeyDownConsume: false
05-30 16:56:57.425 I/KeyboardViewPresenter( 3073): getNextKey Key_R
05-30 16:56:57.511 I/SogouIME( 3073): onKeyUp: keyoCode=20
05-30 16:56:57.512 I/DefaultIMS( 3073): onKeyUp: keyoCode=20
05-30 16:56:57.513 I/TvSpecialKeyEventInterceptor( 3073): onKeyUp: onKeyDownConsume false onKeyUpConsume: false repeat: 0
05-30 16:56:57.720 I/SogouIME( 3073): onKeyDown: keyoCode=20
05-30 16:56:57.720 I/DefaultIMS( 3073): onKeyDown: keyoCode=20
05-30 16:56:57.721 I/TvSpecialKeyEventInterceptor( 3073): onKeyDown repeat: 0 onKeyDownConsume: false
05-30 16:56:57.721 I/KeyboardViewPresenter( 3073): getNextKey Key_Y
05-30 16:56:57.806 I/SogouIME( 3073): onKeyUp: keyoCode=20
05-30 16:56:57.806 I/DefaultIMS( 3073): onKeyUp: keyoCode=20
05-30 16:56:57.807 I/TvSpecialKeyEventInterceptor( 3073): onKeyUp: onKeyDownConsume false onKeyUpConsume: false repeat: 0
05-30 16:56:57.968 I/SogouIME( 3073): onKeyDown: keyoCode=22
05-30 16:56:57.968 I/DefaultIMS( 3073): onKeyDown: keyoCode=22
05-30 16:56:57.969 I/TvSpecialKeyEventInterceptor( 3073): onKeyDown repeat: 0 onKeyDownConsume: false
05-30 16:56:57.969 I/KeyboardViewPresenter( 3073): getNextKey Key_Z
05-30 16:56:58.054 I/SogouIME( 3073): onKeyUp: keyoCode=22
05-30 16:56:58.055 I/DefaultIMS( 3073): onKeyUp: keyoCode=22
05-30 16:56:58.055 I/TvSpecialKeyEventInterceptor( 3073): onKeyUp: onKeyDownConsume false onKeyUpConsume: false repeat: 0
05-30 16:56:58.456 I/SogouIME( 3073): onKeyDown: keyoCode=23
05-30 16:56:58.457 I/DefaultIMS( 3073): onKeyDown: keyoCode=23
05-30 16:56:58.457 I/TvSpecialKeyEventInterceptor( 3073): onKeyDown repeat: 0 onKeyDownConsume: false
05-30 16:56:58.585 I/SogouIME( 3073): onKeyUp: keyoCode=23
05-30 16:56:58.585 I/DefaultIMS( 3073): onKeyUp: keyoCode=23
05-30 16:56:58.586 I/TvSpecialKeyEventInterceptor( 3073): onKeyUp: onKeyDownConsume false onKeyUpConsume: false repeat: 0
05-30 16:56:58.586 I/fB ( 3073): onKeyClick: property=122 code=122 symbol=null
05-30 16:56:58.586 I/KeyEventTransfer( 3073): doKeyInput: property=122 code=122 text=z miniText=null
05-30 16:56:58.607 I/ENKeyHandler( 3073): on selection update: oldStart: 2, oldEnd: 2, newStart: 3, newEnd: 3, composingStart: -1, composingEnd: -1
05-30 16:56:58.628 I/SogouIME( 3073): onKeyDown: keyoCode=19
05-30 16:56:58.628 I/DefaultIMS( 3073): onKeyDown: keyoCode=19
05-30 16:56:58.628 I/TvSpecialKeyEventInterceptor( 3073): onKeyDown repeat: 0 onKeyDownConsume: false
05-30 16:56:58.629 I/KeyboardViewPresenter( 3073): getNextKey Key_S
05-30 16:56:58.729 I/SogouIME( 3073): onKeyUp: keyoCode=19
05-30 16:56:58.729 I/DefaultIMS( 3073): onKeyUp: keyoCode=19
05-30 16:56:58.730 I/TvSpecialKeyEventInterceptor( 3073): onKeyUp: onKeyDownConsume false onKeyUpConsume: false repeat: 0
05-30 16:56:58.841 I/SogouIME( 3073): onKeyDown: keyoCode=19
05-30 16:56:58.841 I/DefaultIMS( 3073): onKeyDown: keyoCode=19
05-30 16:56:58.842 I/TvSpecialKeyEventInterceptor( 3073): onKeyDown repeat: 0 onKeyDownConsume: false
05-30 16:56:58.842 I/KeyboardViewPresenter( 3073): getNextKey Key_L
05-30 16:56:58.911 I/SogouIME( 3073): onKeyUp: keyoCode=19
05-30 16:56:58.911 I/DefaultIMS( 3073): onKeyUp: keyoCode=19
05-30 16:56:58.912 I/TvSpecialKeyEventInterceptor( 3073): onKeyUp: onKeyDownConsume false onKeyUpConsume: false repeat: 0
05-30 16:56:58.977 D/hq ( 2251): NetWorkStateReceiver:::检查网络,并且持续更新 isConnect=false
05-30 16:56:59.376 I/SogouIME( 3073): onKeyDown: keyoCode=22
05-30 16:56:59.376 I/DefaultIMS( 3073): onKeyDown: keyoCode=22
05-30 16:56:59.377 I/TvSpecialKeyEventInterceptor( 3073): onKeyDown repeat: 0 onKeyDownConsume: false
05-30 16:56:59.377 I/KeyboardViewPresenter( 3073): getNextKey Key_M
05-30 16:56:59.471 I/SogouIME( 3073): onKeyUp: keyoCode=22
05-30 16:56:59.471 I/DefaultIMS( 3073): onKeyUp: keyoCode=22
05-30 16:56:59.472 I/TvSpecialKeyEventInterceptor( 3073): onKeyUp: onKeyDownConsume false onKeyUpConsume: false repeat: 0
05-30 16:56:59.584 I/SogouIME( 3073): onKeyDown: keyoCode=22
05-30 16:56:59.584 I/DefaultIMS( 3073): onKeyDown: keyoCode=22
05-30 16:56:59.585 I/TvSpecialKeyEventInterceptor( 3073): onKeyDown repeat: 0 onKeyDownConsume: false
05-30 16:56:59.585 I/KeyboardViewPresenter( 3073): getNextKey Key_N
05-30 16:56:59.655 I/SogouIME( 3073): onKeyUp: keyoCode=22
05-30 16:56:59.656 I/DefaultIMS( 3073): onKeyUp: keyoCode=22
05-30 16:56:59.656 I/TvSpecialKeyEventInterceptor( 3073): onKeyUp: onKeyDownConsume false onKeyUpConsume: false repeat: 0
05-30 16:57:00.137 I/SogouIME( 3073): onKeyDown: keyoCode=23
05-30 16:57:00.137 I/DefaultIMS( 3073): onKeyDown: keyoCode=23
05-30 16:57:00.138 I/TvSpecialKeyEventInterceptor( 3073): onKeyDown repeat: 0 onKeyDownConsume: false
05-30 16:57:00.223 I/SogouIME( 3073): onKeyUp: keyoCode=23
05-30 16:57:00.223 I/DefaultIMS( 3073): onKeyUp: keyoCode=23
05-30 16:57:00.224 I/TvSpecialKeyEventInterceptor( 3073): onKeyUp: onKeyDownConsume false onKeyUpConsume: false repeat: 0
05-30 16:57:00.224 I/fB ( 3073): onKeyClick: property=110 code=110 symbol=null
05-30 16:57:00.224 I/KeyEventTransfer( 3073): doKeyInput: property=110 code=110 text=n miniText=null
05-30 16:57:00.239 I/ENKeyHandler( 3073): on selection update: oldStart: 3, oldEnd: 3, newStart: 4, newEnd: 4, composingStart: -1, composingEnd: -1
05-30 16:57:00.376 I/SogouIME( 3073): onKeyDown: keyoCode=21
05-30 16:57:00.376 I/DefaultIMS( 3073): onKeyDown: keyoCode=21
05-30 16:57:00.377 I/TvSpecialKeyEventInterceptor( 3073): onKeyDown repeat: 0 onKeyDownConsume: false
05-30 16:57:00.378 I/KeyboardViewPresenter( 3073): getNextKey Key_M
05-30 16:57:00.455 I/SogouIME( 3073): onKeyUp: keyoCode=21
05-30 16:57:00.455 I/DefaultIMS( 3073): onKeyUp: keyoCode=21
05-30 16:57:00.456 I/TvSpecialKeyEventInterceptor( 3073): onKeyUp: onKeyDownConsume false onKeyUpConsume: false repeat: 0
05-30 16:57:00.552 I/SogouIME( 3073): onKeyDown: keyoCode=21
05-30 16:57:00.552 I/DefaultIMS( 3073): onKeyDown: keyoCode=21
05-30 16:57:00.554 I/TvSpecialKeyEventInterceptor( 3073): onKeyDown repeat: 0 onKeyDownConsume: false
05-30 16:57:00.554 I/KeyboardViewPresenter( 3073): getNextKey Key_L
05-30 16:57:00.582 I/efs.send_log( 2598): log cann't be send because net status is disconnected
05-30 16:57:00.640 I/SogouIME( 3073): onKeyUp: keyoCode=21
05-30 16:57:00.640 I/DefaultIMS( 3073): onKeyUp: keyoCode=21
05-30 16:57:00.641 I/TvSpecialKeyEventInterceptor( 3073): onKeyUp: onKeyDownConsume false onKeyUpConsume: false repeat: 0
05-30 16:57:00.735 I/SogouIME( 3073): onKeyDown: keyoCode=21
05-30 16:57:00.735 I/DefaultIMS( 3073): onKeyDown: keyoCode=21
05-30 16:57:00.736 I/TvSpecialKeyEventInterceptor( 3073): onKeyDown repeat: 0 onKeyDownConsume: false
05-30 16:57:00.736 I/KeyboardViewPresenter( 3073): getNextKey Key_K
05-30 16:57:00.816 I/SogouIME( 3073): onKeyUp: keyoCode=21
05-30 16:57:00.816 I/DefaultIMS( 3073): onKeyUp: keyoCode=21
05-30 16:57:00.816 I/TvSpecialKeyEventInterceptor( 3073): onKeyUp: onKeyDownConsume false onKeyUpConsume: false repeat: 0
05-30 16:57:00.978 D/hq ( 2251): NetWorkStateReceiver:::检查网络,并且持续更新 isConnect=false
05-30 16:57:01.175 I/SogouIME( 3073): onKeyDown: keyoCode=19
05-30 16:57:01.176 I/DefaultIMS( 3073): onKeyDown: keyoCode=19
05-30 16:57:01.177 I/TvSpecialKeyEventInterceptor( 3073): onKeyDown repeat: 0 onKeyDownConsume: false
05-30 16:57:01.177 I/KeyboardViewPresenter( 3073): getNextKey Key_D
05-30 16:57:01.312 I/SogouIME( 3073): onKeyUp: keyoCode=19
05-30 16:57:01.312 I/DefaultIMS( 3073): onKeyUp: keyoCode=19
05-30 16:57:01.313 I/TvSpecialKeyEventInterceptor( 3073): onKeyUp: onKeyDownConsume false onKeyUpConsume: false repeat: 0
05-30 16:57:01.495 I/SogouIME( 3073): onKeyDown: keyoCode=23
05-30 16:57:01.495 I/DefaultIMS( 3073): onKeyDown: keyoCode=23
05-30 16:57:01.496 I/TvSpecialKeyEventInterceptor( 3073): onKeyDown repeat: 0 onKeyDownConsume: false
05-30 16:57:01.615 I/SogouIME( 3073): onKeyUp: keyoCode=23
05-30 16:57:01.615 I/DefaultIMS( 3073): onKeyUp: keyoCode=23
05-30 16:57:01.616 I/TvSpecialKeyEventInterceptor( 3073): onKeyUp: onKeyDownConsume false onKeyUpConsume: false repeat: 0
05-30 16:57:01.617 I/fB ( 3073): onKeyClick: property=100 code=100 symbol=null
05-30 16:57:01.617 I/KeyEventTransfer( 3073): doKeyInput: property=100 code=100 text=d miniText=null
05-30 16:57:01.640 I/ENKeyHandler( 3073): on selection update: oldStart: 4, oldEnd: 4, newStart: 5, newEnd: 5, composingStart: -1, composingEnd: -1
05-30 16:57:01.695 I/SogouIME( 3073): onKeyDown: keyoCode=20
05-30 16:57:01.695 I/DefaultIMS( 3073): onKeyDown: keyoCode=20
05-30 16:57:01.695 I/TvSpecialKeyEventInterceptor( 3073): onKeyDown repeat: 0 onKeyDownConsume: false
05-30 16:57:01.696 I/KeyboardViewPresenter( 3073): getNextKey Key_K
05-30 16:57:01.800 I/SogouIME( 3073): onKeyUp: keyoCode=20
05-30 16:57:01.800 I/DefaultIMS( 3073): onKeyUp: keyoCode=20
05-30 16:57:01.801 I/TvSpecialKeyEventInterceptor( 3073): onKeyUp: onKeyDownConsume false onKeyUpConsume: false repeat: 0
05-30 16:57:01.895 I/SogouIME( 3073): onKeyDown: keyoCode=20
05-30 16:57:01.895 I/DefaultIMS( 3073): onKeyDown: keyoCode=20
05-30 16:57:01.897 I/TvSpecialKeyEventInterceptor( 3073): onKeyDown repeat: 0 onKeyDownConsume: false
05-30 16:57:01.897 I/KeyboardViewPresenter( 3073): getNextKey Key_R
05-30 16:57:01.984 I/SogouIME( 3073): onKeyUp: keyoCode=20
05-30 16:57:01.984 I/DefaultIMS( 3073): onKeyUp: keyoCode=20
05-30 16:57:01.985 I/TvSpecialKeyEventInterceptor( 3073): onKeyUp: onKeyDownConsume false onKeyUpConsume: false repeat: 0
05-30 16:57:02.169 I/SogouIME( 3073): onKeyDown: keyoCode=22
05-30 16:57:02.169 I/DefaultIMS( 3073): onKeyDown: keyoCode=22
05-30 16:57:02.170 I/TvSpecialKeyEventInterceptor( 3073): onKeyDown repeat: 0 onKeyDownConsume: false
05-30 16:57:02.170 I/KeyboardViewPresenter( 3073): getNextKey Key_S
05-30 16:57:02.272 I/SogouIME( 3073): onKeyUp: keyoCode=22
05-30 16:57:02.272 I/DefaultIMS( 3073): onKeyUp: keyoCode=22
05-30 16:57:02.273 I/TvSpecialKeyEventInterceptor( 3073): onKeyUp: onKeyDownConsume false onKeyUpConsume: false repeat: 0
05-30 16:57:02.561 I/SogouIME( 3073): onKeyDown: keyoCode=23
05-30 16:57:02.561 I/DefaultIMS( 3073): onKeyDown: keyoCode=23
05-30 16:57:02.562 I/TvSpecialKeyEventInterceptor( 3073): onKeyDown repeat: 0 onKeyDownConsume: false
05-30 16:57:02.680 I/SogouIME( 3073): onKeyUp: keyoCode=23
05-30 16:57:02.680 I/DefaultIMS( 3073): onKeyUp: keyoCode=23
05-30 16:57:02.681 I/TvSpecialKeyEventInterceptor( 3073): onKeyUp: onKeyDownConsume false onKeyUpConsume: false repeat: 0
05-30 16:57:02.681 I/fB ( 3073): onKeyClick: property=115 code=115 symbol=null
05-30 16:57:02.682 I/KeyEventTransfer( 3073): doKeyInput: property=115 code=115 text=s miniText=null
05-30 16:57:02.695 I/ENKeyHandler( 3073): on selection update: oldStart: 5, oldEnd: 5, newStart: 6, newEnd: 6, composingStart: -1, composingEnd: -1
05-30 16:57:02.808 I/SogouIME( 3073): onKeyDown: keyoCode=21
05-30 16:57:02.808 I/DefaultIMS( 3073): onKeyDown: keyoCode=21
05-30 16:57:02.809 I/TvSpecialKeyEventInterceptor( 3073): onKeyDown repeat: 0 onKeyDownConsume: false
05-30 16:57:02.809 I/KeyboardViewPresenter( 3073): getNextKey Key_R
05-30 16:57:02.911 I/SogouIME( 3073): onKeyUp: keyoCode=21
05-30 16:57:02.912 I/DefaultIMS( 3073): onKeyUp: keyoCode=21
05-30 16:57:02.912 I/TvSpecialKeyEventInterceptor( 3073): onKeyUp: onKeyDownConsume false onKeyUpConsume: false repeat: 0
05-30 16:57:02.980 D/hq ( 2251): NetWorkStateReceiver:::检查网络,并且持续更新 isConnect=false
05-30 16:57:03.032 I/SogouIME( 3073): onKeyDown: keyoCode=21
05-30 16:57:03.032 I/DefaultIMS( 3073): onKeyDown: keyoCode=21
05-30 16:57:03.033 I/TvSpecialKeyEventInterceptor( 3073): onKeyDown repeat: 0 onKeyDownConsume: false
05-30 16:57:03.033 I/KeyboardViewPresenter( 3073): getNextKey Key_Q
05-30 16:57:03.096 I/SogouIME( 3073): onKeyUp: keyoCode=21
05-30 16:57:03.096 I/DefaultIMS( 3073): onKeyUp: keyoCode=21
05-30 16:57:03.097 I/TvSpecialKeyEventInterceptor( 3073): onKeyUp: onKeyDownConsume false onKeyUpConsume: false repeat: 0
05-30 16:57:03.223 I/SogouIME( 3073): onKeyDown: keyoCode=21
05-30 16:57:03.223 I/DefaultIMS( 3073): onKeyDown: keyoCode=21
05-30 16:57:03.224 I/TvSpecialKeyEventInterceptor( 3073): onKeyDown repeat: 0 onKeyDownConsume: false
05-30 16:57:03.224 I/KeyboardViewPresenter( 3073): getNextKey Key_P
05-30 16:57:03.280 I/SogouIME( 3073): onKeyUp: keyoCode=21
05-30 16:57:03.280 I/DefaultIMS( 3073): onKeyUp: keyoCode=21
05-30 16:57:03.282 I/TvSpecialKeyEventInterceptor( 3073): onKeyUp: onKeyDownConsume false onKeyUpConsume: false repeat: 0
05-30 16:57:03.417 I/SogouIME( 3073): onKeyDown: keyoCode=21
05-30 16:57:03.417 I/DefaultIMS( 3073): onKeyDown: keyoCode=21
05-30 16:57:03.417 I/TvSpecialKeyEventInterceptor( 3073): onKeyDown repeat: 0 onKeyDownConsume: false
05-30 16:57:03.418 I/KeyboardViewPresenter( 3073): getNextKey Key_O
05-30 16:57:03.486 I/SogouIME( 3073): onKeyUp: keyoCode=21
05-30 16:57:03.486 I/DefaultIMS( 3073): onKeyUp: keyoCode=21
05-30 16:57:03.487 I/TvSpecialKeyEventInterceptor( 3073): onKeyUp: onKeyDownConsume false onKeyUpConsume: false repeat: 0
05-30 16:57:03.609 I/SogouIME( 3073): onKeyDown: keyoCode=21
05-30 16:57:03.609 I/DefaultIMS( 3073): onKeyDown: keyoCode=21
05-30 16:57:03.611 I/TvSpecialKeyEventInterceptor( 3073): onKeyDown repeat: 0 onKeyDownConsume: false
05-30 16:57:03.611 I/KeyboardViewPresenter( 3073): getNextKey Key_9
05-30 16:57:03.686 I/SogouIME( 3073): onKeyUp: keyoCode=21
05-30 16:57:03.686 I/DefaultIMS( 3073): onKeyUp: keyoCode=21
05-30 16:57:03.687 I/TvSpecialKeyEventInterceptor( 3073): onKeyUp: onKeyDownConsume false onKeyUpConsume: false repeat: 0
05-30 16:57:03.730 D/OomAdjuster( 718): Not killing cached processes
05-30 16:57:03.733 D/bbb ( 2121): onStartCommand begin !!!!!!! data分区剩余 54610MB
05-30 16:57:03.824 I/SogouIME( 3073): onKeyDown: keyoCode=21
05-30 16:57:03.824 I/DefaultIMS( 3073): onKeyDown: keyoCode=21
05-30 16:57:03.826 I/TvSpecialKeyEventInterceptor( 3073): onKeyDown repeat: 0 onKeyDownConsume: false
05-30 16:57:03.826 I/KeyboardViewPresenter( 3073): getNextKey Key_8
05-30 16:57:03.911 I/SogouIME( 3073): onKeyUp: keyoCode=21
05-30 16:57:03.911 I/DefaultIMS( 3073): onKeyUp: keyoCode=21
05-30 16:57:03.913 I/TvSpecialKeyEventInterceptor( 3073): onKeyUp: onKeyDownConsume false onKeyUpConsume: false repeat: 0
05-30 16:57:04.026 I/WifiService( 718): startScan uid=10029
05-30 16:57:04.028 I/WifiScanRequestProxy( 718): Scan request from com.dangbei.hqguide throttled
05-30 16:57:04.029 E/WifiService( 718): Failed to start scan
05-30 16:57:04.033 I/WifiService( 718): startScan uid=10029
05-30 16:57:04.035 I/WifiScanRequestProxy( 718): Scan request from com.dangbei.hqguide throttled
05-30 16:57:04.035 E/WifiService( 718): Failed to start scan
05-30 16:57:04.056 I/SogouIME( 3073): onKeyDown: keyoCode=21
05-30 16:57:04.056 I/DefaultIMS( 3073): onKeyDown: keyoCode=21
05-30 16:57:04.057 I/TvSpecialKeyEventInterceptor( 3073): onKeyDown repeat: 0 onKeyDownConsume: false
05-30 16:57:04.057 I/KeyboardViewPresenter( 3073): getNextKey Key_7
05-30 16:57:04.063 I/SogouIME( 3073): onKeyUp: keyoCode=21
05-30 16:57:04.063 I/DefaultIMS( 3073): onKeyUp: keyoCode=21
05-30 16:57:04.064 I/TvSpecialKeyEventInterceptor( 3073): onKeyUp: onKeyDownConsume false onKeyUpConsume: false repeat: 0
05-30 16:57:04.335 I/SogouIME( 3073): onKeyDown: keyoCode=19
05-30 16:57:04.335 I/DefaultIMS( 3073): onKeyDown: keyoCode=19
05-30 16:57:04.336 I/TvSpecialKeyEventInterceptor( 3073): onKeyDown repeat: 0 onKeyDownConsume: false
05-30 16:57:04.337 I/KeyboardViewPresenter( 3073): getNextKey Key_4
05-30 16:57:04.430 I/SogouIME( 3073): onKeyUp: keyoCode=19
05-30 16:57:04.430 I/DefaultIMS( 3073): onKeyUp: keyoCode=19
05-30 16:57:04.431 I/TvSpecialKeyEventInterceptor( 3073): onKeyUp: onKeyDownConsume false onKeyUpConsume: false repeat: 0
05-30 16:57:04.552 I/SogouIME( 3073): onKeyDown: keyoCode=19
05-30 16:57:04.553 I/DefaultIMS( 3073): onKeyDown: keyoCode=19
05-30 16:57:04.553 I/TvSpecialKeyEventInterceptor( 3073): onKeyDown repeat: 0 onKeyDownConsume: false
05-30 16:57:04.553 I/KeyboardViewPresenter( 3073): getNextKey Key_1
05-30 16:57:04.639 I/SogouIME( 3073): onKeyUp: keyoCode=19
05-30 16:57:04.639 I/DefaultIMS( 3073): onKeyUp: keyoCode=19
05-30 16:57:04.640 I/TvSpecialKeyEventInterceptor( 3073): onKeyUp: onKeyDownConsume false onKeyUpConsume: false repeat: 0
05-30 16:57:04.832 I/SogouIME( 3073): onKeyDown: keyoCode=22
05-30 16:57:04.832 I/DefaultIMS( 3073): onKeyDown: keyoCode=22
05-30 16:57:04.833 I/TvSpecialKeyEventInterceptor( 3073): onKeyDown repeat: 0 onKeyDownConsume: false
05-30 16:57:04.834 I/KeyboardViewPresenter( 3073): getNextKey Key_2
05-30 16:57:04.943 I/SogouIME( 3073): onKeyUp: keyoCode=22
05-30 16:57:04.943 I/DefaultIMS( 3073): onKeyUp: keyoCode=22
05-30 16:57:04.944 I/TvSpecialKeyEventInterceptor( 3073): onKeyUp: onKeyDownConsume false onKeyUpConsume: false repeat: 0
05-30 16:57:04.981 D/hq ( 2251): NetWorkStateReceiver:::检查网络,并且持续更新 isConnect=false
05-30 16:57:05.296 I/SogouIME( 3073): onKeyDown: keyoCode=23
05-30 16:57:05.296 I/DefaultIMS( 3073): onKeyDown: keyoCode=23
05-30 16:57:05.297 I/TvSpecialKeyEventInterceptor( 3073): onKeyDown repeat: 0 onKeyDownConsume: false
05-30 16:57:05.399 I/SogouIME( 3073): onKeyUp: keyoCode=23
05-30 16:57:05.399 I/DefaultIMS( 3073): onKeyUp: keyoCode=23
05-30 16:57:05.400 I/TvSpecialKeyEventInterceptor( 3073): onKeyUp: onKeyDownConsume false onKeyUpConsume: false repeat: 0
05-30 16:57:05.401 I/fB ( 3073): onKeyClick: property=61440 code=48 symbol=0x32
05-30 16:57:05.401 I/KeyEventTransfer( 3073): doKeyInput: property=61440 code=48 text=2 miniText=null
05-30 16:57:05.420 I/ENKeyHandler( 3073): on selection update: oldStart: 6, oldEnd: 6, newStart: 7, newEnd: 7, composingStart: -1, composingEnd: -1
05-30 16:57:05.505 I/SogouIME( 3073): onKeyDown: keyoCode=20
05-30 16:57:05.505 I/DefaultIMS( 3073): onKeyDown: keyoCode=20
05-30 16:57:05.506 I/TvSpecialKeyEventInterceptor( 3073): onKeyDown repeat: 0 onKeyDownConsume: false
05-30 16:57:05.506 I/KeyboardViewPresenter( 3073): getNextKey Key_5
05-30 16:57:05.575 I/SogouIME( 3073): onKeyUp: keyoCode=20
05-30 16:57:05.575 I/DefaultIMS( 3073): onKeyUp: keyoCode=20
05-30 16:57:05.576 I/TvSpecialKeyEventInterceptor( 3073): onKeyUp: onKeyDownConsume false onKeyUpConsume: false repeat: 0
05-30 16:57:05.687 I/SogouIME( 3073): onKeyDown: keyoCode=20
05-30 16:57:05.688 I/DefaultIMS( 3073): onKeyDown: keyoCode=20
05-30 16:57:05.688 I/TvSpecialKeyEventInterceptor( 3073): onKeyDown repeat: 0 onKeyDownConsume: false
05-30 16:57:05.689 I/KeyboardViewPresenter( 3073): getNextKey Key_8
05-30 16:57:05.744 I/SogouIME( 3073): onKeyUp: keyoCode=20
05-30 16:57:05.744 I/DefaultIMS( 3073): onKeyUp: keyoCode=20
05-30 16:57:05.745 I/TvSpecialKeyEventInterceptor( 3073): onKeyUp: onKeyDownConsume false onKeyUpConsume: false repeat: 0
05-30 16:57:05.871 I/SogouIME( 3073): onKeyDown: keyoCode=20
05-30 16:57:05.871 I/DefaultIMS( 3073): onKeyDown: keyoCode=20
05-30 16:57:05.872 I/TvSpecialKeyEventInterceptor( 3073): onKeyDown repeat: 0 onKeyDownConsume: false
05-30 16:57:05.872 I/KeyboardViewPresenter( 3073): getNextKey Key_0
05-30 16:57:05.926 I/SogouIME( 3073): onKeyUp: keyoCode=20
05-30 16:57:05.926 I/DefaultIMS( 3073): onKeyUp: keyoCode=20
05-30 16:57:05.927 I/TvSpecialKeyEventInterceptor( 3073): onKeyUp: onKeyDownConsume false onKeyUpConsume: false repeat: 0
05-30 16:57:06.280 I/SogouIME( 3073): onKeyDown: keyoCode=23
05-30 16:57:06.280 I/DefaultIMS( 3073): onKeyDown: keyoCode=23
05-30 16:57:06.281 I/TvSpecialKeyEventInterceptor( 3073): onKeyDown repeat: 0 onKeyDownConsume: false
05-30 16:57:06.383 I/SogouIME( 3073): onKeyUp: keyoCode=23
05-30 16:57:06.383 I/DefaultIMS( 3073): onKeyUp: keyoCode=23
05-30 16:57:06.383 I/TvSpecialKeyEventInterceptor( 3073): onKeyUp: onKeyDownConsume false onKeyUpConsume: false repeat: 0
05-30 16:57:06.384 I/fB ( 3073): onKeyClick: property=61440 code=48 symbol=0
05-30 16:57:06.384 I/KeyEventTransfer( 3073): doKeyInput: property=61440 code=48 text=0 miniText=null
05-30 16:57:06.397 I/ENKeyHandler( 3073): on selection update: oldStart: 7, oldEnd: 7, newStart: 8, newEnd: 8, composingStart: -1, composingEnd: -1
05-30 16:57:06.488 I/SogouIME( 3073): onKeyDown: keyoCode=19
05-30 16:57:06.488 I/DefaultIMS( 3073): onKeyDown: keyoCode=19
05-30 16:57:06.489 I/TvSpecialKeyEventInterceptor( 3073): onKeyDown repeat: 0 onKeyDownConsume: false
05-30 16:57:06.490 I/KeyboardViewPresenter( 3073): getNextKey Key_8
05-30 16:57:06.575 I/SogouIME( 3073): onKeyUp: keyoCode=19
05-30 16:57:06.575 I/DefaultIMS( 3073): onKeyUp: keyoCode=19
05-30 16:57:06.576 I/TvSpecialKeyEventInterceptor( 3073): onKeyUp: onKeyDownConsume false onKeyUpConsume: false repeat: 0
05-30 16:57:06.687 I/SogouIME( 3073): onKeyDown: keyoCode=19
05-30 16:57:06.687 I/DefaultIMS( 3073): onKeyDown: keyoCode=19
05-30 16:57:06.688 I/TvSpecialKeyEventInterceptor( 3073): onKeyDown repeat: 0 onKeyDownConsume: false
05-30 16:57:06.689 I/KeyboardViewPresenter( 3073): getNextKey Key_5
05-30 16:57:06.758 I/SogouIME( 3073): onKeyUp: keyoCode=19
05-30 16:57:06.759 I/DefaultIMS( 3073): onKeyUp: keyoCode=19
05-30 16:57:06.759 I/TvSpecialKeyEventInterceptor( 3073): onKeyUp: onKeyDownConsume false onKeyUpConsume: false repeat: 0
05-30 16:57:06.871 I/SogouIME( 3073): onKeyDown: keyoCode=19
05-30 16:57:06.871 I/DefaultIMS( 3073): onKeyDown: keyoCode=19
05-30 16:57:06.872 I/TvSpecialKeyEventInterceptor( 3073): onKeyDown repeat: 0 onKeyDownConsume: false
05-30 16:57:06.872 I/KeyboardViewPresenter( 3073): getNextKey Key_2
05-30 16:57:06.959 I/SogouIME( 3073): onKeyUp: keyoCode=19
05-30 16:57:06.959 I/DefaultIMS( 3073): onKeyUp: keyoCode=19
05-30 16:57:06.961 I/TvSpecialKeyEventInterceptor( 3073): onKeyUp: onKeyDownConsume false onKeyUpConsume: false repeat: 0
05-30 16:57:06.983 D/hq ( 2251): NetWorkStateReceiver:::检查网络,并且持续更新 isConnect=false
05-30 16:57:07.504 I/SogouIME( 3073): onKeyDown: keyoCode=21
05-30 16:57:07.504 I/DefaultIMS( 3073): onKeyDown: keyoCode=21
05-30 16:57:07.505 I/TvSpecialKeyEventInterceptor( 3073): onKeyDown repeat: 0 onKeyDownConsume: false
05-30 16:57:07.505 I/KeyboardViewPresenter( 3073): getNextKey Key_1
05-30 16:57:07.607 I/SogouIME( 3073): onKeyUp: keyoCode=21
05-30 16:57:07.607 I/DefaultIMS( 3073): onKeyUp: keyoCode=21
05-30 16:57:07.607 I/TvSpecialKeyEventInterceptor( 3073): onKeyUp: onKeyDownConsume false onKeyUpConsume: false repeat: 0
05-30 16:57:07.703 I/SogouIME( 3073): onKeyDown: keyoCode=21
05-30 16:57:07.703 I/DefaultIMS( 3073): onKeyDown: keyoCode=21
05-30 16:57:07.705 I/TvSpecialKeyEventInterceptor( 3073): onKeyDown repeat: 0 onKeyDownConsume: false
05-30 16:57:07.705 I/KeyboardViewPresenter( 3073): getNextKey Key_Hide_Keyboard
05-30 16:57:07.745 I/SogouIME( 3073): onKeyUp: keyoCode=21
05-30 16:57:07.745 I/DefaultIMS( 3073): onKeyUp: keyoCode=21
05-30 16:57:07.746 I/TvSpecialKeyEventInterceptor( 3073): onKeyUp: onKeyDownConsume false onKeyUpConsume: false repeat: 0
05-30 16:57:08.320 I/SogouIME( 3073): onKeyDown: keyoCode=22
05-30 16:57:08.321 I/DefaultIMS( 3073): onKeyDown: keyoCode=22
05-30 16:57:08.322 I/TvSpecialKeyEventInterceptor( 3073): onKeyDown repeat: 0 onKeyDownConsume: false
05-30 16:57:08.322 I/KeyboardViewPresenter( 3073): getNextKey Key_1
05-30 16:57:08.440 I/SogouIME( 3073): onKeyUp: keyoCode=22
05-30 16:57:08.440 I/DefaultIMS( 3073): onKeyUp: keyoCode=22
05-30 16:57:08.441 I/TvSpecialKeyEventInterceptor( 3073): onKeyUp: onKeyDownConsume false onKeyUpConsume: false repeat: 0
05-30 16:57:08.761 I/SogouIME( 3073): onKeyDown: keyoCode=23
05-30 16:57:08.761 I/DefaultIMS( 3073): onKeyDown: keyoCode=23
05-30 16:57:08.762 I/TvSpecialKeyEventInterceptor( 3073): onKeyDown repeat: 0 onKeyDownConsume: false
05-30 16:57:08.880 I/SogouIME( 3073): onKeyUp: keyoCode=23
05-30 16:57:08.880 I/DefaultIMS( 3073): onKeyUp: keyoCode=23
05-30 16:57:08.881 I/TvSpecialKeyEventInterceptor( 3073): onKeyUp: onKeyDownConsume false onKeyUpConsume: false repeat: 0
05-30 16:57:08.881 I/fB ( 3073): onKeyClick: property=61440 code=49 symbol=1
05-30 16:57:08.882 I/KeyEventTransfer( 3073): doKeyInput: property=61440 code=49 text=1 miniText=null
05-30 16:57:08.902 I/ENKeyHandler( 3073): on selection update: oldStart: 8, oldEnd: 8, newStart: 9, newEnd: 9, composingStart: -1, composingEnd: -1
05-30 16:57:08.984 D/hq ( 2251): NetWorkStateReceiver:::检查网络,并且持续更新 isConnect=false
05-30 16:57:08.992 I/SogouIME( 3073): onKeyDown: keyoCode=22
05-30 16:57:08.992 I/DefaultIMS( 3073): onKeyDown: keyoCode=22
05-30 16:57:08.993 I/TvSpecialKeyEventInterceptor( 3073): onKeyDown repeat: 0 onKeyDownConsume: false
05-30 16:57:08.994 I/KeyboardViewPresenter( 3073): getNextKey Key_2
05-30 16:57:09.063 I/SogouIME( 3073): onKeyUp: keyoCode=22
05-30 16:57:09.063 I/DefaultIMS( 3073): onKeyUp: keyoCode=22
05-30 16:57:09.064 I/TvSpecialKeyEventInterceptor( 3073): onKeyUp: onKeyDownConsume false onKeyUpConsume: false repeat: 0
05-30 16:57:09.184 I/SogouIME( 3073): onKeyDown: keyoCode=22
05-30 16:57:09.184 I/DefaultIMS( 3073): onKeyDown: keyoCode=22
05-30 16:57:09.185 I/TvSpecialKeyEventInterceptor( 3073): onKeyDown repeat: 0 onKeyDownConsume: false
05-30 16:57:09.186 I/KeyboardViewPresenter( 3073): getNextKey Key_3
05-30 16:57:09.256 I/SogouIME( 3073): onKeyUp: keyoCode=22
05-30 16:57:09.256 I/DefaultIMS( 3073): onKeyUp: keyoCode=22
05-30 16:57:09.257 I/TvSpecialKeyEventInterceptor( 3073): onKeyUp: onKeyDownConsume false onKeyUpConsume: false repeat: 0
05-30 16:57:09.496 I/SogouIME( 3073): onKeyDown: keyoCode=23
05-30 16:57:09.496 I/DefaultIMS( 3073): onKeyDown: keyoCode=23
05-30 16:57:09.497 I/TvSpecialKeyEventInterceptor( 3073): onKeyDown repeat: 0 onKeyDownConsume: false
05-30 16:57:09.590 I/SogouIME( 3073): onKeyUp: keyoCode=23
05-30 16:57:09.591 I/DefaultIMS( 3073): onKeyUp: keyoCode=23
05-30 16:57:09.591 I/TvSpecialKeyEventInterceptor( 3073): onKeyUp: onKeyDownConsume false onKeyUpConsume: false repeat: 0
05-30 16:57:09.592 I/fB ( 3073): onKeyClick: property=61440 code=51 symbol=3
05-30 16:57:09.592 I/KeyEventTransfer( 3073): doKeyInput: property=61440 code=51 text=3 miniText=null
05-30 16:57:09.610 I/ENKeyHandler( 3073): on selection update: oldStart: 9, oldEnd: 9, newStart: 10, newEnd: 10, composingStart: -1, composingEnd: -1
05-30 16:57:09.744 I/SogouIME( 3073): onKeyDown: keyoCode=20
05-30 16:57:09.744 I/DefaultIMS( 3073): onKeyDown: keyoCode=20
05-30 16:57:09.745 I/TvSpecialKeyEventInterceptor( 3073): onKeyDown repeat: 0 onKeyDownConsume: false
05-30 16:57:09.746 I/KeyboardViewPresenter( 3073): getNextKey Key_6
05-30 16:57:09.856 I/SogouIME( 3073): onKeyUp: keyoCode=20
05-30 16:57:09.856 I/DefaultIMS( 3073): onKeyUp: keyoCode=20
05-30 16:57:09.857 I/TvSpecialKeyEventInterceptor( 3073): onKeyUp: onKeyDownConsume false onKeyUpConsume: false repeat: 0
05-30 16:57:10.200 I/SogouIME( 3073): onKeyDown: keyoCode=20
05-30 16:57:10.200 I/DefaultIMS( 3073): onKeyDown: keyoCode=20
05-30 16:57:10.201 I/TvSpecialKeyEventInterceptor( 3073): onKeyDown repeat: 0 onKeyDownConsume: false
05-30 16:57:10.201 I/KeyboardViewPresenter( 3073): getNextKey Key_9
05-30 16:57:10.303 I/SogouIME( 3073): onKeyUp: keyoCode=20
05-30 16:57:10.303 I/DefaultIMS( 3073): onKeyUp: keyoCode=20
05-30 16:57:10.304 I/TvSpecialKeyEventInterceptor( 3073): onKeyUp: onKeyDownConsume false onKeyUpConsume: false repeat: 0
05-30 16:57:10.527 I/SogouIME( 3073): onKeyDown: keyoCode=20
05-30 16:57:10.527 I/DefaultIMS( 3073): onKeyDown: keyoCode=20
05-30 16:57:10.528 I/TvSpecialKeyEventInterceptor( 3073): onKeyDown repeat: 0 onKeyDownConsume: false
05-30 16:57:10.528 I/KeyboardViewPresenter( 3073): getNextKey Key_At
05-30 16:57:10.585 I/efs.send_log( 2598): log cann't be send because net status is disconnected
05-30 16:57:10.599 I/SogouIME( 3073): onKeyUp: keyoCode=20
05-30 16:57:10.599 I/DefaultIMS( 3073): onKeyUp: keyoCode=20
05-30 16:57:10.600 I/TvSpecialKeyEventInterceptor( 3073): onKeyUp: onKeyDownConsume false onKeyUpConsume: false repeat: 0
05-30 16:57:10.744 I/SogouIME( 3073): onKeyDown: keyoCode=21
05-30 16:57:10.744 I/DefaultIMS( 3073): onKeyDown: keyoCode=21
05-30 16:57:10.745 I/TvSpecialKeyEventInterceptor( 3073): onKeyDown repeat: 0 onKeyDownConsume: false
05-30 16:57:10.745 I/KeyboardViewPresenter( 3073): getNextKey Key_0
05-30 16:57:10.865 I/SogouIME( 3073): onKeyUp: keyoCode=21
05-30 16:57:10.865 I/DefaultIMS( 3073): onKeyUp: keyoCode=21
05-30 16:57:10.866 I/TvSpecialKeyEventInterceptor( 3073): onKeyUp: onKeyDownConsume false onKeyUpConsume: false repeat: 0
05-30 16:57:10.983 I/SogouIME( 3073): onKeyDown: keyoCode=23
05-30 16:57:10.984 I/DefaultIMS( 3073): onKeyDown: keyoCode=23
05-30 16:57:10.984 I/TvSpecialKeyEventInterceptor( 3073): onKeyDown repeat: 0 onKeyDownConsume: false
05-30 16:57:10.985 D/hq ( 2251): NetWorkStateReceiver:::检查网络,并且持续更新 isConnect=false
05-30 16:57:11.097 I/SogouIME( 3073): onKeyUp: keyoCode=23
05-30 16:57:11.097 I/DefaultIMS( 3073): onKeyUp: keyoCode=23
05-30 16:57:11.098 I/TvSpecialKeyEventInterceptor( 3073): onKeyUp: onKeyDownConsume false onKeyUpConsume: false repeat: 0
05-30 16:57:11.099 I/fB ( 3073): onKeyClick: property=61440 code=48 symbol=0
05-30 16:57:11.099 I/KeyEventTransfer( 3073): doKeyInput: property=61440 code=48 text=0 miniText=null
05-30 16:57:11.120 I/ENKeyHandler( 3073): on selection update: oldStart: 10, oldEnd: 10, newStart: 11, newEnd: 11, composingStart: -1, composingEnd: -1
05-30 16:57:11.208 I/SogouIME( 3073): onKeyDown: keyoCode=19
05-30 16:57:11.209 I/DefaultIMS( 3073): onKeyDown: keyoCode=19
05-30 16:57:11.210 I/TvSpecialKeyEventInterceptor( 3073): onKeyDown repeat: 0 onKeyDownConsume: false
05-30 16:57:11.210 I/KeyboardViewPresenter( 3073): getNextKey Key_8
05-30 16:57:11.295 I/SogouIME( 3073): onKeyUp: keyoCode=19
05-30 16:57:11.295 I/DefaultIMS( 3073): onKeyUp: keyoCode=19
05-30 16:57:11.295 I/TvSpecialKeyEventInterceptor( 3073): onKeyUp: onKeyDownConsume false onKeyUpConsume: false repeat: 0
05-30 16:57:11.496 I/SogouIME( 3073): onKeyDown: keyoCode=22
05-30 16:57:11.496 I/DefaultIMS( 3073): onKeyDown: keyoCode=22
05-30 16:57:11.497 I/TvSpecialKeyEventInterceptor( 3073): onKeyDown repeat: 0 onKeyDownConsume: false
05-30 16:57:11.497 I/KeyboardViewPresenter( 3073): getNextKey Key_9
05-30 16:57:11.609 I/SogouIME( 3073): onKeyUp: keyoCode=22
05-30 16:57:11.609 I/DefaultIMS( 3073): onKeyUp: keyoCode=22
05-30 16:57:11.610 I/TvSpecialKeyEventInterceptor( 3073): onKeyUp: onKeyDownConsume false onKeyUpConsume: false repeat: 0
05-30 16:57:11.840 I/SogouIME( 3073): onKeyDown: keyoCode=23
05-30 16:57:11.840 I/DefaultIMS( 3073): onKeyDown: keyoCode=23
05-30 16:57:11.840 I/TvSpecialKeyEventInterceptor( 3073): onKeyDown repeat: 0 onKeyDownConsume: false
05-30 16:57:11.935 I/SogouIME( 3073): onKeyUp: keyoCode=23
05-30 16:57:11.935 I/DefaultIMS( 3073): onKeyUp: keyoCode=23
05-30 16:57:11.936 I/TvSpecialKeyEventInterceptor( 3073): onKeyUp: onKeyDownConsume false onKeyUpConsume: false repeat: 0
05-30 16:57:11.937 I/fB ( 3073): onKeyClick: property=61440 code=57 symbol=9
05-30 16:57:11.937 I/KeyEventTransfer( 3073): doKeyInput: property=61440 code=57 text=9 miniText=null
05-30 16:57:11.965 I/ENKeyHandler( 3073): on selection update: oldStart: 11, oldEnd: 11, newStart: 12, newEnd: 12, composingStart: -1, composingEnd: -1
05-30 16:57:11.980 I/SogouIME( 3073): onKeyDown: keyoCode=20
05-30 16:57:11.981 I/DefaultIMS( 3073): onKeyDown: keyoCode=20
05-30 16:57:11.982 I/TvSpecialKeyEventInterceptor( 3073): onKeyDown repeat: 0 onKeyDownConsume: false
05-30 16:57:11.982 I/KeyboardViewPresenter( 3073): getNextKey Key_At
05-30 16:57:12.080 I/SogouIME( 3073): onKeyUp: keyoCode=20
05-30 16:57:12.080 I/DefaultIMS( 3073): onKeyUp: keyoCode=20
05-30 16:57:12.081 I/TvSpecialKeyEventInterceptor( 3073): onKeyUp: onKeyDownConsume false onKeyUpConsume: false repeat: 0
05-30 16:57:12.392 I/SogouIME( 3073): onKeyDown: keyoCode=21
05-30 16:57:12.392 I/DefaultIMS( 3073): onKeyDown: keyoCode=21
05-30 16:57:12.393 I/TvSpecialKeyEventInterceptor( 3073): onKeyDown repeat: 0 onKeyDownConsume: false
05-30 16:57:12.393 I/KeyboardViewPresenter( 3073): getNextKey Key_0
05-30 16:57:12.527 I/SogouIME( 3073): onKeyUp: keyoCode=21
05-30 16:57:12.528 I/DefaultIMS( 3073): onKeyUp: keyoCode=21
05-30 16:57:12.528 I/TvSpecialKeyEventInterceptor( 3073): onKeyUp: onKeyDownConsume false onKeyUpConsume: false repeat: 0
05-30 16:57:12.987 D/hq ( 2251): NetWorkStateReceiver:::检查网络,并且持续更新 isConnect=false
05-30 16:57:13.144 I/SogouIME( 3073): onKeyDown: keyoCode=23
05-30 16:57:13.144 I/DefaultIMS( 3073): onKeyDown: keyoCode=23
05-30 16:57:13.145 I/TvSpecialKeyEventInterceptor( 3073): onKeyDown repeat: 0 onKeyDownConsume: false
05-30 16:57:13.247 I/SogouIME( 3073): onKeyUp: keyoCode=23
05-30 16:57:13.247 I/DefaultIMS( 3073): onKeyUp: keyoCode=23
05-30 16:57:13.248 I/TvSpecialKeyEventInterceptor( 3073): onKeyUp: onKeyDownConsume false onKeyUpConsume: false repeat: 0
05-30 16:57:13.249 I/fB ( 3073): onKeyClick: property=61440 code=48 symbol=0
05-30 16:57:13.249 I/KeyEventTransfer( 3073): doKeyInput: property=61440 code=48 text=0 miniText=null
05-30 16:57:13.264 I/ENKeyHandler( 3073): on selection update: oldStart: 12, oldEnd: 12, newStart: 13, newEnd: 13, composingStart: -1, composingEnd: -1
05-30 16:57:13.312 I/SogouIME( 3073): onKeyDown: keyoCode=19
05-30 16:57:13.312 I/DefaultIMS( 3073): onKeyDown: keyoCode=19
05-30 16:57:13.313 I/TvSpecialKeyEventInterceptor( 3073): onKeyDown repeat: 0 onKeyDownConsume: false
05-30 16:57:13.313 I/KeyboardViewPresenter( 3073): getNextKey Key_8
05-30 16:57:13.408 I/SogouIME( 3073): onKeyUp: keyoCode=19
05-30 16:57:13.408 I/DefaultIMS( 3073): onKeyUp: keyoCode=19
05-30 16:57:13.409 I/TvSpecialKeyEventInterceptor( 3073): onKeyUp: onKeyDownConsume false onKeyUpConsume: false repeat: 0
05-30 16:57:13.502 I/SogouIME( 3073): onKeyDown: keyoCode=19
05-30 16:57:13.503 I/DefaultIMS( 3073): onKeyDown: keyoCode=19
05-30 16:57:13.503 I/TvSpecialKeyEventInterceptor( 3073): onKeyDown repeat: 0 onKeyDownConsume: false
05-30 16:57:13.504 I/KeyboardViewPresenter( 3073): getNextKey Key_5
05-30 16:57:13.592 I/SogouIME( 3073): onKeyUp: keyoCode=19
05-30 16:57:13.592 I/DefaultIMS( 3073): onKeyUp: keyoCode=19
05-30 16:57:13.593 I/TvSpecialKeyEventInterceptor( 3073): onKeyUp: onKeyDownConsume false onKeyUpConsume: false repeat: 0
05-30 16:57:13.857 I/SogouIME( 3073): onKeyDown: keyoCode=23
05-30 16:57:13.857 I/DefaultIMS( 3073): onKeyDown: keyoCode=23
05-30 16:57:13.858 I/TvSpecialKeyEventInterceptor( 3073): onKeyDown repeat: 0 onKeyDownConsume: false
05-30 16:57:13.960 I/SogouIME( 3073): onKeyUp: keyoCode=23
05-30 16:57:13.960 I/DefaultIMS( 3073): onKeyUp: keyoCode=23
05-30 16:57:13.961 I/TvSpecialKeyEventInterceptor( 3073): onKeyUp: onKeyDownConsume false onKeyUpConsume: false repeat: 0
05-30 16:57:13.962 I/fB ( 3073): onKeyClick: property=61440 code=53 symbol=5
05-30 16:57:13.962 I/KeyEventTransfer( 3073): doKeyInput: property=61440 code=53 text=5 miniText=null
05-30 16:57:13.983 I/ENKeyHandler( 3073): on selection update: oldStart: 13, oldEnd: 13, newStart: 14, newEnd: 14, composingStart: -1, composingEnd: -1
05-30 16:57:14.336 I/SogouIME( 3073): onKeyDown: keyoCode=21
05-30 16:57:14.336 I/DefaultIMS( 3073): onKeyDown: keyoCode=21
05-30 16:57:14.337 I/TvSpecialKeyEventInterceptor( 3073): onKeyDown repeat: 0 onKeyDownConsume: false
05-30 16:57:14.338 I/KeyboardViewPresenter( 3073): getNextKey Key_4
05-30 16:57:14.431 I/SogouIME( 3073): onKeyUp: keyoCode=21
