05-30 16:55:26.549 I/audio_hw_hal_primary( 504): [audiohal_get_latency:1333] io 13: out:0xe83440c0 frames:1152 rate:48000 whole_latency:24 alsa_latency:24
05-30 16:55:26.549 I/audio_hw_hal_primary( 504): [audiohal_get_latency:1333] io 69: out:0xe8341cd0 frames:1152 rate:48000 whole_latency:24 alsa_latency:24
05-30 16:55:26.552 D/audioserver( 555): logFgsApiBegin: FGS Logger Transaction failed, -129
05-30 16:55:26.552 I/audio_hw_hal_primary( 504): out_update_source_metadata_v7() line 2013 usage:1 content_type:0
05-30 16:55:26.553 I/audio_hw_hal_primary( 504): [mixer_aux_buffer_write:7017] io 13: out:0xe83440c0 usecase:PCM_NORMAL standby to unstandby
05-30 16:55:26.553 E/audio_hw_hal_virtualbuf( 504): ms12 system input underrun happens read=8647152295 write=5077333254 diff=3569819041
05-30 16:55:26.553 I/NU-AmNuPlayerRenderer( 637): [#4] openAudioSink: mAudioSink->open finished!!!
05-30 16:55:26.554 I/NU-AmNuPlayerRenderer( 637): [#4] mQueueInitial end, mHasAudio =1, mHasVideo = 0
05-30 16:55:26.554 I/NU-AmNuPlayerRenderer( 637): PTS: AV sync info:AV SYNCED
05-30 16:55:26.554 I/NU-AmNuPlayerRenderer( 637): PTS: SystemTimeStamp:-1
05-30 16:55:26.554 I/NU-AmNuPlayerRenderer( 637): PTS: Last AudioTimeStamp:-1
05-30 16:55:26.554 I/NU-AmNuPlayerRenderer( 637): PTS: Last VideoTimeStamp:-1
05-30 16:55:26.554 I/NU-AmNuPlayerRenderer( 637): PTS: AV diff:0 ,Ajump:0,Vjump:0
05-30 16:55:26.554 I/NU-AmNuPlayerRenderer( 637): PTS: mAjumpedNum:0, mAudioJumped till now=192666705
05-30 16:55:26.554 I/NU-AmNuPlayerRenderer( 637): PTS: mVjumpedNum:0, mVideoJumped till now=192666705
05-30 16:55:26.554 I/NU-AmNuPlayerRenderer( 637): PTS: mTotalAudioJumpedTimeUs:0, mTotalAudioJumpedTimeUs:0
05-30 16:55:26.554 I/NU-AmNuPlayerRenderer( 637): PTS: mLastVideoUs:-1
05-30 16:55:26.554 I/NU-AmNuPlayerRenderer( 637): PTS: mLastAudioUs:-1
05-30 16:55:26.554 I/NU-AmNuPlayerRenderer( 637): PTS: mAudioDelay 0 mFormat 0x1 mMs12Enabled 0
05-30 16:55:26.554 I/NU-AmNuPlayerRenderer( 637): [#4] First audio pcm date write to audiosink.
05-30 16:55:26.554 I/NU-AmNuPlayer( 637): [#4] media rendering started
05-30 16:55:26.554 I/NU-AmNuPlayer( 637): [#4] finishResume mResumePending:0
05-30 16:55:26.554 D/NU-AmNuPlayerDriver( 637): [#4] notifyListener_l(0xf3540d30), (6, 0, 0, -1), loop setting(0, 0)
05-30 16:55:26.557 I/NU-AmNuPlayerRenderer( 637): [#4] setStartingTimeMedia 110937, mAudioPlayedOutDur 0
05-30 16:55:26.556 I/getprop ( 4169): type=1400 audit(0.0:2138): avc: denied { read } for name="u:object_r:system_prop:s0" dev="tmpfs" ino=342 scontext=u:r:vendor_toolbox:s0 tcontext=u:object_r:system_prop:s0 tclass=file permissive=1
05-30 16:55:26.556 I/getprop ( 4169): type=1400 audit(0.0:2139): avc: denied { open } for path="/dev/__properties__/u:object_r:system_prop:s0" dev="tmpfs" ino=342 scontext=u:r:vendor_toolbox:s0 tcontext=u:object_r:system_prop:s0 tclass=file permissive=1
05-30 16:55:26.556 I/getprop ( 4169): type=1400 audit(0.0:2140): avc: denied { getattr } for path="/dev/__properties__/u:object_r:system_prop:s0" dev="tmpfs" ino=342 scontext=u:r:vendor_toolbox:s0 tcontext=u:object_r:system_prop:s0 tclass=file permissive=1
05-30 16:55:26.556 I/getprop ( 4169): type=1400 audit(0.0:2141): avc: denied { map } for path="/dev/__properties__/u:object_r:system_prop:s0" dev="tmpfs" ino=342 scontext=u:r:vendor_toolbox:s0 tcontext=u:object_r:system_prop:s0 tclass=file permissive=1
05-30 16:55:26.575 I/audio_hw_hal_stream( 504): aml_stream_out_info_print: out:0xe83440c0, stream_type:pcm, sync_mode:non tunnel, input_size:2269184 bytes
05-30 16:55:26.575 I/audio_hw_hal_stream( 504): aml_stream_out_info_print: last_time:188990 ms (sec:188, nsec:990284422), last_position:11633 ms (558416), cur_time:192686 ms (sec:192, nsec:686758632), cur_position:11740 ms (563536)
05-30 16:55:26.575 I/audio_hw_hal_stream( 504): aml_stream_out_info_print: time_gap:3696 ms (thr:100 ms), position_gap:106 ms, delay:78 ms, jitter: Position gap is behind system time gap by 3590 ms (thr:100 ms)
05-30 16:55:26.577 D/AudioTrack( 637): getTimestamp_l(50): device stall time corrected using current time 192690373341
05-30 16:55:26.578 I/NU-AmNuPlayerRenderer( 637): [#4] Audio PCM buffer First Full. time pay:23753, frameCount:8184, mAudioSink->frameSize():2
05-30 16:55:26.578 W/NU-AmNuPlayerRenderer( 637): [#4] postDrainAudioQueue long delay: 31968 (8184*0.062500), numFramesPendingPlayout:(8184-0)
05-30 16:55:26.600 D/libdolbyms12( 504): continuous underrun 2
05-30 16:55:26.610 W/NU-AmNuPlayerRenderer( 637): [#4] postDrainAudioQueue long delay: 31968 (8184*0.062500), numFramesPendingPlayout:(8184-0)
05-30 16:55:26.618 I/audio_hw_hal_primary( 504): out_update_source_metadata_v7() line 2013 usage:1 content_type:0
05-30 16:55:26.642 W/AudioTrack( 637): getTimestamp_l(50): retrograde timestamp time corrected, 192713284924 < 192722790757
05-30 16:55:26.642 W/NU-AmNuPlayerRenderer( 637): [#4] postDrainAudioQueue long delay: 31968 (8184*0.062500), numFramesPendingPlayout:(9549-1365)
05-30 16:55:26.674 W/NU-AmNuPlayerRenderer( 637): [#4] postDrainAudioQueue long delay: 31968 (8184*0.062500), numFramesPendingPlayout:(10232-2048)
05-30 16:55:26.707 D/NU-AmNuPlayerRenderer( 637): [#4] Switch audio track end . onNewAudioMediaTime, audio sink position was ready.
05-30 16:55:26.707 I/NU-AmNuPlayerRenderer( 637): [#4] First valid audio position found, time pay:152834, audioPlayedOutDur:33631, writtenDur:639500
05-30 16:55:26.707 I/NU-AmNuPlayerRenderer( 637): [#4] getPlayedOutDurationUs is unstable. audioPlayedOutDur:33631 (diff:33631) - realDIFF: 192819672 = -192786041, writtenAudioDurationUs:639500, lastTimeUs:722937 (frameSize: 2)
05-30 16:55:26.707 D/NU-AmNuPlayerDriver( 637): [#4] notifyListener_l(0xf3540d30), (211, 0, 0, 20), loop setting(0, 0)
05-30 16:55:26.763 D/ActivityManager( 718): freezing 2051 android.process.media
05-30 16:55:26.917 D/hq ( 2251): NetWorkStateReceiver:::检查网络,并且持续更新 isConnect=false
05-30 16:55:28.031 D/ActivityManager( 718): freezing 1141 com.android.permissioncontroller
05-30 16:55:28.288 E/NU-GenericSource( 637): hasBufferAvailable return -1011
05-30 16:55:28.288 W/NU-AmNuPlayerDecoder( 637): Unable to obtain audio data
05-30 16:55:28.288 I/NU-AmNuPlayerDecoder( 637): [#4] queue EOS buffer to MediaCodec. Audio
05-30 16:55:28.289 E/NU-GenericSource( 637): hasBufferAvailable return -1011
05-30 16:55:28.289 W/NU-AmNuPlayerDecoder( 637): Unable to obtain audio data
05-30 16:55:28.289 I/NU-AmNuPlayerDecoder( 637): [#4] queue EOS buffer to MediaCodec. Audio
05-30 16:55:28.289 D/CCodecBufferChannel( 637): [c2.android.mp3.decoder#736] buffers after EOS ignored (0 us)
05-30 16:55:28.289 E/NU-GenericSource( 637): hasBufferAvailable return -1011
05-30 16:55:28.289 W/NU-AmNuPlayerDecoder( 637): Unable to obtain audio data
05-30 16:55:28.289 I/NU-AmNuPlayerDecoder( 637): [#4] queue EOS buffer to MediaCodec. Audio
05-30 16:55:28.289 D/CCodecBufferChannel( 637): [c2.android.mp3.decoder#736] buffers after EOS ignored (0 us)
05-30 16:55:28.290 E/NU-GenericSource( 637): hasBufferAvailable return -1011
05-30 16:55:28.290 W/NU-AmNuPlayerDecoder( 637): Unable to obtain audio data
05-30 16:55:28.290 I/NU-AmNuPlayerDecoder( 637): [#4] queue EOS buffer to MediaCodec. Audio
05-30 16:55:28.290 D/CCodecBufferChannel( 637): [c2.android.mp3.decoder#736] buffers after EOS ignored (0 us)
05-30 16:55:28.290 I/NU-AmNuPlayerDecoder( 637): [#4] [audio] saw output EOS
05-30 16:55:28.290 I/NU-AmNuPlayerRenderer( 637): [#4] audio have queued eos, no need to check buffer discontinue
05-30 16:55:28.290 I/NU-AmNuPlayerRenderer( 637): [#4] onQueueEOS audio
05-30 16:55:28.331 I/DefaultIMS( 3073): onStartInput attribute=android.view.inputmethod.EditorInfo@dcadeff restarting=false inputType: 0
05-30 16:55:28.415 D/AudioTrack( 637): stop(50): called with 38892 frames delivered
05-30 16:55:28.416 I/NU-AmNuPlayerRenderer( 637): [#4] setDiscontinuityFromM3u8 audio 0
05-30 16:55:28.416 D/NU-AmNuPlayerRenderer( 637): [#4] audio sink stop from [onDrainAudioQueue,2525]
05-30 16:55:28.450 I/audio_hw_hal_stream( 504): aml_stream_out_info_print: out:0xe8341cd0, stream_type:pcm, sync_mode:non tunnel, input_size:2629632 bytes
05-30 16:55:28.450 I/audio_hw_hal_stream( 504): aml_stream_out_info_print: last_time:194538 ms (sec:194, nsec:538400717), last_position:13505 ms (648272), cur_time:194559 ms (sec:194, nsec:559604425), cur_position:13527 ms (649296)
05-30 16:55:28.450 I/audio_hw_hal_stream( 504): aml_stream_out_info_print: time_gap:21 ms (thr:100 ms), position_gap:21 ms, delay:169 ms, jitter: Position gap is ahead of system time gap by 0 ms (thr:100 ms)
05-30 16:55:28.520 I/SogouIME( 3073): onKeyDown: keyoCode=20
05-30 16:55:28.521 I/DefaultIMS( 3073): onKeyDown: keyoCode=20
05-30 16:55:28.654 D/BufferPoolAccessor2.0( 718): evictor expired: 3, evicted: 0
05-30 16:55:28.656 D/BufferPoolAccessor2.0( 642): bufferpool2 0xeabc2c08 : 0(0 size) total buffers - 0(0 size) used buffers - 53/60 (recycle/alloc) - 7/60 (fetch/transfer)
05-30 16:55:28.656 D/BufferPoolAccessor2.0( 642): bufferpool2 0xeabc3ce8 : 0(0 size) total buffers - 0(0 size) used buffers - 152/157 (recycle/alloc) - 5/157 (fetch/transfer)
05-30 16:55:28.656 D/BufferPoolAccessor2.0( 642): evictor expired: 2, evicted: 2
05-30 16:55:28.656 I/SogouIME( 3073): onKeyUp: keyoCode=20
05-30 16:55:28.656 I/DefaultIMS( 3073): onKeyUp: keyoCode=20
05-30 16:55:28.660 D/BufferPoolAccessor2.0( 637): bufferpool2 0xee1c2e48 : 0(0 size) total buffers - 0(0 size) used buffers - 55/63 (recycle/alloc) - 16/118 (fetch/transfer)
05-30 16:55:28.660 D/BufferPoolAccessor2.0( 637): bufferpool2 0xee1c3508 : 4(32768 size) total buffers - 4(32768 size) used buffers - 152/160 (recycle/alloc) - 8/312 (fetch/transfer)
05-30 16:55:28.660 D/BufferPoolAccessor2.0( 637): evictor expired: 2, evicted: 2
05-30 16:55:28.809 I/SogouIME( 3073): onKeyDown: keyoCode=20
05-30 16:55:28.809 I/DefaultIMS( 3073): onKeyDown: keyoCode=20
05-30 16:55:28.879 I/SogouIME( 3073): onKeyUp: keyoCode=20
05-30 16:55:28.879 I/DefaultIMS( 3073): onKeyUp: keyoCode=20
05-30 16:55:28.918 D/hq ( 2251): NetWorkStateReceiver:::检查网络,并且持续更新 isConnect=false
05-30 16:55:28.944 I/audio_hw_hal_primary( 504): [audiohal_get_latency:1333] io 13: out:0xe83440c0 frames:1152 rate:48000 whole_latency:24 alsa_latency:24
05-30 16:55:28.966 I/audio_hw_hal_primary( 504): [audiohal_get_latency:1333] io 13: out:0xe83440c0 frames:1152 rate:48000 whole_latency:24 alsa_latency:24
05-30 16:55:28.987 I/audio_hw_hal_primary( 504): [audiohal_get_latency:1333] io 13: out:0xe83440c0 frames:1152 rate:48000 whole_latency:24 alsa_latency:24
05-30 16:55:29.008 I/audio_hw_hal_primary( 504): [audiohal_get_latency:1333] io 13: out:0xe83440c0 frames:1152 rate:48000 whole_latency:24 alsa_latency:24
05-30 16:55:29.029 I/audio_hw_hal_primary( 504): [audiohal_get_latency:1333] io 13: out:0xe83440c0 frames:1152 rate:48000 whole_latency:24 alsa_latency:24
05-30 16:55:29.051 I/audio_hw_hal_primary( 504): [audiohal_get_latency:1333] io 13: out:0xe83440c0 frames:1152 rate:48000 whole_latency:24 alsa_latency:24
05-30 16:55:29.072 I/audio_hw_hal_primary( 504): [audiohal_get_latency:1333] io 13: out:0xe83440c0 frames:1152 rate:48000 whole_latency:24 alsa_latency:24
05-30 16:55:29.094 I/audio_hw_hal_primary( 504): [audiohal_get_latency:1333] io 13: out:0xe83440c0 frames:1152 rate:48000 whole_latency:24 alsa_latency:24
05-30 16:55:29.106 D/NU-AmNuPlayerDriver( 637): [#4] notifyListener_l(0xf3540d30), (2, 0, 0, -1), loop setting(0, 0)
05-30 16:55:29.106 I/NU-AmNuPlayerRenderer( 637): [#4] render_onPause
05-30 16:55:29.106 D/NU-AmNuPlayerDriver( 637): [#4] notifyListener_l(0xf3540d30), (211, 0, 0, 20), loop setting(0, 0)
05-30 16:55:29.106 D/NU-AmNuPlayerRenderer( 637): [#4] audio sink pause from [onPause,5121]
05-30 16:55:29.106 I/NU-AmNuPlayerRenderer( 637): [#4] now paused audio queue has 0 entries, video has 0 entries
05-30 16:55:29.115 I/audio_hw_hal_primary( 504): [audiohal_get_latency:1333] io 13: out:0xe83440c0 frames:1152 rate:48000 whole_latency:24 alsa_latency:24
05-30 16:55:29.116 D/audioserver( 555): logFgsApiEnd: FGS Logger Transaction failed, -129
05-30 16:55:29.152 I/SogouIME( 3073): onKeyDown: keyoCode=20
05-30 16:55:29.152 I/DefaultIMS( 3073): onKeyDown: keyoCode=20
05-30 16:55:29.180 I/SogouIME( 3073): onKeyUp: keyoCode=20
05-30 16:55:29.180 I/DefaultIMS( 3073): onKeyUp: keyoCode=20
05-30 16:55:29.240 D/audio_hw_hal_primary( 504): [out_standby_new:5767] io 69: out:0xe8341cd0 usecase:PCM_DEEP_BUF
05-30 16:55:29.240 I/audio_hw_hal_primary( 504): [do_output_standby_l:5663] io 69: out:0xe8341cd0, stream usecase:PCM_DEEP_BUF, continuous:1
05-30 16:55:29.240 I/audio_hw_hal_primary( 504): [usecase_change_validate_l:7436] ++ io 69: out:0xe8341cd0 dev masks:0x101 is_standby:1 out usecase:PCM_DEEP_BUF
05-30 16:55:29.240 I/audio_hw_hal_primary( 504): [usecase_change_validate_l:7477] -- dev masks:0x1 is_standby:1 out usecase PCM_DEEP_BUF
05-30 16:55:29.240 I/audio_hw_hal_primary( 504): do_output_standby_l current usecase_masks 1
05-30 16:55:29.240 D/audio_hw_hal_primary( 504): [out_standby_new:5790] io 69: out:0xe8341cd0 usecase:PCM_DEEP_BUF exit
05-30 16:55:29.690 I/SogouIME( 3073): onKeyDown: keyoCode=20
05-30 16:55:29.690 I/DefaultIMS( 3073): onKeyDown: keyoCode=20
05-30 16:55:29.784 I/SogouIME( 3073): onKeyUp: keyoCode=20
05-30 16:55:29.784 I/DefaultIMS( 3073): onKeyUp: keyoCode=20
05-30 16:55:30.208 I/SogouIME( 3073): onKeyDown: keyoCode=23
05-30 16:55:30.208 I/DefaultIMS( 3073): onKeyDown: keyoCode=23
05-30 16:55:30.211 I/efs.send_log( 2598): log cann't be send because net status is disconnected
05-30 16:55:30.327 I/SogouIME( 3073): onKeyUp: keyoCode=23
05-30 16:55:30.327 I/DefaultIMS( 3073): onKeyUp: keyoCode=23
05-30 16:55:30.656 D/BufferPoolAccessor2.0( 642): bufferpool2 0xeabc0a48 : 0(0 size) total buffers - 0(0 size) used buffers - 97/100 (recycle/alloc) - 3/100 (fetch/transfer)
05-30 16:55:30.656 D/BufferPoolAccessor2.0( 642): evictor expired: 1, evicted: 1
05-30 16:55:30.661 D/BufferPoolAccessor2.0( 637): bufferpool2 0xee1c0a48 : 0(0 size) total buffers - 0(0 size) used buffers - 93/101 (recycle/alloc) - 8/200 (fetch/transfer)
05-30 16:55:30.661 D/BufferPoolAccessor2.0( 637): evictor expired: 1, evicted: 1
05-30 16:55:30.753 I/SogouIME( 3073): onKeyDown: keyoCode=19
05-30 16:55:30.753 I/DefaultIMS( 3073): onKeyDown: keyoCode=19
05-30 16:55:30.919 D/hq ( 2251): NetWorkStateReceiver:::检查网络,并且持续更新 isConnect=false
05-30 16:55:31.104 I/SogouIME( 3073): onKeyUp: keyoCode=19
05-30 16:55:31.104 I/DefaultIMS( 3073): onKeyUp: keyoCode=19
05-30 16:55:31.456 I/SogouIME( 3073): onKeyDown: keyoCode=20
05-30 16:55:31.456 I/DefaultIMS( 3073): onKeyDown: keyoCode=20
05-30 16:55:31.589 I/audio_hw_hal_stream( 504): aml_stream_out_info_print: out:0xe83440c0, stream_type:pcm, sync_mode:non tunnel, input_size:3244032 bytes
05-30 16:55:31.589 I/audio_hw_hal_stream( 504): aml_stream_out_info_print: last_time:197679 ms (sec:197, nsec:679655926), last_position:16711 ms (802128), cur_time:197699 ms (sec:197, nsec:699653635), cur_position:16732 ms (803152)
05-30 16:55:31.589 I/audio_hw_hal_stream( 504): aml_stream_out_info_print: time_gap:20 ms (thr:100 ms), position_gap:21 ms, delay:163 ms, jitter: Position gap is ahead of system time gap by 1 ms (thr:100 ms)
05-30 16:55:31.601 I/SogouIME( 3073): onKeyUp: keyoCode=20
05-30 16:55:31.601 I/DefaultIMS( 3073): onKeyUp: keyoCode=20
05-30 16:55:31.673 I/audio_hw_hal_alsamgr( 504): alsa format =0x1 delay frames =1024 total frames=8661760
05-30 16:55:31.776 I/SogouIME( 3073): onKeyDown: keyoCode=20
05-30 16:55:31.776 I/DefaultIMS( 3073): onKeyDown: keyoCode=20
05-30 16:55:31.832 I/SogouIME( 3073): onKeyUp: keyoCode=20
05-30 16:55:31.832 I/DefaultIMS( 3073): onKeyUp: keyoCode=20
05-30 16:55:31.910 D/audio_hw_hal_primary( 504): [out_standby_new:5767] io 13: out:0xe83440c0 usecase:PCM_NORMAL
05-30 16:55:31.910 I/audio_hw_hal_primary( 504): [do_output_standby_l:5663] io 13: out:0xe83440c0, stream usecase:PCM_NORMAL, continuous:1
05-30 16:55:31.910 I/audio_hw_hal_primary( 504): [usecase_change_validate_l:7436] ++ io 13: out:0xe83440c0 dev masks:0x1 is_standby:1 out usecase:PCM_NORMAL
05-30 16:55:31.910 I/audio_hw_hal_ms12common( 504): aml_set_ms12_scheduler_state ms12_scheduler_state:1, sch_state:1 SCHEDULER_STANDBY is sent to ms12
05-30 16:55:31.910 I/audio_hw_hal_primary( 504): [usecase_change_validate_l:7477] -- dev masks:0 is_standby:1 out usecase PCM_NORMAL
05-30 16:55:31.910 D/audio_hw_hal_primary( 504): [out_standby_new:5790] io 13: out:0xe83440c0 usecase:PCM_NORMAL exit
05-30 16:55:31.992 I/SogouIME( 3073): onKeyDown: keyoCode=20
05-30 16:55:31.992 I/DefaultIMS( 3073): onKeyDown: keyoCode=20
05-30 16:55:31.998 D/libdolbyms12( 504): continuous underrun 2
05-30 16:55:32.039 I/SogouIME( 3073): onKeyUp: keyoCode=20
05-30 16:55:32.039 I/DefaultIMS( 3073): onKeyUp: keyoCode=20
05-30 16:55:32.191 I/SogouIME( 3073): onKeyDown: keyoCode=20
05-30 16:55:32.192 I/DefaultIMS( 3073): onKeyDown: keyoCode=20
05-30 16:55:32.271 I/SogouIME( 3073): onKeyUp: keyoCode=20
05-30 16:55:32.271 I/DefaultIMS( 3073): onKeyUp: keyoCode=20
05-30 16:55:32.457 I/SogouIME( 3073): onKeyDown: keyoCode=20
05-30 16:55:32.457 I/DefaultIMS( 3073): onKeyDown: keyoCode=20
05-30 16:55:32.543 I/SogouIME( 3073): onKeyUp: keyoCode=20
05-30 16:55:32.543 I/DefaultIMS( 3073): onKeyUp: keyoCode=20
05-30 16:55:32.728 I/SogouIME( 3073): onKeyDown: keyoCode=20
05-30 16:55:32.728 I/DefaultIMS( 3073): onKeyDown: keyoCode=20
05-30 16:55:32.824 I/SogouIME( 3073): onKeyUp: keyoCode=20
05-30 16:55:32.824 I/DefaultIMS( 3073): onKeyUp: keyoCode=20
05-30 16:55:32.920 D/hq ( 2251): NetWorkStateReceiver:::检查网络,并且持续更新 isConnect=false
05-30 16:55:33.016 I/SogouIME( 3073): onKeyDown: keyoCode=20
05-30 16:55:33.016 I/DefaultIMS( 3073): onKeyDown: keyoCode=20
05-30 16:55:33.071 I/SogouIME( 3073): onKeyUp: keyoCode=20
05-30 16:55:33.071 I/DefaultIMS( 3073): onKeyUp: keyoCode=20
05-30 16:55:33.275 I/SogouIME( 3073): onKeyDown: keyoCode=20
05-30 16:55:33.275 I/DefaultIMS( 3073): onKeyDown: keyoCode=20
05-30 16:55:33.330 I/SogouIME( 3073): onKeyUp: keyoCode=20
05-30 16:55:33.330 I/DefaultIMS( 3073): onKeyUp: keyoCode=20
05-30 16:55:33.543 I/SogouIME( 3073): onKeyDown: keyoCode=20
05-30 16:55:33.543 I/DefaultIMS( 3073): onKeyDown: keyoCode=20
05-30 16:55:33.615 I/SogouIME( 3073): onKeyUp: keyoCode=20
05-30 16:55:33.615 I/DefaultIMS( 3073): onKeyUp: keyoCode=20
05-30 16:55:33.657 D/BufferPoolAccessor2.0( 642): bufferpool2 0xeabc28a8 : 4(4514 size) total buffers - 0(0 size) used buffers - 67/71 (recycle/alloc) - 4/71 (fetch/transfer)
05-30 16:55:33.657 D/BufferPoolAccessor2.0( 642): evictor expired: 1, evicted: 1
05-30 16:55:33.661 D/BufferPoolAccessor2.0( 637): bufferpool2 0xee1c2c08 : 8(65536 size) total buffers - 4(32768 size) used buffers - 67/75 (recycle/alloc) - 8/140 (fetch/transfer)
05-30 16:55:33.661 D/BufferPoolAccessor2.0( 637): evictor expired: 1, evicted: 1
05-30 16:55:33.928 I/SogouIME( 3073): onKeyDown: keyoCode=20
05-30 16:55:33.928 I/DefaultIMS( 3073): onKeyDown: keyoCode=20
05-30 16:55:33.999 I/SogouIME( 3073): onKeyUp: keyoCode=20
05-30 16:55:33.999 I/DefaultIMS( 3073): onKeyUp: keyoCode=20
05-30 16:55:34.336 I/SogouIME( 3073): onKeyDown: keyoCode=20
05-30 16:55:34.336 I/DefaultIMS( 3073): onKeyDown: keyoCode=20
05-30 16:55:34.409 I/SogouIME( 3073): onKeyUp: keyoCode=20
05-30 16:55:34.409 I/DefaultIMS( 3073): onKeyUp: keyoCode=20
05-30 16:55:34.910 D/audio_hw_hal_ms12common( 504): func:ms12_timer_callback_handler sigv:0 ~~~~~~~~~~
05-30 16:55:34.910 D/audio_hw_hal_ms12v2( 504): set_dolby_ms12_continuous_state audio_continuous_standby_set status 1
05-30 16:55:34.910 D/audio_hw_hal_continuous_standby( 504): audio_continuous_standby_set, type 0, params 1
05-30 16:55:34.910 D/audio_hw_hal_ms12common( 504): aml_send_ms12_scheduler_state_2_ms12 adev:0xe8542930, sch_state:1(SCHEDULER_STANDBY)
05-30 16:55:34.922 D/hq ( 2251): NetWorkStateReceiver:::检查网络,并且持续更新 isConnect=false
05-30 16:55:35.008 I/SogouIME( 3073): onKeyDown: keyoCode=19
05-30 16:55:35.009 I/DefaultIMS( 3073): onKeyDown: keyoCode=19
05-30 16:55:35.129 I/SogouIME( 3073): onKeyUp: keyoCode=19
05-30 16:55:35.129 I/DefaultIMS( 3073): onKeyUp: keyoCode=19
05-30 16:55:35.376 I/SogouIME( 3073): onKeyDown: keyoCode=23
05-30 16:55:35.376 I/DefaultIMS( 3073): onKeyDown: keyoCode=23
05-30 16:55:35.520 I/SogouIME( 3073): onKeyUp: keyoCode=23
05-30 16:55:35.520 I/DefaultIMS( 3073): onKeyUp: keyoCode=23
05-30 16:55:35.673 W/WindowManager( 718): [addWindow] title:com.dangbei.hqguide/com.dangbei.hqguide.main.MainActivity
05-30 16:55:35.715 D/CoreBackPreview( 718): Window{80f3152 u0 com.dangbei.hqguide/com.dangbei.hqguide.main.MainActivity}: Setting back callback OnBackInvokedCallbackInfo{mCallback=android.window.IOnBackInvokedCallback$Stub$Proxy@fa6a520, mPriority=0, mIsAnimationCallback=false}
05-30 16:55:35.740 E/OpenGLRenderer( 1477): Unable to match the desired swap behavior.
05-30 16:55:35.756 D/OomAdjuster( 718): Not killing cached processes
05-30 16:55:35.776 W/ContextImpl( 718): Calling a method in the system process without a qualified user: android.app.ContextImpl.startService:1899 com.android.server.wm.DisplayPolicy.lambda$focusChangedLw$5:2126 com.android.server.wm.DisplayPolicy.$r8$lambda$Znxk63oh-WzVnzo_WQefN7uxV48:0 com.android.server.wm.DisplayPolicy$$ExternalSyntheticLambda13.run:0 android.os.Handler.handleCallback:958
05-30 16:55:35.779 D/aaa ( 2101): LedStatusService onStartCommand begin
05-30 16:55:35.780 D/aaa ( 2101): topPkg is -------------- :com.dangbei.hqguide
05-30 16:55:35.855 I/DefaultIMS( 3073): onStartInput attribute=android.view.inputmethod.EditorInfo@78cd4cc restarting=false inputType: 33
05-30 16:55:35.856 D/CompatibilityChangeReporter( 1477): Compat change id reported: 163400105; UID 10029; state: DISABLED
05-30 16:55:35.888 I/ImeTracker( 1477): com.dangbei.hqguide:a5ff62d2: onRequestShow at ORIGIN_CLIENT_SHOW_SOFT_INPUT reason SHOW_SOFT_INPUT
05-30 16:55:35.890 D/InputMethodManager( 1477): showSoftInput() view=androidx.appcompat.widget.AppCompatEditText{62cf627 VFED..CL. .F...... 80,156-520,236 #7f080093 app:id/dialog_wifi_edit aid=1073741840} flags=0 reason=SHOW_SOFT_INPUT
05-30 16:55:35.893 W/ProcessStats( 718): Tracking association SourceState{72b7c67 system/1000 BFgs #482} whose proc state 4 is better than process ProcessState{db73d01 com.sohu.inputmethod.sogou.tv/10039 pkg=com.sohu.inputmethod.sogou.tv} proc state 6 (0 skipped)
05-30 16:55:35.897 I/DefaultIMS( 3073): DefaultIMS::onCreateInputView() languageResourceReady ? true
05-30 16:55:35.897 I/SogouIME( 3073): SogouIME::onStartInputView()
05-30 16:55:35.898 I/DefaultIMS( 3073): onStartInputView attributeandroid.view.inputmethod.EditorInfo@78cd4cc restarting=false inputType: 33
05-30 16:55:35.898 I/SogouIME( 3073): SogouIME::setInputView()
05-30 16:55:35.899 I/MainPresenter( 3073): onStartInputView: attribute=android.view.inputmethod.EditorInfo@78cd4cc isReady=true; restarting: false inputType: 33
05-30 16:55:35.909 I/InputContext( 3073): onChanged: composing=null
05-30 16:55:35.909 I/InputContext( 3073): onChanged: forCompose=false
05-30 16:55:35.909 I/InputContext( 3073): onChanged: candidateWords=[]
05-30 16:55:35.909 I/InputContext( 3073): onChanged: candidateWordInfo.size=0 global offset: 0pausedCandidateData = false
05-30 16:55:35.910 I/MainPresenter( 3073): setInputType:
05-30 16:55:35.921 I/InputContext( 3073): onChanged: composing=null
05-30 16:55:35.921 I/InputContext( 3073): onChanged: forCompose=false
05-30 16:55:35.921 I/InputContext( 3073): onChanged: candidateWords=[]
05-30 16:55:35.921 I/InputContext( 3073): onChanged: candidateWordInfo.size=0 global offset: 0pausedCandidateData = false
05-30 16:55:35.922 I/KeyEventTransfer( 3073): languageID=0
05-30 16:55:35.922 I/KeyEventTransfer( 3073): scriptID=1
05-30 16:55:35.922 I/KeyEventTransfer( 3073): layoutID=2
05-30 16:55:36.019 D/CHJNIDefault( 3073): setInputMode value=-1
05-30 16:55:36.019 I/MainPresenter( 3073): loadInputType: 0
05-30 16:55:36.037 D/CompatibilityChangeReporter( 3073): Compat change id reported: 210923482; UID 10039; state: DISABLED
05-30 16:55:36.037 D/CompatibilityChangeReporter( 3073): Compat change id reported: 37756858; UID 10039; state: ENABLED
05-30 16:55:36.056 I/BodyArea( 3073): loadKeyboard layoutId1
05-30 16:55:36.057 D/SkinEngine( 3073): prepareProtoList: execute start
05-30 16:55:36.059 I/CountdownExecutor( 3073): run:size=2 no=0
05-30 16:55:36.066 I/CountdownExecutor( 3073): run:size=2 no=1
05-30 16:55:36.066 D/SkinEngine( 3073): prepareProtoList: execute end
05-30 16:55:36.138 I/AbstractLifecycle( 3073): onStartInputView: Build_d5523c4_20201222 android_tv_dangbei
05-30 16:55:36.142 I/eJ ( 3073): handle Action on start Input
05-30 16:55:36.155 D/CoreBackPreview( 718): Window{80f3152 u0 com.dangbei.hqguide/com.dangbei.hqguide.main.MainActivity}: Setting back callback OnBackInvokedCallbackInfo{mCallback=android.window.IOnBackInvokedCallback$Stub$Proxy@f697803, mPriority=0, mIsAnimationCallback=false}
05-30 16:55:36.157 W/ServiceManagerCppClient( 263): Permission failure: android.permission.ROTATE_SURFACE_FLINGER from uid=10039 pid=0
05-30 16:55:36.157 D/PermissionCache( 263): checking android.permission.ROTATE_SURFACE_FLINGER for uid=10039 => denied (478 us)
05-30 16:55:36.158 W/ServiceManagerCppClient( 263): Permission failure: android.permission.INTERNAL_SYSTEM_WINDOW from uid=10039 pid=0
05-30 16:55:36.158 D/PermissionCache( 263): checking android.permission.INTERNAL_SYSTEM_WINDOW for uid=10039 => denied (347 us)
05-30 16:55:36.158 W/ServiceManagerCppClient( 263): Permission failure: android.permission.ACCESS_SURFACE_FLINGER from uid=10039 pid=0
05-30 16:55:36.158 D/PermissionCache( 263): checking android.permission.ACCESS_SURFACE_FLINGER for uid=10039 => denied (349 us)
05-30 16:55:36.160 I/mali ( 3073): Successfully parsed 1 environment variable(s) from /vendor/etc/mali_platform.config.
05-30 16:55:36.161 I/mali ( 3073): Successfully parsed 1 environment variable(s) from /vendor/etc/mali_platform.config.
05-30 16:55:36.176 I/hwservicemanager( 233): getTransport: Cannot find entry android.hardware.configstore@1.0::ISurfaceFlingerConfigs/default in either framework or device VINTF manifest.
05-30 16:55:36.201 I/MesonDisplay( 289): [/mode_policy.c, meson_mode_set_policy, 1177] connector:0 to policy:0
05-30 16:55:36.201 I/MesonDisplay( 289): [/mode_policy.c, is_dv_prefer, 66] not prefer dv, hdr_priority:10000010
05-30 16:55:36.201 I/MesonDisplay( 289): [/mode_policy.c, is_dv_prefer, 66] not prefer dv, hdr_priority:10000010
05-30 16:55:36.201 I/MesonDisplay( 289): [/mode_policy.c, hdr_scene_process, 724] policy:0 is_bestcolorspace:1 state:0
05-30 16:55:36.201 I/MesonDisplay( 289): [/mode_policy_parser.c, is_support_hdmimode, 110] is_support_hdmimode mode: 2160p60hz
05-30 16:55:36.201 I/MesonDisplay( 289): [/mode_policy_parser.c, is_support_hdmimode, 110] is_support_hdmimode mode: 2160p60hz
05-30 16:55:36.201 D/MesonDisplay( 289): meson_write /sys/class/amhdmitx/amhdmitx0/valid_mode, outputmode:2160p60hz420,10bit
05-30 16:55:36.201 D/MesonDisplay( 289): valid mode is true!
05-30 16:55:36.201 I/MesonDisplay( 289): [/mode_policy.c, is_support_4kHDR, 499] is_support_4kHDR mode:[420,10bit], deep color:[2160p60hz]
05-30 16:55:36.202 I/MesonDisplay( 289): [/mode_policy.c, meson_mode_get_policy_output, 1289] final_displaymode:2160p60hz, final_deepcolor:420,10bit, amdv_type:0
05-30 16:55:36.202 I/MesonDisplay( 289): [/mode_policy.c, meson_mode_set_policy, 1177] connector:0 to policy:0
05-30 16:55:36.203 E/OpenGLRenderer( 3073): Unable to match the desired swap behavior.
05-30 16:55:36.296 W/ServiceManagerCppClient( 718): Permission failure: android.permission.ROTATE_SURFACE_FLINGER from uid=10039 pid=0
05-30 16:55:36.296 D/PermissionCache( 718): checking android.permission.ROTATE_SURFACE_FLINGER for uid=10039 => denied (222 us)
05-30 16:55:36.296 W/ServiceManagerCppClient( 718): Permission failure: android.permission.INTERNAL_SYSTEM_WINDOW from uid=10039 pid=0
05-30 16:55:36.296 D/PermissionCache( 718): checking android.permission.INTERNAL_SYSTEM_WINDOW for uid=10039 => denied (121 us)
05-30 16:55:36.296 W/ServiceManagerCppClient( 718): Permission failure: android.permission.ACCESS_SURFACE_FLINGER from uid=10039 pid=0
05-30 16:55:36.296 D/PermissionCache( 718): checking android.permission.ACCESS_SURFACE_FLINGER for uid=10039 => denied (67 us)
05-30 16:55:36.300 D/InsetsController( 1477): show(ime(), fromIme=true)
05-30 16:55:36.309 D/WindowManagerShell( 1131): TvPipController: onImeVisibilityChanged(), visible=true, height=488
05-30 16:55:36.536 I/ImeTracker( 1477): com.dangbei.hqguide:a5ff62d2: onShown
05-30 16:55:36.923 D/hq ( 2251): NetWorkStateReceiver:::检查网络,并且持续更新 isConnect=false
05-30 16:55:38.064 I/SogouIME( 3073): onKeyDown: keyoCode=115
05-30 16:55:38.065 I/DefaultIMS( 3073): onKeyDown: keyoCode=115
05-30 16:55:38.066 I/TvSpecialKeyEventInterceptor( 3073): onKeyDown repeat: 0 onKeyDownConsume: false
05-30 16:55:38.202 I/SogouIME( 3073): onKeyUp: keyoCode=115
05-30 16:55:38.202 I/DefaultIMS( 3073): onKeyUp: keyoCode=115
05-30 16:55:38.203 I/TvSpecialKeyEventInterceptor( 3073): onKeyUp: onKeyDownConsume false onKeyUpConsume: false repeat: 0
05-30 16:55:38.924 D/hq ( 2251): NetWorkStateReceiver:::检查网络,并且持续更新 isConnect=false
05-30 16:55:40.259 I/efs.send_log( 2598): log cann't be send because net status is disconnected
05-30 16:55:40.926 D/hq ( 2251): NetWorkStateReceiver:::检查网络,并且持续更新 isConnect=false
05-30 16:55:42.860 I/WifiService( 718): startScan uid=10029
05-30 16:55:42.871 D/InstantWifi( 718): Drop, size: 0
05-30 16:55:42.927 D/hq ( 2251): NetWorkStateReceiver:::检查网络,并且持续更新 isConnect=false
05-30 16:55:44.929 D/hq ( 2251): NetWorkStateReceiver:::检查网络,并且持续更新 isConnect=false
05-30 16:55:45.277 I/audio_hw_hal_alsamgr( 504): alsa format =0x1 delay frames =768 total frames=9315840
05-30 16:55:45.407 D/WifiNl80211Manager( 718): Scan result ready event
05-30 16:55:45.407 D/WifiNative( 718): Scan result ready event
05-30 16:55:45.428 D/WificondScannerImpl( 718): Filtering out 2 scan results.
05-30 16:55:45.463 E/hq ( 2251): NetWorkStateReceiver:::NetWorkStateReceiver onReceive: 网络变化广播 >>>> intent.action=android.net.wifi.SCAN_RESULTS
05-30 16:55:45.469 I/WifiHAL ( 527): call wifi_get_link_stats handler
05-30 16:55:45.469 I/WifiHAL ( 527): Creating message to get link statistics; iface = 16
05-30 16:55:45.469 D/WifiHAL ( 527): error code -95 mapped to -3
05-30 16:55:45.470 E/WifiStaIfaceAidlImpl( 718): getLinkLayerStats failed with service-specific exception: android.os.ServiceSpecificException: (code 4)
05-30 16:55:45.486 W/eventbuscore( 2251): post Event:com.dangbei.leard.base.entity.event.NetWifiRssiEvent
05-30 16:55:46.695 I/SogouIME( 3073): onKeyDown: keyoCode=32
05-30 16:55:46.695 I/DefaultIMS( 3073): onKeyDown: keyoCode=32
05-30 16:55:46.695 I/PhysicalKeyHandler( 3073): isHKBEnabled
05-30 16:55:46.696 I/KeyHandlerManager( 3073): handlePhysicalKeyDown
05-30 16:55:46.700 I/MainPresenter( 3073): setInputType:
05-30 16:55:46.707 I/InputContext( 3073): onChanged: editComposing=
05-30 16:55:46.708 D/EnInputSession( 3073): getCandidateWords: count=0
05-30 16:55:46.708 I/InputContext( 3073): onChanged: candidateWords=[]
05-30 16:55:46.708 I/InputContext( 3073): onChanged: candidateWordInfo.size=0 global offset: 0pausedCandidateData = false
05-30 16:55:46.709 I/InputContext( 3073): onChanged: composing=null
05-30 16:55:46.709 I/InputContext( 3073): onChanged: forCompose=false
05-30 16:55:46.709 I/InputContext( 3073): onChanged: editComposing=
05-30 16:55:46.710 I/InputContext( 3073): onChanged: candidateWords=[]
05-30 16:55:46.710 I/InputContext( 3073): onChanged: candidateWordInfo.size=0 global offset: 0pausedCandidateData = false
05-30 16:55:46.710 I/MainPresenter( 3073): loadInputType: 8
05-30 16:55:46.711 E/SpannableStringBuilder( 1477): SPAN_EXCLUSIVE_EXCLUSIVE spans cannot have a zero length
05-30 16:55:46.711 E/SpannableStringBuilder( 1477): SPAN_EXCLUSIVE_EXCLUSIVE spans cannot have a zero length
05-30 16:55:46.712 E/SpannableStringBuilder( 1477): SPAN_EXCLUSIVE_EXCLUSIVE spans cannot have a zero length
05-30 16:55:46.712 E/SpannableStringBuilder( 1477): SPAN_EXCLUSIVE_EXCLUSIVE spans cannot have a zero length
05-30 16:55:46.745 I/TA ( 3073): updateItemFocusState, visible start = -1, end = -1, selectedIndex -1
05-30 16:55:46.745 I/TA ( 3073): checkToResetItemFocus, visible range from: -1,-1 to -1, -1, setLast false
05-30 16:55:46.746 I/BodyArea( 3073): loadKeyboard layoutId11
05-30 16:55:46.747 D/SkinEngine( 3073): prepareProtoList: execute start
05-30 16:55:46.747 D/SkinEngine( 3073): prepareProtoList: execute end
05-30 16:55:46.760 D/CHJNIDefault( 3073): setInputMode value=-1
05-30 16:55:46.761 D/Physical26KeyHandler( 3073): getSKeyCode:-1
05-30 16:55:46.775 D/CompatibilityChangeReporter( 3073): Compat change id reported: 147798919; UID 10039; state: DISABLED
05-30 16:55:46.776 D/WindowManagerShell( 1131): TvPipController: onImeVisibilityChanged(), visible=true, height=123
05-30 16:55:46.782 D/CompatibilityChangeReporter( 718): Compat change id reported: 128611929; UID 10039; state: DISABLED
05-30 16:55:46.788 I/ENKeyHandler( 3073): on selection update: oldStart: 0, oldEnd: 0, newStart: 1, newEnd: 1, composingStart: -1, composingEnd: -1
05-30 16:55:46.791 W/WindowManager( 718): [addWindow] title:Toast
05-30 16:55:46.792 D/CompatibilityChangeReporter( 718): Compat change id reported: 168419799; UID 10039; state: DISABLED
05-30 16:55:46.792 D/CompatibilityChangeReporter( 718): Compat change id reported: 273564678; UID 10039; state: DISABLED
05-30 16:55:46.808 D/CoreBackPreview( 718): Window{e93cce5 u0 Toast}: Setting back callback OnBackInvokedCallbackInfo{mCallback=android.window.IOnBackInvokedCallback$Stub$Proxy@4395261, mPriority=0, mIsAnimationCallback=false}
05-30 16:55:46.841 E/OpenGLRenderer( 3073): Unable to match the desired swap behavior.
05-30 16:55:46.873 I/SogouIME( 3073): onKeyUp: keyoCode=32
05-30 16:55:46.873 I/DefaultIMS( 3073): onKeyUp: keyoCode=32
05-30 16:55:46.874 D/Physical26KeyHandler( 3073): getSKeyCode:-1
05-30 16:55:46.930 D/hq ( 2251): NetWorkStateReceiver:::检查网络,并且持续更新 isConnect=false
05-30 16:55:47.272 I/LA ( 3073): isFirstItemCompletelyShow, offset = -1, isFirstPage = false
05-30 16:55:47.273 I/CandidateLayout( 3073): onChanged, firstItemShown = true, lastItemShown = true
05-30 16:55:47.273 I/LA ( 3073): isFirstItemCompletelyShow, offset = -1, isFirstPage = false
05-30 16:55:47.273 I/CandidateLayout( 3073): onChanged, firstItemShown = true, lastItemShown = true
05-30 16:55:47.327 I/WifiService( 718): startScan uid=10029
05-30 16:55:47.329 I/WifiScanRequestProxy( 718): Scan request from com.dangbei.hqguide throttled
05-30 16:55:47.330 E/WifiService( 718): Failed to start scan
05-30 16:55:48.080 I/SogouIME( 3073): onKeyDown: keyoCode=30
05-30 16:55:48.080 I/DefaultIMS( 3073): onKeyDown: keyoCode=30
05-30 16:55:48.080 I/KeyHandlerManager( 3073): handlePhysicalKeyDown
05-30 16:55:48.081 D/Physical26KeyHandler( 3073): getSKeyCode:-1
05-30 16:55:48.101 I/ENKeyHandler( 3073): on selection update: oldStart: 1, oldEnd: 1, newStart: 2, newEnd: 2, composingStart: -1, composingEnd: -1
05-30 16:55:48.199 I/SogouIME( 3073): onKeyUp: keyoCode=30
05-30 16:55:48.199 I/DefaultIMS( 3073): onKeyUp: keyoCode=30
05-30 16:55:48.200 D/Physical26KeyHandler( 3073): getSKeyCode:-1
05-30 16:55:48.786 W/WindowOnBackDispatcher( 3073): sendCancelIfRunning: isInProgress=falsecallback=android.view.ViewRootImpl$$ExternalSyntheticLambda17@17f384a
05-30 16:55:48.787 D/CoreBackPreview( 718): Window{e93cce5 u0 Toast}: Setting back callback null
05-30 16:55:48.791 W/InputManager-JNI( 718): Input channel object 'e93cce5 Toast (client)' was disposed without first being removed with the input manager!
05-30 16:55:48.797 W/NotificationService( 718): Toast already killed. pkg=com.sohu.inputmethod.sogou.tv token=android.os.BinderProxy@96ab955
05-30 16:55:48.931 D/hq ( 2251): NetWorkStateReceiver:::检查网络,并且持续更新 isConnect=false
05-30 16:55:50.301 I/efs.send_log( 2598): log cann't be send because net status is disconnected
05-30 16:55:50.795 W/WindowManager( 718): Unable to start animation, surface is null or no children.
05-30 16:55:50.932 D/hq ( 2251): NetWorkStateReceiver:::检查网络,并且持续更新 isConnect=false
05-30 16:55:52.934 D/hq ( 2251): NetWorkStateReceiver:::检查网络,并且持续更新 isConnect=false
05-30 16:55:53.072 I/SogouIME( 3073): onKeyDown: keyoCode=115
05-30 16:55:53.072 I/DefaultIMS( 3073): onKeyDown: keyoCode=115
05-30 16:55:53.072 I/KeyHandlerManager( 3073): handlePhysicalKeyDown
05-30 16:55:53.073 D/Physical26KeyHandler( 3073): getSKeyCode:-101
05-30 16:55:53.233 I/SogouIME( 3073): onKeyUp: keyoCode=115
05-30 16:55:53.233 I/DefaultIMS( 3073): onKeyUp: keyoCode=115
05-30 16:55:53.233 D/Physical26KeyHandler( 3073): getSKeyCode:-101
05-30 16:55:54.935 D/hq ( 2251): NetWorkStateReceiver:::检查网络,并且持续更新 isConnect=false
05-30 16:55:56.307 I/WifiService( 718): startScan uid=10029
05-30 16:55:56.310 I/WifiScanRequestProxy( 718): Scan request from com.dangbei.hqguide throttled
05-30 16:55:56.310 E/WifiService( 718): Failed to start scan
05-30 16:55:56.315 I/WifiService( 718): startScan uid=10029
05-30 16:55:56.316 I/WifiScanRequestProxy( 718): Scan request from com.dangbei.hqguide throttled
05-30 16:55:56.318 E/WifiService( 718): Failed to start scan
05-30 16:55:56.936 D/hq ( 2251): NetWorkStateReceiver:::检查网络,并且持续更新 isConnect=false
05-30 16:55:58.937 D/hq ( 2251): NetWorkStateReceiver:::检查网络,并且持续更新 isConnect=false
05-30 16:56:00.347 I/efs.send_log( 2598): log cann't be send because net status is disconnected
05-30 16:56:00.938 D/hq ( 2251): NetWorkStateReceiver:::检查网络,并且持续更新 isConnect=false
05-30 16:56:02.940 D/hq ( 2251): NetWorkStateReceiver:::检查网络,并且持续更新 isConnect=false
05-30 16:56:03.724 D/OomAdjuster( 718): Not killing cached processes
05-30 16:56:03.728 D/bbb ( 2121): onStartCommand begin !!!!!!! data分区剩余 54617MB
05-30 16:56:04.941 D/hq ( 2251): NetWorkStateReceiver:::检查网络,并且持续更新 isConnect=false
05-30 16:56:05.094 E/dangbei111( 1892): cccccc 开始扫描
05-30 16:56:05.095 D/BluetoothAdapter( 1892): isLeEnabled(): ON
05-30 16:56:06.942 D/hq ( 2251): NetWorkStateReceiver:::检查网络,并且持续更新 isConnect=false
05-30 16:56:08.944 D/hq ( 2251): NetWorkStateReceiver:::检查网络,并且持续更新 isConnect=false
05-30 16:56:08.992 I/SogouIME( 3073): onKeyDown: keyoCode=54
05-30 16:56:08.992 I/DefaultIMS( 3073): onKeyDown: keyoCode=54
05-30 16:56:08.992 I/KeyHandlerManager( 3073): handlePhysicalKeyDown
05-30 16:56:08.993 D/Physical26KeyHandler( 3073): getSKeyCode:122
05-30 16:56:09.016 I/ENKeyHandler( 3073): on selection update: oldStart: 2, oldEnd: 2, newStart: 3, newEnd: 3, composingStart: -1, composingEnd: -1
05-30 16:56:09.168 I/SogouIME( 3073): onKeyUp: keyoCode=54
05-30 16:56:09.168 I/DefaultIMS( 3073): onKeyUp: keyoCode=54
05-30 16:56:09.168 D/Physical26KeyHandler( 3073): getSKeyCode:122
05-30 16:56:09.243 E/ccc ( 1892): cccccc sendCycleCheckBroadcast
05-30 16:56:09.244 W/ContextImpl( 1892): Calling a method in the system process without a qualified user: android.app.ContextImpl.sendBroadcast:1220 android.content.ContextWrapper.sendBroadcast:504 com.dangbei.etna.setting.core.SettingHelper.sendCycleToProjector:257 com.dangbei.etna.setting.core.SettingHelper.sendCycleCheckBroadcast:226 com.dangbei.etna.setting.core.SettingHelper.startLoop$lambda-0:185
05-30 16:56:09.245 W/ContextImpl( 1892): Calling a method in the system process without a qualified user: android.app.ContextImpl.sendBroadcast:1220 android.content.ContextWrapper.sendBroadcast:504 com.dangbei.etna.setting.core.SettingHelper.sendCycleToVoice:242 com.dangbei.etna.setting.core.SettingHelper.sendCycleCheckBroadcast:227 com.dangbei.etna.setting.core.SettingHelper.startLoop$lambda-0:185
05-30 16:56:09.246 D/OomAdjuster( 718): Not killing cached processes
05-30 16:56:09.250 D/RockyVoice( 2593): RestartReceiver onReceive
05-30 16:56:09.250 I/ActivityManager( 718): Background started FGS: Allowed [callingPackage: com.dangbei.screencast; callingUid: 10044; uidState: FGS ; uidBFSL: [BFSL]; intent: Intent { act=com.dangbei.screencast.STARTUP pkg=com.dangbei.screencast }; code:PROC_STATE_FGS; tempAllowListReason:; targetSdkVersion:28; callerTargetSdkVersion:28; startForegroundCount:1; bindFromPackage:null: isBindService:true]
05-30 16:56:09.408 I/rgb_led_ctl( 4586): type=1400 audit(0.0:2142): avc: denied { write } for name="spidev1.0" dev="tmpfs" ino=534 scontext=u:r:init:s0 tcontext=u:object_r:device:s0 tclass=chr_file permissive=1
05-30 16:56:09.408 I/rgb_led_ctl( 4586): type=1400 audit(0.0:2143): avc: denied { open } for path="/dev/spidev1.0" dev="tmpfs" ino=534 scontext=u:r:init:s0 tcontext=u:object_r:device:s0 tclass=chr_file permissive=1
05-30 16:56:09.408 I/rgb_led_ctl( 4586): type=1400 audit(0.0:2144): avc: denied { ioctl } for path="/dev/spidev1.0" dev="tmpfs" ino=534 ioctlcmd=0x6b01 scontext=u:r:init:s0 tcontext=u:object_r:device:s0 tclass=chr_file permissive=1
05-30 16:56:09.532 I/SogouIME( 3073): onKeyDown: keyoCode=42
05-30 16:56:09.532 I/DefaultIMS( 3073): onKeyDown: keyoCode=42
05-30 16:56:09.532 I/KeyHandlerManager( 3073): handlePhysicalKeyDown
05-30 16:56:09.532 D/Physical26KeyHandler( 3073): getSKeyCode:110
05-30 16:56:09.559 I/ENKeyHandler( 3073): on selection update: oldStart: 3, oldEnd: 3, newStart: 4, newEnd: 4, composingStart: -1, composingEnd: -1
05-30 16:56:09.663 I/SogouIME( 3073): onKeyUp: keyoCode=42
05-30 16:56:09.663 I/DefaultIMS( 3073): onKeyUp: keyoCode=42
05-30 16:56:09.664 D/Physical26KeyHandler( 3073): getSKeyCode:110
05-30 16:56:10.112 I/SogouIME( 3073): onKeyDown: keyoCode=32
05-30 16:56:10.112 I/DefaultIMS( 3073): onKeyDown: keyoCode=32
05-30 16:56:10.112 I/KeyHandlerManager( 3073): handlePhysicalKeyDown
05-30 16:56:10.113 D/Physical26KeyHandler( 3073): getSKeyCode:100
05-30 16:56:10.136 I/ENKeyHandler( 3073): on selection update: oldStart: 4, oldEnd: 4, newStart: 5, newEnd: 5, composingStart: -1, composingEnd: -1
05-30 16:56:10.199 I/SogouIME( 3073): onKeyUp: keyoCode=32
05-30 16:56:10.199 I/DefaultIMS( 3073): onKeyUp: keyoCode=32
05-30 16:56:10.199 D/Physical26KeyHandler( 3073): getSKeyCode:100
05-30 16:56:10.350 I/efs.send_log( 2598): log cann't be send because net status is disconnected
05-30 16:56:10.376 I/SogouIME( 3073): onKeyDown: keyoCode=47
05-30 16:56:10.376 I/DefaultIMS( 3073): onKeyDown: keyoCode=47
05-30 16:56:10.376 I/KeyHandlerManager( 3073): handlePhysicalKeyDown
05-30 16:56:10.377 D/Physical26KeyHandler( 3073): getSKeyCode:115
05-30 16:56:10.391 I/ENKeyHandler( 3073): on selection update: oldStart: 5, oldEnd: 5, newStart: 6, newEnd: 6, composingStart: -1, composingEnd: -1
05-30 16:56:10.512 I/SogouIME( 3073): onKeyUp: keyoCode=47
05-30 16:56:10.512 I/DefaultIMS( 3073): onKeyUp: keyoCode=47
05-30 16:56:10.513 D/Physical26KeyHandler( 3073): getSKeyCode:115
05-30 16:56:10.945 D/hq ( 2251): NetWorkStateReceiver:::检查网络,并且持续更新 isConnect=false
05-30 16:56:11.808 I/SogouIME( 3073): onKeyDown: keyoCode=146
05-30 16:56:11.808 I/DefaultIMS( 3073): onKeyDown: keyoCode=146
05-30 16:56:11.808 I/KeyHandlerManager( 3073): handlePhysicalKeyDown
05-30 16:56:11.809 D/Physical26KeyHandler( 3073): getSKeyCode:50
05-30 16:56:11.830 I/ENKeyHandler( 3073): on selection update: oldStart: 6, oldEnd: 6, newStart: 7, newEnd: 7, composingStart: -1, composingEnd: -1
05-30 16:56:11.928 I/SogouIME( 3073): onKeyUp: keyoCode=146
05-30 16:56:11.928 I/DefaultIMS( 3073): onKeyUp: keyoCode=146
05-30 16:56:11.929 D/Physical26KeyHandler( 3073): getSKeyCode:50
05-30 16:56:12.192 I/SogouIME( 3073): onKeyDown: keyoCode=144
05-30 16:56:12.192 I/DefaultIMS( 3073): onKeyDown: keyoCode=144
05-30 16:56:12.192 I/KeyHandlerManager( 3073): handlePhysicalKeyDown
05-30 16:56:12.193 D/Physical26KeyHandler( 3073): getSKeyCode:48
05-30 16:56:12.213 I/ENKeyHandler( 3073): on selection update: oldStart: 7, oldEnd: 7, newStart: 8, newEnd: 8, composingStart: -1, composingEnd: -1
05-30 16:56:12.312 I/SogouIME( 3073): onKeyUp: keyoCode=144
05-30 16:56:12.312 I/DefaultIMS( 3073): onKeyUp: keyoCode=144
05-30 16:56:12.313 D/Physical26KeyHandler( 3073): getSKeyCode:48
05-30 16:56:12.848 I/SogouIME( 3073): onKeyDown: keyoCode=146
05-30 16:56:12.848 I/DefaultIMS( 3073): onKeyDown: keyoCode=146
05-30 16:56:12.848 I/KeyHandlerManager( 3073): handlePhysicalKeyDown
05-30 16:56:12.848 D/Physical26KeyHandler( 3073): getSKeyCode:50
05-30 16:56:12.863 I/ENKeyHandler( 3073): on selection update: oldStart: 8, oldEnd: 8, newStart: 9, newEnd: 9, composingStart: -1, composingEnd: -1
05-30 16:56:12.946 D/hq ( 2251): NetWorkStateReceiver:::检查网络,并且持续更新 isConnect=false
05-30 16:56:12.952 I/SogouIME( 3073): onKeyUp: keyoCode=146
05-30 16:56:12.952 I/DefaultIMS( 3073): onKeyUp: keyoCode=146
05-30 16:56:12.953 D/Physical26KeyHandler( 3073): getSKeyCode:50
05-30 16:56:13.144 I/SogouIME( 3073): onKeyDown: keyoCode=147
05-30 16:56:13.144 I/DefaultIMS( 3073): onKeyDown: keyoCode=147
05-30 16:56:13.144 I/KeyHandlerManager( 3073): handlePhysicalKeyDown
05-30 16:56:13.145 D/Physical26KeyHandler( 3073): getSKeyCode:51
05-30 16:56:13.163 I/ENKeyHandler( 3073): on selection update: oldStart: 9, oldEnd: 9, newStart: 10, newEnd: 10, composingStart: -1, composingEnd: -1
05-30 16:56:13.231 I/SogouIME( 3073): onKeyUp: keyoCode=147
05-30 16:56:13.231 I/DefaultIMS( 3073): onKeyUp: keyoCode=147
05-30 16:56:13.232 D/Physical26KeyHandler( 3073): getSKeyCode:51
05-30 16:56:13.448 I/SogouIME( 3073): onKeyDown: keyoCode=144
05-30 16:56:13.448 I/DefaultIMS( 3073): onKeyDown: keyoCode=144
05-30 16:56:13.448 I/KeyHandlerManager( 3073): handlePhysicalKeyDown
05-30 16:56:13.449 D/Physical26KeyHandler( 3073): getSKeyCode:48
05-30 16:56:13.470 I/ENKeyHandler( 3073): on selection update: oldStart: 10, oldEnd: 10, newStart: 11, newEnd: 11, composingStart: -1, composingEnd: -1
05-30 16:56:13.552 I/SogouIME( 3073): onKeyUp: keyoCode=144
05-30 16:56:13.552 I/DefaultIMS( 3073): onKeyUp: keyoCode=144
05-30 16:56:13.553 D/Physical26KeyHandler( 3073): getSKeyCode:48
05-30 16:56:13.855 I/SogouIME( 3073): onKeyDown: keyoCode=153
05-30 16:56:13.855 I/DefaultIMS( 3073): onKeyDown: keyoCode=153
05-30 16:56:13.855 I/KeyHandlerManager( 3073): handlePhysicalKeyDown
05-30 16:56:13.856 D/Physical26KeyHandler( 3073): getSKeyCode:57
05-30 16:56:13.870 I/ENKeyHandler( 3073): on selection update: oldStart: 11, oldEnd: 11, newStart: 12, newEnd: 12, composingStart: -1, composingEnd: -1
05-30 16:56:13.936 I/SogouIME( 3073): onKeyUp: keyoCode=153
05-30 16:56:13.936 I/DefaultIMS( 3073): onKeyUp: keyoCode=153
05-30 16:56:13.937 D/Physical26KeyHandler( 3073): getSKeyCode:57
05-30 16:56:14.152 I/SogouIME( 3073): onKeyDown: keyoCode=144
05-30 16:56:14.152 I/DefaultIMS( 3073): onKeyDown: keyoCode=144
05-30 16:56:14.152 I/KeyHandlerManager( 3073): handlePhysicalKeyDown
05-30 16:56:14.153 D/Physical26KeyHandler( 3073): getSKeyCode:48
05-30 16:56:14.173 I/ENKeyHandler( 3073): on selection update: oldStart: 12, oldEnd: 12, newStart: 13, newEnd: 13, composingStart: -1, composingEnd: -1
05-30 16:56:14.256 I/SogouIME( 3073): onKeyUp: keyoCode=144
05-30 16:56:14.256 I/DefaultIMS( 3073): onKeyUp: keyoCode=144
05-30 16:56:14.257 D/Physical26KeyHandler( 3073): getSKeyCode:48
05-30 16:56:14.417 I/SogouIME( 3073): onKeyDown: keyoCode=149
05-30 16:56:14.417 I/DefaultIMS( 3073): onKeyDown: keyoCode=149
05-30 16:56:14.418 I/KeyHandlerManager( 3073): handlePhysicalKeyDown
05-30 16:56:14.418 D/Physical26KeyHandler( 3073): getSKeyCode:53
05-30 16:56:14.443 I/ENKeyHandler( 3073): on selection update: oldStart: 13, oldEnd: 13, newStart: 14, newEnd: 14, composingStart: -1, composingEnd: -1
05-30 16:56:14.503 I/SogouIME( 3073): onKeyUp: keyoCode=149
05-30 16:56:14.503 I/DefaultIMS( 3073): onKeyUp: keyoCode=149
05-30 16:56:14.504 D/Physical26KeyHandler( 3073): getSKeyCode:53
05-30 16:56:14.948 D/hq ( 2251): NetWorkStateReceiver:::检查网络,并且持续更新 isConnect=false
05-30 16:56:15.546 I/WifiService( 718): startScan uid=10029
05-30 16:56:15.554 D/InstantWifi( 718): Drop, size: 0
05-30 16:56:15.633 I/SogouIME( 3073): onKeyDown: keyoCode=23
05-30 16:56:15.633 I/DefaultIMS( 3073): onKeyDown: keyoCode=23
05-30 16:56:15.633 I/KeyHandlerManager( 3073): handlePhysicalKeyDown
05-30 16:56:15.634 D/Physical26KeyHandler( 3073): getSKeyCode:10
05-30 16:56:15.634 I/InputContext( 3073): onChanged: composing=null
05-30 16:56:15.635 I/InputContext( 3073): onChanged: forCompose=false
05-30 16:56:15.635 I/InputContext( 3073): onChanged: editComposing=
05-30 16:56:15.635 I/InputContext( 3073): onChanged: candidateWords=[]
05-30 16:56:15.635 I/InputContext( 3073): onChanged: candidateWordInfo.size=0 global offset: 0pausedCandidateData = false
05-30 16:56:15.635 I/UA ( 3073): updateCandidateData
05-30 16:56:15.636 D/TA ( 3073): updateCandidateData currentIndex=-1, toLeft = true
05-30 16:56:15.638 E/SpannableStringBuilder( 1477): SPAN_EXCLUSIVE_EXCLUSIVE spans cannot have a zero length
05-30 16:56:15.638 E/SpannableStringBuilder( 1477): SPAN_EXCLUSIVE_EXCLUSIVE spans cannot have a zero length
05-30 16:56:15.663 I/SogouIME( 3073): onFinishInputView:
05-30 16:56:15.663 I/DefaultIMS( 3073): onFinishInputView: true
05-30 16:56:15.663 I/UA ( 3073): updateCandidateData
05-30 16:56:15.663 D/TA ( 3073): updateCandidateData currentIndex=-1, toLeft = true
05-30 16:56:15.667 I/TA ( 3073): updateItemFocusState, visible start = -1, end = -1, selectedIndex -1
05-30 16:56:15.668 I/UA ( 3073): updateCandidateData
05-30 16:56:15.668 D/TA ( 3073): updateCandidateData currentIndex=-1, toLeft = true
05-30 16:56:15.669 I/MainPresenter( 3073): onFinishInputView: on starting, return
05-30 16:56:15.686 D/EnInputSession( 3073): getCandidateWords: count=0
05-30 16:56:15.687 I/eJ ( 3073): handle Action on finish Input
05-30 16:56:15.687 I/PhysicalKeyHandler( 3073): resetPhysicalKeyboardStatus
05-30 16:56:15.699 D/EnInputSession( 3073): getCandidateWords: count=0
