05-30 16:53:01.733 D/CompatibilityChangeReporter( 718): Compat change id reported: 261072174; UID 1000; state: ENABLED
05-30 16:53:01.733 W/ContextImpl( 1336): Calling a method in the system process without a qualified user: android.app.ContextImpl.startService:1899 android.content.ContextWrapper.startService:825 android.content.ContextWrapper.startService:825 com.droidlogic.BootComplete.onReceive:128 android.app.ActivityThread.handleReceiver:4494
05-30 16:53:01.737 D/SystemServerTiming( 718): hasUserRestriction-DISALLOW_USER_SWITCH
05-30 16:53:01.737 D/SystemServerTiming( 718): getInt-ALLOW_USER_SWITCHING_WHEN_SYSTEM_USER_LOCKED
05-30 16:53:01.738 D/SystemServerTiming( 718): isUserUnlocked-USER_SYSTEM
05-30 16:53:01.745 D/CompatibilityChangeReporter( 718): Compat change id reported: 168419799; UID 10049; state: DISABLED
05-30 16:53:01.745 D/CompatibilityChangeReporter( 718): Compat change id reported: 273564678; UID 10049; state: DISABLED
05-30 16:53:01.751 I/MediaSessionStack( 718): addSession to bottom of stack | record: com.android.bluetooth/BluetoothMediaBrowserService (userId=0)
05-30 16:53:01.752 W/ContextImpl( 1336): Calling a method in the system process without a qualified user: android.app.ContextImpl.stopService:1911 android.content.ContextWrapper.stopService:835 android.content.ContextWrapper.stopService:835 com.droidlogic.BootComplete$2.onChange:276 com.droidlogic.BootComplete.updateDeveloperOptionsWatcher:283
05-30 16:53:01.759 D/CompatibilityChangeReporter( 718): Compat change id reported: 170503758; UID 10049; state: DISABLED
05-30 16:53:01.766 W/ActivityManager( 718): Slow operation: 111ms so far, now at startProcess: returned from zygote!
05-30 16:53:01.770 D/SystemServerTiming( 718): getUserSwitchability-0
05-30 16:53:01.770 D/SystemServerTiming( 718): TM.isInCall
05-30 16:53:01.770 D/SystemServerTiming( 718): hasUserRestriction-DISALLOW_USER_SWITCH
05-30 16:53:01.770 D/SystemServerTiming( 718): getInt-ALLOW_USER_SWITCHING_WHEN_SYSTEM_USER_LOCKED
05-30 16:53:01.770 D/SystemServerTiming( 718): isUserUnlocked-USER_SYSTEM
05-30 16:53:01.792 W/Looper ( 718): Slow dispatch took 190ms main h=android.app.ActivityThread$H c=android.app.LoadedApk$ReceiverDispatcher$Args$$ExternalSyntheticLambda0@9a6243f m=0
05-30 16:53:01.796 V/NotificationAssistants( 718): 0 notification assistant service connected: ComponentInfo{android.ext.services/android.ext.services.notification.Assistant}
05-30 16:53:01.802 I/SyncManager( 718): Loaded persisted syncs: 0 periodic syncs, 0 oneshot syncs, 0 total system server jobs, JobStats: FirstLoad: 0/0/0 LastSave: 1/1/0
05-30 16:53:01.812 D/CompatibilityChangeReporter( 718): Compat change id reported: 265195908; UID 10049; state: ENABLED
05-30 16:53:01.817 W/NotificationHistory( 718): Attempted to add notif for locked/gone/disabled user 0
05-30 16:53:01.830 W/ActivityManager( 718): Slow operation: 175ms so far, now at startProcess: done updating battery stats
05-30 16:53:01.830 W/ActivityManager( 718): Slow operation: 175ms so far, now at startProcess: building log message
05-30 16:53:01.830 I/ActivityManager( 718): Start proc 1934:com.android.keychain/1000 for service {com.android.keychain/com.android.keychain.KeyChainService}
05-30 16:53:01.830 W/ActivityManager( 718): Slow operation: 176ms so far, now at startProcess: starting to update pids map
05-30 16:53:01.830 W/ActivityManager( 718): Slow operation: 176ms so far, now at startProcess: done updating pids map
05-30 16:53:01.831 D/CompatibilityChangeReporter( 718): Compat change id reported: 168419799; UID 10068; state: DISABLED
05-30 16:53:01.832 D/CompatibilityChangeReporter( 718): Compat change id reported: 273564678; UID 10068; state: DISABLED
05-30 16:53:01.832 E/BackupPasswordManager( 718): Unable to read backup pw version
05-30 16:53:01.832 E/BackupPasswordManager( 718): Unable to read saved backup pw hash
05-30 16:53:01.833 W/ContextImpl( 1336): Calling a method in the system process without a qualified user: android.app.ContextImpl.startService:1899 android.content.ContextWrapper.startService:825 android.content.ContextWrapper.startService:825 com.droidlogic.BootComplete.onReceive:173 android.app.ActivityThread.handleReceiver:4494
05-30 16:53:01.836 D/CompatibilityChangeReporter( 718): Compat change id reported: 265195908; UID 10068; state: ENABLED
05-30 16:53:01.880 D/CompatibilityChangeReporter( 718): Compat change id reported: 168419799; UID 1000; state: DISABLED
05-30 16:53:01.880 D/CompatibilityChangeReporter( 718): Compat change id reported: 273564678; UID 1000; state: DISABLED
05-30 16:53:01.885 D/CompatibilityChangeReporter( 718): Compat change id reported: 161145287; UID 1000; state: DISABLED
05-30 16:53:01.886 D/CompatibilityChangeReporter( 718): Compat change id reported: 161145287; UID 1000; state: ENABLED
05-30 16:53:01.888 I/UsageStatsService( 718): User[0] Flushing usage stats to disk
05-30 16:53:01.893 D/CompatibilityChangeReporter( 718): Compat change id reported: 170503758; UID 10068; state: ENABLED
05-30 16:53:01.909 D/HDMI ( 718): addVendorCommandListener 1877008
05-30 16:53:01.948 W/ActivityManager( 718): Slow operation: 85ms so far, now at finishAttachApplicationInner: after mServices.attachApplicationLocked
05-30 16:53:01.948 W/ActivityManager( 718): Slow operation: 85ms so far, now at finishAttachApplicationInner: after dispatching broadcasts
05-30 16:53:01.952 I/PreBootBroadcaster( 718): Pre-boot of {com.droidlogic.mictoggle/com.droidlogic.mictoggle.AssistantMicMuteReceiver} for user 0
05-30 16:53:01.969 I/MediaSessionStack( 718): addSession to bottom of stack | record: com.android.music/MediaPlaybackService (userId=0)
05-30 16:53:02.037 I/ActivityManager( 718): com.droidlogic.mictoggle is exempt from freezer
05-30 16:53:02.037 D/CompatibilityChangeReporter( 718): Compat change id reported: 135634846; UID 1000; state: DISABLED
05-30 16:53:02.046 D/CompatibilityChangeReporter( 718): Compat change id reported: 261072174; UID 10052; state: ENABLED
05-30 16:53:02.097 W/ActivityManager( 718): Slow operation: 61ms so far, now at startProcess: returned from zygote!
05-30 16:53:02.099 V/BackupManagerService( 718): [UserID:0] No ancestral data
05-30 16:53:02.100 W/ActivityManager( 718): Slow operation: 61ms so far, now at startProcess: done updating battery stats
05-30 16:53:02.101 W/ActivityManager( 718): Slow operation: 64ms so far, now at startProcess: building log message
05-30 16:53:02.101 I/ActivityManager( 718): Start proc 1967:com.droidlogic.mictoggle/1000 for broadcast {com.droidlogic.mictoggle/com.droidlogic.mictoggle.AssistantMicMuteReceiver}
05-30 16:53:02.101 W/ActivityManager( 718): Slow operation: 64ms so far, now at startProcess: starting to update pids map
05-30 16:53:02.101 W/ActivityManager( 718): Slow operation: 64ms so far, now at startProcess: done updating pids map
05-30 16:53:02.103 V/BackupManagerConstants( 718): getKeyValueBackupIntervalMilliseconds(...) returns 14400000
05-30 16:53:02.103 V/BackupManagerConstants( 718): getKeyValueBackupFuzzMilliseconds(...) returns 600000
05-30 16:53:02.103 V/BackupManagerConstants( 718): getKeyValueBackupRequiredNetworkType(...) returns 1
05-30 16:53:02.103 V/BackupManagerConstants( 718): getKeyValueBackupRequireCharging(...) returns true
05-30 16:53:02.105 V/KeyValueBackupJob( 718): Scheduling k/v pass in 244 minutes
05-30 16:53:02.106 D/CompatibilityChangeReporter( 718): Compat change id reported: 271850009; UID 1000; state: DISABLED
05-30 16:53:02.106 D/CompatibilityChangeReporter( 718): Compat change id reported: 271850009; UID 1000; state: ENABLED
05-30 16:53:02.110 D/CompatibilityChangeReporter( 718): Compat change id reported: 253665015; UID 1000; state: DISABLED
05-30 16:53:02.110 D/CompatibilityChangeReporter( 718): Compat change id reported: 253665015; UID 1000; state: ENABLED
05-30 16:53:02.118 I/BackupManagerService( 718): isBackupEnabled() => false due to absent settings file
05-30 16:53:02.124 D/BackupManagerService( 718): user:0 readBackupEnableState enabled:false
05-30 16:53:02.124 I/BackupManagerService( 718): [UserID:0] Backup enabled => false
05-30 16:53:02.125 D/CompatibilityChangeReporter( 718): Compat change id reported: 194532703; UID 1000; state: ENABLED
05-30 16:53:02.146 D/CompatibilityChangeReporter( 718): Compat change id reported: 194532703; UID 1000; state: DISABLED
05-30 16:53:02.181 D/CompatibilityChangeReporter( 718): Compat change id reported: 168419799; UID 1000; state: DISABLED
05-30 16:53:02.182 D/CompatibilityChangeReporter( 718): Compat change id reported: 273564678; UID 1000; state: DISABLED
05-30 16:53:02.249 D/CompatibilityChangeReporter( 718): Compat change id reported: 194532703; UID 1000; state: ENABLED
05-30 16:53:02.274 D/CompatibilityChangeReporter( 718): Compat change id reported: 194532703; UID 1000; state: DISABLED --------- beginning of main
05-30 16:53:02.287 D/PickerSyncController( 1893): Ignoring cache media info for null authority with bundle: null
05-30 16:53:02.291 I/audio_hw_hal_primary( 504): [audiohal_get_latency:1333] io 13: out:0xe83440c0 frames:1024 rate:48000 whole_latency:21 alsa_latency:21
05-30 16:53:02.295 D/NU-AmNuPlayerDriver( 637): [#0] notifyListener_l(0xf3540390), (2, 0, 0, -1), loop setting(0, 0)
05-30 16:53:02.295 I/NU-AmNuPlayerRenderer( 637): [#0] render_onPause
05-30 16:53:02.295 D/NU-AmNuPlayerDriver( 637): [#0] notifyListener_l(0xf3540390), (211, 0, 0, 20), loop setting(0, 0)
05-30 16:53:02.296 D/NU-AmNuPlayerRenderer( 637): [#0] audio sink pause from [onPause,5121]
05-30 16:53:02.296 I/NU-AmNuPlayerRenderer( 637): [#0] now paused audio queue has 0 entries, video has 0 entries
05-30 16:53:02.313 I/audio_hw_hal_primary( 504): [audiohal_get_latency:1333] io 13: out:0xe83440c0 frames:1280 rate:48000 whole_latency:26 alsa_latency:26
05-30 16:53:02.314 D/MediaCodecList( 1893): codecHandlesFormat: no format, so no extra checks
05-30 16:53:02.314 D/audioserver( 555): logFgsApiEnd: FGS Logger Transaction failed, -129
05-30 16:53:02.315 D/MediaCodecList( 1893): codecHandlesFormat: no format, so no extra checks
05-30 16:53:02.320 W/ContextImpl( 1967): Calling a method in the system process without a qualified user: android.app.ContextImpl.startService:1899 android.content.ContextWrapper.startService:825 android.content.ContextWrapper.startService:825 com.droidlogic.mictoggle.AssistantMicMuteReceiver.onReceive:48 android.app.ActivityThread.handleReceiver:4494
05-30 16:53:02.322 D/CCodec ( 1893): allocate(c2.amlogic.hevc.decoder)
05-30 16:53:02.324 I/Codec2Client( 1893): Available Codec2 services: "default" "software"
05-30 16:53:02.326 I/CCodec ( 1893): setting up 'default' as default (vendor) store
05-30 16:53:02.327 D/ConnectivityService( 718): requestNetwork for uid/pid:1000/718 activeRequest: null callbackRequest: 33 [NetworkRequest [ REQUEST id=34, [ Capabilities: INTERNET&NOT_RESTRICTED&TRUSTED&NOT_VCN_MANAGED Uid: 1000 RequestorUid: 1000 RequestorPkg: android UnderlyingNetworks: Null] ]] callback flags: 0 order: 2147483647
05-30 16:53:02.328 D/WifiNetworkFactory( 718): got request NetworkRequest [ REQUEST id=34, [ Capabilities: INTERNET&NOT_RESTRICTED&TRUSTED&NOT_VCN_MANAGED Uid: 1000 RequestorUid: 1000 RequestorPkg: android UnderlyingNetworks: Null] ]
05-30 16:53:02.328 D/UntrustedWifiNetworkFactory( 718): got request NetworkRequest [ REQUEST id=34, [ Capabilities: INTERNET&NOT_RESTRICTED&TRUSTED&NOT_VCN_MANAGED Uid: 1000 RequestorUid: 1000 RequestorPkg: android UnderlyingNetworks: Null] ]
05-30 16:53:02.328 D/OemPaidWifiNetworkFactory( 718): got request NetworkRequest [ REQUEST id=34, [ Capabilities: INTERNET&NOT_RESTRICTED&TRUSTED&NOT_VCN_MANAGED Uid: 1000 RequestorUid: 1000 RequestorPkg: android UnderlyingNetworks: Null] ]
05-30 16:53:02.329 D/MultiInternetWifiNetworkFactory( 718): got request NetworkRequest [ REQUEST id=34, [ Capabilities: INTERNET&NOT_RESTRICTED&TRUSTED&NOT_VCN_MANAGED Uid: 1000 RequestorUid: 1000 RequestorPkg: android UnderlyingNetworks: Null] ]
05-30 16:53:02.329 D/ConnectivityService( 718): NetReassign [no changes] [c 0] [a 0] [i 1]
05-30 16:53:02.330 I/PreBootBroadcaster( 718): Pre-boot of {com.android.managedprovisioning/com.android.managedprovisioning.ota.PreBootListener} for user 0
05-30 16:53:02.332 I/C2VendorComponentStore( 510): C2VendorComponentStore::createComponent name c2.amlogic.hevc.decoder
05-30 16:53:02.332 I/C2VendorComponentStore( 510): findComponent
05-30 16:53:02.332 I/C2VendorComponentStore( 510): C2VendorComponentStore::createComponent fetchModule
05-30 16:53:02.332 I/C2VendorComponentStore( 510): localModule libpath libcodec2_aml_video_decoder.so 2
05-30 16:53:02.332 V/C2VendorComponentStore( 510): Loading dll
05-30 16:53:02.332 I/C2VendorComponentStore( 510): in init ===> start codec:2 secure:0 isAudio:0
05-30 16:53:02.332 V/C2VendorComponentStore( 510): init libPath:libcodec2_aml_video_decoder.so --> isAudio:0, createFactoryName:CreateC2VdecH265Factory
05-30 16:53:02.332 V/C2VdecComponent( 510): create component H265 secure:0
05-30 16:53:02.333 I/C2VendorComponentStore( 510): GetCodec2VendorComponentStore, line:861
05-30 16:53:02.333 W/C2VdecComponent( 510): Initialize() instances: 0
05-30 16:53:02.333 E/C2VdecCodecConfig( 510): c2.amlogic.hevc.decoder can support 4K
05-30 16:53:02.334 I/C2VdecCodecConfig( 510): isCodecSupportHdr10Plus hdr10:(0)
05-30 16:53:02.334 E/C2VdecCodecConfig( 510): can support 8K
05-30 16:53:02.334 I/C2VdecComponentIntfImpl( 510): [onHdrDeclareParam:1048] mSupportHdr10Plus 0
05-30 16:53:02.335 I/C2VdecComponentIntfImpl( 510): not set prop not support 10bit
05-30 16:53:02.336 I/ActivityManager( 718): com.android.managedprovisioning is exempt from freezer
05-30 16:53:02.336 D/CompatibilityChangeReporter( 718): Compat change id reported: 135634846; UID 10021; state: DISABLED
05-30 16:53:02.337 D/CompatibilityChangeReporter( 718): Compat change id reported: 177438394; UID 10021; state: DISABLED
05-30 16:53:02.337 D/CompatibilityChangeReporter( 718): Compat change id reported: 135772972; UID 10021; state: DISABLED
05-30 16:53:02.337 D/CompatibilityChangeReporter( 718): Compat change id reported: 135754954; UID 10021; state: ENABLED
05-30 16:53:02.337 I/C2VdecComponent( 510): [1##-1]"Create C2VdecComponent(c2.amlogic.hevc.decoder)"
05-30 16:53:02.340 I/C2VdecComponent( 510): vendor.media.c2.loglevels is not set used def = 1
05-30 16:53:02.340 I/DebugUtil( 510): vendor.media.c2.loglevels is not set used def = 1
05-30 16:53:02.340 I/DebugUtil( 510): [DebugUtil:66]
05-30 16:53:02.340 I/C2VdecDequeueThreadUtil( 510): vendor.media.c2.loglevels is not set used def = 1
05-30 16:53:02.340 I/C2VdecDequeueThreadUtil( 510): Creat DequeueThreadUtil!!
05-30 16:53:02.340 V/C2VendorComponentStore( 510): In ~ComponentModule
05-30 16:53:02.340 V/C2VendorComponentStore( 510): Unloading dll
05-30 16:53:02.341 D/CompatibilityChangeReporter( 718): Compat change id reported: 143937733; UID 10021; state: ENABLED
05-30 16:53:02.343 I/CCodec ( 1893): Created component [c2.amlogic.hevc.decoder]
05-30 16:53:02.343 W/Codec2Client( 1893): query -- param skipped: index = 2684356613.
05-30 16:53:02.343 D/CCodecConfig( 1893): Query domain & kind failed => BAD_INDEX
05-30 16:53:02.344 D/CCodecConfig( 1893): read media type: video/hevc
05-30 16:53:02.344 D/CCodecConfig( 1893): read media type: video/hevc
05-30 16:53:02.348 D/ReflectedParamUpdater( 1893): extent() != 1 for single value type: input.buffers.allocator-ids.values
05-30 16:53:02.348 D/ReflectedParamUpdater( 1893): extent() != 1 for single value type: output.buffers.allocator-ids.values
05-30 16:53:02.349 D/ReflectedParamUpdater( 1893): extent() != 1 for single value type: output.buffers.pool-ids.values
05-30 16:53:02.357 D/ReflectedParamUpdater( 1893): extent() != 1 for single value type: output.tunneled-render.sync-id
05-30 16:53:02.357 D/ReflectedParamUpdater( 1893): extent() != 1 for single value type: output.tunnel-handle.values
05-30 16:53:02.360 D/CCodecConfig( 1893): ignoring local param raw.size (0xd2001800) as it is already supported
05-30 16:53:02.360 D/CCodecConfig( 1893): ignoring local param default.color (0x5200180b) as it is already supported
05-30 16:53:02.361 D/CCodecConfig( 1893): ignoring local param raw.hdr-static-info (0xd200180a) as it is already supported
05-30 16:53:02.363 I/CCodecConfig( 1893): query failed after returning 15 values (BAD_INDEX)
05-30 16:53:02.363 D/CCodecConfig( 1893): c2 config diff is Dict {
05-30 16:53:02.363 D/CCodecConfig( 1893): c2::u32 algo.delay.value = 0
05-30 16:53:02.363 D/CCodecConfig( 1893): c2::u32 algo.low-latency.value = 0
05-30 16:53:02.363 D/CCodecConfig( 1893): c2::float coded.frame-rate.value = 30
05-30 16:53:02.363 D/CCodecConfig( 1893): c2::u32 coded.pl.level = 24838
05-30 16:53:02.363 D/CCodecConfig( 1893): c2::u32 coded.pl.profile = 24576
05-30 16:53:02.363 D/CCodecConfig( 1893): c2::u32 coded.vui.color.matrix = 0
05-30 16:53:02.363 D/CCodecConfig( 1893): c2::u32 coded.vui.color.primaries = 0
05-30 16:53:02.363 D/CCodecConfig( 1893): c2::u32 coded.vui.color.range = 0
05-30 16:53:02.363 D/CCodecConfig( 1893): c2::u32 coded.vui.color.transfer = 0
05-30 16:53:02.363 D/CCodecConfig( 1893): c2::u32 default.color.matrix = 0
05-30 16:53:02.363 D/CCodecConfig( 1893): c2::u32 default.color.primaries = 0
05-30 16:53:02.363 D/CCodecConfig( 1893): c2::u32 default.color.range = 0
05-30 16:53:02.363 D/CCodecConfig( 1893): c2::u32 default.color.transfer = 0
05-30 16:53:02.363 D/CCodecConfig( 1893): c2::u32 input.buffers.max-size.value = 1310720
05-30 16:53:02.363 D/CCodecConfig( 1893): c2::u32 input.delay.value = 4
05-30 16:53:02.363 D/CCodecConfig( 1893): string input.media-type.value = "video/hevc"
05-30 16:53:02.363 D/CCodecConfig( 1893): c2::u32 output.delay.value = 3
05-30 16:53:02.363 D/CCodecConfig( 1893): string output.media-type.value = "video/raw"
05-30 16:53:02.363 D/CCodecConfig( 1893): c2::u32 output.tunnel-start-render.value = 0
05-30 16:53:02.363 D/CCodecConfig( 1893): c2::u32 raw.color.matrix = 0
05-30 16:53:02.363 D/CCodecConfig( 1893): c2::u32 raw.color.primaries = 0
05-30 16:53:02.363 D/CCodecConfig( 1893): c2::u32 raw.color.range = 0
05-30 16:53:02.363 D/CCodecConfig( 1893): c2::u32 raw.color.transfer = 0
05-30 16:53:02.363 D/CCodecConfig( 1893): c2::float raw.hdr-static-info.mastering.blue.x = 0
05-30 16:53:02.363 D/CCodecConfig( 1893): c2::float raw.hdr-static-info.mastering.blue.y = 0
05-30 16:53:02.363 D/CCodecConfig( 1893): c2::float raw.hdr-static-info.maste
05-30 16:53:02.364 W/ColorUtils( 1893): expected specified color aspects (0:0:0:0)
05-30 16:53:02.366 V/BackupManagerConstants( 718): getKeyValueBackupIntervalMilliseconds(...) returns 14400000
05-30 16:53:02.366 V/BackupManagerConstants( 718): getKeyValueBackupFuzzMilliseconds(...) returns 600000
05-30 16:53:02.366 V/BackupManagerConstants( 718): getKeyValueBackupRequiredNetworkType(...) returns 1
05-30 16:53:02.366 V/BackupManagerConstants( 718): getKeyValueBackupRequireCharging(...) returns true
05-30 16:53:02.366 V/KeyValueBackupJob( 718): Scheduling k/v pass in 246 minutes
05-30 16:53:02.368 D/MediaCodec( 1893): flushMediametrics
05-30 16:53:02.368 D/CCodec ( 1893): [c2.amlogic.hevc.decoder] buffers are bound to CCodec for this session
05-30 16:53:02.369 D/CCodec ( 1893): Client requested ByteBuffer mode decoder w/o color format set: using default planar color format
05-30 16:53:02.369 D/CCodecConfig( 1893): no c2 equivalents for flags
05-30 16:53:02.369 I/C2VdecComponentIntfImpl( 510): [1##1]config picture w:1920 h:1080
05-30 16:53:02.370 D/CCodecConfig( 1893): c2 config diff is c2::u32 raw.size.height = 1080
05-30 16:53:02.370 D/CCodecConfig( 1893): c2::u32 raw.size.width = 1920
05-30 16:53:02.371 W/ColorUtils( 1893): expected specified color aspects (0:0:0:0)
05-30 16:53:02.371 W/Codec2Client( 1893): query -- param skipped: index = 1107298332.
05-30 16:53:02.371 D/CCodec ( 1893): encoding statistics level = 0
05-30 16:53:02.371 D/CCodec ( 1893): setup formats input: AMessage(what = 0x00000000) = {
05-30 16:53:02.371 D/CCodec ( 1893): int32_t frame-rate = 30
05-30 16:53:02.371 D/CCodec ( 1893): int32_t height = 1080
05-30 16:53:02.371 D/CCodec ( 1893): int32_t level = 8388608
05-30 16:53:02.371 D/CCodec ( 1893): int32_t max-input-size = 1572864
05-30 16:53:02.371 D/CCodec ( 1893): string mime = "video/hevc"
05-30 16:53:02.371 D/CCodec ( 1893): int32_t profile = 1
05-30 16:53:02.371 D/CCodec ( 1893): int32_t width = 1920
05-30 16:53:02.371 D/CCodec ( 1893): Rect crop(0, 0, 1919, 1079)
05-30 16:53:02.371 D/CCodec ( 1893): int32_t color-transfer-request = 0
05-30 16:53:02.371 D/CCodec ( 1893): }
05-30 16:53:02.371 D/CCodec ( 1893): setup formats output: AMessage(what = 0x00000000) = {
05-30 16:53:02.371 D/CCodec ( 1893): int32_t android._video-scaling = 1
05-30 16:53:02.371 D/CCodec ( 1893): int32_t android._dataspace = 0
05-30 16:53:02.371 D/CCodec ( 1893): int32_t color-standard = 0
05-30 16:53:02.371 D/CCodec ( 1893): int32_t color-range = 0
05-30 16:53:02.371 D/CCodec ( 1893): int32_t color-transfer = 0
05-30 16:53:02.371 D/CCodec ( 1893): int32_t sar-height = 1
05-30 16:53:02.371 D/CCodec ( 1893): int32_t rotation-degrees = 0
05-30 16:53:02.371 D/CCodec ( 1893): Buffer hdr-static-info = {
05-30 16:53:02.371 D/CCodec ( 1893): 00000000: 00 00 00 00 00 00 00 00 00 00 00 00 00 00 00 00 ................
05-30 16:53:02.371 D/CCodec ( 1893): 00000010: 00 00 00 00 00 00 00 00 00 .........
05-30 16:53:02.371 D/CCodec ( 1893): }
05-30 16:53:02.371 D/CCodec ( 1893): int32_t sar-width = 1
05-30 16:53:02.371 D/CCodec ( 1893): Rect crop(0, 0, 1919, 1079)
05-30 16:53:02.371 D/CCodec ( 1893): int32_t width = 1920
05-30 16:53:02.371 D/CCodec ( 1893): int32_t frame-rate = 30
05-30 16:53:02.371 D/CCodec ( 1893): int32_t height = 1080
05-30 16:53:02.371 D/CCodec ( 1893): string mime = "video/raw"
05-30 16:53:02.371 D/CCodec ( 1893): int32_t color-format = 19
05-30 16:53:02.371 D/CCodec ( 1893): }
05-30 16:53:02.372 I/CCodecConfig( 1893): query failed after returning 15 values (BAD_INDEX)
05-30 16:53:02.372 D/CCodecConfig( 1893): c2 config diff is c2::u32 input.buffers.max-size.value = 1572864
05-30 16:53:02.374 W/ColorUtils( 1893): expected specified color aspects (0:0:0:0)
05-30 16:53:02.375 W/ResourceManagerMetrics( 637): notifyClientStopped: Start Config is missing!
05-30 16:53:02.376 I/TranscodeHelper( 1893): Device HDR Plugin is available: false
05-30 16:53:02.376 I/C2VdecComponent( 510): [1##-1]"[release]"
05-30 16:53:02.376 I/C2VdecComponent( 510): [1##-1]"[reset]"
05-30 16:53:02.376 I/C2VdecComponent( 510): [1##-1]"[stop]"
05-30 16:53:02.376 I/DebugUtil( 510): [~DebugUtil:71]
05-30 16:53:02.377 I/C2VdecComponent( 510): [1##-1]"[onDestroy]"
05-30 16:53:02.377 I/C2VdecDequeueThreadUtil( 510): ~DequeueThreadUtil!!
05-30 16:53:02.377 I/C2VdecComponent( 510): [1##-1]"[onDestroy] done"
05-30 16:53:02.377 I/TranscodeHelper( 1893): Empty transcode compat stale
05-30 16:53:02.378 I/TranscodeHelper( 1893): Parsed 0 packages from resource
05-30 16:53:02.378 D/MediaCodec( 1893): flushMediametrics
05-30 16:53:02.378 I/TranscodeHelper( 1893): Empty device config transcode compat manifest
05-30 16:53:02.380 D/MediaCodec( 1893): flushMediametrics
05-30 16:53:02.380 W/MediaCodec( 1893): no metrics handle found
05-30 16:53:02.382 D/Zygote ( 494): Forked child process 2003
05-30 16:53:02.383 I/ActivityManager( 718): Start proc 2003:com.android.managedprovisioning/u0a21 for broadcast {com.android.managedprovisioning/com.android.managedprovisioning.ota.PreBootListener}
05-30 16:53:02.384 I/hw-BpHwBinder( 1893): onLastStrongRef automatically unlinking death recipients
05-30 16:53:02.384 I/hw-BpHwBinder( 510): onLastStrongRef automatically unlinking death recipients
05-30 16:53:02.384 I/C2VdecComponent( 510): [1##-1]"~C2VdecComponent start"
05-30 16:53:02.384 I/C2VdecComponent( 510): [1##-1]"~C2VdecComponent done"
05-30 16:53:02.390 D/CompatibilityChangeReporter( 718): Compat change id reported: 161145287; UID 10068; state: ENABLED
05-30 16:53:02.397 I/Zygote ( 2003): seccomp disabled by setenforce 0
05-30 16:53:02.399 V/MediaStore( 1893): Examining volume emulated;0 with name external_primary and state checking
05-30 16:53:02.404 I/gedprovisioning( 2003): Using CollectorTypeCC GC.
05-30 16:53:02.411 D/CompatibilityChangeReporter( 718): Compat change id reported: 135634846; UID 10018; state: DISABLED
05-30 16:53:02.411 D/CompatibilityChangeReporter( 718): Compat change id reported: 177438394; UID 10018; state: DISABLED
05-30 16:53:02.411 D/CompatibilityChangeReporter( 718): Compat change id reported: 135772972; UID 10018; state: DISABLED
05-30 16:53:02.411 D/CompatibilityChangeReporter( 718): Compat change id reported: 135754954; UID 10018; state: ENABLED
05-30 16:53:02.412 D/CompatibilityChangeReporter( 718): Compat change id reported: 143937733; UID 10018; state: ENABLED
05-30 16:53:02.414 E/gedprovisioning( 2003): Not starting debugger since process cannot load the jdwp agent.
05-30 16:53:02.420 D/CompatibilityChangeReporter( 1893): Compat change id reported: 148180766; UID 10068; state: ENABLED
05-30 16:53:02.427 V/MediaProvider( 1893): onConfigure() for external.db
05-30 16:53:02.429 D/CompatibilityChangeReporter( 718): Compat change id reported: 168419799; UID 10021; state: DISABLED
05-30 16:53:02.429 D/Zygote ( 494): Forked child process 2017
05-30 16:53:02.429 D/CompatibilityChangeReporter( 718): Compat change id reported: 273564678; UID 10021; state: DISABLED
05-30 16:53:02.430 V/MediaProvider( 1893): onCreate() for external.db
05-30 16:53:02.432 I/ActivityManager( 718): Start proc 2017:android.process.acore/u0a18 for content provider {com.android.providers.contacts/com.android.providers.contacts.ContactsProvider2}
05-30 16:53:02.433 D/CompatibilityChangeReporter( 718): Compat change id reported: 265195908; UID 10021; state: ENABLED
05-30 16:53:02.440 I/MediaProvider( 1893): Changed PhotoPickerGetContentActivity component state to STATE_ENABLED ( 1 )
05-30 16:53:02.441 I/Zygote ( 2017): seccomp disabled by setenforce 0
05-30 16:53:02.442 D/CompatibilityChangeReporter( 2003): Compat change id reported: 171979766; UID 10021; state: ENABLED
05-30 16:53:02.442 D/CompatibilityChangeReporter( 2003): Compat change id reported: 242716250; UID 10021; state: ENABLED
05-30 16:53:02.445 I/MediaProvider( 1893): Changed PhotoPickerUserSelectActivity component state to STATE_ENABLED ( 1 )
05-30 16:53:02.450 I/d.process.acore( 2017): Using CollectorTypeCC GC.
05-30 16:53:02.455 D/CompatibilityChangeReporter( 718): Compat change id reported: 170503758; UID 10021; state: ENABLED
05-30 16:53:02.458 D/PulledMetrics( 1893): Registering callback with StatsManager
05-30 16:53:02.456 I/rainbow_flow( 1742): type=1400 audit(0.0:924): avc: denied { ioctl } for path="/dev/spidev1.0" dev="tmpfs" ino=534 ioctlcmd=0x6b00 scontext=u:r:init:s0 tcontext=u:object_r:device:s0 tclass=chr_file permissive=1
05-30 16:53:02.462 W/gedprovisioning( 2003): ClassLoaderContext shared library size mismatch. Expected=2, found=0 (PCL[]{PCL[/system_ext/framework/androidx.window.extensions.jar*875812793]#PCL[/system_ext/framework/androidx.window.sidecar.jar*2298648165]} | PCL[])
05-30 16:53:02.464 E/d.process.acore( 2017): Not starting debugger since process cannot load the jdwp agent.
05-30 16:53:02.464 D/nativeloader( 2003): Configuring clns-shared-4 for other apk /system/priv-app/ManagedProvisioning/ManagedProvisioning.apk. target_sdk_version=34, uses_libraries=, library_path=/system/priv-app/ManagedProvisioning/lib/arm:/system/lib:/system_ext/lib, permitted_path=/data:/mnt/expand:/data/user/0/com.android.managedprovisioning:/system/priv-app/ManagedProvisioning:/system/lib:/system_ext/lib
05-30 16:53:02.475 D/CompatibilityChangeReporter( 718): Compat change id reported: 168419799; UID 10018; state: DISABLED
05-30 16:53:02.476 D/CompatibilityChangeReporter( 718): Compat change id reported: 273564678; UID 10018; state: DISABLED
05-30 16:53:02.480 D/CompatibilityChangeReporter( 718): Compat change id reported: 265195908; UID 10018; state: ENABLED
05-30 16:53:02.482 I/MediaApplication( 1893): PhotoPickerSettingsActivity is now disabled.
05-30 16:53:02.491 I/system_server( 718): Background concurrent copying GC freed 293506(11MB) AllocSpace objects, 24(816KB) LOS objects, 49% free, 12MB/25MB, paused 1.057ms,223us total 773.549ms
05-30 16:53:02.492 D/CompatibilityChangeReporter( 2017): Compat change id reported: 171979766; UID 10018; state: ENABLED
05-30 16:53:02.493 D/CompatibilityChangeReporter( 2017): Compat change id reported: 242716250; UID 10018; state: ENABLED
05-30 16:53:02.498 D/CompatibilityChangeReporter( 718): Compat change id reported: 170503758; UID 10018; state: ENABLED
05-30 16:53:02.499 I/StorageUserConnection( 718): Service: [ComponentInfo{com.android.providers.media.module/com.android.providers.media.fuse.ExternalStorageServiceImpl}] connected. User [0]
05-30 16:53:02.503 I/ExternalStorageServiceImpl( 1893): Starting session for id: emulated;0
05-30 16:53:02.504 V/FuseDaemonThread( 1893): Waiting 1000ms for FUSE start. Count 4
05-30 16:53:02.505 V/GraphicsEnvironment( 2003): Currently set values for:
05-30 16:53:02.505 V/GraphicsEnvironment( 2003): angle_gl_driver_selection_pkgs=[]
05-30 16:53:02.505 V/GraphicsEnvironment( 2003): angle_gl_driver_selection_values=[]
05-30 16:53:02.505 I/FuseDaemonThread( 1893): Starting thread for emulated;0 ...
05-30 16:53:02.506 V/GraphicsEnvironment( 2003): ANGLE GameManagerService for com.android.managedprovisioning: false
05-30 16:53:02.506 V/GraphicsEnvironment( 2003): com.android.managedprovisioning is not listed in per-application setting
05-30 16:53:02.506 I/FuseDaemon( 1893): fuse-bpf is enabled because /sys/fs/fuse/features/fuse_bpf reads 'supported'
05-30 16:53:02.506 V/GraphicsEnvironment( 2003): Neither updatable production driver nor prerelease driver is supported.
05-30 16:53:02.506 I/FuseDaemon( 1893): Using FUSE BPF, BPF prog fd fetched
05-30 16:53:02.506 I/FuseDaemon( 1893): Using FUSE passthrough
05-30 16:53:02.507 I/FuseDaemon( 1893): Starting fuse...
05-30 16:53:02.511 D/nativeloader( 2017): Configuring clns-shared-4 for other apk /system/priv-app/ContactsProvider/ContactsProvider.apk. target_sdk_version=34, uses_libraries=, library_path=/system/priv-app/ContactsProvider/lib/arm:/system/lib:/system_ext/lib, permitted_path=/data:/mnt/expand:/data/user/0/com.android.providers.contacts:/system/priv-app/ContactsProvider:/system/lib:/system_ext/lib
05-30 16:53:02.534 I/MediaProvider( 1893): Changed schema version on external from 0 to 1407, 0 items taking 104ms UUID 9972fbbd-1300-4488-86a4-6461bf324fa0
05-30 16:53:02.540 V/MediaProvider( 1893): onOpen() for external.db
05-30 16:53:02.543 W/MediaProvider( 1893): Exception encountered while reading xattr:user.extdbsessionid0 from path:/data/user/0/com.android.providers.media.module/databases/external.db.
05-30 16:53:02.544 W/MediaProvider( 1893): Exception encountered while reading xattr:user.extdbsessionid0 from path:/data/media/0.
05-30 16:53:02.544 E/MediaProvider( 1893): Xattr:user.extdbnextrowid0 not found on external storage: android.system.ErrnoException: getxattr failed: ENODATA (No data available)
05-30 16:53:02.544 W/MediaProvider( 1893): external.db database inconsistent: isLastUsedDatabaseSession:false, nextRowIdOptionalPresent:false
05-30 16:53:02.544 E/MediaProvider( 1893): Xattr:user.extdbnextrowid0 not found on external storage: android.system.ErrnoException: getxattr failed: ENODATA (No data available)
05-30 16:53:02.550 D/MediaProvider( 1893): xattr set to 1000001000 for key:user.extdbnextrowid0 on path: /data/media/0.
05-30 16:53:02.550 I/MediaProvider( 1893): Backed up next row id as:1000001000 on path:/data/media/0 for external.db.
05-30 16:53:02.552 I/MediaProvider( 1893): Updated sqlite counter of Files table of external.db to 1000000000.
05-30 16:53:02.559 D/MediaProvider( 1893): xattr set to b3158b8b-a31f-4037-8da0-8e86b03e1729 for key:user.extdbsessionid0 on path: /data/user/0/com.android.providers.media.module/databases/external.db.
05-30 16:53:02.562 D/MediaProvider( 1893): xattr set to b3158b8b-a31f-4037-8da0-8e86b03e1729 for key:user.extdbsessionid0 on path: /data/media/0.
05-30 16:53:02.562 I/MediaProvider( 1893): SessionId set to b3158b8b-a31f-4037-8da0-8e86b03e1729 on paths /data/user/0/com.android.providers.media.module/databases/external.db and /data/media/0.
05-30 16:53:02.565 V/GraphicsEnvironment( 2017): Currently set values for:
05-30 16:53:02.565 V/GraphicsEnvironment( 2017): angle_gl_driver_selection_pkgs=[]
05-30 16:53:02.565 V/GraphicsEnvironment( 2017): angle_gl_driver_selection_values=[]
05-30 16:53:02.566 V/GraphicsEnvironment( 2017): ANGLE GameManagerService for com.android.providers.contacts: false
05-30 16:53:02.566 V/GraphicsEnvironment( 2017): com.android.providers.contacts is not listed in per-application setting
05-30 16:53:02.566 V/GraphicsEnvironment( 2017): Neither updatable production driver nor prerelease driver is supported.
05-30 16:53:02.575 I/ManagedProvisioning( 2003): Running UpdateInteractAcrossProfilesAppOpTask.
05-30 16:53:02.577 I/ManagedProvisioning( 2003): Previous cross profile apps snapshot: {}
05-30 16:53:02.579 D/nativeloader( 2017): Configuring clns-shared-5 for other apk /system/priv-app/UserDictionaryProvider/UserDictionaryProvider.apk. target_sdk_version=34, uses_libraries=, library_path=/system/priv-app/UserDictionaryProvider/lib/arm:/system/lib:/system_ext/lib, permitted_path=/data:/mnt/expand:/data/user/0/com.android.providers.userdictionary:/system/priv-app/UserDictionaryProvider:/system/lib:/system_ext/lib
05-30 16:53:02.582 I/ManagedProvisioning( 2003): current cross profile apps snapshot: []
05-30 16:53:02.582 I/ManagedProvisioning( 2003): Granting INTERACT_ACROSS_PROFILES to the new default cross profile apps: []
05-30 16:53:02.582 I/ManagedProvisioning( 2003): Reapplying INTERACT_ACROSS_PROFILES for apps with non default values.
05-30 16:53:02.596 I/ContactsPerf( 2017): VoicemailContentProvider.onCreate start
05-30 16:53:02.605 D/CompatibilityChangeReporter( 718): Compat change id reported: 135634846; UID 10017; state: DISABLED
05-30 16:53:02.605 D/CompatibilityChangeReporter( 718): Compat change id reported: 177438394; UID 10017; state: DISABLED
05-30 16:53:02.605 D/CompatibilityChangeReporter( 718): Compat change id reported: 135772972; UID 10017; state: DISABLED
05-30 16:53:02.605 D/CompatibilityChangeReporter( 718): Compat change id reported: 135754954; UID 10017; state: ENABLED
05-30 16:53:02.606 D/CompatibilityChangeReporter( 718): Compat change id reported: 143937733; UID 10017; state: ENABLED
05-30 16:53:02.628 D/CompatibilityChangeReporter( 718): Compat change id reported: 161145287; UID 10018; state: ENABLED
05-30 16:53:02.628 I/ContactsPerf( 2017): VoicemailContentProvider.onCreate finish
05-30 16:53:02.630 D/Zygote ( 494): Forked child process 2051
05-30 16:53:02.632 I/ActivityManager( 718): Start proc 2051:android.process.media/u0a17 for content provider {com.android.providers.media/com.android.providers.media.LegacyMediaProvider}
05-30 16:53:02.634 I/Zygote ( 2051): seccomp disabled by setenforce 0
05-30 16:53:02.641 I/d.process.media( 2051): Using CollectorTypeCC GC.
05-30 16:53:02.650 E/d.process.media( 2051): Not starting debugger since process cannot load the jdwp agent.
05-30 16:53:02.663 I/PhoneAccountHandleMigrationUtils_CallLogDatabaseHelper( 2017): updatePhoneAccountHandleMigrationPendingStatus false
05-30 16:53:02.668 D/CompatibilityChangeReporter( 2017): Compat change id reported: 183155436; UID 10018; state: ENABLED
05-30 16:53:02.670 D/CompatibilityChangeReporter( 718): Compat change id reported: 168419799; UID 10017; state: DISABLED
05-30 16:53:02.670 D/CompatibilityChangeReporter( 718): Compat change id reported: 273564678; UID 10017; state: DISABLED
05-30 16:53:02.674 I/PhoneAccountHandleMigrationUtils_CallLogDatabaseHelper( 2017): updatePhoneAccountHandleMigrationPendingStatus false
05-30 16:53:02.674 D/CompatibilityChangeReporter( 718): Compat change id reported: 265195908; UID 10017; state: ENABLED
05-30 16:53:02.676 D/CountryDetector( 718): The first listener is added
05-30 16:53:02.676 I/ContactsDatabaseHelper( 2017): updateUseStrictPhoneNumberComparison: CN
05-30 16:53:02.677 D/CompatibilityChangeReporter( 2051): Compat change id reported: 171979766; UID 10017; state: ENABLED
05-30 16:53:02.672 I/rainbow_flow( 1742): type=1400 audit(0.0:925): avc: denied { ioctl } for path="/dev/spidev1.0" dev="tmpfs" ino=534 ioctlcmd=0x6b00 scontext=u:r:init:s0 tcontext=u:object_r:device:s0 tclass=chr_file permissive=1
05-30 16:53:02.678 D/CompatibilityChangeReporter( 2051): Compat change id reported: 242716250; UID 10017; state: ENABLED
05-30 16:53:02.679 D/CompatibilityChangeReporter( 2017): Compat change id reported: 3400644; UID 10018; state: ENABLED
05-30 16:53:02.683 D/CompatibilityChangeReporter( 718): Compat change id reported: 170503758; UID 10017; state: ENABLED
05-30 16:53:02.685 I/CallLogProvider( 2017): syncEntriesFrom: fromUserId=0, srcIsShadow=true, forAllUsers=false; previousTimeStamp=0, newTimeStamp=0, entries=0
05-30 16:53:02.690 I/CallLogProvider( 2017): delete uid/pid=10018/2017, uri=content://call_log_shadow/calls, numChanged=0
05-30 16:53:02.694 I/CallLogProvider( 2017): Syncing call composer pics -- source user=0, isShadow=true, forAllUser=false
05-30 16:53:02.694 D/nativeloader( 2051): Configuring clns-shared-4 for other apk /system/priv-app/MediaProviderLegacy/MediaProviderLegacy.apk. target_sdk_version=34, uses_libraries=, library_path=/system/priv-app/MediaProviderLegacy/lib/arm:/system/lib:/system_ext/lib, permitted_path=/data:/mnt/expand:/data/user/0/com.android.providers.media:/system/priv-app/MediaProviderLegacy:/system/lib:/system_ext/lib
05-30 16:53:02.694 I/CallLogProvider( 2017): Fetching list of Uris to sync
05-30 16:53:02.695 I/ContactsDatabaseHelper( 2017): updateUseStrictPhoneNumberComparison: CN
05-30 16:53:02.699 I/CallLogProvider( 2017): Will sync following Uris:[]
05-30 16:53:02.699 I/CallLogProvider( 2017): Syncing call composer pics -- got []
05-30 16:53:02.699 I/PreBootBroadcaster( 718): Pre-boot of {com.android.providers.calendar/com.android.providers.calendar.CalendarUpgradeReceiver} for user 0
05-30 16:53:02.701 D/CompatibilityChangeReporter( 718): Compat change id reported: 135634846; UID 10016; state: DISABLED
05-30 16:53:02.701 D/CompatibilityChangeReporter( 718): Compat change id reported: 177438394; UID 10016; state: DISABLED
05-30 16:53:02.701 D/CompatibilityChangeReporter( 718): Compat change id reported: 135772972; UID 10016; state: DISABLED
05-30 16:53:02.702 D/CompatibilityChangeReporter( 718): Compat change id reported: 135754954; UID 10016; state: ENABLED
05-30 16:53:02.702 D/CompatibilityChangeReporter( 718): Compat change id reported: 143937733; UID 10016; state: ENABLED
05-30 16:53:02.715 D/Zygote ( 494): Forked child process 2073
05-30 16:53:02.716 I/ActivityManager( 718): Start proc 2073:com.android.providers.calendar/u0a16 for broadcast {com.android.providers.calendar/com.android.providers.calendar.CalendarUpgradeReceiver}
05-30 16:53:02.722 I/ContactsDatabaseHelper( 2017): Bootstrapping database contacts2.db version: 1604
05-30 16:53:02.724 I/Zygote ( 2073): seccomp disabled by setenforce 0
05-30 16:53:02.732 I/viders.calendar( 2073): Using CollectorTypeCC GC.
05-30 16:53:02.738 E/viders.calendar( 2073): Not starting debugger since process cannot load the jdwp agent.
05-30 16:53:02.741 V/GraphicsEnvironment( 2051): Currently set values for:
05-30 16:53:02.741 V/GraphicsEnvironment( 2051): angle_gl_driver_selection_pkgs=[]
05-30 16:53:02.741 V/GraphicsEnvironment( 2051): angle_gl_driver_selection_values=[]
05-30 16:53:02.741 V/GraphicsEnvironment( 2051): ANGLE GameManagerService for com.android.providers.media: false
05-30 16:53:02.742 V/GraphicsEnvironment( 2051): com.android.providers.media is not listed in per-application setting
05-30 16:53:02.742 V/GraphicsEnvironment( 2051): Neither updatable production driver nor prerelease driver is supported.
05-30 16:53:02.750 D/CompatibilityChangeReporter( 718): Compat change id reported: 168419799; UID 10016; state: DISABLED
05-30 16:53:02.751 D/CompatibilityChangeReporter( 718): Compat change id reported: 273564678; UID 10016; state: DISABLED
05-30 16:53:02.755 D/CompatibilityChangeReporter( 718): Compat change id reported: 265195908; UID 10016; state: ENABLED
05-30 16:53:02.756 D/CompatibilityChangeReporter( 2073): Compat change id reported: 171979766; UID 10016; state: ENABLED
05-30 16:53:02.756 D/CompatibilityChangeReporter( 2073): Compat change id reported: 242716250; UID 10016; state: ENABLED
05-30 16:53:02.759 D/nativeloader( 2051): Configuring clns-shared-5 for other apk /system/priv-app/MtpService/MtpService.apk. target_sdk_version=34, uses_libraries=, library_path=/system/priv-app/MtpService/lib/arm:/system/lib:/system_ext/lib, permitted_path=/data:/mnt/expand:/data/user/0/com.android.mtp:/system/priv-app/MtpService:/system/lib:/system_ext/lib
05-30 16:53:02.762 D/CompatibilityChangeReporter( 718): Compat change id reported: 170503758; UID 10016; state: ENABLED
05-30 16:53:02.775 D/nativeloader( 2073): Configuring clns-shared-4 for other apk /system/priv-app/CalendarProvider/CalendarProvider.apk. target_sdk_version=34, uses_libraries=, library_path=/system/priv-app/CalendarProvider/lib/arm:/system/lib:/system_ext/lib, permitted_path=/data:/mnt/expand:/data/user/0/com.android.providers.calendar:/system/priv-app/CalendarProvider:/system/lib:/system_ext/lib
05-30 16:53:02.796 I/ContactsProviderV1( 2017): Bootstrapping database legacy support
05-30 16:53:02.797 V/GraphicsEnvironment( 2073): Currently set values for:
05-30 16:53:02.797 V/GraphicsEnvironment( 2073): angle_gl_driver_selection_pkgs=[]
05-30 16:53:02.797 V/GraphicsEnvironment( 2073): angle_gl_driver_selection_values=[]
05-30 16:53:02.798 V/GraphicsEnvironment( 2073): ANGLE GameManagerService for com.android.providers.calendar: false
05-30 16:53:02.798 V/GraphicsEnvironment( 2073): com.android.providers.calendar is not listed in per-application setting
05-30 16:53:02.798 V/GraphicsEnvironment( 2073): Neither updatable production driver nor prerelease driver is supported.
05-30 16:53:02.802 I/RoleService( 718): Granting default roles...
05-30 16:53:02.821 W/Role ( 1141): Cannot get ApplicationInfo for default holder: com.android.messaging
05-30 16:53:02.822 I/update_engine( 644): [INFO:cleanup_previous_update_action.cc(112)] Executing task 17
05-30 16:53:02.825 I/update_engine( 644): [INFO:cleanup_previous_update_action.cc(189)] Boot completed, waiting on markBootSuccessful()
05-30 16:53:02.825 D/CompatibilityChangeReporter( 718): Compat change id reported: 207133734; UID 10018; state: ENABLED
05-30 16:53:02.830 I/CalendarDatabaseHelper( 2073): Bootstrapping database
05-30 16:53:02.831 D/ContactsDatabaseHelper( 2017): WAL enabled for contacts2.db: true
05-30 16:53:02.833 I/update_engine( 644): [INFO:snapshot.cpp(3835)] EnsureMetadataMounted does nothing in Android mode.
05-30 16:53:02.834 W/Role ( 1141): Cannot get ApplicationInfo for default holder: com.android.tv.frameworkpackagestubs
05-30 16:53:02.835 D/nativeloader( 2051): Configuring clns-shared-6 for other apk /system/priv-app/DownloadProvider/DownloadProvider.apk. target_sdk_version=34, uses_libraries=, library_path=/system/priv-app/DownloadProvider/lib/arm:/system/lib:/system_ext/lib, permitted_path=/data:/mnt/expand:/data/user/0/com.android.providers.downloads:/system/priv-app/DownloadProvider:/system/lib:/system_ext/lib
05-30 16:53:02.838 I/update_engine( 644): [INFO:snapshot_stats.cpp(37)] Read merge statistics file failed: No such file or directory
05-30 16:53:02.854 D/CompatibilityChangeReporter( 718): Compat change id reported: 207133734; UID 10016; state: ENABLED
05-30 16:53:02.859 I/update_engine( 644): [INFO:cleanup_previous_update_action.cc(261)] Waiting for any previous merge request to complete. This can take up to several minutes.
05-30 16:53:02.865 D/CompatibilityChangeReporter( 718): Compat change id reported: 161145287; UID 10016; state: ENABLED
05-30 16:53:02.866 E/update_engine( 644): [ERROR:snapshot.cpp(2929)] Read state file failed: No such file or directory
05-30 16:53:02.867 I/CalendarProvider2( 2073): Created com.android.providers.calendar.CalendarAlarmManager@a72639d(com.android.providers.calendar.CalendarProvider2@57c7012)
05-30 16:53:02.867 I/DownloadManager( 2051): Upgrading downloads database from version 0 to version 114, which will destroy all old data
05-30 16:53:02.872 E/update_engine( 644): [ERROR:snapshot.cpp(2929)] Read state file failed: No such file or directory
05-30 16:53:02.878 I/PhoneAccountHandleMigrationUtils_ContactsDatabaseHelper( 2017): updatePhoneAccountHandleMigrationPendingStatus false
05-30 16:53:02.880 E/update_engine( 644): [ERROR:snapshot.cpp(2929)] Read state file failed: No such file or directory
05-30 16:53:02.886 I/update_engine( 644): [INFO:snapshot.cpp(1076)] CheckMergeState for snapshots returned: None
05-30 16:53:02.891 D/CompatibilityChangeReporter( 2051): Compat change id reported: 194532703; UID 10017; state: ENABLED
05-30 16:53:02.891 D/CompatibilityChangeReporter( 2051): Compat change id reported: 253665015; UID 10017; state: ENABLED
05-30 16:53:02.892 D/CompatibilityChangeReporter( 718): Compat change id reported: 253665015; UID 10017; state: ENABLED
05-30 16:53:02.893 I/update_engine( 644): [INFO:snapshot.cpp(1048)] ProcessUpdateState handling state: None
05-30 16:53:02.894 D/CompatibilityChangeReporter( 718): Compat change id reported: 194532703; UID 10017; state: ENABLED
05-30 16:53:02.898 I/update_engine( 644): [INFO:cleanup_previous_update_action.cc(297)] Can't find any snapshot to merge.
05-30 16:53:02.901 I/CalendarUpgradeReceiver( 2073): Creating or opening calendar database
05-30 16:53:02.904 I/PreBootBroadcaster( 718): Pre-boot of {com.android.providers.contacts/com.android.providers.contacts.ContactsUpgradeReceiver} for user 0
05-30 16:53:02.904 E/update_engine( 644): [ERROR:snapshot.cpp(2929)] Read state file failed: No such file or directory
05-30 16:53:02.916 D/MediaProvider( 1893): Starting migration from legacy provider
05-30 16:53:02.920 I/ContactsUpgradeReceiver( 2017): Creating or opening contacts database
05-30 16:53:02.933 E/DocumentManagerRoleBehavior( 1141): There should be exactly one documenter; found 0: matches=[]
05-30 16:53:02.937 W/Role ( 1141): Cannot get ApplicationInfo for default holder: com.android.gallery3d
05-30 16:53:02.940 I/ContactsDatabaseHelper( 2017): Bootstrapping database contacts2.db version: 1604
05-30 16:53:02.941 D/CompatibilityChangeReporter( 2073): Compat change id reported: 183155436; UID 10016; state: ENABLED
05-30 16:53:02.943 D/CompatibilityChangeReporter( 718): Compat change id reported: 143231523; UID 10016; state: DISABLED
05-30 16:53:02.946 V/MediaProvider( 2051): onConfigure() for external.db
05-30 16:53:02.948 V/MediaProvider( 2051): onCreate() for external.db
05-30 16:53:02.949 I/update_engine( 644): [INFO:cleanup_previous_update_action.cc(130)] Stopping/suspending/completing CleanupPreviousUpdateAction
05-30 16:53:02.953 I/update_engine( 644): [INFO:cleanup_previous_update_action.cc(477)] Not reporting merge stats because state is None
05-30 16:53:02.956 I/update_engine( 644): [INFO:cleanup_previous_update_action.cc(130)] Stopping/suspending/completing CleanupPreviousUpdateAction
05-30 16:53:02.959 I/update_engine( 644): [INFO:action_processor.cc(116)] ActionProcessor: finished last action CleanupPreviousUpdateAction with code ErrorCode::kSuccess
05-30 16:53:02.962 I/update_engine( 644): [INFO:update_attempter_android.cc(583)] Processing Done.
05-30 16:53:02.974 V/MediaProvider( 2051): onOpen() for external.db
05-30 16:53:02.980 D/MediaProvider( 1893): Finished migration from legacy provider
05-30 16:53:02.990 I/ContactLocale( 2017): AddressBook Labels [[zh_CN]]: […, A, B, C, D, E, F, G, H, I, J, K, L, M, N, O, P, Q, R, S, T, U, V, W, X, Y, Z, Α, Β, Γ, Δ, Ε, Ζ, Η, Θ, Ι, Κ, Λ, Μ, Ν, Ξ, Ο, Π, Ρ, Σ, Τ, Υ, Φ, Χ, Ψ, Ω, …, А, Б, В, Г, Д, Ђ, Е, Є, Ж, З, И, І, Й, Ј, К, Л, Љ, М, Н, Њ, О, П, Р, С, Т, Ћ, У, Ф, Х, Ц, Ч, Џ, Ш, Щ, Ю, Я, …, א, ב, ג, ד, ה, ו, ז, ח, ט, י, כ, ל, מ, נ, ס, ע, פ, צ, ק, ר, ש, ת, …, ا, ب, ت, ث, ج, ح, خ, د, ذ, ر, ز, س, ش, ص, ض, ط, ظ, ع, غ, ف, ق, ك, ل, م, ن, ه, و, ي, …, ก, ข, ฃ, ค, ฅ, ฆ, ง, จ, ฉ, ช, ซ, ฌ, ญ, ฎ, ฏ, ฐ, ฑ, ฒ, ณ, ด, ต, ถ, ท, ธ, น, บ, ป, ผ, ฝ, พ, ฟ, ภ, ม, ย, ร, ฤ, ล, ฦ, ว, ศ, ษ, ส, ห, ฬ, อ, ฮ, …, ㄱ, ㄴ, ㄷ, ㄹ, ㅁ, ㅂ, ㅅ, ㅇ, ㅈ, ㅊ, ㅋ, ㅌ, ㅍ, ㅎ, …, あ, か, さ, た, な, は, ま, や, ら, わ, #, …]
05-30 16:53:03.001 I/ContactsProviderV1( 2017): Bootstrapping database legacy support
05-30 16:53:03.007 V/MediaProvider( 1893): onOpen() finished for external.db
05-30 16:53:03.023 I/update_engine( 644): [INFO:update_attempter_android.cc(836)] Clearing update complete marker.
05-30 16:53:03.026 I/update_engine( 644): [INFO:update_attempter_android.cc(731)] Terminating cleanup previous update.
05-30 16:53:03.031 D/MediaGrants( 1893): Removed 0 existing media_grants
05-30 16:53:03.042 D/ContactsDatabaseHelper( 2017): WAL enabled for profile.db: false
05-30 16:53:03.061 W/Searchables( 718): No global search activity found
05-30 16:53:03.061 D/WallpaperManagerService( 718): Wallpaper_selinux_restorecon-0
05-30 16:53:03.082 I/ContactsProvider( 2017): Locale has changed from null to [zh_CN]
05-30 16:53:03.083 I/ContactsDatabaseHelper( 2017): Switching to locale [zh_CN] (ICU v72.1.0.0)
05-30 16:53:03.086 W/Searchables( 718): No global search activity found
05-30 16:53:03.091 W/VoiceInteractionManager( 718): no available voice recognition services found for user 0
05-30 16:53:03.092 W/Searchables( 718): No global search activity found
05-30 16:53:03.095 I/ContactsDatabaseHelper( 2017): Locale change completed in 13ms
05-30 16:53:03.096 I/ContactsDatabaseHelper( 2017): Switching to locale [zh_CN] (ICU v72.1.0.0)
05-30 16:53:03.096 W/VoiceInteractionManager( 718): no available voice recognition services found for user 0
