05-30 16:52:51.147 D/SystemServerTimingAsync( 718): InitThreadPoolExec:Update app-ops uidState in case package com.android.music changed
05-30 16:52:51.147 D/SystemServerTimingAsync( 718): InitThreadPoolExec:Update app-ops uidState in case package com.android.camera2 changed
05-30 16:52:51.148 D/SystemServerTimingAsync( 718): InitThreadPoolExec:Update app-ops uidState in case package com.android.modulemetadata changed
05-30 16:52:51.148 D/SystemServerTimingAsync( 718): InitThreadPoolExec:Update app-ops uidState in case package com.android.settings.intelligence changed
05-30 16:52:51.148 D/SystemServerTimingAsync( 718): InitThreadPoolExec:Update app-ops uidState in case package com.droidlogic.appinstall changed
05-30 16:52:51.148 D/SystemServerTimingAsync( 718): InitThreadPoolExec:Update app-ops uidState in case package com.dangbei.screencast changed
05-30 16:52:51.148 D/SystemServerTimingAsync( 718): InitThreadPoolExec:Update app-ops uidState in case package com.dangbei.lerad.screensaver changed
05-30 16:52:51.148 D/SystemServerTimingAsync( 718): InitThreadPoolExec:Update app-ops uidState in case package com.dangbei.lerad.videoposter changed
05-30 16:52:51.148 D/SystemServerTimingAsync( 718): InitThreadPoolExec:Update app-ops uidState in case package com.tv.filemanager.os changed
05-30 16:52:51.148 D/SystemServerTimingAsync( 718): InitThreadPoolExec:Update app-ops uidState in case package com.dangbei.lerad.leradwatcher changed
05-30 16:52:51.148 D/SystemServerTimingAsync( 718): InitThreadPoolExec:Update app-ops uidState in case package com.sohu.inputmethod.sogou.tv changed
05-30 16:52:51.148 D/SystemServerTimingAsync( 718): InitThreadPoolExec:Update app-ops uidState in case package com.android.printspooler changed
05-30 16:52:51.148 D/SystemServerTimingAsync( 718): InitThreadPoolExec:Update app-ops uidState in case package com.android.pacprocessor changed
05-30 16:52:51.148 D/SystemServerTimingAsync( 718): InitThreadPoolExec:Update app-ops uidState in case package com.android.companiondevicemanager changed
05-30 16:52:51.148 D/SystemServerTimingAsync( 718): InitThreadPoolExec:Update app-ops uidState in case package com.android.htmlviewer changed
05-30 16:52:51.148 D/SystemServerTimingAsync( 718): InitThreadPoolExec:Update app-ops uidState in case package android.ext.shared changed
05-30 16:52:51.148 D/SystemServerTimingAsync( 718): InitThreadPoolExec:Update app-ops uidState in case package com.android.captiveportallogin changed
05-30 16:52:51.148 D/SystemServerTimingAsync( 718): InitThreadPoolExec:Update app-ops uidState in case package com.android.certinstaller changed
05-30 16:52:51.148 D/SystemServerTimingAsync( 718): InitThreadPoolExec:Update app-ops uidState in case package com.android.dreams.basic changed
05-30 16:52:51.148 D/SystemServerTimingAsync( 718): InitThreadPoolExec:Update app-ops uidState in case package com.android.cameraextensions changed
05-30 16:52:51.148 D/SystemServerTimingAsync( 718): InitThreadPoolExec:Update app-ops uidState in case package com.dangbei.hqguide changed
05-30 16:52:51.148 D/SystemServerTimingAsync( 718): InitThreadPoolExec:Update app-ops uidState in case package com.android.vpndialogs changed
05-30 16:52:51.148 D/SystemServerTimingAsync( 718): InitThreadPoolExec:Update app-ops uidState in case package com.android.statementservice changed
05-30 16:52:51.148 D/SystemServerTimingAsync( 718): InitThreadPoolExec:Update app-ops uidState in case package com.android.providers.tv changed
05-30 16:52:51.148 D/SystemServerTimingAsync( 718): InitThreadPoolExec:Update app-ops uidState in case package com.android.packageinstaller changed
05-30 16:52:51.148 D/SystemServerTimingAsync( 718): InitThreadPoolExec:Update app-ops uidState in case package com.android.sharedstoragebackup changed
05-30 16:52:51.148 D/SystemServerTimingAsync( 718): InitThreadPoolExec:Update app-ops uidState in case package com.android.proxyhandler changed
05-30 16:52:51.148 D/SystemServerTimingAsync( 718): InitThreadPoolExec:Update app-ops uidState in case package com.android.musicfx changed
05-30 16:52:51.148 D/SystemServerTimingAsync( 718): InitThreadPoolExec:Update app-ops uidState in case package com.android.managedprovisioning changed
05-30 16:52:51.148 D/SystemServerTimingAsync( 718): InitThreadPoolExec:Update app-ops uidState in case package com.android.intentresolver changed
05-30 16:52:51.148 D/SystemServerTimingAsync( 718): InitThreadPoolExec:Update app-ops uidState in case package com.android.externalstorage changed
05-30 16:52:51.148 D/SystemServerTimingAsync( 718): InitThreadPoolExec:Update app-ops uidState in case package com.android.providers.userdictionary changed
05-30 16:52:51.148 D/SystemServerTimingAsync( 718): InitThreadPoolExec:Update app-ops uidState in case package com.android.providers.contacts changed
05-30 16:52:51.148 D/SystemServerTimingAsync( 718): InitThreadPoolExec:Update app-ops uidState in case package com.android.providers.media changed
05-30 16:52:51.149 D/SystemServerTimingAsync( 718): InitThreadPoolExec:Update app-ops uidState in case package com.android.providers.downloads changed
05-30 16:52:51.149 D/SystemServerTimingAsync( 718): InitThreadPoolExec:Update app-ops uidState in case package com.android.mtp changed
05-30 16:52:51.149 D/SystemServerTimingAsync( 718): InitThreadPoolExec:Update app-ops uidState in case package com.android.soundpicker changed
05-30 16:52:51.149 D/SystemServerTimingAsync( 718): InitThreadPoolExec:Update app-ops uidState in case package com.android.providers.calendar changed
05-30 16:52:51.149 D/SystemServerTimingAsync( 718): InitThreadPoolExec:Update app-ops uidState in case package com.android.backupconfirm changed
05-30 16:52:51.149 D/SystemServerTimingAsync( 718): InitThreadPoolExec:Update app-ops uidState in case package com.android.networkstack.tethering.droidlogic changed
05-30 16:52:51.149 D/SystemServerTimingAsync( 718): InitThreadPoolExec:Update app-ops uidState in case package android.auto_generated_rro_vendor__ changed
05-30 16:52:51.149 D/SystemServerTimingAsync( 718): InitThreadPoolExec:Update app-ops uidState in case package com.android.systemui.auto_generated_rro_vendor__ changed
05-30 16:52:51.149 D/SystemServerTimingAsync( 718): InitThreadPoolExec:Update app-ops uidState in case package com.droidlogic.wifitetheringoverlay changed
05-30 16:52:51.149 D/SystemServerTimingAsync( 718): InitThreadPoolExec:Update app-ops uidState in case package com.droidlogic.wifion changed
05-30 16:52:51.149 D/SystemServerTimingAsync( 718): InitThreadPoolExec:Update app-ops uidState in case package com.android.tv.overlay.wifi.resources changed
05-30 16:52:51.149 D/SystemServerTimingAsync( 718): InitThreadPoolExec:Update app-ops uidState in case package com.android.tv.overlay.networkstack changed
05-30 16:52:51.149 D/SystemServerTimingAsync( 718): InitThreadPoolExec:Update app-ops uidState in case package com.android.tv.overlay.framework changed
05-30 16:52:51.149 D/SystemServerTimingAsync( 718): InitThreadPoolExec:Update app-ops uidState in case package com.android.tv.overlay.settingsprovider changed
05-30 16:52:51.149 D/SystemServerTimingAsync( 718): InitThreadPoolExec:Update app-ops uidState in case package com.droidlogic.tvprovider.overlay changed
05-30 16:52:51.150 D/SystemServerTimingAsync( 718): InitThreadPoolExec:Update app-ops uidState in case package com.android.systemui changed
05-30 16:52:51.150 D/SystemServerTimingAsync( 718): InitThreadPoolExec:Update app-ops uidState in case package com.amlogic.tv.overlay.matchcontent changed
05-30 16:52:51.150 D/SystemServerTimingAsync( 718): InitThreadPoolExec:Update app-ops uidState in case package com.dlg.framework.overlay changed
05-30 16:52:51.150 D/SystemServerTimingAsync( 718): InitThreadPoolExec:Update app-ops uidState in case package com.android.tv.overlay.lps.disabled changed
05-30 16:52:51.150 D/SystemServerTimingAsync( 718): InitThreadPoolExec:Update app-ops uidState in case package com.droidlogic.systemui.overlay changed
05-30 16:52:51.150 D/SystemServerTimingAsync( 718): InitThreadPoolExec:Update app-ops uidState in case package com.droidlogic.overlay changed
05-30 16:52:51.150 D/SystemServerTimingAsync( 718): InitThreadPoolExec:Update app-ops uidState in case package com.android.shell changed
05-30 16:52:51.150 D/SystemServerTimingAsync( 718): InitThreadPoolExec:Update app-ops uidState in case package com.android.networkstack changed
05-30 16:52:51.150 D/SystemServerTimingAsync( 718): InitThreadPoolExec:Update app-ops uidState in case package com.android.networkstack.tethering changed
05-30 16:52:51.150 D/SystemServerTimingAsync( 718): InitThreadPoolExec:Update app-ops uidState in case package com.android.se changed
05-30 16:52:51.150 D/SystemServerTimingAsync( 718): InitThreadPoolExec:Update app-ops uidState in case package com.android.bluetooth changed
05-30 16:52:51.150 D/SystemServerTimingAsync( 718): InitThreadPoolExec:Update app-ops uidState in case package com.android.dynsystem changed
05-30 16:52:51.150 D/SystemServerTimingAsync( 718): InitThreadPoolExec:Update app-ops uidState in case package com.dangbei.lerad.rocky changed
05-30 16:52:51.150 D/SystemServerTimingAsync( 718): InitThreadPoolExec:Update app-ops uidState in case package com.android.tv.settings changed
05-30 16:52:51.150 D/SystemServerTimingAsync( 718): InitThreadPoolExec:Update app-ops uidState in case package com.dangbei.zhushou.os changed
05-30 16:52:51.150 D/SystemServerTimingAsync( 718): InitThreadPoolExec:Update app-ops uidState in case package com.droidlogic.mediacenter changed
05-30 16:52:51.150 D/SystemServerTimingAsync( 718): InitThreadPoolExec:Update app-ops uidState in case package com.droidlogic changed
05-30 16:52:51.150 D/SystemServerTimingAsync( 718): InitThreadPoolExec:Update app-ops uidState in case package com.droidlogic.tv.settings changed
05-30 16:52:51.150 D/SystemServerTimingAsync( 718): InitThreadPoolExec:Update app-ops uidState in case package com.oranth.ledstatus changed
05-30 16:52:51.151 D/SystemServerTimingAsync( 718): InitThreadPoolExec:Update app-ops uidState in case package android changed
05-30 16:52:51.151 D/SystemServerTimingAsync( 718): InitThreadPoolExec:Update app-ops uidState in case package com.dangbei.leard.leradlauncher changed
05-30 16:52:51.151 D/SystemServerTimingAsync( 718): InitThreadPoolExec:Update app-ops uidState in case package com.android.providers.settings changed
05-30 16:52:51.151 D/SystemServerTimingAsync( 718): InitThreadPoolExec:Update app-ops uidState in case package com.android.inputdevices changed
05-30 16:52:51.151 D/SystemServerTimingAsync( 718): InitThreadPoolExec:Update app-ops uidState in case package com.oranth.inputmacsn changed
05-30 16:52:51.151 D/SystemServerTimingAsync( 718): InitThreadPoolExec:Update app-ops uidState in case package com.android.keychain changed
05-30 16:52:51.151 D/SystemServerTimingAsync( 718): InitThreadPoolExec:Update app-ops uidState in case package com.android.localtransport changed
05-30 16:52:51.151 D/SystemServerTimingAsync( 718): InitThreadPoolExec:Update app-ops uidState in case package com.android.deskclock changed
05-30 16:52:51.153 D/SystemServerTimingAsync( 718): InitThreadPoolExec:Update app-ops uidState in case package com.cskj.factorytest changed
05-30 16:52:51.153 D/SystemServerTimingAsync( 718): InitThreadPoolExec:Update app-ops uidState in case package com.oranth.usbopenft changed
05-30 16:52:51.154 D/SystemServerTimingAsync( 718): InitThreadPoolExec:Update app-ops uidState in case package com.dangbei.lerad.etna.haqu changed
05-30 16:52:51.154 D/SystemServerTimingAsync( 718): InitThreadPoolExec:Update app-ops uidState in case package com.droidlogic.miracast changed
05-30 16:52:51.155 D/SystemServerTimingAsync( 718): InitThreadPoolExec:Update app-ops uidState in case package com.oranth.powerwindow changed
05-30 16:52:51.155 D/SystemServerTimingAsync( 718): InitThreadPoolExec:Update app-ops uidState in case package com.android.wallpaperbackup changed
05-30 16:52:51.155 D/SystemServerTimingAsync( 718): InitThreadPoolExec:Update app-ops uidState in case package com.oranth.storage changed
05-30 16:52:51.155 D/SystemServerTimingAsync( 718): InitThreadPoolExec:Update app-ops uidState in case package com.android.location.fused changed
05-30 16:52:51.155 D/SystemServerTimingAsync( 718): InitThreadPoolExec:Update app-ops uidState in case package com.dangbei.haqusetting changed
05-30 16:52:51.158 D/SystemServerTimingAsync( 718): InitThreadPoolExec:Update app-ops uidState in case package com.droidlogic.mictoggle changed
05-30 16:52:51.159 D/SystemServerTimingAsync( 718): InitThreadPoolExec:Update app-ops uidState in case package android.ext.services changed
05-30 16:52:51.159 D/SystemServerTiming( 718): killProcesses
05-30 16:52:51.159 I/ActivityManager( 718): System now ready
05-30 16:52:51.159 D/SystemServerTiming( 718): updateTopComponentForFactoryTest
05-30 16:52:51.159 D/SystemServerTiming( 718): registerActivityLaunchObserver
05-30 16:52:51.160 D/SystemServerTiming( 718): watchDeviceProvisioning
05-30 16:52:51.160 D/SystemServerTiming( 718): retrieveSettings
05-30 16:52:51.162 I/ActivityTaskManager( 718): Config changes=10000000 {1.0 ?mcc0mnc [zh_CN] ldltr sw720dp w1280dp h720dp 240dpi xlrg long land television -touch -keyb/h/h dpad/v winConfig={ mBounds=Rect(0, 0 - 1920, 1080) mAppBounds=Rect(0, 0 - 1920, 1080) mMaxBounds=Rect(0, 0 - 1920, 1080) mDisplayRotation=ROTATION_0 mWindowingMode=fullscreen mDisplayWindowingMode=fullscreen mActivityType=undefined mAlwaysOnTop=undefined mRotation=ROTATION_0} s.6 fontWeightAdjustment=0}
05-30 16:52:51.162 I/WindowManager( 718): Override config changes=10000000 {1.0 ?mcc0mnc [zh_CN] ldltr sw720dp w1280dp h720dp 240dpi xlrg long land television -touch -keyb/h/h dpad/v winConfig={ mBounds=Rect(0, 0 - 1920, 1080) mAppBounds=Rect(0, 0 - 1920, 1080) mMaxBounds=Rect(0, 0 - 1920, 1080) mDisplayRotation=ROTATION_0 mWindowingMode=fullscreen mDisplayWindowingMode=fullscreen mActivityType=undefined mAlwaysOnTop=undefined mRotation=ROTATION_0} s.6 fontWeightAdjustment=0} for displayId=0
05-30 16:52:51.166 D/SystemServerTiming( 718): Ugm.onSystemReady
05-30 16:52:51.167 D/SystemServerTiming( 718): updateForceBackgroundCheck
05-30 16:52:51.167 I/SystemServer( 718): Making services ready
05-30 16:52:51.167 D/SystemServerTiming( 718): StartActivityManagerReadyPhase
05-30 16:52:51.167 I/SystemServiceManager( 718): Starting phase 550
05-30 16:52:51.167 D/SystemServerTiming( 718): OnBootPhase_550
05-30 16:52:51.167 D/SystemServerTiming( 718): OnBootPhase_550_com.android.server.security.FileIntegrityService
05-30 16:52:51.167 D/SystemServerTiming( 718): OnBootPhase_550_com.android.server.pm.Installer
05-30 16:52:51.167 D/SystemServerTiming( 718): OnBootPhase_550_com.android.server.os.DeviceIdentifiersPolicyService
05-30 16:52:51.167 D/SystemServerTiming( 718): OnBootPhase_550_com.android.server.flags.FeatureFlagsService
05-30 16:52:51.167 D/SystemServerTiming( 718): OnBootPhase_550_com.android.server.uri.UriGrantsManagerService$Lifecycle
05-30 16:52:51.167 D/SystemServerTiming( 718): OnBootPhase_550_com.android.server.powerstats.PowerStatsService
05-30 16:52:51.167 D/SystemServerTiming( 718): OnBootPhase_550_com.android.server.permission.access.AccessCheckingService
05-30 16:52:51.167 D/SystemServerTiming( 718): OnBootPhase_550_com.android.server.wm.ActivityTaskManagerService$Lifecycle
05-30 16:52:51.167 D/SystemServerTiming( 718): OnBootPhase_550_com.android.server.am.ActivityManagerService$Lifecycle
05-30 16:52:51.169 D/SystemServerTiming( 718): OnBootPhase_550_com.android.server.pm.DataLoaderManagerService
05-30 16:52:51.169 D/SystemServerTiming( 718): OnBootPhase_550_com.android.server.power.PowerManagerService
05-30 16:52:51.169 D/SystemServerTiming( 718): OnBootPhase_550_com.android.server.power.ThermalManagerService
05-30 16:52:51.171 I/ThermalHalWrapper( 718): Thermal HAL AIDL service connected.
05-30 16:52:51.176 E/ThermalHalWrapper( 718): Couldn't getTemperatureThresholds due to invalid status
05-30 16:52:51.176 E/ThermalHalWrapper( 718): java.lang.IllegalStateException: ThermalHal cannot read any sensor data
05-30 16:52:51.176 E/ThermalHalWrapper( 718): at android.os.Parcel.createExceptionOrNull(Parcel.java:3065)
05-30 16:52:51.176 E/ThermalHalWrapper( 718): at android.os.Parcel.createException(Parcel.java:3041)
05-30 16:52:51.176 E/ThermalHalWrapper( 718): at android.os.Parcel.readException(Parcel.java:3024)
05-30 16:52:51.176 E/ThermalHalWrapper( 718): at android.os.Parcel.readException(Parcel.java:2966)
05-30 16:52:51.176 E/ThermalHalWrapper( 718): at android.hardware.thermal.IThermal$Stub$Proxy.getTemperatureThresholdsWithType(IThermal.java:399)
05-30 16:52:51.176 E/ThermalHalWrapper( 718): at com.android.server.power.ThermalManagerService$ThermalHalAidlWrapper.getTemperatureThresholds(ThermalManagerService.java:831)
05-30 16:52:51.176 E/ThermalHalWrapper( 718): at com.android.server.power.ThermalManagerService$TemperatureWatcher.updateSevereThresholds(ThermalManagerService.java:1358)
05-30 16:52:51.176 E/ThermalHalWrapper( 718): at com.android.server.power.ThermalManagerService.onActivityManagerReady(ThermalManagerService.java:184)
05-30 16:52:51.176 E/ThermalHalWrapper( 718): at com.android.server.power.ThermalManagerService.onBootPhase(ThermalManagerService.java:146)
05-30 16:52:51.176 E/ThermalHalWrapper( 718): at com.android.server.SystemServiceManager.startBootPhase(SystemServiceManager.java:291)
05-30 16:52:51.176 E/ThermalHalWrapper( 718): at com.android.server.SystemServer.lambda$startOtherServices$6(SystemServer.java:2910)
05-30 16:52:51.176 E/ThermalHalWrapper( 718): at com.android.server.SystemServer.$r8$lambda$j-o4YiFI6CGg9c4nnNy8d-lY-7g(SystemServer.java:0)
05-30 16:52:51.176 E/ThermalHalWrapper( 718): at com.android.server.SystemServer$$ExternalSyntheticLambda6.run(R8$$SyntheticClass:0)
05-30 16:52:51.176 E/ThermalHalWrapper( 718): at com.android.server.am.ActivityManagerService.systemReady(ActivityManagerService.java:8683)
05-30 16:52:51.176 E/ThermalHalWrapper( 718): at com.android.server.SystemServer.startOtherServices(SystemServer.java:2907)
05-30 16:52:51.176 E/ThermalHalWrapper( 718): at com.android.server.SystemServer.run(SystemServer.java:946)
05-30 16:52:51.176 E/ThermalHalWrapper( 718): at com.android.server.SystemServer.main(SystemServer.java:668)
05-30 16:52:51.176 E/ThermalHalWrapper( 718): at java.lang.reflect.Method.invoke(Native Method)
05-30 16:52:51.176 E/ThermalHalWrapper( 718): at com.android.internal.os.RuntimeInit$MethodAndArgsCaller.run(RuntimeInit.java:552)
05-30 16:52:51.176 E/ThermalHalWrapper( 718): at com.android.internal.os.ZygoteInit.main(ZygoteInit.java:956)
05-30 16:52:51.176 D/SystemServerTiming( 718): OnBootPhase_550_com.android.server.power.hint.HintManagerService
05-30 16:52:51.177 D/SystemServerTiming( 718): OnBootPhase_550_com.android.server.recoverysystem.RecoverySystemService$Lifecycle
05-30 16:52:51.177 D/SystemServerTiming( 718): OnBootPhase_550_com.android.server.lights.LightsService
05-30 16:52:51.177 D/SystemServerTiming( 718): OnBootPhase_550_com.android.server.display.DisplayManagerService
05-30 16:52:51.177 D/SystemServerTiming( 718): OnBootPhase_550_com.android.server.pm.verify.domain.DomainVerificationService
05-30 16:52:51.177 D/SystemServerTiming( 718): OnBootPhase_550_com.android.server.pm.PackageInstallerService$Lifecycle
05-30 16:52:51.177 D/SystemServerTiming( 718): OnBootPhase_550_com.android.server.pm.UserManagerService$LifeCycle
05-30 16:52:51.177 D/SystemServerTiming( 718): OnBootPhase_550_com.android.server.om.OverlayManagerService
05-30 16:52:51.177 D/SystemServerTiming( 718): OnBootPhase_550_com.android.server.resources.ResourcesManagerService
05-30 16:52:51.177 D/SystemServerTiming( 718): OnBootPhase_550_com.android.server.sensorprivacy.SensorPrivacyService
05-30 16:52:51.177 D/SystemServerTiming( 718): OnBootPhase_550_com.android.server.sensors.SensorService
05-30 16:52:51.177 D/SystemServerTiming( 718): OnBootPhase_550_com.android.server.SystemConfigService
05-30 16:52:51.177 D/SystemServerTiming( 718): OnBootPhase_550_com.android.server.BatteryService
05-30 16:52:51.178 D/SystemServerTiming( 718): OnBootPhase_550_com.android.server.usage.UsageStatsService
05-30 16:52:51.178 D/SystemServerTiming( 718): OnBootPhase_550_com.android.server.webkit.WebViewUpdateService
05-30 16:52:51.178 D/SystemServerTiming( 718): OnBootPhase_550_com.android.server.CachedDeviceStateService
05-30 16:52:51.178 D/SystemServerTiming( 718): OnBootPhase_550_com.android.server.BinderCallsStatsService$LifeCycle
05-30 16:52:51.178 D/SystemServerTiming( 718): OnBootPhase_550_com.android.server.LooperStatsService$Lifecycle
05-30 16:52:51.178 D/SystemServerTiming( 718): OnBootPhase_550_com.android.server.rollback.RollbackManagerService
05-30 16:52:51.178 D/SystemServerTiming( 718): OnBootPhase_550_com.android.server.os.NativeTombstoneManagerService
05-30 16:52:51.179 D/SystemServerTiming( 718): OnBootPhase_550_com.android.server.os.BugreportManagerService
05-30 16:52:51.179 D/SystemServerTiming( 718): OnBootPhase_550_com.android.server.gpu.GpuService
05-30 16:52:51.179 D/SystemServerTiming( 718): OnBootPhase_550_com.android.server.security.rkp.RemoteProvisioningService
05-30 16:52:51.179 D/SystemServerTiming( 718): OnBootPhase_550_com.android.server.security.KeyChainSystemService
05-30 16:52:51.179 D/SystemServerTiming( 718): OnBootPhase_550_com.android.server.BinaryTransparencyService
05-30 16:52:51.179 D/SystemServerTiming( 718): OnBootPhase_550_com.android.server.accounts.AccountManagerService$Lifecycle
05-30 16:52:51.179 D/SystemServerTiming( 718): OnBootPhase_550_com.android.server.content.ContentService$Lifecycle
05-30 16:52:51.179 D/SystemServerTiming( 718): OnBootPhase_550_com.android.server.deviceconfig.DeviceConfigInit$Lifecycle
05-30 16:52:51.179 D/SystemServerTiming( 718): OnBootPhase_550_com.android.server.DropBoxManagerService
05-30 16:52:51.179 D/SystemServerTiming( 718): OnBootPhase_550_com.android.role.RoleService
05-30 16:52:51.180 D/SystemServerTiming( 718): OnBootPhase_550_com.android.server.vibrator.VibratorManagerService$Lifecycle
05-30 16:52:51.180 D/SystemServerTiming( 718): OnBootPhase_550_com.android.server.tare.InternalResourceService
05-30 16:52:51.180 D/SystemServerTiming( 718): OnBootPhase_550_com.android.server.alarm.AlarmManagerService
05-30 16:52:51.180 D/SystemServerTiming( 718): OnBootPhase_550_com.android.server.devicestate.DeviceStateManagerService
05-30 16:52:51.180 D/SystemServerTiming( 718): OnBootPhase_550_com.android.server.camera.CameraServiceProxy
05-30 16:52:51.180 D/SystemServerTiming( 718): OnBootPhase_550_com.android.server.bluetooth.BluetoothService
05-30 16:52:51.180 D/SystemServerTiming( 718): OnBootPhase_550_com.android.server.connectivity.IpConnectivityMetrics
05-30 16:52:51.180 D/SystemServerTiming( 718): OnBootPhase_550_com.android.server.net.watchlist.NetworkWatchlistService$Lifecycle
05-30 16:52:51.182 D/SystemServerTiming( 718): OnBootPhase_550_com.android.server.PinnerService
05-30 16:52:51.182 D/SystemServerTiming( 718): OnBootPhase_550_com.android.server.integrity.AppIntegrityManagerService
05-30 16:52:51.182 D/SystemServerTiming( 718): OnBootPhase_550_com.android.server.logcat.LogcatManagerService
05-30 16:52:51.182 D/SystemServerTiming( 718): OnBootPhase_550_com.android.server.inputmethod.InputMethodManagerService$Lifecycle
05-30 16:52:51.183 D/SystemServerTimingAsync( 718): InitThreadPoolExec:Lazily initialize IMMS#mImeDrawsImeNavBarRes
05-30 16:52:51.190 W/InputMethodInfoUtils( 718): Found no fallback locale. imis=[InputMethodInfo{com.sohu.inputmethod.sogou.tv/.SogouIME, settings: com.sohu.inputmethod.sogou.SogouIMESettingsLauncher}]
05-30 16:52:51.191 W/InputMethodInfoUtils( 718): No software keyboard is found. imis=[InputMethodInfo{com.sohu.inputmethod.sogou.tv/.SogouIME, settings: com.sohu.inputmethod.sogou.SogouIMESettingsLauncher}] systemLocale=zh_CN fallbackLocale=null
05-30 16:52:51.195 D/SystemServerTiming( 718): OnBootPhase_550_com.android.server.accessibility.AccessibilityManagerService$Lifecycle
05-30 16:52:51.195 D/SystemServerTiming( 718): OnBootPhase_550_com.android.server.StorageManagerService$Lifecycle
05-30 16:52:51.196 D/SystemServerTiming( 718): OnBootPhase_550_com.android.server.usage.StorageStatsService$Lifecycle
05-30 16:52:51.196 D/SystemServerTiming( 718): OnBootPhase_550_com.android.server.UiModeManagerService
05-30 16:52:51.196 D/SystemServerTiming( 718): OnBootPhase_550_com.android.server.locales.LocaleManagerService
05-30 16:52:51.196 D/SystemServerTiming( 718): OnBootPhase_550_com.android.server.grammaticalinflection.GrammaticalInflectionService
05-30 16:52:51.196 D/SystemServerTiming( 718): OnBootPhase_550_com.android.server.apphibernation.AppHibernationService
05-30 16:52:51.196 D/SystemServerTiming( 718): OnBootPhase_550_com.android.server.locksettings.LockSettingsService$Lifecycle
05-30 16:52:51.196 I/RebootEscrowManager( 718): No reboot escrow data found for users, skipping loading escrow data
05-30 16:52:51.198 D/SystemServerTiming( 718): OnBootPhase_550_com.android.server.PersistentDataBlockService
05-30 16:52:51.198 D/SystemServerTiming( 718): OnBootPhase_550_com.android.server.testharness.TestHarnessModeService
05-30 16:52:51.198 D/SystemServerTiming( 718): OnBootPhase_550_com.android.server.oemlock.OemLockService
05-30 16:52:51.198 D/SystemServerTiming( 718): OnBootPhase_550_com.android.server.DeviceIdleController
05-30 16:52:51.199 D/SystemServerTiming( 718): OnBootPhase_550_com.android.server.devicepolicy.DevicePolicyManagerService$Lifecycle
05-30 16:52:51.199 D/SystemServerTiming( 718): OnBootPhase_550_com.android.server.texttospeech.TextToSpeechManagerService
05-30 16:52:51.199 D/SystemServerTiming( 718): OnBootPhase_550_com.android.server.ambientcontext.AmbientContextManagerService
05-30 16:52:51.199 D/SystemServerTiming( 718): OnBootPhase_550_com.android.server.wearable.WearableSensingManagerService
05-30 16:52:51.199 D/SystemServerTiming( 718): OnBootPhase_550_com.android.server.speech.SpeechRecognitionManagerService
05-30 16:52:51.199 D/SystemServerTiming( 718): OnBootPhase_550_com.android.server.searchui.SearchUiManagerService
05-30 16:52:51.199 D/SystemServerTiming( 718): OnBootPhase_550_com.android.server.smartspace.SmartspaceManagerService
05-30 16:52:51.199 D/SystemServerTiming( 718): OnBootPhase_550_com.android.server.graphics.fonts.FontManagerService$Lifecycle
05-30 16:52:51.199 D/SystemServerTiming( 718): OnBootPhase_550_com.android.server.textservices.TextServicesManagerService$Lifecycle
05-30 16:52:51.199 D/SystemServerTiming( 718): OnBootPhase_550_com.android.server.textclassifier.TextClassificationManagerService$Lifecycle
05-30 16:52:51.199 D/SystemServerTiming( 718): OnBootPhase_550_com.android.server.NetworkScoreService$Lifecycle
05-30 16:52:51.199 D/SystemServerTiming( 718): OnBootPhase_550_com.android.server.NetworkStatsServiceInitializer
05-30 16:52:51.255 W/SystemServiceManager( 718): Service com.android.server.NetworkStatsServiceInitializer took 56 ms in onBootPhase
05-30 16:52:51.255 D/SystemServerTiming( 718): OnBootPhase_550_com.android.server.wifi.WifiService
05-30 16:52:51.255 D/SystemServerTiming( 718): OnBootPhase_550_com.android.server.wifi.scanner.WifiScanningService
05-30 16:52:51.255 D/SystemServerTiming( 718): OnBootPhase_550_com.android.server.wifi.p2p.WifiP2pService
05-30 16:52:51.255 D/SystemServerTiming( 718): OnBootPhase_550_com.android.server.ConnectivityServiceInitializer
05-30 16:52:51.255 D/SystemServerTiming( 718): OnBootPhase_550_com.android.server.notification.NotificationManagerService
05-30 16:52:51.255 D/SystemServerTiming( 718): OnBootPhase_550_com.android.server.storage.DeviceStorageMonitorService
05-30 16:52:51.255 D/SystemServerTiming( 718): OnBootPhase_550_com.android.server.timedetector.TimeDetectorService$Lifecycle
05-30 16:52:51.255 D/SystemServerTiming( 718): OnBootPhase_550_com.android.server.location.LocationManagerService$Lifecycle
05-30 16:52:51.255 D/SystemServerTiming( 718): OnBootPhase_550_com.android.server.timezonedetector.TimeZoneDetectorService$Lifecycle
05-30 16:52:51.255 D/SystemServerTiming( 718): OnBootPhase_550_com.android.server.location.altitude.AltitudeService$Lifecycle
05-30 16:52:51.255 D/SystemServerTiming( 718): OnBootPhase_550_com.android.server.timezonedetector.location.LocationTimeZoneManagerService$Lifecycle
05-30 16:52:51.255 D/SystemServerTiming( 718): OnBootPhase_550_com.android.server.search.SearchManagerService$Lifecycle
05-30 16:52:51.255 D/SystemServerTiming( 718): OnBootPhase_550_com.android.server.wallpaper.WallpaperManagerService$Lifecycle
05-30 16:52:51.256 V/WallpaperManagerService( 718): bindWallpaperComponentLocked: componentName=ComponentInfo{com.android.systemui/com.android.systemui.wallpapers.ImageWallpaper}
05-30 16:52:51.256 D/WallpaperManagerService( 718): WPMS.bindWallpaperComponentLocked-ComponentInfo{com.android.systemui/com.android.systemui.wallpapers.ImageWallpaper}
05-30 16:52:51.268 D/CompatibilityChangeReporter( 718): Compat change id reported: 135634846; UID 10052; state: DISABLED
05-30 16:52:51.268 D/CompatibilityChangeReporter( 718): Compat change id reported: 177438394; UID 10052; state: DISABLED
05-30 16:52:51.268 D/CompatibilityChangeReporter( 718): Compat change id reported: 135772972; UID 10052; state: DISABLED
05-30 16:52:51.269 D/CompatibilityChangeReporter( 718): Compat change id reported: 135754954; UID 10052; state: ENABLED
05-30 16:52:51.271 D/CompatibilityChangeReporter( 718): Compat change id reported: 143937733; UID 10052; state: ENABLED
05-30 16:52:51.271 W/ActivityManager( 718): com.android.systemui inode == 0 (b/152760674)
05-30 16:52:51.272 I/WallpaperDataParser( 718): No static wallpaper imagery; defaults will be shown
05-30 16:52:51.273 W/WallpaperDataParser( 718): no current wallpaper -- first boot?
05-30 16:52:51.277 D/SystemServerTiming( 718): OnBootPhase_550_com.android.server.wallpapereffectsgeneration.WallpaperEffectsGenerationManagerService
05-30 16:52:51.277 D/SystemServerTiming( 718): OnBootPhase_550_com.android.server.audio.AudioService$Lifecycle
05-30 16:52:51.277 D/SystemServerTiming( 718): OnBootPhase_550_com.android.server.soundtrigger_middleware.SoundTriggerMiddlewareService$Lifecycle
05-30 16:52:51.277 D/SystemServerTiming( 718): OnBootPhase_550_com.android.server.adb.AdbService$Lifecycle
05-30 16:52:51.280 D/SystemServerTiming( 718): OnBootPhase_550_com.android.server.usb.UsbService$Lifecycle
05-30 16:52:51.280 D/SystemServerTiming( 718): OnBootPhase_550_com.android.server.twilight.TwilightService
05-30 16:52:51.280 D/SystemServerTiming( 718): OnBootPhase_550_com.android.server.display.color.ColorDisplayService
05-30 16:52:51.281 D/SystemServerTiming( 718): OnBootPhase_550_com.android.server.job.JobSchedulerService
05-30 16:52:51.281 D/SystemServerTiming( 718): OnBootPhase_550_com.android.server.soundtrigger.SoundTriggerService
05-30 16:52:51.281 D/SoundTriggerService( 718): onBootPhase: 550 : false
05-30 16:52:51.281 D/SystemServerTiming( 718): OnBootPhase_550_com.android.server.trust.TrustManagerService
05-30 16:52:51.281 D/SystemServerTiming( 718): OnBootPhase_550_com.android.server.backup.BackupManagerService$Lifecycle
05-30 16:52:51.281 D/SystemServerTiming( 718): OnBootPhase_550_com.android.server.appwidget.AppWidgetService
05-30 16:52:51.281 D/SystemServerTiming( 718): OnBootPhase_550_com.android.server.voiceinteraction.VoiceInteractionManagerService
05-30 16:52:51.281 D/SystemServerTiming( 718): OnBootPhase_550_com.android.server.GestureLauncherService
05-30 16:52:51.281 D/SystemServerTiming( 718): OnBootPhase_550_com.android.server.SensorNotificationService
05-30 16:52:51.281 D/SystemServerTiming( 718): OnBootPhase_550_com.android.server.emergency.EmergencyAffordanceService
05-30 16:52:51.281 D/SystemServerTiming( 718): OnBootPhase_550_com.android.server.blob.BlobStoreManagerService
05-30 16:52:51.283 D/SystemServerTimingAsync( 718): InitThreadPoolExec:UsbService$Lifecycle#onBootPhase
05-30 16:52:51.283 D/SystemServerTiming( 718): OnBootPhase_550_com.android.server.dreams.DreamManagerService
05-30 16:52:51.283 D/SystemServerTiming( 718): OnBootPhase_550_com.android.server.security.AttestationVerificationManagerService
05-30 16:52:51.283 D/SystemServerTiming( 718): OnBootPhase_550_com.android.server.restrictions.RestrictionsManagerService
05-30 16:52:51.283 D/SystemServerTiming( 718): OnBootPhase_550_com.android.server.media.MediaSessionService
05-30 16:52:51.284 D/SystemServerTiming( 718): OnBootPhase_550_com.android.server.hdmi.HdmiControlService
05-30 16:52:51.284 D/SystemServerTiming( 718): OnBootPhase_550_com.android.server.tv.interactive.TvInteractiveAppManagerService
05-30 16:52:51.284 D/SystemServerTiming( 718): OnBootPhase_550_com.android.server.tv.TvInputManagerService
05-30 16:52:51.284 D/SystemServerTiming( 718): OnBootPhase_550_com.android.server.media.MediaResourceMonitorService
05-30 16:52:51.284 D/SystemServerTiming( 718): OnBootPhase_550_com.android.server.tv.TvRemoteService
05-30 16:52:51.284 D/SystemServerTiming( 718): OnBootPhase_550_com.android.server.biometrics.BiometricService
05-30 16:52:51.284 D/SystemServerTiming( 718): OnBootPhase_550_com.android.server.biometrics.AuthService
05-30 16:52:51.284 D/SystemServerTiming( 718): OnBootPhase_550_com.android.server.pm.ShortcutService$Lifecycle
05-30 16:52:51.284 D/SystemServerTiming( 718): OnBootPhase_550_com.android.server.pm.LauncherAppsService
05-30 16:52:51.284 D/SystemServerTiming( 718): OnBootPhase_550_com.android.server.pm.CrossProfileAppsService
05-30 16:52:51.284 D/SystemServerTiming( 718): OnBootPhase_550_com.android.server.people.PeopleService
05-30 16:52:51.284 D/SystemServerTiming( 718): OnBootPhase_550_com.android.server.media.metrics.MediaMetricsManagerService
05-30 16:52:51.284 D/SystemServerTiming( 718): OnBootPhase_550_com.android.server.pm.BackgroundInstallControlService
05-30 16:52:51.284 D/SystemServerTiming( 718): OnBootPhase_550_com.android.server.media.projection.MediaProjectionManagerService
05-30 16:52:51.284 D/SystemServerTiming( 718): OnBootPhase_550_com.android.server.slice.SliceManagerService$Lifecycle
05-30 16:52:51.284 D/SystemServerTiming( 718): OnBootPhase_550_com.android.server.stats.StatsCompanion$Lifecycle
05-30 16:52:51.284 D/SystemServerTiming( 718): OnBootPhase_550_com.android.server.scheduling.RebootReadinessManagerService$Lifecycle
05-30 16:52:51.284 D/SystemServerTiming( 718): OnBootPhase_550_com.android.server.stats.pull.StatsPullAtomService
05-30 16:52:51.284 D/SystemServerTiming( 718): OnBootPhase_550_com.android.server.stats.bootstrap.StatsBootstrapAtomService$Lifecycle
05-30 16:52:51.284 D/SystemServerTiming( 718): OnBootPhase_550_com.android.server.incident.IncidentCompanionService
05-30 16:52:51.285 D/SystemServerTiming( 718): OnBootPhase_550_com.android.server.sdksandbox.SdkSandboxManagerService$Lifecycle
05-30 16:52:51.285 D/SystemServerTiming( 718): OnBootPhase_550_com.android.server.adservices.AdServicesManagerService$Lifecycle
05-30 16:52:51.285 D/SystemServerTiming( 718): OnBootPhase_550_com.android.server.ondevicepersonalization.OnDevicePersonalizationSystemService$Lifecycle
05-30 16:52:51.285 D/SystemServerTiming( 718): OnBootPhase_550_com.android.server.autofill.AutofillManagerService
05-30 16:52:51.285 D/SystemServerTiming( 718): OnBootPhase_550_com.android.server.clipboard.ClipboardService
05-30 16:52:51.285 D/SystemServerTiming( 718): OnBootPhase_550_com.android.server.appbinding.AppBindingService$Lifecycle
05-30 16:52:51.287 W/BroadcastLoopers( 718): Found previously unknown looper Thread[AudioDeviceBroker,5,main]
05-30 16:52:51.288 I/AppBindingService( 718): Updating constants with: null
05-30 16:52:51.288 D/SystemServerTiming( 718): OnBootPhase_550_com.android.server.tracing.TracingServiceProxy
05-30 16:52:51.288 D/SystemServerTiming( 718): OnBootPhase_550_com.android.server.policy.PermissionPolicyService
05-30 16:52:51.288 D/SystemServerTiming( 718): Permission_grant_default_permissions-0
05-30 16:52:51.289 D/SystemServerTiming( 718): Permission_callback_waiting-0
05-30 16:52:51.293 D/CompatibilityChangeReporter( 718): Compat change id reported: 135634846; UID 10074; state: DISABLED
05-30 16:52:51.293 D/CompatibilityChangeReporter( 718): Compat change id reported: 177438394; UID 10074; state: DISABLED
05-30 16:52:51.294 D/CompatibilityChangeReporter( 718): Compat change id reported: 135772972; UID 10074; state: DISABLED
05-30 16:52:51.294 D/CompatibilityChangeReporter( 718): Compat change id reported: 135754954; UID 10074; state: ENABLED
05-30 16:52:51.310 I/UsbPortManager( 718): all: opID:1 successful
05-30 16:52:51.320 W/ActivityManager( 718): Slow operation: 60ms so far, now at startProcess: building log message
05-30 16:52:51.320 I/ActivityManager( 718): Start proc 1131:com.android.systemui/u0a52 for service {com.android.systemui/com.android.systemui.wallpapers.ImageWallpaper}
05-30 16:52:51.320 W/ActivityManager( 718): Slow operation: 61ms so far, now at startProcess: starting to update pids map
05-30 16:52:51.320 W/ActivityManager( 718): Slow operation: 61ms so far, now at startProcess: done updating pids map
05-30 16:52:51.321 D/CompatibilityChangeReporter( 718): Compat change id reported: 143937733; UID 10074; state: ENABLED
05-30 16:52:51.321 W/ActivityManager( 718): com.android.permissioncontroller inode == 0 (b/152760674)
05-30 16:52:51.321 D/HDMI ( 718): Process pid:718 is calling addHotplugEventListener
05-30 16:52:51.334 I/ActivityManager( 718): Start proc 1141:com.android.permissioncontroller/u0a74 for service {com.android.permissioncontroller/com.android.permissioncontroller.permission.service.PermissionControllerServiceImpl}
05-30 16:52:51.335 W/ProcessCpuTracker( 718): Failed to stat(/proc/1075): android.system.ErrnoException: stat failed: ENOENT (No such file or directory)
05-30 16:52:51.335 W/ProcessCpuTracker( 718): Skipping unknown process pid 1075
05-30 16:52:51.367 D/GameManagerService( 718): User ID '0' does not have a Game Mode selected for package: 'com.android.systemui'
05-30 16:52:51.368 D/CompatibilityChangeReporter( 718): Compat change id reported: 168419799; UID 10052; state: DISABLED
05-30 16:52:51.368 D/CompatibilityChangeReporter( 718): Compat change id reported: 273564678; UID 10052; state: DISABLED
05-30 16:52:51.386 D/GameManagerService( 718): User ID '0' does not have a Game Mode selected for package: 'com.android.permissioncontroller'
05-30 16:52:51.386 D/CompatibilityChangeReporter( 718): Compat change id reported: 168419799; UID 10074; state: DISABLED
05-30 16:52:51.387 D/CompatibilityChangeReporter( 718): Compat change id reported: 273564678; UID 10074; state: DISABLED
05-30 16:52:51.389 D/CompatibilityChangeReporter( 718): Compat change id reported: 265195908; UID 10052; state: ENABLED
05-30 16:52:51.396 D/CompatibilityChangeReporter( 718): Compat change id reported: 170503758; UID 10052; state: ENABLED
05-30 16:52:51.397 D/CompatibilityChangeReporter( 718): Compat change id reported: 265195908; UID 10074; state: ENABLED
05-30 16:52:51.407 D/CompatibilityChangeReporter( 718): Compat change id reported: 170503758; UID 10074; state: ENABLED
05-30 16:52:51.560 D/AudioService( 718): No vibrator found
05-30 16:52:51.585 V/WindowManagerShell( 1131): Adding init callback for DisplayChangeController
05-30 16:52:51.586 V/WindowManagerShell( 1131): Adding init callback for DisplayController
05-30 16:52:51.586 V/WindowManagerShell( 1131): Adding init callback for DisplayInsetsController
05-30 16:52:51.587 V/WindowManagerShell( 1131): Adding init callback for DisplayImeController
05-30 16:52:51.592 V/WindowManagerShell( 1131): Adding init callback for ShellController
05-30 16:52:51.601 V/WindowManagerShell( 1131): Adding init callback for DragAndDropController
05-30 16:52:51.631 V/WindowManagerShell( 1131): Adding init callback for CompatUIController
05-30 16:52:51.645 V/WindowManagerShell( 1131): Adding init callback for ShellTaskOrganizer
05-30 16:52:51.666 V/WindowManagerShell( 1131): Adding init callback for DefaultTransitionHandler
05-30 16:52:51.667 V/WindowManagerShell( 1131): addHandler: Default
05-30 16:52:51.667 V/WindowManagerShell( 1131): addHandler: Remote
05-30 16:52:51.667 V/WindowManagerShell( 1131): Adding init callback for Transitions
05-30 16:52:51.674 V/WindowManagerShell( 1131): Adding init callback for FullscreenTaskListener
05-30 16:52:51.679 V/WindowManagerShell( 1131): Adding init callback for ActivityEmbeddingController
05-30 16:52:51.689 D/CompatibilityChangeReporter( 718): Compat change id reported: 161145287; UID 10052; state: ENABLED
05-30 16:52:51.691 V/WindowManagerShell( 1131): Adding init callback for StartingWindowController
05-30 16:52:51.692 V/WindowManagerShell( 1131): Adding init callback for ProtoLogController
05-30 16:52:51.709 D/CompatibilityChangeReporter( 718): Compat change id reported: 261072174; UID 1000; state: ENABLED
05-30 16:52:51.712 V/WindowManagerShell( 1131): Adding init callback for TvPipTransition
05-30 16:52:51.728 D/WindowManagerShell( 1131): TvPipActionsProvider: onMediaActionsChanged()
05-30 16:52:51.728 D/WindowManagerShell( 1131): TvPipActionsProvider: replaceCustomActions, count: 0
05-30 16:52:51.729 D/WindowManagerShell( 1131): TvPipMenuController: setDelegate(), delegate=com.android.wm.shell.pip.tv.TvPipController@8d86e0d
05-30 16:52:51.729 V/WindowManagerShell( 1131): Adding init callback for TvPipController
05-30 16:52:51.730 V/WindowManagerShell( 1131): Adding init callback for KeyguardTransitionHandler
05-30 16:52:51.734 V/WindowManagerShell( 1131): Adding init callback for BackAnimationController
05-30 16:52:51.736 V/WindowManagerShell( 1131): Initializing Shell Components: 18
05-30 16:52:51.737 V/WindowManagerShell( 1131): DisplayChangeController init took 1ms
05-30 16:52:51.738 V/WindowManagerShell( 1131): DisplayController init took 1ms
05-30 16:52:51.739 V/WindowManagerShell( 1131): DisplayInsetsController init took 2ms
05-30 16:52:51.740 V/WindowManagerShell( 1131): DisplayImeController init took 0ms
05-30 16:52:51.740 V/WindowManagerShell( 1131): Adding dump callback for ShellController
05-30 16:52:51.740 V/WindowManagerShell( 1131): ShellController init took 1ms
05-30 16:52:51.740 V/WindowManagerShell( 1131): Adding external interface from DragAndDropController with key extra_shell_drag_and_drop
05-30 16:52:51.741 V/WindowManagerShell( 1131): Adding dump callback for DragAndDropController
05-30 16:52:51.741 V/WindowManagerShell( 1131): DragAndDropController init took 0ms
05-30 16:52:51.741 V/WindowManagerShell( 1131): Adding command class compatui for CompatUIShellCommandHandler
05-30 16:52:51.741 V/WindowManagerShell( 1131): CompatUIController init took 0ms
05-30 16:52:51.741 V/WindowManagerShell( 1131): Adding dump callback for ShellTaskOrganizer
05-30 16:52:51.744 V/WindowManagerShell( 1131): ShellTaskOrganizer init took 4ms
05-30 16:52:51.760 V/WindowManagerShell( 1131): DefaultTransitionHandler init took 15ms
05-30 16:52:51.764 V/WindowManagerShell( 1131): Adding external interface from Transitions with key extra_shell_shell_transitions
05-30 16:52:51.770 V/WindowManagerShell( 1131): Adding command class transitions for Transitions
05-30 16:52:51.770 V/WindowManagerShell( 1131): Transitions init took 11ms
05-30 16:52:51.770 V/WindowManagerShell( 1131): FullscreenTaskListener init took 0ms
05-30 16:52:51.770 V/WindowManagerShell( 1131): addHandler: ActivityEmbeddingController
05-30 16:52:51.770 V/WindowManagerShell( 1131): ActivityEmbeddingController init took 0ms
05-30 16:52:51.771 V/WindowManagerShell( 1131): Adding external interface from StartingWindowController with key extra_shell_starting_window
05-30 16:52:51.771 V/WindowManagerShell( 1131): StartingWindowController init took 0ms
05-30 16:52:51.771 V/WindowManagerShell( 1131): Adding command class protolog for ProtoLogController
05-30 16:52:51.771 V/WindowManagerShell( 1131): ProtoLogController init took 0ms
05-30 16:52:51.771 V/WindowManagerShell( 1131): addHandler: TvPipTransition
05-30 16:52:51.771 V/WindowManagerShell( 1131): TvPipTransition init took 0ms
05-30 16:52:51.774 E/android.hardware.wifi-service.droidlogic( 527): get aml true wifi is aml_w2_s
05-30 16:52:51.775 E/android.hardware.wifi-service.droidlogic( 527): multiwifi will rmmod wifi comm
05-30 16:52:51.782 V/WindowManagerShell( 1131): TvPipController init took 11ms
05-30 16:52:51.782 V/WindowManagerShell( 1131): addHandler: KeyguardTransitionHandler
05-30 16:52:51.782 V/WindowManagerShell( 1131): KeyguardTransitionHandler init took 0ms
05-30 16:52:51.784 D/ShellBackPreview( 1131): Back animation enabled=false
05-30 16:52:51.785 V/WindowManagerShell( 1131): Adding external interface from BackAnimationController with key extra_shell_back_animation
05-30 16:52:51.794 V/WindowManagerShell( 1131): BackAnimationController init took 13ms
05-30 16:52:51.795 V/ShellDragAndDrop( 1131): Display added: 0
05-30 16:52:51.856 D/CompatibilityChangeReporter( 718): Compat change id reported: 171306433; UID 1000; state: ENABLED
05-30 16:52:51.863 I/android.hardware.wifi-service.droidlogic( 527): found the match wifi is: aml_w2_s
05-30 16:52:51.864 I/android.hardware.wifi-service.droidlogic( 527): insmod driver: /vendor/lib/modules/w2_comm.ko
05-30 16:52:51.865 W/WindowManager( 718): [addWindow] title:ShellDropTarget
05-30 16:52:51.869 D/GameManagerService( 718): User ID '0' does not have a Game Mode selected for package: 'com.android.systemui'
05-30 16:52:51.899 I/android.hardware.wifi-service.droidlogic( 527): insmod driver: /vendor/lib/modules/aml_bt.ko
05-30 16:52:51.912 I/android.hardware.wifi-service.droidlogic( 527): insmod driver: /vendor/lib/modules/w2.ko
05-30 16:52:51.944 D/WindowManagerShell( 1131): TvPipController: onImeVisibilityChanged(), visible=false, height=0
05-30 16:52:51.949 D/CoreBackPreview( 718): Window{21320f8 u0 ShellDropTarget}: Setting back callback OnBackInvokedCallbackInfo{mCallback=android.window.IOnBackInvokedCallback$Stub$Proxy@c2baee6, mPriority=0, mIsAnimationCallback=false}
05-30 16:52:52.011 D/CompatibilityChangeReporter( 718): Compat change id reported: 161145287; UID 10074; state: ENABLED
05-30 16:52:52.256 D/CompatibilityChangeReporter( 718): Compat change id reported: 157233955; UID 10052; state: ENABLED
05-30 16:52:52.361 I/MR2ServiceImpl( 718): registerManager | uid: 10052, pid: 1131, package: com.android.systemui, user: 0
05-30 16:52:52.439 D/WallpaperManagerService( 718): WPMS.saveSettingsLocked-0
05-30 16:52:53.182 I/android.hardware.wifi-service.droidlogic( 527): check loading wifi driver is ok...
05-30 16:52:53.182 W/android.hardware.wifi-service.droidlogic( 527): driver loaded
05-30 16:52:53.186 I/android.hardware.wifi-service.droidlogic( 527): After driver loaded, wifi_name:aml_w2_s
05-30 16:52:53.187 I/android.hardware.wifi-service.droidlogic( 527): Migrated conf file from /vendor/etc/wifi/unbcm_supplicant.conf to /data/vendor/wifi/wpa/wpa_supplicant.conf: No such file or directory
05-30 16:52:53.187 I/android.hardware.wifi-service.droidlogic( 527): Migrated conf file from /vendor/etc/wifi/p2p_supplicant.conf to /data/vendor/wifi/wpa/p2p_supplicant.conf: No such file or directory
05-30 16:52:53.187 I/android.hardware.wifi-service.droidlogic( 527): no bcm and uwe wifi ,need use p2p0 with p2p interface
05-30 16:52:53.188 I/android.hardware.wifi-service.droidlogic( 527): Wifi HAL started
05-30 16:52:53.322 W/android.hardware.wifi-service.droidlogic( 527): No active wlan interfaces in use! Using default
05-30 16:52:53.322 E/android.hardware.wifi-service.droidlogic( 527): Unknown iface name: wlan0
05-30 16:52:53.322 E/android.hardware.wifi-service.droidlogic( 527): Unknown iface name: wlan0
05-30 16:52:53.376 W/android.hardware.wifi-service.droidlogic( 527): No active wlan interfaces in use! Using default
05-30 16:52:53.376 E/android.hardware.wifi-service.droidlogic( 527): Unknown iface name: wlan0
05-30 16:52:53.377 E/android.hardware.wifi-service.droidlogic( 527): Unknown iface name: wlan0
05-30 16:52:53.485 I/android.hardware.wifi-service.droidlogic( 527): Adding interface handle for p2p0
05-30 16:52:53.485 I/android.hardware.wifi-service.droidlogic( 527): Adding interface handle for ap0
05-30 16:52:53.485 I/android.hardware.wifi-service.droidlogic( 527): Adding interface handle for wlan0
05-30 16:52:53.485 W/android.hardware.wifi-service.droidlogic( 527): No active wlan interfaces in use! Using default
05-30 16:52:53.485 E/android.hardware.wifi-service.droidlogic( 527): Failed to register radio mode change callback
05-30 16:52:53.485 W/android.hardware.wifi-service.droidlogic( 527): No active wlan interfaces in use! Using default
05-30 16:52:53.487 E/android.hardware.wifi-service.droidlogic( 527): Failed to get SupportedIfaceCombinations matrix from legacy HAL: NOT_SUPPORTED
05-30 16:52:53.487 I/android.hardware.wifi-service.droidlogic( 527): Configured chip in mode 3
05-30 16:52:53.487 W/android.hardware.wifi-service.droidlogic( 527): No active wlan interfaces in use! Using default
05-30 16:52:53.495 W/android.hardware.wifi-service.droidlogic( 527): No active wlan interfaces in use! Using default
05-30 16:52:53.522 I/android.hardware.wifi-service.droidlogic( 527): Adding interface handle for p2p0
05-30 16:52:53.522 I/android.hardware.wifi-service.droidlogic( 527): Adding interface handle for ap0
05-30 16:52:53.522 I/android.hardware.wifi-service.droidlogic( 527): Adding interface handle for wlan0
05-30 16:52:53.522 E/android.hardware.wifi-service.droidlogic( 527): Failed to set DFS flag; DFS channels may be unavailable.
05-30 16:52:53.710 E/android.hardware.wifi-service.droidlogic( 527): Failed to get chip capabilities from legacy HAL: NOT_SUPPORTED
05-30 16:52:53.771 I/wificond( 640): createClientInterface: wiphy_index 0 iface_name wlan0
05-30 16:52:53.773 I/wificond( 640): create scanner for interface with index: 16
