05-30 16:57:24.981 E/nStackXCoAP( 2771): IsInSameNetwork:[281] :IsInSameNetwork: not priority process
05-30 16:57:24.982 D/nStackXCoAP( 2771): IsInSameNetwork:[276] :IsInSameNetwork exec
05-30 16:57:24.982 I/nStackXDFinder( 2771): GetLocalInterfaceDetail:[461] :GetLocalInterfaceDetail in
05-30 16:57:24.982 E/nStackXCoAP( 2771): IsInSameNetwork:[281] :IsInSameNetwork: not priority process
05-30 16:57:24.984 D/nStackXCoAP( 2771): IsInSameNetwork:[276] :IsInSameNetwork exec
05-30 16:57:24.984 I/nStackXDFinder( 2771): GetLocalInterfaceDetail:[461] :GetLocalInterfaceDetail in
05-30 16:57:24.984 E/nStackXCoAP( 2771): IsInSameNetwork:[281] :IsInSameNetwork: not priority process
05-30 16:57:24.984 D/nStackXCoAP( 2771): IsInSameNetwork:[276] :IsInSameNetwork exec
05-30 16:57:24.984 I/nStackXDFinder( 2771): GetLocalInterfaceDetail:[461] :GetLocalInterfaceDetail in
05-30 16:57:24.984 E/nStackXCoAP( 2771): IsInSameNetwork:[281] :IsInSameNetwork: not priority process
05-30 16:57:24.985 D/nStackXCoAP( 2771): IsInSameNetwork:[276] :IsInSameNetwork exec
05-30 16:57:24.985 I/nStackXDFinder( 2771): GetLocalInterfaceDetail:[461] :GetLocalInterfaceDetail in
05-30 16:57:24.986 E/nStackXCoAP( 2771): IsInSameNetwork:[281] :IsInSameNetwork: not priority process
05-30 16:57:24.987 D/nStackXCoAP( 2771): IsInSameNetwork:[276] :IsInSameNetwork exec
05-30 16:57:24.987 I/nStackXDFinder( 2771): GetLocalInterfaceDetail:[461] :GetLocalInterfaceDetail in
05-30 16:57:24.987 E/nStackXCoAP( 2771): IsInSameNetwork:[281] :IsInSameNetwork: not priority process
05-30 16:57:24.987 D/nStackXCoAP( 2771): IsInSameNetwork:[276] :IsInSameNetwork exec
05-30 16:57:24.987 I/nStackXDFinder( 2771): GetLocalInterfaceDetail:[461] :GetLocalInterfaceDetail in
05-30 16:57:24.987 E/nStackXCoAP( 2771): IsInSameNetwork:[281] :IsInSameNetwork: not priority process
05-30 16:57:24.989 D/nStackXCoAP( 2771): IsInSameNetwork:[276] :IsInSameNetwork exec
05-30 16:57:24.989 I/nStackXDFinder( 2771): GetLocalInterfaceDetail:[461] :GetLocalInterfaceDetail in
05-30 16:57:24.989 E/nStackXCoAP( 2771): IsInSameNetwork:[281] :IsInSameNetwork: not priority process
05-30 16:57:24.990 D/nStackXCoAP( 2771): IsInSameNetwork:[276] :IsInSameNetwork exec
05-30 16:57:24.990 I/nStackXDFinder( 2771): GetLocalInterfaceDetail:[461] :GetLocalInterfaceDetail in
05-30 16:57:24.990 E/nStackXCoAP( 2771): IsInSameNetwork:[281] :IsInSameNetwork: not priority process
05-30 16:57:24.990 D/nStackXCoAP( 2771): IsInSameNetwork:[276] :IsInSameNetwork exec
05-30 16:57:24.990 I/nStackXDFinder( 2771): GetLocalInterfaceDetail:[461] :GetLocalInterfaceDetail in
05-30 16:57:24.990 E/nStackXCoAP( 2771): IsInSameNetwork:[281] :IsInSameNetwork: not priority process
05-30 16:57:24.991 D/nStackXCoAP( 2771): IsInSameNetwork:[276] :IsInSameNetwork exec
05-30 16:57:24.992 I/nStackXDFinder( 2771): GetLocalInterfaceDetail:[461] :GetLocalInterfaceDetail in
05-30 16:57:24.992 E/nStackXCoAP( 2771): IsInSameNetwork:[281] :IsInSameNetwork: not priority process
05-30 16:57:24.993 D/nStackXCoAP( 2771): IsInSameNetwork:[276] :IsInSameNetwork exec
05-30 16:57:24.993 I/nStackXDFinder( 2771): GetLocalInterfaceDetail:[461] :GetLocalInterfaceDetail in
05-30 16:57:24.993 E/nStackXCoAP( 2771): IsInSameNetwork:[281] :IsInSameNetwork: not priority process
05-30 16:57:24.993 D/nStackXCoAP( 2771): IsInSameNetwork:[276] :IsInSameNetwork exec
05-30 16:57:24.993 I/nStackXDFinder( 2771): GetLocalInterfaceDetail:[461] :GetLocalInterfaceDetail in
05-30 16:57:24.993 E/nStackXCoAP( 2771): IsInSameNetwork:[281] :IsInSameNetwork: not priority process
05-30 16:57:24.994 D/nStackXCoAP( 2771): IsInSameNetwork:[276] :IsInSameNetwork exec
05-30 16:57:24.994 I/nStackXDFinder( 2771): GetLocalInterfaceDetail:[461] :GetLocalInterfaceDetail in
05-30 16:57:24.994 E/nStackXCoAP( 2771): IsInSameNetwork:[281] :IsInSameNetwork: not priority process
05-30 16:57:24.994 D/nStackXCoAP( 2771): IsInSameNetwork:[276] :IsInSameNetwork exec
05-30 16:57:24.994 I/nStackXDFinder( 2771): GetLocalInterfaceDetail:[461] :GetLocalInterfaceDetail in
05-30 16:57:24.994 E/nStackXCoAP( 2771): IsInSameNetwork:[281] :IsInSameNetwork: not priority process
05-30 16:57:24.995 D/nStackXCoAP( 2771): IsInSameNetwork:[276] :IsInSameNetwork exec
05-30 16:57:24.995 I/nStackXDFinder( 2771): GetLocalInterfaceDetail:[461] :GetLocalInterfaceDetail in
05-30 16:57:24.995 E/nStackXCoAP( 2771): IsInSameNetwork:[281] :IsInSameNetwork: not priority process
05-30 16:57:24.996 D/nStackXCoAP( 2771): IsInSameNetwork:[276] :IsInSameNetwork exec
05-30 16:57:24.997 I/nStackXDFinder( 2771): GetLocalInterfaceDetail:[461] :GetLocalInterfaceDetail in
05-30 16:57:24.997 E/nStackXCoAP( 2771): IsInSameNetwork:[281] :IsInSameNetwork: not priority process
05-30 16:57:24.997 D/nStackXCoAP( 2771): IsInSameNetwork:[276] :IsInSameNetwork exec
05-30 16:57:24.997 I/nStackXDFinder( 2771): GetLocalInterfaceDetail:[461] :GetLocalInterfaceDetail in
05-30 16:57:24.997 E/nStackXCoAP( 2771): IsInSameNetwork:[281] :IsInSameNetwork: not priority process
05-30 16:57:24.998 D/nStackXCoAP( 2771): IsInSameNetwork:[276] :IsInSameNetwork exec
05-30 16:57:24.998 I/nStackXDFinder( 2771): GetLocalInterfaceDetail:[461] :GetLocalInterfaceDetail in
05-30 16:57:24.998 E/nStackXCoAP( 2771): IsInSameNetwork:[281] :IsInSameNetwork: not priority process
05-30 16:57:24.999 D/nStackXCoAP( 2771): IsInSameNetwork:[276] :IsInSameNetwork exec
05-30 16:57:24.999 I/nStackXDFinder( 2771): GetLocalInterfaceDetail:[461] :GetLocalInterfaceDetail in
05-30 16:57:24.999 E/nStackXCoAP( 2771): IsInSameNetwork:[281] :IsInSameNetwork: not priority process
05-30 16:57:25.002 D/nStackXCoAP( 2771): IsInSameNetwork:[276] :IsInSameNetwork exec
05-30 16:57:25.002 I/nStackXDFinder( 2771): GetLocalInterfaceDetail:[461] :GetLocalInterfaceDetail in
05-30 16:57:25.002 E/nStackXCoAP( 2771): IsInSameNetwork:[281] :IsInSameNetwork: not priority process
05-30 16:57:25.003 D/nStackXCoAP( 2771): IsInSameNetwork:[276] :IsInSameNetwork exec
05-30 16:57:25.003 I/nStackXDFinder( 2771): GetLocalInterfaceDetail:[461] :GetLocalInterfaceDetail in
05-30 16:57:25.003 E/nStackXCoAP( 2771): IsInSameNetwork:[281] :IsInSameNetwork: not priority process
05-30 16:57:25.004 D/nStackXCoAP( 2771): IsInSameNetwork:[276] :IsInSameNetwork exec
05-30 16:57:25.004 I/nStackXDFinder( 2771): GetLocalInterfaceDetail:[461] :GetLocalInterfaceDetail in
05-30 16:57:25.004 E/nStackXCoAP( 2771): IsInSameNetwork:[281] :IsInSameNetwork: not priority process
05-30 16:57:25.005 D/nStackXCoAP( 2771): IsInSameNetwork:[276] :IsInSameNetwork exec
05-30 16:57:25.005 I/nStackXDFinder( 2771): GetLocalInterfaceDetail:[461] :GetLocalInterfaceDetail in
05-30 16:57:25.005 E/nStackXCoAP( 2771): IsInSameNetwork:[281] :IsInSameNetwork: not priority process
05-30 16:57:25.005 D/nStackXCoAP( 2771): IsInSameNetwork:[276] :IsInSameNetwork exec
05-30 16:57:25.005 I/nStackXDFinder( 2771): GetLocalInterfaceDetail:[461] :GetLocalInterfaceDetail in
05-30 16:57:25.005 E/nStackXCoAP( 2771): IsInSameNetwork:[281] :IsInSameNetwork: not priority process
05-30 16:57:25.006 D/nStackXCoAP( 2771): IsInSameNetwork:[276] :IsInSameNetwork exec
05-30 16:57:25.006 I/nStackXDFinder( 2771): GetLocalInterfaceDetail:[461] :GetLocalInterfaceDetail in
05-30 16:57:25.006 E/nStackXCoAP( 2771): IsInSameNetwork:[281] :IsInSameNetwork: not priority process
05-30 16:57:25.008 D/nStackXCoAP( 2771): IsInSameNetwork:[276] :IsInSameNetwork exec
05-30 16:57:25.008 I/nStackXDFinder( 2771): GetLocalInterfaceDetail:[461] :GetLocalInterfaceDetail in
05-30 16:57:25.008 E/nStackXCoAP( 2771): IsInSameNetwork:[281] :IsInSameNetwork: not priority process
05-30 16:57:25.008 D/nStackXCoAP( 2771): IsInSameNetwork:[276] :IsInSameNetwork exec
05-30 16:57:25.008 I/nStackXDFinder( 2771): GetLocalInterfaceDetail:[461] :GetLocalInterfaceDetail in
05-30 16:57:25.008 E/nStackXCoAP( 2771): IsInSameNetwork:[281] :IsInSameNetwork: not priority process
05-30 16:57:25.076 I/Thread-16( 2598): type=1400 audit(0.0:2186): avc: denied { read } for name="diskstats" dev="proc" ino=4026532107 scontext=u:r:untrusted_app_27:s0:c44,c256,c512,c768 tcontext=u:object_r:proc_diskstats:s0 tclass=file permissive=1 app=com.dangbei.screencast
05-30 16:57:25.076 I/Thread-16( 2598): type=1400 audit(0.0:2187): avc: denied { open } for path="/proc/diskstats" dev="proc" ino=4026532107 scontext=u:r:untrusted_app_27:s0:c44,c256,c512,c768 tcontext=u:object_r:proc_diskstats:s0 tclass=file permissive=1 app=com.dangbei.screencast
05-30 16:57:25.076 I/Thread-16( 2598): type=1400 audit(0.0:2188): avc: denied { getattr } for path="/proc/diskstats" dev="proc" ino=4026532107 scontext=u:r:untrusted_app_27:s0:c44,c256,c512,c768 tcontext=u:object_r:proc_diskstats:s0 tclass=file permissive=1 app=com.dangbei.screencast
05-30 16:57:25.140 D/TrafficStats( 2598): tagSocket(139) with statsTag=0xffffffff, statsUid=-1
05-30 16:57:25.195 I/MobclickAgent( 2598): module init:azioc
05-30 16:57:25.223 W/TelephonyPermissions( 718): reportAccessDeniedToReadIdentifiers:com.dangbei.screencast:getSerial:-1
05-30 16:57:25.245 D/TrafficStats( 2598): tagSocket(155) with statsTag=0xffffffff, statsUid=-1
05-30 16:57:25.325 E/nStackXDFinder( 2771): GetLocalIp:[401] :GetLocalIp exec
05-30 16:57:25.325 E/nStackXDFinder( 2771): GetLocalIp:[401] :GetLocalIp exec
05-30 16:57:25.325 E/nStackXDFinder( 2771): GetLocalIp:[401] :GetLocalIp exec
05-30 16:57:25.326 I/nStackXCoAP( 2771): CoapServiceDiscoverTimerHandle:[524] :the 12 times for device discover.
05-30 16:57:25.333 D/nStackXCoAP( 2771): IsInSameNetwork:[276] :IsInSameNetwork exec
05-30 16:57:25.333 I/nStackXDFinder( 2771): GetLocalInterfaceDetail:[461] :GetLocalInterfaceDetail in
05-30 16:57:25.333 E/nStackXCoAP( 2771): IsInSameNetwork:[281] :IsInSameNetwork: not priority process
05-30 16:57:25.334 D/nStackXCoAP( 2771): IsInSameNetwork:[276] :IsInSameNetwork exec
05-30 16:57:25.335 I/nStackXDFinder( 2771): GetLocalInterfaceDetail:[461] :GetLocalInterfaceDetail in
05-30 16:57:25.335 E/nStackXCoAP( 2771): IsInSameNetwork:[281] :IsInSameNetwork: not priority process
05-30 16:57:25.338 D/nStackXCoAP( 2771): IsInSameNetwork:[276] :IsInSameNetwork exec
05-30 16:57:25.338 I/nStackXDFinder( 2771): GetLocalInterfaceDetail:[461] :GetLocalInterfaceDetail in
05-30 16:57:25.338 E/nStackXCoAP( 2771): IsInSameNetwork:[281] :IsInSameNetwork: not priority process
05-30 16:57:25.338 D/nStackXCoAP( 2771): IsInSameNetwork:[276] :IsInSameNetwork exec
05-30 16:57:25.339 I/nStackXDFinder( 2771): GetLocalInterfaceDetail:[461] :GetLocalInterfaceDetail in
05-30 16:57:25.339 E/nStackXCoAP( 2771): IsInSameNetwork:[281] :IsInSameNetwork: not priority process
05-30 16:57:25.340 D/nStackXCoAP( 2771): IsInSameNetwork:[276] :IsInSameNetwork exec
05-30 16:57:25.341 I/nStackXDFinder( 2771): GetLocalInterfaceDetail:[461] :GetLocalInterfaceDetail in
05-30 16:57:25.341 E/nStackXCoAP( 2771): IsInSameNetwork:[281] :IsInSameNetwork: not priority process
05-30 16:57:25.352 D/nStackXCoAP( 2771): IsInSameNetwork:[276] :IsInSameNetwork exec
05-30 16:57:25.352 I/nStackXDFinder( 2771): GetLocalInterfaceDetail:[461] :GetLocalInterfaceDetail in
05-30 16:57:25.352 E/nStackXCoAP( 2771): IsInSameNetwork:[281] :IsInSameNetwork: not priority process
05-30 16:57:25.372 D/nStackXCoAP( 2771): IsInSameNetwork:[276] :IsInSameNetwork exec
05-30 16:57:25.372 I/nStackXDFinder( 2771): GetLocalInterfaceDetail:[461] :GetLocalInterfaceDetail in
05-30 16:57:25.372 E/nStackXCoAP( 2771): IsInSameNetwork:[281] :IsInSameNetwork: not priority process
05-30 16:57:25.381 D/nStackXCoAP( 2771): IsInSameNetwork:[276] :IsInSameNetwork exec
05-30 16:57:25.381 I/nStackXDFinder( 2771): GetLocalInterfaceDetail:[461] :GetLocalInterfaceDetail in
05-30 16:57:25.381 E/nStackXCoAP( 2771): IsInSameNetwork:[281] :IsInSameNetwork: not priority process
05-30 16:57:25.381 D/nStackXCoAP( 2771): IsInSameNetwork:[276] :IsInSameNetwork exec
05-30 16:57:25.381 I/nStackXDFinder( 2771): GetLocalInterfaceDetail:[461] :GetLocalInterfaceDetail in
05-30 16:57:25.382 E/nStackXCoAP( 2771): IsInSameNetwork:[281] :IsInSameNetwork: not priority process
05-30 16:57:25.382 D/nStackXCoAP( 2771): IsInSameNetwork:[276] :IsInSameNetwork exec
05-30 16:57:25.383 I/nStackXDFinder( 2771): GetLocalInterfaceDetail:[461] :GetLocalInterfaceDetail in
05-30 16:57:25.383 E/nStackXCoAP( 2771): IsInSameNetwork:[281] :IsInSameNetwork: not priority process
05-30 16:57:25.384 D/nStackXCoAP( 2771): IsInSameNetwork:[276] :IsInSameNetwork exec
05-30 16:57:25.384 I/nStackXDFinder( 2771): GetLocalInterfaceDetail:[461] :GetLocalInterfaceDetail in
05-30 16:57:25.384 E/nStackXCoAP( 2771): IsInSameNetwork:[281] :IsInSameNetwork: not priority process
05-30 16:57:25.404 D/nStackXCoAP( 2771): IsInSameNetwork:[276] :IsInSameNetwork exec
05-30 16:57:25.404 I/nStackXDFinder( 2771): GetLocalInterfaceDetail:[461] :GetLocalInterfaceDetail in
05-30 16:57:25.404 E/nStackXCoAP( 2771): IsInSameNetwork:[281] :IsInSameNetwork: not priority process
05-30 16:57:25.405 D/nStackXCoAP( 2771): IsInSameNetwork:[276] :IsInSameNetwork exec
05-30 16:57:25.405 I/nStackXDFinder( 2771): GetLocalInterfaceDetail:[461] :GetLocalInterfaceDetail in
05-30 16:57:25.405 E/nStackXCoAP( 2771): IsInSameNetwork:[281] :IsInSameNetwork: not priority process
05-30 16:57:25.419 D/nStackXCoAP( 2771): IsInSameNetwork:[276] :IsInSameNetwork exec
05-30 16:57:25.419 I/nStackXDFinder( 2771): GetLocalInterfaceDetail:[461] :GetLocalInterfaceDetail in
05-30 16:57:25.419 E/nStackXCoAP( 2771): IsInSameNetwork:[281] :IsInSameNetwork: not priority process
05-30 16:57:25.420 D/nStackXCoAP( 2771): IsInSameNetwork:[276] :IsInSameNetwork exec
05-30 16:57:25.420 I/nStackXDFinder( 2771): GetLocalInterfaceDetail:[461] :GetLocalInterfaceDetail in
05-30 16:57:25.420 E/nStackXCoAP( 2771): IsInSameNetwork:[281] :IsInSameNetwork: not priority process
05-30 16:57:25.427 D/nStackXCoAP( 2771): IsInSameNetwork:[276] :IsInSameNetwork exec
05-30 16:57:25.427 I/nStackXDFinder( 2771): GetLocalInterfaceDetail:[461] :GetLocalInterfaceDetail in
05-30 16:57:25.427 E/nStackXCoAP( 2771): IsInSameNetwork:[281] :IsInSameNetwork: not priority process
05-30 16:57:25.428 D/nStackXCoAP( 2771): IsInSameNetwork:[276] :IsInSameNetwork exec
05-30 16:57:25.428 I/nStackXDFinder( 2771): GetLocalInterfaceDetail:[461] :GetLocalInterfaceDetail in
05-30 16:57:25.428 E/nStackXCoAP( 2771): IsInSameNetwork:[281] :IsInSameNetwork: not priority process
05-30 16:57:25.437 D/nStackXCoAP( 2771): IsInSameNetwork:[276] :IsInSameNetwork exec
05-30 16:57:25.437 I/nStackXDFinder( 2771): GetLocalInterfaceDetail:[461] :GetLocalInterfaceDetail in
05-30 16:57:25.437 E/nStackXCoAP( 2771): IsInSameNetwork:[281] :IsInSameNetwork: not priority process
05-30 16:57:25.437 D/nStackXCoAP( 2771): IsInSameNetwork:[276] :IsInSameNetwork exec
05-30 16:57:25.437 I/nStackXDFinder( 2771): GetLocalInterfaceDetail:[461] :GetLocalInterfaceDetail in
05-30 16:57:25.437 E/nStackXCoAP( 2771): IsInSameNetwork:[281] :IsInSameNetwork: not priority process
05-30 16:57:25.454 D/SntpClient( 718): request time failed: java.net.SocketTimeoutException: Poll timed out
05-30 16:57:25.454 D/nStackXCoAP( 2771): IsInSameNetwork:[276] :IsInSameNetwork exec
05-30 16:57:25.454 I/nStackXDFinder( 2771): GetLocalInterfaceDetail:[461] :GetLocalInterfaceDetail in
05-30 16:57:25.454 E/nStackXCoAP( 2771): IsInSameNetwork:[281] :IsInSameNetwork: not priority process
05-30 16:57:25.455 D/TrafficStats( 718): tagSocket(417) with statsTag=0xffffff41, statsUid=-1
05-30 16:57:25.826 W/nStackXCoAP( 2771): CoapServiceDiscoverTimerHandle:[512] :clear device list backup
05-30 16:57:25.910 E/d.leradlauncher( 2251): Invalid resource ID 0x00000000.
05-30 16:57:25.965 D/TrafficStats( 2251): tagSocket(115) with statsTag=0xffffffff, statsUid=-1
05-30 16:57:25.969 D/nStackXCoAP( 2771): IsInSameNetwork:[276] :IsInSameNetwork exec
05-30 16:57:25.970 I/nStackXDFinder( 2771): GetLocalInterfaceDetail:[461] :GetLocalInterfaceDetail in
05-30 16:57:25.970 E/nStackXCoAP( 2771): IsInSameNetwork:[281] :IsInSameNetwork: not priority process
05-30 16:57:26.055 E/hq ( 2251): Etna:::sendInspectLauncherUpdate
05-30 16:57:26.060 E/ccc ( 1892): cccccc SystemUpdateHelper launcherUpdate {"launcherCodeLocal":102941,"launcherCodeNet":0,"launcherVersionLocal":"2.9.4.1","launcherVersionNet":"","otaCodeLocal":0,"otaCodeNet":0,"remoteNeedUpdate":false,"updateType":""}
05-30 16:57:26.063 D/etnaManager( 2251): 不需要更新桌面
05-30 16:57:26.136 I/WifiHAL ( 527): call wifi_get_link_stats handler
05-30 16:57:26.136 I/WifiHAL ( 527): Creating message to get link statistics; iface = 16
05-30 16:57:26.136 D/WifiHAL ( 527): error code -95 mapped to -3
05-30 16:57:26.137 E/WifiStaIfaceAidlImpl( 718): getLinkLayerStats failed with service-specific exception: android.os.ServiceSpecificException: (code 4)
05-30 16:57:26.294 D/TrafficStats( 2251): tagSocket(115) with statsTag=0xffffffff, statsUid=-1
05-30 16:57:26.434 I/serviceDiscovery( 718): [MdnsAdvertiser] Removing service with ID 3
05-30 16:57:26.434 W/System.err( 2598): java.net.SocketException: Socket closed
05-30 16:57:26.434 W/System.err( 2598): at java.net.PlainSocketImpl.socketAccept(PlainSocketImpl.java:213)
05-30 16:57:26.434 W/System.err( 2598): at java.net.AbstractPlainSocketImpl.accept(AbstractPlainSocketImpl.java:451)
05-30 16:57:26.434 W/System.err( 2598): at java.net.ServerSocket.implAccept(ServerSocket.java:569)
05-30 16:57:26.434 W/System.err( 2598): at java.net.ServerSocket.accept(ServerSocket.java:537)
05-30 16:57:26.434 W/System.err( 2598): at b.f.f.t.f.run(Unknown Source:40)
05-30 16:57:26.434 W/System.err( 2598): at java.lang.Thread.run(Thread.java:1012)
05-30 16:57:26.435 I/serviceDiscovery( 718): [MdnsAdvertiser] Removing service with ID 4
05-30 16:57:26.435 I/serviceDiscovery( 718): [MdnsAdvertiser] Removing service with ID 2
05-30 16:57:26.437 W/UpnpServiceImpl( 2598): >>> Shutting down UPnP service...
05-30 16:57:26.439 W/Router ( 2598): disable lock:org.fourthline.cling.android.AndroidRouter@445c584_java.util.concurrent.locks.ReentrantReadWriteLock$WriteLock@bfb816d[Unlocked]
05-30 16:57:26.439 W/Router ( 2598): disable unlock:org.fourthline.cling.android.AndroidRouter@445c584
05-30 16:57:26.440 E/StartupService( 2598): showToast: app is background
05-30 16:57:26.441 W/UpnpServiceImpl( 2598): <<< UPnP service shutdown completed
05-30 16:57:26.442 D/HiSight-SinkService( 2598): setDiscoverable true
05-30 16:57:26.442 D/HiSight-Discovery( 2598): set deviceInfo type:46
05-30 16:57:26.443 D/HiSight-Discovery( 2598): startAdvertise 3
05-30 16:57:26.443 D/HiSight-Discovery( 2598): stopAdvertise.
05-30 16:57:26.443 D/NearFieldManager( 2598): StopListen moduleId: CastPlusDiscoveryModule
05-30 16:57:26.443 D/NearFieldManagerImpl( 2771): stopListen: moduleId: CastPlusDiscoveryModule
05-30 16:57:26.443 D/NearFieldManagerImpl( 2771): registerCapability() called with: capabilityBitmapNum = 1, capabilityBitmap = [0]
05-30 16:57:26.443 I/HicomNf_java_to_c( 2771): registerCapability, capabilityBitmapNum: 1
05-30 16:57:26.443 I/HicomNfMainCtrlManager( 2771): RegisterCapability: 1, 0
05-30 16:57:26.443 D/NearFieldManagerImpl( 2771): Register capability succeed with capabilityBitmapNum = 1, capabilityBitmap = [0]
05-30 16:57:26.444 W/AbstractChannel( 2598): Can't invoke task later as EventLoop rejected it
05-30 16:57:26.444 W/AbstractChannel( 2598): java.util.concurrent.RejectedExecutionException: event executor terminated
05-30 16:57:26.444 W/AbstractChannel( 2598): at io.netty.util.concurrent.SingleThreadEventExecutor.reject(Unknown Source:4)
05-30 16:57:26.444 W/AbstractChannel( 2598): at io.netty.util.concurrent.SingleThreadEventExecutor.offerTask(Unknown Source:6)
05-30 16:57:26.444 W/AbstractChannel( 2598): at io.netty.util.concurrent.SingleThreadEventExecutor.addTask(Unknown Source:5)
05-30 16:57:26.444 W/AbstractChannel( 2598): at io.netty.util.concurrent.SingleThreadEventExecutor.execute(Unknown Source:4)
05-30 16:57:26.444 W/AbstractChannel( 2598): at io.netty.util.concurrent.SingleThreadEventExecutor.execute(Unknown Source:18)
05-30 16:57:26.444 W/AbstractChannel( 2598): at io.netty.channel.AbstractChannel$AbstractUnsafe.invokeLater(Unknown Source:6)
05-30 16:57:26.444 W/AbstractChannel( 2598): at io.netty.channel.AbstractChannel$AbstractUnsafe.deregister(Unknown Source:24)
05-30 16:57:26.444 W/AbstractChannel( 2598): at io.netty.channel.AbstractChannel$AbstractUnsafe.fireChannelInactiveAndDeregister(Unknown Source:17)
05-30 16:57:26.444 W/AbstractChannel( 2598): at io.netty.channel.AbstractChannel$AbstractUnsafe.close(Unknown Source:112)
05-30 16:57:26.444 W/AbstractChannel( 2598): at io.netty.channel.AbstractChannel$AbstractUnsafe.close(Unknown Source:12)
05-30 16:57:26.444 W/AbstractChannel( 2598): at io.netty.channel.nio.NioEventLoop.closeAll(Unknown Source:86)
05-30 16:57:26.444 W/AbstractChannel( 2598): at io.netty.channel.nio.NioEventLoop.run(Unknown Source:202)
05-30 16:57:26.444 W/AbstractChannel( 2598): at io.netty.util.concurrent.SingleThreadEventExecutor$4.run(Unknown Source:41)
05-30 16:57:26.444 W/AbstractChannel( 2598): at io.netty.util.internal.ThreadExecutorMap$2.run(Unknown Source:8)
05-30 16:57:26.444 W/AbstractChannel( 2598): at io.netty.util.concurrent.FastThreadLocalRunnable.run(Unknown Source:2)
05-30 16:57:26.444 W/AbstractChannel( 2598): at java.lang.Thread.run(Thread.java:1012)
05-30 16:57:26.444 D/HiSight-Discovery( 2598): nearFieldStartListen deviceType 46
05-30 16:57:26.445 D/NearFieldManagerImpl( 2771): setServiceData, sServiceData=[32], serviceData=[32]
05-30 16:57:26.445 E/NearFieldManagerImpl( 2771): setServiceData, serviceData exists
05-30 16:57:26.445 E/NearFieldManager( 2598): setIdnNetworkPriority: networkPortPriority is empty
05-30 16:57:26.445 D/NearFieldManager( 2598): StartListen moduleId: CastPlusDiscoveryModule
05-30 16:57:26.445 D/NearFieldManagerImpl( 2771): startListen: moduleId: CastPlusDiscoveryModule
05-30 16:57:26.445 D/NearFieldUtils( 2771): getPreferredIpAddress exec
05-30 16:57:26.445 D/NearFieldUtils( 2771): getPreferredIpAddress by custom priority
05-30 16:57:26.445 D/NearFieldUtils( 2771): getIpByInterfaceSetting customIdnNetworkPriority:[]
05-30 16:57:26.445 D/NearFieldUtils( 2771): getPreferredIpAddress by default priority
05-30 16:57:26.447 E/raop ( 2598): httpd_stop running 1 joined 0
05-30 16:57:26.447 E/raop ( 2598): httpd_stop connection->socket_fd=0
05-30 16:57:26.447 E/raop ( 2598): httpd_stop connection->socket_fd=0
05-30 16:57:26.447 E/raop ( 2598): httpd_stop connection->socket_fd=0
05-30 16:57:26.447 E/raop ( 2598): httpd_stop connection->socket_fd=0
05-30 16:57:26.447 E/raop ( 2598): httpd_stop connection->socket_fd=0
05-30 16:57:26.447 E/raop ( 2598): httpd_stop connection->socket_fd=0
05-30 16:57:26.447 E/raop ( 2598): httpd_stop connection->socket_fd=0
05-30 16:57:26.447 E/raop ( 2598): httpd_stop connection->socket_fd=0
05-30 16:57:26.447 E/raop ( 2598): httpd_stop connection->socket_fd=0
05-30 16:57:26.447 E/raop ( 2598): httpd_stop connection->socket_fd=0
05-30 16:57:26.451 D/NearFieldUtils( 2771): to get wlan0 ip address
05-30 16:57:26.451 D/NearFieldUtils( 2771): get wlan0 IP succeed.
05-30 16:57:26.451 D/NearFieldManagerImpl( 2771): sDeviceType: 46
05-30 16:57:26.451 D/NearFieldManagerImpl( 2771): registerDevice() is called.
05-30 16:57:26.451 I/HicomNfMainCtrlManager( 2771): NSTACKX_RegisterDevice is called
05-30 16:57:26.451 D/NearFieldManagerImpl( 2771): Register device success.
05-30 16:57:26.451 I/NearFieldManagerImpl( 2771): serviceName is castPlus
05-30 16:57:26.451 D/NearFieldManagerImpl( 2771): registerCapability() called with: capabilityBitmapNum = 1, capabilityBitmap = [8]
05-30 16:57:26.451 I/HicomNf_java_to_c( 2771): registerCapability, capabilityBitmapNum: 1
05-30 16:57:26.451 I/HicomNfMainCtrlManager( 2771): RegisterCapability: 1, 8
05-30 16:57:26.451 D/NearFieldManagerImpl( 2771): Register capability succeed with capabilityBitmapNum = 1, capabilityBitmap = [8]
05-30 16:57:26.451 D/NearFieldManagerImpl( 2771): registerServiceData() called with: serviceData = 32
05-30 16:57:26.451 I/nStackXDFinder( 2771): UpdateLocalNetworkInterface:[472] :UpdateLocalNetworkInterface exec,initerfaceName:wlan0
05-30 16:57:26.451 D/NearFieldManagerImpl( 2771): registerModule() called with: packageModuleName = com.huawei.connection+CastPlusDiscoveryModule
05-30 16:57:26.451 E/nStackXDFinder( 2771): GetLocalIp:[401] :GetLocalIp exec
05-30 16:57:26.451 I/nStackXDFinder( 2771): UpdateLocalNetworkInterface:[498] :UpdateLocalNetworkInterface copy ip value in default process
05-30 16:57:26.451 D/NearFieldManagerImpl( 2771): registerModule, registered before
05-30 16:57:26.451 E/nStackXDFinder( 2771): GetLocalIp:[401] :GetLocalIp exec
05-30 16:57:26.451 I/nStackXDFinder( 2771): UpdateLocalNetworkInterface:[505] :UpdateLocalNetworkInterface: ip not change
05-30 16:57:26.451 I/nStackXDFinder( 2771): RegisterServiceData:[728] :RegisterServiceData, serviceData=[32]
05-30 16:57:26.452 I/HicomNf_java_to_c( 2771): registerModule, moduleName: com.huawei.connection+CastPlusDiscoveryModule
05-30 16:57:26.452 I/HicomNfMainCtrlManager( 2771): Enter RegisterModule
05-30 16:57:26.452 I/HicomNfRegManager( 2771): RegisterModule OK, already registered com.huawei.connection+CastPlusDiscoveryModule
05-30 16:57:26.454 D/OomAdjuster( 718): Not killing cached processes
05-30 16:57:26.440 I/binder:2771_4( 2771): type=1400 audit(0.0:2189): avc: denied { search } for name="net" dev="sysfs" ino=12345 scontext=u:r:untrusted_app_27:s0:c44,c256,c512,c768 tcontext=u:object_r:sysfs_net:s0 tclass=dir permissive=1 app=com.dangbei.screencast
05-30 16:57:26.456 E/HuaweiCastService( 2598): onStartCommand in 0
05-30 16:57:26.440 I/binder:2771_4( 2771): type=1400 audit(0.0:2190): avc: denied { read } for name="address" dev="sysfs" ino=22127 scontext=u:r:untrusted_app_27:s0:c44,c256,c512,c768 tcontext=u:object_r:sysfs_net:s0 tclass=file permissive=1 app=com.dangbei.screencast
05-30 16:57:26.459 I/WifiService( 718): acquireMulticastLock uid=10044
05-30 16:57:26.440 I/binder:2771_4( 2771): type=1400 audit(0.0:2191): avc: denied { open } for path="/sys/devices/virtual/net/dummy0/address" dev="sysfs" ino=22127 scontext=u:r:untrusted_app_27:s0:c44,c256,c512,c768 tcontext=u:object_r:sysfs_net:s0 tclass=file permissive=1 app=com.dangbei.screencast
05-30 16:57:26.440 I/binder:2771_4( 2771): type=1400 audit(0.0:2192): avc: denied { getattr } for path="/sys/devices/virtual/net/dummy0/address" dev="sysfs" ino=22127 scontext=u:r:untrusted_app_27:s0:c44,c256,c512,c768 tcontext=u:object_r:sysfs_net:s0 tclass=file permissive=1 app=com.dangbei.screencast
05-30 16:57:26.466 I/WifiService( 718): acquireMulticastLock uid=10044
05-30 16:57:26.468 D/WifiHAL ( 527): Setting APF program, halHandle = 0xed501fc0
05-30 16:57:26.468 I/WifiHAL ( 527): createRequest: APF set program request
05-30 16:57:26.468 D/WifiHAL ( 527): error code -95 mapped to -3
05-30 16:57:26.468 I/WifiHAL ( 527): Request Response failed for APF, result = -3
05-30 16:57:26.469 E/WifiStaIfaceAidlImpl( 718): installApfPacketFilter failed with service-specific exception: android.os.ServiceSpecificException: (code 4)
05-30 16:57:26.512 D/nStackXCoAP( 2771): IsInSameNetwork:[276] :IsInSameNetwork exec
05-30 16:57:26.512 I/nStackXDFinder( 2771): GetLocalInterfaceDetail:[461] :GetLocalInterfaceDetail in
05-30 16:57:26.512 E/nStackXCoAP( 2771): IsInSameNetwork:[281] :IsInSameNetwork: not priority process
05-30 16:57:26.555 D/nStackXCoAP( 2771): IsInSameNetwork:[276] :IsInSameNetwork exec
05-30 16:57:26.555 I/nStackXDFinder( 2771): GetLocalInterfaceDetail:[461] :GetLocalInterfaceDetail in
05-30 16:57:26.555 E/nStackXCoAP( 2771): IsInSameNetwork:[281] :IsInSameNetwork: not priority process
05-30 16:57:27.162 I/keystore2( 282): system/security/keystore2/src/watchdog.rs:319 - Watchdog thread idle -> terminating. Have a great day.
05-30 16:57:27.310 E/raop ( 2598): httpd_stop running 0 joined 1
05-30 16:57:29.022 W/WindowOnBackDispatcher( 1131): sendCancelIfRunning: isInProgress=falsecallback=android.view.ViewRootImpl$$ExternalSyntheticLambda17@626062d
05-30 16:57:29.022 D/CoreBackPreview( 718): Window{be1ad43 u0 Toast}: Setting back callback null
05-30 16:57:29.028 W/InputManager-JNI( 718): Input channel object 'be1ad43 Toast (client)' was disposed without first being removed with the input manager!
05-30 16:57:29.031 W/NotificationService( 718): Toast already killed. pkg=com.dangbei.hqguide token=android.os.BinderProxy@571a825
05-30 16:57:29.145 I/WifiHAL ( 527): call wifi_get_link_stats handler
05-30 16:57:29.145 I/WifiHAL ( 527): Creating message to get link statistics; iface = 16
05-30 16:57:29.146 D/WifiHAL ( 527): error code -95 mapped to -3
05-30 16:57:29.146 E/WifiStaIfaceAidlImpl( 718): getLinkLayerStats failed with service-specific exception: android.os.ServiceSpecificException: (code 4)
05-30 16:57:29.607 D/nStackXCoAP( 2771): IsInSameNetwork:[276] :IsInSameNetwork exec
05-30 16:57:29.607 I/nStackXDFinder( 2771): GetLocalInterfaceDetail:[461] :GetLocalInterfaceDetail in
05-30 16:57:29.607 E/nStackXCoAP( 2771): IsInSameNetwork:[281] :IsInSameNetwork: not priority process
05-30 16:57:29.705 I/adbd ( 1840): host-12: read thread spawning
05-30 16:57:29.706 I/adbd ( 1840): host-12: write thread spawning
05-30 16:57:29.706 I/adbd ( 1840): authentication not required
05-30 16:57:30.462 D/SntpClient( 718): request time failed: java.net.SocketTimeoutException: Poll timed out
05-30 16:57:30.462 D/TrafficStats( 718): tagSocket(412) with statsTag=0xffffff41, statsUid=-1
05-30 16:57:30.468 I/rainbow_flow( 5396): type=1400 audit(0.0:2193): avc: denied { ioctl } for path="/dev/spidev1.0" dev="tmpfs" ino=534 ioctlcmd=0x6b00 scontext=u:r:init:s0 tcontext=u:object_r:device:s0 tclass=chr_file permissive=1
05-30 16:57:30.588 D/nStackXCoAP( 2771): IsInSameNetwork:[276] :IsInSameNetwork exec
05-30 16:57:30.588 I/nStackXDFinder( 2771): GetLocalInterfaceDetail:[461] :GetLocalInterfaceDetail in
05-30 16:57:30.588 E/nStackXCoAP( 2771): IsInSameNetwork:[281] :IsInSameNetwork: not priority process
05-30 16:57:30.645 I/efs.base( 2598): lt=event`ev_ct=efs_core`ev_ac=log_lag`tm=2025-05-30 16:57:64`dn=6aee369d-97d5-42b8-aaef-4ff281a087ea`ps=com.dangbei.screencast`um_os=android`stime=1748595189407`pid=2598`fr=android`pkg=com.dangbei.screencast`vcode=20830`dsp_w=1920`uid=6aee369d-97d5-42b8-aaef-4ff281a087ea`rom=14`wid=6aee369d-97d5-42b8-aaef-4ff281a087ea`um_app_carrier=`um_access=unknow`um_app_channel=os`um_crash_sdk_version=1.4.0`ctime=1748595450`model=dbbox-a3`lang=zh`net=wifi`brand=amlogic`dsp_h=1080`um_network_type=0`ver=v2.8.3`cnt=2`build_model=DBBOX-A3`w_tm=1748595450`appid=5fc60c21094d637f3130af19`um_umid_header=aid1f46722b5c1259e2d18ce903dbe35a6`sdk=34`tzone=Asia/Shanghai`sdk_ver=1.3.6.umeng
05-30 16:57:30.666 D/TrafficStats( 2598): tagSocket(155) with statsTag=0xffffffff, statsUid=-1
05-30 16:57:30.667 D/TrafficStats( 2598): tagSocket(157) with statsTag=0xffffffff, statsUid=-1
05-30 16:57:30.833 D/ActivityManager( 718): freezing 2359 com.android.statementservice
05-30 16:57:31.078 E/RCInfo ( 1892): vid:
05-30 16:57:31.078 E/RCInfo ( 1892): pid:
05-30 16:57:31.072 I/DefaultDispatch( 1892): type=1400 audit(0.0:2194): avc: denied { read } for name="devices" dev="proc" ino=4026531982 scontext=u:r:system_app:s0 tcontext=u:object_r:proc:s0 tclass=file permissive=1
05-30 16:57:31.080 E/RCInfo ( 1892): vid:
05-30 16:57:31.080 E/RCInfo ( 1892): pid:
05-30 16:57:31.072 I/DefaultDispatch( 1892): type=1400 audit(0.0:2195): avc: denied { open } for path="/proc/bus/input/devices" dev="proc" ino=4026531982 scontext=u:r:system_app:s0 tcontext=u:object_r:proc:s0 tclass=file permissive=1
05-30 16:57:31.072 I/DefaultDispatch( 1892): type=1400 audit(0.0:2196): avc: denied { getattr } for path="/proc/bus/input/devices" dev="proc" ino=4026531982 scontext=u:r:system_app:s0 tcontext=u:object_r:proc:s0 tclass=file permissive=1
05-30 16:57:31.259 I/efs.base( 2598): wa upload succ, HttpResponse {succ=true, code=200, data='暂不支持该服务', extra={req_url=https://errlog.umeng.com/api/crashsdk/logcollect}}
05-30 16:57:31.389 I/ResourceTimer( 718): GetResourceValue count=3619 pvalues=10000,29000,32000,100000
05-30 16:57:31.389 I/ResourceTimer( 718): RetrieveAttributes count=826 pvalues=4000,7000,13000,25000
05-30 16:57:31.433 I/WifiService( 718): releaseMulticastLock uid=10044
05-30 16:57:31.434 I/WifiService( 718): releaseMulticastLock uid=10044
05-30 16:57:31.428 I/gbei.screencast( 2598): type=1400 audit(0.0:2197): avc: denied { write } for name="property_service" dev="tmpfs" ino=411 scontext=u:r:untrusted_app_27:s0:c44,c256,c512,c768 tcontext=u:object_r:property_socket:s0 tclass=sock_file permissive=1 app=com.dangbei.screencast
05-30 16:57:31.428 I/gbei.screencast( 2598): type=1400 audit(0.0:2198): avc: denied { connectto } for path="/dev/socket/property_service" scontext=u:r:untrusted_app_27:s0:c44,c256,c512,c768 tcontext=u:r:init:s0 tclass=unix_stream_socket permissive=1 app=com.dangbei.screencast
05-30 16:57:31.442 D/WifiHAL ( 527): Setting APF program, halHandle = 0xed501fc0
05-30 16:57:31.442 I/WifiHAL ( 527): createRequest: APF set program request
05-30 16:57:31.442 D/WifiHAL ( 527): error code -95 mapped to -3
05-30 16:57:31.442 I/WifiHAL ( 527): Request Response failed for APF, result = -3
05-30 16:57:31.442 E/WifiStaIfaceAidlImpl( 718): installApfPacketFilter failed with service-specific exception: android.os.ServiceSpecificException: (code 4)
05-30 16:57:31.455 D/HiSight-SinkService( 2598): setDiscoverable true
05-30 16:57:31.455 D/HiSight-Discovery( 2598): set deviceInfo type:46
05-30 16:57:31.455 D/HiSight-Discovery( 2598): startAdvertise 3
05-30 16:57:31.455 D/HiSight-Discovery( 2598): stopAdvertise.
05-30 16:57:31.455 D/NearFieldManager( 2598): StopListen moduleId: CastPlusDiscoveryModule
05-30 16:57:31.456 D/NearFieldManagerImpl( 2771): stopListen: moduleId: CastPlusDiscoveryModule
05-30 16:57:31.456 D/NearFieldManagerImpl( 2771): registerCapability() called with: capabilityBitmapNum = 1, capabilityBitmap = [0]
05-30 16:57:31.456 I/HicomNf_java_to_c( 2771): registerCapability, capabilityBitmapNum: 1
05-30 16:57:31.456 I/HicomNfMainCtrlManager( 2771): RegisterCapability: 1, 0
05-30 16:57:31.456 D/NearFieldManagerImpl( 2771): Register capability succeed with capabilityBitmapNum = 1, capabilityBitmap = [0]
05-30 16:57:31.457 D/HiSight-Discovery( 2598): nearFieldStartListen deviceType 46
05-30 16:57:31.458 I/NearFieldManagerImpl( 2771): setDeviceInfo, sDeviceName changes
05-30 16:57:31.458 D/NearFieldManagerImpl( 2771): setServiceData, sServiceData=[32], serviceData=[32]
05-30 16:57:31.458 E/NearFieldManagerImpl( 2771): setServiceData, serviceData exists
05-30 16:57:31.458 E/NearFieldManager( 2598): setIdnNetworkPriority: networkPortPriority is empty
05-30 16:57:31.458 D/NearFieldManager( 2598): StartListen moduleId: CastPlusDiscoveryModule
05-30 16:57:31.458 D/NearFieldManagerImpl( 2771): startListen: moduleId: CastPlusDiscoveryModule
05-30 16:57:31.458 D/NearFieldUtils( 2771): getPreferredIpAddress exec
05-30 16:57:31.459 D/NearFieldUtils( 2771): getPreferredIpAddress by custom priority
05-30 16:57:31.459 D/NearFieldUtils( 2771): getIpByInterfaceSetting customIdnNetworkPriority:[]
05-30 16:57:31.459 D/NearFieldUtils( 2771): getPreferredIpAddress by default priority
05-30 16:57:31.467 D/NearFieldUtils( 2771): to get wlan0 ip address
05-30 16:57:31.467 D/NearFieldUtils( 2771): get wlan0 IP succeed.
05-30 16:57:31.467 D/NearFieldManagerImpl( 2771): sDeviceType: 46
05-30 16:57:31.467 D/NearFieldManagerImpl( 2771): registerDevice() is called.
05-30 16:57:31.468 I/HicomNfMainCtrlManager( 2771): NSTACKX_RegisterDevice is called
05-30 16:57:31.468 D/NearFieldManagerImpl( 2771): Register device success.
05-30 16:57:31.468 I/NearFieldManagerImpl( 2771): serviceName is castPlus
05-30 16:57:31.468 I/nStackXDFinder( 2771): UpdateLocalNetworkInterface:[472] :UpdateLocalNetworkInterface exec,initerfaceName:wlan0
05-30 16:57:31.468 E/nStackXDFinder( 2771): GetLocalIp:[401] :GetLocalIp exec
05-30 16:57:31.468 I/nStackXDFinder( 2771): UpdateLocalNetworkInterface:[498] :UpdateLocalNetworkInterface copy ip value in default process
05-30 16:57:31.468 E/nStackXDFinder( 2771): GetLocalIp:[401] :GetLocalIp exec
05-30 16:57:31.468 I/nStackXDFinder( 2771): UpdateLocalNetworkInterface:[505] :UpdateLocalNetworkInterface: ip not change
05-30 16:57:31.468 D/NearFieldManagerImpl( 2771): registerCapability() called with: capabilityBitmapNum = 1, capabilityBitmap = [8]
05-30 16:57:31.468 I/HicomNf_java_to_c( 2771): registerCapability, capabilityBitmapNum: 1
05-30 16:57:31.468 I/HicomNfMainCtrlManager( 2771): RegisterCapability: 1, 8
05-30 16:57:31.468 D/NearFieldManagerImpl( 2771): Register capability succeed with capabilityBitmapNum = 1, capabilityBitmap = [8]
05-30 16:57:31.468 D/NearFieldManagerImpl( 2771): registerServiceData() called with: serviceData = 32
05-30 16:57:31.468 I/nStackXDFinder( 2771): RegisterServiceData:[728] :RegisterServiceData, serviceData=[32]
05-30 16:57:31.468 D/NearFieldManagerImpl( 2771): registerModule() called with: packageModuleName = com.huawei.connection+CastPlusDiscoveryModule
05-30 16:57:31.468 D/NearFieldManagerImpl( 2771): registerModule, registered before
05-30 16:57:31.468 I/HicomNf_java_to_c( 2771): registerModule, moduleName: com.huawei.connection+CastPlusDiscoveryModule
05-30 16:57:31.468 I/HicomNfMainCtrlManager( 2771): Enter RegisterModule
05-30 16:57:31.468 I/HicomNfRegManager( 2771): RegisterModule OK, already registered com.huawei.connection+CastPlusDiscoveryModule
05-30 16:57:31.469 D/HiSight-Discovery( 2598): startAdvertise 3
05-30 16:57:31.469 D/HiSight-Discovery( 2598): stopAdvertise.
05-30 16:57:31.469 D/NearFieldManager( 2598): StopListen moduleId: CastPlusDiscoveryModule
05-30 16:57:31.469 D/NearFieldManagerImpl( 2771): stopListen: moduleId: CastPlusDiscoveryModule
05-30 16:57:31.469 D/NearFieldManagerImpl( 2771): registerCapability() called with: capabilityBitmapNum = 1, capabilityBitmap = [0]
05-30 16:57:31.469 I/HicomNf_java_to_c( 2771): registerCapability, capabilityBitmapNum: 1
05-30 16:57:31.469 I/HicomNfMainCtrlManager( 2771): RegisterCapability: 1, 0
05-30 16:57:31.469 D/NearFieldManagerImpl( 2771): Register capability succeed with capabilityBitmapNum = 1, capabilityBitmap = [0]
05-30 16:57:31.469 D/HiSight-Discovery( 2598): nearFieldStartListen deviceType 46
05-30 16:57:31.470 D/NearFieldManagerImpl( 2771): setServiceData, sServiceData=[32], serviceData=[32]
05-30 16:57:31.470 E/NearFieldManagerImpl( 2771): setServiceData, serviceData exists
05-30 16:57:31.470 E/NearFieldManager( 2598): setIdnNetworkPriority: networkPortPriority is empty
05-30 16:57:31.470 D/NearFieldManager( 2598): StartListen moduleId: CastPlusDiscoveryModule
05-30 16:57:31.470 D/NearFieldManagerImpl( 2771): startListen: moduleId: CastPlusDiscoveryModule
05-30 16:57:31.470 D/NearFieldUtils( 2771): getPreferredIpAddress exec
05-30 16:57:31.470 D/NearFieldUtils( 2771): getPreferredIpAddress by custom priority
05-30 16:57:31.470 D/NearFieldUtils( 2771): getIpByInterfaceSetting customIdnNetworkPriority:[]
05-30 16:57:31.470 D/NearFieldUtils( 2771): getPreferredIpAddress by default priority
05-30 16:57:31.479 D/NearFieldUtils( 2771): to get wlan0 ip address
05-30 16:57:31.479 D/NearFieldUtils( 2771): get wlan0 IP succeed.
05-30 16:57:31.479 D/NearFieldManagerImpl( 2771): sDeviceType: 46
05-30 16:57:31.479 D/NearFieldManagerImpl( 2771): registerDevice() is called.
05-30 16:57:31.479 I/HicomNfMainCtrlManager( 2771): NSTACKX_RegisterDevice is called
05-30 16:57:31.479 D/NearFieldManagerImpl( 2771): Register device success.
05-30 16:57:31.479 I/NearFieldManagerImpl( 2771): serviceName is castPlus
05-30 16:57:31.479 I/nStackXDFinder( 2771): UpdateLocalNetworkInterface:[472] :UpdateLocalNetworkInterface exec,initerfaceName:wlan0
05-30 16:57:31.479 D/NearFieldManagerImpl( 2771): registerCapability() called with: capabilityBitmapNum = 1, capabilityBitmap = [8]
05-30 16:57:31.479 I/HicomNf_java_to_c( 2771): registerCapability, capabilityBitmapNum: 1
05-30 16:57:31.479 E/nStackXDFinder( 2771): GetLocalIp:[401] :GetLocalIp exec
05-30 16:57:31.479 I/nStackXDFinder( 2771): UpdateLocalNetworkInterface:[498] :UpdateLocalNetworkInterface copy ip value in default process
05-30 16:57:31.479 E/nStackXDFinder( 2771): GetLocalIp:[401] :GetLocalIp exec
05-30 16:57:31.480 I/nStackXDFinder( 2771): UpdateLocalNetworkInterface:[505] :UpdateLocalNetworkInterface: ip not change
05-30 16:57:31.480 I/HicomNfMainCtrlManager( 2771): RegisterCapability: 1, 8
05-30 16:57:31.480 D/NearFieldManagerImpl( 2771): Register capability succeed with capabilityBitmapNum = 1, capabilityBitmap = [8]
05-30 16:57:31.480 D/NearFieldManagerImpl( 2771): registerServiceData() called with: serviceData = 32
05-30 16:57:31.480 I/nStackXDFinder( 2771): RegisterServiceData:[728] :RegisterServiceData, serviceData=[32]
05-30 16:57:31.480 D/NearFieldManagerImpl( 2771): registerModule() called with: packageModuleName = com.huawei.connection+CastPlusDiscoveryModule
05-30 16:57:31.480 D/NearFieldManagerImpl( 2771): registerModule, registered before
05-30 16:57:31.480 I/HicomNf_java_to_c( 2771): registerModule, moduleName: com.huawei.connection+CastPlusDiscoveryModule
05-30 16:57:31.480 I/HicomNfMainCtrlManager( 2771): Enter RegisterModule
05-30 16:57:31.480 I/HicomNfRegManager( 2771): RegisterModule OK, already registered com.huawei.connection+CastPlusDiscoveryModule
05-30 16:57:31.586 I/efs.base( 2598): wa upload succ, HttpResponse {succ=true, code=200, data='暂不支持该服务', extra={req_url=https://errlog.umeng.com/api/crashsdk/logcollect}}
05-30 16:57:31.698 D/OomAdjuster( 718): Not killing cached processes
05-30 16:57:31.699 W/ProcessStats( 718): Tracking association SourceState{5770923 system/1000 ImpFg #535} whose proc state 5 is better than process ProcessState{a7131d8 com.android.permissioncontroller/10074 pkg=com.android.permissioncontroller} proc state 15 (0 skipped)
05-30 16:57:32.150 I/WifiHAL ( 527): call wifi_get_link_stats handler
05-30 16:57:32.150 I/WifiHAL ( 527): Creating message to get link statistics; iface = 16
05-30 16:57:32.151 D/WifiHAL ( 527): error code -95 mapped to -3
05-30 16:57:32.151 E/WifiStaIfaceAidlImpl( 718): getLinkLayerStats failed with service-specific exception: android.os.ServiceSpecificException: (code 4)
05-30 16:57:32.449 E/raop ( 2598): JavaCallback init
05-30 16:57:32.949 D/TrafficStats( 2598): tagSocket(149) with statsTag=0xffffffff, statsUid=-1
05-30 16:57:33.001 D/ActivityManager( 718): freezing 2414 com.android.webview:webview_service
05-30 16:57:34.451 D/TrafficStats( 2598): tagSocket(155) with statsTag=0xffffffff, statsUid=-1
05-30 16:57:34.453 I/serviceDiscovery( 718): [MdnsAdvertiser] Adding service name: 当贝投屏Z9, type: _airplay._tcp, hostAddresses: , port: 35207, network: null, txtRecord: srcvers=220.68features=0x527FFFF7,0x1E'pi=2e388006-13ba-4041-9a67-25dd4a43d536Cpk=b07727d6f6cd6e08b58ede525ec3cdeaa252ad9f683feb212ef8a205246554e7vv=2 flags=0x4model=AppleTV2,1deviceid=1c:79:2d:20:62:b5 with ID 6 and subtype null
05-30 16:57:34.464 I/serviceDiscovery( 718): [MdnsAdvertiser] Adding service name: 1c792d2062b5@当贝投屏Z9, type: _raop._tcp, hostAddresses: , port: 44861, network: null, txtRecord: txtvers=1 am=AppleTV2,1ch=2
05-30 16:57:34.464 I/serviceDiscovery( 718): cn=0,1,2,3da=trueet=0,3,5ft=0x527FFFF7,0x1Emd=0,1,2Cpk=b07727d6f6cd6e08b58ede525ec3cdeaa252ad9f683feb212ef8a205246554e7pw=falsesf=0x4sr=44100ss=16sv=falsetp=UDPvn=65537 vs=220.68vv=2 rhd=5.6.0.0 with ID 7 and subtype null
05-30 16:57:34.465 D/TrafficStats( 2598): tagSocket(202) with statsTag=0xffffffff, statsUid=-1
05-30 16:57:34.952 I/serviceDiscovery( 718): [MdnsAdvertiser] Adding service name: 当贝投屏Z9, type: _db_cast_screen._tcp, hostAddresses: , port: 46617, network: null, txtRecord: au=1cV=20830mV=100h265=1maxR=4096-4096model=DBBOX-A3deviceid=1c:79:2d:20:62:b5 with ID 8 and subtype null
05-30 16:57:34.953 E/MdnsAdvertiser( 718): Name conflict adding services that should have unique names
05-30 16:57:34.953 E/MdnsAdvertiser( 718): android.net.connectivity.com.android.server.connectivity.mdns.NameConflictException
05-30 16:57:34.953 E/MdnsAdvertiser( 718): at android.net.connectivity.com.android.server.connectivity.mdns.MdnsRecordRepository.addService(MdnsRecordRepository.java:314)
05-30 16:57:34.953 E/MdnsAdvertiser( 718): at android.net.connectivity.com.android.server.connectivity.mdns.MdnsInterfaceAdvertiser.addService(MdnsInterfaceAdvertiser.java:217)
05-30 16:57:34.953 E/MdnsAdvertiser( 718): at android.net.connectivity.com.android.server.connectivity.mdns.MdnsAdvertiser$InterfaceAdvertiserRequest.addService(MdnsAdvertiser.java:273)
05-30 16:57:34.953 E/MdnsAdvertiser( 718): at android.net.connectivity.com.android.server.connectivity.mdns.MdnsAdvertiser.addService(MdnsAdvertiser.java:488)
05-30 16:57:34.953 E/MdnsAdvertiser( 718): at android.net.connectivity.com.android.server.NsdService$NsdStateMachine$EnabledState.processMessage(NsdService.java:730)
05-30 16:57:34.953 E/MdnsAdvertiser( 718): at android.net.connectivity.com.android.internal.util.StateMachine$SmHandler.processMsg(StateMachine.java:993)
05-30 16:57:34.953 E/MdnsAdvertiser( 718): at android.net.connectivity.com.android.internal.util.StateMachine$SmHandler.handleMessage(StateMachine.java:810)
05-30 16:57:34.953 E/MdnsAdvertiser( 718): at android.os.Handler.dispatchMessage(Handler.java:106)
05-30 16:57:34.953 E/MdnsAdvertiser( 718): at android.os.Looper.loopOnce(Looper.java:205)
05-30 16:57:34.953 E/MdnsAdvertiser( 718): at android.os.Looper.loop(Looper.java:294)
05-30 16:57:34.953 E/MdnsAdvertiser( 718): at android.os.HandlerThread.run(HandlerThread.java:67)
05-30 16:57:35.157 I/WifiHAL ( 527): call wifi_get_link_stats handler
05-30 16:57:35.157 I/WifiHAL ( 527): Creating message to get link statistics; iface = 16
05-30 16:57:35.157 D/WifiHAL ( 527): error code -95 mapped to -3
05-30 16:57:35.158 E/WifiStaIfaceAidlImpl( 718): getLinkLayerStats failed with service-specific exception: android.os.ServiceSpecificException: (code 4)
05-30 16:57:35.280 I/serviceDiscovery( 718): [MdnsAdvertiser.wlan0] Probing finished for service 7
05-30 16:57:35.395 I/serviceDiscovery( 718): [MdnsAdvertiser.wlan0] Probing finished for service 6
05-30 16:57:35.449 I/UpnpServiceImpl( 2598): >>> Starting UPnP service...
05-30 16:57:35.450 I/UpnpServiceImpl( 2598): Using configuration: org.fourthline.cling.android.AndroidUpnpServiceConfiguration
05-30 16:57:35.450 I/Router ( 2598): Creating Router: org.fourthline.cling.android.AndroidRouter
05-30 16:57:35.453 W/Router ( 2598): enable lock:org.fourthline.cling.android.AndroidRouter@75be120_java.util.concurrent.locks.ReentrantReadWriteLock$WriteLock@f76cad9[Unlocked]
05-30 16:57:35.459 W/tworkAddressFactoryImpl( 2598): Network interface may not be multicast capable: dummy0
05-30 16:57:35.461 I/MulticastReceiver( 2598): Creating wildcard socket (for receiving multicast datagrams) on port: 1900
05-30 16:57:35.462 D/TrafficStats( 2598): tagSocket(203) with statsTag=0xffffffff, statsUid=-1
05-30 16:57:35.462 I/MulticastReceiver( 2598): Joining multicast group: /239.255.255.250:1900 on network interface: wlan0
05-30 16:57:35.467 D/SntpClient( 718): request time failed: java.net.SocketTimeoutException: Poll timed out
05-30 16:57:35.468 D/TrafficStats( 718): tagSocket(412) with statsTag=0xffffff41, statsUid=-1
05-30 16:57:35.474 E/accept ( 2598): Adding connector try: 192.168.3.222/192.168.3.222:0
05-30 16:57:35.482 D/TrafficStats( 2598): tagSocket(204) with statsTag=0xffffffff, statsUid=-1
05-30 16:57:35.482 E/accept ( 2598): Adding connector result: 192.168.3.222/192.168.3.222:38865
05-30 16:57:35.566 I/JettyServletContainer( 2598): Registering UPnP servlet under context path: /upnp
05-30 16:57:35.570 I/DatagramIO( 2598): Creating bound socket (for datagram input/output) on: 192.168.3.222/192.168.3.222
05-30 16:57:35.570 D/TrafficStats( 2598): tagSocket(205) with statsTag=0xffffffff, statsUid=-1
05-30 16:57:35.571 E/JettyServletContainer( 2598): gogogo
05-30 16:57:35.571 I/JettyServletContainer( 2598): Starting Jetty server...
05-30 16:57:35.572 W/System.err( 2598): 2025-05-30 16:57:35.572:INFO:lcaf.p:jetty-8.y.z-SNAPSHOT
05-30 16:57:35.575 I/Router ( 2598): WiFi multicast lock acquired
05-30 16:57:35.575 I/WifiService( 718): acquireMulticastLock uid=10044
05-30 16:57:35.576 I/Router ( 2598): WiFi lock acquired
05-30 16:57:35.577 I/WifiService( 718): acquireWifiLock uid=10044 lockMode=3
05-30 16:57:35.578 W/Router ( 2598): enable unlock:org.fourthline.cling.android.AndroidRouter@75be120
05-30 16:57:35.579 I/UpnpServiceImpl( 2598): <<< UPnP service started successfully
05-30 16:57:35.580 D/WifiHAL ( 527): Setting APF program, halHandle = 0xed501fc0
05-30 16:57:35.580 I/WifiHAL ( 527): createRequest: APF set program request
05-30 16:57:35.580 D/WifiHAL ( 527): error code -95 mapped to -3
05-30 16:57:35.580 I/WifiHAL ( 527): Request Response failed for APF, result = -3
05-30 16:57:35.581 E/WifiStaIfaceAidlImpl( 718): installApfPacketFilter failed with service-specific exception: android.os.ServiceSpecificException: (code 4)
05-30 16:57:35.606 W/System.err( 2598): 2025-05-30 16:57:35.606:INFO:lcaf.a:Started @192.168.3.222:38865
05-30 16:57:36.862 D/OomAdjuster( 718): Not killing cached processes
05-30 16:57:38.164 I/WifiHAL ( 527): call wifi_get_link_stats handler
05-30 16:57:38.164 I/WifiHAL ( 527): Creating message to get link statistics; iface = 16
05-30 16:57:38.164 D/WifiHAL ( 527): error code -95 mapped to -3
05-30 16:57:38.164 E/WifiStaIfaceAidlImpl( 718): getLinkLayerStats failed with service-specific exception: android.os.ServiceSpecificException: (code 4)
05-30 16:57:38.522 D/TrafficStats( 2598): tagSocket(208) with statsTag=0xffffffff, statsUid=-1
05-30 16:57:38.671 D/TrafficStats( 2598): tagSocket(209) with statsTag=0xffffffff, statsUid=-1
