--------- beginning of system
05-30 16:52:18.556 I/vold ( 247): Vold 3.0 (the awakening) firing up
05-30 16:52:18.556 D/vold ( 247): Detected support for: ext4 f2fs vfat
05-30 16:52:18.576 D/vold ( 247): VoldNativeService::start() completed OK
05-30 16:52:19.319 I/vold ( 247): Using AIDL version of IBootControl
05-30 16:52:19.334 I/keystore2( 282): system/security/keystore2/src/keystore2_main.rs:61 - Keystore2 is starting.
05-30 16:52:19.334 I/keystore2( 282): system/security/keystore2/src/keystore2_main.rs:67 - Setting up sqlite logging for keystore2
05-30 16:52:19.338 W/keystore2( 282): system/security/keystore2/src/metrics_store.rs:577 - In update_keystore_crash_sysprop: Failed to read the existing system property due to: system/security/keystore2/src/metrics_store.rs:608: Property not set..Therefore, keystore crashes will not be logged.
05-30 16:52:19.343 I/keystore2( 282): system/security/keystore2/src/keystore2_main.rs:97 - Starting thread pool now.
05-30 16:52:19.352 I/keystore2( 282): system/security/keystore2/src/globals.rs:256 - KeyMint device is current version (Some(300)) for security level: r#TRUSTED_ENVIRONMENT
05-30 16:52:19.387 I/keystore2( 282): system/security/keystore2/src/keystore2_main.rs:152 - Successfully registered Keystore 2.0 service.
05-30 16:52:19.387 I/keystore2( 282): system/security/keystore2/src/keystore2_main.rs:154 - Joining thread pool now.
05-30 16:52:19.388 I/keystore2( 282): system/security/keystore2/src/shared_secret_negotiation.rs:47 - Shared secret negotiation concluded successfully.
05-30 16:52:19.392 I/keystore2( 282): system/security/keystore2/src/shared_secret_negotiation.rs:294 - No StrongBox Keymint available, so no RoT transfer
05-30 16:52:19.636 D/vold ( 247): fscrypt_mount_metadata_encrypted: /data encrypt: 1 format: 0 with f2fs block device: /dev/block/by-name/userdata and zoned device:
05-30 16:52:19.636 D/vold ( 247): metadata_key_dir/key: /metadata/vold/metadata_encryption/key
05-30 16:52:19.638 D/vold ( 247): Created directory /metadata/vold/metadata_encryption
05-30 16:52:19.638 D/vold ( 247): Metadata key does not exist but ro.crypto.metadata_init_delete_all_keys.enabled is false
05-30 16:52:19.638 I/vold ( 247): Creating new key in /metadata/vold/metadata_encryption/key
05-30 16:52:19.638 D/vold ( 247): Generating standard storage key
05-30 16:52:19.642 D/vold ( 247): Generating "key storage" key
05-30 16:52:19.644 E/keystore2( 282): system/security/keystore2/src/error.rs:180 - system/security/keystore2/src/security_level.rs:622
05-30 16:52:19.644 E/keystore2( 282):
05-30 16:52:19.644 E/keystore2( 282): Caused by:
05-30 16:52:19.644 E/keystore2( 282): 0: system/security/keystore2/src/security_level.rs:620: While generating Key without explicit attestation key.
05-30 16:52:19.644 E/keystore2( 282): 1: Error::Km(r#ROLLBACK_RESISTANCE_UNAVAILABLE)
05-30 16:52:19.644 E/vold ( 247): keystore2 Keystore generateKey returned service specific error: -67
05-30 16:52:19.645 W/vold ( 247): Failed to generate rollback-resistant key. This is expected if keystore doesn't support rollback resistance. Falling back to non-rollback-resistant key.
05-30 16:52:19.652 D/vold ( 247): Stored key /metadata/vold/metadata_encryption/key
05-30 16:52:19.656 D/vold ( 247): encrypt_inplace(/dev/block/dm-50, /dev/block/by-name/userdata, 114014208)
05-30 16:52:19.667 I/vold ( 247): Encrypting f2fs filesystem on /dev/block/by-name/userdata in-place via /dev/block/dm-50
05-30 16:52:19.667 I/vold ( 247): 91147 blocks (373 MB) of 14251776 blocks are in-use
05-30 16:52:19.811 D/vold ( 247): Encrypted 10000 of 91147 blocks
05-30 16:52:19.957 D/vold ( 247): Encrypted 20000 of 91147 blocks
05-30 16:52:20.103 D/vold ( 247): Encrypted 30000 of 91147 blocks
05-30 16:52:20.248 D/vold ( 247): Encrypted 40000 of 91147 blocks
05-30 16:52:20.393 D/vold ( 247): Encrypted 50000 of 91147 blocks
05-30 16:52:20.539 D/vold ( 247): Encrypted 60000 of 91147 blocks
05-30 16:52:20.687 D/vold ( 247): Encrypted 70000 of 91147 blocks
05-30 16:52:20.837 D/vold ( 247): Encrypted 80000 of 91147 blocks
05-30 16:52:21.236 D/vold ( 247): Encrypted 90000 of 91147 blocks
05-30 16:52:22.646 D/vold ( 247): Encrypted 91147 of 91147 blocks
05-30 16:52:22.646 I/vold ( 247): Successfully encrypted f2fs filesystem on /dev/block/by-name/userdata
05-30 16:52:22.787 D/vold ( 247): Mounting metadata-encrypted filesystem:/data
05-30 16:52:22.793 I/vold ( 247): [libfs_mgr] Running /system/bin/fsck.f2fs -a -c 10000 --debug-cache /dev/block/dm-50
05-30 16:52:23.034 I/vold ( 247): [libfs_mgr] __mount(source=/dev/block/dm-50,target=/data,type=f2fs)=0: Success
05-30 16:52:23.036 D/vold ( 247): Mounted /data
05-30 16:52:23.098 I/Checkpoint( 247): cp_prepareCheckpoint called
05-30 16:52:23.121 I/vold ( 247): fscrypt_initialize_systemwide_keys
05-30 16:52:23.121 I/vold ( 247): Creating new key in /data/unencrypted/key
05-30 16:52:23.121 D/vold ( 247): Generating standard storage key
05-30 16:52:23.125 D/vold ( 247): Generating "key storage" key
05-30 16:52:23.126 E/keystore2( 282): system/security/keystore2/src/error.rs:180 - system/security/keystore2/src/security_level.rs:622
05-30 16:52:23.126 E/keystore2( 282):
05-30 16:52:23.126 E/keystore2( 282): Caused by:
05-30 16:52:23.126 E/keystore2( 282): 0: system/security/keystore2/src/security_level.rs:620: While generating Key without explicit attestation key.
05-30 16:52:23.126 E/keystore2( 282): 1: Error::Km(r#ROLLBACK_RESISTANCE_UNAVAILABLE)
05-30 16:52:23.126 E/vold ( 247): keystore2 Keystore generateKey returned service specific error: -67
05-30 16:52:23.126 W/vold ( 247): Failed to generate rollback-resistant key. This is expected if keystore doesn't support rollback resistance. Falling back to non-rollback-resistant key.
05-30 16:52:23.134 D/vold ( 247): Stored key /data/unencrypted/key
05-30 16:52:23.134 D/vold ( 247): Installed fscrypt key with ref bfa2742705aa23e60a76c12cde3ca26a to /data
05-30 16:52:23.135 D/vold ( 247): Added fscrypt-provisioning key for bfa2742705aa23e60a76c12cde3ca26a to session keyring
05-30 16:52:23.135 I/vold ( 247): Wrote system DE key reference to:/data/unencrypted/ref
05-30 16:52:23.136 D/vold ( 247): Generating standard storage key
05-30 16:52:23.136 D/vold ( 247): Installed fscrypt key with ref 34d8966b26c27aa02901d411de4090fb to /data
05-30 16:52:23.136 D/vold ( 247): Added fscrypt-provisioning key for 34d8966b26c27aa02901d411de4090fb to session keyring
05-30 16:52:23.136 I/vold ( 247): Wrote per boot key reference to:/data/unencrypted/per_boot_ref
05-30 16:52:23.175 I/incfs ( 247): Initial API level of the device: 34
05-30 16:52:23.175 I/incfs ( 247): ro.incremental.enable: yes
05-30 16:52:23.175 I/incfs ( 247): isFsAvailable: true
05-30 16:52:23.175 I/incfs ( 247): isFsAvailable: true
05-30 16:52:23.176 I/incfs ( 247): IncFs_Features: v2
05-30 16:52:23.177 I/keystore2( 282): system/security/keystore2/src/maintenance.rs:206 - In early_boot_ended.
05-30 16:52:23.196 I/keystore2( 282): system/security/keystore2/src/globals.rs:66 - Touching Keystore 2.0 database for this first time since boot.
05-30 16:52:23.196 I/keystore2( 282): system/security/keystore2/src/globals.rs:68 - Calling cleanup leftovers.
05-30 16:52:23.197 I/keystore2( 282): system/security/keystore2/src/boot_level_keys.rs:57 - ro.keystore.boot_level_key.strategy not set, inferring from installed KM instances
05-30 16:52:23.197 I/keystore2( 282): system/security/keystore2/src/boot_level_keys.rs:115 - In get_level_zero_key: security_level=r#SOFTWARE, deny_later_strategy=EarlyBootOnly
05-30 16:52:23.197 E/keystore2( 282): system/security/keystore2/src/keystore2_main.rs:69 - [SQLITE3] 17: statement aborts at 28: [CREATE TABLE IF NOT EXISTS persistent.version (
05-30 16:52:23.197 E/keystore2( 282): id INTEGER PRIMARY KEY,
05-30 16:52:23.197 E/keystore2( 282): version INTEGER);] database schema has changed
05-30 16:52:23.205 I/keystore2( 282): system/security/keystore2/src/super_key.rs:293 - Starting boot level watcher.
05-30 16:52:23.205 I/keystore2( 282): system/security/keystore2/src/super_key.rs:325 - Read keystore.boot_level value 30
05-30 16:52:23.205 I/keystore2( 282): system/security/keystore2/src/maintenance.rs:187 - Call to earlyBootEnded succeeded for security level TRUSTED_ENVIRONMENT.
05-30 16:52:23.206 I/keystore2( 282): system/security/keystore2/src/super_key.rs:325 - Read keystore.boot_level value 30
05-30 16:52:23.207 E/keystore2( 282): system/security/keystore2/src/maintenance.rs:192 - Call to earlyBootEnded failed for security level STRONGBOX: system/security/keystore2/src/maintenance.rs:167: getting keymint device.
05-30 16:52:23.207 E/keystore2( 282): system/security/keystore2/src/error.rs:180 - system/security/keystore2/src/maintenance.rs:167: getting keymint device
05-30 16:52:23.207 E/keystore2( 282):
05-30 16:52:23.207 E/keystore2( 282): Caused by:
05-30 16:52:23.207 E/keystore2( 282): 0: system/security/keystore2/src/globals.rs:335: Cannot connect to Keymint
05-30 16:52:23.207 E/keystore2( 282): 1: system/security/keystore2/src/globals.rs:246: Trying to get Legacy wrapper.
05-30 16:52:23.207 E/keystore2( 282): 2: Error::Km(r#HARDWARE_TYPE_UNAVAILABLE)
05-30 16:52:23.207 E/vold ( 247): keystore2 Keystore earlyBootEnded returned service specific error: -68
05-30 16:52:23.896 V/BootAnimation( 251): Surface size has been limited to [1920x1080] from [3840x2160]
05-30 16:52:24.012 V/BootAnimation( 251): Surface size has been limited to [1920x1080] from [3840x2160]
05-30 16:52:24.012 D/BootAnimation( 251): resizeSurface BLASTBufferQueue to 1920 1080.
05-30 16:52:24.115 D/BootAnimation( 251): BootAnimation::threadLoop
05-30 16:52:24.118 D/BootAnimation( 251): bootVideoProp=50, mConfig=0, mVol=50, mMute=0
05-30 16:52:24.144 D/BootAnimation( 251): BootAnimationShownTiming start time: 10256ms
05-30 16:52:26.901 D/vold ( 247): fscrypt_init_user0
05-30 16:52:26.901 D/vold ( 247): Preparing: /data/misc/vold/user_keys
05-30 16:52:26.906 D/vold ( 247): Preparing: /data/misc/vold/user_keys/ce
05-30 16:52:26.907 D/vold ( 247): Preparing: /data/misc/vold/user_keys/de
05-30 16:52:26.908 D/vold ( 247): Generating standard storage key
05-30 16:52:26.917 D/vold ( 247): Generating "key storage" key
05-30 16:52:26.918 E/keystore2( 282): system/security/keystore2/src/error.rs:180 - system/security/keystore2/src/security_level.rs:622
05-30 16:52:26.918 E/keystore2( 282):
05-30 16:52:26.918 E/keystore2( 282): Caused by:
05-30 16:52:26.918 E/keystore2( 282): 0: system/security/keystore2/src/security_level.rs:620: While generating Key without explicit attestation key.
05-30 16:52:26.918 E/keystore2( 282): 1: Error::Km(r#ROLLBACK_RESISTANCE_UNAVAILABLE)
05-30 16:52:26.918 E/vold ( 247): keystore2 Keystore generateKey returned service specific error: -67
05-30 16:52:26.918 W/vold ( 247): Failed to generate rollback-resistant key. This is expected if keystore doesn't support rollback resistance. Falling back to non-rollback-resistant key.
05-30 16:52:26.926 D/vold ( 247): Stored key /data/misc/vold/user_keys/de/0
05-30 16:52:26.926 D/vold ( 247): Installed fscrypt key with ref f50089b97ceef05a5e4ec6acbda40857 to /data
05-30 16:52:26.926 D/vold ( 247): Added fscrypt-provisioning key for f50089b97ceef05a5e4ec6acbda40857 to session keyring
05-30 16:52:26.926 I/vold ( 247): Created DE key for user 0
05-30 16:52:26.926 D/vold ( 247): Generating standard storage key
05-30 16:52:26.926 D/vold ( 247): Preparing: /data/misc/vold/user_keys/ce/0
05-30 16:52:26.927 D/vold ( 247): Installed fscrypt key with ref a987440f910473dfbc3c3421947928d5 to /data
05-30 16:52:26.927 D/vold ( 247): Added fscrypt-provisioning key for a987440f910473dfbc3c3421947928d5 to session keyring
05-30 16:52:26.927 I/vold ( 247): Created CE key for user 0
05-30 16:52:26.930 D/vold ( 247): Installed fscrypt key with ref f50089b97ceef05a5e4ec6acbda40857 to /data
05-30 16:52:26.930 D/vold ( 247): Added fscrypt-provisioning key for f50089b97ceef05a5e4ec6acbda40857 to session keyring
05-30 16:52:26.930 D/vold ( 247): Installed de key for user 0
05-30 16:52:26.930 D/vold ( 247): Preparing: /data/data
05-30 16:52:26.931 I/vold ( 247): Encryption policy of /data/data set to a987440f910473dfbc3c3421947928d5 v2 modes 1/4 flags 0xa
05-30 16:52:26.931 D/vold ( 247): Preparing: /data/user/0
05-30 16:52:26.932 D/vold ( 247): Preparing: /data/media/obb
05-30 16:52:26.933 I/vold ( 247): Encryption policy of /data/media/obb set to bfa2742705aa23e60a76c12cde3ca26a v2 modes 1/4 flags 0xa
05-30 16:52:26.933 D/vold ( 247): fscrypt_prepare_user_storage for volume null, user 0, serial 0, flags 1
05-30 16:52:26.933 D/vold ( 247): Preparing: /data/system/users/0
05-30 16:52:26.934 D/vold ( 247): Preparing: /data/misc/profiles/cur/0
05-30 16:52:26.934 D/vold ( 247): Preparing: /data/system_de/0
05-30 16:52:26.935 I/vold ( 247): Encryption policy of /data/system_de/0 set to f50089b97ceef05a5e4ec6acbda40857 v2 modes 1/4 flags 0xa
05-30 16:52:26.935 D/vold ( 247): Preparing: /data/vendor_de/0
05-30 16:52:26.936 I/vold ( 247): Encryption policy of /data/vendor_de/0 set to f50089b97ceef05a5e4ec6acbda40857 v2 modes 1/4 flags 0xa
05-30 16:52:26.936 D/vold ( 247): Preparing: /data/misc_de/0
05-30 16:52:26.937 I/vold ( 247): Encryption policy of /data/misc_de/0 set to f50089b97ceef05a5e4ec6acbda40857 v2 modes 1/4 flags 0xa
05-30 16:52:26.937 D/vold ( 247): Preparing: /data/user_de/0
05-30 16:52:26.937 I/vold ( 247): Encryption policy of /data/user_de/0 set to f50089b97ceef05a5e4ec6acbda40857 v2 modes 1/4 flags 0xa
05-30 16:52:26.937 D/vold ( 247): /system/bin/vold_prepare_subdirs
05-30 16:52:26.937 D/vold ( 247): prepare
05-30 16:52:26.937 D/vold ( 247):
05-30 16:52:26.937 D/vold ( 247): 0
05-30 16:52:26.937 D/vold ( 247): 1
05-30 16:52:26.990 D/vold ( 247): Detected support for FS_IOC_ADD_ENCRYPTION_KEY
05-30 16:52:26.991 D/vold ( 247): Installing fscrypt-provisioning key for a987440f910473dfbc3c3421947928d5 back into /data fs-keyring
05-30 16:52:27.510 I/odsign ( 472): Trying to retrieve existing HMAC key...
05-30 16:52:27.511 I/odsign ( 472): Existing HMAC key not found or invalid, creating new key
05-30 16:52:27.525 I/odsign ( 472): Trying to retrieve existing keystore key...
05-30 16:52:27.526 I/odsign ( 472): Failed to find keystore key...
05-30 16:52:27.526 I/odsign ( 472): Existing keystore key not found or invalid, creating new key
05-30 16:52:28.027 I/odsign ( 472): Initialized Keystore key.
05-30 16:52:28.028 W/odsign ( 472): Key certificate not found: /data/misc/odsign/key.cert: No such file or directory
05-30 16:52:28.171 I/odrefresh( 473): ART APEX version 340090000
05-30 16:52:28.173 I/odrefresh( 473): No prior cache-info file: '/data/misc/apexdata/com.android.art/dalvik-cache/cache-info.xml'
05-30 16:52:28.175 I/odrefresh( 473): Boot images on /system OK (arm)
05-30 16:52:28.181 I/odrefresh( 473): system_server artifacts on /system OK
05-30 16:52:28.185 I/odsign ( 472): /data/misc/odsign/odsign.info not found.
05-30 16:52:28.222 I/odrefresh( 474): ART APEX version 340090000
05-30 16:52:28.222 I/odrefresh( 474): No prior cache-info file: '/data/misc/apexdata/com.android.art/dalvik-cache/cache-info.xml'
05-30 16:52:28.223 I/odrefresh( 474): Boot images on /system OK (arm)
05-30 16:52:28.223 I/odrefresh( 474): system_server artifacts on /system OK
05-30 16:52:28.354 I/odsign ( 472): odrefresh compiled all artifacts, returned 80
05-30 16:52:28.354 I/odsign ( 472): Adding "/data/misc/apexdata/com.android.art/dalvik-cache/cache-info.xml" to fs-verity...
05-30 16:52:28.369 I/odsign ( 472): On-device signing done.
05-30 16:52:28.391 I/keystore2( 282): system/security/keystore2/src/super_key.rs:330 - keystore.boot_level 1000000000 hits maximum 1000000000, finishing.
05-30 16:52:29.567 I/android.hardware.wifi-service.droidlogic( 527): Wifi Hal is booting up...
05-30 16:52:29.576 I/android.hardware.wifi-service.droidlogic( 527): Joining RPC thread pool
05-30 16:52:29.804 I/gsid ( 578): no DSU: No such file or directory
05-30 16:52:30.213 I/installd( 633): installd firing up
05-30 16:52:30.214 D/installd( 633): Assuming that device has multi-user storage layout; upgrade no longer supported
05-30 16:52:30.214 D/installd( 633): Upgrading to /data/misc/user directories
05-30 16:52:30.274 I/wificond( 640): wificond is starting up...
05-30 16:52:30.284 E/HidlServiceManagement( 640): Service android.system.wifi.keystore@1.0::IKeystore/default must be in VINTF manifest in order to register/get.
05-30 16:52:30.285 I/wificond( 640): Did not register wifi keystore HIDL HAL service: -2147483648
05-30 16:52:30.425 W/storaged( 638): health: invalid battery status
05-30 16:52:33.280 D/SystemServerTiming( 718): InitBeforeStartServices
05-30 16:52:33.284 I/SystemServer( 718): Entered the Android system server!
05-30 16:52:33.576 I/SystemServerInitThreadPool( 718): Creating instance with 4 threads
05-30 16:52:34.108 D/SystemServerTiming( 718): StartServices
05-30 16:52:34.108 D/SystemServerTiming( 718): startBootstrapServices
05-30 16:52:34.108 D/SystemServerTiming( 718): ArtModuleServiceInitializer
05-30 16:52:34.111 D/SystemServerTiming( 718): StartWatchdog
05-30 16:52:34.115 I/SystemServer( 718): Reading configuration...
05-30 16:52:34.115 D/SystemServerTiming( 718): ReadingSystemConfig
05-30 16:52:34.116 D/SystemServerTiming( 718): PlatformCompat
05-30 16:52:34.116 D/SystemServerTimingAsync( 718): InitThreadPoolExec:ReadingSystemConfig
05-30 16:52:34.116 D/CompatConfig( 718): Found a config file: /system/etc/compatconfig/TeleService-platform-compat-config.xml
05-30 16:52:34.117 D/CompatConfig( 718): Adding: com.android.server.compat.config.Change@36938da
05-30 16:52:34.117 D/CompatConfig( 718): Adding: com.android.server.compat.config.Change@5bbd10b
05-30 16:52:34.117 D/CompatConfig( 718): Adding: com.android.server.compat.config.Change@42b8be8
05-30 16:52:34.117 D/CompatConfig( 718): Adding: com.android.server.compat.config.Change@89b7201
05-30 16:52:34.117 D/CompatConfig( 718): Adding: com.android.server.compat.config.Change@4d472e7
05-30 16:52:34.117 D/CompatConfig( 718): Adding: com.android.server.compat.config.Change@f217e94
05-30 16:52:34.117 I/SystemConfig( 718): Reading permissions from /system/etc/sysconfig/framework-sysconfig.xml
05-30 16:52:34.119 D/CompatConfig( 718): Found a config file: /system/etc/compatconfig/calendar-provider-compat-config.xml
05-30 16:52:34.120 D/CompatConfig( 718): Adding: com.android.server.compat.config.Change@660932
05-30 16:52:34.120 I/SystemConfig( 718): Reading permissions from /system/etc/sysconfig/hiddenapi-package-whitelist.xml
05-30 16:52:34.121 D/CompatConfig( 718): Found a config file: /system/etc/compatconfig/contacts-provider-platform-compat-config.xml
05-30 16:52:34.121 I/SystemConfig( 718): Reading permissions from /system/etc/sysconfig/initial-package-stopped-states.xml
05-30 16:52:34.122 D/CompatConfig( 718): Found a config file: /system/etc/compatconfig/documents-ui-compat-config.xml
05-30 16:52:34.122 I/SystemConfig( 718): Reading permissions from /system/etc/sysconfig/preinstalled-packages-asl-files.xml
05-30 16:52:34.122 D/CompatConfig( 718): Adding: com.android.server.compat.config.Change@f760c2c
05-30 16:52:34.123 D/CompatConfig( 718): Found a config file: /system/etc/compatconfig/framework-platform-compat-config.xml
05-30 16:52:34.123 I/SystemConfig( 718): Reading permissions from /system/etc/sysconfig/preinstalled-packages-com.android.providers.media.module.xml
05-30 16:52:34.124 I/SystemConfig( 718): Reading permissions from /system/etc/sysconfig/preinstalled-packages-platform.xml
05-30 16:52:34.127 I/SystemConfig( 718): Reading permissions from /system/etc/permissions/android.hardware.bluetooth.xml
05-30 16:52:34.128 I/SystemConfig( 718): Reading permissions from /system/etc/permissions/android.hardware.bluetooth_le.xml
05-30 16:52:34.129 I/SystemConfig( 718): Reading permissions from /system/etc/permissions/android.software.webview.xml
05-30 16:52:34.129 D/CompatConfig( 718): Adding: com.android.server.compat.config.Change@b09e3d7
05-30 16:52:34.129 D/CompatConfig( 718): Adding: com.android.server.compat.config.Change@5ebb4c4
05-30 16:52:34.129 D/CompatConfig( 718): Adding: com.android.server.compat.config.Change@a07dfad
05-30 16:52:34.129 D/CompatConfig( 718): Adding: com.android.server.compat.config.Change@84f22e2
05-30 16:52:34.129 D/CompatConfig( 718): Adding: com.android.server.compat.config.Change@31ee673
05-30 16:52:34.129 D/CompatConfig( 718): Adding: com.android.server.compat.config.Change@cefc9a9
05-30 16:52:34.129 D/CompatConfig( 718): Adding: com.android.server.compat.config.Change@3408b2e
05-30 16:52:34.129 D/CompatConfig( 718): Adding: com.android.server.compat.config.Change@7776cf
05-30 16:52:34.129 D/CompatConfig( 718): Adding: com.android.server.compat.config.Change@c2ad85c
05-30 16:52:34.129 D/CompatConfig( 718): Adding: com.android.server.compat.config.Change@f525765
05-30 16:52:34.129 D/CompatConfig( 718): Adding: com.android.server.compat.config.Change@9ce2c3a
05-30 16:52:34.129 I/SystemConfig( 718): Reading permissions from /system/etc/permissions/android.test.base.xml
05-30 16:52:34.129 D/CompatConfig( 718): Adding: com.android.server.compat.config.Change@d1eb0eb
05-30 16:52:34.129 D/CompatConfig( 718): Adding: com.android.server.compat.config.Change@bb1e48
05-30 16:52:34.129 D/CompatConfig( 718): Adding: com.android.server.compat.config.Change@69604e1
05-30 16:52:34.129 D/CompatConfig( 718): Adding: com.android.server.compat.config.Change@a62d206
05-30 16:52:34.129 D/CompatConfig( 718): Adding: com.android.server.compat.config.Change@eb570c7
05-30 16:52:34.129 D/CompatConfig( 718): Adding: com.android.server.compat.config.Change@c87d6f4
05-30 16:52:34.129 D/CompatConfig( 718): Adding: com.android.server.compat.config.Change@e0d0e1d
05-30 16:52:34.129 D/CompatConfig( 718): Adding: com.android.server.compat.config.Change@d4a0892
05-30 16:52:34.129 D/CompatConfig( 718): Adding: com.android.server.compat.config.Change@a0e5263
05-30 16:52:34.129 D/CompatConfig( 718): Adding: com.android.server.compat.config.Change@c56e60
05-30 16:52:34.129 D/CompatConfig( 718): Adding: com.android.server.compat.config.Change@9f16f19
05-30 16:52:34.129 D/CompatConfig( 718): Adding: com.android.server.compat.config.Change@1fc1bde
05-30 16:52:34.129 D/CompatConfig( 718): Adding: com.android.server.compat.config.Change@489b1bf
05-30 16:52:34.130 D/CompatConfig( 718): Adding: com.android.server.compat.config.Change@b83108c
05-30 16:52:34.130 D/CompatConfig( 718): Adding: com.android.server.compat.config.Change@e20e3d5
05-30 16:52:34.130 D/CompatConfig( 718): Adding: com.android.server.compat.config.Change@52a17ea
05-30 16:52:34.130 D/CompatConfig( 718): Adding: com.android.server.compat.config.Change@f31aadb
05-30 16:52:34.130 D/CompatConfig( 718): Adding: com.android.server.compat.config.Change@a96a978
05-30 16:52:34.130 D/CompatConfig( 718): Adding: com.android.server.compat.config.Change@498e851
05-30 16:52:34.130 D/CompatConfig( 718): Adding: com.android.server.compat.config.Change@b89c8b6
05-30 16:52:34.130 D/CompatConfig( 718): Adding: com.android.server.compat.config.Change@79619b7
05-30 16:52:34.130 D/CompatConfig( 718): Adding: com.android.server.compat.config.Change@148e524
05-30 16:52:34.130 D/CompatConfig( 718): Adding: com.android.server.compat.config.Change@fb2b88d
05-30 16:52:34.130 D/CompatConfig( 718): Adding: com.android.server.compat.config.Change@d61ba42
05-30 16:52:34.130 D/CompatConfig( 718): Adding: com.android.server.compat.config.Change@a689a53
05-30 16:52:34.130 D/CompatConfig( 718): Adding: com.android.server.compat.config.Change@cc12f90
05-30 16:52:34.130 D/CompatConfig( 718): Adding: com.android.server.compat.config.Change@41f5089
05-30 16:52:34.130 D/CompatConfig( 718): Adding: com.android.server.compat.config.Change@ed5388e
05-30 16:52:34.130 D/CompatConfig( 718): Adding: com.android.server.compat.config.Change@3d888af
05-30 16:52:34.130 D/CompatConfig( 718): Adding: com.android.server.compat.config.Change@331b4bc
05-30 16:52:34.130 D/CompatConfig( 718): Adding: com.android.server.compat.config.Change@6a36c45
05-30 16:52:34.130 D/CompatConfig( 718): Adding: com.android.server.compat.config.Change@f04f9a
05-30 16:52:34.130 D/CompatConfig( 718): Adding: com.android.server.compat.config.Change@9af00cb
05-30 16:52:34.130 D/CompatConfig( 718): Adding: com.android.server.compat.config.Change@9c360a8
05-30 16:52:34.130 D/CompatConfig( 718): Adding: com.android.server.compat.config.Change@99387c1
05-30 16:52:34.130 D/CompatConfig( 718): Adding: com.android.server.compat.config.Change@773cb66
05-30 16:52:34.130 D/CompatConfig( 718): Adding: com.android.server.compat.config.Change@b2adea7
05-30 16:52:34.130 D/CompatConfig( 718): Adding: com.android.server.compat.config.Change@d41df54
05-30 16:52:34.130 D/CompatConfig( 718): Adding: com.android.server.compat.config.Change@60fdefd
05-30 16:52:34.130 D/CompatConfig( 718): Adding: com.android.server.compat.config.Change@f6137f2
05-30 16:52:34.130 D/CompatConfig( 718): Adding: com.android.server.compat.config.Change@29cbe43
05-30 16:52:34.130 D/CompatConfig( 718): Adding: com.android.server.compat.config.Change@9879cc0
05-30 16:52:34.130 D/CompatConfig( 718): Adding: com.android.server.compat.config.Change@d006df9
05-30 16:52:34.130 D/CompatConfig( 718): Adding: com.android.server.compat.config.Change@246e13e
05-30 16:52:34.130 D/CompatConfig( 718): Adding: com.android.server.compat.config.Change@4c2fb9f
05-30 16:52:34.130 D/CompatConfig( 718): Adding: com.android.server.compat.config.Change@ba9c4ec
05-30 16:52:34.130 D/CompatConfig( 718): Adding: com.android.server.compat.config.Change@bd0f0b5
05-30 16:52:34.130 D/CompatConfig( 718): Adding: com.android.server.compat.config.Change@24bd34a
05-30 16:52:34.130 D/CompatConfig( 718): Adding: com.android.server.compat.config.Change@9e5b2bb
05-30 16:52:34.130 D/CompatConfig( 718): Adding: com.android.server.compat.config.Change@ae443d8
05-30 16:52:34.130 D/CompatConfig( 718): Adding: com.android.server.compat.config.Change@ece331
05-30 16:52:34.130 D/CompatConfig( 718): Adding: com.android.server.compat.config.Change@afbda16
05-30 16:52:34.130 D/CompatConfig( 718): Adding: com.android.server.compat.config.Change@cb2bf97
05-30 16:52:34.130 D/CompatConfig( 718): Adding: com.android.server.compat.config.Change@445c584
05-30 16:52:34.130 D/CompatConfig( 718): Adding: com.android.server.compat.config.Change@bfb816d
05-30 16:52:34.130 D/CompatConfig( 718): Adding: com.android.server.compat.config.Change@2d381a2
05-30 16:52:34.130 D/CompatConfig( 718): Adding: com.android.server.compat.config.Change@ad9be33
05-30 16:52:34.130 D/CompatConfig( 718): Adding: com.android.server.compat.config.Change@51bb5f0
05-30 16:52:34.130 D/CompatConfig( 718): Adding: com.android.server.compat.config.Change@5dbc769
05-30 16:52:34.130 D/CompatConfig( 718): Adding: com.android.server.compat.config.Change@98c15ee
05-30 16:52:34.130 D/CompatConfig( 718): Adding: com.android.server.compat.config.Change@3680a8f
05-30 16:52:34.130 D/CompatConfig( 718): Adding: com.android.server.compat.config.Change@1e411c
05-30 16:52:34.131 D/CompatConfig( 718): Adding: com.android.server.compat.config.Change@c607125
05-30 16:52:34.131 D/CompatConfig( 718): Adding: com.android.server.compat.config.Change@f27a2fa
05-30 16:52:34.131 D/CompatConfig( 718): Adding: com.android.server.compat.config.Change@ee4c0ab
05-30 16:52:34.131 D/CompatConfig( 718): Adding: com.android.server.compat.config.Change@95c5308
05-30 16:52:34.131 D/CompatConfig( 718): Adding: com.android.server.compat.config.Change@dcbfaa1
05-30 16:52:34.131 D/CompatConfig( 718): Adding: com.android.server.compat.config.Change@fbcf4c6
05-30 16:52:34.131 D/CompatConfig( 718): Adding: com.android.server.compat.config.Change@d2cbc87
05-30 16:52:34.131 D/CompatConfig( 718): Adding: com.android.server.compat.config.Change@4e797b4
05-30 16:52:34.131 D/CompatConfig( 718): Adding: com.android.server.compat.config.Change@c9fdd
05-30 16:52:34.131 D/CompatConfig( 718): Adding: com.android.server.compat.config.Change@39752
05-30 16:52:34.131 D/CompatConfig( 718): Adding: com.android.server.compat.config.Change@50e9a23
05-30 16:52:34.131 D/CompatConfig( 718): Adding: com.android.server.compat.config.Change@4407b20
05-30 16:52:34.131 D/CompatConfig( 718): Adding: com.android.server.compat.config.Change@fb85cd9
05-30 16:52:34.131 D/CompatConfig( 718): Adding: com.android.server.compat.config.Change@69fd69e
05-30 16:52:34.131 D/CompatConfig( 718): Adding: com.android.server.compat.config.Change@1a6b57f
05-30 16:52:34.131 D/CompatConfig( 718): Adding: com.android.server.compat.config.Change@e82294c
05-30 16:52:34.131 D/CompatConfig( 718): Adding: com.android.server.compat.config.Change@2c8ed95
05-30 16:52:34.131 D/CompatConfig( 718): Adding: com.android.server.compat.config.Change@e2ebeaa
05-30 16:52:34.131 D/CompatConfig( 718): Adding: com.android.server.compat.config.Change@97b2a9b
05-30 16:52:34.131 D/CompatConfig( 718): Adding: com.android.server.compat.config.Change@f4e8e38
05-30 16:52:34.131 D/CompatConfig( 718): Adding: com.android.server.compat.config.Change@b17ce11
05-30 16:52:34.131 D/CompatConfig( 718): Adding: com.android.server.compat.config.Change@c121b76
05-30 16:52:34.131 D/CompatConfig( 718): Adding: com.android.server.compat.config.Change@b57d577
05-30 16:52:34.131 D/CompatConfig( 718): Adding: com.android.server.compat.config.Change@87a55e4
05-30 16:52:34.131 D/CompatConfig( 718): Adding: com.android.server.compat.config.Change@49a3a4d
05-30 16:52:34.131 D/CompatConfig( 718): Adding: com.android.server.compat.config.Change@7fc7902
05-30 16:52:34.131 D/CompatConfig( 718): Adding: com.android.server.compat.config.Change@cea5213
05-30 16:52:34.131 D/CompatConfig( 718): Adding: com.android.server.compat.config.Change@278ec50
05-30 16:52:34.131 D/CompatConfig( 718): Adding: com.android.server.compat.config.Change@b5d2e49
05-30 16:52:34.131 D/CompatConfig( 718): Adding: com.android.server.compat.config.Change@3d234e
05-30 16:52:34.131 D/CompatConfig( 718): Adding: com.android.server.compat.config.Change@71dfc6f
05-30 16:52:34.131 D/CompatConfig( 718): Adding: com.android.server.compat.config.Change@7887d7c
05-30 16:52:34.131 D/CompatConfig( 718): Adding: com.android.server.compat.config.Change@5416605
05-30 16:52:34.131 D/CompatConfig( 718): Adding: com.android.server.compat.config.Change@6cc265a
05-30 16:52:34.131 D/CompatConfig( 718): Adding: com.android.server.compat.config.Change@c37f08b
05-30 16:52:34.131 D/CompatConfig( 718): Adding: com.android.server.compat.config.Change@59df568
05-30 16:52:34.131 D/CompatConfig( 718): Adding: com.android.server.compat.config.Change@b775d81
05-30 16:52:34.131 D/CompatConfig( 718): Adding: com.android.server.compat.config.Change@3164e26
05-30 16:52:34.131 D/CompatConfig( 718): Adding: com.android.server.compat.config.Change@3b30a67
05-30 16:52:34.131 D/CompatConfig( 718): Adding: com.android.server.compat.config.Change@3110014
05-30 16:52:34.131 D/CompatConfig( 718): Adding: com.android.server.compat.config.Change@fbb50bd
05-30 16:52:34.131 D/CompatConfig( 718): Adding: com.android.server.compat.config.Change@48926b2
05-30 16:52:34.131 D/CompatConfig( 718): Adding: com.android.server.compat.config.Change@7dbe603
05-30 16:52:34.131 D/CompatConfig( 718): Adding: com.android.server.compat.config.Change@2080980
05-30 16:52:34.131 D/CompatConfig( 718): Adding: com.android.server.compat.config.Change@9513bb9
05-30 16:52:34.131 D/CompatConfig( 718): Adding: com.android.server.compat.config.Change@1defbfe
05-30 16:52:34.131 D/CompatConfig( 718): Adding: com.android.server.compat.config.Change@12cdf5f
05-30 16:52:34.131 D/CompatConfig( 718): Adding: com.android.server.compat.config.Change@ea43dac
05-30 16:52:34.131 D/CompatConfig( 718): Adding: com.android.server.compat.config.Change@5c0da75
05-30 16:52:34.131 D/CompatConfig( 718): Adding: com.android.server.compat.config.Change@12ada0a
05-30 16:52:34.132 D/CompatConfig( 718): Adding: com.android.server.compat.config.Change@b6a127b
05-30 16:52:34.132 D/CompatConfig( 718): Adding: com.android.server.compat.config.Change@3ed8898
05-30 16:52:34.132 D/CompatConfig( 718): Adding: com.android.server.compat.config.Change@951a8f1
05-30 16:52:34.132 D/CompatConfig( 718): Adding: com.android.server.compat.config.Change@4a48cd6
05-30 16:52:34.132 D/CompatConfig( 718): Adding: com.android.server.compat.config.Change@7d5b57
05-30 16:52:34.132 I/SystemConfig( 718): Reading permissions from /system/etc/permissions/android.test.mock.xml
05-30 16:52:34.132 D/CompatConfig( 718): Found a config file: /system/etc/compatconfig/icu4j-platform-compat-config.xml
05-30 16:52:34.133 D/CompatConfig( 718): Adding: com.android.server.compat.config.Change@51255f3
05-30 16:52:34.133 I/SystemConfig( 718): Reading permissions from /system/etc/permissions/android.test.runner.xml
05-30 16:52:34.134 D/CompatConfig( 718): Found a config file: /system/etc/compatconfig/services-platform-compat-config.xml
05-30 16:52:34.134 I/SystemConfig( 718): Reading permissions from /system/etc/permissions/com.android.adservices.sdksandbox.xml
05-30 16:52:34.135 I/SystemConfig( 718): Reading permissions from /system/etc/permissions/com.android.future.usb.accessory.xml
05-30 16:52:34.136 I/SystemConfig( 718): Reading permissions from /system/etc/permissions/com.android.intentresolver.xml
05-30 16:52:34.137 I/SystemConfig( 718): Reading permissions from /system/etc/permissions/com.android.location.provider.xml
05-30 16:52:34.137 D/CompatConfig( 718): Adding: com.android.server.compat.config.Change@1fe4ae5
05-30 16:52:34.137 D/CompatConfig( 718): Adding: com.android.server.compat.config.Change@635d9ba
05-30 16:52:34.137 D/CompatConfig( 718): Adding: com.android.server.compat.config.Change@d20906b
05-30 16:52:34.137 D/CompatConfig( 718): Adding: com.android.server.compat.config.Change@a047c8
05-30 16:52:34.137 D/CompatConfig( 718): Adding: com.android.server.compat.config.Change@6cdb061
05-30 16:52:34.137 D/CompatConfig( 718): Adding: com.android.server.compat.config.Change@d57d786
05-30 16:52:34.137 D/CompatConfig( 718): Adding: com.android.server.compat.config.Change@9b5c847
05-30 16:52:34.137 D/CompatConfig( 718): Adding: com.android.server.compat.config.Change@3561874
05-30 16:52:34.137 D/CompatConfig( 718): Adding: com.android.server.compat.config.Change@4d3f19d
05-30 16:52:34.137 D/CompatConfig( 718): Adding: com.android.server.compat.config.Change@e49e612
05-30 16:52:34.137 D/CompatConfig( 718): Adding: com.android.server.compat.config.Change@d7ca1e3
05-30 16:52:34.137 D/CompatConfig( 718): Adding: com.android.server.compat.config.Change@ff647e0
05-30 16:52:34.137 D/CompatConfig( 718): Adding: com.android.server.compat.config.Change@d030a99
05-30 16:52:34.137 D/CompatConfig( 718): Adding: com.android.server.compat.config.Change@2dc515e
05-30 16:52:34.137 D/CompatConfig( 718): Adding: com.android.server.compat.config.Change@54d793f
05-30 16:52:34.137 D/CompatConfig( 718): Adding: com.android.server.compat.config.Change@2a8020c
05-30 16:52:34.137 D/CompatConfig( 718): Adding: com.android.server.compat.config.Change@370b755
05-30 16:52:34.137 D/CompatConfig( 718): Adding: com.android.server.compat.config.Change@f98256a
05-30 16:52:34.137 D/CompatConfig( 718): Adding: com.android.server.compat.config.Change@92a6a5b
05-30 16:52:34.137 D/CompatConfig( 718): Adding: com.android.server.compat.config.Change@d932f8
05-30 16:52:34.137 D/CompatConfig( 718): Adding: com.android.server.compat.config.Change@dd273d1
05-30 16:52:34.137 D/CompatConfig( 718): Adding: com.android.server.compat.config.Change@68b2e36
05-30 16:52:34.137 D/CompatConfig( 718): Adding: com.android.server.compat.config.Change@51b5137
05-30 16:52:34.137 D/CompatConfig( 718): Adding: com.android.server.compat.config.Change@6ea86a4
05-30 16:52:34.138 D/CompatConfig( 718): Adding: com.android.server.compat.config.Change@db97c0d
05-30 16:52:34.138 D/CompatConfig( 718): Adding: com.android.server.compat.config.Change@3c9c9d3
05-30 16:52:34.138 D/CompatConfig( 718): Adding: com.android.server.compat.config.Change@49b6910
05-30 16:52:34.138 D/CompatConfig( 718): Adding: com.android.server.compat.config.Change@28ecc09
05-30 16:52:34.138 D/CompatConfig( 718): Adding: com.android.server.compat.config.Change@edce0e
05-30 16:52:34.138 D/CompatConfig( 718): Adding: com.android.server.compat.config.Change@6dd302f
05-30 16:52:34.138 D/CompatConfig( 718): Adding: com.android.server.compat.config.Change@436063c
05-30 16:52:34.138 I/SystemConfig( 718): Reading permissions from /system/etc/permissions/com.android.media.remotedisplay.xml
05-30 16:52:34.138 D/CompatConfig( 718): Adding: com.android.server.compat.config.Change@f4f1fc5
05-30 16:52:34.138 D/CompatConfig( 718): Adding: com.android.server.compat.config.Change@7bcbd1a
05-30 16:52:34.138 D/CompatConfig( 718): Adding: com.android.server.compat.config.Change@916a04b
05-30 16:52:34.138 D/CompatConfig( 718): Adding: com.android.server.compat.config.Change@87b4a28
05-30 16:52:34.138 D/CompatConfig( 718): Adding: com.android.server.compat.config.Change@6f341
05-30 16:52:34.138 D/CompatConfig( 718): Adding: com.android.server.compat.config.Change@65990e6
05-30 16:52:34.138 D/CompatConfig( 718): Adding: com.android.server.compat.config.Change@62cf627
05-30 16:52:34.138 D/CompatConfig( 718): Adding: com.android.server.compat.config.Change@d4ee0d4
05-30 16:52:34.138 D/CompatConfig( 718): Adding: com.android.server.compat.config.Change@b0e827d
05-30 16:52:34.138 D/CompatConfig( 718): Adding: com.android.server.compat.config.Change@a9dd572
05-30 16:52:34.138 D/CompatConfig( 718): Adding: com.android.server.compat.config.Change@468cdc3
05-30 16:52:34.138 D/CompatConfig( 718): Adding: com.android.server.compat.config.Change@7233640
05-30 16:52:34.138 D/CompatConfig( 718): Adding: com.android.server.compat.config.Change@a05c979
05-30 16:52:34.138 D/CompatConfig( 718): Adding: com.android.server.compat.config.Change@46fd6be
05-30 16:52:34.138 D/CompatConfig( 718): Adding: com.android.server.compat.config.Change@c00831f
05-30 16:52:34.138 D/CompatConfig( 718): Adding: com.android.server.compat.config.Change@d25766c
05-30 16:52:34.138 D/CompatConfig( 718): Adding: com.android.server.compat.config.Change@6908435
05-30 16:52:34.138 D/CompatConfig( 718): Adding: com.android.server.compat.config.Change@9cea0ca
05-30 16:52:34.138 D/CompatConfig( 718): Adding: com.android.server.compat.config.Change@834323b
05-30 16:52:34.138 D/CompatConfig( 718): Adding: com.android.server.compat.config.Change@a298d58
05-30 16:52:34.138 D/CompatConfig( 718): Adding: com.android.server.compat.config.Change@6d22eb1
05-30 16:52:34.138 D/CompatConfig( 718): Adding: com.android.server.compat.config.Change@f9dff96
05-30 16:52:34.138 D/CompatConfig( 718): Adding: com.android.server.compat.config.Change@e29b717
05-30 16:52:34.138 D/CompatConfig( 718): Adding: com.android.server.compat.config.Change@562704
05-30 16:52:34.138 D/CompatConfig( 718): Adding: com.android.server.compat.config.Change@5aa04ed
05-30 16:52:34.138 D/CompatConfig( 718): Adding: com.android.server.compat.config.Change@3327f22
05-30 16:52:34.138 D/CompatConfig( 718): Adding: com.android.server.compat.config.Change@588adb3
05-30 16:52:34.138 D/CompatConfig( 718): Adding: com.android.server.compat.config.Change@b90af70
05-30 16:52:34.138 D/CompatConfig( 718): Adding: com.android.server.compat.config.Change@2af02e9
05-30 16:52:34.138 D/CompatConfig( 718): Adding: com.android.server.compat.config.Change@9d6b6e
05-30 16:52:34.138 D/CompatConfig( 718): Adding: com.android.server.compat.config.Change@ed6720f
05-30 16:52:34.138 D/CompatConfig( 718): Adding: com.android.server.compat.config.Change@5ebe4a5
05-30 16:52:34.138 D/CompatConfig( 718): Adding: com.android.server.compat.config.Change@1b8d07a
05-30 16:52:34.138 D/CompatConfig( 718): Adding: com.android.server.compat.config.Change@392202b
05-30 16:52:34.138 D/CompatConfig( 718): Adding: com.android.server.compat.config.Change@746fc88
05-30 16:52:34.138 D/CompatConfig( 718): Adding: com.android.server.compat.config.Change@35b2621
05-30 16:52:34.138 D/CompatConfig( 718): Adding: com.android.server.compat.config.Change@1f37a46
05-30 16:52:34.138 D/CompatConfig( 718): Adding: com.android.server.compat.config.Change@c109407
05-30 16:52:34.138 I/SystemConfig( 718): Reading permissions from /system/etc/permissions/com.android.media.tv.remoteprovider.xml
05-30 16:52:34.139 D/CompatConfig( 718): Adding: com.android.server.compat.config.Change@4935934
05-30 16:52:34.139 D/CompatConfig( 718): Adding: com.android.server.compat.config.Change@a23035d
05-30 16:52:34.139 D/CompatConfig( 718): Adding: com.android.server.compat.config.Change@2dcf4d2
05-30 16:52:34.139 D/CompatConfig( 718): Adding: com.android.server.compat.config.Change@71869a3
05-30 16:52:34.139 D/CompatConfig( 718): Adding: com.android.server.compat.config.Change@ca6d4a0
05-30 16:52:34.139 D/CompatConfig( 718): Adding: com.android.server.compat.config.Change@b917859
05-30 16:52:34.139 D/CompatConfig( 718): Adding: com.android.server.compat.config.Change@d718c1e
05-30 16:52:34.139 D/CompatConfig( 718): Adding: com.android.server.compat.config.Change@f3dfcff
05-30 16:52:34.139 D/CompatConfig( 718): Adding: com.android.server.compat.config.Change@cb49acc
05-30 16:52:34.139 D/CompatConfig( 718): Adding: com.android.server.compat.config.Change@5d84115
05-30 16:52:34.139 D/CompatConfig( 718): Adding: com.android.server.compat.config.Change@c264c2a
05-30 16:52:34.139 D/CompatConfig( 718): Adding: com.android.server.compat.config.Change@9ff6a1b
05-30 16:52:34.139 D/CompatConfig( 718): Adding: com.android.server.compat.config.Change@ff697b8
05-30 16:52:34.139 D/CompatConfig( 718): Adding: com.android.server.compat.config.Change@e88d991
05-30 16:52:34.139 D/CompatConfig( 718): Adding: com.android.server.compat.config.Change@9b500f6
05-30 16:52:34.139 D/CompatConfig( 718): Adding: com.android.server.compat.config.Change@ca08cf7
05-30 16:52:34.139 D/CompatConfig( 718): Adding: com.android.server.compat.config.Change@9597764
05-30 16:52:34.139 D/CompatConfig( 718): Adding: com.android.server.compat.config.Change@8d07dcd
05-30 16:52:34.139 D/CompatConfig( 718): Adding: com.android.server.compat.config.Change@a83682
05-30 16:52:34.139 I/SystemConfig( 718): Reading permissions from /system/etc/permissions/com.android.mediadrm.signer.xml
05-30 16:52:34.140 D/CompatConfig( 718): No directory /system/system_ext/etc/compatconfig, skipping
05-30 16:52:34.140 I/SystemConfig( 718): Reading permissions from /system/etc/permissions/com.android.networkstack.xml
05-30 16:52:34.140 D/ApexManagerTiming( 718): getActiveApexInfos_noCache
05-30 16:52:34.141 I/SystemConfig( 718): Reading permissions from /system/etc/permissions/javax.obex.xml
05-30 16:52:34.142 I/SystemConfig( 718): Reading permissions from /system/etc/permissions/org.apache.http.legacy.xml
05-30 16:52:34.143 I/SystemConfig( 718): Reading permissions from /system/etc/permissions/privapp-permissions-oranth.xml
05-30 16:52:34.145 I/SystemConfig( 718): Reading permissions from /system/etc/permissions/privapp-permissions-platform.xml
05-30 16:52:34.153 I/SystemConfig( 718): Reading permissions from /system/etc/permissions/privapp_allowlist_com.android.adservices.api.xml
05-30 16:52:34.154 I/SystemConfig( 718): Reading permissions from /system/etc/permissions/privapp_allowlist_com.android.providers.media.module.xml
05-30 16:52:34.156 I/SystemConfig( 718): Reading permissions from /system/etc/permissions/tv_core_hardware.xml
05-30 16:52:34.157 I/SystemConfig( 718): Reading permissions from /system/etc/permissions/platform.xml
05-30 16:52:34.161 I/SystemConfig( 718): Reading permissions from /vendor/etc/permissions/android.hardware.audio.output.xml
05-30 16:52:34.162 D/CompatConfig( 718): No directory /apex/com.android.conscrypt/etc/compatconfig, skipping
05-30 16:52:34.162 I/SystemConfig( 718): Reading permissions from /vendor/etc/permissions/android.hardware.bluetooth.xml
05-30 16:52:34.163 D/CompatConfig( 718): Found a config file: /apex/com.android.btservices/etc/compatconfig/bluetoothapk-platform-compat-config.xml
05-30 16:52:34.163 I/SystemConfig( 718): Reading permissions from /vendor/etc/permissions/android.hardware.bluetooth_le.xml
05-30 16:52:34.165 D/CompatConfig( 718): Adding: com.android.server.compat.config.Change@5a1f163
05-30 16:52:34.165 I/SystemConfig( 718): Reading permissions from /vendor/etc/permissions/android.hardware.camera.external.xml
05-30 16:52:34.166 I/SystemConfig( 718): Reading permissions from /vendor/etc/permissions/android.hardware.ethernet.xml
05-30 16:52:34.167 I/SystemConfig( 718): Reading permissions from /vendor/etc/permissions/android.hardware.gamepad.xml
05-30 16:52:34.167 D/CompatConfig( 718): Found a config file: /apex/com.android.btservices/etc/compatconfig/bluetooth-compat-config.xml
05-30 16:52:34.168 I/SystemConfig( 718): Reading permissions from /vendor/etc/permissions/android.hardware.hardware_keystore.xml
05-30 16:52:34.168 D/CompatConfig( 718): Adding: com.android.server.compat.config.Change@167f38c
05-30 16:52:34.168 I/SystemConfig( 718): Reading permissions from /vendor/etc/permissions/android.hardware.hdmi.cec.xml
05-30 16:52:34.169 D/CompatConfig( 718): Found a config file: /apex/com.android.btservices/etc/compatconfig/framework-bluetooth-compat-config.xml
05-30 16:52:34.169 I/SystemConfig( 718): Reading permissions from /vendor/etc/permissions/android.hardware.keystore.app_attest_key.xml
05-30 16:52:34.169 D/CompatConfig( 718): Adding: com.android.server.compat.config.Change@d66bc78
05-30 16:52:34.170 I/SystemConfig( 718): Reading permissions from /vendor/etc/permissions/android.hardware.location.xml
05-30 16:52:34.171 D/CompatConfig( 718): Found a config file: /apex/com.android.tethering/etc/compatconfig/connectivity-platform-compat-config.xml
05-30 16:52:34.171 I/SystemConfig( 718): Reading permissions from /vendor/etc/permissions/android.hardware.opengles.aep.xml
05-30 16:52:34.172 I/SystemConfig( 718): Reading permissions from /vendor/etc/permissions/android.hardware.usb.host.xml
05-30 16:52:34.172 D/CompatConfig( 718): Adding: com.android.server.compat.config.Change@39f3f8d
05-30 16:52:34.172 D/CompatConfig( 718): Adding: com.android.server.compat.config.Change@4393542
05-30 16:52:34.172 D/CompatConfig( 718): Adding: com.android.server.compat.config.Change@da1f953
05-30 16:52:34.172 D/CompatConfig( 718): Adding: com.android.server.compat.config.Change@120a290
05-30 16:52:34.172 I/SystemConfig( 718): Reading permissions from /vendor/etc/permissions/android.hardware.vulkan.compute.xml
05-30 16:52:34.173 D/CompatConfig( 718): No directory /apex/com.android.healthfitness/etc/compatconfig, skipping
05-30 16:52:34.173 D/CompatConfig( 718): No directory /apex/com.android.uwb/etc/compatconfig, skipping
05-30 16:52:34.173 D/CompatConfig( 718): No directory /apex/com.android.devicelock/etc/compatconfig, skipping
05-30 16:52:34.174 I/SystemConfig( 718): Reading permissions from /vendor/etc/permissions/android.hardware.vulkan.level.xml
05-30 16:52:34.175 D/CompatConfig( 718): Found a config file: /apex/com.android.wifi/etc/compatconfig/wifi-compat-config.xml
05-30 16:52:34.175 I/SystemConfig( 718): Reading permissions from /vendor/etc/permissions/android.hardware.vulkan.version.xml
05-30 16:52:34.176 I/SystemConfig( 718): Reading permissions from /vendor/etc/permissions/android.hardware.wifi.direct.xml
05-30 16:52:34.176 I/SystemConfig( 718): Reading permissions from /vendor/etc/permissions/android.hardware.wifi.passpoint.xml
05-30 16:52:34.176 D/CompatConfig( 718): Adding: com.android.server.compat.config.Change@d53fcb
05-30 16:52:34.176 D/CompatConfig( 718): Adding: com.android.server.compat.config.Change@63e33a8
05-30 16:52:34.176 D/CompatConfig( 718): Adding: com.android.server.compat.config.Change@8295ec1
05-30 16:52:34.177 I/SystemConfig( 718): Reading permissions from /vendor/etc/permissions/android.hardware.wifi.xml
05-30 16:52:34.177 D/CompatConfig( 718): No directory /apex/com.android.apex.cts.shim/etc/compatconfig, skipping
05-30 16:52:34.178 I/SystemConfig( 718): Reading permissions from /vendor/etc/permissions/android.software.app_widgets.xml
05-30 16:52:34.178 D/CompatConfig( 718): No directory /apex/com.android.sdkext/etc/compatconfig, skipping
05-30 16:52:34.178 D/CompatConfig( 718): No directory /apex/com.android.ondevicepersonalization/etc/compatconfig, skipping
05-30 16:52:34.178 D/CompatConfig( 718): No directory /apex/com.android.adservices/etc/compatconfig, skipping
05-30 16:52:34.178 D/CompatConfig( 718): No directory /apex/com.android.configinfrastructure/etc/compatconfig, skipping
05-30 16:52:34.178 D/CompatConfig( 718): No directory /apex/com.android.os.statsd/etc/compatconfig, skipping
05-30 16:52:34.178 D/CompatConfig( 718): No directory /apex/com.android.runtime/etc/compatconfig, skipping
05-30 16:52:34.178 D/CompatConfig( 718): No directory /apex/com.android.adbd/etc/compatconfig, skipping
05-30 16:52:34.178 I/SystemConfig( 718): Reading permissions from /vendor/etc/permissions/android.software.backup.xml
05-30 16:52:34.179 I/SystemConfig( 718): Reading permissions from /vendor/etc/permissions/android.software.cant_save_state.xml
05-30 16:52:34.179 D/CompatConfig( 718): Found a config file: /apex/com.android.mediaprovider/etc/compatconfig/media-provider-platform-compat-config.xml
05-30 16:52:34.180 I/SystemConfig( 718): Reading permissions from /vendor/etc/permissions/android.software.farfield.xml
05-30 16:52:34.180 D/CompatConfig( 718): Adding: com.android.server.compat.config.Change@a29cfc0
05-30 16:52:34.180 D/CompatConfig( 718): Adding: com.android.server.compat.config.Change@f9a24f9
05-30 16:52:34.181 D/CompatConfig( 718): Adding: com.android.server.compat.config.Change@d7bcc3e
05-30 16:52:34.181 D/CompatConfig( 718): Adding: com.android.server.compat.config.Change@be50a9f
