05-30 16:53:04.784 D/UntrustedWifiNetworkFactory( 718): got request NetworkRequest [ REQUEST id=44, [ Capabilities: INTERNET&NOT_RESTRICTED&TRUSTED&NOT_VCN_MANAGED Uid: 10071 RequestorUid: 10071 RequestorPkg: com.android.rkpdapp UnderlyingNetworks: Null] ]
05-30 16:53:04.784 D/OemPaidWifiNetworkFactory( 718): got request NetworkRequest [ REQUEST id=44, [ Capabilities: INTERNET&NOT_RESTRICTED&TRUSTED&NOT_VCN_MANAGED Uid: 10071 RequestorUid: 10071 RequestorPkg: com.android.rkpdapp UnderlyingNetworks: Null] ]
05-30 16:53:04.784 D/MultiInternetWifiNetworkFactory( 718): got request NetworkRequest [ REQUEST id=44, [ Capabilities: INTERNET&NOT_RESTRICTED&TRUSTED&NOT_VCN_MANAGED Uid: 10071 RequestorUid: 10071 RequestorPkg: com.android.rkpdapp UnderlyingNetworks: Null] ]
05-30 16:53:04.784 D/ConnectivityService( 718): NetReassign [no changes] [c 0] [a 0] [i 1]
05-30 16:53:04.785 D/NU-GenericSource( 637): FileSource remote
05-30 16:53:04.786 I/NU-GenericSource( 637): >>>[initFromDataSource 1424]
05-30 16:53:04.788 I/AmFFmpegByteIOAdapter( 634): File size : 17190
05-30 16:53:04.789 I/AmFFmpegExtractor( 634): checkInList: iswhite:0, mime:audio/mpeg, type:1, id:86017 tag:0
05-30 16:53:04.789 I/AmFFmpegExtractor( 634): checkInList: iswhite:1, mime:audio/mpeg, type:1, id:86017 tag:0
05-30 16:53:04.789 E/AmFFmpegExtractor( 634): codec_ctx->properties: 0
05-30 16:53:04.789 I/AmFFmpegExtractor( 634): checkSupportInList ret 1
05-30 16:53:04.789 I/AmFFmpegExtractor( 634): checkInList: iswhite:0, mime:audio/mpeg, type:1, id:86017 tag:0
05-30 16:53:04.790 I/AmFFmpegExtractor( 634): checkInList: iswhite:1, mime:audio/mpeg, type:1, id:86017 tag:0
05-30 16:53:04.790 E/AmFFmpegExtractor( 634): codec_ctx->properties: 0
05-30 16:53:04.790 I/AmFFmpegExtractor( 634): checkSupportInList ret 0
05-30 16:53:04.790 E/AmFFmpegExtractor( 634): vendor do not support
05-30 16:53:04.791 I/NU-GenericSource( 637): >>>MediaExtractor::Create [initFromDataSource 1471] and extractor name:MP3Extractor
05-30 16:53:04.791 D/NU-GenericSource( 637): [#1] [KPI] startup, find stream info time spent: 4170
05-30 16:53:04.792 I/NU-GenericSource( 637): initFromDataSource, mExtractor->countTracks() = 1
05-30 16:53:04.792 I/NU-GenericSource( 637): ffmpegHasAudio : 0, ffmpegHasVideo : 0
05-30 16:53:04.791 E/hq ( 2251): USBReceiver:::USBReceiver onReceive: list=1
05-30 16:53:04.793 I/NU-GenericSource( 637): initFromDataSource track[0]: audio/mpeg
05-30 16:53:04.793 I/AmAnotherPacketSource( 637): (audio/mpeg)IsUdp:0 mLimitiSize:2097152, mTotalCount:1000 kLocalPlaybackMaxBufferCount 500
05-30 16:53:04.794 I/NU-AmNuPlayerDriver( 637): media.player.atrace.enable is 1
05-30 16:53:04.794 I/AmAnotherPacketSource( 637): ----->(0xee580b50)start mIsVideo:0 mIsAudio:1
05-30 16:53:04.794 I/NU-GenericSource( 637): initFromDataSource mVideoTrack.mSource:0x0, unsupportvideo:0, ffmpegHasVideo:0
05-30 16:53:04.794 I/NU-GenericSource( 637): initFromDataSource mAudioTrack.mSource:0xf3689b60, ffmpegHasAudio:1
05-30 16:53:04.794 I/NU-GenericSource( 637): notifyPrepared 2554
05-30 16:53:04.794 I/NU-AmNuPlayer( 637): [#1] notifyPrepareCompleted
05-30 16:53:04.795 D/NU-AmNuPlayerDriver( 637): [#1] notifyListener_l(0xf3542930), (1, 0, 0, -1), loop setting(0, 0)
05-30 16:53:04.796 I/NU-AmNuPlayer( 637): [#1] updateMediaInfo
05-30 16:53:04.796 I/NU-AmNuPlayer( 637): [#1] [updateMediaInfo:1241]get i=0 , mime: audio/mpeg
05-30 16:53:04.797 D/hq ( 2251): NetWorkStateReceiver:::检查网络,并且持续更新 isConnect=false
05-30 16:53:04.802 D/Zygote ( 494): Forked child process 2359
05-30 16:53:04.803 W/ActivityManager( 718): Slow operation: 55ms so far, now at startProcess: returned from zygote!
05-30 16:53:04.803 W/ActivityManager( 718): Slow operation: 56ms so far, now at startProcess: done updating battery stats
05-30 16:53:04.803 W/ActivityManager( 718): Slow operation: 56ms so far, now at startProcess: building log message
05-30 16:53:04.803 I/ActivityManager( 718): Start proc 2359:com.android.statementservice/u0a27 for broadcast {com.android.statementservice/com.android.statementservice.domain.BootCompletedReceiver}
05-30 16:53:04.804 W/ActivityManager( 718): Slow operation: 56ms so far, now at startProcess: starting to update pids map
05-30 16:53:04.804 W/ActivityManager( 718): Slow operation: 56ms so far, now at startProcess: done updating pids map
05-30 16:53:04.809 I/Zygote ( 2359): seccomp disabled by setenforce 0
05-30 16:53:04.816 I/tatementservice( 2359): Using CollectorTypeCC GC.
05-30 16:53:04.819 E/DispatcherManager( 2251): publishMode=DBBOX-A3 piDispatcher=com.dangbei.launcher.dispatcher.function.BOXAXDispatcher@b9f0c9c
05-30 16:53:04.819 I/AmFFmpegByteIOAdapter( 634): File size : 6246
05-30 16:53:04.821 W/exFFmpeg( 634): Invalid return value 0 for stream protocol
05-30 16:53:04.821 W/exFFmpeg( 634): Invalid return value 0 for stream protocol
05-30 16:53:04.821 I/AmFFmpegExtractor( 634): checkInList: iswhite:0, mime:audio/ogg, type:1, id:86021 tag:0
05-30 16:53:04.822 I/AmFFmpegExtractor( 634): checkInList: iswhite:1, mime:audio/ogg, type:1, id:86021 tag:0
05-30 16:53:04.822 E/AmFFmpegExtractor( 634): codec_ctx->properties: 0
05-30 16:53:04.822 I/AmFFmpegExtractor( 634): checkSupportInList ret 1
05-30 16:53:04.824 E/tatementservice( 2359): Not starting debugger since process cannot load the jdwp agent.
05-30 16:53:04.826 I/hq ( 2251): 当前的服务模式是,serviceMode=0
05-30 16:53:04.839 D/CompatibilityChangeReporter( 718): Compat change id reported: 168419799; UID 10027; state: DISABLED
05-30 16:53:04.840 I/AmFFmpegExtractor( 634): checkInList: iswhite:0, mime:audio/ogg, type:1, id:86021 tag:0
05-30 16:53:04.840 I/AmFFmpegExtractor( 634): checkInList: iswhite:1, mime:audio/ogg, type:1, id:86021 tag:0
05-30 16:53:04.840 E/AmFFmpegExtractor( 634): codec_ctx->properties: 0
05-30 16:53:04.840 I/AmFFmpegExtractor( 634): checkSupportInList ret 0
05-30 16:53:04.840 E/AmFFmpegExtractor( 634): vendor do not support
05-30 16:53:04.840 D/CompatibilityChangeReporter( 718): Compat change id reported: 273564678; UID 10027; state: DISABLED
05-30 16:53:04.844 D/CompatibilityChangeReporter( 2359): Compat change id reported: 171979766; UID 10027; state: DISABLED
05-30 16:53:04.845 D/CompatibilityChangeReporter( 718): Compat change id reported: 265195908; UID 10027; state: ENABLED
05-30 16:53:04.846 D/CompatibilityChangeReporter( 2359): Compat change id reported: 242716250; UID 10027; state: DISABLED
05-30 16:53:04.850 D/CompatibilityChangeReporter( 718): Compat change id reported: 170503758; UID 10027; state: DISABLED
05-30 16:53:04.854 D/ApplicationLoaders( 2359): Returning zygote-cached class loader: /system/framework/android.test.base.jar
05-30 16:53:04.859 D/nativeloader( 2359): Configuring clns-shared-4 for other apk /system/priv-app/StatementService/StatementService.apk. target_sdk_version=29, uses_libraries=, library_path=/system/priv-app/StatementService/lib/arm:/system/lib:/system_ext/lib, permitted_path=/data:/mnt/expand:/data/user/0/com.android.statementservice:/system/priv-app/StatementService:/system/lib:/system_ext/lib
05-30 16:53:04.878 E/MetadataRetrieverClient( 637): unable to dlopen metadata_retriever extension: dlopen failed: library "libmetadataretriever_ext.so" not found
05-30 16:53:04.888 I/AmFFmpegByteIOAdapter( 634): File size : 5952
05-30 16:53:04.892 W/exFFmpeg( 634): Invalid return value 0 for stream protocol
05-30 16:53:04.901 V/GraphicsEnvironment( 2359): Currently set values for:
05-30 16:53:04.901 V/GraphicsEnvironment( 2359): angle_gl_driver_selection_pkgs=[]
05-30 16:53:04.901 V/GraphicsEnvironment( 2359): angle_gl_driver_selection_values=[]
05-30 16:53:04.902 V/GraphicsEnvironment( 2359): ANGLE GameManagerService for com.android.statementservice: false
05-30 16:53:04.902 V/GraphicsEnvironment( 2359): com.android.statementservice is not listed in per-application setting
05-30 16:53:04.902 V/GraphicsEnvironment( 2359): Neither updatable production driver nor prerelease driver is supported.
05-30 16:53:04.902 E/hq ( 2251): 检查user:::switchDao id=-1
05-30 16:53:04.905 W/exFFmpeg( 634): Invalid return value 0 for stream protocol
05-30 16:53:04.906 I/AmFFmpegExtractor( 634): checkInList: iswhite:0, mime:audio/ogg, type:1, id:86021 tag:0
05-30 16:53:04.906 I/AmFFmpegExtractor( 634): checkInList: iswhite:1, mime:audio/ogg, type:1, id:86021 tag:0
05-30 16:53:04.906 E/AmFFmpegExtractor( 634): codec_ctx->properties: 0
05-30 16:53:04.906 I/AmFFmpegExtractor( 634): checkSupportInList ret 1
05-30 16:53:04.911 I/AmFFmpegExtractor( 634): checkInList: iswhite:0, mime:audio/ogg, type:1, id:86021 tag:0
05-30 16:53:04.911 I/AmFFmpegExtractor( 634): checkInList: iswhite:1, mime:audio/ogg, type:1, id:86021 tag:0
05-30 16:53:04.911 E/AmFFmpegExtractor( 634): codec_ctx->properties: 0
05-30 16:53:04.911 I/AmFFmpegExtractor( 634): checkSupportInList ret 0
05-30 16:53:04.911 E/AmFFmpegExtractor( 634): vendor do not support
05-30 16:53:04.912 D/WM-WrkMgrInitializer( 2359): Initializing WorkManager with default configuration.
05-30 16:53:04.930 D/WM-PackageManagerHelper( 2359): androidx.work.impl.background.systemjob.SystemJobService enabled
05-30 16:53:04.930 D/WM-Schedulers( 2359): Created SystemJobScheduler and enabled SystemJobService
05-30 16:53:04.937 D/CompatibilityChangeReporter( 2359): Compat change id reported: 183155436; UID 10027; state: DISABLED
05-30 16:53:04.952 D/AdHelper( 2251): ad server environment is official? false
05-30 16:53:04.952 D/AdHelper( 2251): ad server environment is official? false
05-30 16:53:04.952 D/AdHelper( 2251): ad server environment is official? false
05-30 16:53:04.952 D/AdHelper( 2251): ad server environment is official? false
05-30 16:53:04.960 I/ActivityManager( 718): com.oranth.usbopenft is exempt from freezer
05-30 16:53:04.961 D/CompatibilityChangeReporter( 718): Compat change id reported: 135634846; UID 1000; state: DISABLED
05-30 16:53:04.964 D/AdHelper( 2251): AdHelper init: end
05-30 16:53:04.967 I/BroadcastQueue( 718): BOOT_COMPLETED_BROADCAST_COMPLETION_LATENCY_REPORTED action:android.intent.action.BOOT_COMPLETED dispatchLatency:-49313 completeLatency:1767 dispatchRealLatency:-49313 completeRealLatency:1767 receiversSize:37 userId:0 userType:android.os.usertype.full.SYSTEM
05-30 16:53:04.968 I/ActivityManager( 718): Finished processing BOOT_COMPLETED for u0
05-30 16:53:04.972 E/MetadataRetrieverClient( 637): unable to dlopen metadata_retriever extension: dlopen failed: library "libmetadataretriever_ext.so" not found
05-30 16:53:04.979 E/xxxxxxxxxxxxxxx( 2251): onConfigurationChanged2===>{1.0 ?mcc0mnc [zh_CN] ldltr sw720dp w1280dp h720dp 240dpi xlrg long land television -touch -keyb/h/h dpad/v winConfig={ mBounds=Rect(0, 0 - 1920, 1080) mAppBounds=Rect(0, 0 - 1920, 1080) mMaxBounds=Rect(0, 0 - 1920, 1080) mDisplayRotation=ROTATION_0 mWindowingMode=fullscreen mDisplayWindowingMode=fullscreen mActivityType=undefined mAlwaysOnTop=undefined mRotation=ROTATION_0} as.2 s.8 fontWeightAdjustment=0}
05-30 16:53:04.980 E/memInfo.totalMem( 2251): memInfo.totalMem=3856015360 1073741824
05-30 16:53:04.988 D/aaa ( 2101): LedStatusService onStartCommand begin
05-30 16:53:04.992 E/xxxxxxxxxxxxxxx( 2251): onReceive:mIsHDMIPlugged = true
05-30 16:53:04.994 D/Zygote ( 494): Forked child process 2388
05-30 16:53:04.995 I/ActivityManager( 718): Start proc 2388:com.oranth.usbopenft/1000 for broadcast {com.oranth.usbopenft/com.oranth.usbopenft.UsbReceiver}
05-30 16:53:04.997 I/WebViewFactory( 2251): Loading com.android.webview version 116.0.5845.195 (code 584519500)
05-30 16:53:04.998 D/aaa ( 2101): topPkg is -------------- :com.dangbei.hqguide
05-30 16:53:05.000 I/Zygote ( 2388): seccomp disabled by setenforce 0
05-30 16:53:05.006 D/nativeloader( 2251): InitLlndkLibrariesProduct: libEGL.so:libGLESv1_CM.so:libGLESv2.so:libGLESv3.so:libRS.so:libandroid_net.so:libbinder_ndk.so:libc.so:libcgrouprc.so:libclang_rt.asan-arm-android.so:libcom.android.tethering.connectivity_native.so:libdl.so:libft2.so:liblog.so:libm.so:libmediandk.so:libnativewindow.so:libneuralnetworks.so:libselinux.so:libsync.so:libvndksupport.so:libvulkan.so
05-30 16:53:05.006 D/nativeloader( 2251): Configuring product-clns-5 for unbundled product apk /product/app/webview/webview.apk. target_sdk_version=34, uses_libraries=, library_path=/product/app/webview/lib/arm:/product/app/webview/webview.apk!/lib/armeabi-v7a:/product/lib:/system/product/lib, permitted_path=/data:/mnt/expand:/product/lib:/system/product/lib
05-30 16:53:05.006 I/ranth.usbopenft( 2388): Using CollectorTypeCC GC.
05-30 16:53:05.009 D/nativeloader( 2251): InitVndkspLibrariesProduct: android.hardware.common-V2-ndk.so:android.hardware.common.fmq-V1-ndk.so:android.hardware.graphics.allocator-V2-ndk.so:android.hardware.graphics.common-V4-ndk.so:android.hardware.graphics.common@1.0.so:android.hardware.graphics.common@1.1.so:android.hardware.graphics.common@1.2.so:android.hardware.graphics.composer3-V1-ndk.so:android.hardware.graphics.mapper@2.0.so:android.hardware.graphics.mapper@2.1.so:android.hardware.graphics.mapper@3.0.so:android.hardware.graphics.mapper@4.0.so:android.hardware.renderscript@1.0.so:android.hidl.memory.token@1.0.so:android.hidl.memory@1.0-impl.so:android.hidl.memory@1.0.so:android.hidl.safe_union@1.0.so:libRSCpuRef.so:libRSDriver.so:libRS_internal.so:libbase.so:libbcinfo.so:libblas.so:libc++.so:libcompiler_rt.so:libcutils.so:libdmabufheap.so:libgralloctypes.so:libhardware.so:libhidlbase.so:libhidlmemory.so:libion.so:libjsoncpp.so:liblzma.so:libprocessgroup.so:libunwindstack.so:libutils.so:libutilscallstack.so:libz.so
05-30 16:53:05.012 E/ranth.usbopenft( 2388): Not starting debugger since process cannot load the jdwp agent.
05-30 16:53:05.027 D/CompatibilityChangeReporter( 718): Compat change id reported: 168419799; UID 1000; state: DISABLED
05-30 16:53:05.027 I/AmFFmpegByteIOAdapter( 634): File size : 5837
05-30 16:53:05.027 D/CompatibilityChangeReporter( 718): Compat change id reported: 273564678; UID 1000; state: DISABLED
05-30 16:53:05.030 D/CompatibilityChangeReporter( 2388): Compat change id reported: 171979766; UID 1000; state: ENABLED
05-30 16:53:05.031 D/CompatibilityChangeReporter( 2388): Compat change id reported: 242716250; UID 1000; state: ENABLED
05-30 16:53:05.033 W/exFFmpeg( 634): Invalid return value 0 for stream protocol
05-30 16:53:05.041 D/nativeloader( 2388): Configuring clns-shared-4 for other apk /system/app/UsbOpenFT/UsbOpenFT.apk. target_sdk_version=35, uses_libraries=, library_path=/system/app/UsbOpenFT/lib/arm:/system/app/UsbOpenFT/UsbOpenFT.apk!/lib/armeabi-v7a:/system/lib:/system_ext/lib, permitted_path=/data:/mnt/expand:/data/user/0/com.oranth.usbopenft:/system/app/UsbOpenFT:/system/lib:/system_ext/lib
05-30 16:53:05.045 W/exFFmpeg( 634): Invalid return value 0 for stream protocol
05-30 16:53:05.045 I/AmFFmpegExtractor( 634): checkInList: iswhite:0, mime:audio/ogg, type:1, id:86021 tag:0
05-30 16:53:05.045 I/AmFFmpegExtractor( 634): checkInList: iswhite:1, mime:audio/ogg, type:1, id:86021 tag:0
05-30 16:53:05.045 E/AmFFmpegExtractor( 634): codec_ctx->properties: 0
05-30 16:53:05.045 I/AmFFmpegExtractor( 634): checkSupportInList ret 1
05-30 16:53:05.048 I/AmFFmpegExtractor( 634): checkInList: iswhite:0, mime:audio/ogg, type:1, id:86021 tag:0
05-30 16:53:05.048 I/AmFFmpegExtractor( 634): checkInList: iswhite:1, mime:audio/ogg, type:1, id:86021 tag:0
05-30 16:53:05.048 E/AmFFmpegExtractor( 634): codec_ctx->properties: 0
05-30 16:53:05.048 I/AmFFmpegExtractor( 634): checkSupportInList ret 0
05-30 16:53:05.048 E/AmFFmpegExtractor( 634): vendor do not support
05-30 16:53:05.053 I/cr_WVCFactoryProvider( 2251): Loaded version=116.0.5845.195 minSdkVersion=1 isBundle=false multiprocess=true packageId=2
05-30 16:53:05.065 D/CompatibilityChangeReporter( 2359): Compat change id reported: 160794467; UID 10027; state: DISABLED
05-30 16:53:05.078 W/ContextImpl( 2251): Calling a method in the system process without a qualified user: android.app.ContextImpl.bindService:1988 android.content.ContextWrapper.bindService:861 android.content.ContextWrapper.bindService:861 WV.Ce0.a:3 WV.Rq0.run:68
05-30 16:53:05.080 V/GraphicsEnvironment( 2388): Currently set values for:
05-30 16:53:05.080 V/GraphicsEnvironment( 2388): angle_gl_driver_selection_pkgs=[]
05-30 16:53:05.080 V/GraphicsEnvironment( 2388): angle_gl_driver_selection_values=[]
05-30 16:53:05.081 V/GraphicsEnvironment( 2388): ANGLE GameManagerService for com.oranth.usbopenft: false
05-30 16:53:05.081 V/GraphicsEnvironment( 2388): com.oranth.usbopenft is not listed in per-application setting
05-30 16:53:05.082 V/GraphicsEnvironment( 2388): Neither updatable production driver nor prerelease driver is supported.
05-30 16:53:05.093 D/CompatibilityChangeReporter( 718): Compat change id reported: 143937733; UID 10051; state: ENABLED
05-30 16:53:05.099 I/ActivityManager( 718): com.android.localtransport is exempt from freezer
05-30 16:53:05.099 D/CompatibilityChangeReporter( 718): Compat change id reported: 135634846; UID 1000; state: DISABLED
05-30 16:53:05.105 D/CompatibilityChangeReporter( 2359): Compat change id reported: 194532703; UID 10027; state: DISABLED
05-30 16:53:05.107 D/CompatibilityChangeReporter( 2359): Compat change id reported: 253665015; UID 10027; state: DISABLED
05-30 16:53:05.109 D/CompatibilityChangeReporter( 718): Compat change id reported: 271850009; UID 10027; state: DISABLED
05-30 16:53:05.109 D/CompatibilityChangeReporter( 718): Compat change id reported: 253665015; UID 10027; state: DISABLED
05-30 16:53:05.109 D/CompatibilityChangeReporter( 718): Compat change id reported: 194532703; UID 10027; state: DISABLED
05-30 16:53:05.111 D/ConnectivityService( 718): requestNetwork for uid/pid:1000/718 asUid: 10027 activeRequest: null callbackRequest: 45 [NetworkRequest [ REQUEST id=46, [ Capabilities: INTERNET&NOT_RESTRICTED&TRUSTED&NOT_VCN_MANAGED Uid: 10027 RequestorUid: 1000 RequestorPkg: android UnderlyingNetworks: Null] ]] callback flags: 0 order: 2147483647
05-30 16:53:05.111 E/dangbei111( 1892): cccccc 开始扫描
05-30 16:53:05.111 D/BluetoothAdapter( 1892): isLeEnabled(): ON
05-30 16:53:05.112 D/WifiNetworkFactory( 718): got request NetworkRequest [ REQUEST id=46, [ Capabilities: INTERNET&NOT_RESTRICTED&TRUSTED&NOT_VCN_MANAGED Uid: 10027 RequestorUid: 1000 RequestorPkg: android UnderlyingNetworks: Null] ]
05-30 16:53:05.112 D/UntrustedWifiNetworkFactory( 718): got request NetworkRequest [ REQUEST id=46, [ Capabilities: INTERNET&NOT_RESTRICTED&TRUSTED&NOT_VCN_MANAGED Uid: 10027 RequestorUid: 1000 RequestorPkg: android UnderlyingNetworks: Null] ]
05-30 16:53:05.112 D/OemPaidWifiNetworkFactory( 718): got request NetworkRequest [ REQUEST id=46, [ Capabilities: INTERNET&NOT_RESTRICTED&TRUSTED&NOT_VCN_MANAGED Uid: 10027 RequestorUid: 1000 RequestorPkg: android UnderlyingNetworks: Null] ]
05-30 16:53:05.112 D/MultiInternetWifiNetworkFactory( 718): got request NetworkRequest [ REQUEST id=46, [ Capabilities: INTERNET&NOT_RESTRICTED&TRUSTED&NOT_VCN_MANAGED Uid: 10027 RequestorUid: 1000 RequestorPkg: android UnderlyingNetworks: Null] ]
05-30 16:53:05.112 D/ConnectivityService( 718): NetReassign [no changes] [c 0] [a 0] [i 1]
05-30 16:53:05.114 W/ContextImpl( 2251): Calling a method in the system process without a qualified user: android.app.ContextImpl.bindService:1988 android.content.ContextWrapper.bindService:861 android.content.ContextWrapper.bindService:861 WV.Ce0.a:3 WV.Rq0.run:113
05-30 16:53:05.119 I/bt_stack( 1322): [INFO:le_scanning_manager.cc(155)] RegisterScanner in shim layer
05-30 16:53:05.120 D/BluetoothLeScanner( 1892): onScannerRegistered() - status=0 scannerId=2 mScannerId=0
05-30 16:53:05.120 D/Zygote ( 494): Forked child process 2414
05-30 16:53:05.123 D/BufferPoolAccessor2.0( 718): evictor expired: 6, evicted: 0
05-30 16:53:05.123 I/ActivityManager( 718): Start proc 2414:com.android.webview:webview_service/u0a51 for service {com.android.webview/org.chromium.android_webview.services.VariationsSeedServer}
05-30 16:53:05.129 D/audio_hw_hal_primary( 504): [out_standby_new:5767] io 13: out:0xe83440c0 usecase:PCM_NORMAL
05-30 16:53:05.129 I/audio_hw_hal_primary( 504): [do_output_standby_l:5663] io 13: out:0xe83440c0, stream usecase:PCM_NORMAL, continuous:1
05-30 16:53:05.129 I/audio_hw_hal_primary( 504): [usecase_change_validate_l:7436] ++ io 13: out:0xe83440c0 dev masks:0x1 is_standby:1 out usecase:PCM_NORMAL
05-30 16:53:05.129 I/audio_hw_hal_ms12common( 504): aml_set_ms12_scheduler_state ms12_scheduler_state:1, sch_state:1 SCHEDULER_STANDBY is sent to ms12
05-30 16:53:05.129 I/audio_hw_hal_primary( 504): [usecase_change_validate_l:7477] -- dev masks:0 is_standby:1 out usecase PCM_NORMAL
05-30 16:53:05.129 D/audio_hw_hal_primary( 504): [out_standby_new:5790] io 13: out:0xe83440c0 usecase:PCM_NORMAL exit
05-30 16:53:05.133 D/getEthernetMacAddr( 2251): getEthernetMacAddr use eth0
05-30 16:53:05.140 D/ActivityAttributionService( 1322): notifyActivityAttributionInfo UID=1002 packageName=com.android.bluetooth deviceAddress=no_active_device_address
05-30 16:53:05.140 I/bt_btif ( 1322): packages/modules/Bluetooth/system/btif/src/bluetooth.cc:829 get_profile_interface: get_profile_interface: id = activity_attribution
05-30 16:53:05.153 I/Zygote ( 2414): seccomp disabled by setenforce 0
05-30 16:53:05.161 I/webview_service( 2414): Using CollectorTypeCC GC.
05-30 16:53:05.169 E/webview_service( 2414): Not starting debugger since process cannot load the jdwp agent.
05-30 16:53:05.183 D/CompatibilityChangeReporter( 718): Compat change id reported: 168419799; UID 10051; state: DISABLED
05-30 16:53:05.183 D/CompatibilityChangeReporter( 718): Compat change id reported: 273564678; UID 10051; state: DISABLED
05-30 16:53:05.184 D/Zygote ( 494): Forked child process 2429
05-30 16:53:05.185 W/ActivityManager( 718): Slow operation: 86ms so far, now at startProcess: returned from zygote!
05-30 16:53:05.189 D/CompatibilityChangeReporter( 718): Compat change id reported: 265195908; UID 10051; state: ENABLED
05-30 16:53:05.190 W/ActivityManager( 718): Slow operation: 91ms so far, now at startProcess: done updating battery stats
05-30 16:53:05.190 W/ActivityManager( 718): Slow operation: 92ms so far, now at startProcess: building log message
05-30 16:53:05.190 I/ActivityManager( 718): Start proc 2429:com.android.localtransport/1000 for service {com.android.localtransport/com.android.localtransport.LocalTransportService}
05-30 16:53:05.190 W/ActivityManager( 718): Slow operation: 92ms so far, now at startProcess: starting to update pids map
05-30 16:53:05.190 W/ActivityManager( 718): Slow operation: 92ms so far, now at startProcess: done updating pids map
05-30 16:53:05.192 D/CompatibilityChangeReporter( 2414): Compat change id reported: 171979766; UID 10051; state: ENABLED
05-30 16:53:05.192 D/CompatibilityChangeReporter( 2414): Compat change id reported: 242716250; UID 10051; state: ENABLED
05-30 16:53:05.192 D/libdolbyms12( 504): continuous underrun 2
05-30 16:53:05.198 I/Zygote ( 2429): seccomp disabled by setenforce 0
05-30 16:53:05.204 D/CompatibilityChangeReporter( 718): Compat change id reported: 170503758; UID 10051; state: ENABLED
05-30 16:53:05.205 I/.localtransport( 2429): Using CollectorTypeCC GC.
05-30 16:53:05.214 E/.localtransport( 2429): Not starting debugger since process cannot load the jdwp agent.
05-30 16:53:05.216 D/nativeloader( 2414): InitLlndkLibrariesProduct: libEGL.so:libGLESv1_CM.so:libGLESv2.so:libGLESv3.so:libRS.so:libandroid_net.so:libbinder_ndk.so:libc.so:libcgrouprc.so:libclang_rt.asan-arm-android.so:libcom.android.tethering.connectivity_native.so:libdl.so:libft2.so:liblog.so:libm.so:libmediandk.so:libnativewindow.so:libneuralnetworks.so:libselinux.so:libsync.so:libvndksupport.so:libvulkan.so
05-30 16:53:05.217 D/nativeloader( 2414): Configuring product-clns-4 for unbundled product apk /product/app/webview/webview.apk. target_sdk_version=34, uses_libraries=, library_path=/product/app/webview/lib/arm:/product/app/webview/webview.apk!/lib/armeabi-v7a:/product/lib:/system/product/lib, permitted_path=/data:/mnt/expand:/data/user/0/com.android.webview:/product/lib:/system/product/lib
05-30 16:53:05.218 D/nativeloader( 2414): InitVndkspLibrariesProduct: android.hardware.common-V2-ndk.so:android.hardware.common.fmq-V1-ndk.so:android.hardware.graphics.allocator-V2-ndk.so:android.hardware.graphics.common-V4-ndk.so:android.hardware.graphics.common@1.0.so:android.hardware.graphics.common@1.1.so:android.hardware.graphics.common@1.2.so:android.hardware.graphics.composer3-V1-ndk.so:android.hardware.graphics.mapper@2.0.so:android.hardware.graphics.mapper@2.1.so:android.hardware.graphics.mapper@3.0.so:android.hardware.graphics.mapper@4.0.so:android.hardware.renderscript@1.0.so:android.hidl.memory.token@1.0.so:android.hidl.memory@1.0-impl.so:android.hidl.memory@1.0.so:android.hidl.safe_union@1.0.so:libRSCpuRef.so:libRSDriver.so:libRS_internal.so:libbase.so:libbcinfo.so:libblas.so:libc++.so:libcompiler_rt.so:libcutils.so:libdmabufheap.so:libgralloctypes.so:libhardware.so:libhidlbase.so:libhidlmemory.so:libion.so:libjsoncpp.so:liblzma.so:libprocessgroup.so:libunwindstack.so:libutils.so:libutilscallstack.so:libz.so
05-30 16:53:05.219 I/NU-AmNuPlayer( 637): [#1] updateMediaInfo
05-30 16:53:05.221 I/NU-AmNuPlayer( 637): [#1] [updateMediaInfo:1241]get i=0 , mime: audio/mpeg
05-30 16:53:05.226 D/NU-AmNuPlayerDriver( 637): [#1] start(0xf3542930), state is 4, eos is 0
05-30 16:53:05.226 I/NU-AmNuPlayer( 637): [#1] kWhatStart
05-30 16:53:05.226 I/NU-AmNuPlayer( 637): [#1] onStart: mCrypto: 0x0 (0)
05-30 16:53:05.226 I/NU-GenericSource( 637): start
05-30 16:53:05.229 I/NU-AmNuPlayer( 637): [#1] AmNuPlayer::Source::getFormat frame-rate = failed
05-30 16:53:05.230 I/NU-AmNuPlayerRenderer( 637): getAudioDevicesForStream streamType=3, audioDevices=0x400
05-30 16:53:05.231 E/NU-AmNuPlayerRenderer( 637): Couldn't map mime "audio/mpeg" to a valid audio_format
05-30 16:53:05.231 I/MessageMonitor( 637): NU-AmNuPlayerRenderer MessageMonitor mDebugLevel 0, poll message us 30000000
05-30 16:53:05.231 I/NU-AmNuPlayerRenderer( 637): [#1] mPlayerInstanceId = 1
05-30 16:53:05.231 I/NU-AmNuPlayerRenderer( 637): mFirstSlowSync is set to True. from : 1009
05-30 16:53:05.231 I/NU-AmNuPlayerRenderer( 637): [#1] media.amnuplayer.avsync.dropmode is set to 0 us .
05-30 16:53:05.232 D/xm_audio( 504): adev_get_parameters
05-30 16:53:05.234 I/NU-AmNuPlayerDriver( 637): media.player.atrace.enable is 1
05-30 16:53:05.234 I/NU-AmNuPlayer( 637): [#1] [onStart:4128] new Renderer
05-30 16:53:05.236 I/NU-AmNuPlayer( 637): [#1] AmNuPlayer::Source::getFormat frame-rate = failed
05-30 16:53:05.236 I/NU-AmNuPlayerRenderer( 637): getAudioDevicesForStream streamType=3, audioDevices=0x400
05-30 16:53:05.237 E/NU-AmNuPlayerRenderer( 637): Couldn't map mime "audio/mpeg" to a valid audio_format
05-30 16:53:05.237 I/NU-AmNuPlayer( 637): [#1] instantiateDecoder format: AMessage(what = 0x00000000) = {
05-30 16:53:05.237 I/NU-AmNuPlayer( 637): string mime = "audio/mpeg"
05-30 16:53:05.237 I/NU-AmNuPlayer( 637): int64_t durationUs = 5616000
05-30 16:53:05.237 I/NU-AmNuPlayer( 637): int32_t bitrate = 24000
05-30 16:53:05.237 I/NU-AmNuPlayer( 637): int32_t channel-count = 1
05-30 16:53:05.237 I/NU-AmNuPlayer( 637): int32_t sample-rate = 16000
05-30 16:53:05.237 I/NU-AmNuPlayer( 637): int32_t encoder-delay = 576
05-30 16:53:05.237 I/NU-AmNuPlayer( 637): int32_t encoder-padding = 0
05-30 16:53:05.237 I/NU-AmNuPlayer( 637): int32_t priority = 0
05-30 16:53:05.237 I/NU-AmNuPlayer( 637): }
05-30 16:53:05.237 W/AString ( 637): ctor got NULL, using empty string instead
05-30 16:53:05.237 I/NU-AmNuPlayerDecoder( 637): [#1] mPlayerInstanceId = 1
05-30 16:53:05.237 I/NU-AmNuPlayerDriver( 637): media.player.atrace.enable is 1
05-30 16:53:05.237 I/MessageMonitor( 637): NU-AmNuPlayerDecoder-audN MessageMonitor mDebugLevel 0, poll message us 30000000
05-30 16:53:05.237 I/NU-AmNuPlayer( 637): [#1] instantiateDecoder audio Decoder
05-30 16:53:05.238 I/NU-AmNuPlayerDecoder( 637): [#1] onConfigure format: AMessage(what = 0x00000000) = {
05-30 16:53:05.238 I/NU-AmNuPlayerDecoder( 637): string mime = "audio/mpeg"
05-30 16:53:05.238 I/NU-AmNuPlayerDecoder( 637): int64_t durationUs = 5616000
05-30 16:53:05.238 I/NU-AmNuPlayerDecoder( 637): int32_t bitrate = 24000
05-30 16:53:05.238 I/NU-AmNuPlayerDecoder( 637): int32_t channel-count = 1
05-30 16:53:05.238 I/NU-AmNuPlayerDecoder( 637): int32_t sample-rate = 16000
05-30 16:53:05.238 I/NU-AmNuPlayerDecoder( 637): int32_t encoder-delay = 576
05-30 16:53:05.238 I/NU-AmNuPlayerDecoder( 637): int32_t encoder-padding = 0
05-30 16:53:05.238 I/NU-AmNuPlayerDecoder( 637): int32_t priority = 0
05-30 16:53:05.238 I/NU-AmNuPlayerDecoder( 637): }
05-30 16:53:05.238 I/MessageMonitor( 637): ReadDataHandler MessageMonitor mDebugLevel 0, poll message us 30000000
05-30 16:53:05.240 D/CCodec ( 637): allocate(c2.android.mp3.decoder)
05-30 16:53:05.244 I/CCodec ( 637): setting up 'default' as default (vendor) store
05-30 16:53:05.245 V/GraphicsEnvironment( 2414): Currently set values for:
05-30 16:53:05.246 V/GraphicsEnvironment( 2414): angle_gl_driver_selection_pkgs=[]
05-30 16:53:05.246 V/GraphicsEnvironment( 2414): angle_gl_driver_selection_values=[]
05-30 16:53:05.246 V/GraphicsEnvironment( 2414): ANGLE GameManagerService for com.android.webview: false
05-30 16:53:05.247 V/GraphicsEnvironment( 2414): com.android.webview is not listed in per-application setting
05-30 16:53:05.247 V/GraphicsEnvironment( 2414): Neither updatable production driver nor prerelease driver is supported.
05-30 16:53:05.247 I/CCodec ( 637): Created component [c2.android.mp3.decoder]
05-30 16:53:05.247 D/CCodecConfig( 637): read media type: audio/mpeg
05-30 16:53:05.250 D/ReflectedParamUpdater( 637): extent() != 1 for single value type: algo.buffers.max-count.values
05-30 16:53:05.251 D/ReflectedParamUpdater( 637): extent() != 1 for single value type: output.subscribed-indices.values
05-30 16:53:05.251 D/ReflectedParamUpdater( 637): extent() != 1 for single value type: input.buffers.allocator-ids.values
05-30 16:53:05.251 D/ReflectedParamUpdater( 637): extent() != 1 for single value type: output.buffers.allocator-ids.values
05-30 16:53:05.251 D/ReflectedParamUpdater( 637): extent() != 1 for single value type: algo.buffers.allocator-ids.values
05-30 16:53:05.251 D/ReflectedParamUpdater( 637): extent() != 1 for single value type: output.buffers.pool-ids.values
05-30 16:53:05.252 D/ReflectedParamUpdater( 637): extent() != 1 for single value type: algo.buffers.pool-ids.values
05-30 16:53:05.257 D/ConnectivityService( 718): NetReassign [no changes] [c 0] [a 0] [i 1]
05-30 16:53:05.260 I/CCodecConfig( 637): query failed after returning 7 values (BAD_INDEX)
05-30 16:53:05.260 D/CCodecConfig( 637): c2 config diff is Dict {
05-30 16:53:05.260 D/CCodecConfig( 637): c2::u32 coded.bitrate.value = 64000
05-30 16:53:05.260 D/CCodecConfig( 637): c2::u32 input.buffers.max-size.value = 8192
05-30 16:53:05.260 D/CCodecConfig( 637): c2::u32 input.delay.value = 0
05-30 16:53:05.260 D/CCodecConfig( 637): string input.media-type.value = "audio/mpeg"
05-30 16:53:05.260 D/CCodecConfig( 637): string output.media-type.value = "audio/raw"
05-30 16:53:05.260 D/CCodecConfig( 637): c2::u32 raw.channel-count.value = 2
05-30 16:53:05.260 D/CCodecConfig( 637): c2::u32 raw.sample-rate.value = 44100
05-30 16:53:05.260 D/CCodecConfig( 637): }
05-30 16:53:05.260 D/CompatibilityChangeReporter( 718): Compat change id reported: 168419799; UID 1000; state: DISABLED
05-30 16:53:05.260 D/CompatibilityChangeReporter( 718): Compat change id reported: 273564678; UID 1000; state: DISABLED
05-30 16:53:05.264 I/init ( 2447): type=1400 audit(0.0:995): avc: denied { execute_no_trans } for path="/vendor/bin/player_ctl.sh" dev="dm-11" ino=333919 scontext=u:r:init:s0 tcontext=u:object_r:vendor_file:s0 tclass=file permissive=1
05-30 16:53:05.264 I/cr_WebViewApkApp( 2414): Launched version=116.0.5845.195 minSdkVersion=1 isBundle=false processName=com.android.webview:webview_service
05-30 16:53:05.268 I/NU-AmNuPlayerDecoder( 637): [#1] mComponentName c2.android.mp3.decoder
05-30 16:53:05.268 I/NU-AmNuPlayerRenderer( 637): [#1] audio source format 0x1
05-30 16:53:05.268 I/NU-AmNuPlayerDecoder( 637): sampleRate:16000
05-30 16:53:05.268 I/NU-AmNuPlayerDecoder( 637): [#1] is_passthrough_enable:0
05-30 16:53:05.268 I/NU-AmNuPlayerDecoder( 637): channel-count=1
05-30 16:53:05.268 I/NU-AmNuPlayerDecoder( 637): sample-rate=16000
05-30 16:53:05.268 I/NU-AmNuPlayerDecoder( 637): is_passthrough_enable=0
05-30 16:53:05.268 I/NU-AmNuPlayerDecoder( 637): extradata-size=0
05-30 16:53:05.268 I/MediaCodec( 637): MediaCodec will operate in async mode
05-30 16:53:05.268 D/MediaCodec( 637): flushMediametrics
05-30 16:53:05.269 D/CCodec ( 637): [c2.android.mp3.decoder] buffers are bound to CCodec for this session
05-30 16:53:05.269 D/CCodecConfig( 637): no c2 equivalents for durationUs
05-30 16:53:05.269 D/CCodecConfig( 637): no c2 equivalents for encoder-delay
05-30 16:53:05.269 D/CCodecConfig( 637): no c2 equivalents for encoder-padding
05-30 16:53:05.269 D/CCodecConfig( 637): no c2 equivalents for is_passthrough_enable
05-30 16:53:05.269 D/CCodecConfig( 637): no c2 equivalents for flags
05-30 16:53:05.270 D/CCodecConfig( 637): c2 config diff is c2::u32 coded.bitrate.value = 24000
05-30 16:53:05.270 D/CCodecConfig( 637): c2::u32 raw.channel-count.value = 1
05-30 16:53:05.270 D/CCodecConfig( 637): c2::u32 raw.sample-rate.value = 16000
05-30 16:53:05.271 W/Codec2Client( 637): query -- param skipped: index = 1107298332.
05-30 16:53:05.271 D/CCodec ( 637): encoding statistics level = 0
05-30 16:53:05.271 D/CCodec ( 637): setup formats input: AMessage(what = 0x00000000) = {
05-30 16:53:05.271 D/CCodec ( 637): int32_t bitrate = 24000
05-30 16:53:05.271 D/CCodec ( 637): int32_t channel-count = 1
05-30 16:53:05.271 D/CCodec ( 637): int32_t max-input-size = 8192
05-30 16:53:05.271 D/CCodec ( 637): string mime = "audio/mpeg"
05-30 16:53:05.271 D/CCodec ( 637): int32_t sample-rate = 16000
05-30 16:53:05.271 D/CCodec ( 637): }
05-30 16:53:05.271 D/CCodec ( 637): setup formats output: AMessage(what = 0x00000000) = {
05-30 16:53:05.271 D/CCodec ( 637): int32_t channel-count = 1
05-30 16:53:05.271 D/CCodec ( 637): string mime = "audio/raw"
05-30 16:53:05.271 D/CCodec ( 637): int32_t sample-rate = 16000
05-30 16:53:05.271 D/CCodec ( 637): int32_t encoder-delay = 576
05-30 16:53:05.271 D/CCodec ( 637): int32_t encoder-padding = 0
05-30 16:53:05.271 D/CCodec ( 637): int32_t android._config-pcm-encoding = 2
05-30 16:53:05.271 D/CCodec ( 637): }
05-30 16:53:05.271 I/CCodecConfig( 637): query failed after returning 7 values (BAD_INDEX)
05-30 16:53:05.272 D/MediaCodec( 637): keep callback message for reclaim
05-30 16:53:05.273 D/CompatibilityChangeReporter( 2429): Compat change id reported: 171979766; UID 1000; state: ENABLED
05-30 16:53:05.278 D/CompatibilityChangeReporter( 718): Compat change id reported: 261072174; UID 1000; state: DISABLED
05-30 16:53:05.280 D/CompatibilityChangeReporter( 2429): Compat change id reported: 242716250; UID 1000; state: ENABLED
05-30 16:53:05.283 W/Codec2Client( 637): query -- param skipped: index = 1342179345.
05-30 16:53:05.283 W/Codec2Client( 637): query -- param skipped: index = 2415921170.
05-30 16:53:05.285 D/CCodecBufferChannel( 637): [c2.android.mp3.decoder#312] Created input block pool with allocatorID 16 => poolID 18 - OK (0)
05-30 16:53:05.287 I/CCodecBufferChannel( 637): [c2.android.mp3.decoder#312] Created output block pool with allocatorID 16 => poolID 24 - OK
05-30 16:53:05.288 D/CCodecBufferChannel( 637): [c2.android.mp3.decoder#312] Configured output block pool ids 24 => OK
05-30 16:53:05.288 I/C2VendorComponentStore( 510): setDmaBufUsage 5
05-30 16:53:05.290 D/NuPlayerDecoderBase( 637): [#1] [KPI] startup, mediacodec config time spent: 52985
05-30 16:53:05.290 I/NU-AmNuPlayerDecoder( 637): [#1] [c2.android.mp3.decoder] First CB_INPUT_AVAILABLE received.
05-30 16:53:05.291 I/NU-AmNuPlayerDecoder( 637): [#1] [c2.android.mp3.decoder] First Input Buffer Queued to Codec
05-30 16:53:05.292 D/SimpleC2Component( 642): Using output block pool with poolID 24 => got 24 - 0
05-30 16:53:05.298 I/C2VendorComponentStore( 510): setDmaBufUsage 5
05-30 16:53:05.299 I/C2SoftMp3Dec( 642): Reconfiguring decoder: 0->16000 Hz, 0->1 channels
05-30 16:53:05.306 I/NU-AmNuPlayerDecoder( 637): [#1] handleOutputFormatChange format: AMessage(what = 0x00000000) = {
05-30 16:53:05.306 I/NU-AmNuPlayerDecoder( 637): int32_t channel-count = 1
05-30 16:53:05.306 I/NU-AmNuPlayerDecoder( 637): string mime = "audio/raw"
05-30 16:53:05.306 I/NU-AmNuPlayerDecoder( 637): int32_t sample-rate = 16000
05-30 16:53:05.306 I/NU-AmNuPlayerDecoder( 637): int32_t encoder-delay = 576
05-30 16:53:05.306 I/NU-AmNuPlayerDecoder( 637): int32_t encoder-padding = 0
05-30 16:53:05.306 I/NU-AmNuPlayerDecoder( 637): int32_t android._config-pcm-encoding = 2
05-30 16:53:05.306 I/NU-AmNuPlayerDecoder( 637): }
05-30 16:53:05.307 V/NU-AmNuPlayerRenderer( 637): [#1] openAudioSink: offloadOnly(0) offloadingAudio(0)
05-30 16:53:05.307 V/NU-AmNuPlayerRenderer( 637): [#1] track of type does not publish channel mask, use channel count:1 instead.
05-30 16:53:05.307 V/NU-AmNuPlayerRenderer( 637): [#1] openAudioSink channelMask:0x1
05-30 16:53:05.307 V/NU-AmNuPlayerRenderer( 637): [#1] openAudioSink: open AudioSink in NON-offload mode
05-30 16:53:05.310 D/xm_audio( 504): adev_get_parameters
05-30 16:53:05.312 I/NU-AmNuPlayerRenderer( 637): is_force_direct 0
05-30 16:53:05.312 D/NU-AmNuPlayerRenderer( 637): [#1] audio sink close from [onOpenAudioSink,5624]
05-30 16:53:05.313 I/NU-AmNuPlayerDecoder( 637): [#1] [c2.android.mp3.decoder] First CB_OUTPUT_AVAILABLE received. input buffer queued: 4
05-30 16:53:05.313 I/NU-AmNuPlayerDecoder( 637): [#1] [c2.android.mp3.decoder] First Out Buffer Queued to Render. timeUs:0
05-30 16:53:05.314 D/nativeloader( 2429): Configuring clns-shared-4 for other apk /system/priv-app/LocalTransport/LocalTransport.apk. target_sdk_version=34, uses_libraries=, library_path=/system/priv-app/LocalTransport/lib/arm:/system/priv-app/LocalTransport/LocalTransport.apk!/lib/armeabi-v7a:/system/lib:/system_ext/lib, permitted_path=/data:/mnt/expand:/data/user/0/com.android.localtransport:/system/priv-app/LocalTransport:/system/lib:/system_ext/lib
05-30 16:53:05.321 I/audio_hw_hal_primary( 504): [audiohal_get_latency:1333] io 69: out:0xe8341cd0 frames:1024 rate:48000 whole_latency:21 alsa_latency:21
05-30 16:53:05.321 D/AudioFlinger( 555): Client defaulted notificationFrames to 4092 for frameCount 8184
05-30 16:53:05.324 I/audio_hw_hal_primary( 504): [audiohal_get_latency:1333] io 69: out:0xe8341cd0 frames:1152 rate:48000 whole_latency:24 alsa_latency:24
05-30 16:53:05.330 D/NU-AmNuPlayerRenderer( 637): [#1] audio sink open from [onOpenAudioSink,5693]
05-30 16:53:05.330 I/audio_hw_hal_primary( 504): [audiohal_get_latency:1333] io 69: out:0xe8341cd0 frames:1152 rate:48000 whole_latency:24 alsa_latency:24
05-30 16:53:05.330 I/audio_hw_hal_primary( 504): [audiohal_get_latency:1333] io 13: out:0xe83440c0 frames:1152 rate:48000 whole_latency:24 alsa_latency:24
05-30 16:53:05.332 W/AudioFlinger( 555): moveEffectChain_l() effect chain for session 0 not on source thread 0xf2fdede0
05-30 16:53:05.335 D/CompatibilityChangeReporter( 2414): Compat change id reported: 194532703; UID 10051; state: ENABLED
05-30 16:53:05.335 D/CompatibilityChangeReporter( 2414): Compat change id reported: 253665015; UID 10051; state: ENABLED
05-30 16:53:05.337 D/CompatibilityChangeReporter( 718): Compat change id reported: 271850009; UID 10051; state: ENABLED
05-30 16:53:05.338 D/CompatibilityChangeReporter( 718): Compat change id reported: 253665015; UID 10051; state: ENABLED
05-30 16:53:05.338 D/CompatibilityChangeReporter( 718): Compat change id reported: 194532703; UID 10051; state: ENABLED
05-30 16:53:05.342 D/ConnectivityService( 718): requestNetwork for uid/pid:1000/718 asUid: 10051 activeRequest: null callbackRequest: 48 [NetworkRequest [ REQUEST id=49, [ Capabilities: INTERNET&NOT_RESTRICTED&TRUSTED&NOT_VCN_MANAGED Uid: 10051 RequestorUid: 1000 RequestorPkg: android UnderlyingNetworks: Null] ]] callback flags: 0 order: 2147483647
05-30 16:53:05.343 I/MediaProvider( 1893): Scanned internal due to REASON_MOUNTED, found 10 items in 1050ms, 10 inserts 0 updates 0 deletes
05-30 16:53:05.349 I/audio_hw_hal_primary( 504): [register_audio_patch:8220] Patch 2:id:2 mix(io:69)->dev_0[OUT_SPEAKER(id:2)] found, remove it, and register new patch.
05-30 16:53:05.349 I/audio_hw_hal_primary( 504): [unregister_audio_patch:8167] delete the Patch: 2
05-30 16:53:05.349 I/audio_hw_hal_primary( 504): [aml_audio_output_routing:3986] cur_devices:0x400 unmute_devices:0, mute_devices:0
05-30 16:53:05.349 I/audio_hw_hal_primary( 504): [adev_create_audio_patch:8316] Patch 6: MIX->DEVICE, num_src:1 num_sink:1 patch_src:INVAL
05-30 16:53:05.349 I/audio_hw_hal_primary( 504): [adev_create_audio_patch:8320] sink[0]: OUT_HDMI(id:36)
05-30 16:53:05.349 I/audio_hw_hal_primary( 504): [adev_create_audio_patch:8377] Patch 6: mix(io:69) -> dev[OUT_HDMI(id:36)]
05-30 16:53:05.350 I/audio_hw_hal_primary( 504): [adev_create_audio_patch:8445] dev=0xe8542930 cur_out_device=0x400
05-30 16:53:05.351 D/UEventObserver( 1336): change@/devices/platform/auge_sound/sound/card0/controlC0ACTION=changeDEVPATH=/devices/platform/auge_sound/sound/card0/controlC0SUBSYSTEM=soundAUDIO_FORMAT=0MAJOR=116MINOR=13DEVNAME=snd/controlC0SEQNUM=3519
05-30 16:53:05.352 I/audio_hw_hal_primary( 504): [audiohal_get_latency:1333] io 69: out:0xe8341cd0 frames:1280 rate:48000 whole_latency:26 alsa_latency:26
05-30 16:53:05.353 D/WifiNetworkFactory( 718): got request NetworkRequest [ REQUEST id=49, [ Capabilities: INTERNET&NOT_RESTRICTED&TRUSTED&NOT_VCN_MANAGED Uid: 10051 RequestorUid: 1000 RequestorPkg: android UnderlyingNetworks: Null] ]
05-30 16:53:05.358 D/UntrustedWifiNetworkFactory( 718): got request NetworkRequest [ REQUEST id=49, [ Capabilities: INTERNET&NOT_RESTRICTED&TRUSTED&NOT_VCN_MANAGED Uid: 10051 RequestorUid: 1000 RequestorPkg: android UnderlyingNetworks: Null] ]
05-30 16:53:05.358 D/OemPaidWifiNetworkFactory( 718): got request NetworkRequest [ REQUEST id=49, [ Capabilities: INTERNET&NOT_RESTRICTED&TRUSTED&NOT_VCN_MANAGED Uid: 10051 RequestorUid: 1000 RequestorPkg: android UnderlyingNetworks: Null] ]
05-30 16:53:05.358 D/MultiInternetWifiNetworkFactory( 718): got request NetworkRequest [ REQUEST id=49, [ Capabilities: INTERNET&NOT_RESTRICTED&TRUSTED&NOT_VCN_MANAGED Uid: 10051 RequestorUid: 1000 RequestorPkg: android UnderlyingNetworks: Null] ]
05-30 16:53:05.359 V/GraphicsEnvironment( 2429): Currently set values for:
05-30 16:53:05.359 V/GraphicsEnvironment( 2429): angle_gl_driver_selection_pkgs=[]
05-30 16:53:05.359 V/GraphicsEnvironment( 2429): angle_gl_driver_selection_values=[]
05-30 16:53:05.359 D/ConnectivityService( 718): NetReassign [no changes] [c 0] [a 0] [i 8]
05-30 16:53:05.360 V/GraphicsEnvironment( 2429): ANGLE GameManagerService for com.android.localtransport: false
05-30 16:53:05.360 V/GraphicsEnvironment( 2429): com.android.localtransport is not listed in per-application setting
05-30 16:53:05.360 V/GraphicsEnvironment( 2429): Neither updatable production driver nor prerelease driver is supported.
05-30 16:53:05.304 I/getprop ( 2460): type=1400 audit(0.0:996): avc: denied { write } for path="pipe:[35543]" dev="pipefs" ino=35543 scontext=u:r:vendor_toolbox:s0 tcontext=u:r:init:s0 tclass=fifo_file permissive=1
05-30 16:53:05.324 I/rainbow_flow( 1742): type=1400 audit(0.0:997): avc: denied { ioctl } for path="/dev/spidev1.0" dev="tmpfs" ino=534 ioctlcmd=0x6b00 scontext=u:r:init:s0 tcontext=u:object_r:device:s0 tclass=chr_file permissive=1
05-30 16:53:05.352 I/xm_hidread( 2275): type=1400 audit(0.0:998): avc: denied { read } for scontext=u:r:init:s0 tcontext=u:r:init:s0 tclass=netlink_kobject_uevent_socket permissive=1
05-30 16:53:05.352 I/cmd ( 2465): type=1400 audit(0.0:999): avc: denied { call } for scontext=u:r:init:s0 tcontext=u:r:servicemanager:s0 tclass=binder permissive=1
05-30 16:53:05.369 D/audioserver( 555): logFgsApiBegin: FGS Logger Transaction failed, -129
05-30 16:53:05.370 I/NU-AmNuPlayerRenderer( 637): [#1] openAudioSink: mAudioSink->open finished!!!
05-30 16:53:05.370 I/audio_hw_hal_primary( 504): out_update_source_metadata_v7() line 2013 usage:1 content_type:0
05-30 16:53:05.370 I/NU-AmNuPlayerRenderer( 637): [#1] mQueueInitial end, mHasAudio =1, mHasVideo = 0
05-30 16:53:05.370 I/NU-AmNuPlayerRenderer( 637): PTS: AV sync info:AV SYNCED
05-30 16:53:05.370 I/NU-AmNuPlayerRenderer( 637): PTS: SystemTimeStamp:-1
05-30 16:53:05.370 I/NU-AmNuPlayerRenderer( 637): PTS: Last AudioTimeStamp:-1
05-30 16:53:05.370 I/NU-AmNuPlayerRenderer( 637): PTS: Last VideoTimeStamp:-1
05-30 16:53:05.370 I/NU-AmNuPlayerRenderer( 637): PTS: AV diff:0 ,Ajump:0,Vjump:0
05-30 16:53:05.370 I/NU-AmNuPlayerRenderer( 637): PTS: mAjumpedNum:0, mAudioJumped till now=51482756
05-30 16:53:05.370 I/NU-AmNuPlayerRenderer( 637): PTS: mVjumpedNum:0, mVideoJumped till now=51482756
05-30 16:53:05.370 I/NU-AmNuPlayerRenderer( 637): PTS: mTotalAudioJumpedTimeUs:0, mTotalAudioJumpedTimeUs:0
05-30 16:53:05.370 I/NU-AmNuPlayerRenderer( 637): PTS: mLastVideoUs:-1
05-30 16:53:05.370 I/NU-AmNuPlayerRenderer( 637): PTS: mLastAudioUs:-1
05-30 16:53:05.370 I/NU-AmNuPlayerRenderer( 637): PTS: mAudioDelay 0 mFormat 0x1 mMs12Enabled 0
05-30 16:53:05.370 I/NU-AmNuPlayerRenderer( 637): [#1] First audio pcm date write to audiosink.
05-30 16:53:05.370 I/NU-AmNuPlayerRenderer( 637): [#1] setStartingTimeMedia 38937, mAudioPlayedOutDur 0
05-30 16:53:05.370 I/NU-AmNuPlayer( 637): [#1] media rendering started
05-30 16:53:05.370 I/NU-AmNuPlayer( 637): [#1] finishResume mResumePending:0
05-30 16:53:05.370 D/NU-AmNuPlayerDriver( 637): [#1] notifyListener_l(0xf3542930), (6, 0, 0, -1), loop setting(0, 0)
05-30 16:53:05.390 E/UMConfigure( 2251): 检测到SDK初始化过程遗漏UMConfigure.preInit函数,请参考【友盟+】合规指南: https://developer.umeng.com/docs/119267/detail/182050
05-30 16:53:05.390 E/UMConfigure( 2251): 检测到未调用隐私授权API,详情见:https://developer.umeng.com/docs/119267/detail/182050
05-30 16:53:05.406 I/NU-AmNuPlayerRenderer( 637): [#1] Audio PCM buffer First Full. time pay:36127, frameCount:8184, mAudioSink->frameSize():2
05-30 16:53:05.406 W/NU-AmNuPlayerRenderer( 637): [#1] postDrainAudioQueue long delay: 31968 (8184*0.062500), numFramesPendingPlayout:(8184-0)
05-30 16:53:05.408 D/audio_hw_hal_profile( 504): get_hdmi_sink_cap_new is running...
05-30 16:53:05.409 D/audio_hw_hal_profile( 504): query hdmi format...
05-30 16:53:05.409 D/audio_hw_hal_profile( 504): get_hdmi_sink_cap_new ddp is unsupported; ddp-joc(atmos) is unsupported;
05-30 16:53:05.409 I/audio_hw_hal_profile( 504): PCM cap Max channel =2
05-30 16:53:05.409 I/audio_hw_hal_stream( 504): get_sink_capability mbox+dvb case sink_capability = 0x9000000
05-30 16:53:05.409 I/audio_hw_hal_stream( 504): force ddp out =0
05-30 16:53:05.409 D/audio_hw_hal_profile( 504): get_hdmi_sink_cap_new is running...
05-30 16:53:05.409 D/audio_hw_hal_profile( 504): query hdmi format...
05-30 16:53:05.409 D/audio_hw_hal_profile( 504): get_hdmi_sink_cap_new ddp is unsupported; ddp-joc(atmos) is unsupported;
05-30 16:53:05.409 I/audio_hw_hal_profile( 504): PCM cap Max channel =2
05-30 16:53:05.409 I/audio_hw_hal_stream( 504): [get_sink_dts_capability:212] mbox+dvb case sink_capability: PCM_16_BIT(0x1)
05-30 16:53:05.409 D/audio_hw_hal_profile( 504): get_hdmi_sink_cap_new is running...
05-30 16:53:05.409 D/audio_hw_hal_profile( 504): query hdmi format...
05-30 16:53:05.409 D/audio_hw_hal_profile( 504): get_hdmi_sink_cap_new ddp is unsupported; ddp-joc(atmos) is unsupported;
05-30 16:53:05.409 I/audio_hw_hal_profile( 504): PCM cap Max channel =2
05-30 16:53:05.409 I/audio_hw_hal_stream( 504): [get_sink_mpegh_capability:245] mbox+dvb case sink_capability: PCM_16_BIT(0x1)
05-30 16:53:05.409 D/audio_hw_hal_profile( 504): get_hdmi_sink_cap_new is running...
05-30 16:53:05.409 D/audio_hw_hal_profile( 504): [get_hdmi_sink_cap_new:960] query hdmi sample_rate... format: PCM_16_BIT(0x1)
05-30 16:53:05.409 I/audio_hw_hal_profile( 504): get_hdmi_sink_cap_new format =0x1 support rate =sup_sampling_rates=32000|44100|48000|88200|96000|176400|192000
05-30 16:53:05.409 I/audio_hw_hal_stream( 504): pcm_fmt support sample_rate_mask:0x7f
05-30 16:53:05.409 I/audio_hw_hal_stream( 504): get_sink_dv_capability : /sys/class/amhdmitx/amhdmitx0/hdmi_hdr_status = HDR10-GAMMA_ST2084
05-30 16:53:05.409 I/audio_hw_hal_stream( 504): get_sink_dv_capability : dv enable 0
05-30 16:53:05.409 I/audio_hw_hal_stream( 504): [get_sink_format:446] out:0xe8341cd0 out devices:0x80002 cur_out_devices:0x400 format:PCM_16_BIT(0x1) digital_mode(PCM) sink cap:AC3(0x9000000)
05-30 16:53:05.409 I/audio_hw_hal_stream( 504): get_sink_format() HDMI ARC or mbox + dvb case
05-30 16:53:05.409 I/audio_hw_hal_stream( 504): [get_sink_format:645] sink_format:PCM_16_BIT(0x1) max channel:2 optical_format:PCM_16_BIT(0x1) dual_output 0
05-30 16:53:05.409 D/audio_hw_hal_ms12v2( 504): set_dolby_ms12_continuous_state audio_continuous_standby_set status 0
05-30 16:53:05.409 D/audio_hw_hal_continuous_standby( 504): audio_continuous_standby_set, type 0, params 0
05-30 16:53:05.409 I/audio_hw_hal_ms12common( 504): aml_set_ms12_scheduler_state ms12_scheduler_state:0, sch_state:0 SCHEDULER_RUNNING is sent to ms12
05-30 16:53:05.409 I/audio_hw_hal_primary( 504): [mixer_aux_buffer_write:7017] io 69: out:0xe8341cd0 usecase:PCM_DEEP_BUF standby to unstandby
05-30 16:53:05.410 D/audio_hw_hal_virtualbuf( 504): audio_virtual_buf_open ms12 deep buf input buf_begin=21333333 buf_target=84000000 time=1000000000
05-30 16:53:05.431 I/audio_hw_hal_primary( 504): out_write_new(), stream[0xe8341cd0] write_status set to true
05-30 16:53:05.432 I/audio_hw_hal_stream( 504): aml_stream_out_info_print: out:0xe8341cd0, stream_type:pcm, sync_mode:non tunnel, input_size:8192 bytes
