05-30 16:55:17.781 V/WindowManager( 718): Sent Transition #2 createdAt=05-30 16:55:16.742 via request=TransitionRequestInfo { type = 6, triggerTask = null, remoteTransition = null, displayChange = null, flags = 0 }
05-30 16:55:17.781 V/WindowManager( 718): startWCT=WindowContainerTransaction { changes = {} hops = [] errorCallbackToken=null taskFragmentOrganizer=null }
05-30 16:55:17.782 V/WindowManager( 718): info={id=2 t=CHANGE f=0x0 trk=0 r=[0@Point(0, 0)] c=[{null m=OPEN f=TRANSLUCENT|FILLS_TASK leash=Surface(name=ActivityRecord{cf20894 u0 com.android.permissioncontroller/.permission.ui.GrantPermissionsActivity)/@0x75d55de sb=Rect(0, 0 - 0, 0) eb=Rect(0, 0 - 1920, 1080) d=-1->0 r=-1->0:-1},{WCT{RemoteToken{b5ded9c Display{#0 state=ON size=1920x1080 ROTATION_0}}} m=CHANGE f=IS_DISPLAY leash=Surface(name=WindowedMagnification:0:31)/@0xa742711 sb=Rect(0, 0 - 1920, 1080) eb=Rect(0, 0 - 1920, 1080) d=0}]}
05-30 16:55:17.795 I/CCodec ( 637): setting up 'default' as default (vendor) store
05-30 16:55:17.799 I/CCodec ( 637): Created component [c2.android.mp3.decoder]
05-30 16:55:17.800 D/CCodecConfig( 637): read media type: audio/mpeg
05-30 16:55:17.808 D/ReflectedParamUpdater( 637): extent() != 1 for single value type: algo.buffers.max-count.values
05-30 16:55:17.810 D/ReflectedParamUpdater( 637): extent() != 1 for single value type: output.subscribed-indices.values
05-30 16:55:17.811 D/ReflectedParamUpdater( 637): extent() != 1 for single value type: input.buffers.allocator-ids.values
05-30 16:55:17.813 D/ReflectedParamUpdater( 637): extent() != 1 for single value type: output.buffers.allocator-ids.values
05-30 16:55:17.814 D/ReflectedParamUpdater( 637): extent() != 1 for single value type: algo.buffers.allocator-ids.values
05-30 16:55:17.814 D/ReflectedParamUpdater( 637): extent() != 1 for single value type: output.buffers.pool-ids.values
05-30 16:55:17.814 D/ReflectedParamUpdater( 637): extent() != 1 for single value type: algo.buffers.pool-ids.values
05-30 16:55:17.819 I/CCodecConfig( 637): query failed after returning 7 values (BAD_INDEX)
05-30 16:55:17.820 D/CCodecConfig( 637): c2 config diff is Dict {
05-30 16:55:17.820 D/CCodecConfig( 637): c2::u32 coded.bitrate.value = 64000
05-30 16:55:17.820 D/CCodecConfig( 637): c2::u32 input.buffers.max-size.value = 8192
05-30 16:55:17.820 D/CCodecConfig( 637): c2::u32 input.delay.value = 0
05-30 16:55:17.820 D/CCodecConfig( 637): string input.media-type.value = "audio/mpeg"
05-30 16:55:17.820 D/CCodecConfig( 637): string output.media-type.value = "audio/raw"
05-30 16:55:17.820 D/CCodecConfig( 637): c2::u32 raw.channel-count.value = 2
05-30 16:55:17.820 D/CCodecConfig( 637): c2::u32 raw.sample-rate.value = 44100
05-30 16:55:17.820 D/CCodecConfig( 637): }
05-30 16:55:17.820 D/CompatibilityChangeReporter( 718): Compat change id reported: 214016041; UID 10074; state: ENABLED
05-30 16:55:17.820 I/ImeTracker( 718): com.android.permissioncontroller:f9be430d: onRequestHide at ORIGIN_SERVER_HIDE_INPUT reason HIDE_ALWAYS_HIDDEN_STATE
05-30 16:55:17.820 I/ImeTracker( 718): com.android.permissioncontroller:f9be430d: onCancelled at PHASE_SERVER_SHOULD_HIDE
05-30 16:55:17.788 I/Thread-3( 1477): type=1400 audit(0.0:2125): avc: denied { read } for name="address" dev="sysfs" ino=22127 scontext=u:r:platform_app:s0:c512,c768 tcontext=u:object_r:sysfs_net:s0 tclass=file permissive=1 app=com.dangbei.hqguide
05-30 16:55:17.824 I/NU-AmNuPlayerDecoder( 637): [#2] mComponentName c2.android.mp3.decoder
05-30 16:55:17.824 I/NU-AmNuPlayerRenderer( 637): [#2] audio source format 0x1
05-30 16:55:17.824 I/NU-AmNuPlayerDecoder( 637): sampleRate:16000
05-30 16:55:17.824 I/NU-AmNuPlayerDecoder( 637): [#2] is_passthrough_enable:0
05-30 16:55:17.824 I/NU-AmNuPlayerDecoder( 637): channel-count=1
05-30 16:55:17.824 I/NU-AmNuPlayerDecoder( 637): sample-rate=16000
05-30 16:55:17.824 I/NU-AmNuPlayerDecoder( 637): is_passthrough_enable=0
05-30 16:55:17.824 I/NU-AmNuPlayerDecoder( 637): extradata-size=0
05-30 16:55:17.826 I/MediaCodec( 637): MediaCodec will operate in async mode
05-30 16:55:17.827 D/MediaCodec( 637): flushMediametrics
05-30 16:55:17.830 D/CCodec ( 637): [c2.android.mp3.decoder] buffers are bound to CCodec for this session
05-30 16:55:17.830 D/CCodecConfig( 637): no c2 equivalents for durationUs
05-30 16:55:17.830 D/CCodecConfig( 637): no c2 equivalents for encoder-delay
05-30 16:55:17.830 D/CCodecConfig( 637): no c2 equivalents for encoder-padding
05-30 16:55:17.830 D/CCodecConfig( 637): no c2 equivalents for is_passthrough_enable
05-30 16:55:17.830 D/CCodecConfig( 637): no c2 equivalents for flags
05-30 16:55:17.834 D/CCodecConfig( 637): c2 config diff is c2::u32 coded.bitrate.value = 48000
05-30 16:55:17.834 D/CCodecConfig( 637): c2::u32 raw.channel-count.value = 1
05-30 16:55:17.834 D/CCodecConfig( 637): c2::u32 raw.sample-rate.value = 16000
05-30 16:55:17.837 W/Codec2Client( 637): query -- param skipped: index = 1107298332.
05-30 16:55:17.837 D/CCodec ( 637): encoding statistics level = 0
05-30 16:55:17.837 D/CCodec ( 637): setup formats input: AMessage(what = 0x00000000) = {
05-30 16:55:17.837 D/CCodec ( 637): int32_t bitrate = 48000
05-30 16:55:17.837 D/CCodec ( 637): int32_t channel-count = 1
05-30 16:55:17.837 D/CCodec ( 637): int32_t max-input-size = 8192
05-30 16:55:17.837 D/CCodec ( 637): string mime = "audio/mpeg"
05-30 16:55:17.837 D/CCodec ( 637): int32_t sample-rate = 16000
05-30 16:55:17.837 D/CCodec ( 637): }
05-30 16:55:17.837 D/CCodec ( 637): setup formats output: AMessage(what = 0x00000000) = {
05-30 16:55:17.837 D/CCodec ( 637): int32_t channel-count = 1
05-30 16:55:17.837 D/CCodec ( 637): string mime = "audio/raw"
05-30 16:55:17.837 D/CCodec ( 637): int32_t sample-rate = 16000
05-30 16:55:17.837 D/CCodec ( 637): int32_t encoder-delay = 576
05-30 16:55:17.837 D/CCodec ( 637): int32_t encoder-padding = 749
05-30 16:55:17.837 D/CCodec ( 637): int32_t android._config-pcm-encoding = 2
05-30 16:55:17.837 D/CCodec ( 637): }
05-30 16:55:17.838 I/CCodecConfig( 637): query failed after returning 7 values (BAD_INDEX)
05-30 16:55:17.838 D/MediaCodec( 637): keep callback message for reclaim
05-30 16:55:17.843 I/DefaultIMS( 3073): onStartInput attribute=android.view.inputmethod.EditorInfo@88f6ea0 restarting=false inputType: 0
05-30 16:55:17.852 W/Codec2Client( 637): query -- param skipped: index = 1342179345.
05-30 16:55:17.852 W/Codec2Client( 637): query -- param skipped: index = 2415921170.
05-30 16:55:17.855 D/BufferPoolAccessor2.0( 637): bufferpool2 0xee1c3508 : 4(32768 size) total buffers - 4(32768 size) used buffers - 152/160 (recycle/alloc) - 8/312 (fetch/transfer)
05-30 16:55:17.856 D/BufferPoolAccessor2.0( 642): bufferpool2 0xeabc2c08 : 0(0 size) total buffers - 0(0 size) used buffers - 55/60 (recycle/alloc) - 5/60 (fetch/transfer)
05-30 16:55:17.856 D/CCodecBufferChannel( 637): [c2.android.mp3.decoder#662] Created input block pool with allocatorID 16 => poolID 19 - OK (0)
05-30 16:55:17.856 D/BufferPoolAccessor2.0( 642): Destruction - bufferpool2 0xeabc2c08 cached: 0/0M, 0/0% in use; allocs: 60, 92% recycled; transfers: 60, 92% unfetched
05-30 16:55:17.859 I/CCodecBufferChannel( 637): [c2.android.mp3.decoder#662] Created output block pool with allocatorID 16 => poolID 27 - OK
05-30 16:55:17.859 D/CCodecBufferChannel( 637): [c2.android.mp3.decoder#662] Configured output block pool ids 27 => OK
05-30 16:55:17.860 I/C2VendorComponentStore( 510): setDmaBufUsage 5
05-30 16:55:17.864 D/CCodecBufferChannel( 718): [c2.android.vorbis.decoder#262] MediaCodec discarded an unknown buffer
05-30 16:55:17.865 D/CCodecBufferChannel( 718): [c2.android.vorbis.decoder#262] MediaCodec discarded an unknown buffer
05-30 16:55:17.865 D/CCodecBufferChannel( 718): [c2.android.vorbis.decoder#262] MediaCodec discarded an unknown buffer
05-30 16:55:17.866 D/SimpleC2Component( 642): Using output block pool with poolID 27 => got 27 - 0
05-30 16:55:17.866 D/NuPlayerDecoderBase( 637): [#2] [KPI] startup, mediacodec config time spent: 108152
05-30 16:55:17.866 I/NU-AmNuPlayerDecoder( 637): [#2] [c2.android.mp3.decoder] First CB_INPUT_AVAILABLE received.
05-30 16:55:17.867 I/NU-AmNuPlayerDecoder( 637): [#2] [c2.android.mp3.decoder] First Input Buffer Queued to Codec
05-30 16:55:17.868 I/C2VendorComponentStore( 510): setDmaBufUsage 5
05-30 16:55:17.869 I/hw-BpHwBinder( 718): onLastStrongRef automatically unlinking death recipients
05-30 16:55:17.869 I/hw-BpHwBinder( 642): onLastStrongRef automatically unlinking death recipients
05-30 16:55:17.870 I/C2VendorComponentStore( 510): setDmaBufUsage 5
05-30 16:55:17.871 I/C2SoftMp3Dec( 642): Reconfiguring decoder: 0->16000 Hz, 0->1 channels
05-30 16:55:17.873 D/MediaCodec( 718): flushMediametrics
05-30 16:55:17.878 I/NU-AmNuPlayerDecoder( 637): [#2] handleOutputFormatChange format: AMessage(what = 0x00000000) = {
05-30 16:55:17.878 I/NU-AmNuPlayerDecoder( 637): int32_t channel-count = 1
05-30 16:55:17.878 I/NU-AmNuPlayerDecoder( 637): string mime = "audio/raw"
05-30 16:55:17.878 I/NU-AmNuPlayerDecoder( 637): int32_t sample-rate = 16000
05-30 16:55:17.878 I/NU-AmNuPlayerDecoder( 637): int32_t encoder-delay = 576
05-30 16:55:17.878 I/NU-AmNuPlayerDecoder( 637): int32_t encoder-padding = 749
05-30 16:55:17.878 I/NU-AmNuPlayerDecoder( 637): int32_t android._config-pcm-encoding = 2
05-30 16:55:17.878 I/NU-AmNuPlayerDecoder( 637): }
05-30 16:55:17.878 I/NU-AmNuPlayerDecoder( 637): [#2] [c2.android.mp3.decoder] First CB_OUTPUT_AVAILABLE received. input buffer queued: 4
05-30 16:55:17.878 I/NU-AmNuPlayerDecoder( 637): [#2] [c2.android.mp3.decoder] First Out Buffer Queued to Render. timeUs:0
05-30 16:55:17.878 V/NU-AmNuPlayerRenderer( 637): [#2] openAudioSink: offloadOnly(0) offloadingAudio(0)
05-30 16:55:17.879 V/NU-AmNuPlayerRenderer( 637): [#2] track of type does not publish channel mask, use channel count:1 instead.
05-30 16:55:17.879 V/NU-AmNuPlayerRenderer( 637): [#2] openAudioSink channelMask:0x1
05-30 16:55:17.879 V/NU-AmNuPlayerRenderer( 637): [#2] openAudioSink: open AudioSink in NON-offload mode
05-30 16:55:17.883 D/xm_audio( 504): adev_get_parameters
05-30 16:55:17.884 I/NU-AmNuPlayerRenderer( 637): is_force_direct 0
05-30 16:55:17.884 D/NU-AmNuPlayerRenderer( 637): [#2] audio sink close from [onOpenAudioSink,5624]
05-30 16:55:17.890 I/audio_hw_hal_primary( 504): [audiohal_get_latency:1333] io 13: out:0xe83440c0 frames:896 rate:48000 whole_latency:18 alsa_latency:18
05-30 16:55:17.890 D/AudioFlinger( 555): Client defaulted notificationFrames to 4092 for frameCount 8184
05-30 16:55:17.895 V/WindowManagerShell( 1131): Transition animation finished (aborted=false), notifying core (#2)android.os.BinderProxy@9b42ac3@0
05-30 16:55:17.896 I/audio_hw_hal_primary( 504): [audiohal_get_latency:1333] io 13: out:0xe83440c0 frames:2048 rate:48000 whole_latency:42 alsa_latency:42
05-30 16:55:17.898 I/AmFFmpegByteIOAdapter( 634): File size : 13299
05-30 16:55:17.899 V/WindowManager( 718): app ------------- force_land :0
05-30 16:55:17.900 V/WindowManager( 718): Finish Transition #2: created at
05-30 16:55:16.742 collect-started=0.084ms request-sent=0.235ms started=31.659ms ready=817.351ms sent=1010.312ms finished=1154.622ms
05-30 16:55:17.901 D/NU-AmNuPlayerRenderer( 637): [#2] audio sink open from [onOpenAudioSink,5693]
05-30 16:55:17.901 I/audio_hw_hal_primary( 504): [audiohal_get_latency:1333] io 13: out:0xe83440c0 frames:1792 rate:48000 whole_latency:37 alsa_latency:37
05-30 16:55:17.901 I/audio_hw_hal_primary( 504): [audiohal_get_latency:1333] io 69: out:0xe8341cd0 frames:1792 rate:48000 whole_latency:37 alsa_latency:37
05-30 16:55:17.904 V/WindowManagerShell( 1131): Track 0 became idle
05-30 16:55:17.904 V/WindowManagerShell( 1131): All active transition animations finished
05-30 16:55:17.905 W/exFFmpeg( 634): Invalid return value 0 for stream protocol
05-30 16:55:17.905 D/audioserver( 555): logFgsApiBegin: FGS Logger Transaction failed, -129
05-30 16:55:17.905 I/audio_hw_hal_primary( 504): out_update_source_metadata_v7() line 2013 usage:1 content_type:0
05-30 16:55:17.905 I/NU-AmNuPlayerRenderer( 637): [#2] openAudioSink: mAudioSink->open finished!!!
05-30 16:55:17.905 I/NU-AmNuPlayerRenderer( 637): [#2] mQueueInitial end, mHasAudio =1, mHasVideo = 0
05-30 16:55:17.905 I/NU-AmNuPlayerRenderer( 637): PTS: AV sync info:AV SYNCED
05-30 16:55:17.905 I/NU-AmNuPlayerRenderer( 637): PTS: SystemTimeStamp:-1
05-30 16:55:17.905 I/NU-AmNuPlayerRenderer( 637): PTS: Last AudioTimeStamp:-1
05-30 16:55:17.905 I/NU-AmNuPlayerRenderer( 637): PTS: Last VideoTimeStamp:-1
05-30 16:55:17.905 I/NU-AmNuPlayerRenderer( 637): PTS: AV diff:0 ,Ajump:0,Vjump:0
05-30 16:55:17.905 I/NU-AmNuPlayerRenderer( 637): PTS: mAjumpedNum:0, mAudioJumped till now=184018359
05-30 16:55:17.905 I/NU-AmNuPlayerRenderer( 637): PTS: mVjumpedNum:0, mVideoJumped till now=184018359
05-30 16:55:17.905 I/NU-AmNuPlayerRenderer( 637): PTS: mTotalAudioJumpedTimeUs:0, mTotalAudioJumpedTimeUs:0
05-30 16:55:17.905 I/NU-AmNuPlayerRenderer( 637): PTS: mLastVideoUs:-1
05-30 16:55:17.905 I/NU-AmNuPlayerRenderer( 637): PTS: mLastAudioUs:-1
05-30 16:55:17.905 I/NU-AmNuPlayerRenderer( 637): PTS: mAudioDelay 0 mFormat 0x1 mMs12Enabled 0
05-30 16:55:17.906 I/NU-AmNuPlayerRenderer( 637): [#2] First audio pcm date write to audiosink.
05-30 16:55:17.906 D/audio_hw_hal_ms12v2( 504): set_dolby_ms12_continuous_state audio_continuous_standby_set status 0
05-30 16:55:17.906 D/audio_hw_hal_continuous_standby( 504): audio_continuous_standby_set, type 0, params 0
05-30 16:55:17.906 I/audio_hw_hal_ms12common( 504): aml_set_ms12_scheduler_state ms12_scheduler_state:0, sch_state:0 SCHEDULER_RUNNING is sent to ms12
05-30 16:55:17.906 I/audio_hw_hal_primary( 504): [mixer_aux_buffer_write:7017] io 13: out:0xe83440c0 usecase:PCM_NORMAL standby to unstandby
05-30 16:55:17.906 E/audio_hw_hal_virtualbuf( 504): ms12 system input underrun happens read=139456625942 write=6783999894 diff=132672626048
05-30 16:55:17.906 I/NU-AmNuPlayer( 637): [#2] media rendering started
05-30 16:55:17.906 I/NU-AmNuPlayer( 637): [#2] finishResume mResumePending:0
05-30 16:55:17.906 D/NU-AmNuPlayerDriver( 637): [#2] notifyListener_l(0xf3540d30), (6, 0, 0, -1), loop setting(0, 0)
05-30 16:55:17.909 I/NU-AmNuPlayerRenderer( 637): [#2] setStartingTimeMedia 110937, mAudioPlayedOutDur 0
05-30 16:55:17.914 W/exFFmpeg( 634): Invalid return value 0 for stream protocol
05-30 16:55:17.914 I/AmFFmpegExtractor( 634): checkInList: iswhite:0, mime:audio/ogg, type:1, id:86021 tag:0
05-30 16:55:17.914 I/AmFFmpegExtractor( 634): checkInList: iswhite:1, mime:audio/ogg, type:1, id:86021 tag:0
05-30 16:55:17.914 E/AmFFmpegExtractor( 634): codec_ctx->properties: 0
05-30 16:55:17.914 I/AmFFmpegExtractor( 634): checkSupportInList ret 1
05-30 16:55:17.923 I/AmFFmpegExtractor( 634): checkInList: iswhite:0, mime:audio/ogg, type:1, id:86021 tag:0
05-30 16:55:17.924 I/AmFFmpegExtractor( 634): checkInList: iswhite:1, mime:audio/ogg, type:1, id:86021 tag:0
05-30 16:55:17.924 E/AmFFmpegExtractor( 634): codec_ctx->properties: 0
05-30 16:55:17.924 I/AmFFmpegExtractor( 634): checkSupportInList ret 0
05-30 16:55:17.924 E/AmFFmpegExtractor( 634): vendor do not support
05-30 16:55:17.930 I/audio_hw_hal_stream( 504): aml_stream_out_info_print: out:0xe83440c0, stream_type:pcm, sync_mode:non tunnel, input_size:1302528 bytes
05-30 16:55:17.930 I/audio_hw_hal_stream( 504): aml_stream_out_info_print: last_time:51237 ms (sec:51, nsec:237376982), last_position:6620 ms (317776), cur_time:184041 ms (sec:184, nsec:41854337), cur_position:6700 ms (321616)
05-30 16:55:17.930 I/audio_hw_hal_stream( 504): aml_stream_out_info_print: time_gap:132804 ms (thr:100 ms), position_gap:80 ms, delay:83 ms, jitter: Position gap is behind system time gap by 132724 ms (thr:100 ms)
05-30 16:55:17.931 D/AudioTrack( 637): getTimestamp_l(48): device stall time corrected using current time 184043719253
05-30 16:55:17.937 I/NU-AmNuPlayerRenderer( 637): [#2] Audio PCM buffer First Full. time pay:31578, frameCount:8184, mAudioSink->frameSize():2
05-30 16:55:17.937 W/NU-AmNuPlayerRenderer( 637): [#2] postDrainAudioQueue long delay: 31968 (8184*0.062500), numFramesPendingPlayout:(8184-0)
05-30 16:55:17.948 D/CCodecBufferChannel( 718): [c2.android.vorbis.decoder#182] MediaCodec discarded an unknown buffer
05-30 16:55:17.948 D/CCodecBufferChannel( 718): [c2.android.vorbis.decoder#182] MediaCodec discarded an unknown buffer
05-30 16:55:17.949 D/CCodecBufferChannel( 718): [c2.android.vorbis.decoder#182] MediaCodec discarded an unknown buffer
05-30 16:55:17.952 I/hw-BpHwBinder( 718): onLastStrongRef automatically unlinking death recipients
05-30 16:55:17.952 I/hw-BpHwBinder( 642): onLastStrongRef automatically unlinking death recipients
05-30 16:55:17.952 I/hw-BpHwBinder( 642): onLastStrongRef automatically unlinking death recipients
05-30 16:55:17.954 D/MediaCodec( 718): flushMediametrics
05-30 16:55:17.960 D/libdolbyms12( 504): continuous underrun 2
05-30 16:55:17.966 D/MediaCodecList( 718): codecHandlesFormat: no format, so no extra checks
05-30 16:55:17.969 W/NU-AmNuPlayerRenderer( 637): [#2] postDrainAudioQueue long delay: 31968 (8184*0.062500), numFramesPendingPlayout:(8184-0)
05-30 16:55:17.971 V/WindowManagerShell( 1131): Transition requested: android.os.BinderProxy@5d58870 TransitionRequestInfo { type = 2, triggerTask = null, remoteTransition = null, displayChange = null, flags = 0 }
05-30 16:55:17.973 I/audio_hw_hal_primary( 504): out_update_source_metadata_v7() line 2013 usage:1 content_type:0
05-30 16:55:17.973 D/CCodec ( 718): allocate(c2.android.vorbis.decoder)
05-30 16:55:17.788 I/Thread-3( 1477): type=1400 audit(0.0:2126): avc: denied { open } for path="/sys/devices/virtual/net/dummy0/address" dev="sysfs" ino=22127 scontext=u:r:platform_app:s0:c512,c768 tcontext=u:object_r:sysfs_net:s0 tclass=file permissive=1 app=com.dangbei.hqguide
05-30 16:55:17.788 I/Thread-3( 1477): type=1400 audit(0.0:2127): avc: denied { getattr } for path="/sys/devices/virtual/net/dummy0/address" dev="sysfs" ino=22127 scontext=u:r:platform_app:s0:c512,c768 tcontext=u:object_r:sysfs_net:s0 tclass=file permissive=1 app=com.dangbei.hqguide
05-30 16:55:17.796 I/rgb_led_ctl( 4044): type=1400 audit(0.0:2128): avc: denied { write } for name="spidev1.0" dev="tmpfs" ino=534 scontext=u:r:init:s0 tcontext=u:object_r:device:s0 tclass=chr_file permissive=1
05-30 16:55:17.796 I/rgb_led_ctl( 4044): type=1400 audit(0.0:2129): avc: denied { open } for path="/dev/spidev1.0" dev="tmpfs" ino=534 scontext=u:r:init:s0 tcontext=u:object_r:device:s0 tclass=chr_file permissive=1
05-30 16:55:17.980 I/CCodec ( 718): setting up 'default' as default (vendor) store
05-30 16:55:17.980 I/NU-AmNuPlayer( 637): [#2] [getStrCurrentAudioCodec]
05-30 16:55:17.984 I/CCodec ( 718): Created component [c2.android.vorbis.decoder]
05-30 16:55:17.984 I/NU-AmNuPlayer( 637): [#2] AmNuPlayer::Source::getFormat frame-rate = failed
05-30 16:55:17.984 D/CCodecConfig( 718): read media type: audio/vorbis
05-30 16:55:17.989 V/WindowManager( 718): app ------------- force_land :0
05-30 16:55:17.989 D/ReflectedParamUpdater( 718): extent() != 1 for single value type: algo.buffers.max-count.values
05-30 16:55:17.991 D/ReflectedParamUpdater( 718): extent() != 1 for single value type: output.subscribed-indices.values
05-30 16:55:17.992 D/ReflectedParamUpdater( 718): extent() != 1 for single value type: input.buffers.allocator-ids.values
05-30 16:55:17.992 D/ReflectedParamUpdater( 718): extent() != 1 for single value type: output.buffers.allocator-ids.values
05-30 16:55:17.993 D/ReflectedParamUpdater( 718): extent() != 1 for single value type: algo.buffers.allocator-ids.values
05-30 16:55:17.993 D/ReflectedParamUpdater( 718): extent() != 1 for single value type: output.buffers.pool-ids.values
05-30 16:55:17.993 D/ReflectedParamUpdater( 718): extent() != 1 for single value type: algo.buffers.pool-ids.values
05-30 16:55:18.002 W/AudioTrack( 637): getTimestamp_l(48): retrograde timestamp time corrected, 184073277545 < 184082271545
05-30 16:55:18.002 W/NU-AmNuPlayerRenderer( 637): [#2] postDrainAudioQueue long delay: 31968 (8184*0.062500), numFramesPendingPlayout:(9549-1365)
05-30 16:55:18.011 I/BpBinder( 263): onLastStrongRef automatically unlinking death recipients:
05-30 16:55:18.016 V/WindowManagerShell( 1131): onTransitionReady android.os.BinderProxy@5d58870: {id=3 t=CLOSE f=0x0 trk=0 r=[0@Point(0, 0)] c=[{null m=CLOSE f=TRANSLUCENT|FILLS_TASK leash=Surface(name=ActivityRecord{cf20894 u0 com.android.permissioncontroller/.permission.ui.GrantPermissionsActivity)/@0x21d67e9 sb=Rect(0, 0 - 1920, 1080) eb=Rect(0, 0 - 1920, 1080) d=0}]}
05-30 16:55:18.016 V/WindowManager( 718): Sent Transition #3 createdAt=05-30 16:55:17.969 via request=TransitionRequestInfo { type = 2, triggerTask = null, remoteTransition = null, displayChange = null, flags = 0 }
05-30 16:55:18.016 V/WindowManager( 718): startWCT=WindowContainerTransaction { changes = {} hops = [] errorCallbackToken=null taskFragmentOrganizer=null }
05-30 16:55:18.016 V/WindowManagerShell( 1131): Playing animation for (#3)android.os.BinderProxy@5d58870@0
05-30 16:55:18.016 V/WindowManagerShell( 1131): try handler com.android.wm.shell.keyguard.KeyguardTransitionHandler@a2ec436
05-30 16:55:18.016 V/WindowManagerShell( 1131): try handler com.android.wm.shell.pip.tv.TvPipTransition@d762f37
05-30 16:55:18.016 V/WindowManagerShell( 1131): try handler com.android.wm.shell.activityembedding.ActivityEmbeddingController@93f0ca4
05-30 16:55:18.016 V/WindowManagerShell( 1131): try handler com.android.wm.shell.transition.RemoteTransitionHandler@8a8a0d
05-30 16:55:18.016 V/WindowManagerShell( 1131): Transition doesn't have explicit remote, search filters for match for {id=3 t=CLOSE f=0x0 trk=0 r=[0@Point(0, 0)] c=[{null m=CLOSE f=TRANSLUCENT|FILLS_TASK leash=Surface(name=ActivityRecord{cf20894 u0 com.android.permissioncontroller/.permission.ui.GrantPermissionsActivity)/@0x21d67e9 sb=Rect(0, 0 - 1920, 1080) eb=Rect(0, 0 - 1920, 1080) d=0}]}
05-30 16:55:18.017 V/WindowManagerShell( 1131): Delegate animation for #3 to null
05-30 16:55:18.017 V/WindowManagerShell( 1131): try handler com.android.wm.shell.transition.DefaultTransitionHandler@41aedc2
05-30 16:55:18.017 V/WindowManagerShell( 1131): start default transition animation, info = {id=3 t=CLOSE f=0x0 trk=0 r=[0@Point(0, 0)] c=[{null m=CLOSE f=TRANSLUCENT|FILLS_TASK leash=Surface(name=ActivityRecord{cf20894 u0 com.android.permissioncontroller/.permission.ui.GrantPermissionsActivity)/@0x21d67e9 sb=Rect(0, 0 - 1920, 1080) eb=Rect(0, 0 - 1920, 1080) d=0}]}
05-30 16:55:18.023 I/CCodecConfig( 718): query failed after returning 7 values (BAD_INDEX)
05-30 16:55:18.023 D/CCodecConfig( 718): c2 config diff is Dict {
05-30 16:55:18.023 D/CCodecConfig( 718): c2::u32 coded.bitrate.value = 64000
05-30 16:55:18.023 D/CCodecConfig( 718): c2::u32 input.buffers.max-size.value = 32768
05-30 16:55:18.023 D/CCodecConfig( 718): c2::u32 input.delay.value = 0
05-30 16:55:18.023 D/CCodecConfig( 718): string input.media-type.value = "audio/vorbis"
05-30 16:55:18.023 D/CCodecConfig( 718): string output.media-type.value = "audio/raw"
05-30 16:55:18.023 D/CCodecConfig( 718): c2::u32 raw.channel-count.value = 1
05-30 16:55:18.023 D/CCodecConfig( 718): c2::u32 raw.sample-rate.value = 48000
05-30 16:55:18.023 D/CCodecConfig( 718): }
05-30 16:55:18.023 V/WindowManagerShell( 1131): loadAnimation: anim=null animAttr=0x7 type=CLOSE isEntrance=false
05-30 16:55:18.024 V/WindowManagerShell( 1131): Transition animation finished (aborted=false), notifying core (#3)android.os.BinderProxy@5d58870@0
05-30 16:55:18.026 V/WindowManager( 718): info={id=3 t=CLOSE f=0x0 trk=0 r=[0@Point(0, 0)] c=[{null m=CLOSE f=TRANSLUCENT|FILLS_TASK leash=Surface(name=ActivityRecord{cf20894 u0 com.android.permissioncontroller/.permission.ui.GrantPermissionsActivity)/@0x75d55de sb=Rect(0, 0 - 1920, 1080) eb=Rect(0, 0 - 1920, 1080) d=0}]}
05-30 16:55:18.034 W/NU-AmNuPlayerRenderer( 637): [#2] postDrainAudioQueue long delay: 31968 (8184*0.062500), numFramesPendingPlayout:(10232-2048)
05-30 16:55:18.036 V/WindowManagerShell( 1131): Track 0 became idle
05-30 16:55:18.036 V/WindowManagerShell( 1131): All active transition animations finished
05-30 16:55:18.036 V/WindowManagerShell( 1131): animated by com.android.wm.shell.transition.DefaultTransitionHandler@41aedc2
05-30 16:55:18.036 V/WindowManagerShell( 1131): Track 0 became idle
05-30 16:55:18.036 V/WindowManagerShell( 1131): All active transition animations finished
05-30 16:55:18.037 I/ImeTracker( 718): com.dangbei.hqguide:93c30954: onRequestHide at ORIGIN_SERVER_HIDE_INPUT reason HIDE_UNSPECIFIED_WINDOW
05-30 16:55:18.038 I/ImeTracker( 718): com.dangbei.hqguide:93c30954: onCancelled at PHASE_SERVER_SHOULD_HIDE
05-30 16:55:18.045 D/MediaCodec( 718): flushMediametrics
05-30 16:55:18.045 D/CCodec ( 718): [c2.android.vorbis.decoder] buffers are bound to CCodec for this session
05-30 16:55:18.045 D/CCodecConfig( 718): no c2 equivalents for durationUs
05-30 16:55:18.045 D/CCodecConfig( 718): no c2 equivalents for track-id
05-30 16:55:18.045 D/CCodecConfig( 718): no c2 equivalents for csd-1
05-30 16:55:18.045 D/CCodecConfig( 718): no c2 equivalents for flags
05-30 16:55:18.045 V/WindowManager( 718): Finish Transition #3: created at
05-30 16:55:17.969 collect-started=0.162ms request-sent=0.271ms started=11.494ms ready=26.431ms sent=44.46ms finished=60.346ms
05-30 16:55:18.047 D/CCodecConfig( 718): c2 config diff is c2::u32 coded.bitrate.value = 112000
05-30 16:55:18.047 D/CCodecConfig( 718): c2::u32 raw.channel-count.value = 2
05-30 16:55:18.047 D/CCodecConfig( 718): c2::u32 raw.sample-rate.value = 44100
05-30 16:55:18.048 W/Codec2Client( 718): query -- param skipped: index = 1107298332.
05-30 16:55:18.048 D/CCodec ( 718): encoding statistics level = 0
05-30 16:55:18.048 D/CCodec ( 718): setup formats input: AMessage(what = 0x00000000) = {
05-30 16:55:18.048 D/CCodec ( 718): int32_t bitrate = 112000
05-30 16:55:18.048 D/CCodec ( 718): int32_t channel-count = 2
05-30 16:55:18.048 D/CCodec ( 718): int32_t max-input-size = 32768
05-30 16:55:18.048 D/CCodec ( 718): string mime = "audio/vorbis"
05-30 16:55:18.048 D/CCodec ( 718): int32_t sample-rate = 44100
05-30 16:55:18.048 D/CCodec ( 718): }
05-30 16:55:18.048 D/CCodec ( 718): setup formats output: AMessage(what = 0x00000000) = {
05-30 16:55:18.048 D/CCodec ( 718): int32_t channel-count = 2
05-30 16:55:18.048 D/CCodec ( 718): string mime = "audio/raw"
05-30 16:55:18.048 D/CCodec ( 718): int32_t sample-rate = 44100
05-30 16:55:18.048 D/CCodec ( 718): int32_t channel-mask = 3
05-30 16:55:18.048 D/CCodec ( 718): int32_t android._config-pcm-encoding = 2
05-30 16:55:18.048 D/CCodec ( 718): }
05-30 16:55:18.048 I/CCodecConfig( 718): query failed after returning 7 values (BAD_INDEX)
05-30 16:55:18.049 W/Codec2Client( 718): query -- param skipped: index = 1342179345.
05-30 16:55:18.049 W/Codec2Client( 718): query -- param skipped: index = 2415921170.
05-30 16:55:18.050 I/DefaultIMS( 3073): onStartInput attribute=android.view.inputmethod.EditorInfo@8870a59 restarting=false inputType: 0
05-30 16:55:18.052 D/CCodecBufferChannel( 718): [c2.android.vorbis.decoder#293] Created input block pool with allocatorID 16 => poolID 25 - OK (0)
05-30 16:55:18.054 I/CCodecBufferChannel( 718): [c2.android.vorbis.decoder#293] Created output block pool with allocatorID 16 => poolID 28 - OK
05-30 16:55:18.054 D/CCodecBufferChannel( 718): [c2.android.vorbis.decoder#293] Configured output block pool ids 28 => OK
05-30 16:55:18.055 I/C2VendorComponentStore( 510): setDmaBufUsage 5
05-30 16:55:18.057 D/SimpleC2Component( 642): Using output block pool with poolID 28 => got 28 - 0
05-30 16:55:18.067 D/NU-AmNuPlayerRenderer( 637): [#2] Switch audio track end . onNewAudioMediaTime, audio sink position was ready.
05-30 16:55:18.067 I/NU-AmNuPlayerRenderer( 637): [#2] First valid audio position found, time pay:161220, audioPlayedOutDur:38039, writtenDur:639500
05-30 16:55:18.067 I/NU-AmNuPlayerRenderer( 637): [#2] getPlayedOutDurationUs is unstable. audioPlayedOutDur:38039 (diff:38039) - realDIFF: 184179705 = -184141666, writtenAudioDurationUs:639500, lastTimeUs:686937 (frameSize: 2)
05-30 16:55:18.069 D/NU-AmNuPlayerDriver( 637): [#2] notifyListener_l(0xf3540d30), (211, 0, 0, 20), loop setting(0, 0)
05-30 16:55:18.071 I/C2VendorComponentStore( 510): setDmaBufUsage 5
05-30 16:55:18.073 I/C2VendorComponentStore( 510): setDmaBufUsage 5
05-30 16:55:18.088 W/ContextImpl( 718): Calling a method in the system process without a qualified user: android.app.ContextImpl.startService:1899 com.android.server.wm.DisplayPolicy.lambda$focusChangedLw$5:2126 com.android.server.wm.DisplayPolicy.$r8$lambda$Znxk63oh-WzVnzo_WQefN7uxV48:0 com.android.server.wm.DisplayPolicy$$ExternalSyntheticLambda13.run:0 android.os.Handler.handleCallback:958
05-30 16:55:18.093 D/aaa ( 2101): LedStatusService onStartCommand begin
05-30 16:55:18.101 I/system_server( 718): Background young concurrent copying GC freed 308984(11MB) AllocSpace objects, 4(80KB) LOS objects, 44% free, 13MB/25MB, paused 441us,687us total 343.501ms
05-30 16:55:18.104 D/WindowManagerShell( 1131): TvPipController: onTaskStackChanged()
05-30 16:55:18.120 D/aaa ( 2101): topPkg is -------------- :com.dangbei.hqguide
05-30 16:55:18.122 W/WindowOnBackDispatcher( 1141): sendCancelIfRunning: isInProgress=falsecallback=android.view.ViewRootImpl$$ExternalSyntheticLambda17@37ff07
05-30 16:55:18.122 D/CoreBackPreview( 718): Window{c9225c u0 com.android.permissioncontroller/com.android.permissioncontroller.permission.ui.GrantPermissionsActivity}: Setting back callback null
05-30 16:55:18.129 D/CCodecBufferChannel( 718): [c2.android.vorbis.decoder#293] MediaCodec discarded an unknown buffer
05-30 16:55:18.129 D/CCodecBufferChannel( 718): [c2.android.vorbis.decoder#293] MediaCodec discarded an unknown buffer
05-30 16:55:18.130 W/InputManager-JNI( 718): Input channel object 'c9225c com.android.permissioncontroller/com.android.permissioncontroller.permission.ui.GrantPermissionsActivity (client)' was disposed without first being removed with the input manager!
05-30 16:55:18.131 I/hw-BpHwBinder( 718): onLastStrongRef automatically unlinking death recipients
05-30 16:55:18.131 I/hw-BpHwBinder( 642): onLastStrongRef automatically unlinking death recipients
05-30 16:55:18.131 I/hw-BpHwBinder( 642): onLastStrongRef automatically unlinking death recipients
05-30 16:55:18.133 D/MediaCodec( 718): flushMediametrics
05-30 16:55:18.911 D/hq ( 2251): NetWorkStateReceiver:::检查网络,并且持续更新 isConnect=false
05-30 16:55:19.196 E/NU-GenericSource( 637): hasBufferAvailable return -1011
05-30 16:55:19.196 W/NU-AmNuPlayerDecoder( 637): Unable to obtain audio data
05-30 16:55:19.196 I/NU-AmNuPlayerDecoder( 637): [#2] queue EOS buffer to MediaCodec. Audio
05-30 16:55:19.197 E/NU-GenericSource( 637): hasBufferAvailable return -1011
05-30 16:55:19.197 W/NU-AmNuPlayerDecoder( 637): Unable to obtain audio data
05-30 16:55:19.197 I/NU-AmNuPlayerDecoder( 637): [#2] queue EOS buffer to MediaCodec. Audio
05-30 16:55:19.197 D/CCodecBufferChannel( 637): [c2.android.mp3.decoder#662] buffers after EOS ignored (0 us)
05-30 16:55:19.197 E/NU-GenericSource( 637): hasBufferAvailable return -1011
05-30 16:55:19.197 W/NU-AmNuPlayerDecoder( 637): Unable to obtain audio data
05-30 16:55:19.197 I/NU-AmNuPlayerDecoder( 637): [#2] queue EOS buffer to MediaCodec. Audio
05-30 16:55:19.198 D/CCodecBufferChannel( 637): [c2.android.mp3.decoder#662] buffers after EOS ignored (0 us)
05-30 16:55:19.259 I/NU-AmNuPlayerDecoder( 637): [#2] [audio] saw output EOS
05-30 16:55:19.259 I/NU-AmNuPlayerRenderer( 637): [#2] audio have queued eos, no need to check buffer discontinue
05-30 16:55:19.259 I/NU-AmNuPlayerRenderer( 637): [#2] onQueueEOS audio
05-30 16:55:19.388 D/AudioTrack( 637): stop(48): called with 32659 frames delivered
05-30 16:55:19.388 I/NU-AmNuPlayerRenderer( 637): [#2] setDiscontinuityFromM3u8 audio 0
05-30 16:55:19.388 D/NU-AmNuPlayerRenderer( 637): [#2] audio sink stop from [onDrainAudioQueue,2525]
05-30 16:55:19.913 I/audio_hw_hal_primary( 504): [audiohal_get_latency:1333] io 13: out:0xe83440c0 frames:1280 rate:48000 whole_latency:26 alsa_latency:26
05-30 16:55:19.935 I/audio_hw_hal_primary( 504): [audiohal_get_latency:1333] io 13: out:0xe83440c0 frames:1280 rate:48000 whole_latency:26 alsa_latency:26
05-30 16:55:19.956 I/audio_hw_hal_primary( 504): [audiohal_get_latency:1333] io 13: out:0xe83440c0 frames:1280 rate:48000 whole_latency:26 alsa_latency:26
05-30 16:55:19.977 I/audio_hw_hal_primary( 504): [audiohal_get_latency:1333] io 13: out:0xe83440c0 frames:1024 rate:48000 whole_latency:21 alsa_latency:21
05-30 16:55:19.998 I/audio_hw_hal_primary( 504): [audiohal_get_latency:1333] io 13: out:0xe83440c0 frames:1280 rate:48000 whole_latency:26 alsa_latency:26
05-30 16:55:20.020 I/audio_hw_hal_primary( 504): [audiohal_get_latency:1333] io 13: out:0xe83440c0 frames:1280 rate:48000 whole_latency:26 alsa_latency:26
05-30 16:55:20.041 I/audio_hw_hal_primary( 504): [audiohal_get_latency:1333] io 13: out:0xe83440c0 frames:1280 rate:48000 whole_latency:26 alsa_latency:26
05-30 16:55:20.063 I/audio_hw_hal_primary( 504): [audiohal_get_latency:1333] io 13: out:0xe83440c0 frames:1280 rate:48000 whole_latency:26 alsa_latency:26
05-30 16:55:20.069 D/NU-AmNuPlayerDriver( 637): [#2] notifyListener_l(0xf3540d30), (2, 0, 0, -1), loop setting(0, 0)
05-30 16:55:20.070 I/NU-AmNuPlayerRenderer( 637): [#2] render_onPause
05-30 16:55:20.070 D/NU-AmNuPlayerRenderer( 637): [#2] audio sink pause from [onPause,5121]
05-30 16:55:20.070 I/NU-AmNuPlayerRenderer( 637): [#2] now paused audio queue has 0 entries, video has 0 entries
05-30 16:55:20.070 D/NU-AmNuPlayerDriver( 637): [#2] notifyListener_l(0xf3540d30), (211, 0, 0, 20), loop setting(0, 0)
05-30 16:55:20.084 I/audio_hw_hal_primary( 504): [audiohal_get_latency:1333] io 13: out:0xe83440c0 frames:1024 rate:48000 whole_latency:21 alsa_latency:21
05-30 16:55:20.085 D/audioserver( 555): logFgsApiEnd: FGS Logger Transaction failed, -129
05-30 16:55:20.164 I/efs.send_log( 2598): log cann't be send because net status is disconnected
05-30 16:55:20.912 D/hq ( 2251): NetWorkStateReceiver:::检查网络,并且持续更新 isConnect=false
05-30 16:55:21.007 I/audio_hw_hal_alsamgr( 504): alsa format =0x1 delay frames =1024 total frames=8149760
05-30 16:55:21.019 E/WifiScoringParams( 718): Invalid frequency(-1), using 5G as default rssi array
05-30 16:55:21.031 D/InstantWifi( 718): Drop, size: 0
05-30 16:55:22.654 D/BufferPoolAccessor2.0( 718): bufferpool2 0xb658b8a8 : 0(0 size) total buffers - 0(0 size) used buffers - 2/7 (recycle/alloc) - 7/42 (fetch/transfer)
05-30 16:55:22.654 D/BufferPoolAccessor2.0( 718): evictor expired: 1, evicted: 1
05-30 16:55:22.655 D/BufferPoolAccessor2.0( 642): evictor expired: 1, evicted: 0
05-30 16:55:22.660 D/BufferPoolAccessor2.0( 637): evictor expired: 1, evicted: 0
05-30 16:55:22.878 D/audio_hw_hal_primary( 504): [out_standby_new:5767] io 13: out:0xe83440c0 usecase:PCM_NORMAL
05-30 16:55:22.878 I/audio_hw_hal_primary( 504): [do_output_standby_l:5663] io 13: out:0xe83440c0, stream usecase:PCM_NORMAL, continuous:1
05-30 16:55:22.878 I/audio_hw_hal_primary( 504): [usecase_change_validate_l:7436] ++ io 13: out:0xe83440c0 dev masks:0x1 is_standby:1 out usecase:PCM_NORMAL
05-30 16:55:22.878 I/audio_hw_hal_ms12common( 504): aml_set_ms12_scheduler_state ms12_scheduler_state:1, sch_state:1 SCHEDULER_STANDBY is sent to ms12
05-30 16:55:22.878 I/audio_hw_hal_primary( 504): [usecase_change_validate_l:7477] -- dev masks:0 is_standby:1 out usecase PCM_NORMAL
05-30 16:55:22.878 D/audio_hw_hal_primary( 504): [out_standby_new:5790] io 13: out:0xe83440c0 usecase:PCM_NORMAL exit
05-30 16:55:22.914 D/hq ( 2251): NetWorkStateReceiver:::检查网络,并且持续更新 isConnect=false
05-30 16:55:22.969 D/libdolbyms12( 504): continuous underrun 2
05-30 16:55:23.054 D/NU-AmNuPlayerDriver( 637): [#2] reset(0xf3540d30) at state 6
05-30 16:55:23.055 D/NU-AmNuPlayerDriver( 637): [#2] notifyListener_l(0xf3540d30), (8, 0, 0, -1), loop setting(0, 0)
05-30 16:55:23.055 I/NU-GenericSource( 637): --->disconnect<---
05-30 16:55:23.056 I/NU-GenericSource( 637): --->disconnect OK
05-30 16:55:23.056 I/NU-AmNuPlayerDecoder( 637): [#2] [doFlush:1443] audio flushing
05-30 16:55:23.056 I/NU-AmNuPlayerDecoder( 637): [#2] [doFlush:1450] audio flushing
05-30 16:55:23.056 D/NU-AmNuPlayerDriver( 637): [#2] notifyListener_l(0xf3540d30), (211, 0, 0, 20), loop setting(0, 0)
05-30 16:55:23.056 I/NU-AmNuPlayerRenderer( 637): [#2] clearAnchorTime
05-30 16:55:23.056 I/NU-AmNuPlayerRenderer( 637): [#2] flushing audio
05-30 16:55:23.057 D/NU-AmNuPlayerRenderer( 637): [#2] audio sink pause-flush-stop from [onFlush,4893]
05-30 16:55:23.057 I/NU-AmNuPlayerDecoder( 637): [#2] [doFlush:1456] audio flushing
05-30 16:55:23.057 I/NU-AmNuPlayer( 637): [#2] decoder audio flush completed
05-30 16:55:23.058 I/hw-BpHwBinder( 637): onLastStrongRef automatically unlinking death recipients
05-30 16:55:23.059 I/hw-BpHwBinder( 642): onLastStrongRef automatically unlinking death recipients
05-30 16:55:23.059 D/BufferPoolAccessor2.0( 637): bufferpool2 0xee1c2e48 : 0(0 size) total buffers - 0(0 size) used buffers - 55/63 (recycle/alloc) - 16/118 (fetch/transfer)
05-30 16:55:23.060 D/MediaCodec( 637): flushMediametrics
05-30 16:55:23.060 D/BufferPoolAccessor2.0( 642): bufferpool2 0xeabc2c08 : 0(0 size) total buffers - 0(0 size) used buffers - 53/60 (recycle/alloc) - 7/60 (fetch/transfer)
05-30 16:55:23.060 I/NuPlayerDecoderBase( 637): ReadDataHandler release.
05-30 16:55:23.061 I/MessageMonitor( 637): ReadDataHandler MessageMonitor exit
05-30 16:55:23.061 I/NU-AmNuPlayer( 637): [#2] audio shutdown completed
05-30 16:55:23.061 I/NU-AmNuPlayer( 637): [#2] audio setHasNoMedia
05-30 16:55:23.061 I/MessageMonitor( 637): NU-AmNuPlayerDecoder-audN MessageMonitor exit
05-30 16:55:23.063 I/NU-GenericSource( 637): >>>[~GenericSource 2152]
05-30 16:55:23.063 I/NU-GenericSource( 637): [resetDataSource 684]
05-30 16:55:23.063 I/MessageMonitor( 637): NU-GenericSource MessageMonitor exit
05-30 16:55:23.064 W/RefBase ( 637): RefBase: Explicit destruction, weak count = 0 (in 0xf36c43f0). Use sp<> to manage this object.
05-30 16:55:23.064 W/RefBase ( 637): CallStack::getCurrentInternal not linked, returning null
05-30 16:55:23.064 W/RefBase ( 637): CallStack::logStackInternal not linked
05-30 16:55:23.064 I/MessageMonitor( 637): NU-AmNuPlayerRenderer MessageMonitor exit
05-30 16:55:23.064 I/NU-AmNuPlayerRenderer( 637): [#2] ~Renderer
05-30 16:55:23.064 D/NU-AmNuPlayerDriver( 637): [#2] notifyResetComplete(0xf3540d30)
05-30 16:55:23.064 I/NU-AmNuPlayer( 637): mSeekByUserCompleted_5508: 1
05-30 16:55:23.065 D/NU-AmNuPlayerDriver( 637): [#2] reset(0xf3540d30) at state 0
05-30 16:55:23.065 D/AmlPlayerTimer( 637): func:_timer_delete delete timer.1 success.
05-30 16:55:23.065 I/MessageMonitor( 637): NU-AmNuPlayer MessageMonitor exit
05-30 16:55:23.066 I/audio_hw_hal_primary( 504): [adev_set_parameters:4123] dev:0xe8542930, kv: sound_track=0
05-30 16:55:23.066 D/audio_hw_hal_hfp( 504): [audio_extn_hfp_set_parameters:739] audio_extn_hfp_set_parameters
05-30 16:55:23.066 I/audio_hw_hal_primary( 504): video player sound_track mode 0
05-30 16:55:23.069 I/audio_hw_hal_primary( 504): [adev_set_parameters:4123] dev:0xe8542930, kv: is_ms12_continuous=1
05-30 16:55:23.069 D/audio_hw_hal_hfp( 504): [audio_extn_hfp_set_parameters:739] audio_extn_hfp_set_parameters
05-30 16:55:23.069 I/audio_hw_hal_primary( 504): adev_set_parameters is_ms12_continuous set to 1
05-30 16:55:23.071 I/AmlPlayerTimer( 637): ~AmlPlayerTimer
05-30 16:55:23.071 W/AMessage( 637): failed to post message as target looper for handler 0 is gone.
05-30 16:55:23.072 V/MediaPlayer( 1477): resetDrmState: mDrmInfo=null mDrmProvisioningThread=null mPrepareDrmInProgress=false mActiveDrmScheme=false
05-30 16:55:23.072 V/MediaPlayer( 1477): cleanDrmObj: mDrmObj=null mDrmSessionId=null
05-30 16:55:23.074 D/audioserver( 555): logFgsApiEnd: FGS Logger Transaction failed, -129
05-30 16:55:23.090 V/AmlogicNuPlayerFactoryInit( 637): create AmNuPlayer
05-30 16:55:23.091 I/AmlPlayerTimer( 637): AmlPlayerTimer
05-30 16:55:23.091 I/MessageMonitor( 637): NU-AmNuPlayer MessageMonitor mDebugLevel 0, poll message us 30000000
05-30 16:55:23.091 I/NU-AmNuPlayer( 637): [#3] mPlayerInstanceId = 3
05-30 16:55:23.092 D/AmlPlayerTimer( 637): func:_timer_create create timer.1 success.
05-30 16:55:23.092 D/NU-AmNuPlayerDriver( 637): [#3] AmNuPlayerDriver(0xf3541970) created, clientPid(1477), mPlayerInstanceId(3)
05-30 16:55:23.092 I/NU-AmNuPlayerDriver( 637): [#3]
05-30 16:55:23.092 I/NU-AmNuPlayerDriver( 637): --------------------------------
05-30 16:55:23.092 I/NU-AmNuPlayerDriver( 637): ARCH = arm
05-30 16:55:23.092 I/NU-AmNuPlayerDriver( 637): branch name: from
05-30 16:55:23.092 I/NU-AmNuPlayerDriver( 637): git version: 6e56b7326ee6d173be366a46d99e68ce5c8268f0
05-30 16:55:23.092 I/NU-AmNuPlayerDriver( 637): change id: Change-Id: I91714fae1b836472af4f4042cd497867bdf0004d
05-30 16:55:23.092 I/NU-AmNuPlayerDriver( 637): ID : PD#SWPL-193937
05-30 16:55:23.092 I/NU-AmNuPlayerDriver( 637): last changed: Date: Fri Nov 22 10:58:40 2024 +0000
05-30 16:55:23.092 I/NU-AmNuPlayerDriver( 637): build-time: Fri Dec 6 12:54:08 CST 2024
05-30 16:55:23.092 I/NU-AmNuPlayerDriver( 637): build-name: drm.autobuild
05-30 16:55:23.092 I/NU-AmNuPlayerDriver( 637): uncommitted-file-num:1
05-30 16:55:23.092 I/NU-AmNuPlayerDriver( 637): BaseCommitMsg: commit 6e56b7326ee6d173be366a46d99e68ce5c8268f0 PD#SWPL-193937 Change-Id: I91714fae1b836472af4f4042cd497867bdf0004d
05-30 16:55:23.092 I/NU-AmNuPlayerDriver( 637): PathesOnBase:
05-30 16:55:23.092 I/NU-AmNuPlayerDriver( 637):
05-30 16:55:23.092 I/NU-AmNuPlayerDriver( 637): MM-module-name:AmNuPlayer,Version:4.1.26-g6e56b73(build:6483)
05-30 16:55:23.092 I/NU-AmNuPlayerDriver( 637):
05-30 16:55:23.092 I/NU-AmNuPlayerDriver( 637): --------------------------------
05-30 16:55:23.092 I/NU-AmNuPlayerDriver( 637): [#3] Supported functions :
05-30 16:55:23.092 I/NU-AmNuPlayerDriver( 637): {"MM-module-name":"AmNuPlayer"{"Features":["Switchaudio/subtitletracks","HTTPlivestreamingformpegtsandmp3formats","Localplaybackforvariousformats","UDPunicastandmulticastformpegtsformat","RTP/RTSPplaybackformpegtsformat","HLSlive/vodformpegtsformat","Androidaudiooffloadmode","SupportBuilt-insubtitles","AVS3videosupportforprotocolHTTPandLocal","AC4audiosupportforprotocolHTTP,Local,HLSandUDP","DVBTelextsupport","AudioVIVIDsuportforLocal/HTTP/UDP/HLS","AVS3videosupportforprotocolHLSandUDP","ISOplaybackforlocal","libcurldownloadforprotocolHLS","dnscacheforprotocolHLS","ipv6andipv4firstplaybackforprotocolHLS","IPTVMulticasttoUnicastforprotocolRTPandUDP","IPTVcmccsoftprobeforprotocolUDPRTPHTTPHLS","SupportHLSV6bandwidthswitch","AVS2videosupportforprotocolUDP","DTSUHDP2offloadsupport"],"SupportedFormats":[{"Protocol":"UDP","FileFormats":["MPEGTS"],},{"Protocol":"HLS","FileFormats":["MPEGTS","MP4"],},{"Protocol":"HTTPLIVE","FileFormats":["MPEGTS","MP3"],},{"Protocol":"LOCAL/HTTPVOD","Fil
05-30 16:55:23.093 I/hwservicemanager( 233): getTransport: Cannot find entry android.hardware.media.omx@1.0::IOmx/default in either framework or device VINTF manifest.
05-30 16:55:23.093 D/MediaPlayerService( 637): OMX service is not available
05-30 16:55:23.097 I/NU-AmNuPlayer( 637): [#3] setDataSourceAsync fd 10/18729984/17190
05-30 16:55:23.097 I/NU-AmNuPlayer( 637): [#3] kWhatSetAudioSink
05-30 16:55:23.110 D/NU-AmNuPlayer( 637): part of md5:8a7ce561b0784f89da5d586d1190417e
05-30 16:55:23.110 I/NU-AmNuPlayer( 637): [#3] file size too small, check M3U8
05-30 16:55:23.110 I/MessageMonitor( 637): NU-GenericSource MessageMonitor mDebugLevel 0, poll message us 30000000
05-30 16:55:23.110 I/NU-GenericSource( 637): mPlayerInstanceId = 3
05-30 16:55:23.110 I/NU-GenericSource( 637): [resetDataSource 684]
05-30 16:55:23.110 I/NU-GenericSource( 637): [resetDataSource 684]
05-30 16:55:23.113 I/NU-GenericSource( 637): patch:
05-30 16:55:23.113 I/audio_hw_hal_primary( 504): [adev_set_parameters:4123] dev:0xe8542930, kv: is_ms12_continuous=0
05-30 16:55:23.113 D/audio_hw_hal_hfp( 504): [audio_extn_hfp_set_parameters:739] audio_extn_hfp_set_parameters
05-30 16:55:23.113 I/audio_hw_hal_primary( 504): adev_set_parameters is_ms12_continuous set to 0
05-30 16:55:23.114 D/NU-GenericSource( 637): FileSource remote
05-30 16:55:23.115 I/NU-GenericSource( 637): >>>[initFromDataSource 1424]
05-30 16:55:23.117 I/AmFFmpegByteIOAdapter( 634): File size : 17190
05-30 16:55:23.117 I/AmFFmpegExtractor( 634): checkInList: iswhite:0, mime:audio/mpeg, type:1, id:86017 tag:0
05-30 16:55:23.117 I/AmFFmpegExtractor( 634): checkInList: iswhite:1, mime:audio/mpeg, type:1, id:86017 tag:0
05-30 16:55:23.117 E/AmFFmpegExtractor( 634): codec_ctx->properties: 0
05-30 16:55:23.117 I/AmFFmpegExtractor( 634): checkSupportInList ret 1
05-30 16:55:23.118 I/AmFFmpegExtractor( 634): checkInList: iswhite:0, mime:audio/mpeg, type:1, id:86017 tag:0
05-30 16:55:23.118 I/AmFFmpegExtractor( 634): checkInList: iswhite:1, mime:audio/mpeg, type:1, id:86017 tag:0
05-30 16:55:23.118 E/AmFFmpegExtractor( 634): codec_ctx->properties: 0
05-30 16:55:23.118 I/AmFFmpegExtractor( 634): checkSupportInList ret 0
05-30 16:55:23.118 E/AmFFmpegExtractor( 634): vendor do not support
05-30 16:55:23.119 I/NU-GenericSource( 637): >>>MediaExtractor::Create [initFromDataSource 1471] and extractor name:MP3Extractor
05-30 16:55:23.119 D/NU-GenericSource( 637): [#3] [KPI] startup, find stream info time spent: 3894
05-30 16:55:23.120 I/NU-GenericSource( 637): initFromDataSource, mExtractor->countTracks() = 1
05-30 16:55:23.120 I/NU-GenericSource( 637): ffmpegHasAudio : 0, ffmpegHasVideo : 0
05-30 16:55:23.120 I/NU-GenericSource( 637): initFromDataSource track[0]: audio/mpeg
05-30 16:55:23.121 I/AmAnotherPacketSource( 637): (audio/mpeg)IsUdp:0 mLimitiSize:2097152, mTotalCount:1000 kLocalPlaybackMaxBufferCount 500
05-30 16:55:23.121 I/NU-AmNuPlayerDriver( 637): media.player.atrace.enable is 1
05-30 16:55:23.121 I/AmAnotherPacketSource( 637): ----->(0xee581e10)start mIsVideo:0 mIsAudio:1
05-30 16:55:23.121 I/NU-GenericSource( 637): initFromDataSource mVideoTrack.mSource:0x0, unsupportvideo:0, ffmpegHasVideo:0
05-30 16:55:23.121 I/NU-GenericSource( 637): initFromDataSource mAudioTrack.mSource:0xf368a150, ffmpegHasAudio:1
05-30 16:55:23.121 I/NU-GenericSource( 637): notifyPrepared 2554
05-30 16:55:23.121 I/NU-AmNuPlayer( 637): [#3] notifyPrepareCompleted
05-30 16:55:23.121 D/NU-AmNuPlayerDriver( 637): [#3] notifyListener_l(0xf3541970), (1, 0, 0, -1), loop setting(0, 0)
05-30 16:55:23.122 I/NU-AmNuPlayer( 637): [#3] updateMediaInfo
05-30 16:55:23.122 I/NU-AmNuPlayer( 637): [#3] [updateMediaInfo:1241]get i=0 , mime: audio/mpeg
05-30 16:55:23.132 I/net_disconnect.( 4116): type=1400 audit(0.0:2137): avc: denied { execute_no_trans } for path="/vendor/bin/rgb_led_ctl" dev="dm-11" ino=334364 scontext=u:r:init:s0 tcontext=u:object_r:vendor_file:s0 tclass=file permissive=1
05-30 16:55:23.184 I/bt_stack( 1322): [INFO:le_scanning_manager.cc(168)] Scan in shim layer stopped
05-30 16:55:23.184 I/bluetooth( 1322): packages/modules/Bluetooth/system/gd/hci/le_address_manager.cc:193 unregister_client: Client unregistered
05-30 16:55:23.184 I/bt_stack( 1322): [INFO:le_scanning_manager.cc(346)] SetScanParameters in shim layer
05-30 16:55:23.184 I/bt_stack( 1322): [INFO:le_scanning_manager.cc(168)] Scan in shim layer started
05-30 16:55:23.184 I/bluetooth( 1322): packages/modules/Bluetooth/system/gd/hci/le_scanning_manager.cc:588 stop_scan: Scanning already stopped, return!
05-30 16:55:23.184 I/bluetooth( 1322): packages/modules/Bluetooth/system/gd/hci/le_address_manager.cc:178 register_client: Client registered
05-30 16:55:23.331 I/NU-AmNuPlayer( 637): [#3] updateMediaInfo
05-30 16:55:23.331 I/NU-AmNuPlayer( 637): [#3] [updateMediaInfo:1241]get i=0 , mime: audio/mpeg
05-30 16:55:23.336 D/NU-AmNuPlayerDriver( 637): [#3] start(0xf3541970), state is 4, eos is 0
05-30 16:55:23.336 I/NU-AmNuPlayer( 637): [#3] kWhatStart
05-30 16:55:23.336 I/NU-AmNuPlayer( 637): [#3] onStart: mCrypto: 0x0 (0)
05-30 16:55:23.336 I/NU-GenericSource( 637): start
05-30 16:55:23.337 I/NU-AmNuPlayer( 637): [#3] AmNuPlayer::Source::getFormat frame-rate = failed
05-30 16:55:23.339 I/NU-AmNuPlayerRenderer( 637): getAudioDevicesForStream streamType=3, audioDevices=0x400
05-30 16:55:23.339 E/NU-AmNuPlayerRenderer( 637): Couldn't map mime "audio/mpeg" to a valid audio_format
05-30 16:55:23.339 I/MessageMonitor( 637): NU-AmNuPlayerRenderer MessageMonitor mDebugLevel 0, poll message us 30000000
05-30 16:55:23.339 I/NU-AmNuPlayerRenderer( 637): [#3] mPlayerInstanceId = 3
05-30 16:55:23.339 I/NU-AmNuPlayerRenderer( 637): mFirstSlowSync is set to True. from : 1009
05-30 16:55:23.339 I/NU-AmNuPlayerRenderer( 637): [#3] media.amnuplayer.avsync.dropmode is set to 0 us .
05-30 16:55:23.342 D/xm_audio( 504): adev_get_parameters
05-30 16:55:23.342 I/NU-AmNuPlayerDriver( 637): media.player.atrace.enable is 1
05-30 16:55:23.342 I/NU-AmNuPlayer( 637): [#3] [onStart:4128] new Renderer
05-30 16:55:23.344 I/NU-AmNuPlayer( 637): [#3] AmNuPlayer::Source::getFormat frame-rate = failed
05-30 16:55:23.345 I/NU-AmNuPlayerRenderer( 637): getAudioDevicesForStream streamType=3, audioDevices=0x400
05-30 16:55:23.345 E/NU-AmNuPlayerRenderer( 637): Couldn't map mime "audio/mpeg" to a valid audio_format
05-30 16:55:23.345 I/NU-AmNuPlayer( 637): [#3] instantiateDecoder format: AMessage(what = 0x00000000) = {
05-30 16:55:23.345 I/NU-AmNuPlayer( 637): string mime = "audio/mpeg"
05-30 16:55:23.345 I/NU-AmNuPlayer( 637): int64_t durationUs = 5616000
05-30 16:55:23.345 I/NU-AmNuPlayer( 637): int32_t bitrate = 24000
05-30 16:55:23.345 I/NU-AmNuPlayer( 637): int32_t channel-count = 1
05-30 16:55:23.345 I/NU-AmNuPlayer( 637): int32_t sample-rate = 16000
05-30 16:55:23.345 I/NU-AmNuPlayer( 637): int32_t encoder-delay = 576
