05-30 16:52:35.462 I/PackageManager( 718): /system/app/UsbOpenFT changed; collecting certs
05-30 16:52:35.468 W/PackageParsing( 718): Ignoring duplicate uses-permissions/uses-permissions-sdk-m: android.permission.HI_SYSTEM_MANAGER_SERVICE in package: com.dangbei.leard.leradlauncher at: Binary XML file line #96
05-30 16:52:35.469 E/storaged( 638): getService package_native failed
05-30 16:52:35.472 W/PackageManager( 718): Adding duplicate shared id: 1000 name=com.oranth.usbopenft
05-30 16:52:35.475 I/PackageManager( 718): /system/app/SecureElement changed; collecting certs
05-30 16:52:35.475 I/storaged( 638): storaged: Start
05-30 16:52:35.482 W/PackageManager( 718): Adding duplicate shared id: 1068 name=com.android.se
05-30 16:52:35.484 I/PackageManager( 718): /system/app/WallpaperBackup changed; collecting certs
05-30 16:52:35.492 W/PackageManager( 718): Adding duplicate shared id: 1000 name=com.android.wallpaperbackup
05-30 16:52:35.497 I/PackageManager( 718): /system/app/Rocky changed; collecting certs
05-30 16:52:35.508 W/PackageParsing( 718): Ignoring duplicate uses-permissions/uses-permissions-sdk-m: android.permission.INTERNET in package: com.dangbei.screencast at: Binary XML file line #18
05-30 16:52:35.508 W/PackageParsing( 718): Ignoring duplicate uses-permissions/uses-permissions-sdk-m: android.permission.ACCESS_WIFI_STATE in package: com.dangbei.screencast at: Binary XML file line #19
05-30 16:52:35.508 W/PackageParsing( 718): Ignoring duplicate uses-permissions/uses-permissions-sdk-m: android.permission.ACCESS_NETWORK_STATE in package: com.dangbei.screencast at: Binary XML file line #23
05-30 16:52:35.508 W/PackageParsing( 718): Ignoring duplicate uses-permissions/uses-permissions-sdk-m: android.permission.ACCESS_WIFI_STATE in package: com.dangbei.screencast at: Binary XML file line #24
05-30 16:52:35.509 W/PackageParsing( 718): Ignoring duplicate uses-permissions/uses-permissions-sdk-m: android.permission.INTERNET in package: com.dangbei.screencast at: Binary XML file line #26
05-30 16:52:35.610 W/PackageManager( 718): Adding duplicate shared id: 1000 name=com.dangbei.lerad.rocky
05-30 16:52:35.612 I/PackageManager( 718): /system/app/com.sohu.inputmethod.sogou.tv changed; collecting certs
05-30 16:52:35.784 I/PackageManager( 718): /system/app/dangbei-feedback changed; collecting certs
05-30 16:52:35.789 W/PackageManager( 718): Adding duplicate app id: 10040 name=com.dangbei.lerad.leradwatcher
05-30 16:52:35.791 I/PackageManager( 718): /system/app/dangbei-etna-service changed; collecting certs
05-30 16:52:35.799 W/PackageManager( 718): Adding duplicate shared id: 1000 name=com.dangbei.lerad.etna.haqu
05-30 16:52:35.801 I/PackageManager( 718): /system/app/dangbei-file-manager changed; collecting certs
05-30 16:52:35.810 W/PackageManager( 718): Adding duplicate app id: 10041 name=com.tv.filemanager.os
05-30 16:52:35.813 I/PackageManager( 718): /system/app/dangbei-media-player changed; collecting certs
05-30 16:52:36.001 I/PackageManager( 718): /system/app/dangbei-launcher changed; collecting certs
05-30 16:52:36.009 W/PackageManager( 718): Adding duplicate shared id: 1000 name=com.dangbei.leard.leradlauncher
05-30 16:52:36.011 W/PackageManager( 718): Provider ComponentInfo{com.dangbei.leard.leradlauncher/androidx.core.content.FileProvider} already defined; ignoring
05-30 16:52:36.012 I/PackageManager( 718): /system/app/dangbei-screensaver changed; collecting certs
05-30 16:52:36.031 I/PackageManager( 718): /system/app/dangbei-setting changed; collecting certs
05-30 16:52:36.035 W/PackageManager( 718): Adding duplicate shared id: 1000 name=com.dangbei.haqusetting
05-30 16:52:36.037 I/PackageManager( 718): /system/app/dangbei-steward changed; collecting certs
05-30 16:52:36.042 W/PackageManager( 718): Adding duplicate shared id: 1000 name=com.dangbei.zhushou.os
05-30 16:52:36.046 I/PackageManager( 718): /system/app/dangbei-screencast changed; collecting certs
05-30 16:52:36.263 I/PackageManager( 718): /vendor/priv-app/AppInstaller changed; collecting certs
05-30 16:52:36.283 I/PackageManager( 718): /product/priv-app/SettingsIntelligence changed; collecting certs
05-30 16:52:36.297 I/PackageManager( 718): /product/app/Miracast changed; collecting certs
05-30 16:52:36.306 W/PackageManager( 718): Adding duplicate shared id: 1000 name=com.droidlogic.miracast
05-30 16:52:36.306 W/PackageParsing( 718): Ignoring duplicate uses-permissions/uses-permissions-sdk-m: android.permission.SET_ANIMATION_SCALE in package: com.droidlogic.mediacenter at: Binary XML file line #46
05-30 16:52:36.306 W/PackageParsing( 718): Ignoring duplicate uses-permissions/uses-permissions-sdk-m: android.permission.WRITE_DREAM_STATE in package: com.droidlogic.mediacenter at: Binary XML file line #55
05-30 16:52:36.311 I/PackageManager( 718): /product/app/ModuleMetadata changed; collecting certs
05-30 16:52:36.317 I/PackageManager( 718): /product/app/DLNA changed; collecting certs
05-30 16:52:36.321 W/PackageManager( 718): Adding duplicate shared id: 1000 name=com.droidlogic.mediacenter
05-30 16:52:36.324 I/PackageManager( 718): /product/app/Camera2 changed; collecting certs
05-30 16:52:36.331 I/PackageManager( 718): /product/app/Music changed; collecting certs
05-30 16:52:36.347 I/PackageManager( 718): /product/app/DeskClock changed; collecting certs
05-30 16:52:36.365 I/PackageManager( 718): /product/app/webview changed; collecting certs
05-30 16:52:36.385 I/PackageManager( 718): /system_ext/priv-app/MicToggleProvider changed; collecting certs
05-30 16:52:36.392 W/PackageManager( 718): Adding duplicate shared id: 1000 name=com.droidlogic.mictoggle
05-30 16:52:36.429 W/PackageParsing( 718): Ignoring duplicate uses-permissions/uses-permissions-sdk-m: android.permission.DEVICE_POWER in package: com.droidlogic at: Binary XML file line #61
05-30 16:52:36.433 I/PackageManager( 718): /system_ext/priv-app/droidlogic-res changed; collecting certs
05-30 16:52:36.439 W/PackageManager( 718): Adding duplicate shared id: 1000 name=com.droidlogic
05-30 16:52:36.450 W/PackageParsing( 718): Ignoring duplicate uses-permissions/uses-permissions-sdk-m: android.permission.CONFIGURE_WIFI_DISPLAY in package: com.android.systemui at: Binary XML file line #141
05-30 16:52:36.451 W/PackageParsing( 718): Ignoring duplicate uses-permissions/uses-permissions-sdk-m: android.permission.GET_RUNTIME_PERMISSIONS in package: com.android.systemui at: Binary XML file line #180
05-30 16:52:36.452 W/PackageParsing( 718): Ignoring duplicate uses-permissions/uses-permissions-sdk-m: android.permission.READ_DEVICE_CONFIG in package: com.android.systemui at: Binary XML file line #231
05-30 16:52:36.462 W/PackageParsing( 718): Ignoring duplicate uses-permissions/uses-permissions-sdk-m: android.permission.BLUETOOTH_PRIVILEGED in package: com.droidlogic.tv.settings at: Binary XML file line #71
05-30 16:52:36.473 I/PackageManager( 718): /system_ext/priv-app/DroidTvSettings changed; collecting certs
05-30 16:52:36.478 W/PackageManager( 718): Adding duplicate shared id: 1000 name=com.droidlogic.tv.settings
05-30 16:52:36.481 I/PackageManager( 718): /system_ext/priv-app/TvSystemUI changed; collecting certs
05-30 16:52:36.489 W/PackageManager( 718): Adding duplicate app id: 10052 name=com.android.systemui
05-30 16:52:36.493 I/PackageManager( 718): /system_ext/priv-app/TvSettings changed; collecting certs
05-30 16:52:36.497 W/PackageManager( 718): Adding duplicate shared id: 1000 name=com.android.tv.settings
05-30 16:52:36.523 I/PackageManager( 718): /apex/com.android.btservices/app/Bluetooth@UD2A.240505.001.W1 changed; collecting certs
05-30 16:52:36.529 W/PackageManager( 718): Adding duplicate shared id: 1002 name=com.android.bluetooth
05-30 16:52:36.531 I/ApexManager( 718): Registering com.android.bluetooth as apk-in-apex of com.android.btservices
05-30 16:52:36.546 I/PackageManager( 718): /apex/com.android.tethering/priv-app/ServiceConnectivityResources@UD2A.240505.001.W1 changed; collecting certs
05-30 16:52:36.551 I/ApexManager( 718): Registering com.android.connectivity.resources as apk-in-apex of com.android.tethering
05-30 16:52:36.564 I/PackageManager( 718): /apex/com.android.tethering/priv-app/TetheringNext@UD2A.240505.001.W1 changed; collecting certs
05-30 16:52:36.571 W/PackageManager( 718): Adding duplicate shared id: 1073 name=com.android.networkstack.tethering
05-30 16:52:36.572 I/ApexManager( 718): Registering com.android.networkstack.tethering as apk-in-apex of com.android.tethering
05-30 16:52:36.594 I/PackageManager( 718): /apex/com.android.tethering/app/HalfSheetUX@UD2A.240505.001.W1 changed; collecting certs
05-30 16:52:36.600 I/ApexManager( 718): Registering com.android.nearby.halfsheet as apk-in-apex of com.android.tethering
05-30 16:52:36.636 I/PackageManager( 718): /apex/com.android.healthfitness/priv-app/HealthConnectController@UD2A.240505.001.W1 changed; collecting certs
05-30 16:52:36.642 I/ApexManager( 718): Registering com.android.healthconnect.controller as apk-in-apex of com.android.healthfitness
05-30 16:52:36.653 I/PackageManager( 718): /apex/com.android.healthfitness/app/HealthConnectBackupRestore@UD2A.240505.001.W1 changed; collecting certs
05-30 16:52:36.658 I/ApexManager( 718): Registering com.android.health.connect.backuprestore as apk-in-apex of com.android.healthfitness
05-30 16:52:36.667 I/PackageManager( 718): /apex/com.android.uwb/priv-app/ServiceUwbResources@UD2A.240505.001.W1 changed; collecting certs
05-30 16:52:36.672 I/ApexManager( 718): Registering com.android.uwb.resources as apk-in-apex of com.android.uwb
05-30 16:52:36.693 I/PackageManager( 718): /apex/com.android.devicelock/priv-app/DeviceLockController@UD2A.240505.001.W1 changed; collecting certs
05-30 16:52:36.697 I/ApexManager( 718): Registering com.android.devicelockcontroller as apk-in-apex of com.android.devicelock
05-30 16:52:36.718 I/PackageManager( 718): /apex/com.android.wifi/priv-app/ServiceWifiResources@UD2A.240505.001.W1 changed; collecting certs
05-30 16:52:36.723 I/ApexManager( 718): Registering com.android.wifi.resources as apk-in-apex of com.android.wifi
05-30 16:52:36.740 I/PackageManager( 718): /apex/com.android.wifi/app/OsuLogin@UD2A.240505.001.W1 changed; collecting certs
05-30 16:52:36.744 I/ApexManager( 718): Registering com.android.hotspot2.osulogin as apk-in-apex of com.android.wifi
05-30 16:52:36.746 I/PackageManager( 718): /apex/com.android.wifi/app/WifiDialog@UD2A.240505.001.W1 changed; collecting certs
05-30 16:52:36.751 I/ApexManager( 718): Registering com.android.wifi.dialog as apk-in-apex of com.android.wifi
05-30 16:52:36.759 I/PackageManager( 718): /apex/com.android.apex.cts.shim/priv-app/CtsShimPriv@MASTER changed; collecting certs
05-30 16:52:36.763 I/ApexManager( 718): Registering com.android.cts.priv.ctsshim as apk-in-apex of com.android.apex.cts.shim
05-30 16:52:36.771 I/PackageManager( 718): /apex/com.android.apex.cts.shim/app/CtsShim@MASTER changed; collecting certs
05-30 16:52:36.775 W/PackageManager( 718): Adding duplicate app id: 10063 name=com.android.cts.ctsshim
05-30 16:52:36.776 I/ApexManager( 718): Registering com.android.cts.ctsshim as apk-in-apex of com.android.apex.cts.shim
05-30 16:52:36.789 I/PackageManager( 718): /apex/com.android.ondevicepersonalization/app/OnDevicePersonalization@UD2A.240505.001.W1 changed; collecting certs
05-30 16:52:36.794 I/ApexManager( 718): Registering com.android.ondevicepersonalization.services as apk-in-apex of com.android.ondevicepersonalization
05-30 16:52:36.795 I/PackageManager( 718): /apex/com.android.ondevicepersonalization/app/FederatedCompute@UD2A.240505.001.W1 changed; collecting certs
05-30 16:52:36.800 I/ApexManager( 718): Registering com.android.federatedcompute.services as apk-in-apex of com.android.ondevicepersonalization
05-30 16:52:37.090 W/PackageParsing( 718): Ignoring duplicate uses-permissions/uses-permissions-sdk-m: android.permission.RECEIVE_BOOT_COMPLETED in package: com.android.adservices.api at: Binary XML file line #123
05-30 16:52:37.095 I/PackageManager( 718): /apex/com.android.adservices/priv-app/AdServicesApk@UD2A.240505.001.W1 changed; collecting certs
05-30 16:52:37.099 I/ApexManager( 718): Registering com.android.adservices.api as apk-in-apex of com.android.adservices
05-30 16:52:37.110 I/PackageManager( 718): /apex/com.android.adservices/app/SdkSandbox@UD2A.240505.001.W1 changed; collecting certs
05-30 16:52:37.114 I/ApexManager( 718): Registering com.android.sdksandbox as apk-in-apex of com.android.adservices
05-30 16:52:37.136 W/PackageParsing( 718): Unknown element under : meta-data at /apex/com.android.mediaprovider/priv-app/MediaProvider@UD2A.240505.001.W1/MediaProvider.apk Binary XML file line #9
05-30 16:52:37.143 I/PackageManager( 718): /apex/com.android.mediaprovider/priv-app/MediaProvider@UD2A.240505.001.W1 changed; collecting certs
05-30 16:52:37.151 I/ApexManager( 718): Registering com.android.providers.media.module as apk-in-apex of com.android.mediaprovider
05-30 16:52:37.168 I/PackageManager( 718): /apex/com.android.extservices/priv-app/ExtServices@UD2A.240505.001.W1 changed; collecting certs
05-30 16:52:37.179 I/ApexManager( 718): Registering android.ext.services as apk-in-apex of com.android.extservices
05-30 16:52:37.198 I/PackageManager( 718): /apex/com.android.extservices/priv-app/AdExtServicesApk@UD2A.240505.001.W1 changed; collecting certs
05-30 16:52:37.203 I/ApexManager( 718): Registering com.android.ext.adservices.api as apk-in-apex of com.android.extservices
05-30 16:52:37.220 I/PackageManager( 718): /apex/com.android.rkpd/priv-app/rkpdapp@UD2A.240505.001.W1 changed; collecting certs
05-30 16:52:37.225 I/ApexManager( 718): Registering com.android.rkpdapp as apk-in-apex of com.android.rkpd
05-30 16:52:37.233 I/PackageManager( 718): /apex/com.android.virt/app/android.system.virtualmachine.res@UD2A.240505.001.W1 changed; collecting certs
05-30 16:52:37.238 I/ApexManager( 718): Registering com.android.virtualmachine.res as apk-in-apex of com.android.virt
05-30 16:52:37.260 I/PackageManager( 718): /apex/com.android.permission/priv-app/SafetyCenterResources@UD2A.240505.001.W1 changed; collecting certs
05-30 16:52:37.265 I/ApexManager( 718): Registering com.android.safetycenter.resources as apk-in-apex of com.android.permission
05-30 16:52:37.306 W/PackageParsing( 718): Ignoring duplicate uses-permissions/uses-permissions-sdk-m: android.permission.OBSERVE_SENSOR_PRIVACY in package: com.android.permissioncontroller at: Binary XML file line #59
05-30 16:52:37.321 I/PackageManager( 718): /apex/com.android.permission/priv-app/PermissionController@UD2A.240505.001.W1 changed; collecting certs
05-30 16:52:37.328 I/ApexManager( 718): Registering com.android.permissioncontroller as apk-in-apex of com.android.permission
05-30 16:52:37.342 I/PackageManager( 718): Finished scanning system apps. Time: 2839 ms, packageCount: 142 , timePerPackage: 19 , cached: 0
05-30 16:52:37.343 I/PackageManager( 718): Finished scanning non-system apps. Time: 1 ms, packageCount: 0 , timePerPackage: 0 , cached: 0
05-30 16:52:37.351 I/PackageManager( 718): Time to scan packages: 2.847 seconds
05-30 16:52:37.351 I/PermissionManager( 718): Permission ownership changed. Updating all permissions.
05-30 16:52:37.352 W/PermissionManager( 718): Package com.android.adservices.api is an APK in APEX, but has permission allowlist on the system image. Please bundle the allowlist in the com.android.adservices APEX instead.
05-30 16:52:37.376 W/PermissionManager( 718): Privileged permission android.permission.LOCAL_MAC_ADDRESS for package com.dangbei.hqguide (/system/priv-app/dangbei-boot-guide) not in privapp-permissions allowlist
05-30 16:52:37.376 W/PermissionManager( 718): Privileged permission android.permission.BLUETOOTH_PRIVILEGED for package com.dangbei.hqguide (/system/priv-app/dangbei-boot-guide) not in privapp-permissions allowlist
05-30 16:52:37.376 W/PermissionManager( 718): Privileged permission android.permission.WRITE_SECURE_SETTINGS for package com.dangbei.hqguide (/system/priv-app/dangbei-boot-guide) not in privapp-permissions allowlist
05-30 16:52:37.406 W/PermissionManager( 718): Package com.android.providers.media.module is an APK in APEX, but has permission allowlist on the system image. Please bundle the allowlist in the com.android.mediaprovider APEX instead.
05-30 16:52:37.406 W/PermissionManager( 718): Package com.android.providers.media.module is an APK in APEX, but has permission allowlist on the system image. Please bundle the allowlist in the com.android.mediaprovider APEX instead.
05-30 16:52:37.406 W/PermissionManager( 718): Package com.android.providers.media.module is an APK in APEX, but has permission allowlist on the system image. Please bundle the allowlist in the com.android.mediaprovider APEX instead.
05-30 16:52:37.406 W/PermissionManager( 718): Package com.android.providers.media.module is an APK in APEX, but has permission allowlist on the system image. Please bundle the allowlist in the com.android.mediaprovider APEX instead.
05-30 16:52:37.406 W/PermissionManager( 718): Package com.android.providers.media.module is an APK in APEX, but has permission allowlist on the system image. Please bundle the allowlist in the com.android.mediaprovider APEX instead.
05-30 16:52:37.406 W/PermissionManager( 718): Package com.android.providers.media.module is an APK in APEX, but has permission allowlist on the system image. Please bundle the allowlist in the com.android.mediaprovider APEX instead.
05-30 16:52:37.406 W/PermissionManager( 718): Package com.android.providers.media.module is an APK in APEX, but has permission allowlist on the system image. Please bundle the allowlist in the com.android.mediaprovider APEX instead.
05-30 16:52:37.406 W/PermissionManager( 718): Package com.android.providers.media.module is an APK in APEX, but has permission allowlist on the system image. Please bundle the allowlist in the com.android.mediaprovider APEX instead.
05-30 16:52:37.406 W/PermissionManager( 718): Package com.android.providers.media.module is an APK in APEX, but has permission allowlist on the system image. Please bundle the allowlist in the com.android.mediaprovider APEX instead.
05-30 16:52:37.406 W/PermissionManager( 718): Package com.android.providers.media.module is an APK in APEX, but has permission allowlist on the system image. Please bundle the allowlist in the com.android.mediaprovider APEX instead.
05-30 16:52:37.406 W/PermissionManager( 718): Package com.android.providers.media.module is an APK in APEX, but has permission allowlist on the system image. Please bundle the allowlist in the com.android.mediaprovider APEX instead.
05-30 16:52:37.406 W/PermissionManager( 718): Package com.android.providers.media.module is an APK in APEX, but has permission allowlist on the system image. Please bundle the allowlist in the com.android.mediaprovider APEX instead.
05-30 16:52:37.406 W/PermissionManager( 718): Package com.android.providers.media.module is an APK in APEX, but has permission allowlist on the system image. Please bundle the allowlist in the com.android.mediaprovider APEX instead.
05-30 16:52:37.423 V/PackageManager( 718): reconcileAppsData for null u0 0x1 migrateAppData=true
05-30 16:52:37.489 V/PackageManager( 718): reconcileAppsData finished 16 packages
05-30 16:52:37.490 D/PackageManagerTiming( 718): write settings
05-30 16:52:37.490 D/SystemServerTimingAsync( 718): InitThreadPoolExec:prepareAppData
05-30 16:52:37.553 W/PackageManager( 718): Domain verification agent not found
05-30 16:52:37.560 D/PackageManagerTiming( 718): GC
05-30 16:52:37.560 I/PackageManager( 718): Fix for b/169414761 is applied
05-30 16:52:37.560 V/UserSystemPackageInstaller( 718): Checking that all system packages are whitelisted.
05-30 16:52:37.561 W/UserSystemPackageInstaller( 718): checkWhitelistedSystemPackages(mode=d) has 1 warnings:
05-30 16:52:37.561 W/UserSystemPackageInstaller( 718): com.android.settings is allowlisted but not present.
05-30 16:52:37.561 I/UserSystemPackageInstaller( 718): Reviewing whitelisted packages due to [firstBoot]
05-30 16:52:37.561 W/PackageManager( 718): Skipping preparing app data for com.android.configinfrastructure
05-30 16:52:37.563 W/PackageManager( 718): Skipping preparing app data for com.android.appsearch
05-30 16:52:37.564 W/PackageManager( 718): Skipping preparing app data for com.android.adservices
05-30 16:52:37.564 W/PackageManager( 718): Skipping preparing app data for com.android.scheduling
05-30 16:52:37.564 W/PackageManager( 718): Skipping preparing app data for com.google.android.widevine.nonupdatable
05-30 16:52:37.564 W/PackageManager( 718): Skipping preparing app data for com.android.permission
05-30 16:52:37.564 W/PackageManager( 718): Skipping preparing app data for com.android.art
05-30 16:52:37.564 W/PackageManager( 718): Skipping preparing app data for com.android.uwb
05-30 16:52:37.564 W/PackageManager( 718): Skipping preparing app data for com.android.tethering
05-30 16:52:37.564 W/PackageManager( 718): Skipping preparing app data for com.android.btservices
05-30 16:52:37.564 W/PackageManager( 718): Skipping preparing app data for com.android.media.swcodec
05-30 16:52:37.564 W/PackageManager( 718): Skipping preparing app data for com.android.conscrypt
05-30 16:52:37.564 W/PackageManager( 718): Skipping preparing app data for com.android.adbd
05-30 16:52:37.564 W/PackageManager( 718): Skipping preparing app data for com.android.i18n
05-30 16:52:37.564 W/PackageManager( 718): Skipping preparing app data for com.android.rkpd
05-30 16:52:37.565 W/PackageManager( 718): Skipping preparing app data for com.android.virt
05-30 16:52:37.565 W/PackageManager( 718): Skipping preparing app data for com.android.wifi
05-30 16:52:37.565 W/PackageManager( 718): Skipping preparing app data for com.android.runtime
05-30 16:52:37.565 W/PackageManager( 718): Skipping preparing app data for com.android.devicelock
05-30 16:52:37.565 W/PackageManager( 718): Skipping preparing app data for com.android.apex.cts.shim
05-30 16:52:37.565 W/PackageManager( 718): Skipping preparing app data for com.android.neuralnetworks
05-30 16:52:37.565 W/PackageManager( 718): Skipping preparing app data for com.android.healthfitness
05-30 16:52:37.565 W/PackageManager( 718): Skipping preparing app data for com.android.resolv
05-30 16:52:37.565 W/PackageManager( 718): Skipping preparing app data for com.android.sdkext
05-30 16:52:37.565 W/PackageManager( 718): Skipping preparing app data for com.android.tzdata
05-30 16:52:37.565 W/PackageManager( 718): Skipping preparing app data for com.android.vndk.v34
05-30 16:52:37.565 W/PackageManager( 718): Skipping preparing app data for com.android.os.statsd
05-30 16:52:37.565 W/PackageManager( 718): Skipping preparing app data for com.android.extservices
05-30 16:52:37.565 W/PackageManager( 718): Skipping preparing app data for com.amlogic.mediaextractor
05-30 16:52:37.565 W/PackageManager( 718): Skipping preparing app data for com.android.ipsec
05-30 16:52:37.565 W/PackageManager( 718): Skipping preparing app data for com.android.media
05-30 16:52:37.565 W/PackageManager( 718): Skipping preparing app data for com.android.sdksandbox
05-30 16:52:37.566 W/PackageManager( 718): Skipping preparing app data for com.android.mediaprovider
05-30 16:52:37.566 W/PackageManager( 718): Skipping preparing app data for com.android.ondevicepersonalization
05-30 16:52:37.575 I/Watchdog( 718): Resuming HandlerChecker: main thread for reason: packagemanagermain. Pause count: 0
05-30 16:52:37.576 D/SystemServerTiming( 718): DexUseManagerLocal
05-30 16:52:37.578 D/SystemServerTiming( 718): StartOtaDexOptService
05-30 16:52:37.578 I/Watchdog( 718): Pausing HandlerChecker: main thread for reason: moveab. Pause count: 1
05-30 16:52:37.579 D/OTADexopt( 718): No upgrade, skipping A/B artifacts check.
05-30 16:52:37.579 I/Watchdog( 718): Resuming HandlerChecker: main thread for reason: moveab. Pause count: 0
05-30 16:52:37.579 D/SystemServerTiming( 718): StartUserManagerService
05-30 16:52:37.580 I/SystemServiceManager( 718): Starting com.android.server.pm.UserManagerService$LifeCycle
05-30 16:52:37.580 D/SystemServerTiming( 718): InitAttributerCache
05-30 16:52:37.580 D/SystemServerTiming( 718): SetSystemProcess
05-30 16:52:37.588 V/HistoricalRegistry( 718): Interaction before persistence initialized
05-30 16:52:37.589 V/HistoricalRegistry( 718): Interaction before persistence initialized
05-30 16:52:37.590 I/ActivityManager( 718): Connection with lmkd established
05-30 16:52:37.591 V/HistoricalRegistry( 718): Interaction before persistence initialized
05-30 16:52:37.594 D/CompatibilityChangeReporter( 718): Compat change id reported: 161145287; UID 1000; state: DISABLED
05-30 16:52:37.594 D/CompatibilityChangeReporter( 718): Compat change id reported: 161145287; UID 1000; state: ENABLED
05-30 16:52:37.595 D/SystemServerTiming( 718): InitWatchdog
05-30 16:52:37.597 D/SystemServerTiming( 718): StartOverlayManagerService
05-30 16:52:37.680 D/SystemServerTiming( 718): StartResourcesManagerService
05-30 16:52:37.682 D/SystemServerTiming( 718): StartSensorPrivacyService
05-30 16:52:37.685 W/BroadcastLoopers( 718): Found previously unknown looper Thread[android.fg,5,main]
05-30 16:52:37.691 D/SystemServerTiming( 718): StartSensorService
05-30 16:52:37.692 I/SystemServiceManager( 718): Starting com.android.server.sensors.SensorService
05-30 16:52:37.693 D/SystemServerTiming( 718): startCoreServices
05-30 16:52:37.693 D/SystemServerTiming( 718): StartSystemConfigService
05-30 16:52:37.693 I/SystemServiceManager( 718): Starting com.android.server.SystemConfigService
05-30 16:52:37.695 D/SystemServerTiming( 718): StartBatteryService
05-30 16:52:37.695 D/SystemServerTimingAsync( 718): InitThreadPoolExec:StartNativeSensorService
05-30 16:52:37.696 D/SystemServerTimingAsync( 718): StartNativeSensorService
05-30 16:52:37.698 I/SystemServiceManager( 718): Starting com.android.server.BatteryService
05-30 16:52:37.786 I/HealthServiceWrapperAidl( 718): health: HealthServiceWrapper listening to AIDL HAL
05-30 16:52:37.796 I/BatteryService( 718): health: Waited 10ms and received the update.
05-30 16:52:37.800 W/SystemServiceManager( 718): Service com.android.server.BatteryService took 96 ms in onStart
05-30 16:52:37.801 D/SystemServerTiming( 718): StartUsageService
05-30 16:52:37.801 I/SystemServiceManager( 718): Starting com.android.server.usage.UsageStatsService
05-30 16:52:37.825 D/SystemServerTiming( 718): StartWebViewUpdateService
05-30 16:52:37.826 I/SystemServiceManager( 718): Starting com.android.server.webkit.WebViewUpdateService
05-30 16:52:37.829 D/SystemServerTiming( 718): StartCachedDeviceStateService
05-30 16:52:37.829 I/SystemServiceManager( 718): Starting com.android.server.CachedDeviceStateService
05-30 16:52:37.830 D/SystemServerTiming( 718): StartBinderCallsStatsService
05-30 16:52:37.830 I/SystemServiceManager( 718): Starting com.android.server.BinderCallsStatsService$LifeCycle
05-30 16:52:37.832 D/SystemServerTiming( 718): StartLooperStatsService
05-30 16:52:37.832 I/SystemServiceManager( 718): Starting com.android.server.LooperStatsService$Lifecycle
05-30 16:52:37.834 D/SystemServerTiming( 718): StartRollbackManagerService
05-30 16:52:37.834 I/SystemServiceManager( 718): Starting com.android.server.rollback.RollbackManagerService
05-30 16:52:37.841 I/PackageWatchdog( 718): Syncing state, reason: added new observer
05-30 16:52:37.842 I/PackageWatchdog( 718): Not pruning observers, elapsed time: 0ms
05-30 16:52:37.842 I/PackageWatchdog( 718): Cancelling state sync, nothing to sync
05-30 16:52:37.843 I/PackageWatchdog( 718): Saving observer state to file
05-30 16:52:37.850 D/SystemServerTiming( 718): StartNativeTombstoneManagerService
05-30 16:52:37.851 I/SystemServiceManager( 718): Starting com.android.server.os.NativeTombstoneManagerService
05-30 16:52:37.853 D/SystemServerTiming( 718): StartBugreportManagerService
05-30 16:52:37.853 I/SystemServiceManager( 718): Starting com.android.server.os.BugreportManagerService
05-30 16:52:37.855 D/SystemServerTiming( 718): GpuService
05-30 16:52:37.855 I/SystemServiceManager( 718): Starting com.android.server.gpu.GpuService
05-30 16:52:37.856 D/SystemServerTiming( 718): StartRemoteProvisioningService
05-30 16:52:37.856 I/SystemServiceManager( 718): Starting com.android.server.security.rkp.RemoteProvisioningService
05-30 16:52:37.864 D/SystemServerTiming( 718): startOtherServices
05-30 16:52:37.865 D/SystemServerTiming( 718): StartKeyAttestationApplicationIdProviderService
05-30 16:52:37.865 D/SystemServerTimingAsync( 718): InitThreadPoolExec:SecondaryZygotePreload
05-30 16:52:37.865 I/SystemServer( 718): SecondaryZygotePreload
05-30 16:52:37.865 D/SystemServerTimingAsync( 718): SecondaryZygotePreload
05-30 16:52:37.866 D/SystemServerTiming( 718): StartKeyChainSystemService
05-30 16:52:37.867 E/SystemServer( 718): Unable to preload default resources for secondary
05-30 16:52:37.868 I/SystemServiceManager( 718): Starting com.android.server.security.KeyChainSystemService
05-30 16:52:37.868 D/SystemServerTiming( 718): StartBinaryTransparencyService
05-30 16:52:37.869 I/SystemServiceManager( 718): Starting com.android.server.BinaryTransparencyService
05-30 16:52:37.873 I/TransparencyService( 718): Started BinaryTransparencyService
05-30 16:52:37.873 D/SystemServerTiming( 718): StartSchedulingPolicyService
05-30 16:52:37.874 D/SystemServerTimingAsync( 718): InitThreadPoolExec:SchedulingPolicyService.
05-30 16:52:37.884 D/SystemServerTiming( 718): StartTelephonyRegistry
05-30 16:52:37.887 D/SystemServerTiming( 718): StartEntropyMixer
05-30 16:52:37.895 I/EntropyMixer( 718): Created seed file
05-30 16:52:37.896 D/SystemServerTiming( 718): StartAccountManagerService
05-30 16:52:37.896 I/SystemServiceManager( 718): Starting com.android.server.accounts.AccountManagerService$Lifecycle
05-30 16:52:37.904 D/SystemServerTiming( 718): StartContentService
05-30 16:52:37.905 I/SystemServiceManager( 718): Starting com.android.server.content.ContentService$Lifecycle
05-30 16:52:37.908 D/SystemServerTiming( 718): InstallSystemProviders
05-30 16:52:37.993 W/SettingsState( 718): No settings state /data/system/users/0/settings_system.xml
05-30 16:52:38.003 W/SettingsState( 718): No settings state /data/system/users/0/settings_secure.xml
05-30 16:52:38.005 D/SettingsProvider( 718): Generated and saved new ANDROID_ID [538071772e25d70d] for user 0
05-30 16:52:38.010 W/SettingsState( 718): No settings state /data/system/users/0/settings_global.xml
05-30 16:52:38.015 I/PackageManager( 718): Deferred reconcileAppsData finished 126 packages
05-30 16:52:38.022 D/SettingsProvider( 718): Setting [] as Autofill Service for user 0
05-30 16:52:38.041 W/SettingsState( 718): No settings state /data/system/users/0/settings_config.xml
05-30 16:52:38.042 W/SettingsState( 718): No settings state /data/system/users/0/settings_ssaid.xml
05-30 16:52:38.063 D/ActivityManager( 718): Checking cgroup freezer: /sys/fs/cgroup/uid_0/pid_494/cgroup.freeze
05-30 16:52:38.064 D/ActivityManager( 718): Checking binder freezer ioctl
05-30 16:52:38.064 D/ActivityManager( 718): Checking freezer profiles
05-30 16:52:38.064 D/ActivityManager( 718): Freezer supported: true
05-30 16:52:38.064 D/ActivityManager( 718): Freezer timeout set to 10000
05-30 16:52:38.064 D/ActivityManager( 718): Freezer exemption set to true
05-30 16:52:38.065 D/ActivityManager( 718): Freezer enabled
05-30 16:52:38.065 D/ActivityManager( 718): freezer override set to false
05-30 16:52:38.066 I/SystemServiceManager( 718): Starting com.android.server.deviceconfig.DeviceConfigInit$Lifecycle
05-30 16:52:38.066 D/SystemServerTiming( 718): StartDropBoxManager
05-30 16:52:38.066 I/SystemServiceManager( 718): Starting com.android.server.DropBoxManagerService
05-30 16:52:38.069 D/SystemServerTiming( 718): StartRoleManagerService
05-30 16:52:38.069 I/SystemServiceManager( 718): Starting com.android.role.RoleService
05-30 16:52:38.074 D/SystemServerTiming( 718): StartVibratorManagerService
05-30 16:52:38.074 I/SystemServiceManager( 718): Starting com.android.server.vibrator.VibratorManagerService$Lifecycle
05-30 16:52:38.083 D/SystemServerTiming( 718): StartDynamicSystemService
05-30 16:52:38.084 D/SystemServerTiming( 718): StartResourceEconomy
05-30 16:52:38.085 I/SystemServiceManager( 718): Starting com.android.server.tare.InternalResourceService
05-30 16:52:38.091 D/SystemServerTiming( 718): StartAlarmManagerService
05-30 16:52:38.092 I/SystemServiceManager( 718): Starting com.android.server.alarm.AlarmManagerService
05-30 16:52:38.106 D/SystemServerTiming( 718): StartInputManagerService
05-30 16:52:38.117 I/InputManager( 718): Initializing input manager, mUseDevInputEventForAudioJack=false
05-30 16:52:38.118 D/SystemServerTiming( 718): DeviceStateManagerService
05-30 16:52:38.118 I/SystemServiceManager( 718): Starting com.android.server.devicestate.DeviceStateManagerService
05-30 16:52:38.122 E/DeviceStateManagerService( 718): Cannot notify device state info change before the initial state has been committed.
05-30 16:52:38.123 I/DeviceStateManagerService( 718): Cannot notify device state info change when pending state is present.
05-30 16:52:38.125 D/SystemServerTiming( 718): StartCameraServiceProxy
05-30 16:52:38.125 I/SystemServiceManager( 718): Starting com.android.server.camera.CameraServiceProxy
05-30 16:52:38.128 D/SystemServerTiming( 718): StartWindowManagerService
05-30 16:52:38.128 I/SystemServiceManager( 718): Starting phase 200
05-30 16:52:38.128 D/SystemServerTiming( 718): OnBootPhase_200
05-30 16:52:38.128 D/SystemServerTiming( 718): OnBootPhase_200_com.android.server.security.FileIntegrityService
05-30 16:52:38.128 D/SystemServerTiming( 718): OnBootPhase_200_com.android.server.pm.Installer
05-30 16:52:38.128 D/SystemServerTiming( 718): OnBootPhase_200_com.android.server.os.DeviceIdentifiersPolicyService
05-30 16:52:38.128 D/SystemServerTiming( 718): OnBootPhase_200_com.android.server.flags.FeatureFlagsService
05-30 16:52:38.128 D/SystemServerTiming( 718): OnBootPhase_200_com.android.server.uri.UriGrantsManagerService$Lifecycle
05-30 16:52:38.128 D/SystemServerTiming( 718): OnBootPhase_200_com.android.server.powerstats.PowerStatsService
05-30 16:52:38.128 D/SystemServerTiming( 718): OnBootPhase_200_com.android.server.permission.access.AccessCheckingService
05-30 16:52:38.128 D/SystemServerTiming( 718): OnBootPhase_200_com.android.server.wm.ActivityTaskManagerService$Lifecycle
05-30 16:52:38.128 D/SystemServerTiming( 718): OnBootPhase_200_com.android.server.am.ActivityManagerService$Lifecycle
05-30 16:52:38.128 D/SystemServerTiming( 718): OnBootPhase_200_com.android.server.pm.DataLoaderManagerService
05-30 16:52:38.128 D/SystemServerTiming( 718): OnBootPhase_200_com.android.server.power.PowerManagerService
05-30 16:52:38.128 D/SystemServerTiming( 718): OnBootPhase_200_com.android.server.power.ThermalManagerService
05-30 16:52:38.128 D/SystemServerTiming( 718): OnBootPhase_200_com.android.server.power.hint.HintManagerService
05-30 16:52:38.128 D/SystemServerTiming( 718): OnBootPhase_200_com.android.server.recoverysystem.RecoverySystemService$Lifecycle
05-30 16:52:38.128 D/SystemServerTiming( 718): OnBootPhase_200_com.android.server.lights.LightsService
05-30 16:52:38.128 D/SystemServerTiming( 718): OnBootPhase_200_com.android.server.display.DisplayManagerService
05-30 16:52:38.128 D/SystemServerTiming( 718): OnBootPhase_200_com.android.server.pm.verify.domain.DomainVerificationService
05-30 16:52:38.128 D/SystemServerTiming( 718): OnBootPhase_200_com.android.server.pm.PackageInstallerService$Lifecycle
05-30 16:52:38.128 D/SystemServerTiming( 718): OnBootPhase_200_com.android.server.pm.UserManagerService$LifeCycle
05-30 16:52:38.128 D/SystemServerTiming( 718): OnBootPhase_200_com.android.server.om.OverlayManagerService
05-30 16:52:38.128 D/SystemServerTiming( 718): OnBootPhase_200_com.android.server.resources.ResourcesManagerService
05-30 16:52:38.128 D/SystemServerTiming( 718): OnBootPhase_200_com.android.server.sensorprivacy.SensorPrivacyService
05-30 16:52:38.128 D/SystemServerTiming( 718): OnBootPhase_200_com.android.server.sensors.SensorService
05-30 16:52:38.128 D/SystemServerTiming( 718): OnBootPhase_200_com.android.server.SystemConfigService
05-30 16:52:38.128 D/SystemServerTiming( 718): OnBootPhase_200_com.android.server.BatteryService
05-30 16:52:38.128 D/SystemServerTiming( 718): OnBootPhase_200_com.android.server.usage.UsageStatsService
05-30 16:52:38.128 D/SystemServerTiming( 718): OnBootPhase_200_com.android.server.webkit.WebViewUpdateService
05-30 16:52:38.128 D/SystemServerTiming( 718): OnBootPhase_200_com.android.server.CachedDeviceStateService
05-30 16:52:38.128 D/SystemServerTiming( 718): OnBootPhase_200_com.android.server.BinderCallsStatsService$LifeCycle
05-30 16:52:38.128 D/SystemServerTiming( 718): OnBootPhase_200_com.android.server.LooperStatsService$Lifecycle
05-30 16:52:38.128 D/SystemServerTiming( 718): OnBootPhase_200_com.android.server.rollback.RollbackManagerService
05-30 16:52:38.128 D/SystemServerTiming( 718): OnBootPhase_200_com.android.server.os.NativeTombstoneManagerService
05-30 16:52:38.128 D/SystemServerTiming( 718): OnBootPhase_200_com.android.server.os.BugreportManagerService
05-30 16:52:38.128 D/SystemServerTiming( 718): OnBootPhase_200_com.android.server.gpu.GpuService
05-30 16:52:38.128 D/SystemServerTiming( 718): OnBootPhase_200_com.android.server.security.rkp.RemoteProvisioningService
05-30 16:52:38.128 D/SystemServerTiming( 718): OnBootPhase_200_com.android.server.security.KeyChainSystemService
05-30 16:52:38.128 D/SystemServerTiming( 718): OnBootPhase_200_com.android.server.BinaryTransparencyService
05-30 16:52:38.128 D/SystemServerTiming( 718): OnBootPhase_200_com.android.server.accounts.AccountManagerService$Lifecycle
05-30 16:52:38.128 D/SystemServerTiming( 718): OnBootPhase_200_com.android.server.content.ContentService$Lifecycle
05-30 16:52:38.128 D/SystemServerTiming( 718): OnBootPhase_200_com.android.server.deviceconfig.DeviceConfigInit$Lifecycle
05-30 16:52:38.128 D/SystemServerTiming( 718): OnBootPhase_200_com.android.server.DropBoxManagerService
05-30 16:52:38.128 D/SystemServerTiming( 718): OnBootPhase_200_com.android.role.RoleService
05-30 16:52:38.128 D/SystemServerTiming( 718): OnBootPhase_200_com.android.server.vibrator.VibratorManagerService$Lifecycle
05-30 16:52:38.128 D/SystemServerTiming( 718): OnBootPhase_200_com.android.server.tare.InternalResourceService
05-30 16:52:38.128 D/SystemServerTiming( 718): OnBootPhase_200_com.android.server.alarm.AlarmManagerService
05-30 16:52:38.128 D/SystemServerTiming( 718): OnBootPhase_200_com.android.server.devicestate.DeviceStateManagerService
05-30 16:52:38.128 D/SystemServerTiming( 718): OnBootPhase_200_com.android.server.camera.CameraServiceProxy
05-30 16:52:38.131 I/WindowManager( 718): No existing display settings, starting empty
05-30 16:52:38.132 I/WindowManager( 718): No existing display settings, starting empty
05-30 16:52:38.160 D/SystemServerTiming( 718): SetWindowManagerService
05-30 16:52:38.222 I/ActivityTaskManager( 718): Loaded persisted task ids for user 0
05-30 16:52:38.226 D/SystemServerTiming( 718): WindowManagerServiceOnInitReady
05-30 16:52:38.246 W/BroadcastLoopers( 718): Found previously unknown looper Thread[android.ui,5,main]
05-30 16:52:38.249 D/SystemServerTimingAsync( 718): InitThreadPoolExec:StartISensorManagerService
05-30 16:52:38.249 D/SystemServerTiming( 718): StartInputManager
05-30 16:52:38.249 I/InputManager( 718): Starting input manager
05-30 16:52:38.249 D/SystemServerTimingAsync( 718): InitThreadPoolExec:StartHidlServices
05-30 16:52:38.249 D/SystemServerTimingAsync( 718): StartHidlServices
05-30 16:52:38.249 D/SystemServerTimingAsync( 718): StartISensorManagerService
05-30 16:52:38.249 D/SystemServerTiming( 718): DisplayManagerWindowManagerAndInputReady
05-30 16:52:38.250 V/HistoricalRegistry( 718): Interaction before persistence initialized
05-30 16:52:38.250 D/SystemServerTiming( 718): StartBluetoothService
05-30 16:52:38.251 I/SystemServiceManager( 718): Starting com.android.server.bluetooth.BluetoothService
05-30 16:52:38.261 D/SystemServerTiming( 718): IpConnectivityMetrics
05-30 16:52:38.262 I/SystemServiceManager( 718): Starting com.android.server.connectivity.IpConnectivityMetrics
05-30 16:52:38.262 D/SystemServerTiming( 718): NetworkWatchlistService
05-30 16:52:38.263 I/SystemServiceManager( 718): Starting com.android.server.net.watchlist.NetworkWatchlistService$Lifecycle
05-30 16:52:38.269 I/WatchlistLoggingHandler( 718): Start aggregating watchlist records.
05-30 16:52:38.271 D/SystemServerTiming( 718): PinnerService
05-30 16:52:38.271 I/SystemServiceManager( 718): Starting com.android.server.PinnerService
05-30 16:52:38.276 V/HistoricalRegistry( 718): Interaction before persistence initialized
05-30 16:52:38.282 D/SystemServerTiming( 718): SignedConfigService
05-30 16:52:38.282 D/SystemServerTiming( 718): AppIntegrityService
05-30 16:52:38.282 I/SystemServiceManager( 718): Starting com.android.server.integrity.AppIntegrityManagerService
05-30 16:52:38.295 D/SystemServerTiming( 718): StartLogcatManager
05-30 16:52:38.295 I/SystemServiceManager( 718): Starting com.android.server.logcat.LogcatManagerService
05-30 16:52:38.315 I/WindowManager( 718): SAFE MODE not enabled
05-30 16:52:38.315 D/SystemServerTiming( 718): StartInputMethodManagerLifecycle
05-30 16:52:38.315 I/SystemServiceManager( 718): Starting com.android.server.inputmethod.InputMethodManagerService$Lifecycle
05-30 16:52:38.328 D/SystemServerTiming( 718): StartAccessibilityManagerService
05-30 16:52:38.329 I/SystemServiceManager( 718): Starting com.android.server.accessibility.AccessibilityManagerService$Lifecycle
05-30 16:52:38.345 D/SystemServerTiming( 718): MakeDisplayReady
05-30 16:52:38.353 I/ActivityTaskManager( 718): Config changes=20005df8 {1.0 ?mcc0mnc [zh_CN] ldltr sw720dp w1280dp h720dp 240dpi xlrg long land ?uimode ?night -touch -keyb/h/h dpad/v winConfig={ mBounds=Rect(0, 0 - 1920, 1080) mAppBounds=Rect(0, 0 - 1920, 1080) mMaxBounds=Rect(0, 0 - 1920, 1080) mDisplayRotation=ROTATION_0 mWindowingMode=fullscreen mDisplayWindowingMode=fullscreen mActivityType=undefined mAlwaysOnTop=undefined mRotation=ROTATION_0} s.2 ?fontWeightAdjustment}
05-30 16:52:38.355 I/WindowManager( 718): Override config changes=60007dfc {1.0 ?mcc0mnc [zh_CN] ldltr sw720dp w1280dp h720dp 240dpi xlrg long land ?uimode ?night -touch -keyb/h/h dpad/v winConfig={ mBounds=Rect(0, 0 - 1920, 1080) mAppBounds=Rect(0, 0 - 1920, 1080) mMaxBounds=Rect(0, 0 - 1920, 1080) mDisplayRotation=ROTATION_0 mWindowingMode=fullscreen mDisplayWindowingMode=fullscreen mActivityType=undefined mAlwaysOnTop=undefined mRotation=ROTATION_0} s.2 ?fontWeightAdjustment} for displayId=0
05-30 16:52:38.359 I/DisplayDevice( 718): [0] Layerstack set to 0 for local:4616277992360486155
05-30 16:52:38.372 W/BroadcastLoopers( 718): Found previously unknown looper Thread[android.display,5,main]
05-30 16:52:38.374 D/SystemServerTiming( 718): StartStorageManagerService
05-30 16:52:38.374 I/SystemServiceManager( 718): Starting com.android.server.StorageManagerService$Lifecycle
05-30 16:52:38.396 D/StorageManagerService( 718): Thinking about reset, mBootCompleted=false, mDaemonConnected=true
05-30 16:52:38.398 D/StorageManagerService( 718): CE storage for users [0] is already unlocked
05-30 16:52:38.400 D/StorageManagerService( 718): Thinking about reset, mBootCompleted=false, mDaemonConnected=true
05-30 16:52:38.400 D/SystemServerTiming( 718): StartStorageStatsService
05-30 16:52:38.400 I/SystemServiceManager( 718): Starting com.android.server.usage.StorageStatsService$Lifecycle
05-30 16:52:38.413 D/SystemServerTiming( 718): StartUiModeManager
05-30 16:52:38.414 I/SystemServiceManager( 718): Starting com.android.server.UiModeManagerService
05-30 16:52:38.421 D/SystemServerTimingAsync( 718): InitThreadPoolExec:UiModeManager.onStart
05-30 16:52:38.421 D/SystemServerTiming( 718): StartLocaleManagerService
05-30 16:52:38.422 I/SystemServiceManager( 718): Starting com.android.server.locales.LocaleManagerService
05-30 16:52:38.436 D/SystemServerTiming( 718): StartGrammarInflectionService
05-30 16:52:38.436 I/SystemServiceManager( 718): Starting com.android.server.grammaticalinflection.GrammaticalInflectionService
05-30 16:52:38.438 D/SystemServerTiming( 718): StartAppHibernationService
05-30 16:52:38.438 I/SystemServiceManager( 718): Starting com.android.server.apphibernation.AppHibernationService
05-30 16:52:38.443 D/SystemServerTiming( 718): ArtManagerLocal
05-30 16:52:38.446 D/SystemServerTiming( 718): UpdatePackagesIfNeeded
05-30 16:52:38.446 I/Watchdog( 718): Pausing HandlerChecker: main thread for reason: dexopt. Pause count: 1
05-30 16:52:38.562 I/RoleServicePlatformHelperImpl( 718): Legacy roles.xml not found
05-30 16:52:38.859 I/keystore2( 282): system/security/keystore2/src/watchdog.rs:319 - Watchdog thread idle -> terminating. Have a great day.
05-30 16:52:43.258 I/WatchlistLoggingHandler( 718): Milliseconds spent on tryAggregateRecords(): 4989
05-30 16:52:47.676 W/OverlayManager( 718): service 'idmap' died
05-30 16:52:49.531 I/Watchdog( 718): Resuming HandlerChecker: main thread for reason: dexopt. Pause count: 0
05-30 16:52:49.531 D/SystemServerTiming( 718): PerformFstrimIfNeeded
05-30 16:52:49.533 W/PackageManager( 718): No disk maintenance in 1748595169532; running immediately
05-30 16:52:49.533 D/SystemServerTiming( 718): StartLockSettingsService
05-30 16:52:49.533 I/StorageManagerService( 718): Running fstrim idle maintenance
05-30 16:52:49.533 I/SystemServiceManager( 718): Starting com.android.server.locksettings.LockSettingsService$Lifecycle
05-30 16:52:49.535 D/vold ( 247): Starting trim of /metadata
05-30 16:52:49.535 I/vold ( 247): Trimmed 0 bytes on /metadata in 0ms
05-30 16:52:49.535 D/vold ( 247): Starting trim of /data
05-30 16:52:49.536 I/DropBoxManagerService( 718): add tag=storage_trim isTagEnabled=true flags=0x2
05-30 16:52:49.540 I/vold ( 247): Trimmed 0 bytes on /data in 4ms
05-30 16:52:49.541 D/vold ( 247): Starting trim of /mnt/vendor/param
05-30 16:52:49.541 I/vold ( 247): Trimmed 0 bytes on /mnt/vendor/param in 0ms
05-30 16:52:49.541 D/vold ( 247): Starting trim of /mnt/vendor/tee
05-30 16:52:49.542 I/DropBoxManagerService( 718): add tag=storage_trim isTagEnabled=true flags=0x2
05-30 16:52:49.544 I/DropBoxManagerService( 718): add tag=storage_trim isTagEnabled=true flags=0x2
05-30 16:52:49.545 I/vold ( 247): Trimmed 23060480 bytes on /mnt/vendor/tee in 3ms
05-30 16:52:49.545 D/vold ( 247): Starting trim of /mnt/vendor/factory
05-30 16:52:49.546 I/DropBoxManagerService( 718): add tag=storage_trim isTagEnabled=true flags=0x2
05-30 16:52:49.548 I/vold ( 247): Trimmed 8339456 bytes on /mnt/vendor/factory in 2ms
05-30 16:52:49.550 I/DropBoxManagerService( 718): add tag=storage_trim isTagEnabled=true flags=0x2
05-30 16:52:49.570 D/SystemServerTiming( 718): StartPersistentDataBlock
05-30 16:52:49.570 I/SystemServiceManager( 718): Starting com.android.server.PersistentDataBlockService
05-30 16:52:49.571 D/SystemServerTiming( 718): StartTestHarnessMode
05-30 16:52:49.571 D/SystemServerTimingAsync( 718): InitThreadPoolExec:PersistentDataBlockService.onStart
05-30 16:52:49.572 I/SystemServiceManager( 718): Starting com.android.server.testharness.TestHarnessModeService
05-30 16:52:49.572 D/SystemServerTiming( 718): StartOemLockService
05-30 16:52:49.573 I/SystemServiceManager( 718): Starting com.android.server.oemlock.OemLockService
05-30 16:52:49.576 I/OemLock ( 718): Using vendor lock via the HAL(aidl)
05-30 16:52:49.578 D/SystemServerTiming( 718): StartDeviceIdleController
05-30 16:52:49.579 I/SystemServiceManager( 718): Starting com.android.server.DeviceIdleController
05-30 16:52:49.585 D/SystemServerTiming( 718): StartDevicePolicyManager
05-30 16:52:49.585 I/SystemServiceManager( 718): Starting com.android.server.devicepolicy.DevicePolicyManagerService$Lifecycle
05-30 16:52:49.601 D/SystemServerTiming( 718): StartStatusBarManagerService
05-30 16:52:49.603 D/SystemServer( 718): MusicRecognitionManagerService not defined by OEM or disabled by flag
05-30 16:52:49.604 D/SystemServer( 718): ContentCaptureService disabled because resource is not overlaid
05-30 16:52:49.604 D/SystemServer( 718): AttentionService is not configured on this device
05-30 16:52:49.605 D/SystemServer( 718): RotationResolverService is not configured on this device
05-30 16:52:49.605 D/SystemServer( 718): SystemCaptionsManagerService disabled because resource is not overlaid
05-30 16:52:49.605 D/SystemServerTiming( 718): StartTextToSpeechManagerService
05-30 16:52:49.605 I/SystemServiceManager( 718): Starting com.android.server.texttospeech.TextToSpeechManagerService
05-30 16:52:49.607 D/SystemServerTiming( 718): StartAmbientContextService
05-30 16:52:49.607 I/SystemServiceManager( 718): Starting com.android.server.ambientcontext.AmbientContextManagerService
05-30 16:52:49.609 D/SystemServerTiming( 718): startWearableSensingService
05-30 16:52:49.609 I/SystemServiceManager( 718): Starting com.android.server.wearable.WearableSensingManagerService
05-30 16:52:49.612 D/SystemServerTiming( 718): StartSpeechRecognitionManagerService
05-30 16:52:49.612 I/SystemServiceManager( 718): Starting com.android.server.speech.SpeechRecognitionManagerService
05-30 16:52:49.614 D/SystemServer( 718): AppPredictionService not defined by OEM
05-30 16:52:49.614 D/SystemServer( 718): ContentSuggestionsService not defined by OEM
05-30 16:52:49.614 D/SystemServerTiming( 718): StartSearchUiService
05-30 16:52:49.614 I/SystemServiceManager( 718): Starting com.android.server.searchui.SearchUiManagerService
05-30 16:52:49.616 D/SystemServerTiming( 718): StartSmartspaceService
05-30 16:52:49.616 I/SystemServiceManager( 718): Starting com.android.server.smartspace.SmartspaceManagerService
05-30 16:52:49.618 D/SystemServerTiming( 718): InitConnectivityModuleConnector
