05-30 16:53:00.878 D/ActivityManagerTiming( 718): OnBootPhase_1000_com.android.server.stats.pull.StatsPullAtomService
05-30 16:53:00.878 D/ActivityManagerTiming( 718): OnBootPhase_1000_com.android.server.stats.bootstrap.StatsBootstrapAtomService$Lifecycle
05-30 16:53:00.878 D/ActivityManagerTiming( 718): OnBootPhase_1000_com.android.server.incident.IncidentCompanionService
05-30 16:53:00.878 D/ActivityManagerTiming( 718): OnBootPhase_1000_com.android.server.sdksandbox.SdkSandboxManagerService$Lifecycle
05-30 16:53:00.878 D/ActivityManagerTiming( 718): OnBootPhase_1000_com.android.server.adservices.AdServicesManagerService$Lifecycle
05-30 16:53:00.878 D/ActivityManagerTiming( 718): OnBootPhase_1000_com.android.server.ondevicepersonalization.OnDevicePersonalizationSystemService$Lifecycle
05-30 16:53:00.878 D/ActivityManagerTiming( 718): OnBootPhase_1000_com.android.server.autofill.AutofillManagerService
05-30 16:53:00.878 D/ActivityManagerTiming( 718): OnBootPhase_1000_com.android.server.clipboard.ClipboardService
05-30 16:53:00.878 D/ActivityManagerTiming( 718): OnBootPhase_1000_com.android.server.appbinding.AppBindingService$Lifecycle
05-30 16:53:00.878 D/ActivityManagerTiming( 718): OnBootPhase_1000_com.android.server.tracing.TracingServiceProxy
05-30 16:53:00.878 D/ActivityManagerTiming( 718): OnBootPhase_1000_com.android.server.policy.PermissionPolicyService
05-30 16:53:00.878 D/ActivityManagerTiming( 718): OnBootPhase_1000_com.android.server.pm.StagingManager$Lifecycle
05-30 16:53:00.880 D/ActivityManagerTiming( 718): OnBootPhase_1000_com.android.server.app.GameManagerService$Lifecycle
05-30 16:53:00.880 D/GameManagerService( 718): onBootCompleted
05-30 16:53:00.881 V/GameManagerService( 718): Game loading power mode OFF (game manager service start/restart)
05-30 16:53:00.883 V/GameManagerService( 718): Game power mode OFF (game manager service start/restart)
05-30 16:53:00.884 D/ActivityManagerTiming( 718): OnBootPhase_1000_com.android.safetycenter.SafetyCenterService
05-30 16:53:00.884 D/ActivityManagerTiming( 718): OnBootPhase_1000_com.android.server.appsearch.AppSearchModule$Lifecycle
05-30 16:53:00.885 D/ActivityManagerTiming( 718): OnBootPhase_1000_com.android.server.media.MediaCommunicationService
05-30 16:53:00.885 D/ActivityManagerTiming( 718): OnBootPhase_1000_com.android.server.compat.overrides.AppCompatOverridesService$Lifecycle
05-30 16:53:00.885 D/ActivityManagerTiming( 718): OnBootPhase_1000_com.android.server.healthconnect.HealthConnectManagerService
05-30 16:53:00.885 D/ActivityManagerTiming( 718): OnBootPhase_1000_com.android.server.devicelock.DeviceLockService
05-30 16:53:00.885 D/DeviceLockService( 718): onBootPhase: 1000
05-30 16:53:00.885 V/ActivityManagerTiming( 718): TotalBootTime took to complete: 27605ms
05-30 16:53:00.885 D/SystemServerInitThreadPool( 718): Shutdown requested
05-30 16:53:00.885 D/SystemServerTiming( 718): WaitInitThreadPoolShutdown
05-30 16:53:00.886 D/SystemServerInitThreadPool( 718): Shutdown successful
05-30 16:53:00.886 D/CompatibilityChangeReporter( 718): Compat change id reported: 135634846; UID 10069; state: DISABLED
05-30 16:53:00.891 D/CompatibilityChangeReporter( 718): Compat change id reported: 143937733; UID 10069; state: ENABLED
05-30 16:53:00.892 W/ActivityManager( 718): android.ext.services inode == 0 (b/152760674)
05-30 16:53:00.894 I/ActivityManager( 718): User 0 state changed from BOOTING to RUNNING_LOCKED
05-30 16:53:00.900 D/SystemServerTiming( 718): finishUserUnlocking-0
05-30 16:53:00.900 D/ActivityManager( 718): Started unlocking user 0
05-30 16:53:00.900 D/ActivityManager( 718): Unlocking user 0 progress 0
05-30 16:53:00.901 D/ActivityManager( 718): Unlocking user 0 progress 5
05-30 16:53:00.901 D/SystemServerTiming( 718): UM.onBeforeUnlockUser-0
05-30 16:53:00.901 D/SystemServerTiming( 718): prepareUserData-0
05-30 16:53:00.901 D/vold ( 247): fscrypt_prepare_user_storage for volume null, user 0, serial 0, flags 2
05-30 16:53:00.901 D/vold ( 247): Preparing: /data/system_ce/0
05-30 16:53:00.902 I/vold ( 247): Encryption policy of /data/system_ce/0 set to a987440f910473dfbc3c3421947928d5 v2 modes 1/4 flags 0xa
05-30 16:53:00.902 D/vold ( 247): Preparing: /data/vendor_ce/0
05-30 16:53:00.903 I/vold ( 247): Encryption policy of /data/vendor_ce/0 set to a987440f910473dfbc3c3421947928d5 v2 modes 1/4 flags 0xa
05-30 16:53:00.903 D/vold ( 247): Preparing: /data/media/0
05-30 16:53:00.904 I/vold ( 247): Encryption policy of /data/media/0 set to a987440f910473dfbc3c3421947928d5 v2 modes 1/4 flags 0xa
05-30 16:53:00.905 D/vold ( 247): Preparing: /data/misc_ce/0
05-30 16:53:00.905 I/vold ( 247): Encryption policy of /data/misc_ce/0 set to a987440f910473dfbc3c3421947928d5 v2 modes 1/4 flags 0xa
05-30 16:53:00.906 D/vold ( 247): Preparing: /data/user/0
05-30 16:53:00.912 I/vold ( 247): Verified that /data/user/0 has the encryption policy a987440f910473dfbc3c3421947928d5 v2 modes 1/4 flags 0xa
05-30 16:53:00.912 D/vold ( 247): Starting restorecon of /data/system_ce/0
05-30 16:53:00.918 D/vold ( 247): Finished restorecon of /data/system_ce/0
05-30 16:53:00.918 D/vold ( 247): Starting restorecon of /data/vendor_ce/0
05-30 16:53:00.918 I/ActivityManager( 718): Start proc 1802:android.ext.services/u0a69 for on-hold
05-30 16:53:00.923 D/vold ( 247): Finished restorecon of /data/vendor_ce/0
05-30 16:53:00.924 D/vold ( 247): Starting restorecon of /data/misc_ce/0
05-30 16:53:00.928 V/WindowManager( 718): app ------------- force_land :0
05-30 16:53:00.930 V/WindowManager( 718): app ------------- force_land :0
05-30 16:53:00.931 I/ActivityManager( 718): com.android.tv.settings is exempt from freezer
05-30 16:53:00.932 D/CompatibilityChangeReporter( 718): Compat change id reported: 135634846; UID 1000; state: DISABLED
05-30 16:53:00.933 W/NotificationHistory( 718): Attempted to add notif for locked/gone/disabled user 0
05-30 16:53:00.933 W/ActivityManager( 718): com.oranth.storage inode == 0 (b/152760674)
05-30 16:53:00.938 D/vold ( 247): Finished restorecon of /data/misc_ce/0
05-30 16:53:00.938 D/vold ( 247): /system/bin/vold_prepare_subdirs
05-30 16:53:00.938 D/vold ( 247): prepare
05-30 16:53:00.938 D/vold ( 247):
05-30 16:53:00.938 D/vold ( 247): 0
05-30 16:53:00.938 D/vold ( 247): 2
05-30 16:53:00.946 I/ActivityManager( 718): Start proc 1819:com.android.tv.settings/1000 for broadcast {com.android.tv.settings/com.android.tv.settings.users.UserSwitchListenerService$BootReceiver}
05-30 16:53:00.986 D/CompatibilityChangeReporter( 718): Compat change id reported: 168419799; UID 10069; state: DISABLED
05-30 16:53:00.986 D/CompatibilityChangeReporter( 718): Compat change id reported: 273564678; UID 10069; state: DISABLED
05-30 16:53:00.995 D/CompatibilityChangeReporter( 718): Compat change id reported: 170503758; UID 10069; state: ENABLED
05-30 16:53:01.006 D/CompatibilityChangeReporter( 718): Compat change id reported: 168419799; UID 1000; state: DISABLED
05-30 16:53:01.006 D/CompatibilityChangeReporter( 718): Compat change id reported: 273564678; UID 1000; state: DISABLED
05-30 16:53:01.041 D/CompatibilityChangeReporter( 718): Compat change id reported: 261072174; UID 1000; state: ENABLED
05-30 16:53:01.041 D/CompatibilityChangeReporter( 718): Compat change id reported: 265195908; UID 10069; state: ENABLED
05-30 16:53:01.062 V/UserDataPreparer( 718): Found /data/user/0 with serial number 0
05-30 16:53:01.062 V/UserDataPreparer( 718): Found /data/system_ce/0 with serial number -1
05-30 16:53:01.063 D/UserDataPreparer( 718): Serial number missing on /data/system_ce/0; assuming current is valid
05-30 16:53:01.063 D/UserDataPreparer( 718): Setting property: sys.user.0.ce_available=true
05-30 16:53:01.069 D/SystemServerTiming( 718): reconcileAppsData-0
05-30 16:53:01.070 V/PackageManager( 718): reconcileAppsData for null u0 0x2 migrateAppData=true
05-30 16:53:01.090 W/PackageManager( 718): Skipping preparing app data for com.android.configinfrastructure
05-30 16:53:01.090 W/PackageManager( 718): Skipping preparing app data for com.android.appsearch
05-30 16:53:01.091 W/PackageManager( 718): Skipping preparing app data for com.android.adservices
05-30 16:53:01.092 W/PackageManager( 718): Skipping preparing app data for com.android.scheduling
05-30 16:53:01.092 W/PackageManager( 718): Skipping preparing app data for com.google.android.widevine.nonupdatable
05-30 16:53:01.092 W/PackageManager( 718): Skipping preparing app data for com.android.permission
05-30 16:53:01.092 W/PackageManager( 718): Skipping preparing app data for com.android.art
05-30 16:53:01.092 W/PackageManager( 718): Skipping preparing app data for com.android.uwb
05-30 16:53:01.092 W/PackageManager( 718): Skipping preparing app data for com.android.tethering
05-30 16:53:01.092 W/PackageManager( 718): Skipping preparing app data for com.android.btservices
05-30 16:53:01.092 W/PackageManager( 718): Skipping preparing app data for com.android.media.swcodec
05-30 16:53:01.092 W/PackageManager( 718): Skipping preparing app data for com.android.conscrypt
05-30 16:53:01.092 W/PackageManager( 718): Skipping preparing app data for com.android.adbd
05-30 16:53:01.093 W/PackageManager( 718): Skipping preparing app data for com.android.i18n
05-30 16:53:01.093 W/PackageManager( 718): Skipping preparing app data for com.android.rkpd
05-30 16:53:01.093 W/PackageManager( 718): Skipping preparing app data for com.android.virt
05-30 16:53:01.093 W/PackageManager( 718): Skipping preparing app data for com.android.wifi
05-30 16:53:01.093 W/PackageManager( 718): Skipping preparing app data for com.android.runtime
05-30 16:53:01.093 W/PackageManager( 718): Skipping preparing app data for com.android.devicelock
05-30 16:53:01.093 W/PackageManager( 718): Skipping preparing app data for com.android.apex.cts.shim
05-30 16:53:01.093 W/PackageManager( 718): Skipping preparing app data for com.android.neuralnetworks
05-30 16:53:01.093 W/PackageManager( 718): Skipping preparing app data for com.android.healthfitness
05-30 16:53:01.093 W/PackageManager( 718): Skipping preparing app data for com.android.resolv
05-30 16:53:01.093 W/PackageManager( 718): Skipping preparing app data for com.android.sdkext
05-30 16:53:01.093 W/PackageManager( 718): Skipping preparing app data for com.android.tzdata
05-30 16:53:01.093 W/PackageManager( 718): Skipping preparing app data for com.android.vndk.v34
05-30 16:53:01.093 W/PackageManager( 718): Skipping preparing app data for com.android.os.statsd
05-30 16:53:01.093 W/PackageManager( 718): Skipping preparing app data for com.android.extservices
05-30 16:53:01.093 W/PackageManager( 718): Skipping preparing app data for com.amlogic.mediaextractor
05-30 16:53:01.093 W/PackageManager( 718): Skipping preparing app data for com.android.ipsec
05-30 16:53:01.093 W/PackageManager( 718): Skipping preparing app data for com.android.media
05-30 16:53:01.093 W/PackageManager( 718): Skipping preparing app data for com.android.sdksandbox
05-30 16:53:01.094 W/PackageManager( 718): Skipping preparing app data for com.android.mediaprovider
05-30 16:53:01.094 W/PackageManager( 718): Skipping preparing app data for com.android.ondevicepersonalization
05-30 16:53:01.096 W/UsageStatsService( 718): Failed to query usage stats for locked user 0
05-30 16:53:01.126 D/CompatibilityChangeReporter( 718): Compat change id reported: 161145287; UID 10069; state: ENABLED
05-30 16:53:01.127 V/NotificationAssistants( 718): 0 notification assistant service connected: ComponentInfo{android.ext.services/android.ext.services.notification.Assistant}
05-30 16:53:01.150 I/ExplicitHealthCheckController( 718): Explicit health check service is connected ComponentInfo{android.ext.services/android.ext.services.watchdog.ExplicitHealthCheckServiceImpl}
05-30 16:53:01.150 I/ExplicitHealthCheckController( 718): Service initialized, syncing requests
05-30 16:53:01.151 I/PackageWatchdog( 718): Syncing health check requests for packages: {}
05-30 16:53:01.151 D/ExplicitHealthCheckController( 718): Getting health check supported packages
05-30 16:53:01.156 I/ExplicitHealthCheckController( 718): Explicit health check supported packages [PackageConfig{com.android.networkstack, 86400000}]
05-30 16:53:01.157 D/PackageWatchdog( 718): Received supported packages [PackageConfig{com.android.networkstack, 86400000}]
05-30 16:53:01.157 D/ExplicitHealthCheckController( 718): Getting health check requested packages
05-30 16:53:01.158 I/ExplicitHealthCheckController( 718): Explicit health check requested packages []
05-30 16:53:01.158 I/ExplicitHealthCheckController( 718): No more health check requests, unbinding...
05-30 16:53:01.160 I/ExplicitHealthCheckController( 718): Explicit health check service is unbound
05-30 16:53:01.219 I/ActivityManager( 718): com.android.devicelockcontroller is exempt from freezer
05-30 16:53:01.220 D/CompatibilityChangeReporter( 718): Compat change id reported: 135634846; UID 10058; state: DISABLED
05-30 16:53:01.220 D/CompatibilityChangeReporter( 718): Compat change id reported: 177438394; UID 10058; state: DISABLED
05-30 16:53:01.220 D/CompatibilityChangeReporter( 718): Compat change id reported: 135772972; UID 10058; state: DISABLED
05-30 16:53:01.221 D/CompatibilityChangeReporter( 718): Compat change id reported: 135754954; UID 10058; state: ENABLED
05-30 16:53:01.221 D/CompatibilityChangeReporter( 718): Compat change id reported: 143937733; UID 10058; state: ENABLED
05-30 16:53:01.222 W/ActivityManager( 718): com.android.devicelockcontroller inode == 0 (b/152760674)
05-30 16:53:01.236 I/ActivityManager( 718): Start proc 1859:com.android.devicelockcontroller/u0a58 for broadcast {com.android.devicelockcontroller/com.android.devicelockcontroller.receivers.LockedBootCompletedReceiver}
05-30 16:53:01.267 D/CompatibilityChangeReporter( 718): Compat change id reported: 168419799; UID 10058; state: DISABLED
05-30 16:53:01.267 D/CompatibilityChangeReporter( 718): Compat change id reported: 273564678; UID 10058; state: DISABLED
05-30 16:53:01.272 D/CompatibilityChangeReporter( 718): Compat change id reported: 265195908; UID 10058; state: ENABLED
05-30 16:53:01.277 D/CompatibilityChangeReporter( 718): Compat change id reported: 170503758; UID 10058; state: ENABLED
05-30 16:53:01.329 I/DeviceLockControllerApplication( 1859): onCreate
05-30 16:53:01.334 I/DeviceStateControllerImpl( 1859): Starting state is 0
05-30 16:53:01.336 I/UserRestrictionsPolicyHandler( 1859): Build type DEBUG = false
05-30 16:53:01.348 I/DlcClient( 1859): Binding com.android.devicelockcontroller/.storage.SetupParametersService
05-30 16:53:01.353 D/CompatibilityChangeReporter( 718): Compat change id reported: 261072174; UID 10058; state: ENABLED
05-30 16:53:01.373 I/DeviceLockControllerApplication( 1859): Policies enforced
05-30 16:53:01.493 V/PackageManager( 718): reconcileAppsData finished 142 packages
05-30 16:53:01.493 I/ActivityManager( 718): User 0 state changed from RUNNING_LOCKED to RUNNING_UNLOCKING
05-30 16:53:01.494 D/ActivityManager( 718): Unlocking user 0 progress 20
05-30 16:53:01.494 W/Looper ( 718): Slow dispatch took 593ms android.fg h=android.os.Handler c=com.android.server.am.UserController$$ExternalSyntheticLambda2@d3c465b m=0
05-30 16:53:01.494 W/Looper ( 718): Slow delivery took 592ms android.fg h=android.os.Handler c=com.android.server.am.UserController$$ExternalSyntheticLambda9@57bdef8 m=0
05-30 16:53:01.494 D/SystemServerTimingAsync( 718): ssm.UnlockingUser-0
05-30 16:53:01.494 I/SystemServiceManager( 718): Calling onUnlockingUser 0
05-30 16:53:01.494 D/SystemServerTimingAsync( 718): ssm.onUnlockingUser-0_com.android.server.security.FileIntegrityService
05-30 16:53:01.494 D/SystemServerTimingAsync( 718): ssm.onUnlockingUser-0_com.android.server.pm.Installer
05-30 16:53:01.494 D/SystemServerTimingAsync( 718): ssm.onUnlockingUser-0_com.android.server.os.DeviceIdentifiersPolicyService
05-30 16:53:01.494 D/SystemServerTimingAsync( 718): ssm.onUnlockingUser-0_com.android.server.flags.FeatureFlagsService
05-30 16:53:01.494 D/SystemServerTimingAsync( 718): ssm.onUnlockingUser-0_com.android.server.uri.UriGrantsManagerService$Lifecycle
05-30 16:53:01.494 D/SystemServerTimingAsync( 718): ssm.onUnlockingUser-0_com.android.server.powerstats.PowerStatsService
05-30 16:53:01.494 D/SystemServerTimingAsync( 718): ssm.onUnlockingUser-0_com.android.server.permission.access.AccessCheckingService
05-30 16:53:01.494 D/SystemServerTimingAsync( 718): ssm.onUnlockingUser-0_com.android.server.wm.ActivityTaskManagerService$Lifecycle
05-30 16:53:01.494 D/SystemServerTimingAsync( 718): ssm.onUnlockingUser-0_com.android.server.am.ActivityManagerService$Lifecycle
05-30 16:53:01.494 D/SystemServerTimingAsync( 718): ssm.onUnlockingUser-0_com.android.server.pm.DataLoaderManagerService
05-30 16:53:01.494 D/SystemServerTimingAsync( 718): ssm.onUnlockingUser-0_com.android.server.power.PowerManagerService
05-30 16:53:01.494 D/SystemServerTimingAsync( 718): ssm.onUnlockingUser-0_com.android.server.power.ThermalManagerService
05-30 16:53:01.494 D/SystemServerTimingAsync( 718): ssm.onUnlockingUser-0_com.android.server.power.hint.HintManagerService
05-30 16:53:01.494 D/SystemServerTimingAsync( 718): ssm.onUnlockingUser-0_com.android.server.recoverysystem.RecoverySystemService$Lifecycle
05-30 16:53:01.494 D/SystemServerTimingAsync( 718): ssm.onUnlockingUser-0_com.android.server.lights.LightsService
05-30 16:53:01.494 D/SystemServerTimingAsync( 718): ssm.onUnlockingUser-0_com.android.server.display.DisplayManagerService
05-30 16:53:01.494 D/SystemServerTimingAsync( 718): ssm.onUnlockingUser-0_com.android.server.pm.verify.domain.DomainVerificationService
05-30 16:53:01.494 D/SystemServerTimingAsync( 718): ssm.onUnlockingUser-0_com.android.server.pm.PackageInstallerService$Lifecycle
05-30 16:53:01.494 D/SystemServerTimingAsync( 718): ssm.onUnlockingUser-0_com.android.server.pm.UserManagerService$LifeCycle
05-30 16:53:01.494 D/SystemServerTimingAsync( 718): ssm.onUnlockingUser-0_com.android.server.om.OverlayManagerService
05-30 16:53:01.494 D/SystemServerTimingAsync( 718): ssm.onUnlockingUser-0_com.android.server.resources.ResourcesManagerService
05-30 16:53:01.494 D/SystemServerTimingAsync( 718): ssm.onUnlockingUser-0_com.android.server.sensorprivacy.SensorPrivacyService
05-30 16:53:01.494 D/SystemServerTimingAsync( 718): ssm.onUnlockingUser-0_com.android.server.sensors.SensorService
05-30 16:53:01.494 D/SystemServerTimingAsync( 718): ssm.onUnlockingUser-0_com.android.server.SystemConfigService
05-30 16:53:01.494 D/SystemServerTimingAsync( 718): ssm.onUnlockingUser-0_com.android.server.BatteryService
05-30 16:53:01.494 D/SystemServerTimingAsync( 718): ssm.onUnlockingUser-0_com.android.server.usage.UsageStatsService
05-30 16:53:01.494 D/SystemServerTimingAsync( 718): ssm.onUnlockingUser-0_com.android.server.webkit.WebViewUpdateService
05-30 16:53:01.494 D/SystemServerTimingAsync( 718): ssm.onUnlockingUser-0_com.android.server.CachedDeviceStateService
05-30 16:53:01.494 D/SystemServerTimingAsync( 718): ssm.onUnlockingUser-0_com.android.server.BinderCallsStatsService$LifeCycle
05-30 16:53:01.494 D/SystemServerTimingAsync( 718): ssm.onUnlockingUser-0_com.android.server.LooperStatsService$Lifecycle
05-30 16:53:01.494 D/SystemServerTimingAsync( 718): ssm.onUnlockingUser-0_com.android.server.rollback.RollbackManagerService
05-30 16:53:01.495 I/BroadcastQueue( 718): BOOT_COMPLETED_BROADCAST_COMPLETION_LATENCY_REPORTED action:android.intent.action.LOCKED_BOOT_COMPLETED dispatchLatency:2 completeLatency:595 dispatchRealLatency:2 completeRealLatency:595 receiversSize:4 userId:0 userType:android.os.usertype.full.SYSTEM
05-30 16:53:01.495 D/SystemServerTimingAsync( 718): ssm.onUnlockingUser-0_com.android.server.os.NativeTombstoneManagerService
05-30 16:53:01.495 D/SystemServerTimingAsync( 718): ssm.onUnlockingUser-0_com.android.server.os.BugreportManagerService
05-30 16:53:01.495 D/SystemServerTimingAsync( 718): ssm.onUnlockingUser-0_com.android.server.gpu.GpuService
05-30 16:53:01.495 D/SystemServerTimingAsync( 718): ssm.onUnlockingUser-0_com.android.server.security.rkp.RemoteProvisioningService
05-30 16:53:01.495 D/SystemServerTimingAsync( 718): ssm.onUnlockingUser-0_com.android.server.security.KeyChainSystemService
05-30 16:53:01.495 D/SystemServerTimingAsync( 718): ssm.onUnlockingUser-0_com.android.server.BinaryTransparencyService
05-30 16:53:01.495 W/Looper ( 718): Drained
05-30 16:53:01.495 D/SystemServerTimingAsync( 718): ssm.onUnlockingUser-0_com.android.server.accounts.AccountManagerService$Lifecycle
05-30 16:53:01.495 D/SystemServerTimingAsync( 718): ssm.onUnlockingUser-0_com.android.server.content.ContentService$Lifecycle
05-30 16:53:01.495 D/SystemServerTimingAsync( 718): ssm.onUnlockingUser-0_com.android.server.deviceconfig.DeviceConfigInit$Lifecycle
05-30 16:53:01.496 D/SystemServerTimingAsync( 718): ssm.onUnlockingUser-0_com.android.server.DropBoxManagerService
05-30 16:53:01.496 D/SystemServerTimingAsync( 718): ssm.onUnlockingUser-0_com.android.role.RoleService
05-30 16:53:01.496 D/SystemServerTimingAsync( 718): ssm.onUnlockingUser-0_com.android.server.vibrator.VibratorManagerService$Lifecycle
05-30 16:53:01.496 D/SystemServerTimingAsync( 718): ssm.onUnlockingUser-0_com.android.server.tare.InternalResourceService
05-30 16:53:01.496 D/SystemServerTimingAsync( 718): ssm.onUnlockingUser-0_com.android.server.alarm.AlarmManagerService
05-30 16:53:01.496 D/SystemServerTimingAsync( 718): ssm.onUnlockingUser-0_com.android.server.devicestate.DeviceStateManagerService
05-30 16:53:01.496 D/SystemServerTimingAsync( 718): ssm.onUnlockingUser-0_com.android.server.camera.CameraServiceProxy
05-30 16:53:01.496 D/SystemServerTimingAsync( 718): ssm.onUnlockingUser-0_com.android.server.bluetooth.BluetoothService
05-30 16:53:01.496 D/SystemServerTimingAsync( 718): ssm.onUnlockingUser-0_com.android.server.connectivity.IpConnectivityMetrics
05-30 16:53:01.496 D/SystemServerTimingAsync( 718): ssm.onUnlockingUser-0_com.android.server.net.watchlist.NetworkWatchlistService$Lifecycle
05-30 16:53:01.496 D/SystemServerTimingAsync( 718): ssm.onUnlockingUser-0_com.android.server.PinnerService
05-30 16:53:01.496 D/SystemServerTimingAsync( 718): ssm.onUnlockingUser-0_com.android.server.integrity.AppIntegrityManagerService
05-30 16:53:01.496 D/SystemServerTimingAsync( 718): ssm.onUnlockingUser-0_com.android.server.logcat.LogcatManagerService
05-30 16:53:01.496 D/SystemServerTimingAsync( 718): ssm.onUnlockingUser-0_com.android.server.inputmethod.InputMethodManagerService$Lifecycle
05-30 16:53:01.496 D/SystemServerTimingAsync( 718): ssm.onUnlockingUser-0_com.android.server.accessibility.AccessibilityManagerService$Lifecycle
05-30 16:53:01.496 D/SystemServerTimingAsync( 718): ssm.onUnlockingUser-0_com.android.server.StorageManagerService$Lifecycle
05-30 16:53:01.496 D/StorageManagerService( 718): onUnlockUser 0
05-30 16:53:01.496 I/StorageSessionController( 718): On user unlock 0
05-30 16:53:01.496 I/StorageSessionController( 718): Initialialising...
05-30 16:53:01.499 I/vold ( 247): onUserStarted: 0
05-30 16:53:01.500 D/SystemServerTimingAsync( 718): ssm.onUnlockingUser-0_com.android.server.usage.StorageStatsService$Lifecycle
05-30 16:53:01.500 D/SystemServerTimingAsync( 718): ssm.onUnlockingUser-0_com.android.server.UiModeManagerService
05-30 16:53:01.500 D/SystemServerTimingAsync( 718): ssm.onUnlockingUser-0_com.android.server.locales.LocaleManagerService
05-30 16:53:01.500 D/SystemServerTimingAsync( 718): ssm.onUnlockingUser-0_com.android.server.grammaticalinflection.GrammaticalInflectionService
05-30 16:53:01.500 D/SystemServerTimingAsync( 718): ssm.onUnlockingUser-0_com.android.server.apphibernation.AppHibernationService
05-30 16:53:01.501 D/SystemServerTimingAsync( 718): ssm.onUnlockingUser-0_com.android.server.locksettings.LockSettingsService$Lifecycle
05-30 16:53:01.501 D/CompatibilityChangeReporter( 718): Compat change id reported: 253665015; UID 1000; state: DISABLED
05-30 16:53:01.501 D/CompatibilityChangeReporter( 718): Compat change id reported: 253665015; UID 1000; state: ENABLED
05-30 16:53:01.501 D/SystemServerTimingAsync( 718): ssm.onUnlockingUser-0_com.android.server.PersistentDataBlockService
05-30 16:53:01.502 D/SystemServerTimingAsync( 718): ssm.onUnlockingUser-0_com.android.server.testharness.TestHarnessModeService
05-30 16:53:01.502 D/SystemServerTimingAsync( 718): ssm.onUnlockingUser-0_com.android.server.oemlock.OemLockService
05-30 16:53:01.502 D/SystemServerTimingAsync( 718): ssm.onUnlockingUser-0_com.android.server.DeviceIdleController
05-30 16:53:01.502 D/SystemServerTimingAsync( 718): ssm.onUnlockingUser-0_com.android.server.devicepolicy.DevicePolicyManagerService$Lifecycle
05-30 16:53:01.502 I/HibernationStateDiskStore( 718): No hibernation file on disk for file /data/system_ce/0/hibernation/states
05-30 16:53:01.502 D/SystemServerTimingAsync( 718): ssm.onUnlockingUser-0_com.android.server.texttospeech.TextToSpeechManagerService
05-30 16:53:01.503 D/CompatibilityChangeReporter( 718): Compat change id reported: 194532703; UID 1000; state: ENABLED
05-30 16:53:01.503 D/CompatibilityChangeReporter( 718): Compat change id reported: 194532703; UID 1000; state: DISABLED
05-30 16:53:01.503 D/SystemServerTimingAsync( 718): ssm.onUnlockingUser-0_com.android.server.ambientcontext.AmbientContextManagerService
05-30 16:53:01.503 I/AmbientContextManagerService( 718): serviceNames sent in newServiceListLocked is null, or empty
05-30 16:53:01.503 D/SystemServerTimingAsync( 718): ssm.onUnlockingUser-0_com.android.server.wearable.WearableSensingManagerService
05-30 16:53:01.503 D/WearableSensingManagerService( 718): onServiceRemoved
05-30 16:53:01.503 D/WearableSensingManagerPerUserService( 718): Trying to cancel the remote request. Reason: Service destroyed.
05-30 16:53:01.503 D/LockSettingsService( 718): Hiding encryption notification for user 0
05-30 16:53:01.503 D/SystemServerTimingAsync( 718): ssm.onUnlockingUser-0_com.android.server.speech.SpeechRecognitionManagerService
05-30 16:53:01.504 D/SystemServerTimingAsync( 718): ssm.onUnlockingUser-0_com.android.server.searchui.SearchUiManagerService
05-30 16:53:01.504 D/SystemServerTimingAsync( 718): ssm.onUnlockingUser-0_com.android.server.smartspace.SmartspaceManagerService
05-30 16:53:01.504 D/SystemServerTimingAsync( 718): ssm.onUnlockingUser-0_com.android.server.graphics.fonts.FontManagerService$Lifecycle
05-30 16:53:01.504 D/SystemServerTimingAsync( 718): ssm.onUnlockingUser-0_com.android.server.textservices.TextServicesManagerService$Lifecycle
05-30 16:53:01.505 W/TextServicesManagerService( 718): no available spell checker services found
05-30 16:53:01.505 V/StorageManagerService( 718): Found primary storage at VolumeInfo{emulated;0}:
05-30 16:53:01.505 V/StorageManagerService( 718): type=EMULATED diskId=null partGuid= mountFlags=0 mountUserId=0
05-30 16:53:01.505 V/StorageManagerService( 718): state=UNMOUNTED
05-30 16:53:01.505 V/StorageManagerService( 718): fsType=null fsUuid=null fsLabel=null
05-30 16:53:01.505 V/StorageManagerService( 718): path=null internalPath=null
05-30 16:53:01.505 D/SystemServerTimingAsync( 718): ssm.onUnlockingUser-0_com.android.server.textclassifier.TextClassificationManagerService$Lifecycle
05-30 16:53:01.506 I/StorageManagerService( 718): Mounting volume VolumeInfo{emulated;0}:
05-30 16:53:01.506 I/StorageManagerService( 718): type=EMULATED diskId=null partGuid= mountFlags=PRIMARY|VISIBLE_FOR_WRITE
05-30 16:53:01.506 I/StorageManagerService( 718): mountUserId=0 state=UNMOUNTED
05-30 16:53:01.506 I/StorageManagerService( 718): fsType=null fsUuid=null fsLabel=null
05-30 16:53:01.506 I/StorageManagerService( 718): path=null internalPath=null
05-30 16:53:01.506 D/SystemServerTimingAsync( 718): ssm.onUnlockingUser-0_com.android.server.NetworkScoreService$Lifecycle
05-30 16:53:01.506 D/SystemServerTimingAsync( 718): ssm.onUnlockingUser-0_com.android.server.NetworkStatsServiceInitializer
05-30 16:53:01.506 D/SystemServerTimingAsync( 718): ssm.onUnlockingUser-0_com.android.server.wifi.WifiService
05-30 16:53:01.506 W/InputMethodInfoUtils( 718): Found no fallback locale. imis=[InputMethodInfo{com.sohu.inputmethod.sogou.tv/.SogouIME, settings: com.sohu.inputmethod.sogou.SogouIMESettingsLauncher}]
05-30 16:53:01.507 I/vold ( 247): Mounting emulated fuse volume
05-30 16:53:01.508 D/SystemServerTimingAsync( 718): ssm.onUnlockingUser-0_com.android.server.wifi.scanner.WifiScanningService
05-30 16:53:01.508 D/SystemServerTimingAsync( 718): ssm.onUnlockingUser-0_com.android.server.wifi.p2p.WifiP2pService
05-30 16:53:01.508 D/SystemServerTimingAsync( 718): ssm.onUnlockingUser-0_com.android.server.ConnectivityServiceInitializer
05-30 16:53:01.508 D/SystemServerTimingAsync( 718): ssm.onUnlockingUser-0_com.android.server.notification.NotificationManagerService
05-30 16:53:01.508 D/SystemServerTimingAsync( 718): ssm.onUnlockingUser-0_com.android.server.storage.DeviceStorageMonitorService
05-30 16:53:01.508 D/SystemServerTimingAsync( 718): ssm.onUnlockingUser-0_com.android.server.timedetector.TimeDetectorService$Lifecycle
05-30 16:53:01.508 D/SystemServerTimingAsync( 718): ssm.onUnlockingUser-0_com.android.server.location.LocationManagerService$Lifecycle
05-30 16:53:01.508 D/SystemServerTimingAsync( 718): ssm.onUnlockingUser-0_com.android.server.timezonedetector.TimeZoneDetectorService$Lifecycle
05-30 16:53:01.509 D/SystemServerTimingAsync( 718): ssm.onUnlockingUser-0_com.android.server.location.altitude.AltitudeService$Lifecycle
05-30 16:53:01.509 D/SystemServerTimingAsync( 718): ssm.onUnlockingUser-0_com.android.server.timezonedetector.location.LocationTimeZoneManagerService$Lifecycle
05-30 16:53:01.509 D/SystemServerTimingAsync( 718): ssm.onUnlockingUser-0_com.android.server.search.SearchManagerService$Lifecycle
05-30 16:53:01.509 W/InputMethodInfoUtils( 718): No software keyboard is found. imis=[InputMethodInfo{com.sohu.inputmethod.sogou.tv/.SogouIME, settings: com.sohu.inputmethod.sogou.SogouIMESettingsLauncher}] systemLocale=zh_CN fallbackLocale=null
05-30 16:53:01.509 D/SystemServerTimingAsync( 718): ssm.onUnlockingUser-0_com.android.server.wallpaper.WallpaperManagerService$Lifecycle
05-30 16:53:01.509 D/SystemServerTimingAsync( 718): ssm.onUnlockingUser-0_com.android.server.wallpapereffectsgeneration.WallpaperEffectsGenerationManagerService
05-30 16:53:01.510 D/SystemServerTimingAsync( 718): ssm.onUnlockingUser-0_com.android.server.audio.AudioService$Lifecycle
05-30 16:53:01.510 D/SystemServerTimingAsync( 718): ssm.onUnlockingUser-0_com.android.server.soundtrigger_middleware.SoundTriggerMiddlewareService$Lifecycle
05-30 16:53:01.510 D/SystemServerTimingAsync( 718): ssm.onUnlockingUser-0_com.android.server.adb.AdbService$Lifecycle
05-30 16:53:01.510 D/SystemServerTimingAsync( 718): ssm.onUnlockingUser-0_com.android.server.usb.UsbService$Lifecycle
05-30 16:53:01.511 D/SystemServerTimingAsync( 718): ssm.onUnlockingUser-0_com.android.server.twilight.TwilightService
05-30 16:53:01.511 D/SystemServerTimingAsync( 718): ssm.onUnlockingUser-0_com.android.server.display.color.ColorDisplayService
05-30 16:53:01.511 D/SystemServerTimingAsync( 718): ssm.onUnlockingUser-0_com.android.server.job.JobSchedulerService
05-30 16:53:01.511 D/SystemServerTimingAsync( 718): ssm.onUnlockingUser-0_com.android.server.soundtrigger.SoundTriggerService
05-30 16:53:01.511 D/SystemServerTimingAsync( 718): ssm.onUnlockingUser-0_com.android.server.trust.TrustManagerService
05-30 16:53:01.511 D/SystemServerTimingAsync( 718): ssm.onUnlockingUser-0_com.android.server.backup.BackupManagerService$Lifecycle
05-30 16:53:01.511 D/SystemServerTimingAsync( 718): ssm.onUnlockingUser-0_com.android.server.appwidget.AppWidgetService
05-30 16:53:01.511 D/SystemServerTimingAsync( 718): ssm.onUnlockingUser-0_com.android.server.voiceinteraction.VoiceInteractionManagerService
05-30 16:53:01.512 W/VoiceInteractionManager( 718): no available voice recognition services found for user 0
05-30 16:53:01.512 D/SystemServerTimingAsync( 718): ssm.onUnlockingUser-0_com.android.server.GestureLauncherService
05-30 16:53:01.512 D/SystemServerTimingAsync( 718): ssm.onUnlockingUser-0_com.android.server.SensorNotificationService
05-30 16:53:01.512 D/SystemServerTimingAsync( 718): ssm.onUnlockingUser-0_com.android.server.emergency.EmergencyAffordanceService
05-30 16:53:01.512 D/SystemServerTimingAsync( 718): ssm.onUnlockingUser-0_com.android.server.blob.BlobStoreManagerService
05-30 16:53:01.512 D/SystemServerTimingAsync( 718): ssm.onUnlockingUser-0_com.android.server.dreams.DreamManagerService
05-30 16:53:01.512 D/SystemServerTimingAsync( 718): ssm.onUnlockingUser-0_com.android.server.security.AttestationVerificationManagerService
05-30 16:53:01.512 D/SystemServerTimingAsync( 718): ssm.onUnlockingUser-0_com.android.server.restrictions.RestrictionsManagerService
05-30 16:53:01.512 D/SystemServerTimingAsync( 718): ssm.onUnlockingUser-0_com.android.server.media.MediaSessionService
05-30 16:53:01.512 D/SystemServerTimingAsync( 718): ssm.onUnlockingUser-0_com.android.server.hdmi.HdmiControlService
05-30 16:53:01.512 D/SystemServerTimingAsync( 718): ssm.onUnlockingUser-0_com.android.server.tv.interactive.TvInteractiveAppManagerService
05-30 16:53:01.512 D/SystemServerTimingAsync( 718): ssm.onUnlockingUser-0_com.android.server.tv.TvInputManagerService
05-30 16:53:01.514 I/BackupManagerService( 718): Starting service for user: 0
05-30 16:53:01.515 D/SystemServerTimingAsync( 718): ssm.onUnlockingUser-0_com.android.server.media.MediaResourceMonitorService
05-30 16:53:01.515 D/SystemServerTimingAsync( 718): ssm.onUnlockingUser-0_com.android.server.tv.TvRemoteService
05-30 16:53:01.515 D/SystemServerTimingAsync( 718): ssm.onUnlockingUser-0_com.android.server.biometrics.BiometricService
05-30 16:53:01.515 D/SystemServerTimingAsync( 718): ssm.onUnlockingUser-0_com.android.server.biometrics.AuthService
05-30 16:53:01.515 D/SystemServerTimingAsync( 718): ssm.onUnlockingUser-0_com.android.server.pm.ShortcutService$Lifecycle
05-30 16:53:01.515 D/SystemServerTimingAsync( 718): ssm.onUnlockingUser-0_com.android.server.pm.LauncherAppsService
05-30 16:53:01.516 D/SystemServerTimingAsync( 718): ssm.onUnlockingUser-0_com.android.server.pm.CrossProfileAppsService
05-30 16:53:01.516 D/SystemServerTimingAsync( 718): ssm.onUnlockingUser-0_com.android.server.people.PeopleService
05-30 16:53:01.516 D/SystemServerTimingAsync( 718): ssm.onUnlockingUser-0_com.android.server.media.metrics.MediaMetricsManagerService
05-30 16:53:01.516 D/SystemServerTimingAsync( 718): ssm.onUnlockingUser-0_com.android.server.pm.BackgroundInstallControlService
05-30 16:53:01.516 D/SystemServerTimingAsync( 718): ssm.onUnlockingUser-0_com.android.server.media.projection.MediaProjectionManagerService
05-30 16:53:01.516 D/SystemServerTimingAsync( 718): ssm.onUnlockingUser-0_com.android.server.slice.SliceManagerService$Lifecycle
05-30 16:53:01.516 D/SystemServerTimingAsync( 718): ssm.onUnlockingUser-0_com.android.server.stats.StatsCompanion$Lifecycle
05-30 16:53:01.516 D/SystemServerTimingAsync( 718): ssm.onUnlockingUser-0_com.android.server.scheduling.RebootReadinessManagerService$Lifecycle
05-30 16:53:01.516 D/SystemServerTimingAsync( 718): ssm.onUnlockingUser-0_com.android.server.stats.pull.StatsPullAtomService
05-30 16:53:01.516 D/SystemServerTimingAsync( 718): ssm.onUnlockingUser-0_com.android.server.stats.bootstrap.StatsBootstrapAtomService$Lifecycle
05-30 16:53:01.516 D/SystemServerTimingAsync( 718): ssm.onUnlockingUser-0_com.android.server.incident.IncidentCompanionService
05-30 16:53:01.516 D/SystemServerTimingAsync( 718): ssm.onUnlockingUser-0_com.android.server.sdksandbox.SdkSandboxManagerService$Lifecycle
05-30 16:53:01.516 D/SystemServerTimingAsync( 718): ssm.onUnlockingUser-0_com.android.server.adservices.AdServicesManagerService$Lifecycle
05-30 16:53:01.516 D/SystemServerTimingAsync( 718): ssm.onUnlockingUser-0_com.android.server.ondevicepersonalization.OnDevicePersonalizationSystemService$Lifecycle
05-30 16:53:01.516 D/SystemServerTimingAsync( 718): ssm.onUnlockingUser-0_com.android.server.autofill.AutofillManagerService
05-30 16:53:01.518 D/SystemServerTimingAsync( 718): ssm.onUnlockingUser-0_com.android.server.clipboard.ClipboardService
05-30 16:53:01.518 D/SystemServerTimingAsync( 718): ssm.onUnlockingUser-0_com.android.server.appbinding.AppBindingService$Lifecycle
05-30 16:53:01.518 W/AppBindingService( 718): [Default SMS app] u0 Target package not found
05-30 16:53:01.518 D/SystemServerTimingAsync( 718): ssm.onUnlockingUser-0_com.android.server.tracing.TracingServiceProxy
05-30 16:53:01.518 D/SystemServerTimingAsync( 718): ssm.onUnlockingUser-0_com.android.server.policy.PermissionPolicyService
05-30 16:53:01.518 D/SystemServerTimingAsync( 718): ssm.onUnlockingUser-0_com.android.server.pm.StagingManager$Lifecycle
05-30 16:53:01.518 D/SystemServerTimingAsync( 718): ssm.onUnlockingUser-0_com.android.server.app.GameManagerService$Lifecycle
05-30 16:53:01.518 D/SystemServerTimingAsync( 718): ssm.onUnlockingUser-0_com.android.safetycenter.SafetyCenterService
05-30 16:53:01.518 D/SystemServerTimingAsync( 718): ssm.onUnlockingUser-0_com.android.server.appsearch.AppSearchModule$Lifecycle
05-30 16:53:01.518 I/vold ( 247): Bind mounting /data/media to /mnt/pass_through/0/emulated
05-30 16:53:01.520 V/ActivityThread( 1802): getPackageInfo() caused update to cached ApplicationInfo for package android.ext.services
05-30 16:53:01.522 V/BackupManagerService( 718): [UserID:0] Starting with transport com.android.localtransport/.LocalTransport
05-30 16:53:01.523 I/UsageStatsService( 718): Starting migration to system CE for user 0
05-30 16:53:01.525 I/UsageStatsService( 718): Finished migration to system CE for user 0
05-30 16:53:01.526 W/BatteryExternalStatsWorker( 718): error reading modem stats:ERROR_PHONE_NOT_AVAILABLE
05-30 16:53:01.527 W/BatteryExternalStatsWorker( 718): error reading Bluetooth stats: 11
05-30 16:53:01.527 D/BackupManagerService( 718): [UserID:0] Started thread backup-0
05-30 16:53:01.532 I/StorageSessionController( 718): On volume mount VolumeInfo{emulated;0}:
05-30 16:53:01.532 I/StorageSessionController( 718): type=EMULATED diskId=null partGuid= mountFlags=PRIMARY|VISIBLE_FOR_WRITE
05-30 16:53:01.532 I/StorageSessionController( 718): mountUserId=0 state=CHECKING
05-30 16:53:01.532 I/StorageSessionController( 718): fsType=null fsUuid=null fsLabel=null
05-30 16:53:01.532 I/StorageSessionController( 718): path=/storage/emulated internalPath=/data/media
05-30 16:53:01.537 I/StorageSessionController( 718): Creating connection for user: 0
05-30 16:53:01.542 D/SystemServerTimingAsync( 718): ssm.onUnlockingUser-0_com.android.server.media.MediaCommunicationService
05-30 16:53:01.542 D/SystemServerTimingAsync( 718): ssm.onUnlockingUser-0_com.android.server.compat.overrides.AppCompatOverridesService$Lifecycle
05-30 16:53:01.542 D/SystemServerTimingAsync( 718): ssm.onUnlockingUser-0_com.android.server.healthconnect.HealthConnectManagerService
05-30 16:53:01.542 D/SystemServerTimingAsync( 718): ssm.onUnlockingUser-0_com.android.server.devicelock.DeviceLockService
05-30 16:53:01.543 D/DeviceLockService( 718): onUserUnlocking
05-30 16:53:01.543 I/ActivityTaskManager( 718): Loading recents for user 0 into memory.
05-30 16:53:01.544 E/TaskPersister( 718): restoreTasksForUserLocked: Unable to list files from /data/system_ce/0/recent_tasks
05-30 16:53:01.544 D/SystemServerTiming( 718): finishUserUnlocked-0
05-30 16:53:01.544 I/ActivityManager( 718): User 0 state changed from RUNNING_UNLOCKING to RUNNING_UNLOCKED
05-30 16:53:01.545 V/PackageConfigPersister( 718): loadPackages: empty list files from /data/system_ce/0/package_configs
05-30 16:53:01.545 I/StorageSessionController( 718): Creating and starting session with id: emulated;0
05-30 16:53:01.545 V/SystemServerTiming( 718): SystemUserUnlock took to complete: 644ms
05-30 16:53:01.546 I/StorageUserConnection( 718): Binding to the ExternalStorageService for user 0
05-30 16:53:01.552 I/ActivityManager( 718): com.dangbei.lerad.etna.haqu is exempt from freezer
05-30 16:53:01.553 D/CompatibilityChangeReporter( 718): Compat change id reported: 135634846; UID 1000; state: DISABLED
05-30 16:53:01.553 I/UsageStatsDatabase( 718): Upgrading from version 0 to 5
05-30 16:53:01.553 I/UsageStatsDatabase( 718): Deleting all usage stats files
05-30 16:53:01.558 D/CompatibilityChangeReporter( 718): Compat change id reported: 135634846; UID 10068; state: DISABLED
05-30 16:53:01.560 I/StorageUserConnection( 718): Bound to the ExternalStorageService for user 0
05-30 16:53:01.561 W/BroadcastLoopers( 718): Found previously unknown looper Thread[ActivityManager,5,main]
05-30 16:53:01.563 I/PreBootBroadcaster( 718): Pre-boot of {com.droidlogic/com.droidlogic.BootComplete} for user 0
05-30 16:53:01.570 I/UsageStatsService( 718): User[0] Rollover scheduled @ 2025-05-31 16:53:01(1748681581530)
05-30 16:53:01.570 D/AppStandbyController( 718): Initializing defaults for system apps on user 0, appIdleEnabled=true
05-30 16:53:01.572 V/NotificationAssistants( 718): disabling notification assistant for user 0: ComponentInfo{android.ext.services/android.ext.services.notification.Assistant}
05-30 16:53:01.573 D/NotificationListeners( 718): Removing active service ComponentInfo{android.ext.services/android.ext.services.notification.Assistant}
05-30 16:53:01.590 V/NotificationAssistants( 718): enabling notification assistant for 0: ComponentInfo{android.ext.services/android.ext.services.notification.Assistant}
05-30 16:53:01.590 V/NotificationAssistants( 718): binding: Intent { act=android.service.notification.NotificationAssistantService cmp=android.ext.services/.notification.Assistant (has extras) }
05-30 16:53:01.598 D/CompatibilityChangeReporter( 718): Compat change id reported: 261072174; UID 1002; state: ENABLED
05-30 16:53:01.600 W/ActivityManager( 718): Slow operation: 52ms so far, now at startProcess: done updating battery stats
05-30 16:53:01.600 W/ActivityManager( 718): Slow operation: 52ms so far, now at startProcess: building log message
05-30 16:53:01.600 I/ActivityManager( 718): Start proc 1892:com.dangbei.lerad.etna.haqu/1000 for added application com.dangbei.lerad.etna.haqu
05-30 16:53:01.600 W/ActivityManager( 718): Slow operation: 52ms so far, now at startProcess: starting to update pids map
05-30 16:53:01.600 W/ActivityManager( 718): Slow operation: 52ms so far, now at startProcess: done updating pids map
05-30 16:53:01.600 D/CompatibilityChangeReporter( 718): Compat change id reported: 143937733; UID 10068; state: ENABLED
05-30 16:53:01.607 D/CompatibilityChangeReporter( 718): Compat change id reported: 161252188; UID 10049; state: DISABLED
05-30 16:53:01.612 D/CompatibilityChangeReporter( 718): Compat change id reported: 135634846; UID 10049; state: DISABLED
05-30 16:53:01.612 D/CompatibilityChangeReporter( 718): Compat change id reported: 177438394; UID 10049; state: DISABLED
05-30 16:53:01.613 D/CompatibilityChangeReporter( 718): Compat change id reported: 135772972; UID 10049; state: DISABLED
05-30 16:53:01.613 D/CompatibilityChangeReporter( 718): Compat change id reported: 135754954; UID 10049; state: ENABLED
05-30 16:53:01.626 I/MediaSessionStack( 718): addSession to bottom of stack | record: com.android.bluetooth/BluetoothMediaBrowserService (userId=0)
05-30 16:53:01.627 W/ActivityManager( 718): Slow operation: 69ms so far, now at startProcess: returned from zygote!
05-30 16:53:01.627 W/ActivityManager( 718): Slow operation: 69ms so far, now at startProcess: done updating battery stats
05-30 16:53:01.627 I/Watchdog( 718): Interesting Java process com.android.providers.media.module started. Pid 1893
05-30 16:53:01.627 W/ActivityManager( 718): Slow operation: 70ms so far, now at startProcess: building log message
05-30 16:53:01.627 I/ActivityManager( 718): Start proc 1893:com.android.providers.media.module/u0a68 for service {com.android.providers.media.module/com.android.providers.media.fuse.ExternalStorageServiceImpl}
05-30 16:53:01.628 W/ActivityManager( 718): Slow operation: 70ms so far, now at startProcess: starting to update pids map
05-30 16:53:01.628 W/ActivityManager( 718): Slow operation: 70ms so far, now at startProcess: done updating pids map
05-30 16:53:01.628 D/CompatibilityChangeReporter( 718): Compat change id reported: 143937733; UID 10049; state: ENABLED
05-30 16:53:01.630 D/SystemServerTiming( 718): getUserSwitchability-0
05-30 16:53:01.630 D/SystemServerTiming( 718): TM.isInCall
05-30 16:53:01.630 D/SystemServerTiming( 718): hasUserRestriction-DISALLOW_USER_SWITCH
05-30 16:53:01.630 D/SystemServerTiming( 718): getInt-ALLOW_USER_SWITCHING_WHEN_SYSTEM_USER_LOCKED
05-30 16:53:01.631 D/SystemServerTiming( 718): isUserUnlocked-USER_SYSTEM
05-30 16:53:01.642 D/SystemServerTiming( 718): getUserSwitchability-0
05-30 16:53:01.643 D/SystemServerTiming( 718): TM.isInCall
05-30 16:53:01.644 D/SystemServerTiming( 718): hasUserRestriction-DISALLOW_USER_SWITCH
05-30 16:53:01.644 D/SystemServerTiming( 718): getInt-ALLOW_USER_SWITCHING_WHEN_SYSTEM_USER_LOCKED
05-30 16:53:01.645 D/SystemServerTiming( 718): isUserUnlocked-USER_SYSTEM
05-30 16:53:01.646 W/ContextImpl( 1336): Calling a method in the system process without a qualified user: android.app.ContextImpl.startService:1899 android.content.ContextWrapper.startService:825 android.content.ContextWrapper.startService:825 com.droidlogic.BootComplete.onReceive:116 android.app.ActivityThread.handleReceiver:4494
05-30 16:53:01.652 W/ContextImpl( 1336): Calling a method in the system process without a qualified user: android.app.ContextImpl.startForegroundService:1905 android.content.ContextWrapper.startForegroundService:830 android.content.ContextWrapper.startForegroundService:830 com.droidlogic.BootComplete.onReceive:125 android.app.ActivityThread.handleReceiver:4494
05-30 16:53:01.653 I/AppsFilter( 718): interaction: PackageSetting{1b4a5aa com.dangbei.hqguide/10029} -> PackageSetting{fe0859b com.android.camera2/10048} BLOCKED
05-30 16:53:01.654 D/CompatibilityChangeReporter( 718): Compat change id reported: 161252188; UID 1000; state: DISABLED
05-30 16:53:01.655 I/ActivityManager( 718): com.android.keychain is exempt from freezer
05-30 16:53:01.666 D/CompatibilityChangeReporter( 718): Compat change id reported: 218533173; UID 10069; state: ENABLED
05-30 16:53:01.666 D/CompatibilityChangeReporter( 718): Compat change id reported: 262645982; UID 10069; state: ENABLED
05-30 16:53:01.677 W/AppWidgetServiceImpl( 718): Failed to read state: java.io.FileNotFoundException: /data/system/users/0/appwidgets.xml: open failed: ENOENT (No such file or directory)
05-30 16:53:01.677 V/AppWidgetServiceImpl( 718): Upgrading widget database from 0 to 1
05-30 16:53:01.680 D/SystemServerTiming( 718): getUserSwitchability-0
05-30 16:53:01.680 D/SystemServerTiming( 718): TM.isInCall
05-30 16:53:01.681 D/SystemServerTiming( 718): hasUserRestriction-DISALLOW_USER_SWITCH
05-30 16:53:01.681 D/SystemServerTiming( 718): getInt-ALLOW_USER_SWITCHING_WHEN_SYSTEM_USER_LOCKED
05-30 16:53:01.681 D/SystemServerTiming( 718): isUserUnlocked-USER_SYSTEM
05-30 16:53:01.684 W/ActivityManager( 718): Unable to start service Intent { cmp=com.android.tv.mdnsoffloadcmd/.MdnsOffloadCmdService } U=0: not found
05-30 16:53:01.686 D/SystemServerTiming( 718): getUserSwitchability-0
05-30 16:53:01.686 D/SystemServerTiming( 718): TM.isInCall
05-30 16:53:01.687 D/SystemServerTiming( 718): hasUserRestriction-DISALLOW_USER_SWITCH
05-30 16:53:01.687 D/SystemServerTiming( 718): getInt-ALLOW_USER_SWITCHING_WHEN_SYSTEM_USER_LOCKED
05-30 16:53:01.687 D/SystemServerTiming( 718): isUserUnlocked-USER_SYSTEM
05-30 16:53:01.688 W/ContextImpl( 1336): Calling a method in the system process without a qualified user: android.app.ContextImpl.startService:1899 android.content.ContextWrapper.startService:825 android.content.ContextWrapper.startService:825 com.droidlogic.BootComplete.onReceive:127 android.app.ActivityThread.handleReceiver:4494
05-30 16:53:01.696 W/ActivityManager( 718): Slow operation: 84ms so far, now at startProcess: returned from zygote!
05-30 16:53:01.704 D/SystemServerTiming( 718): getUserSwitchability-0
05-30 16:53:01.704 D/SystemServerTiming( 718): TM.isInCall
05-30 16:53:01.705 D/SystemServerTiming( 718): hasUserRestriction-DISALLOW_USER_SWITCH
05-30 16:53:01.705 D/SystemServerTiming( 718): getInt-ALLOW_USER_SWITCHING_WHEN_SYSTEM_USER_LOCKED
05-30 16:53:01.705 D/SystemServerTiming( 718): isUserUnlocked-USER_SYSTEM
05-30 16:53:01.713 D/SystemServerTiming( 718): getUserSwitchability-0
05-30 16:53:01.713 D/SystemServerTiming( 718): TM.isInCall
05-30 16:53:01.714 D/SystemServerTiming( 718): hasUserRestriction-DISALLOW_USER_SWITCH
05-30 16:53:01.714 D/SystemServerTiming( 718): getInt-ALLOW_USER_SWITCHING_WHEN_SYSTEM_USER_LOCKED
05-30 16:53:01.714 D/SystemServerTiming( 718): isUserUnlocked-USER_SYSTEM
05-30 16:53:01.723 W/ActivityManager( 718): Slow operation: 111ms so far, now at startProcess: done updating battery stats
05-30 16:53:01.723 W/ActivityManager( 718): Slow operation: 111ms so far, now at startProcess: building log message
05-30 16:53:01.723 I/ActivityManager( 718): Start proc 1917:com.android.music/u0a49 for service {com.android.music/com.android.music.MediaPlaybackService}
05-30 16:53:01.723 W/ActivityManager( 718): Slow operation: 111ms so far, now at startProcess: starting to update pids map
05-30 16:53:01.723 W/ActivityManager( 718): Slow operation: 111ms so far, now at startProcess: done updating pids map
05-30 16:53:01.723 W/ActivityManager( 718): Slow operation: 68ms so far, now at startProcess: asking zygote to start proc
05-30 16:53:01.724 D/CompatibilityChangeReporter( 718): Compat change id reported: 168419799; UID 1000; state: DISABLED
05-30 16:53:01.724 D/CompatibilityChangeReporter( 718): Compat change id reported: 273564678; UID 1000; state: DISABLED
05-30 16:53:01.732 D/SystemServerTiming( 718): getUserSwitchability-0
05-30 16:53:01.732 D/SystemServerTiming( 718): TM.isInCall
