05-30 16:55:10.114 I/efs.send_log( 2598): log cann't be send because net status is disconnected
05-30 16:55:10.191 I/WifiService( 718): startScan uid=10029
05-30 16:55:10.204 D/InstantWifi( 718): Drop, size: 0
05-30 16:55:10.906 D/hq ( 2251): NetWorkStateReceiver:::检查网络,并且持续更新 isConnect=false
05-30 16:55:12.737 D/WifiNl80211Manager( 718): Scan result ready event
05-30 16:55:12.737 D/WifiNative( 718): Scan result ready event
05-30 16:55:12.780 E/hq ( 2251): NetWorkStateReceiver:::NetWorkStateReceiver onReceive: 网络变化广播 >>>> intent.action=android.net.wifi.SCAN_RESULTS
05-30 16:55:12.788 I/WifiHAL ( 527): call wifi_get_link_stats handler
05-30 16:55:12.788 I/WifiHAL ( 527): Creating message to get link statistics; iface = 16
05-30 16:55:12.789 D/WifiHAL ( 527): error code -95 mapped to -3
05-30 16:55:12.789 E/WifiStaIfaceAidlImpl( 718): getLinkLayerStats failed with service-specific exception: android.os.ServiceSpecificException: (code 4)
05-30 16:55:12.808 W/eventbuscore( 2251): post Event:com.dangbei.leard.base.entity.event.NetWifiRssiEvent
05-30 16:55:12.907 D/hq ( 2251): NetWorkStateReceiver:::检查网络,并且持续更新 isConnect=false
05-30 16:55:14.908 D/hq ( 2251): NetWorkStateReceiver:::检查网络,并且持续更新 isConnect=false
05-30 16:55:16.554 D/XM_HIDREAD( 2275): add@ add@/devices/platform/soc/fe350000.crgdrd/xhci-hcd-meson.1.auto/usb3/3-1
05-30 16:55:16.548 I/xm_hidread( 2275): type=1400 audit(0.0:2111): avc: denied { read } for scontext=u:r:init:s0 tcontext=u:r:init:s0 tclass=netlink_kobject_uevent_socket permissive=1
05-30 16:55:16.561 D/XM_HIDREAD( 2275): add@ add@/devices/platform/soc/fe350000.crgdrd/xhci-hcd-meson.1.auto/usb3/3-1/3-1:1.0
05-30 16:55:16.568 D/XM_HIDREAD( 2275): add@ add@/devices/platform/soc/fe350000.crgdrd/xhci-hcd-meson.1.auto/usb3/3-1/3-1:1.0/0003:2A7A:9597.0001
05-30 16:55:16.573 D/XM_HIDREAD( 2275): add@ add@/devices/platform/soc/fe350000.crgdrd/xhci-hcd-meson.1.auto/usb3/3-1/wakeup/wakeup32
05-30 16:55:16.575 D/XM_HIDREAD( 2275): add@ add@/devices/platform/soc/fe350000.crgdrd/xhci-hcd-meson.1.auto/usb3/3-1/3-1:1.0/0003:2A7A:9597.0001/input/input9
05-30 16:55:16.639 D/XM_HIDREAD( 2275): add@ add@/devices/platform/soc/fe350000.crgdrd/xhci-hcd-meson.1.auto/usb3/3-1/3-1:1.0/0003:2A7A:9597.0001/input/input9/input9::numlock
05-30 16:55:16.641 D/XM_HIDREAD( 2275): add@ add@/devices/platform/soc/fe350000.crgdrd/xhci-hcd-meson.1.auto/usb3/3-1/3-1:1.0/0003:2A7A:9597.0001/input/input9/input9::capslock
05-30 16:55:16.641 D/XM_HIDREAD( 2275): add@ add@/devices/platform/soc/fe350000.crgdrd/xhci-hcd-meson.1.auto/usb3/3-1/3-1:1.0/0003:2A7A:9597.0001/input/input9/input9::scrolllock
05-30 16:55:16.650 D/XM_HIDREAD( 2275): add@ add@/devices/platform/soc/fe350000.crgdrd/xhci-hcd-meson.1.auto/usb3/3-1/3-1:1.0/0003:2A7A:9597.0001/input/input9/input9::compose
05-30 16:55:16.662 D/XM_HIDREAD( 2275): add@ add@/devices/platform/soc/fe350000.crgdrd/xhci-hcd-meson.1.auto/usb3/3-1/3-1:1.0/0003:2A7A:9597.0001/input/input9/input9::kana
05-30 16:55:16.663 D/XM_HIDREAD( 2275): add@ add@/devices/platform/soc/fe350000.crgdrd/xhci-hcd-meson.1.auto/usb3/3-1/3-1:1.0/0003:2A7A:9597.0001/input/input9/event9
05-30 16:55:16.663 D/XM_HIDREAD( 2275): add@ add@/devices/platform/soc/fe350000.crgdrd/xhci-hcd-meson.1.auto/usb3/3-1/3-1:1.0/0003:2A7A:9597.0001/hidraw/hidraw0
05-30 16:55:16.664 D/XM_HIDREAD( 2275): ready open:/dev/hidraw0
05-30 16:55:16.664 D/XM_HIDREAD( 2275): open:/dev/hidraw0 resultFD:-1
05-30 16:55:16.664 E/XM_HIDREAD( 2275): open hidraw error: No such file or directory, wait to retry...
05-30 16:55:16.694 D/UsbHostManager( 718): USB device attached: vidpid 2a7a:9597 mfg/product/ver/serial null/CASUE USB KB/0.01/null hasAudio/HID/Storage: false/true/false
05-30 16:55:16.697 D/UsbDeviceDescriptor( 718): 1 configs
05-30 16:55:16.699 D/UsbHostManager( 718): Added device UsbDevice[mName=/dev/bus/usb/003/002,mVendorId=10874,mProductId=38295,mClass=0,mSubclass=0,mProtocol=0,mManufacturerName=null,mProductName=CASUE USB KB,mVersion=0.01,mSerialNumberReader=com.android.server.usb.UsbSerialReader@eaeb32b, mHasAudioPlayback=false, mHasAudioCapture=false, mHasMidi=false, mHasVideoCapture=false, mHasVideoPlayback=false, mConfigurations=[
05-30 16:55:16.699 D/UsbHostManager( 718): UsbConfiguration[mId=1,mName=null,mAttributes=160,mMaxPower=50,mInterfaces=[
05-30 16:55:16.699 D/UsbHostManager( 718): UsbInterface[mId=0,mAlternateSetting=0,mName=null,mClass=3,mSubclass=1,mProtocol=1,mEndpoints=[
05-30 16:55:16.699 D/UsbHostManager( 718): UsbEndpoint[mAddress=129,mAttributes=3,mMaxPacketSize=8,mInterval=10]]
05-30 16:55:16.699 D/UsbHostManager( 718): UsbInterface[mId=1,mAlternateSetting=0,mName=null,mClass=3,mSubclass=0,mProtocol=0,mEndpoints=[
05-30 16:55:16.699 D/UsbHostManager( 718): UsbEndpoint[mAddress=130,mAttributes=3,mMaxPacketSize=4,mInterval=10]]]]
05-30 16:55:16.701 D/ActivityManager( 718): sync unfroze 2051 android.process.media for 3
05-30 16:55:16.704 E/UsbAlsaManager( 718): usbDeviceAdded(): cannot find sound card for /dev/bus/usb/003/002
05-30 16:55:16.704 E/UsbEventBroadcastReceiver( 2598): onReceive: android.hardware.usb.action.USB_DEVICE_ATTACHED
05-30 16:55:16.705 D/OomAdjuster( 718): Not killing cached processes
05-30 16:55:16.706 I/UsbCameraReceiver( 1336): action: android.hardware.usb.action.USB_DEVICE_ATTACHED
05-30 16:55:16.709 E/z ( 2598): isUsbCastSupport getModel:DBBOX-A3
05-30 16:55:16.710 E/UsbEventBroadcastReceiver( 2598): return USB_CAST_SWITCH false
05-30 16:55:16.730 D/EventHub( 718): No input device configuration file found for device 'CASUE USB KB'.
05-30 16:55:16.724 I/InputReader( 718): type=1400 audit(0.0:2112): avc: denied { read } for name="country" dev="sysfs" ino=60030 scontext=u:r:system_server:s0 tcontext=u:object_r:sysfs:s0 tclass=file permissive=1
05-30 16:55:16.733 I/EventHub( 718): usingClockIoctl=true
05-30 16:55:16.734 I/EventHub( 718): New device: id=10, fd=473, path='/dev/input/event9', name='CASUE USB KB', classes=KEYBOARD | ALPHAKEY | DPAD | EXTERNAL, configuration='', keyLayout='/vendor/usr/keylayout/Generic.kl', keyCharacterMap='/system/usr/keychars/Generic.kcm', builtinKeyboard=false,
05-30 16:55:16.734 I/InputReader( 718): Device added: id=10, eventHubId=10, name='CASUE USB KB', descriptor='4a8c62be1b96c80bee060c2530574822e856a3a5',sources=KEYBOARD | DPAD
05-30 16:55:16.737 I/ActivityTaskManager( 718): Config changes=30 {1.0 ?mcc0mnc [zh_CN] ldltr sw720dp w1280dp h720dp 240dpi xlrg long land television -touch qwerty/v/v dpad/v winConfig={ mBounds=Rect(0, 0 - 1920, 1080) mAppBounds=Rect(0, 0 - 1920, 1080) mMaxBounds=Rect(0, 0 - 1920, 1080) mDisplayRotation=ROTATION_0 mWindowingMode=fullscreen mDisplayWindowingMode=fullscreen mActivityType=undefined mAlwaysOnTop=undefined mRotation=ROTATION_0} as.2 s.52 fontWeightAdjustment=0}
05-30 16:55:16.742 I/WindowManager( 718): Override config changes=30 {1.0 ?mcc0mnc [zh_CN] ldltr sw720dp w1280dp h720dp 240dpi xlrg long land television -touch qwerty/v/v dpad/v winConfig={ mBounds=Rect(0, 0 - 1920, 1080) mAppBounds=Rect(0, 0 - 1920, 1080) mMaxBounds=Rect(0, 0 - 1920, 1080) mDisplayRotation=ROTATION_0 mWindowingMode=fullscreen mDisplayWindowingMode=fullscreen mActivityType=undefined mAlwaysOnTop=undefined mRotation=ROTATION_0} as.2 s.52 fontWeightAdjustment=0} for displayId=0
05-30 16:55:16.746 V/WindowManagerShell( 1131): Transition requested: android.os.BinderProxy@9b42ac3 TransitionRequestInfo { type = 6, triggerTask = null, remoteTransition = null, displayChange = null, flags = 0 }
05-30 16:55:16.750 E/AppAppAppApp( 2251): onConfigurationChanged {1.0 ?mcc0mnc [zh_CN] ldltr sw720dp w1280dp h720dp 240dpi xlrg long land television -touch qwerty/v/v dpad/v winConfig={ mBounds=Rect(0, 0 - 1920, 1080) mAppBounds=Rect(0, 0 - 1920, 1080) mMaxBounds=Rect(0, 0 - 1920, 1080) mDisplayRotation=ROTATION_0 mWindowingMode=fullscreen mDisplayWindowingMode=fullscreen mActivityType=undefined mAlwaysOnTop=undefined mRotation=ROTATION_0} as.2 s.62 fontWeightAdjustment=0}
05-30 16:55:16.753 D/AndroidAutoSize( 2598): initScaledDensity = 1.5 on ConfigurationChanged
05-30 16:55:16.765 E/XM_HIDREAD( 2275): trying to reopen hidraw: /dev/hidraw0
05-30 16:55:16.765 D/XM_HIDREAD( 2275): ready open:/dev/hidraw0
05-30 16:55:16.765 D/XM_HIDREAD( 2275): open:/dev/hidraw0 resultFD:8
05-30 16:55:16.765 D/XM_HIDREAD( 2275): 1 ready ioctl hidrawFD 8
05-30 16:55:16.765 D/XM_HIDREAD( 2275): 2 ready ioctl hidrawFD 8
05-30 16:55:16.765 D/XM_HIDREAD( 2275): 3 ready ioctl hidrawFD 8
05-30 16:55:16.765 D/XM_HIDREAD( 2275): 4 ready ioctl hidrawFD 8
05-30 16:55:16.765 D/XM_HIDREAD( 2275): ioctl hidrawFD HIDIOCGRDESC ret 0
05-30 16:55:16.765 D/XM_HIDREAD( 2275): dinfo.vendor:10874,dinfo.product:38295
05-30 16:55:16.765 E/XM_HIDREAD( 2275): : /dev/hidraw0
05-30 16:55:16.765 D/XM_HIDREAD( 2275): add@ add@/devices/platform/soc/fe350000.crgdrd/xhci-hcd-meson.1.auto/usb3/3-1/3-1:1.1
05-30 16:55:16.765 D/XM_HIDREAD( 2275): add@ add@/devices/platform/soc/fe350000.crgdrd/xhci-hcd-meson.1.auto/usb3/3-1/3-1:1.1/0003:2A7A:9597.0002
05-30 16:55:16.765 D/XM_HIDREAD( 2275): add@ add@/devices/platform/soc/fe350000.crgdrd/xhci-hcd-meson.1.auto/usb3/3-1/3-1:1.1/0003:2A7A:9597.0002/input/input10
05-30 16:55:16.765 D/XM_HIDREAD( 2275): add@ add@/devices/platform/soc/fe350000.crgdrd/xhci-hcd-meson.1.auto/usb3/3-1/3-1:1.1/0003:2A7A:9597.0002/input/input10/event10
05-30 16:55:16.765 D/XM_HIDREAD( 2275): add@ add@/devices/platform/soc/fe350000.crgdrd/xhci-hcd-meson.1.auto/usb3/3-1/3-1:1.1/0003:2A7A:9597.0002/input/input11
05-30 16:55:16.765 D/XM_HIDREAD( 2275): add@ add@/devices/platform/soc/fe350000.crgdrd/xhci-hcd-meson.1.auto/usb3/3-1/3-1:1.1/0003:2A7A:9597.0002/input/input11/event11
05-30 16:55:16.765 D/XM_HIDREAD( 2275): add@ add@/devices/platform/soc/fe350000.crgdrd/xhci-hcd-meson.1.auto/usb3/3-1/3-1:1.1/0003:2A7A:9597.0002/hidraw/hidraw1
05-30 16:55:16.765 D/XM_HIDREAD( 2275): ready open:/dev/hidraw1
05-30 16:55:16.765 D/XM_HIDREAD( 2275): open:/dev/hidraw1 resultFD:-1
05-30 16:55:16.765 E/XM_HIDREAD( 2275): open hidraw error: No such file or directory, wait to retry...
05-30 16:55:16.769 I/SogouIME( 3073): onFinishInputView:
05-30 16:55:16.773 W/ActivityManager( 718): Receiver with filter android.content.IntentFilter@3b994c9 already registered for pid 3073, callerPackage is com.sohu.inputmethod.sogou.tv
05-30 16:55:16.774 I/DefaultIMS( 3073): onInitializeInterface:
05-30 16:55:16.777 D/WindowManagerShell( 1131): TvPipController: onConfigurationChanged(), state=NO_PIP
05-30 16:55:16.778 I/DefaultIMS( 3073): onStartInput attribute=android.view.inputmethod.EditorInfo@8661a7a restarting=true inputType: 0
05-30 16:55:16.782 V/ShellDragAndDrop( 1131): Display changed: 0
05-30 16:55:16.789 D/HDMI ( 718): receive android.intent.action.CONFIGURATION_CHANGED
05-30 16:55:16.724 I/InputReader( 718): type=1400 audit(0.0:2113): avc: denied { open } for path="/sys/devices/platform/soc/fe350000.crgdrd/xhci-hcd-meson.1.auto/usb3/3-1/3-1:1.0/0003:2A7A:9597.0001/country" dev="sysfs" ino=60030 scontext=u:r:system_server:s0 tcontext=u:object_r:sysfs:s0 tclass=file permissive=1
05-30 16:55:16.760 I/xm_hidread( 2275): type=1400 audit(0.0:2114): avc: denied { read write } for name="hidraw0" dev="tmpfs" ino=884 scontext=u:r:init:s0 tcontext=u:object_r:hidraw_audio_device:s0 tclass=chr_file permissive=1
05-30 16:55:16.760 I/xm_hidread( 2275): type=1400 audit(0.0:2115): avc: denied { open } for path="/dev/hidraw0" dev="tmpfs" ino=884 scontext=u:r:init:s0 tcontext=u:object_r:hidraw_audio_device:s0 tclass=chr_file permissive=1
05-30 16:55:16.792 I/BpBinder( 263): onLastStrongRef automatically unlinking death recipients:
05-30 16:55:16.760 I/xm_hidread( 2275): type=1400 audit(0.0:2116): avc: denied { ioctl } for path="/dev/hidraw0" dev="tmpfs" ino=884 ioctlcmd=0x4803 scontext=u:r:init:s0 tcontext=u:object_r:hidraw_audio_device:s0 tclass=chr_file permissive=1
05-30 16:55:16.817 W/WindowOnBackDispatcher( 1477): sendCancelIfRunning: isInProgress=falsecallback=android.view.ViewRootImpl$$ExternalSyntheticLambda17@8b3ade1
05-30 16:55:16.817 D/CoreBackPreview( 718): Window{a4d34c5 u0 com.dangbei.hqguide/com.dangbei.hqguide.main.MainActivity}: Setting back callback null
05-30 16:55:16.841 W/InputManager-JNI( 718): Input channel object 'a4d34c5 com.dangbei.hqguide/com.dangbei.hqguide.main.MainActivity (client)' was disposed without first being removed with the input manager!
05-30 16:55:16.865 E/XM_HIDREAD( 2275): trying to reopen hidraw: /dev/hidraw1
05-30 16:55:16.866 D/XM_HIDREAD( 2275): ready open:/dev/hidraw1
05-30 16:55:16.866 D/XM_HIDREAD( 2275): open:/dev/hidraw1 resultFD:-1
05-30 16:55:16.866 E/XM_HIDREAD( 2275): open hidraw error: No such file or directory, wait to retry...
05-30 16:55:16.876 V/WindowManager( 718): Unknown focus tokens, dropping reportFocusChanged
05-30 16:55:16.909 D/hq ( 2251): NetWorkStateReceiver:::检查网络,并且持续更新 isConnect=false
05-30 16:55:16.904 I/net_disconnect.( 4017): type=1400 audit(0.0:2117): avc: denied { execute_no_trans } for path="/vendor/bin/rgb_led_ctl" dev="dm-11" ino=334364 scontext=u:r:init:s0 tcontext=u:object_r:vendor_file:s0 tclass=file permissive=1
05-30 16:55:16.966 E/XM_HIDREAD( 2275): trying to reopen hidraw: /dev/hidraw1
05-30 16:55:16.966 D/XM_HIDREAD( 2275): ready open:/dev/hidraw1
05-30 16:55:16.966 D/XM_HIDREAD( 2275): open:/dev/hidraw1 resultFD:-1
05-30 16:55:16.966 E/XM_HIDREAD( 2275): open hidraw error: No such file or directory, wait to retry...
05-30 16:55:16.966 W/NotificationHistory( 718): Attempted to add notif for locked/gone/disabled user 0
05-30 16:55:16.988 D/EventHub( 718): No input device configuration file found for device 'CASUE USB KB Consumer Control'.
05-30 16:55:16.991 W/EventHub( 718): Unable to disable kernel key repeat for /dev/input/event10: Function not implemented
05-30 16:55:16.991 I/EventHub( 718): usingClockIoctl=true
05-30 16:55:16.991 I/EventHub( 718): New device: id=11, fd=432, path='/dev/input/event10', name='CASUE USB KB Consumer Control', classes=KEYBOARD | EXTERNAL, configuration='', keyLayout='/vendor/usr/keylayout/Generic.kl', keyCharacterMap='/system/usr/keychars/Generic.kcm', builtinKeyboard=false,
05-30 16:55:16.991 I/InputReader( 718): Device added: id=11, eventHubId=11, name='CASUE USB KB Consumer Control', descriptor='610096e63ec47ece2938b39895572fce9a9ec801',sources=KEYBOARD
05-30 16:55:16.996 D/EventHub( 718): No input device configuration file found for device 'CASUE USB KB System Control'.
05-30 16:55:16.998 V/MediaPlayer( 1477): resetDrmState: mDrmInfo=null mDrmProvisioningThread=null mPrepareDrmInProgress=false mActiveDrmScheme=false
05-30 16:55:16.998 V/MediaPlayer( 1477): cleanDrmObj: mDrmObj=null mDrmSessionId=null
05-30 16:55:16.999 W/EventHub( 718): Unable to disable kernel key repeat for /dev/input/event11: Function not implemented
05-30 16:55:16.999 I/EventHub( 718): usingClockIoctl=true
05-30 16:55:16.999 I/EventHub( 718): New device: id=12, fd=433, path='/dev/input/event11', name='CASUE USB KB System Control', classes=KEYBOARD | EXTERNAL, configuration='', keyLayout='/vendor/usr/keylayout/Generic.kl', keyCharacterMap='/system/usr/keychars/Generic.kcm', builtinKeyboard=false,
05-30 16:55:17.000 I/InputReader( 718): Device added: id=11, eventHubId=12, name='CASUE USB KB System Control', descriptor='1b53842f622c037f422cb7bcfc88aa5e7fa581ea',sources=KEYBOARD
05-30 16:55:17.012 V/AmlogicNuPlayerFactoryInit( 637): create AmNuPlayer
05-30 16:55:17.013 I/AmlPlayerTimer( 637): AmlPlayerTimer
05-30 16:55:17.013 I/MessageMonitor( 637): NU-AmNuPlayer MessageMonitor mDebugLevel 0, poll message us 30000000
05-30 16:55:17.013 I/NU-AmNuPlayer( 637): [#2] mPlayerInstanceId = 2
05-30 16:55:17.013 D/AmlPlayerTimer( 637): func:_timer_create create timer.1 success.
05-30 16:55:17.013 D/NU-AmNuPlayerDriver( 637): [#2] AmNuPlayerDriver(0xf3540d30) created, clientPid(1477), mPlayerInstanceId(2)
05-30 16:55:17.013 I/NU-AmNuPlayerDriver( 637): [#2]
05-30 16:55:17.013 I/NU-AmNuPlayerDriver( 637): --------------------------------
05-30 16:55:17.013 I/NU-AmNuPlayerDriver( 637): ARCH = arm
05-30 16:55:17.013 I/NU-AmNuPlayerDriver( 637): branch name: from
05-30 16:55:17.013 I/NU-AmNuPlayerDriver( 637): git version: 6e56b7326ee6d173be366a46d99e68ce5c8268f0
05-30 16:55:17.013 I/NU-AmNuPlayerDriver( 637): change id: Change-Id: I91714fae1b836472af4f4042cd497867bdf0004d
05-30 16:55:17.013 I/NU-AmNuPlayerDriver( 637): ID : PD#SWPL-193937
05-30 16:55:17.013 I/NU-AmNuPlayerDriver( 637): last changed: Date: Fri Nov 22 10:58:40 2024 +0000
05-30 16:55:17.013 I/NU-AmNuPlayerDriver( 637): build-time: Fri Dec 6 12:54:08 CST 2024
05-30 16:55:17.013 I/NU-AmNuPlayerDriver( 637): build-name: drm.autobuild
05-30 16:55:17.013 I/NU-AmNuPlayerDriver( 637): uncommitted-file-num:1
05-30 16:55:17.013 I/NU-AmNuPlayerDriver( 637): BaseCommitMsg: commit 6e56b7326ee6d173be366a46d99e68ce5c8268f0 PD#SWPL-193937 Change-Id: I91714fae1b836472af4f4042cd497867bdf0004d
05-30 16:55:17.013 I/NU-AmNuPlayerDriver( 637): PathesOnBase:
05-30 16:55:17.013 I/NU-AmNuPlayerDriver( 637):
05-30 16:55:17.013 I/NU-AmNuPlayerDriver( 637): MM-module-name:AmNuPlayer,Version:4.1.26-g6e56b73(build:6483)
05-30 16:55:17.013 I/NU-AmNuPlayerDriver( 637):
05-30 16:55:17.013 I/NU-AmNuPlayerDriver( 637): --------------------------------
05-30 16:55:17.013 I/NU-AmNuPlayerDriver( 637): [#2] Supported functions :
05-30 16:55:17.013 I/NU-AmNuPlayerDriver( 637): {"MM-module-name":"AmNuPlayer"{"Features":["Switchaudio/subtitletracks","HTTPlivestreamingformpegtsandmp3formats","Localplaybackforvariousformats","UDPunicastandmulticastformpegtsformat","RTP/RTSPplaybackformpegtsformat","HLSlive/vodformpegtsformat","Androidaudiooffloadmode","SupportBuilt-insubtitles","AVS3videosupportforprotocolHTTPandLocal","AC4audiosupportforprotocolHTTP,Local,HLSandUDP","DVBTelextsupport","AudioVIVIDsuportforLocal/HTTP/UDP/HLS","AVS3videosupportforprotocolHLSandUDP","ISOplaybackforlocal","libcurldownloadforprotocolHLS","dnscacheforprotocolHLS","ipv6andipv4firstplaybackforprotocolHLS","IPTVMulticasttoUnicastforprotocolRTPandUDP","IPTVcmccsoftprobeforprotocolUDPRTPHTTPHLS","SupportHLSV6bandwidthswitch","AVS2videosupportforprotocolUDP","DTSUHDP2offloadsupport"],"SupportedFormats":[{"Protocol":"UDP","FileFormats":["MPEGTS"],},{"Protocol":"HLS","FileFormats":["MPEGTS","MP4"],},{"Protocol":"HTTPLIVE","FileFormats":["MPEGTS","MP3"],},{"Protocol":"LOCAL/HTTPVOD","Fil
05-30 16:55:17.015 I/hwservicemanager( 233): getTransport: Cannot find entry android.hardware.media.omx@1.0::IOmx/default in either framework or device VINTF manifest.
05-30 16:55:17.015 D/MediaPlayerService( 637): OMX service is not available
05-30 16:55:17.018 I/NU-AmNuPlayer( 637): [#2] setDataSourceAsync fd 16/18777128/13251
05-30 16:55:17.018 I/NU-AmNuPlayer( 637): [#2] kWhatSetAudioSink
05-30 16:55:17.027 D/NU-AmNuPlayer( 637): part of md5:8a7ce561b0784f89da5d586d1190417e
05-30 16:55:17.027 I/NU-AmNuPlayer( 637): [#2] file size too small, check M3U8
05-30 16:55:17.027 I/MessageMonitor( 637): NU-GenericSource MessageMonitor mDebugLevel 0, poll message us 30000000
05-30 16:55:17.027 I/NU-GenericSource( 637): mPlayerInstanceId = 2
05-30 16:55:17.027 I/NU-GenericSource( 637): [resetDataSource 684]
05-30 16:55:17.027 I/NU-GenericSource( 637): [resetDataSource 684]
05-30 16:55:17.029 I/NU-GenericSource( 637): patch:
05-30 16:55:17.030 I/audio_hw_hal_primary( 504): [adev_set_parameters:4123] dev:0xe8542930, kv: is_ms12_continuous=0
05-30 16:55:17.030 D/audio_hw_hal_hfp( 504): [audio_extn_hfp_set_parameters:739] audio_extn_hfp_set_parameters
05-30 16:55:17.030 I/audio_hw_hal_primary( 504): adev_set_parameters is_ms12_continuous set to 0
05-30 16:55:17.031 D/NU-GenericSource( 637): FileSource remote
05-30 16:55:17.032 I/NU-GenericSource( 637): >>>[initFromDataSource 1424]
05-30 16:55:17.034 I/AmFFmpegByteIOAdapter( 634): File size : 13251
05-30 16:55:17.034 I/AmFFmpegExtractor( 634): checkInList: iswhite:0, mime:audio/mpeg, type:1, id:86017 tag:0
05-30 16:55:17.034 I/AmFFmpegExtractor( 634): checkInList: iswhite:1, mime:audio/mpeg, type:1, id:86017 tag:0
05-30 16:55:17.034 E/AmFFmpegExtractor( 634): codec_ctx->properties: 0
05-30 16:55:17.034 I/AmFFmpegExtractor( 634): checkSupportInList ret 1
05-30 16:55:17.035 I/AmFFmpegExtractor( 634): checkInList: iswhite:0, mime:audio/mpeg, type:1, id:86017 tag:0
05-30 16:55:17.035 I/AmFFmpegExtractor( 634): checkInList: iswhite:1, mime:audio/mpeg, type:1, id:86017 tag:0
05-30 16:55:17.035 E/AmFFmpegExtractor( 634): codec_ctx->properties: 0
05-30 16:55:17.035 I/AmFFmpegExtractor( 634): checkSupportInList ret 0
05-30 16:55:17.035 E/AmFFmpegExtractor( 634): vendor do not support
05-30 16:55:17.036 I/NU-GenericSource( 637): >>>MediaExtractor::Create [initFromDataSource 1471] and extractor name:MP3Extractor
05-30 16:55:17.036 D/NU-GenericSource( 637): [#2] [KPI] startup, find stream info time spent: 3508
05-30 16:55:17.036 I/NU-GenericSource( 637): initFromDataSource, mExtractor->countTracks() = 1
05-30 16:55:17.036 I/NU-GenericSource( 637): ffmpegHasAudio : 0, ffmpegHasVideo : 0
05-30 16:55:17.037 I/NU-GenericSource( 637): initFromDataSource track[0]: audio/mpeg
05-30 16:55:17.037 I/AmAnotherPacketSource( 637): (audio/mpeg)IsUdp:0 mLimitiSize:2097152, mTotalCount:1000 kLocalPlaybackMaxBufferCount 500
05-30 16:55:17.037 I/NU-AmNuPlayerDriver( 637): media.player.atrace.enable is 1
05-30 16:55:17.037 I/AmAnotherPacketSource( 637): ----->(0xee581e10)start mIsVideo:0 mIsAudio:1
05-30 16:55:17.037 I/NU-GenericSource( 637): initFromDataSource mVideoTrack.mSource:0x0, unsupportvideo:0, ffmpegHasVideo:0
05-30 16:55:17.037 I/NU-GenericSource( 637): initFromDataSource mAudioTrack.mSource:0xf368cd10, ffmpegHasAudio:1
05-30 16:55:17.038 I/NU-GenericSource( 637): notifyPrepared 2554
05-30 16:55:17.038 I/NU-AmNuPlayer( 637): [#2] notifyPrepareCompleted
05-30 16:55:17.038 D/NU-AmNuPlayerDriver( 637): [#2] notifyListener_l(0xf3540d30), (1, 0, 0, -1), loop setting(0, 0)
05-30 16:55:17.038 I/NU-AmNuPlayerDriver( 637): [#2] [getCurrentPosition] position : 0 msec
05-30 16:55:17.041 I/NU-AmNuPlayer( 637): [#2] updateMediaInfo
05-30 16:55:17.041 I/NU-AmNuPlayer( 637): [#2] [updateMediaInfo:1241]get i=0 , mime: audio/mpeg
05-30 16:55:17.051 E/CellBroadcastUtils( 718): getDefaultCellBroadcastReceiverPackageName: no package found
05-30 16:55:17.057 I/ActivityTaskManager( 718): START u0 {act=android.content.pm.action.REQUEST_PERMISSIONS pkg=com.android.permissioncontroller cmp=com.android.permissioncontroller/.permission.ui.GrantPermissionsActivity (has extras)} with LAUNCH_MULTIPLE from uid 10029 (BAL_ALLOW_ALLOWLISTED_COMPONENT) result code=0
05-30 16:55:17.060 I/xm_hidread( 2275): type=1400 audit(0.0:2118): avc: denied { read write } for name="hidraw1" dev="tmpfs" ino=887 scontext=u:r:init:s0 tcontext=u:object_r:hidraw_audio_device:s0 tclass=chr_file permissive=1
05-30 16:55:17.066 E/XM_HIDREAD( 2275): trying to reopen hidraw: /dev/hidraw1
05-30 16:55:17.066 D/XM_HIDREAD( 2275): ready open:/dev/hidraw1
05-30 16:55:17.067 D/XM_HIDREAD( 2275): open:/dev/hidraw1 resultFD:9
05-30 16:55:17.067 D/XM_HIDREAD( 2275): 1 ready ioctl hidrawFD 9
05-30 16:55:17.067 D/XM_HIDREAD( 2275): 2 ready ioctl hidrawFD 9
05-30 16:55:17.067 D/XM_HIDREAD( 2275): 3 ready ioctl hidrawFD 9
05-30 16:55:17.067 D/XM_HIDREAD( 2275): 4 ready ioctl hidrawFD 9
05-30 16:55:17.067 D/XM_HIDREAD( 2275): ioctl hidrawFD HIDIOCGRDESC ret 0
05-30 16:55:17.067 D/XM_HIDREAD( 2275): dinfo.vendor:10874,dinfo.product:38295
05-30 16:55:17.067 E/XM_HIDREAD( 2275): : /dev/hidraw1
05-30 16:55:17.070 D/XM_HIDREAD( 2275): add@ add@/devices/virtual/wakeup/wakeup33
05-30 16:55:17.070 D/XM_HIDREAD( 2275): add@ add@/devices/virtual/wakeup/wakeup34
05-30 16:55:17.070 D/XM_HIDREAD( 2275): add@ add@/devices/virtual/wakeup/wakeup35
05-30 16:55:17.172 D/BluetoothAdapter( 1477): isLeEnabled(): ON
05-30 16:55:17.175 I/bt_stack( 1322): [INFO:le_scanning_manager.cc(155)] RegisterScanner in shim layer
05-30 16:55:17.176 D/BluetoothLeScanner( 1477): onScannerRegistered() - status=0 scannerId=3 mScannerId=0
05-30 16:55:17.181 D/ActivityAttributionService( 1322): notifyActivityAttributionInfo UID=1002 packageName=com.android.bluetooth deviceAddress=no_active_device_address
05-30 16:55:17.181 I/bt_btif ( 1322): packages/modules/Bluetooth/system/btif/src/bluetooth.cc:829 get_profile_interface: get_profile_interface: id = activity_attribution
05-30 16:55:17.181 I/bt_stack( 1322): [INFO:le_scanning_manager.cc(168)] Scan in shim layer stopped
05-30 16:55:17.181 I/bluetooth( 1322): packages/modules/Bluetooth/system/gd/hci/le_address_manager.cc:193 unregister_client: Client unregistered
05-30 16:55:17.181 I/bt_stack( 1322): [INFO:le_scanning_manager.cc(346)] SetScanParameters in shim layer
05-30 16:55:17.181 I/bt_stack( 1322): [INFO:le_scanning_manager.cc(168)] Scan in shim layer started
05-30 16:55:17.182 I/bluetooth( 1322): packages/modules/Bluetooth/system/gd/hci/le_scanning_manager.cc:588 stop_scan: Scanning already stopped, return!
05-30 16:55:17.182 I/bluetooth( 1322): packages/modules/Bluetooth/system/gd/hci/le_address_manager.cc:178 register_client: Client registered
05-30 16:55:17.327 I/WifiService( 718): startScan uid=10029
05-30 16:55:17.328 I/WifiScanRequestProxy( 718): Scan request from com.dangbei.hqguide throttled
05-30 16:55:17.329 E/WifiService( 718): Failed to start scan
05-30 16:55:17.555 W/ActivityTaskManager( 718): Activity top resumed state loss timeout for ActivityRecord{c7c51de u0 com.dangbei.hqguide/.main.MainActivity t3}
05-30 16:55:17.555 W/ActivityTaskManager( 718): Activity pause timeout for ActivityRecord{c7c51de u0 com.dangbei.hqguide/.main.MainActivity t3}
05-30 16:55:17.556 V/WindowManager( 718): app ------------- force_land :0
05-30 16:55:17.558 W/IPCThreadState( 718): Sending oneway calls to frozen process.
05-30 16:55:17.558 D/ActivityManager( 718): quick sync unfreeze 1141 for 1
05-30 16:55:17.565 D/ActivityManager( 718): sync unfroze 1141 com.android.permissioncontroller for 1
05-30 16:55:17.592 W/SoundPool( 718): Use of stream types is deprecated for operations other than volume control
05-30 16:55:17.592 W/SoundPool( 718): See the documentation of SoundPool() for what to use instead with android.media.AudioAttributes to qualify your playback use case
05-30 16:55:17.594 W/InputDispatcher( 718): Waiting because no window has focus but ActivityRecord{cf20894 u0 com.android.permissioncontroller/.permission.ui.GrantPermissionsActivity t3} may eventually add a window when it finishes starting up. Will wait for 5000ms
05-30 16:55:17.599 I/AmFFmpegByteIOAdapter( 634): File size : 13195
05-30 16:55:17.600 W/exFFmpeg( 634): Invalid return value 0 for stream protocol
05-30 16:55:17.600 W/exFFmpeg( 634): Invalid return value 0 for stream protocol
05-30 16:55:17.601 I/AmFFmpegExtractor( 634): checkInList: iswhite:0, mime:audio/ogg, type:1, id:86021 tag:0
05-30 16:55:17.601 I/AmFFmpegExtractor( 634): checkInList: iswhite:1, mime:audio/ogg, type:1, id:86021 tag:0
05-30 16:55:17.601 E/AmFFmpegExtractor( 634): codec_ctx->properties: 0
05-30 16:55:17.601 I/AmFFmpegExtractor( 634): checkSupportInList ret 1
05-30 16:55:17.603 I/AmFFmpegExtractor( 634): checkInList: iswhite:0, mime:audio/ogg, type:1, id:86021 tag:0
05-30 16:55:17.603 I/AmFFmpegExtractor( 634): checkInList: iswhite:1, mime:audio/ogg, type:1, id:86021 tag:0
05-30 16:55:17.603 E/AmFFmpegExtractor( 634): codec_ctx->properties: 0
05-30 16:55:17.603 I/AmFFmpegExtractor( 634): checkSupportInList ret 0
05-30 16:55:17.603 E/AmFFmpegExtractor( 634): vendor do not support
05-30 16:55:17.605 I/AmFFmpegByteIOAdapter( 634): File size : 12971
05-30 16:55:17.606 W/exFFmpeg( 634): Invalid return value 0 for stream protocol
05-30 16:55:17.606 W/exFFmpeg( 634): Invalid return value 0 for stream protocol
05-30 16:55:17.607 I/AmFFmpegExtractor( 634): checkInList: iswhite:0, mime:audio/ogg, type:1, id:86021 tag:0
05-30 16:55:17.607 I/AmFFmpegExtractor( 634): checkInList: iswhite:1, mime:audio/ogg, type:1, id:86021 tag:0
05-30 16:55:17.607 E/AmFFmpegExtractor( 634): codec_ctx->properties: 0
05-30 16:55:17.607 I/AmFFmpegExtractor( 634): checkSupportInList ret 1
05-30 16:55:17.612 I/AmFFmpegExtractor( 634): checkInList: iswhite:0, mime:audio/ogg, type:1, id:86021 tag:0
05-30 16:55:17.613 I/AmFFmpegExtractor( 634): checkInList: iswhite:1, mime:audio/ogg, type:1, id:86021 tag:0
05-30 16:55:17.613 E/AmFFmpegExtractor( 634): codec_ctx->properties: 0
05-30 16:55:17.613 I/AmFFmpegExtractor( 634): checkSupportInList ret 0
05-30 16:55:17.613 E/AmFFmpegExtractor( 634): vendor do not support
05-30 16:55:17.617 W/WindowManager( 718): Failed looking up window session=Session{c2e2210 1477:u0a10029} callers=com.android.server.wm.WindowManagerService.windowForClientLocked:6075 com.android.server.wm.Session.updateRequestedVisibleTypes:695 android.view.IWindowSession$Stub.onTransact:1034
05-30 16:55:17.618 W/WindowManager( 718): [addWindow] title:com.dangbei.hqguide/com.dangbei.hqguide.main.MainActivity
05-30 16:55:17.620 D/MediaCodecList( 718): codecHandlesFormat: no format, so no extra checks
05-30 16:55:17.627 I/Choreographer( 1477): Skipped 49 frames! The application may be doing too much work on its main thread.
05-30 16:55:17.628 D/CCodec ( 718): allocate(c2.android.vorbis.decoder)
05-30 16:55:17.631 I/CCodec ( 718): setting up 'default' as default (vendor) store
05-30 16:55:17.634 I/CCodec ( 718): Created component [c2.android.vorbis.decoder]
05-30 16:55:17.635 D/CCodecConfig( 718): read media type: audio/vorbis
05-30 16:55:17.638 W/WindowManager( 718): [addWindow] title:com.android.permissioncontroller/com.android.permissioncontroller.permission.ui.GrantPermissionsActivity
05-30 16:55:17.640 D/ReflectedParamUpdater( 718): extent() != 1 for single value type: algo.buffers.max-count.values
05-30 16:55:17.641 D/ReflectedParamUpdater( 718): extent() != 1 for single value type: output.subscribed-indices.values
05-30 16:55:17.641 D/MediaCodecList( 718): codecHandlesFormat: no format, so no extra checks
05-30 16:55:17.641 D/ReflectedParamUpdater( 718): extent() != 1 for single value type: input.buffers.allocator-ids.values
05-30 16:55:17.641 D/ReflectedParamUpdater( 718): extent() != 1 for single value type: output.buffers.allocator-ids.values
05-30 16:55:17.642 D/ReflectedParamUpdater( 718): extent() != 1 for single value type: algo.buffers.allocator-ids.values
05-30 16:55:17.642 D/ReflectedParamUpdater( 718): extent() != 1 for single value type: output.buffers.pool-ids.values
05-30 16:55:17.642 D/ReflectedParamUpdater( 718): extent() != 1 for single value type: algo.buffers.pool-ids.values
05-30 16:55:17.646 I/CCodecConfig( 718): query failed after returning 7 values (BAD_INDEX)
05-30 16:55:17.646 D/CCodecConfig( 718): c2 config diff is Dict {
05-30 16:55:17.646 D/CCodecConfig( 718): c2::u32 coded.bitrate.value = 64000
05-30 16:55:17.646 D/CCodecConfig( 718): c2::u32 input.buffers.max-size.value = 32768
05-30 16:55:17.646 D/CCodecConfig( 718): c2::u32 input.delay.value = 0
05-30 16:55:17.646 D/CCodecConfig( 718): string input.media-type.value = "audio/vorbis"
05-30 16:55:17.646 D/CCodecConfig( 718): string output.media-type.value = "audio/raw"
05-30 16:55:17.646 D/CCodecConfig( 718): c2::u32 raw.channel-count.value = 1
05-30 16:55:17.646 D/CCodecConfig( 718): c2::u32 raw.sample-rate.value = 48000
05-30 16:55:17.646 D/CCodecConfig( 718): }
05-30 16:55:17.647 D/CCodec ( 718): allocate(c2.android.vorbis.decoder)
05-30 16:55:17.648 D/MediaCodec( 718): flushMediametrics
05-30 16:55:17.648 D/CCodec ( 718): [c2.android.vorbis.decoder] buffers are bound to CCodec for this session
05-30 16:55:17.648 D/CCodecConfig( 718): no c2 equivalents for durationUs
05-30 16:55:17.648 D/CCodecConfig( 718): no c2 equivalents for track-id
05-30 16:55:17.648 D/CCodecConfig( 718): no c2 equivalents for csd-1
05-30 16:55:17.648 D/CCodecConfig( 718): no c2 equivalents for flags
05-30 16:55:17.649 D/CCodecConfig( 718): c2 config diff is c2::u32 coded.bitrate.value = 112000
05-30 16:55:17.649 D/CCodecConfig( 718): c2::u32 raw.channel-count.value = 2
05-30 16:55:17.649 D/CCodecConfig( 718): c2::u32 raw.sample-rate.value = 44100
05-30 16:55:17.650 I/CCodec ( 718): setting up 'default' as default (vendor) store
05-30 16:55:17.651 W/Codec2Client( 718): query -- param skipped: index = 1107298332.
05-30 16:55:17.651 D/CCodec ( 718): encoding statistics level = 0
05-30 16:55:17.651 D/CCodec ( 718): setup formats input: AMessage(what = 0x00000000) = {
05-30 16:55:17.651 D/CCodec ( 718): int32_t bitrate = 112000
05-30 16:55:17.651 D/CCodec ( 718): int32_t channel-count = 2
05-30 16:55:17.651 D/CCodec ( 718): int32_t max-input-size = 32768
05-30 16:55:17.651 D/CCodec ( 718): string mime = "audio/vorbis"
05-30 16:55:17.651 D/CCodec ( 718): int32_t sample-rate = 44100
05-30 16:55:17.651 D/CCodec ( 718): }
05-30 16:55:17.651 D/CCodec ( 718): setup formats output: AMessage(what = 0x00000000) = {
05-30 16:55:17.651 D/CCodec ( 718): int32_t channel-count = 2
05-30 16:55:17.651 D/CCodec ( 718): string mime = "audio/raw"
05-30 16:55:17.651 D/CCodec ( 718): int32_t sample-rate = 44100
05-30 16:55:17.651 D/CCodec ( 718): int32_t channel-mask = 3
05-30 16:55:17.651 D/CCodec ( 718): int32_t android._config-pcm-encoding = 2
05-30 16:55:17.651 D/CCodec ( 718): }
05-30 16:55:17.651 I/CCodecConfig( 718): query failed after returning 7 values (BAD_INDEX)
05-30 16:55:17.651 D/CoreBackPreview( 718): Window{e1321ad u0 com.dangbei.hqguide/com.dangbei.hqguide.main.MainActivity}: Setting back callback OnBackInvokedCallbackInfo{mCallback=android.window.IOnBackInvokedCallback$Stub$Proxy@9cae2c7, mPriority=0, mIsAnimationCallback=false}
05-30 16:55:17.652 W/Codec2Client( 718): query -- param skipped: index = 1342179345.
05-30 16:55:17.652 W/Codec2Client( 718): query -- param skipped: index = 2415921170.
05-30 16:55:17.653 I/CCodec ( 718): Created component [c2.android.vorbis.decoder]
05-30 16:55:17.653 D/CCodecConfig( 718): read media type: audio/vorbis
05-30 16:55:17.653 D/BufferPoolAccessor2.0( 642): bufferpool2 0xeabc3e08 : 0(0 size) total buffers - 0(0 size) used buffers - 6/10 (recycle/alloc) - 4/9 (fetch/transfer)
05-30 16:55:17.654 D/BufferPoolAccessor2.0( 642): Destruction - bufferpool2 0xeabc3e08 cached: 0/0M, 0/0% in use; allocs: 10, 60% recycled; transfers: 9, 56% unfetched
05-30 16:55:17.654 D/CCodecBufferChannel( 718): [c2.android.vorbis.decoder#262] Created input block pool with allocatorID 16 => poolID 23 - OK (0)
05-30 16:55:17.655 D/BufferPoolAccessor2.0( 642): bufferpool2 0xeabc1e88 : 0(0 size) total buffers - 0(0 size) used buffers - 5/7 (recycle/alloc) - 2/6 (fetch/transfer)
05-30 16:55:17.655 D/BufferPoolAccessor2.0( 642): Destruction - bufferpool2 0xeabc1e88 cached: 0/0M, 0/0% in use; allocs: 7, 71% recycled; transfers: 6, 67% unfetched
05-30 16:55:17.655 D/BufferPoolAccessor2.0( 642): bufferpool2 0xeabc1b28 : 0(0 size) total buffers - 0(0 size) used buffers - 11/15 (recycle/alloc) - 4/14 (fetch/transfer)
05-30 16:55:17.655 D/BufferPoolAccessor2.0( 642): bufferpool2 0xeabc2d28 : 0(0 size) total buffers - 0(0 size) used buffers - 9/11 (recycle/alloc) - 2/10 (fetch/transfer)
05-30 16:55:17.655 D/BufferPoolAccessor2.0( 642): Destruction - bufferpool2 0xeabc1b28 cached: 0/0M, 0/0% in use; allocs: 15, 73% recycled; transfers: 14, 71% unfetched
05-30 16:55:17.655 D/BufferPoolAccessor2.0( 642): bufferpool2 0xeabc2308 : 0(0 size) total buffers - 0(0 size) used buffers - 12/15 (recycle/alloc) - 3/14 (fetch/transfer)
05-30 16:55:17.655 D/BufferPoolAccessor2.0( 642): Destruction - bufferpool2 0xeabc2308 cached: 0/0M, 0/0% in use; allocs: 15, 80% recycled; transfers: 14, 79% unfetched
05-30 16:55:17.656 D/BufferPoolAccessor2.0( 642): Destruction - bufferpool2 0xeabc2d28 cached: 0/0M, 0/0% in use; allocs: 11, 82% recycled; transfers: 10, 80% unfetched
05-30 16:55:17.656 D/BufferPoolAccessor2.0( 642): bufferpool2 0xeabc0a48 : 0(0 size) total buffers - 0(0 size) used buffers - 5/10 (recycle/alloc) - 5/9 (fetch/transfer)
05-30 16:55:17.656 D/BufferPoolAccessor2.0( 642): Destruction - bufferpool2 0xeabc0a48 cached: 0/0M, 0/0% in use; allocs: 10, 50% recycled; transfers: 9, 44% unfetched
05-30 16:55:17.657 D/CoreBackPreview( 718): Window{c9225c u0 com.android.permissioncontroller/com.android.permissioncontroller.permission.ui.GrantPermissionsActivity}: Setting back callback OnBackInvokedCallbackInfo{mCallback=android.window.IOnBackInvokedCallback$Stub$Proxy@96560f4, mPriority=0, mIsAnimationCallback=false}
05-30 16:55:17.659 D/BufferPoolAccessor2.0( 637): bufferpool2 0xee1c3088 : 0(0 size) total buffers - 0(0 size) used buffers - 55/63 (recycle/alloc) - 8/118 (fetch/transfer)
05-30 16:55:17.659 D/BufferPoolAccessor2.0( 637): Destruction - bufferpool2 0xee1c3088 cached: 0/0M, 0/0% in use; allocs: 63, 87% recycled; transfers: 118, 93% unfetched
05-30 16:55:17.659 D/BufferPoolAccessor2.0( 642): bufferpool2 0xeabc3ce8 : 0(0 size) total buffers - 0(0 size) used buffers - 152/157 (recycle/alloc) - 5/157 (fetch/transfer)
05-30 16:55:17.660 I/CCodecBufferChannel( 718): [c2.android.vorbis.decoder#262] Created output block pool with allocatorID 16 => poolID 25 - OK
05-30 16:55:17.660 D/CCodecBufferChannel( 718): [c2.android.vorbis.decoder#262] Configured output block pool ids 25 => OK
05-30 16:55:17.660 D/ReflectedParamUpdater( 718): extent() != 1 for single value type: algo.buffers.max-count.values
05-30 16:55:17.660 I/C2VendorComponentStore( 510): setDmaBufUsage 5
05-30 16:55:17.661 D/WindowManagerShell( 1131): TvPipController: onTaskStackChanged()
05-30 16:55:17.663 D/ReflectedParamUpdater( 718): extent() != 1 for single value type: output.subscribed-indices.values
05-30 16:55:17.663 D/ReflectedParamUpdater( 718): extent() != 1 for single value type: input.buffers.allocator-ids.values
05-30 16:55:17.663 D/ReflectedParamUpdater( 718): extent() != 1 for single value type: output.buffers.allocator-ids.values
05-30 16:55:17.664 D/ReflectedParamUpdater( 718): extent() != 1 for single value type: algo.buffers.allocator-ids.values
05-30 16:55:17.665 D/ReflectedParamUpdater( 718): extent() != 1 for single value type: output.buffers.pool-ids.values
05-30 16:55:17.665 D/SimpleC2Component( 642): Using output block pool with poolID 25 => got 25 - 0
05-30 16:55:17.665 D/ReflectedParamUpdater( 718): extent() != 1 for single value type: algo.buffers.pool-ids.values
05-30 16:55:17.670 I/CCodecConfig( 718): query failed after returning 7 values (BAD_INDEX)
05-30 16:55:17.670 D/CCodecConfig( 718): c2 config diff is Dict {
05-30 16:55:17.670 D/CCodecConfig( 718): c2::u32 coded.bitrate.value = 64000
05-30 16:55:17.670 D/CCodecConfig( 718): c2::u32 input.buffers.max-size.value = 32768
05-30 16:55:17.670 D/CCodecConfig( 718): c2::u32 input.delay.value = 0
05-30 16:55:17.670 D/CCodecConfig( 718): string input.media-type.value = "audio/vorbis"
05-30 16:55:17.670 D/CCodecConfig( 718): string output.media-type.value = "audio/raw"
05-30 16:55:17.670 D/CCodecConfig( 718): c2::u32 raw.channel-count.value = 1
05-30 16:55:17.670 D/CCodecConfig( 718): c2::u32 raw.sample-rate.value = 48000
05-30 16:55:17.670 D/CCodecConfig( 718): }
05-30 16:55:17.676 D/MediaCodec( 718): flushMediametrics
05-30 16:55:17.676 D/CCodec ( 718): [c2.android.vorbis.decoder] buffers are bound to CCodec for this session
05-30 16:55:17.676 D/CCodecConfig( 718): no c2 equivalents for durationUs
05-30 16:55:17.676 D/CCodecConfig( 718): no c2 equivalents for track-id
05-30 16:55:17.676 D/CCodecConfig( 718): no c2 equivalents for csd-1
05-30 16:55:17.676 D/CCodecConfig( 718): no c2 equivalents for flags
05-30 16:55:17.679 I/C2VendorComponentStore( 510): setDmaBufUsage 5
05-30 16:55:17.680 D/CCodecConfig( 718): c2 config diff is c2::u32 coded.bitrate.value = 112000
05-30 16:55:17.680 D/CCodecConfig( 718): c2::u32 raw.channel-count.value = 2
05-30 16:55:17.680 D/CCodecConfig( 718): c2::u32 raw.sample-rate.value = 44100
05-30 16:55:17.681 W/Codec2Client( 718): query -- param skipped: index = 1107298332.
05-30 16:55:17.681 D/CCodec ( 718): encoding statistics level = 0
05-30 16:55:17.681 D/CCodec ( 718): setup formats input: AMessage(what = 0x00000000) = {
05-30 16:55:17.681 D/CCodec ( 718): int32_t bitrate = 112000
05-30 16:55:17.681 D/CCodec ( 718): int32_t channel-count = 2
05-30 16:55:17.681 D/CCodec ( 718): int32_t max-input-size = 32768
05-30 16:55:17.681 D/CCodec ( 718): string mime = "audio/vorbis"
05-30 16:55:17.681 D/CCodec ( 718): int32_t sample-rate = 44100
05-30 16:55:17.681 D/CCodec ( 718): }
05-30 16:55:17.681 D/CCodec ( 718): setup formats output: AMessage(what = 0x00000000) = {
05-30 16:55:17.681 D/CCodec ( 718): int32_t channel-count = 2
05-30 16:55:17.681 D/CCodec ( 718): string mime = "audio/raw"
05-30 16:55:17.681 D/CCodec ( 718): int32_t sample-rate = 44100
05-30 16:55:17.681 D/CCodec ( 718): int32_t channel-mask = 3
05-30 16:55:17.681 D/CCodec ( 718): int32_t android._config-pcm-encoding = 2
05-30 16:55:17.681 D/CCodec ( 718): }
05-30 16:55:17.681 I/CCodecConfig( 718): query failed after returning 7 values (BAD_INDEX)
05-30 16:55:17.682 W/Codec2Client( 718): query -- param skipped: index = 1342179345.
05-30 16:55:17.683 W/Codec2Client( 718): query -- param skipped: index = 2415921170.
05-30 16:55:17.685 D/CCodecBufferChannel( 718): [c2.android.vorbis.decoder#182] Created input block pool with allocatorID 16 => poolID 24 - OK (0)
05-30 16:55:17.688 I/CCodecBufferChannel( 718): [c2.android.vorbis.decoder#182] Created output block pool with allocatorID 16 => poolID 26 - OK
05-30 16:55:17.689 I/C2VendorComponentStore( 510): setDmaBufUsage 5
05-30 16:55:17.690 D/CCodecBufferChannel( 718): [c2.android.vorbis.decoder#182] Configured output block pool ids 26 => OK
05-30 16:55:17.690 E/OpenGLRenderer( 1477): Unable to match the desired swap behavior.
05-30 16:55:17.691 I/C2VendorComponentStore( 510): setDmaBufUsage 5
05-30 16:55:17.693 E/OpenGLRenderer( 1141): Unable to match the desired swap behavior.
05-30 16:55:17.714 D/SimpleC2Component( 642): Using output block pool with poolID 26 => got 26 - 0
05-30 16:55:17.725 I/C2VendorComponentStore( 510): setDmaBufUsage 5
05-30 16:55:17.744 I/WindowManager( 718): finishDrawing of relaunch: Window{e1321ad u0 com.dangbei.hqguide/com.dangbei.hqguide.main.MainActivity} 974ms
05-30 16:55:17.745 I/NU-AmNuPlayer( 637): [#2] updateMediaInfo
05-30 16:55:17.746 I/NU-AmNuPlayer( 637): [#2] [updateMediaInfo:1241]get i=0 , mime: audio/mpeg
05-30 16:55:17.746 I/OpenGLRenderer( 1477): Davey! duration=934ms; Flags=1, FrameTimelineVsyncId=65180, IntendedVsync=182919609334, Vsync=183737125334, InputEventId=0, HandleInputStart=183740627461, AnimationStart=183740641670, PerformTraversalsStart=183740651420, DrawStart=183839566336, FrameDeadline=182938292667, FrameInterval=183739903545, FrameStartTime=16684000, SyncQueued=183847732878, SyncStart=183847860336, IssueDrawCommandsStart=183847986086, SwapBuffers=183851263170, FrameCompleted=183854671878, DequeueBufferDuration=21208, QueueBufferDuration=726125, GpuCompleted=183854671878, SwapBuffersCompleted=183852449128, DisplayPresentTime=181199226302, CommandSubmissionCompleted=183851263170,
05-30 16:55:17.749 D/NU-AmNuPlayerDriver( 637): [#2] start(0xf3540d30), state is 4, eos is 0
05-30 16:55:17.749 I/NU-AmNuPlayer( 637): [#2] kWhatStart
05-30 16:55:17.749 I/NU-AmNuPlayer( 637): [#2] onStart: mCrypto: 0x0 (0)
05-30 16:55:17.749 I/NU-GenericSource( 637): start
05-30 16:55:17.751 I/NU-AmNuPlayer( 637): [#2] AmNuPlayer::Source::getFormat frame-rate = failed
05-30 16:55:17.752 I/NU-AmNuPlayerRenderer( 637): getAudioDevicesForStream streamType=3, audioDevices=0x400
05-30 16:55:17.752 E/NU-AmNuPlayerRenderer( 637): Couldn't map mime "audio/mpeg" to a valid audio_format
05-30 16:55:17.752 I/MessageMonitor( 637): NU-AmNuPlayerRenderer MessageMonitor mDebugLevel 0, poll message us 30000000
05-30 16:55:17.752 I/NU-AmNuPlayerRenderer( 637): [#2] mPlayerInstanceId = 2
05-30 16:55:17.752 I/NU-AmNuPlayerRenderer( 637): mFirstSlowSync is set to True. from : 1009
05-30 16:55:17.752 I/NU-AmNuPlayerRenderer( 637): [#2] media.amnuplayer.avsync.dropmode is set to 0 us .
05-30 16:55:17.753 D/xm_audio( 504): adev_get_parameters
05-30 16:55:17.754 I/NU-AmNuPlayerDriver( 637): media.player.atrace.enable is 1
05-30 16:55:17.754 I/NU-AmNuPlayer( 637): [#2] [onStart:4128] new Renderer
05-30 16:55:17.755 I/NU-AmNuPlayer( 637): [#2] AmNuPlayer::Source::getFormat frame-rate = failed
05-30 16:55:17.756 V/WindowManagerShell( 1131): onTransitionReady android.os.BinderProxy@9b42ac3: {id=2 t=CHANGE f=0x0 trk=0 r=[0@Point(0, 0)] c=[{null m=OPEN f=TRANSLUCENT|FILLS_TASK leash=Surface(name=ActivityRecord{cf20894 u0 com.android.permissioncontroller/.permission.ui.GrantPermissionsActivity)/@0x40497be sb=Rect(0, 0 - 0, 0) eb=Rect(0, 0 - 1920, 1080) d=-1->0 r=-1->0:-1},{WCT{android.window.IWindowContainerToken$Stub$Proxy@46e71ca} m=CHANGE f=IS_DISPLAY leash=Surface(name=WindowedMagnification:0:31)/@0x724b01f sb=Rect(0, 0 - 1920, 1080) eb=Rect(0, 0 - 1920, 1080) d=0 snapshot=Surface(name=transition snapshot: Display{#0 state=ON size=1920x1080 ROTATION_0})/@0xf429f6c}]}
05-30 16:55:17.757 I/NU-AmNuPlayerRenderer( 637): getAudioDevicesForStream streamType=3, audioDevices=0x400
05-30 16:55:17.757 E/NU-AmNuPlayerRenderer( 637): Couldn't map mime "audio/mpeg" to a valid audio_format
05-30 16:55:17.757 V/WindowManagerShell( 1131): Playing animation for (#2)android.os.BinderProxy@9b42ac3@0
05-30 16:55:17.757 I/NU-AmNuPlayer( 637): [#2] instantiateDecoder format: AMessage(what = 0x00000000) = {
05-30 16:55:17.757 I/NU-AmNuPlayer( 637): string mime = "audio/mpeg"
05-30 16:55:17.757 I/NU-AmNuPlayer( 637): int64_t durationUs = 2124000
05-30 16:55:17.757 I/NU-AmNuPlayer( 637): int32_t bitrate = 48000
05-30 16:55:17.757 I/NU-AmNuPlayer( 637): int32_t channel-count = 1
05-30 16:55:17.757 I/NU-AmNuPlayer( 637): int32_t sample-rate = 16000
05-30 16:55:17.757 I/NU-AmNuPlayer( 637): int32_t encoder-delay = 576
05-30 16:55:17.757 I/NU-AmNuPlayer( 637): int32_t encoder-padding = 749
05-30 16:55:17.757 I/NU-AmNuPlayer( 637): int32_t priority = 0
05-30 16:55:17.757 I/NU-AmNuPlayer( 637): }
05-30 16:55:17.757 V/WindowManagerShell( 1131): try handler com.android.wm.shell.keyguard.KeyguardTransitionHandler@a2ec436
05-30 16:55:17.757 V/WindowManagerShell( 1131): try handler com.android.wm.shell.pip.tv.TvPipTransition@d762f37
05-30 16:55:17.757 V/WindowManagerShell( 1131): try handler com.android.wm.shell.activityembedding.ActivityEmbeddingController@93f0ca4
05-30 16:55:17.757 V/WindowManagerShell( 1131): try handler com.android.wm.shell.transition.RemoteTransitionHandler@8a8a0d
05-30 16:55:17.757 W/AString ( 637): ctor got NULL, using empty string instead
05-30 16:55:17.757 V/WindowManagerShell( 1131): try handler com.android.wm.shell.transition.DefaultTransitionHandler@41aedc2
05-30 16:55:17.757 I/NU-AmNuPlayerDecoder( 637): [#2] mPlayerInstanceId = 2
05-30 16:55:17.757 I/NU-AmNuPlayerDriver( 637): media.player.atrace.enable is 1
05-30 16:55:17.757 V/WindowManagerShell( 1131): start default transition animation, info = {id=2 t=CHANGE f=0x0 trk=0 r=[0@Point(0, 0)] c=[{null m=OPEN f=TRANSLUCENT|FILLS_TASK leash=Surface(name=ActivityRecord{cf20894 u0 com.android.permissioncontroller/.permission.ui.GrantPermissionsActivity)/@0x40497be sb=Rect(0, 0 - 0, 0) eb=Rect(0, 0 - 1920, 1080) d=-1->0 r=-1->0:-1},{WCT{android.window.IWindowContainerToken$Stub$Proxy@46e71ca} m=CHANGE f=IS_DISPLAY leash=Surface(name=WindowedMagnification:0:31)/@0x724b01f sb=Rect(0, 0 - 1920, 1080) eb=Rect(0, 0 - 1920, 1080) d=0 snapshot=Surface(name=transition snapshot: Display{#0 state=ON size=1920x1080 ROTATION_0})/@0xf429f6c}]}
05-30 16:55:17.757 I/MessageMonitor( 637): NU-AmNuPlayerDecoder-audN MessageMonitor mDebugLevel 0, poll message us 30000000
05-30 16:55:17.757 I/NU-AmNuPlayer( 637): [#2] instantiateDecoder audio Decoder
05-30 16:55:17.757 V/WindowManagerShell( 1131): Display is changing, resolve the animation hint.
05-30 16:55:17.758 I/NU-AmNuPlayerDecoder( 637): [#2] onConfigure format: AMessage(what = 0x00000000) = {
05-30 16:55:17.758 I/NU-AmNuPlayerDecoder( 637): string mime = "audio/mpeg"
05-30 16:55:17.758 I/NU-AmNuPlayerDecoder( 637): int64_t durationUs = 2124000
05-30 16:55:17.758 I/NU-AmNuPlayerDecoder( 637): int32_t bitrate = 48000
05-30 16:55:17.758 I/NU-AmNuPlayerDecoder( 637): int32_t channel-count = 1
05-30 16:55:17.758 I/NU-AmNuPlayerDecoder( 637): int32_t sample-rate = 16000
05-30 16:55:17.758 I/NU-AmNuPlayerDecoder( 637): int32_t encoder-delay = 576
05-30 16:55:17.758 I/NU-AmNuPlayerDecoder( 637): int32_t encoder-padding = 749
05-30 16:55:17.758 I/NU-AmNuPlayerDecoder( 637): int32_t priority = 0
05-30 16:55:17.758 I/NU-AmNuPlayerDecoder( 637): }
05-30 16:55:17.758 I/MessageMonitor( 637): ReadDataHandler MessageMonitor mDebugLevel 0, poll message us 30000000
05-30 16:55:17.763 W/ContextImpl( 718): Calling a method in the system process without a qualified user: android.app.ContextImpl.startService:1899 com.android.server.wm.DisplayPolicy.lambda$focusChangedLw$5:2126 com.android.server.wm.DisplayPolicy.$r8$lambda$Znxk63oh-WzVnzo_WQefN7uxV48:0 com.android.server.wm.DisplayPolicy$$ExternalSyntheticLambda13.run:0 android.os.Handler.handleCallback:958
05-30 16:55:17.766 V/WindowManagerShell( 1131): loadAnimation: anim=null animAttr=0x0 type=CHANGE isEntrance=true
05-30 16:55:17.767 V/WindowManagerShell( 1131): animated by com.android.wm.shell.transition.DefaultTransitionHandler@41aedc2
05-30 16:55:17.769 D/aaa ( 2101): LedStatusService onStartCommand begin
05-30 16:55:17.773 D/aaa ( 2101): topPkg is -------------- :com.android.permissioncontroller
05-30 16:55:17.777 D/CCodec ( 637): allocate(c2.android.mp3.decoder)
05-30 16:55:17.781 I/ActivityTaskManager( 718): Displayed com.android.permissioncontroller/.permission.ui.GrantPermissionsActivity for user 0: +656ms
