05-30 16:53:09.326 V/GraphicsEnvironment( 2598): com.dangbei.screencast is not listed in per-application setting
05-30 16:53:09.327 V/GraphicsEnvironment( 2598): Neither updatable production driver nor prerelease driver is supported.
05-30 16:53:09.327 I/MultiDex( 2593): VM with version 2.1.0 has multidex support
05-30 16:53:09.327 I/MultiDex( 2593): Installing application
05-30 16:53:09.327 I/MultiDex( 2593): VM has multidex support, MultiDex support library is disabled.
05-30 16:53:09.354 I/MultiDex( 2598): VM with version 2.1.0 has multidex support
05-30 16:53:09.354 I/MultiDex( 2598): Installing application
05-30 16:53:09.354 I/MultiDex( 2598): VM has multidex support, MultiDex support library is disabled.
05-30 16:53:09.377 E/PartsInfoProvider( 2598): onCreate:
05-30 16:53:09.379 D/RockyApplication( 2593): init: false
05-30 16:53:09.379 W/ActivityManager( 718): Background start not allowed: service Intent { act=com.dangbei.screencast.STARTUP pkg=com.dangbei.screencast } to com.dangbei.screencast/.startup.StartupService from pid=2598 uid=10044 pkg=com.dangbei.screencast startFg?=false
05-30 16:53:09.386 W/System.err( 2598): android.app.BackgroundServiceStartNotAllowedException: Not allowed to start service Intent { act=com.dangbei.screencast.STARTUP pkg=com.dangbei.screencast }: app is in background uid UidRecord{614e8fb u0a44 CEM idle change:idle|cached|procstate procs:0 seq(431,431)} caps=------
05-30 16:53:09.386 W/System.err( 2598): at android.app.ContextImpl.startServiceCommon(ContextImpl.java:1945)
05-30 16:53:09.386 W/System.err( 2598): at android.app.ContextImpl.startService(ContextImpl.java:1900)
05-30 16:53:09.387 W/System.err( 2598): at android.content.ContextWrapper.startService(ContextWrapper.java:825)
05-30 16:53:09.387 W/System.err( 2598): at b.f.f.h.g.k.a(Unknown Source:20)
05-30 16:53:09.387 W/System.err( 2598): at com.dangbei.screencast.provider.PartsInfoProvider.onCreate(:2)
05-30 16:53:09.387 W/System.err( 2598): at android.content.ContentProvider.attachInfo(ContentProvider.java:2619)
05-30 16:53:09.387 W/System.err( 2598): at android.content.ContentProvider.attachInfo(ContentProvider.java:2589)
05-30 16:53:09.387 W/System.err( 2598): at android.app.ActivityThread.installProvider(ActivityThread.java:7840)
05-30 16:53:09.387 W/System.err( 2598): at android.app.ActivityThread.installContentProviders(ActivityThread.java:7351)
05-30 16:53:09.387 W/System.err( 2598): at android.app.ActivityThread.handleBindApplication(ActivityThread.java:7046)
05-30 16:53:09.387 W/System.err( 2598): at android.app.ActivityThread.-$$Nest$mhandleBindApplication(Unknown Source:0)
05-30 16:53:09.387 W/System.err( 2598): at android.app.ActivityThread$H.handleMessage(ActivityThread.java:2265)
05-30 16:53:09.387 W/System.err( 2598): at android.os.Handler.dispatchMessage(Handler.java:106)
05-30 16:53:09.387 W/System.err( 2598): at android.os.Looper.loopOnce(Looper.java:205)
05-30 16:53:09.387 W/System.err( 2598): at android.os.Looper.loop(Looper.java:294)
05-30 16:53:09.387 W/System.err( 2598): at android.app.ActivityThread.main(ActivityThread.java:8255)
05-30 16:53:09.387 W/System.err( 2598): at java.lang.reflect.Method.invoke(Native Method)
05-30 16:53:09.387 W/System.err( 2598): at com.android.internal.os.RuntimeInit$MethodAndArgsCaller.run(RuntimeInit.java:552)
05-30 16:53:09.387 W/System.err( 2598): at com.android.internal.os.ZygoteInit.main(ZygoteInit.java:978)
05-30 16:53:09.393 W/ActivityManager( 718): Background start not allowed: service Intent { act=com.dangbei.screencast.STARTUP pkg=com.dangbei.screencast } to com.dangbei.screencast/.startup.StartupService from pid=2598 uid=10044 pkg=com.dangbei.screencast startFg?=false
05-30 16:53:09.393 W/System.err( 2598): android.app.BackgroundServiceStartNotAllowedException: Not allowed to start service Intent { act=com.dangbei.screencast.STARTUP pkg=com.dangbei.screencast }: app is in background uid UidRecord{614e8fb u0a44 CEM idle change:idle|cached|procstate procs:0 seq(431,431)} caps=------
05-30 16:53:09.393 W/System.err( 2598): at android.app.ContextImpl.startServiceCommon(ContextImpl.java:1945)
05-30 16:53:09.393 W/System.err( 2598): at android.app.ContextImpl.startService(ContextImpl.java:1900)
05-30 16:53:09.393 W/System.err( 2598): at android.content.ContextWrapper.startService(ContextWrapper.java:825)
05-30 16:53:09.393 W/System.err( 2598): at b.f.f.h.g.k.a(Unknown Source:20)
05-30 16:53:09.393 W/System.err( 2598): at com.dangbei.screencast.common.utils.remotepreferences.ScreenCastPreferenceProvider.onCreate(Unknown Source:11)
05-30 16:53:09.393 W/System.err( 2598): at android.content.ContentProvider.attachInfo(ContentProvider.java:2619)
05-30 16:53:09.394 W/System.err( 2598): at android.content.ContentProvider.attachInfo(ContentProvider.java:2589)
05-30 16:53:09.394 W/System.err( 2598): at android.app.ActivityThread.installProvider(ActivityThread.java:7840)
05-30 16:53:09.394 W/System.err( 2598): at android.app.ActivityThread.installContentProviders(ActivityThread.java:7351)
05-30 16:53:09.394 W/System.err( 2598): at android.app.ActivityThread.handleBindApplication(ActivityThread.java:7046)
05-30 16:53:09.394 W/System.err( 2598): at android.app.ActivityThread.-$$Nest$mhandleBindApplication(Unknown Source:0)
05-30 16:53:09.394 W/System.err( 2598): at android.app.ActivityThread$H.handleMessage(ActivityThread.java:2265)
05-30 16:53:09.394 W/System.err( 2598): at android.os.Handler.dispatchMessage(Handler.java:106)
05-30 16:53:09.394 W/System.err( 2598): at android.os.Looper.loopOnce(Looper.java:205)
05-30 16:53:09.394 W/System.err( 2598): at android.os.Looper.loop(Looper.java:294)
05-30 16:53:09.394 W/System.err( 2598): at android.app.ActivityThread.main(ActivityThread.java:8255)
05-30 16:53:09.394 W/System.err( 2598): at java.lang.reflect.Method.invoke(Native Method)
05-30 16:53:09.394 W/System.err( 2598): at com.android.internal.os.RuntimeInit$MethodAndArgsCaller.run(RuntimeInit.java:552)
05-30 16:53:09.394 W/System.err( 2598): at com.android.internal.os.ZygoteInit.main(ZygoteInit.java:978)
05-30 16:53:09.418 D/AndroidAutoSize( 2598): designWidthInDp = 1920, designHeightInDp = 1080, screenWidth = 1920, screenHeight = 1080
05-30 16:53:09.418 D/AndroidAutoSize( 2598): initDensity = 1.5, initScaledDensity = 1.5
05-30 16:53:09.421 D/RockyVoice( 2593): RestartReceiver onReceive
05-30 16:53:09.440 D/RockyManager( 2593): initFarWakeStatus isMainFarSwitch: false
05-30 16:53:09.442 I/RockyManager( 2593): isFarWake: false
05-30 16:53:09.455 W/ContextImpl( 2593): Calling a method in the system process without a qualified user: android.app.ContextImpl.startService:1899 android.content.ContextWrapper.startService:825 com.cvte.tv.api.TvApiSDKManager.:177 com.cvte.tv.api.TvApiSDKManager.init:217 com.dangbei.rocky.component.system.SystemControlUtils.initSystemAidl:82
05-30 16:53:09.456 D/CompatibilityChangeReporter( 718): Compat change id reported: 149924527; UID 10044; state: ENABLED
05-30 16:53:09.456 W/ActivityManager( 718): Unable to start service Intent { act=com.cvte.tv.api.TV_API_SERVICE pkg=com.cvte.tv.api.impl } U=0: not found
05-30 16:53:09.456 D/CompatibilityChangeReporter( 718): Compat change id reported: 132649864; UID 10044; state: DISABLED
05-30 16:53:09.456 W/ContextImpl( 2593): Calling a method in the system process without a qualified user: android.app.ContextImpl.bindService:1988 android.content.ContextWrapper.bindService:861 com.cvte.tv.api.TvApiSDKManager.:178 com.cvte.tv.api.TvApiSDKManager.init:217 com.dangbei.rocky.component.system.SystemControlUtils.initSystemAidl:82
05-30 16:53:09.457 W/ActivityManager( 718): Unable to start service Intent { act=com.cvte.tv.api.TV_API_SERVICE pkg=com.cvte.tv.api.impl } U=0: not found
05-30 16:53:09.458 D/TvApiSDKManager( 2593): getTvApi getSystemService = false
05-30 16:53:09.458 D/TvApiSDKManager( 2593): getTvApi startService
05-30 16:53:09.458 W/ContextImpl( 2593): Calling a method in the system process without a qualified user: android.app.ContextImpl.startService:1899 android.content.ContextWrapper.startService:825 com.cvte.tv.api.TvApiSDKManager.getTvApi:361 com.dangbei.rocky.component.system.SystemControlUtils.initSystemAidl:83 com.dangbei.rocky.component.system.SystemComponent.onAttached:38
05-30 16:53:09.459 W/ActivityManager( 718): Unable to start service Intent { act=com.cvte.tv.api.TV_API_SERVICE pkg=com.cvte.tv.api.impl } U=0: not found
05-30 16:53:09.459 W/ContextImpl( 2593): Calling a method in the system process without a qualified user: android.app.ContextImpl.bindService:1988 android.content.ContextWrapper.bindService:861 com.cvte.tv.api.TvApiSDKManager.getTvApi:362 com.dangbei.rocky.component.system.SystemControlUtils.initSystemAidl:83 com.dangbei.rocky.component.system.SystemComponent.onAttached:38
05-30 16:53:09.460 W/ActivityManager( 718): Unable to start service Intent { act=com.cvte.tv.api.TV_API_SERVICE pkg=com.cvte.tv.api.impl } U=0: not found
05-30 16:53:09.467 D/CompatibilityChangeReporter( 2598): Compat change id reported: 247079863; UID 10044; state: DISABLED
05-30 16:53:09.472 W/ContextImpl( 2593): Calling a method in the system process without a qualified user: android.app.ContextImpl.startService:1899 android.content.ContextWrapper.startService:825 com.dangbei.phrike.core.DownloadManager.register:294 com.dangbei.component_appcontrol.phrike.XPhrikeAppCreator.register:47 com.dangbei.component_appcontrol.AppControlComponent.onAttached:65
05-30 16:53:09.464 I/RxCachedThreadS( 2593): type=1400 audit(0.0:1048): avc: denied { search } for name="net" dev="sysfs" ino=12345 scontext=u:r:system_app:s0 tcontext=u:object_r:sysfs_net:s0 tclass=dir permissive=1
05-30 16:53:09.464 I/RxCachedThreadS( 2593): type=1400 audit(0.0:1049): avc: denied { read } for name="address" dev="sysfs" ino=22127 scontext=u:r:system_app:s0 tcontext=u:object_r:sysfs_net:s0 tclass=file permissive=1
05-30 16:53:09.464 I/RxCachedThreadS( 2593): type=1400 audit(0.0:1050): avc: denied { open } for path="/sys/devices/virtual/net/dummy0/address" dev="sysfs" ino=22127 scontext=u:r:system_app:s0 tcontext=u:object_r:sysfs_net:s0 tclass=file permissive=1
05-30 16:53:09.477 I/RockyManager( 2593): initSDKDelegate:
05-30 16:53:09.493 D/CompatibilityChangeReporter( 718): Compat change id reported: 161145287; UID 10044; state: DISABLED
05-30 16:53:09.580 W/BroadcastLoopers( 718): Found previously unknown looper Thread[appscheduling.default,5,main]
05-30 16:53:09.584 I/crashsdk( 2598): version unique build id: 6230cced
05-30 16:53:09.587 I/crashsdk( 2598): Is new version ('' -> 'v2.8.3/release/6230cced'), deleting old stats data!
05-30 16:53:09.600 D/crashsdk( 2598): Native log stat thread 2651 setup, waiting
05-30 16:53:09.605 I/TDLog ( 2598): setReportUncaughtExceptions: true
05-30 16:53:09.608 E/Application( 2598): onCreate:Version:v2.8.3/20830/883432e
05-30 16:53:09.611 I/crashsdk( 2598): begin hack android.os.Process
05-30 16:53:09.611 I/crashsdk( 2598): end hack android.os.Process
05-30 16:53:09.612 D/CompatibilityChangeReporter( 2593): Compat change id reported: 263076149; UID 1000; state: DISABLED
05-30 16:53:09.617 W/System.err( 2593): java.lang.NoSuchMethodException: android.bluetooth.IBluetooth$Stub$Proxy.getAddress []
05-30 16:53:09.621 W/System.err( 2593): at java.lang.Class.getMethod(Class.java:2937)
05-30 16:53:09.621 W/System.err( 2593): at java.lang.Class.getMethod(Class.java:2449)
05-30 16:53:09.621 W/System.err( 2593): at com.dangbei.statistics.UtilCommon.getBluetoothAddressSdk23(UtilCommon.java:363)
05-30 16:53:09.621 W/System.err( 2593): at com.dangbei.statistics.UtilCommon.getBluetoothAddress(UtilCommon.java:333)
05-30 16:53:09.621 W/System.err( 2593): at com.dangbei.statistics.HttpBasicParamsInterceptor.lambda$create$26(HttpBasicParamsInterceptor.java:105)
05-30 16:53:09.621 W/System.err( 2593): at com.dangbei.statistics.-$$Lambda$HttpBasicParamsInterceptor$rmVfygJIBySIPZc0Bf7cpAPG2bY.call(Unknown Source:0)
05-30 16:53:09.621 W/System.err( 2593): at com.dangbei.statistics.library.Helper.callBackSelf(Helper.java:9)
05-30 16:53:09.621 W/System.err( 2593): at com.dangbei.statistics.HttpBasicParamsInterceptor.create(HttpBasicParamsInterceptor.java:105)
05-30 16:53:09.621 W/System.err( 2593): at com.dangbei.statistics.HttpBasicParamsInterceptor.lambda$init$0(HttpBasicParamsInterceptor.java:40)
05-30 16:53:09.621 W/System.err( 2593): at com.dangbei.statistics.-$$Lambda$HttpBasicParamsInterceptor$wo_01s0EQtjtRA0FDaKTO2uOKHM.accept(Unknown Source:2)
05-30 16:53:09.621 W/System.err( 2593): at io.reactivex.internal.operators.single.SingleDoOnSuccess$DoOnSuccess.onSuccess(SingleDoOnSuccess.java:54)
05-30 16:53:09.621 W/System.err( 2593): at io.reactivex.internal.operators.single.SingleObserveOn$ObserveOnSingleObserver.run(SingleObserveOn.java:81)
05-30 16:53:09.621 W/System.err( 2593): at io.reactivex.Scheduler$DisposeTask.run(Scheduler.java:578)
05-30 16:53:09.621 W/System.err( 2593): at io.reactivex.internal.schedulers.ScheduledRunnable.run(ScheduledRunnable.java:66)
05-30 16:53:09.621 W/System.err( 2593): at io.reactivex.internal.schedulers.ScheduledRunnable.call(ScheduledRunnable.java:57)
05-30 16:53:09.621 W/System.err( 2593): at java.util.concurrent.FutureTask.run(FutureTask.java:264)
05-30 16:53:09.621 W/System.err( 2593): at java.util.concurrent.ScheduledThreadPoolExecutor$ScheduledFutureTask.run(ScheduledThreadPoolExecutor.java:307)
05-30 16:53:09.622 W/System.err( 2593): at java.util.concurrent.ThreadPoolExecutor.runWorker(ThreadPoolExecutor.java:1145)
05-30 16:53:09.622 W/System.err( 2593): at java.util.concurrent.ThreadPoolExecutor$Worker.run(ThreadPoolExecutor.java:644)
05-30 16:53:09.622 W/System.err( 2593): at java.lang.Thread.run(Thread.java:1012)
05-30 16:53:09.624 D/CompatibilityChangeReporter( 2593): Compat change id reported: 247079863; UID 1000; state: DISABLED
05-30 16:53:09.626 I/UtilCommon( 2593): bluetoothMac=1C:79:2D:20:62:B6
05-30 16:53:09.637 I/crashsdk( 2598): Catcher mask: 5000, 20480
05-30 16:53:09.637 I/crashsdk( 2598): Catcher thread 2611
05-30 16:53:09.637 D/crashsdk( 2598): Register ANR handler ...
05-30 16:53:09.639 W/System.err( 2593): java.net.UnknownHostException: Unable to resolve host "tyapi.qun7.com": No address associated with hostname
05-30 16:53:09.639 W/System.err( 2593): at java.net.Inet6AddressImpl.lookupHostByName(Inet6AddressImpl.java:156)
05-30 16:53:09.639 W/System.err( 2593): at java.net.Inet6AddressImpl.lookupAllHostAddr(Inet6AddressImpl.java:103)
05-30 16:53:09.639 W/System.err( 2593): at java.net.InetAddress.getAllByName(InetAddress.java:1152)
05-30 16:53:09.639 W/System.err( 2593): at com.android.okhttp.Dns$1.lookup(Dns.java:41)
05-30 16:53:09.640 W/System.err( 2593): at com.android.okhttp.internal.http.RouteSelector.resetNextInetSocketAddress(RouteSelector.java:178)
05-30 16:53:09.640 W/System.err( 2593): at com.android.okhttp.internal.http.RouteSelector.nextProxy(RouteSelector.java:144)
05-30 16:53:09.640 W/System.err( 2593): at com.android.okhttp.internal.http.RouteSelector.next(RouteSelector.java:86)
05-30 16:53:09.640 W/System.err( 2593): at com.android.okhttp.internal.http.StreamAllocation.findConnection(StreamAllocation.java:176)
05-30 16:53:09.640 W/System.err( 2593): at com.android.okhttp.internal.http.StreamAllocation.findHealthyConnection(StreamAllocation.java:128)
05-30 16:53:09.640 W/System.err( 2593): at com.android.okhttp.internal.http.StreamAllocation.newStream(StreamAllocation.java:97)
05-30 16:53:09.640 W/System.err( 2593): at com.android.okhttp.internal.http.HttpEngine.connect(HttpEngine.java:289)
05-30 16:53:09.640 W/System.err( 2593): at com.android.okhttp.internal.http.HttpEngine.sendRequest(HttpEngine.java:232)
05-30 16:53:09.640 W/System.err( 2593): at com.android.okhttp.internal.huc.HttpURLConnectionImpl.execute(HttpURLConnectionImpl.java:465)
05-30 16:53:09.640 W/System.err( 2593): at com.android.okhttp.internal.huc.HttpURLConnectionImpl.getResponse(HttpURLConnectionImpl.java:411)
05-30 16:53:09.640 W/System.err( 2593): at com.android.okhttp.internal.huc.HttpURLConnectionImpl.getResponseCode(HttpURLConnectionImpl.java:542)
05-30 16:53:09.640 W/System.err( 2593): at com.dangbei.statistics.UtilCommon.networkGetIp(UtilCommon.java:826)
05-30 16:53:09.640 W/System.err( 2593): at com.dangbei.statistics.UtilCommon$1.accept(UtilCommon.java:807)
05-30 16:53:09.640 W/System.err( 2593): at com.dangbei.statistics.UtilCommon$1.accept(UtilCommon.java:803)
05-30 16:53:09.640 W/System.err( 2593): at io.reactivex.internal.operators.observable.ObservableDoOnEach$DoOnEachObserver.onNext(ObservableDoOnEach.java:93)
05-30 16:53:09.640 W/System.err( 2593): at io.reactivex.internal.operators.observable.ObservableObserveOn$ObserveOnObserver.drainNormal(ObservableObserveOn.java:201)
05-30 16:53:09.640 W/System.err( 2593): at io.reactivex.internal.operators.observable.ObservableObserveOn$ObserveOnObserver.run(ObservableObserveOn.java:255)
05-30 16:53:09.640 W/System.err( 2593): at io.reactivex.internal.schedulers.ScheduledRunnable.run(ScheduledRunnable.java:66)
05-30 16:53:09.640 W/System.err( 2593): at io.reactivex.internal.schedulers.ScheduledRunnable.call(ScheduledRunnable.java:57)
05-30 16:53:09.640 W/System.err( 2593): at java.util.concurrent.FutureTask.run(FutureTask.java:264)
05-30 16:53:09.640 W/System.err( 2593): at java.util.concurrent.ScheduledThreadPoolExecutor$ScheduledFutureTask.run(ScheduledThreadPoolExecutor.java:307)
05-30 16:53:09.640 W/System.err( 2593): at java.util.concurrent.ThreadPoolExecutor.runWorker(ThreadPoolExecutor.java:1145)
05-30 16:53:09.640 W/System.err( 2593): at java.util.concurrent.ThreadPoolExecutor$Worker.run(ThreadPoolExecutor.java:644)
05-30 16:53:09.640 W/System.err( 2593): at java.lang.Thread.run(Thread.java:1012)
05-30 16:53:09.640 W/System.err( 2593): Caused by: android.system.GaiException: android_getaddrinfo failed: EAI_NODATA (No address associated with hostname)
05-30 16:53:09.640 W/System.err( 2593): at libcore.io.Linux.android_getaddrinfo(Native Method)
05-30 16:53:09.640 W/System.err( 2593): at libcore.io.ForwardingOs.android_getaddrinfo(ForwardingOs.java:133)
05-30 16:53:09.640 W/System.err( 2593): at libcore.io.BlockGuardOs.android_getaddrinfo(BlockGuardOs.java:222)
05-30 16:53:09.640 W/System.err( 2593): at libcore.io.ForwardingOs.android_getaddrinfo(ForwardingOs.java:133)
05-30 16:53:09.640 W/System.err( 2593): at java.net.Inet6AddressImpl.lookupHostByName(Inet6AddressImpl.java:135)
05-30 16:53:09.640 W/System.err( 2593): ... 27 more
05-30 16:53:09.659 I/ActivityManager( 718): Background started FGS: Allowed [callingPackage: com.dangbei.screencast; callingUid: 10044; uidState: CEM ; uidBFSL: n/a; intent: Intent { act=com.dangbei.screencast.STARTUP pkg=com.dangbei.screencast }; code:SYSTEM_ALERT_WINDOW_PERMISSION; tempAllowListReason:; targetSdkVersion:28; callerTargetSdkVersion:28; startForegroundCount:0; bindFromPackage:null: isBindService:false]
05-30 16:53:09.683 D/CompatibilityChangeReporter( 718): Compat change id reported: 170668199; UID 10044; state: DISABLED
05-30 16:53:09.683 W/ActivityManager( 718): Foreground service started from background can not have location/camera/microphone access: service com.dangbei.screencast/.startup.StartupService
05-30 16:53:09.685 D/CompatibilityChangeReporter( 718): Compat change id reported: 255038118; UID 10044; state: DISABLED
05-30 16:53:09.686 D/CompatibilityChangeReporter( 718): Compat change id reported: 255042465; UID 10044; state: DISABLED
05-30 16:53:09.688 W/ForegroundServiceTypeLoggerModule( 718): Foreground service start for UID: 10044 does not have any types
05-30 16:53:09.690 I/ActivityManager( 718): Deferring FGS notification in legacy app com.dangbei.screencast/u0a44 : Notification(channel=channel_record shortcut=null contentView=null vibrate=null sound=null defaults=0x0 flags=0x60 color=0x00000000 category=transport vis=PUBLIC)
05-30 16:53:09.690 E/caisq ( 2598): replace paconfig 0 106251889
05-30 16:53:09.692 I/Matrix.AnrTracer( 2598): anrTrace, final mAnrBeatTime:400, mAnrBeatRate:400
05-30 16:53:09.700 D/LaunchConfigManager( 2598): random check in
05-30 16:53:09.713 W/efs.send_log( 2598): tryFileLock start!
05-30 16:53:09.722 W/bei.lerad.rocky( 2593): Method com.iflytek.aiui.AIUIAgent com.iflytek.aiui.AIUIAgent.createAgent(android.content.Context, java.lang.String, com.iflytek.aiui.AIUIListener) failed lock verification and will run slower.
05-30 16:53:09.722 W/bei.lerad.rocky( 2593): Common causes for lock verification issues are non-optimized dex code
05-30 16:53:09.722 W/bei.lerad.rocky( 2593): and incorrect proguard optimizations.
05-30 16:53:09.724 I/UMCrash ( 2598): begin register common callback. key is umid.
05-30 16:53:09.726 I/AiuiEngine( 2593): create aiui agent
05-30 16:53:09.726 D/RockyVoice_AiUiDelegate( 2593): 初始化成功
05-30 16:53:09.730 W/bei.lerad.rocky( 2593): Method com.iflytek.aiui.pro.o0 com.iflytek.aiui.utils.c.c(android.content.Context) failed lock verification and will run slower.
05-30 16:53:09.733 W/efs.send_log( 2598): tryFileLock sendlock sucess! processname: com.dangbei.screencast
05-30 16:53:09.738 I/LaunchTrace( 2598): begin sendLaunchCache
05-30 16:53:09.739 D/RockyNetMessageUtil( 2593): initTipsList tipEntity = null isRequestTipSuccess = false
05-30 16:53:09.742 W/bei.lerad.rocky( 2593): Method java.lang.String com.iflytek.aiui.utils.l.o(android.content.Context) failed lock verification and will run slower.
05-30 16:53:09.743 E/raop ( 2598): *********************AirplayBroadcastServer+++++++++
05-30 16:53:09.746 I/efs.config( 2598): --->>> 删除旧的配置文件 false
05-30 16:53:09.755 E/caisq ( 2598): replace Y29uZmlnXzVmYzYwYzIxMDk0ZDYzN2YzMTMwYWYxOQ 0 73707742
05-30 16:53:09.757 D/RockyNetMessageUtil( 2593): initMediaControlPage pageEntity = null isRequestPageControlSuccess = false
05-30 16:53:09.760 D/XHttpObservable( 2593): handleRequest: start https://tyapi.qun7.com/v1/voice/getsoundshowmsg ,,, isCache = false
05-30 16:53:09.762 D/CompatibilityChangeReporter( 2598): Compat change id reported: 270306772; UID 10044; state: DISABLED
05-30 16:53:09.763 I/efs.config( 2598): --->>> 一致
05-30 16:53:09.764 I/efs.base( 2598): lt=event`ev_ct=efs_core`ev_ac=pvuv`tm=2025-05-30 16:53:73`dn=6aee369d-97d5-42b8-aaef-4ff281a087ea`ps=com.dangbei.screencast`um_os=android`stime=1748595189407`pid=2598`fr=android`pkg=com.dangbei.screencast`vcode=20830`dsp_w=1920`uid=6aee369d-97d5-42b8-aaef-4ff281a087ea`rom=14`wid=6aee369d-97d5-42b8-aaef-4ff281a087ea`um_app_carrier=`um_access=unknow`um_app_channel=os`um_crash_sdk_version=1.4.0`ctime=1748595189`model=dbbox-a3`lang=zh`net=disconnected`brand=amlogic`dsp_h=1080`um_network_type=0`ver=v2.8.3`build_model=DBBOX-A3`w_tm=1748595189`appid=5fc60c21094d637f3130af19`um_umid_header=null`sdk=34`tzone=Asia/Shanghai`sdk_ver=1.3.6.umeng
05-30 16:53:09.766 D/CompatibilityChangeReporter( 2598): Compat change id reported: 235355681; UID 10044; state: DISABLED
05-30 16:53:09.767 D/XHttpObservable( 2593): handleRequest: start https://tyapi.qun7.com/v1/voice/getResponseControlPage ,,, isCache = false
05-30 16:53:09.789 I/AIUI ( 2593): start save id
05-30 16:53:09.794 W/SoundPool( 2593): Use of stream types is deprecated for operations other than volume control
05-30 16:53:09.794 W/SoundPool( 2593): See the documentation of SoundPool() for what to use instead with android.media.AudioAttributes to qualify your playback use case
05-30 16:53:09.814 D/RockyReceiver( 2593): action: android.net.wifi.WIFI_STATE_CHANGED
05-30 16:53:09.829 W/TelephonyPermissions( 718): reportAccessDeniedToReadIdentifiers:com.dangbei.screencast:getSerial:-1
05-30 16:53:09.832 I/ConnectAuthJNI( 2598): JNI_OnLoad begin load
05-30 16:53:09.832 I/ConnectAuthJNI( 2598): RegisterNativeMethod begin
05-30 16:53:09.832 I/ConnectAuthJNI( 2598): RegisterNativeMethod end
05-30 16:53:09.832 I/ConnectAuthJNI( 2598): RegisterNativeMethod 1004 methodLen=10
05-30 16:53:09.832 I/ConnectAuthJNI( 2598): RegisterNativeMethod 1007 RegisterNatives=0
05-30 16:53:09.832 I/ConnectAuthJNI( 2598): InitArraylist 1013
05-30 16:53:09.835 I/ConnectAuthJNI( 2598): InitConnectAuthStaticJNIMethod 1114 methodRet=0
05-30 16:53:09.836 E/ConnectAuthJNI( 2598): JNI_OnLoad finish....1138
05-30 16:53:09.841 I/ActivityManager( 718): Background started FGS: Allowed [callingPackage: com.dangbei.screencast; callingUid: 10044; uidState: FGS ; uidBFSL: [BFSL]; intent: Intent { cmp=com.dangbei.screencast/.huaweicast.service.HuaweiCastService }; code:PROC_STATE_FGS; tempAllowListReason:; targetSdkVersion:28; callerTargetSdkVersion:28; startForegroundCount:0; bindFromPackage:null: isBindService:false]
05-30 16:53:09.845 I/AIUI ( 2593): save id end
05-30 16:53:09.845 E/H264FrameQueue( 2598): H264FrameQueue: mFullQueueCount:200
05-30 16:53:09.862 D/BufferPoolAccessor2.0( 637): bufferpool2 0xee1c3088 : 0(0 size) total buffers - 0(0 size) used buffers - 55/63 (recycle/alloc) - 8/118 (fetch/transfer)
05-30 16:53:09.862 D/BufferPoolAccessor2.0( 637): evictor expired: 1, evicted: 1
05-30 16:53:09.863 W/System.err( 2598): java.lang.NullPointerException: Attempt to invoke virtual method 'byte[] java.net.NetworkInterface.getHardwareAddress()' on a null object reference
05-30 16:53:09.863 W/System.err( 2598): at b.f.f.y.g.b(Unknown Source:11)
05-30 16:53:09.863 W/System.err( 2598): at b.d.a.a.p.c0(Unknown Source:2)
05-30 16:53:09.863 W/System.err( 2598): at com.dangbei.screencast.startup.StartupService.onCreate(:5)
05-30 16:53:09.864 W/System.err( 2598): at android.app.ActivityThread.handleCreateService(ActivityThread.java:4696)
05-30 16:53:09.864 W/System.err( 2598): at android.app.ActivityThread.-$$Nest$mhandleCreateService(Unknown Source:0)
05-30 16:53:09.864 W/System.err( 2598): at android.app.ActivityThread$H.handleMessage(ActivityThread.java:2293)
05-30 16:53:09.864 W/System.err( 2598): at android.os.Handler.dispatchMessage(Handler.java:106)
05-30 16:53:09.864 W/System.err( 2598): at android.os.Looper.loopOnce(Looper.java:205)
05-30 16:53:09.864 W/System.err( 2598): at android.os.Looper.loop(Looper.java:294)
05-30 16:53:09.864 W/System.err( 2598): at android.app.ActivityThread.main(ActivityThread.java:8255)
05-30 16:53:09.864 W/System.err( 2598): at java.lang.reflect.Method.invoke(Native Method)
05-30 16:53:09.864 W/System.err( 2598): at com.android.internal.os.RuntimeInit$MethodAndArgsCaller.run(RuntimeInit.java:552)
05-30 16:53:09.864 W/System.err( 2598): at com.android.internal.os.ZygoteInit.main(ZygoteInit.java:978)
05-30 16:53:09.893 E/HuaweiCastService( 2598): onCreate called().
05-30 16:53:09.895 E/PlayerClient( 2598): registerCallback com.dangbei.screencast.huaweicast.service.HuaweiCastService$a@87e47fa
05-30 16:53:09.895 D/PlayerClient( 2598): registerCallback true
05-30 16:53:09.895 D/PlayerClient( 2598): init.
05-30 16:53:09.896 W/KIT_FWK_a( 2598): KitFwk is not installed, pls do not use related interfaces.
05-30 16:53:09.897 W/KIT_FWK_a( 2598): KitFwk is not installed, pls do not use related interfaces.
05-30 16:53:09.897 E/PlayerClient( 2598): bind player service by aar.
05-30 16:53:09.901 D/CompatibilityChangeReporter( 718): Compat change id reported: 261072174; UID 10044; state: DISABLED
05-30 16:53:09.904 D/PlayerClient( 2598): bind player sink service true
05-30 16:53:09.903 I/WifiService( 718): acquireMulticastLock uid=10044
05-30 16:53:09.905 V/NFC ( 2598): this device does not have NFC support
05-30 16:53:09.907 W/ActivityManager( 718): Foreground service started from background can not have location/camera/microphone access: service com.dangbei.screencast/.huaweicast.service.HuaweiCastService
05-30 16:53:09.907 E/StartupService( 2598): onFailure: java.net.UnknownHostException: Unable to resolve host "tyapi.qun7.com": No address associated with hostname
05-30 16:53:09.908 W/ForegroundServiceTypeLoggerModule( 718): Foreground service start for UID: 10044 does not have any types
05-30 16:53:09.909 E/HuaweiCastService( 2598): startForeground!
05-30 16:53:09.909 I/WifiService( 718): acquireMulticastLock uid=10044
05-30 16:53:09.911 E/HuaweiCastService( 2598): onStartCommand in 0
05-30 16:53:09.924 D/HiSight-SinkService( 2598): onCreate.
05-30 16:53:09.926 D/HiSight-ConnectionManager( 2598): start ConnectionManager
05-30 16:53:09.928 D/HiSight-SinkService( 2598): onBind.
05-30 16:53:09.935 D/PlayerClient( 2598): service connected.
05-30 16:53:09.936 D/HiSight-SinkService( 2598): ITaskBinder registerCallback: true
05-30 16:53:09.936 D/HiSight-HiSightManager( 2598): ITaskBinder registerCallback.
05-30 16:53:09.937 D/HiSight-CallbackManager( 2598): addNewCallback. com.dangbei.screencast.huaweicast.service.HuaweiCastService$a@87e47fa
05-30 16:53:09.937 E/HuaweiCastService( 2598): eventId: 4001
05-30 16:53:09.942 E/HuaweiCastService( 2598): mPlayerClient is null.
05-30 16:53:09.942 D/HiSight-HiSightManager( 2598): check capability vbr range not setting, using default value
05-30 16:53:09.943 E/HuaweiCastService( 2598): mPlayerClient is null.
05-30 16:53:09.945 D/HiSight-SinkService( 2598): setAuthMode
05-30 16:53:09.946 W/HiSight-ConnectionManager( 2598): mSinkId is empty
05-30 16:53:10.071 I/TDLog ( 2598): TalkingData SDK init...
05-30 16:53:10.071 I/TDLog ( 2598): SDK_VERSION is: Android+TD+V5.0.7 gp Type:Native Build_Num:2141
05-30 16:53:10.071 I/TDLog ( 2598): App ID is: B9D7815EC975466AB1332111FCE62DF5
05-30 16:53:10.071 I/TDLog ( 2598): App Channel is: os
05-30 16:53:10.071 I/TDLog ( 2598): App Custom is:
05-30 16:53:10.071 I/TDLog ( 2598): SDK_OVC is: TDOVC+a3bb7754719798526508b6caad480dd7+SaaS
05-30 16:53:10.126 D/BufferPoolAccessor2.0( 642): bufferpool2 0xeabc2c08 : 0(0 size) total buffers - 0(0 size) used buffers - 55/60 (recycle/alloc) - 5/60 (fetch/transfer)
05-30 16:53:10.126 D/BufferPoolAccessor2.0( 642): evictor expired: 1, evicted: 1
05-30 16:53:10.257 E/NU-GenericSource( 637): hasBufferAvailable return -1011
05-30 16:53:10.257 W/NU-AmNuPlayerDecoder( 637): Unable to obtain audio data
05-30 16:53:10.257 I/NU-AmNuPlayerDecoder( 637): [#1] queue EOS buffer to MediaCodec. Audio
05-30 16:53:10.257 E/NU-GenericSource( 637): hasBufferAvailable return -1011
05-30 16:53:10.258 W/NU-AmNuPlayerDecoder( 637): Unable to obtain audio data
05-30 16:53:10.258 I/NU-AmNuPlayerDecoder( 637): [#1] queue EOS buffer to MediaCodec. Audio
05-30 16:53:10.258 D/CCodecBufferChannel( 637): [c2.android.mp3.decoder#312] buffers after EOS ignored (0 us)
05-30 16:53:10.258 E/NU-GenericSource( 637): hasBufferAvailable return -1011
05-30 16:53:10.258 W/NU-AmNuPlayerDecoder( 637): Unable to obtain audio data
05-30 16:53:10.258 I/NU-AmNuPlayerDecoder( 637): [#1] queue EOS buffer to MediaCodec. Audio
05-30 16:53:10.258 D/CCodecBufferChannel( 637): [c2.android.mp3.decoder#312] buffers after EOS ignored (0 us)
05-30 16:53:10.281 W/MediaProvider( 1893): isAppCloneUserPair for user 0: false
05-30 16:53:10.287 I/NU-AmNuPlayerDecoder( 637): [#1] [audio] saw output EOS
05-30 16:53:10.287 I/NU-AmNuPlayerRenderer( 637): [#1] audio have queued eos, no need to check buffer discontinue
05-30 16:53:10.287 I/NU-AmNuPlayerRenderer( 637): [#1] onQueueEOS audio
05-30 16:53:10.415 D/AudioTrack( 637): stop(47): called with 89280 frames delivered
05-30 16:53:10.415 I/NU-AmNuPlayerRenderer( 637): [#1] setDiscontinuityFromM3u8 audio 0
05-30 16:53:10.415 D/NU-AmNuPlayerRenderer( 637): [#1] audio sink stop from [onDrainAudioQueue,2525]
05-30 16:53:10.446 I/audio_hw_hal_stream( 504): aml_stream_out_info_print: out:0xe8341cd0, stream_type:pcm, sync_mode:non tunnel, input_size:983040 bytes
05-30 16:53:10.446 I/audio_hw_hal_stream( 504): aml_stream_out_info_print: last_time:56510 ms (sec:56, nsec:510961359), last_position:4935 ms (236880), cur_time:56553 ms (sec:56, nsec:553424442), cur_position:4977 ms (238928)
05-30 16:53:10.446 I/audio_hw_hal_stream( 504): aml_stream_out_info_print: time_gap:43 ms (thr:100 ms), position_gap:42 ms, delay:142 ms, jitter: Position gap is behind system time gap by 1 ms (thr:100 ms)
05-30 16:53:10.684 D/ProfileInstaller( 2251): Installing profile for com.dangbei.leard.leradlauncher
05-30 16:53:10.806 D/hq ( 2251): NetWorkStateReceiver:::检查网络,并且持续更新 isConnect=false
05-30 16:53:10.958 I/audio_hw_hal_primary( 504): [audiohal_get_latency:1333] io 69: out:0xe8341cd0 frames:1024 rate:48000 whole_latency:21 alsa_latency:21
05-30 16:53:10.980 I/audio_hw_hal_primary( 504): [audiohal_get_latency:1333] io 69: out:0xe8341cd0 frames:1280 rate:48000 whole_latency:26 alsa_latency:26
05-30 16:53:11.001 I/audio_hw_hal_primary( 504): [audiohal_get_latency:1333] io 69: out:0xe8341cd0 frames:1024 rate:48000 whole_latency:21 alsa_latency:21
05-30 16:53:11.022 I/audio_hw_hal_primary( 504): [audiohal_get_latency:1333] io 69: out:0xe8341cd0 frames:1280 rate:48000 whole_latency:26 alsa_latency:26
05-30 16:53:11.044 I/audio_hw_hal_primary( 504): [audiohal_get_latency:1333] io 69: out:0xe8341cd0 frames:1280 rate:48000 whole_latency:26 alsa_latency:26
05-30 16:53:11.065 I/audio_hw_hal_primary( 504): [audiohal_get_latency:1333] io 69: out:0xe8341cd0 frames:1024 rate:48000 whole_latency:21 alsa_latency:21
05-30 16:53:11.086 I/audio_hw_hal_primary( 504): [audiohal_get_latency:1333] io 69: out:0xe8341cd0 frames:1024 rate:48000 whole_latency:21 alsa_latency:21
05-30 16:53:11.087 D/NU-AmNuPlayerDriver( 637): [#1] notifyListener_l(0xf3542930), (2, 0, 0, -1), loop setting(0, 0)
05-30 16:53:11.087 I/NU-AmNuPlayerRenderer( 637): [#1] render_onPause
05-30 16:53:11.087 D/NU-AmNuPlayerRenderer( 637): [#1] audio sink pause from [onPause,5121]
05-30 16:53:11.087 I/NU-AmNuPlayerRenderer( 637): [#1] now paused audio queue has 0 entries, video has 0 entries
05-30 16:53:11.087 D/NU-AmNuPlayerDriver( 637): [#1] notifyListener_l(0xf3542930), (211, 0, 0, 20), loop setting(0, 0)
05-30 16:53:11.108 I/audio_hw_hal_primary( 504): [audiohal_get_latency:1333] io 69: out:0xe8341cd0 frames:1280 rate:48000 whole_latency:26 alsa_latency:26
05-30 16:53:11.110 D/audioserver( 555): logFgsApiEnd: FGS Logger Transaction failed, -129
05-30 16:53:11.118 W/AudioFlinger( 555): moveEffectChain_l() effect chain for session 0 not on source thread 0xef6fade0
05-30 16:53:11.146 I/bt_stack( 1322): [INFO:le_scanning_manager.cc(168)] Scan in shim layer stopped
05-30 16:53:11.147 I/bluetooth( 1322): packages/modules/Bluetooth/system/gd/hci/le_address_manager.cc:193 unregister_client: Client unregistered
05-30 16:53:11.147 I/bt_stack( 1322): [INFO:le_scanning_manager.cc(346)] SetScanParameters in shim layer
05-30 16:53:11.147 I/bt_stack( 1322): [INFO:le_scanning_manager.cc(168)] Scan in shim layer started
05-30 16:53:11.147 I/bluetooth( 1322): packages/modules/Bluetooth/system/gd/hci/le_scanning_manager.cc:588 stop_scan: Scanning already stopped, return!
05-30 16:53:11.147 I/bluetooth( 1322): packages/modules/Bluetooth/system/gd/hci/le_address_manager.cc:178 register_client: Client registered
05-30 16:53:11.416 I/bt_btif_dm( 1322): packages/modules/Bluetooth/system/btif/src/btif_dm.cc:691 btif_update_remote_properties: cod from storage is also unclassified
05-30 16:53:11.416 I/bt_btif_dm( 1322): packages/modules/Bluetooth/system/btif/src/btif_dm.cc:695 btif_update_remote_properties: class of device (cod) is 0x00050c
05-30 16:53:11.431 E/dangbei111( 1892): cccccc scan 得到的设备和状态 Dangbei E4:BB:D3:57:C0:53 10
05-30 16:53:11.434 E/dangbei111( 1892): cccccc 扫描到了设备 Dangbei E4:BB:D3:57:C0:53
05-30 16:53:11.436 I/bt_btif_dm( 1322): packages/modules/Bluetooth/system/btif/src/btif_dm.cc:695 btif_update_remote_properties: class of device (cod) is 0x00050c
05-30 16:53:11.438 E/dangbei111( 1892): cccccc cancelDiscovery begin
05-30 16:53:11.439 E/dangbei111( 1892): cccccc 停止扫描,开始配对或者连接
05-30 16:53:11.439 D/BluetoothAdapter( 1892): isLeEnabled(): ON
05-30 16:53:11.444 D/ActivityAttributionService( 1322): notifyActivityAttributionInfo UID=1002 packageName=com.android.bluetooth deviceAddress=no_active_device_address
05-30 16:53:11.444 I/bt_btif ( 1322): packages/modules/Bluetooth/system/btif/src/bluetooth.cc:829 get_profile_interface: get_profile_interface: id = activity_attribution
05-30 16:53:11.445 I/bt_stack( 1322): [INFO:le_scanning_manager.cc(162)] Unregister in shim layer, scanner_id:2
05-30 16:53:11.446 E/dangbei111( 1892): bondOrConnect state=10
05-30 16:53:11.448 E/dangbei111( 1892): cccccc 开始配对 Dangbei E4:BB:D3:57:C0:53
05-30 16:53:11.455 I/bt_btif_dm( 1322): packages/modules/Bluetooth/system/btif/src/btif_dm.cc:2470 btif_dm_cancel_discovery: Cancel search
05-30 16:53:11.455 I/bluetooth( 1322): packages/modules/Bluetooth/system/bta/dm/bta_dm_main.cc:96 bta_dm_search_sm_execute: state:BTA_DM_SEARCH_IDLE, event:BTA_DM_API_SEARCH_CANCEL_EVT[0x201]
05-30 16:53:11.457 I/BluetoothBondStateMachine( 1322): Bond address is:XX:XX:XX:XX:C0:53
05-30 16:53:11.457 E/dangbei111( 1892): cccccc 配对结果 true Dangbei E4:BB:D3:57:C0:53
05-30 16:53:11.459 I/bt_btif_dm( 1322): packages/modules/Bluetooth/system/btif/src/btif_dm.cc:695 btif_update_remote_properties: class of device (cod) is 0x00050c
05-30 16:53:11.459 I/bt_btif_dm( 1322): packages/modules/Bluetooth/system/btif/src/btif_dm.cc:489 get_cod: get_cod remote_cod = 0x0000050c
05-30 16:53:11.459 I/bt_btif_dm( 1322): packages/modules/Bluetooth/system/btif/src/btif_dm.cc:489 get_cod: get_cod remote_cod = 0x0000050c
05-30 16:53:11.459 I/bt_btif_dm( 1322): packages/modules/Bluetooth/system/btif/src/btif_dm.cc:489 get_cod: get_cod remote_cod = 0x0000050c
05-30 16:53:11.459 I/bt_btif_dm( 1322): packages/modules/Bluetooth/system/btif/src/btif_dm.cc:571 bond_state_changed: Bond state changed to state=1 [0:none, 1:bonding, 2:bonded], prev_state=0, sdp_attempts = 0
05-30 16:53:11.460 I/bluetooth( 1322): packages/modules/Bluetooth/system/gd/metrics/metrics_state.cc:177 AddStateChangedEvent: LEConnectionMetricsRemoteDevice: Transaction State 0x00000001, Connection Type 0x00000001, Origin Type 0x00000001
05-30 16:53:11.460 I/bluetooth( 1322): packages/modules/Bluetooth/system/gd/metrics/metrics_state.cc:58 AddStateChangedEvent: LEConnectionMetricState: Origin Type: 0x00000001, Connection Type: 0x00000001, Transaction State: 0x00000001
05-30 16:53:11.460 I/bluetooth( 1322): packages/modules/Bluetooth/system/gd/metrics/metrics_state.cc:83 AddStateChangedEvent: LEConnectionMetricsRemoteDevice: Populating the connection type
05-30 16:53:11.460 I/bluetooth( 1322): packages/modules/Bluetooth/system/gd/metrics/metrics_state.cc:177 AddStateChangedEvent: LEConnectionMetricsRemoteDevice: Transaction State 0x00000001, Connection Type 0x00000001, Origin Type 0x00000001
05-30 16:53:11.460 I/bluetooth( 1322): packages/modules/Bluetooth/system/gd/metrics/metrics_state.cc:58 AddStateChangedEvent: LEConnectionMetricState: Origin Type: 0x00000001, Connection Type: 0x00000001, Transaction State: 0x00000001
05-30 16:53:11.460 I/bluetooth( 1322): packages/modules/Bluetooth/system/gd/hci/le_address_manager.cc:178 register_client: Client registered
05-30 16:53:11.460 I/bluetooth( 1322): packages/modules/Bluetooth/system/gd/hci/le_address_manager.cc:265 ack_pause: Client already in paused state
05-30 16:53:11.460 I/bluetooth( 1322): packages/modules/Bluetooth/system/gd/hci/le_address_manager.cc:265 ack_pause: Client already in paused state
05-30 16:53:11.460 I/bluetooth( 1322): packages/modules/Bluetooth/system/gd/hci/le_address_manager.cc:265 ack_pause: Client already in paused state
05-30 16:53:11.461 I/BluetoothBondStateMachine( 1322): bondStateChangeCallback: Status: 0 Address: XX:XX:XX:XX:C0:53 newState: 1 hciReason: 0
05-30 16:53:11.464 E/dangbei111( 1892): cccccc scan 得到的设备和状态 Dangbei E4:BB:D3:57:C0:53 10
05-30 16:53:11.466 I/BluetoothBondStateMachine( 1322): Entering PendingCommandState State
05-30 16:53:11.467 E/dangbei111( 1892): cccccc 扫描到了设备 Dangbei E4:BB:D3:57:C0:53
05-30 16:53:11.467 I/bluetooth( 1322): packages/modules/Bluetooth/system/gd/hci/le_address_manager.cc:596 OnCommandComplete: Received command complete with op_code LE_ADD_DEVICE_TO_FILTER_ACCEPT_LIST
05-30 16:53:11.467 I/bluetooth( 1322): packages/modules/Bluetooth/system/gd/hci/le_address_manager.cc:294 resume_registered_clients: Resuming registered clients
05-30 16:53:11.472 E/dangbei111( 1892): cccccc cancelDiscovery begin
05-30 16:53:11.473 D/BluetoothCompanionManager( 1322): register metadata listener: XX:XX:XX:XX:C0:53
05-30 16:53:11.473 D/BluetoothAdapter( 1322): addOnMetadataChangedListener()
05-30 16:53:11.476 I/bluetooth( 1322): packages/modules/Bluetooth/system/gd/hci/acl_manager/le_impl.h:878 update_connectability_state_after_armed: Le connection state machine armed state:ConnectabilityState::ARMED status:SUCCESS
05-30 16:53:11.476 E/dangbei111( 1892): bondOrConnect state=11
05-30 16:53:11.482 I/BluetoothBondStateMachine( 1322): Bond State Change Intent:XX:XX:XX:XX:C0:53 BOND_NONE => BOND_BONDING
05-30 16:53:11.484 D/OomAdjuster( 718): Not killing cached processes
05-30 16:53:11.488 I/BLE_Service( 1336): BOND STATE CHANGED [Dangbei] - was 10, now is 11
05-30 16:53:11.489 D/BluetoothAdapter( 1477): isLeEnabled(): ON
05-30 16:53:11.492 D/CompatibilityChangeReporter( 1131): Compat change id reported: 265103382; UID 10052; state: ENABLED
05-30 16:53:11.494 W/BluetoothEventManager( 1131): Got bonding state changed for XX:XX:XX:XX:C0:53, but we have no record of that device.
05-30 16:53:11.495 D/ActivityAttributionService( 1322): notifyActivityAttributionInfo UID=1002 packageName=com.android.bluetooth deviceAddress=no_active_device_address
05-30 16:53:11.495 I/bt_btif ( 1322): packages/modules/Bluetooth/system/btif/src/bluetooth.cc:829 get_profile_interface: get_profile_interface: id = activity_attribution
05-30 16:53:11.495 I/bt_stack( 1322): [INFO:le_scanning_manager.cc(168)] Scan in shim layer stopped
05-30 16:53:11.495 D/FastPairService( 718): onReceive: ACTION_BOND_STATE_CHANGED
05-30 16:53:11.495 I/bluetooth( 1322): packages/modules/Bluetooth/system/gd/hci/le_address_manager.cc:193 unregister_client: Client unregistered
05-30 16:53:11.498 D/CompatibilityChangeReporter( 1336): Compat change id reported: 265103382; UID 1000; state: ENABLED
05-30 16:53:11.499 W/BluetoothEventManager( 1336): Got bonding state changed for XX:XX:XX:XX:C0:53, but we have no record of that device.
05-30 16:53:11.499 I/bt_stack( 1322): [INFO:le_scanning_manager.cc(162)] Unregister in shim layer, scanner_id:1
05-30 16:53:11.500 I/dangbei111( 1892): cccccc on receiver=android.bluetooth.device.action.BOND_STATE_CHANGED,mac=E4:BB:D3:57:C0:53
05-30 16:53:11.500 I/dangbei111( 1892): Wait for auto connection, processBondStateChange: bondState: 10 --> 11
05-30 16:53:11.501 D/BluetoothDatabase( 1322): updateDatabase XX:XX:XX:XX:C0:53
05-30 16:53:11.502 D/A2dpService( 1322): Bond state changed for device: XX:XX:XX:XX:C0:53 state: 11
05-30 16:53:11.503 D/HearingAidService( 1322): Bond state changed for device: XX:XX:XX:XX:C0:53 state: 11
05-30 16:53:11.503 D/BluetoothAdapter( 1336): getActiveDevices(profile= A2DP)
05-30 16:53:11.505 I/BluetoothAdapterService( 1322): getActiveDevices: A2dp device: null
05-30 16:53:11.506 D/BluetoothAdapter( 1336): getActiveDevices(profile= HEADSET)
05-30 16:53:11.496 I/rgb_led_ctl( 2728): type=1400 audit(0.0:1213): avc: denied { write } for name="spidev1.0" dev="tmpfs" ino=534 scontext=u:r:init:s0 tcontext=u:object_r:device:s0 tclass=chr_file permissive=1
05-30 16:53:11.508 I/BluetoothAdapterService( 1322): getActiveDevices: Headset device: null
05-30 16:53:11.509 D/BluetoothAdapter( 1336): getActiveDevices(profile= HEARING_AID)
05-30 16:53:11.496 I/rgb_led_ctl( 2728): type=1400 audit(0.0:1214): avc: denied { open } for path="/dev/spidev1.0" dev="tmpfs" ino=534 scontext=u:r:init:s0 tcontext=u:object_r:device:s0 tclass=chr_file permissive=1
05-30 16:53:11.511 I/BluetoothAdapterService( 1322): getActiveDevices: Hearing Aid devices: Left[null] - Right[null]
05-30 16:53:11.513 D/BluetoothAdapter( 1131): getActiveDevices(profile= A2DP)
05-30 16:53:11.496 I/rgb_led_ctl( 2728): type=1400 audit(0.0:1215): avc: denied { ioctl } for path="/dev/spidev1.0" dev="tmpfs" ino=534 ioctlcmd=0x6b01 scontext=u:r:init:s0 tcontext=u:object_r:device:s0 tclass=chr_file permissive=1
05-30 16:53:11.519 I/BluetoothAdapterService( 1322): getActiveDevices: A2dp device: null
05-30 16:53:11.520 D/BluetoothAdapter( 1131): getActiveDevices(profile= HEADSET)
05-30 16:53:11.521 I/BluetoothAdapterService( 1322): getActiveDevices: Headset device: null
05-30 16:53:11.522 D/BluetoothAdapter( 1131): getActiveDevices(profile= HEARING_AID)
05-30 16:53:11.523 I/BluetoothAdapterService( 1322): getActiveDevices: Hearing Aid devices: Left[null] - Right[null]
05-30 16:53:11.583 D/AvrcpBrowsablePlayerConnector( 1322): Received a message: msg.what=2
05-30 16:53:11.583 V/AvrcpBrowsablePlayerConnector( 1322): Timed out waiting for players
05-30 16:53:11.583 I/AvrcpBrowsablePlayerConnector( 1322): Successfully connected to 0 browsable players.
05-30 16:53:11.583 I/MediaPlayerList( 1322): init: Browsable Player list size is 0
05-30 16:53:11.807 W/OverlayManager( 718): service 'idmap' died
05-30 16:53:12.073 I/keystore2( 282): system/security/keystore2/src/watchdog.rs:319 - Watchdog thread idle -> terminating. Have a great day.
05-30 16:53:12.083 D/ActivityManager( 718): freezing 1917 com.android.music
05-30 16:53:12.445 D/RockyManager( 2593): switchWakeIsAllow isQuitBootGuide: true isBtMode: false
05-30 16:53:12.445 I/AppsFilter( 718): interaction: PackageSetting{1b4a5aa com.dangbei.hqguide/10029} -> PackageSetting{cd099d9 com.android.rkpdapp/10071} BLOCKED
05-30 16:53:12.445 D/RockyManager( 2593): switchWakeIsAllow isAllowFarWake: true
05-30 16:53:12.451 D/CompatibilityChangeReporter( 718): Compat change id reported: 218533173; UID 10027; state: DISABLED
05-30 16:53:12.452 D/CompatibilityChangeReporter( 718): Compat change id reported: 262645982; UID 10027; state: DISABLED
05-30 16:53:12.460 W/Searchables( 718): No global search activity found
05-30 16:53:12.465 I/RoleService( 718): Granting default roles...
05-30 16:53:12.467 V/MediaPlayerList( 1322): mPackageChangedBroadcastReceiver: action: android.intent.action.PACKAGE_CHANGED
05-30 16:53:12.474 D/CompatibilityChangeReporter( 718): Compat change id reported: 261072174; UID 1000; state: ENABLED
05-30 16:53:12.480 W/Role ( 1141): Cannot get ApplicationInfo for default holder: com.android.messaging
05-30 16:53:12.482 I/InputReader( 718): Reconfiguring input devices, changes=KEYBOARD_LAYOUTS
05-30 16:53:12.490 W/Role ( 1141): Cannot get ApplicationInfo for default holder: com.android.tv.frameworkpackagestubs
05-30 16:53:12.493 D/CompatibilityChangeReporter( 718): Compat change id reported: 218533173; UID 10071; state: ENABLED
05-30 16:53:12.493 D/CompatibilityChangeReporter( 718): Compat change id reported: 262645982; UID 10071; state: ENABLED
05-30 16:53:12.494 W/VoiceInteractionManager( 718): no available voice recognition services found for user 0
05-30 16:53:12.502 W/Searchables( 718): No global search activity found
05-30 16:53:12.512 I/InputReader( 718): Reconfiguring input devices, changes=KEYBOARD_LAYOUTS
05-30 16:53:12.514 V/MediaPlayerList( 1322): mPackageChangedBroadcastReceiver: action: android.intent.action.PACKAGE_CHANGED
05-30 16:53:12.515 D/CompatibilityChangeReporter( 718): Compat change id reported: 218533173; UID 10068; state: ENABLED
05-30 16:53:12.515 D/CompatibilityChangeReporter( 718): Compat change id reported: 262645982; UID 10068; state: ENABLED
05-30 16:53:12.516 V/MediaPlayerList( 1322): mPackageChangedBroadcastReceiver: action: android.intent.action.PACKAGE_CHANGED
05-30 16:53:12.517 V/MediaPlayerList( 1322): mPackageChangedBroadcastReceiver: action: android.intent.action.PACKAGE_CHANGED
05-30 16:53:12.517 V/MediaPlayerList( 1322): mPackageChangedBroadcastReceiver: action: android.intent.action.PACKAGE_CHANGED
05-30 16:53:12.534 I/InputReader( 718): Reconfiguring input devices, changes=KEYBOARD_LAYOUTS
05-30 16:53:12.544 I/PermissionControllerServiceImpl( 1141): Updating user sensitive for uid 10058
05-30 16:53:12.546 I/PermissionControllerServiceImpl( 1141): Updating user sensitive for uid 1002
05-30 16:53:12.546 I/PermissionControllerServiceImpl( 1141): Updating user sensitive for uid 10074
05-30 16:53:12.547 I/PermissionControllerServiceImpl( 1141): Updating user sensitive for uid 10052
05-30 16:53:12.548 I/PermissionControllerServiceImpl( 1141): Updating user sensitive for uid 10048
05-30 16:53:12.550 W/VoiceInteractionManager( 718): no available voice recognition services found for user 0
05-30 16:53:12.550 I/PermissionControllerServiceImpl( 1141): Updating user sensitive for uid 1000
05-30 16:53:12.551 I/PermissionControllerServiceImpl( 1141): Updating user sensitive for uid 10027
05-30 16:53:12.552 I/PermissionControllerServiceImpl( 1141): Updating user sensitive for uid 10071
05-30 16:53:12.552 W/Searchables( 718): No global search activity found
05-30 16:53:12.553 I/PermissionControllerServiceImpl( 1141): Updating user sensitive for uid 10068
05-30 16:53:12.562 I/PermissionControllerServiceImpl( 1141): Updating user sensitive for uid 10074
05-30 16:53:12.571 I/InputReader( 718): Reconfiguring input devices, changes=KEYBOARD_LAYOUTS
05-30 16:53:12.579 I/PermissionControllerServiceImpl( 1141): Updating user sensitive for uid 10058
05-30 16:53:12.588 I/InputReader( 718): Reconfiguring input devices, changes=KEYBOARD_LAYOUTS
05-30 16:53:12.591 W/VoiceInteractionManager( 718): no available voice recognition services found for user 0
05-30 16:53:12.592 W/Searchables( 718): No global search activity found
05-30 16:53:12.604 W/VoiceInteractionManager( 718): no available voice recognition services found for user 0
05-30 16:53:12.605 W/Searchables( 718): No global search activity found
05-30 16:53:12.609 W/VoiceInteractionManager( 718): no available voice recognition services found for user 0
05-30 16:53:12.634 E/DocumentManagerRoleBehavior( 1141): There should be exactly one documenter; found 0: matches=[]
05-30 16:53:12.638 W/Role ( 1141): Cannot get ApplicationInfo for default holder: com.android.gallery3d
05-30 16:53:12.807 D/hq ( 2251): NetWorkStateReceiver:::检查网络,并且持续更新 isConnect=false
