05-30 16:53:13.231 I/BLE_Service( 1336): mStartDiscoveryRunnable, return for nonGTV or usersetup finished
05-30 16:53:13.886 I/audio_hw_hal_alsamgr( 504): alsa format =0x1 delay frames =1024 total frames=2048000
05-30 16:53:13.919 D/ActivityManager( 718): freezing 2146 com.android.externalstorage
05-30 16:53:13.924 D/audio_hw_hal_primary( 504): [out_standby_new:5767] io 69: out:0xe8341cd0 usecase:PCM_DEEP_BUF
05-30 16:53:13.924 I/audio_hw_hal_primary( 504): [do_output_standby_l:5663] io 69: out:0xe8341cd0, stream usecase:PCM_DEEP_BUF, continuous:1
05-30 16:53:13.924 I/audio_hw_hal_primary( 504): [usecase_change_validate_l:7436] ++ io 69: out:0xe8341cd0 dev masks:0x100 is_standby:1 out usecase:PCM_DEEP_BUF
05-30 16:53:13.924 I/audio_hw_hal_ms12common( 504): aml_set_ms12_scheduler_state ms12_scheduler_state:1, sch_state:1 SCHEDULER_STANDBY is sent to ms12
05-30 16:53:13.924 I/audio_hw_hal_primary( 504): [usecase_change_validate_l:7477] -- dev masks:0 is_standby:1 out usecase PCM_DEEP_BUF
05-30 16:53:13.924 I/audio_hw_hal_primary( 504): do_output_standby_l current usecase_masks 0
05-30 16:53:13.924 D/audio_hw_hal_primary( 504): [out_standby_new:5790] io 69: out:0xe8341cd0 usecase:PCM_DEEP_BUF exit
05-30 16:53:14.737 I/efs.config( 2598): Config refresh fail, network is disconnected.
05-30 16:53:14.737 I/efs.config( 2598): efs config is
05-30 16:53:14.792 I/WifiService( 718): releaseMulticastLock uid=10044
05-30 16:53:14.794 I/WifiService( 718): releaseMulticastLock uid=10044
05-30 16:53:14.788 I/gbei.screencast( 2598): type=1400 audit(0.0:1216): avc: denied { write } for name="property_service" dev="tmpfs" ino=411 scontext=u:r:untrusted_app_27:s0:c44,c256,c512,c768 tcontext=u:object_r:property_socket:s0 tclass=sock_file permissive=1 app=com.dangbei.screencast
05-30 16:53:14.788 I/gbei.screencast( 2598): type=1400 audit(0.0:1217): avc: denied { connectto } for path="/dev/socket/property_service" scontext=u:r:untrusted_app_27:s0:c44,c256,c512,c768 tcontext=u:r:init:s0 tclass=unix_stream_socket permissive=1 app=com.dangbei.screencast
05-30 16:53:14.788 I//system/bin/init( 1): type=1107 audit(0.0:1218): uid=0 auid=4294967295 ses=4294967295 subj=u:r:init:s0 msg='avc: denied { set } for property=persist.sys.wfd.devicename pid=2598 uid=10044 gid=10044 scontext=u:r:untrusted_app_27:s0:c44,c256,c512,c768 tcontext=u:object_r:system_prop:s0 tclass=property_service permissive=1'
05-30 16:53:14.808 D/hq ( 2251): NetWorkStateReceiver:::检查网络,并且持续更新 isConnect=false
05-30 16:53:14.813 D/HiSight-SinkService( 2598): setDiscoverable true
05-30 16:53:14.814 D/NearFieldManager( 2598): init.
05-30 16:53:14.814 D/NearFieldManager( 2598): try check dmsdp
05-30 16:53:14.827 D/NearFieldManager( 2598): package not exist
05-30 16:53:14.830 D/CompatibilityChangeReporter( 718): Compat change id reported: 135634846; UID 10044; state: DISABLED
05-30 16:53:14.830 D/CompatibilityChangeReporter( 718): Compat change id reported: 143937733; UID 10044; state: DISABLED
05-30 16:53:14.831 D/NearFieldManager( 2598): bind nearfield service true
05-30 16:53:14.832 D/NearFieldManager( 2598): registerCallback true
05-30 16:53:14.832 D/HiSight-Discovery( 2598): set deviceInfo type:46
05-30 16:53:14.832 D/HiSight-Discovery( 2598): startAdvertise 1
05-30 16:53:14.844 D/Zygote ( 494): Forked child process 2771
05-30 16:53:14.845 I/ActivityManager( 718): Start proc 2771:com.huawei.connection/u0a44 for service {com.dangbei.screencast/com.huawei.connection.service.NearFieldManagerService}
05-30 16:53:14.849 I/Zygote ( 2771): seccomp disabled by setenforce 0
05-30 16:53:14.856 I/awei.connection( 2771): Using CollectorTypeCC GC.
05-30 16:53:14.861 E/awei.connection( 2771): Not starting debugger since process cannot load the jdwp agent.
05-30 16:53:14.863 D/BufferPoolAccessor2.0( 637): bufferpool2 0xee1c3508 : 8(65536 size) total buffers - 4(32768 size) used buffers - 152/160 (recycle/alloc) - 8/312 (fetch/transfer)
05-30 16:53:14.863 D/BufferPoolAccessor2.0( 637): evictor expired: 1, evicted: 1
05-30 16:53:14.871 D/CompatibilityChangeReporter( 718): Compat change id reported: 168419799; UID 10044; state: DISABLED
05-30 16:53:14.872 D/CompatibilityChangeReporter( 718): Compat change id reported: 273564678; UID 10044; state: DISABLED
05-30 16:53:14.875 D/CompatibilityChangeReporter( 2771): Compat change id reported: 171979766; UID 10044; state: DISABLED
05-30 16:53:14.875 D/CompatibilityChangeReporter( 2771): Compat change id reported: 242716250; UID 10044; state: DISABLED
05-30 16:53:14.878 D/CompatibilityChangeReporter( 718): Compat change id reported: 170503758; UID 10044; state: DISABLED
05-30 16:53:14.880 D/ApplicationLoaders( 2771): Returning zygote-cached class loader: /system/framework/android.test.base.jar
05-30 16:53:14.881 D/ApplicationLoaders( 2771): Returning zygote-cached class loader: /system/framework/android.hidl.manager-V1.0-java.jar
05-30 16:53:14.881 D/ApplicationLoaders( 2771): Returning zygote-cached class loader: /system/framework/android.hidl.base-V1.0-java.jar
05-30 16:53:14.890 D/nativeloader( 2771): Configuring clns-shared-4 for other apk /system/app/dangbei-screencast/dangbei-screencast.apk. target_sdk_version=28, uses_libraries=, library_path=/system/app/dangbei-screencast/lib/arm:/system/app/dangbei-screencast/dangbei-screencast.apk!/lib/armeabi-v7a:/system/lib:/system_ext/lib, permitted_path=/data:/mnt/expand:/data/user/0/com.dangbei.screencast:/system/app/dangbei-screencast:/system/lib:/system_ext/lib
05-30 16:53:14.923 V/GraphicsEnvironment( 2771): Currently set values for:
05-30 16:53:14.923 V/GraphicsEnvironment( 2771): angle_gl_driver_selection_pkgs=[]
05-30 16:53:14.923 V/GraphicsEnvironment( 2771): angle_gl_driver_selection_values=[]
05-30 16:53:14.924 V/GraphicsEnvironment( 2771): ANGLE GameManagerService for com.dangbei.screencast: false
05-30 16:53:14.924 V/GraphicsEnvironment( 2771): com.dangbei.screencast is not listed in per-application setting
05-30 16:53:14.924 V/GraphicsEnvironment( 2771): Neither updatable production driver nor prerelease driver is supported.
05-30 16:53:14.928 I/MultiDex( 2771): VM with version 2.1.0 has multidex support
05-30 16:53:14.928 I/MultiDex( 2771): Installing application
05-30 16:53:14.928 I/MultiDex( 2771): VM has multidex support, MultiDex support library is disabled.
05-30 16:53:14.929 D/CompatibilityChangeReporter( 2771): Compat change id reported: 247079863; UID 10044; state: DISABLED
05-30 16:53:14.937 D/CompatibilityChangeReporter( 718): Compat change id reported: 161145287; UID 10044; state: DISABLED
05-30 16:53:14.964 I/crashsdk( 2771): version unique build id: 6230cced
05-30 16:53:14.964 I/crashsdk( 2771): version unique build id: 6230cced
05-30 16:53:14.966 D/crashsdk( 2771): Native log stat thread 2798 setup, waiting
05-30 16:53:14.968 I/TDLog ( 2771): setReportUncaughtExceptions: true
05-30 16:53:14.969 E/Application( 2771): onCreate:Version:v2.8.3/20830/883432e
05-30 16:53:14.971 I/crashsdk( 2771): begin hack android.os.Process
05-30 16:53:14.972 I/crashsdk( 2771): end hack android.os.Process
05-30 16:53:14.960 I/Thread-3( 2771): type=1400 audit(0.0:1219): avc: denied { read } for name="version" dev="proc" ino=4026532005 scontext=u:r:untrusted_app_27:s0:c44,c256,c512,c768 tcontext=u:object_r:proc_version:s0 tclass=file permissive=1 app=com.dangbei.screencast
05-30 16:53:14.977 D/CompatibilityChangeReporter( 718): Compat change id reported: 261072174; UID 10044; state: DISABLED
05-30 16:53:14.960 I/Thread-3( 2771): type=1400 audit(0.0:1220): avc: denied { open } for path="/proc/version" dev="proc" ino=4026532005 scontext=u:r:untrusted_app_27:s0:c44,c256,c512,c768 tcontext=u:object_r:proc_version:s0 tclass=file permissive=1 app=com.dangbei.screencast
05-30 16:53:14.980 I/crashsdk( 2771): Catcher mask: 5000, 20480
05-30 16:53:14.980 I/crashsdk( 2771): Catcher thread 2776
05-30 16:53:14.980 D/crashsdk( 2771): Register ANR handler ...
05-30 16:53:14.982 D/NearFieldManagerService( 2771): NearFieldManagerService.
05-30 16:53:14.960 I/Thread-3( 2771): type=1400 audit(0.0:1221): avc: denied { getattr } for path="/proc/version" dev="proc" ino=4026532005 scontext=u:r:untrusted_app_27:s0:c44,c256,c512,c768 tcontext=u:object_r:proc_version:s0 tclass=file permissive=1 app=com.dangbei.screencast
05-30 16:53:14.982 D/NearFieldManagerService( 2771): onCreate, enter.
05-30 16:53:14.982 I/NearFieldManagerService( 2771): onBind, enter.
05-30 16:53:14.982 D/NearFieldManagerService( 2771): initService
05-30 16:53:14.982 D/NearFieldManagerService( 2771): NearField starting...
05-30 16:53:14.984 D/NearFieldUtils( 2771): checkSystemProperty in
05-30 16:53:14.984 D/NearFieldUtils( 2771): checkSystemProperty: systemProperties:
05-30 16:53:14.984 E/NearFieldUtils( 2771): validProperty: priority is null
05-30 16:53:14.989 D/NearFieldManager( 2598): service connected.
05-30 16:53:14.991 D/HiSight-Discovery( 2598): eventId: 4001
05-30 16:53:14.992 D/HiSight-Discovery( 2598): msg 4001
05-30 16:53:14.992 D/HiSight-Discovery( 2598): bind success, status Ready
05-30 16:53:14.992 D/HiSight-Discovery( 2598): startAdvertise 2
05-30 16:53:14.992 D/HiSight-Discovery( 2598): stopAdvertise.
05-30 16:53:14.992 D/HiSight-Discovery( 2598): nearFieldStartListen deviceType 46
05-30 16:53:14.993 I/NearFieldManagerImpl( 2771): setDeviceInfo, sDeviceId changes
05-30 16:53:14.994 I/NearFieldManagerImpl( 2771): setDeviceInfo, sDeviceName changes
05-30 16:53:14.995 D/NearFieldManagerImpl( 2771): setServiceData, sServiceData=[], serviceData=[32]
05-30 16:53:14.995 E/NearFieldManager( 2598): setIdnNetworkPriority: networkPortPriority is empty
05-30 16:53:14.995 D/NearFieldManager( 2598): StartListen moduleId: CastPlusDiscoveryModule
05-30 16:53:14.997 D/NearFieldManagerImpl( 2771): startListen: moduleId: CastPlusDiscoveryModule
05-30 16:53:14.998 D/NearFieldUtils( 2771): getPreferredIpAddress exec
05-30 16:53:14.998 D/NearFieldUtils( 2771): getPreferredIpAddress by custom priority
05-30 16:53:14.998 D/NearFieldUtils( 2771): getIpByInterfaceSetting customIdnNetworkPriority:[]
05-30 16:53:14.998 D/NearFieldUtils( 2771): getPreferredIpAddress by default priority
05-30 16:53:14.996 I/binder:2771_2( 2771): type=1400 audit(0.0:1222): avc: denied { search } for name="net" dev="sysfs" ino=12345 scontext=u:r:untrusted_app_27:s0:c44,c256,c512,c768 tcontext=u:object_r:sysfs_net:s0 tclass=dir permissive=1 app=com.dangbei.screencast
05-30 16:53:15.012 I/TDLog ( 2771): TalkingData SDK init...
05-30 16:53:15.012 I/TDLog ( 2771): SDK_VERSION is: Android+TD+V5.0.7 gp Type:Native Build_Num:2141
05-30 16:53:15.012 I/TDLog ( 2771): App ID is: B9D7815EC975466AB1332111FCE62DF5
05-30 16:53:15.012 I/TDLog ( 2771): App Channel is: os
05-30 16:53:15.012 I/TDLog ( 2771): App Custom is:
05-30 16:53:15.012 I/TDLog ( 2771): SDK_OVC is: TDOVC+a3bb7754719798526508b6caad480dd7+SaaS
05-30 16:53:15.014 I/Matrix.AnrTracer( 2771): anrTrace, final mAnrBeatTime:400, mAnrBeatRate:400
05-30 16:53:15.016 W/efs.send_log( 2771): tryFileLock start!
05-30 16:53:15.023 I/efs.config( 2771): --->>> 删除旧的配置文件 false
05-30 16:53:15.024 I/efs.base( 2771): lt=event`ev_ct=efs_core`ev_ac=pvuv`tm=2025-05-30 16:53:01`dn=6aee369d-97d5-42b8-aaef-4ff281a087ea`ps=com.huawei.connection`um_os=android`stime=1748595194846`pid=2771`fr=android`pkg=com.dangbei.screencast`vcode=20830`dsp_w=1920`uid=6aee369d-97d5-42b8-aaef-4ff281a087ea`rom=14`wid=6aee369d-97d5-42b8-aaef-4ff281a087ea`um_app_carrier=`um_access=unknow`um_app_channel=os`um_crash_sdk_version=1.4.0`ctime=1748595195`model=dbbox-a3`lang=zh`net=disconnected`brand=amlogic`dsp_h=1080`um_network_type=0`ver=v2.8.3`build_model=DBBOX-A3`w_tm=1748595195`appid=5fc60c21094d637f3130af19`um_umid_header=null`sdk=34`tzone=Asia/Shanghai`sdk_ver=1.3.6.umeng
05-30 16:53:15.036 E/LaunchManager( 2771): Non main process !
05-30 16:53:15.036 W/System.err( 2771): java.lang.NullPointerException: Attempt to invoke virtual method 'boolean com.efs.sdk.launch.LaunchConfigManager.enableTracer()' on a null object reference
05-30 16:53:15.037 W/System.err( 2771): at com.umeng.umcrash.UMCrash.init(Unknown Source:403)
05-30 16:53:15.037 W/System.err( 2771): at java.lang.reflect.Method.invoke(Native Method)
05-30 16:53:15.037 W/System.err( 2771): at com.umeng.commonsdk.UMConfigure.init(Unknown Source:811)
05-30 16:53:15.037 W/System.err( 2771): at b.f.f.b.a(:4)
05-30 16:53:15.037 W/System.err( 2771): at h.o.a.run(Unknown Source:2)
05-30 16:53:15.037 I/UMCrash ( 2771): begin register common callback. key is umid.
05-30 16:53:15.040 I/efs.config( 2771): --->>> 一致
05-30 16:53:15.046 D/NearFieldUtils( 2771): get Ip Address failed.
05-30 16:53:15.046 D/NearFieldManagerImpl( 2771): sDeviceType: 46
05-30 16:53:15.046 D/NearFieldManagerImpl( 2771): registerDevice() is called.
05-30 16:53:15.046 E/NearFieldManagerUtilsNative( 2771): Begin System.loadLibrary()
05-30 16:53:15.064 I/HicomNfTimerManager( 2771): epoll fd:128 create success
05-30 16:53:15.064 I/HicomNfTimerManager( 2771): epoll add fd:138--->128 success
05-30 16:53:15.064 I/HicomNfTimerManager( 2771): time fd:138 add to epoll success
05-30 16:53:15.068 D/nStackXDFinder( 2771): NSTACKX_Init:[146] :nstack ctrl creat epollfd 133
05-30 16:53:15.068 I/nStackXDFinder( 2771): InitDefaultInterfaceName:[779] :InitDefaultInterfaceName exec
05-30 16:53:15.068 D/nStackXCoAP( 2771): CoapServerInit:[174] :CoapServerInit is called
05-30 16:53:15.068 E/nStackXDFinder( 2771): GetLocalIp:[401] :GetLocalIp exec
05-30 16:53:15.068 E/nStackXDFinder( 2771): GetLocalIp:[407] :GetLocalIp, ifInfo is null
05-30 16:53:15.068 I/HicomNfMainCtrlManager( 2771): NSTACKX_RegisterDevice is called
05-30 16:53:15.068 D/NearFieldManagerImpl( 2771): Register device success.
05-30 16:53:15.068 D/nStackXDFinder( 2771): ConfigureLocalDeviceInfo:[616] :Invalid if name or ip address. Ignore
05-30 16:53:15.068 I/NearFieldManagerImpl( 2771): serviceName is castPlus
05-30 16:53:15.068 D/NearFieldManagerImpl( 2771): registerCapability() called with: capabilityBitmapNum = 1, capabilityBitmap = [8]
05-30 16:53:15.069 I/HicomNf_java_to_c( 2771): registerCapability, capabilityBitmapNum: 1
05-30 16:53:15.069 I/HicomNfMainCtrlManager( 2771): RegisterCapability: 1, 8
05-30 16:53:15.069 D/NearFieldManagerImpl( 2771): Register capability succeed with capabilityBitmapNum = 1, capabilityBitmap = [8]
05-30 16:53:15.069 D/NearFieldManagerImpl( 2771): registerServiceData() called with: serviceData = 32
05-30 16:53:15.069 D/NearFieldManagerImpl( 2771): registerModule() called with: packageModuleName = com.huawei.connection+CastPlusDiscoveryModule
05-30 16:53:15.069 I/HicomNf_java_to_c( 2771): registerModule, moduleName: com.huawei.connection+CastPlusDiscoveryModule
05-30 16:53:15.069 I/HicomNfMainCtrlManager( 2771): Enter RegisterModule
05-30 16:53:15.069 I/HicomNfRegManager( 2771): RegisterModule OK, add module name com.huawei.connection+CastPlusDiscoveryModule
05-30 16:53:15.070 I/nStackXDFinder( 2771): RegisterServiceData:[728] :RegisterServiceData, serviceData=[32]
05-30 16:53:15.070 I/Hisight-DeviceListManager( 2598): init DeviceListManager.
05-30 16:53:15.073 D/Hisight-DeviceListManager( 2598): create new secret key
05-30 16:53:15.083 W/TelephonyPermissions( 718): reportAccessDeniedToReadIdentifiers:com.dangbei.screencast:getSerial:-1
05-30 16:53:15.085 E/Hisight-ConnectAuthCallBack( 2598): readSecureFile failed, no such file
05-30 16:53:15.085 W/Hisight-DeviceListManager( 2598): deviceRecords is empty
05-30 16:53:15.085 W/Hisight-DeviceListManager( 2598): occur error, clear all the list
05-30 16:53:15.085 D/Hisight-HiChainAuthControl( 2598): start HiChainAuthControl
05-30 16:53:15.085 D/Hisight-HiChainAuthControl( 2598): setupAuthIfNeeded, HiChainInstance hasn't been initialized
05-30 16:53:15.085 I/ConnectAuthJNI( 2598): Java_com_huawei_hisight_security_ConnectAuthNative_nativeSetup 795 call HiChainNativeSetup
05-30 16:53:15.085 I/ConnectAuthJNI( 2598): HiChainNativeSetup 565 registe_log
05-30 16:53:15.085 I/ConnectAuthJNI( 2598): HksStorageRegisterFileCallbacks 245 register hks file callback status =0
05-30 16:53:15.085 I/ConnectAuthJNI( 2598): HksRegisterGetDeviceIdCallback 268 register hks get hardware udid callback status =0
05-30 16:53:15.085 D/ConnectAuthJNI( 2598): [HiChain] get_instance Begin get instance
05-30 16:53:15.085 I/ConnectAuthJNI( 2598): [HKS] hks_service_key_info_init hks init : begin
05-30 16:53:15.085 I/ConnectAuthJNI( 2598): FileRead 113 FileRead
05-30 16:53:15.085 I/ConnectAuthJNI( 2598): FileRead 122 FileRead call readSecureFile begin
05-30 16:53:15.086 E/Hisight-ConnectAuthCallBack( 2598): readSecureFile failed, no such file
05-30 16:53:15.086 W/ConnectAuthJNI( 2598): FileRead 132 FileRead call readSecureFile byteArray is null
05-30 16:53:15.086 I/ConnectAuthJNI( 2598): [HKS] hks_rkc_init RKC init:begin, is_key_info_exist=0
05-30 16:53:15.086 I/ConnectAuthJNI( 2598): [HKS] hks_rkc_init_entropy the entropy is empty
05-30 16:53:15.086 I/ConnectAuthJNI( 2598): FileSize 214 FileSize
05-30 16:53:15.086 I/ConnectAuthJNI( 2598): FileSize 230 fileSize=0
05-30 16:53:15.086 E/ConnectAuthJNI( 2598): [HKS] hks_rkc_read_ksf file size is invalid,name=info1.data,size=0
05-30 16:53:15.086 I/ConnectAuthJNI( 2598): FileSize 214 FileSize
05-30 16:53:15.087 I/ConnectAuthJNI( 2598): FileSize 230 fileSize=0
05-30 16:53:15.087 E/ConnectAuthJNI( 2598): [HKS] hks_rkc_read_ksf file size is invalid,name=info2.data,size=0
05-30 16:53:15.087 E/ConnectAuthJNI( 2598): [HKS] hks_rkc_load_ksf all ksf file are invalid
05-30 16:53:15.087 I/ConnectAuthJNI( 2598): FileWrite 176 FileWrite
05-30 16:53:15.090 I/ConnectAuthJNI( 2598): FileWrite 197 FileWrite 1
05-30 16:53:15.090 I/ConnectAuthJNI( 2598): [HKS] hks_rkc_write_ksf write ksf success
05-30 16:53:15.090 I/ConnectAuthJNI( 2598): FileWrite 176 FileWrite
05-30 16:53:15.090 I/ConnectAuthJNI( 2598): FileWrite 197 FileWrite 1
05-30 16:53:15.090 I/ConnectAuthJNI( 2598): [HKS] hks_rkc_write_ksf write ksf success
05-30 16:53:15.090 I/ConnectAuthJNI( 2598): [HKS] hks_rkc_create_ksf create root key component success
05-30 16:53:15.090 I/ConnectAuthJNI( 2598): [HKS] hks_rkc_init root key component init success
05-30 16:53:15.090 I/ConnectAuthJNI( 2598): [HKS] hks_rkc_init RKC init:end,rc=0
05-30 16:53:15.090 I/ConnectAuthJNI( 2598): [HKS] hks_service_key_info_init hks init : end
05-30 16:53:15.090 I/ConnectAuthJNI( 2598): GetHiChainProtocolParamsCallback 371 GetHiChainProtocolParamsCallback operation_code= 99
05-30 16:53:15.090 I/ConnectAuthJNI( 2598): paramLen is ,=0
05-30 16:53:15.090 I/ConnectAuthJNI( 2598): paramLen is ,=0
05-30 16:53:15.090 I/ConnectAuthJNI( 2598): GetHiChainProtocolParamsCallback 402 GetHiChainProtocolParamsCallback end
05-30 16:53:15.090 I/ConnectAuthJNI( 2598): [HiChain] get_instance Get instance success
05-30 16:53:15.090 I/ConnectAuthJNI( 2598): Java_com_huawei_hisight_security_ConnectAuthNative_nativeGetHiChainInstance 598 get instance success
05-30 16:53:15.091 D/Hisight-HiChainAuthControl( 2598): destroyAuth
05-30 16:53:15.091 I/ConnectAuthJNI( 2598): Java_com_huawei_hisight_security_ConnectAuthNative_nativeDestroy 603 destroy
05-30 16:53:15.091 D/Hisight-HiChainAuthControl( 2598): setupAuthIfNeeded, HiChainInstance hasn't been initialized
05-30 16:53:15.091 I/ConnectAuthJNI( 2598): Java_com_huawei_hisight_security_ConnectAuthNative_nativeSetup 795 call HiChainNativeSetup
05-30 16:53:15.091 I/ConnectAuthJNI( 2598): HiChainNativeSetup 565 registe_log
05-30 16:53:15.091 I/ConnectAuthJNI( 2598): HksStorageRegisterFileCallbacks 245 register hks file callback status =0
05-30 16:53:15.091 I/ConnectAuthJNI( 2598): HksRegisterGetDeviceIdCallback 268 register hks get hardware udid callback status =0
05-30 16:53:15.091 D/ConnectAuthJNI( 2598): [HiChain] get_instance Begin get instance
05-30 16:53:15.091 I/ConnectAuthJNI( 2598): [HKS] hks_service_key_info_init hks init : begin
05-30 16:53:15.091 I/ConnectAuthJNI( 2598): [HKS] hks_service_key_info_init hks init : end
05-30 16:53:15.091 I/ConnectAuthJNI( 2598): GetHiChainProtocolParamsCallback 371 GetHiChainProtocolParamsCallback operation_code= 99
05-30 16:53:15.091 I/ConnectAuthJNI( 2598): paramLen is ,=0
05-30 16:53:15.091 I/ConnectAuthJNI( 2598): paramLen is ,=0
05-30 16:53:15.091 I/ConnectAuthJNI( 2598): GetHiChainProtocolParamsCallback 402 GetHiChainProtocolParamsCallback end
05-30 16:53:15.091 I/ConnectAuthJNI( 2598): [HiChain] get_instance Get instance success
05-30 16:53:15.091 I/ConnectAuthJNI( 2598): Java_com_huawei_hisight_security_ConnectAuthNative_nativeGetHiChainInstance 598 get instance success
05-30 16:53:15.091 W/ConnectAuthJNI( 2598): GetListTrustPeers 899 trustPeerSize=0
05-30 16:53:15.091 D/Hisight-HiChainAuthControl( 2598): destroyAuth
05-30 16:53:15.091 I/ConnectAuthJNI( 2598): Java_com_huawei_hisight_security_ConnectAuthNative_nativeDestroy 603 destroy
05-30 16:53:15.091 D/Hisight-HiChainAuthControl( 2598): setupAuthIfNeeded, HiChainInstance hasn't been initialized
05-30 16:53:15.091 I/ConnectAuthJNI( 2598): Java_com_huawei_hisight_security_ConnectAuthNative_nativeSetup 795 call HiChainNativeSetup
05-30 16:53:15.091 I/ConnectAuthJNI( 2598): HiChainNativeSetup 565 registe_log
05-30 16:53:15.091 I/ConnectAuthJNI( 2598): HksStorageRegisterFileCallbacks 245 register hks file callback status =0
05-30 16:53:15.091 I/ConnectAuthJNI( 2598): HksRegisterGetDeviceIdCallback 268 register hks get hardware udid callback status =0
05-30 16:53:15.091 D/ConnectAuthJNI( 2598): [HiChain] get_instance Begin get instance
05-30 16:53:15.091 I/ConnectAuthJNI( 2598): [HKS] hks_service_key_info_init hks init : begin
05-30 16:53:15.091 I/ConnectAuthJNI( 2598): [HKS] hks_service_key_info_init hks init : end
05-30 16:53:15.091 I/ConnectAuthJNI( 2598): GetHiChainProtocolParamsCallback 371 GetHiChainProtocolParamsCallback operation_code= 99
05-30 16:53:15.091 I/ConnectAuthJNI( 2598): paramLen is ,=0
05-30 16:53:15.091 I/ConnectAuthJNI( 2598): paramLen is ,=0
05-30 16:53:15.091 I/ConnectAuthJNI( 2598): GetHiChainProtocolParamsCallback 402 GetHiChainProtocolParamsCallback end
05-30 16:53:15.091 I/ConnectAuthJNI( 2598): [HiChain] get_instance Get instance success
05-30 16:53:15.091 I/ConnectAuthJNI( 2598): Java_com_huawei_hisight_security_ConnectAuthNative_nativeGetHiChainInstance 598 get instance success
05-30 16:53:15.091 W/ConnectAuthJNI( 2598): GetListTrustPeers 899 trustPeerSize=0
05-30 16:53:15.092 D/Hisight-DeviceListManager( 2598): init trusted list size: 0
05-30 16:53:15.092 D/HiSight-ConnectionManager( 2598): setAuthInfo, authMode: 1
05-30 16:53:15.108 V/NFC ( 2771): this device does not have NFC support
05-30 16:53:15.126 D/BufferPoolAccessor2.0( 642): bufferpool2 0xeabc3ce8 : 5(5666 size) total buffers - 0(0 size) used buffers - 152/157 (recycle/alloc) - 5/157 (fetch/transfer)
05-30 16:53:15.126 D/BufferPoolAccessor2.0( 642): evictor expired: 1, evicted: 1
05-30 16:53:15.370 I/ActivityManager( 718): Skip zero pid ANR, process=WebViewLoader-armeabi-v7a
05-30 16:53:15.403 D/ActivityManager( 718): freezing 2414 com.android.webview:webview_service
05-30 16:53:15.811 E/raop ( 2598): JavaCallback init
05-30 16:53:15.994 E/hq ( 2251): Etna:::getFindLookupControllerState isConnect=true
05-30 16:53:15.994 E/Etna ( 2251): getFindLookupControllerState1111111
05-30 16:53:15.997 E/hq ( 2251): Etna:::getFindLookupControllerState valueStr=1
05-30 16:53:15.997 E/hq ( 2251): LookupControler:::isLookupController=true
05-30 16:53:15.998 I/hq ( 2251): LookupControler:::time=110000
05-30 16:53:16.115 W/System ( 1322): A resource failed to call close.
05-30 16:53:16.310 D/TrafficStats( 2598): tagSocket(247) with statsTag=0xffffffff, statsUid=-1
05-30 16:53:16.809 D/hq ( 2251): NetWorkStateReceiver:::检查网络,并且持续更新 isConnect=false
05-30 16:53:16.924 D/audio_hw_hal_ms12common( 504): func:ms12_timer_callback_handler sigv:0 ~~~~~~~~~~
05-30 16:53:16.924 D/audio_hw_hal_ms12v2( 504): set_dolby_ms12_continuous_state audio_continuous_standby_set status 1
05-30 16:53:16.924 D/audio_hw_hal_continuous_standby( 504): audio_continuous_standby_set, type 0, params 1
05-30 16:53:16.924 D/audio_hw_hal_ms12common( 504): aml_send_ms12_scheduler_state_2_ms12 adev:0xe8542930, sch_state:1(SCHEDULER_STANDBY)
05-30 16:53:17.331 I/ActivityManager( 718): Waited long enough for: ServiceRecord{7fab645 u0 com.droidlogic.mictoggle/.AssistantMicMuteService}
05-30 16:53:17.812 D/TrafficStats( 2598): tagSocket(248) with statsTag=0xffffffff, statsUid=-1
05-30 16:53:17.844 I/PlatformDependent( 2598): Your platform does not provide complete low-level API for accessing direct buffers reliably. Unless explicitly requested, heap buffer will always be preferred to avoid potential system instability.
05-30 16:53:17.852 I/getprop ( 2865): type=1400 audit(0.0:1779): avc: denied { read } for name="u:object_r:wifi_hal_prop:s0" dev="tmpfs" ino=403 scontext=u:r:untrusted_app_27:s0:c44,c256,c512,c768 tcontext=u:object_r:wifi_hal_prop:s0 tclass=file permissive=1 app=com.dangbei.screencast
05-30 16:53:17.852 I/getprop ( 2865): type=1400 audit(0.0:1780): avc: denied { open } for path="/dev/__properties__/u:object_r:wifi_hal_prop:s0" dev="tmpfs" ino=403 scontext=u:r:untrusted_app_27:s0:c44,c256,c512,c768 tcontext=u:object_r:wifi_hal_prop:s0 tclass=file permissive=1 app=com.dangbei.screencast
05-30 16:53:17.852 I/getprop ( 2865): type=1400 audit(0.0:1781): avc: denied { getattr } for path="/dev/__properties__/u:object_r:wifi_hal_prop:s0" dev="tmpfs" ino=403 scontext=u:r:untrusted_app_27:s0:c44,c256,c512,c768 tcontext=u:object_r:wifi_hal_prop:s0 tclass=file permissive=1 app=com.dangbei.screencast
05-30 16:53:17.852 I/getprop ( 2865): type=1400 audit(0.0:1782): avc: denied { map } for path="/dev/__properties__/u:object_r:wifi_hal_prop:s0" dev="tmpfs" ino=403 scontext=u:r:untrusted_app_27:s0:c44,c256,c512,c768 tcontext=u:object_r:wifi_hal_prop:s0 tclass=file permissive=1 app=com.dangbei.screencast
05-30 16:53:17.880 D/TrafficStats( 2598): tagSocket(249) with statsTag=0xffffffff, statsUid=-1
05-30 16:53:17.880 I/Thread-12( 2598): type=1400 audit(0.0:1783): avc: denied { read } for name="somaxconn" dev="proc" ino=39275 scontext=u:r:untrusted_app_27:s0:c44,c256,c512,c768 tcontext=u:object_r:proc_net:s0 tclass=file permissive=1 app=com.dangbei.screencast
05-30 16:53:17.917 W/System.err( 2598): java.lang.NullPointerException: Attempt to invoke virtual method 'byte[] java.net.NetworkInterface.getHardwareAddress()' on a null object reference
05-30 16:53:17.917 W/System.err( 2598): at b.f.f.y.g.b(Unknown Source:11)
05-30 16:53:17.917 W/System.err( 2598): at b.d.a.a.p.c0(Unknown Source:2)
05-30 16:53:17.917 W/System.err( 2598): at b.f.f.o.f.c.a(Unknown Source:23)
05-30 16:53:17.917 W/System.err( 2598): at b.f.f.d.b.c(:5)
05-30 16:53:17.917 W/System.err( 2598): at b.f.f.n.d$a.handleMessage(:3)
05-30 16:53:17.917 W/System.err( 2598): at android.os.Handler.dispatchMessage(Handler.java:106)
05-30 16:53:17.917 W/System.err( 2598): at android.os.Looper.loopOnce(Looper.java:205)
05-30 16:53:17.917 W/System.err( 2598): at android.os.Looper.loop(Looper.java:294)
05-30 16:53:17.917 W/System.err( 2598): at android.os.HandlerThread.run(HandlerThread.java:67)
05-30 16:53:18.022 W/AudioCapabilities( 2598): Unsupported mime audio/vnd.dts.hd;profile=lbr
05-30 16:53:18.022 W/AudioCapabilities( 2598): Unsupported mime audio/ffmpeg
05-30 16:53:18.022 W/AudioCapabilities( 2598): Unsupported mime audio/mpeg-L1
05-30 16:53:18.023 W/AudioCapabilities( 2598): Unsupported mime audio/mpeg-L2
05-30 16:53:18.028 W/VideoCapabilities( 2598): Unsupported mime video/avs
05-30 16:53:18.028 W/VideoCapabilities( 2598): Unsupported mime video/avs2
05-30 16:53:18.030 W/VideoCapabilities( 2598): Unsupported mime video/x-motion-jpeg
05-30 16:53:18.030 W/VideoCapabilities( 2598): Unrecognized profile/level 0/4 for video/mpeg2
05-30 16:53:18.030 I/VideoCapabilities( 2598): Unsupported profile 3 for video/mpeg2
05-30 16:53:18.030 I/VideoCapabilities( 2598): Unsupported profile 4 for video/mpeg2
05-30 16:53:18.030 I/VideoCapabilities( 2598): Unsupported profile 5 for video/mpeg2
05-30 16:53:18.031 W/VideoCapabilities( 2598): Unrecognized profile/level 0/4 for video/mpeg2
05-30 16:53:18.031 I/VideoCapabilities( 2598): Unsupported profile 3 for video/mpeg2
05-30 16:53:18.031 I/VideoCapabilities( 2598): Unsupported profile 4 for video/mpeg2
05-30 16:53:18.031 I/VideoCapabilities( 2598): Unsupported profile 5 for video/mpeg2
05-30 16:53:18.031 I/VideoCapabilities( 2598): Unsupported profile 2 for video/mp4v-es
05-30 16:53:18.031 I/VideoCapabilities( 2598): Unsupported profile 8 for video/mp4v-es
05-30 16:53:18.031 I/VideoCapabilities( 2598): Unsupported profile 16 for video/mp4v-es
05-30 16:53:18.031 I/VideoCapabilities( 2598): Unsupported profile 1024 for video/mp4v-es
05-30 16:53:18.031 W/VideoCapabilities( 2598): Unsupported mime video/rm10
05-30 16:53:18.032 W/VideoCapabilities( 2598): Unsupported mime video/rm20
05-30 16:53:18.032 W/VideoCapabilities( 2598): Unsupported mime video/rm30
05-30 16:53:18.032 W/VideoCapabilities( 2598): Unsupported mime video/rm40
05-30 16:53:18.032 W/VideoCapabilities( 2598): Unsupported mime video/vc1
05-30 16:53:18.033 W/VideoCapabilities( 2598): Unsupported mime video/vc1
05-30 16:53:18.034 W/VideoCapabilities( 2598): Unsupported mime video/x-vnd.on2.vp6a
05-30 16:53:18.034 W/VideoCapabilities( 2598): Unsupported mime video/x-vnd.on2.vp6f
05-30 16:53:18.035 W/VideoCapabilities( 2598): Unsupported mime video/wmv1
05-30 16:53:18.036 W/VideoCapabilities( 2598): Unsupported mime video/wmv2
05-30 16:53:18.036 W/VideoCapabilities( 2598): Unsupported mime video/wmv3
05-30 16:53:18.047 I/serviceDiscovery( 718): [MdnsSocketProvider] Start monitoring sockets.
05-30 16:53:18.048 I/TetheringManager( 718): registerTetheringEventCallback caller:android
05-30 16:53:18.049 D/ConnectivityService( 718): NetReassign [no changes] [c 0] [a 0] [i 0]
05-30 16:53:18.049 I/serviceDiscovery( 718): [MdnsAdvertiser] Adding service name: 当贝投屏Z7, type: _airplay._tcp, hostAddresses: , port: 32845, network: null, txtRecord: srcvers=220.68features=0x527FFFF7,0x1E'pi=2e388006-13ba-4041-9a67-25dd4a43d536Cpk=b07727d6f6cd6e08b58ede525ec3cdeaa252ad9f683feb212ef8a205246554e7vv=2 flags=0x4model=AppleTV2,1deviceid=1c:79:2d:20:62:b5 with ID 2 and subtype null
05-30 16:53:18.059 I/serviceDiscovery( 718): [MdnsAdvertiser] Adding service name: 1c792d2062b5@当贝投屏Z7, type: _raop._tcp, hostAddresses: , port: 41987, network: null, txtRecord: txtvers=1 am=AppleTV2,1ch=2
05-30 16:53:18.059 I/serviceDiscovery( 718): cn=0,1,2,3da=trueet=0,3,5ft=0x527FFFF7,0x1Emd=0,1,2Cpk=b07727d6f6cd6e08b58ede525ec3cdeaa252ad9f683feb212ef8a205246554e7pw=falsesf=0x4sr=44100ss=16sv=falsetp=UDPvn=65537 vs=220.68vv=2 rhd=5.6.0.0 with ID 3 and subtype null
05-30 16:53:18.402 W/System.err( 2598): java.lang.NullPointerException: Attempt to invoke virtual method 'byte[] java.net.NetworkInterface.getHardwareAddress()' on a null object reference
05-30 16:53:18.402 W/System.err( 2598): at b.f.f.y.g.b(Unknown Source:11)
05-30 16:53:18.402 W/System.err( 2598): at b.d.a.a.p.c0(Unknown Source:2)
05-30 16:53:18.402 W/System.err( 2598): at b.f.f.o.f.c.a(Unknown Source:23)
05-30 16:53:18.402 W/System.err( 2598): at b.f.f.t.d.c(:1)
05-30 16:53:18.402 W/System.err( 2598): at b.f.f.n.d$a.handleMessage(:3)
05-30 16:53:18.402 W/System.err( 2598): at android.os.Handler.dispatchMessage(Handler.java:106)
05-30 16:53:18.402 W/System.err( 2598): at android.os.Looper.loopOnce(Looper.java:205)
05-30 16:53:18.402 W/System.err( 2598): at android.os.Looper.loop(Looper.java:294)
05-30 16:53:18.402 W/System.err( 2598): at android.os.HandlerThread.run(HandlerThread.java:67)
05-30 16:53:18.483 I/serviceDiscovery( 718): [MdnsAdvertiser] Adding service name: 当贝投屏Z7, type: _db_cast_screen._tcp, hostAddresses: , port: 35375, network: null, txtRecord: au=1cV=20830mV=100h265=1maxR=4096-4096model=DBBOX-A3deviceid=1c:79:2d:20:62:b5 with ID 4 and subtype null
05-30 16:53:18.680 I/ActivityManager( 718): Waited long enough for: ServiceRecord{9667535 u0 com.oranth.storage/.MainService}
05-30 16:53:18.811 D/hq ( 2251): NetWorkStateReceiver:::检查网络,并且持续更新 isConnect=false
05-30 16:53:18.828 I/UpnpServiceImpl( 2598): >>> Starting UPnP service...
05-30 16:53:18.828 I/UpnpServiceImpl( 2598): Using configuration: org.fourthline.cling.android.AndroidUpnpServiceConfiguration
05-30 16:53:18.832 I/Router ( 2598): Creating Router: org.fourthline.cling.android.AndroidRouter
05-30 16:53:18.835 I/NetworkUtils( 2598): Could not find any connected network...
05-30 16:53:18.835 W/Router ( 2598): enable lock:org.fourthline.cling.android.AndroidRouter@445c584_java.util.concurrent.locks.ReentrantReadWriteLock$WriteLock@bfb816d[Unlocked]
05-30 16:53:18.838 W/tworkAddressFactoryImpl( 2598): Network interface may not be multicast capable: dummy0
05-30 16:53:18.839 W/tworkAddressFactoryImpl( 2598): No usable network interface or addresses found
05-30 16:53:18.840 I/Router ( 2598): Unable to initialize network router, no network found.
05-30 16:53:18.840 W/Router ( 2598): enable unlock:org.fourthline.cling.android.AndroidRouter@445c584
05-30 16:53:18.840 I/UpnpServiceImpl( 2598): <<< UPnP service started successfully
05-30 16:53:18.915 E/g ( 2598): channel :os
05-30 16:53:18.949 D/BluetoothAdapter( 1477): isLeEnabled(): ON
05-30 16:53:18.952 I/bt_stack( 1322): [INFO:le_scanning_manager.cc(155)] RegisterScanner in shim layer
05-30 16:53:18.953 D/BluetoothLeScanner( 1477): onScannerRegistered() - status=0 scannerId=1 mScannerId=0
05-30 16:53:18.957 D/ActivityAttributionService( 1322): notifyActivityAttributionInfo UID=1002 packageName=com.android.bluetooth deviceAddress=no_active_device_address
05-30 16:53:18.958 I/bt_btif ( 1322): packages/modules/Bluetooth/system/btif/src/bluetooth.cc:829 get_profile_interface: get_profile_interface: id = activity_attribution
05-30 16:53:18.960 I/bt_stack( 1322): [INFO:le_scanning_manager.cc(168)] Scan in shim layer started
05-30 16:53:18.960 I/bluetooth( 1322): packages/modules/Bluetooth/system/gd/hci/le_scanning_manager.cc:588 stop_scan: Scanning already stopped, return!
05-30 16:53:18.960 I/bluetooth( 1322): packages/modules/Bluetooth/system/gd/hci/le_address_manager.cc:178 register_client: Client registered
05-30 16:53:18.961 I/bt_stack( 1322): [INFO:le_scanning_manager.cc(168)] Scan in shim layer stopped
05-30 16:53:18.961 I/bluetooth( 1322): packages/modules/Bluetooth/system/gd/hci/le_address_manager.cc:193 unregister_client: Client unregistered
05-30 16:53:18.961 I/bt_stack( 1322): [INFO:le_scanning_manager.cc(346)] SetScanParameters in shim layer
05-30 16:53:18.961 I/bt_stack( 1322): [INFO:le_scanning_manager.cc(168)] Scan in shim layer started
05-30 16:53:18.961 I/bluetooth( 1322): packages/modules/Bluetooth/system/gd/hci/le_scanning_manager.cc:588 stop_scan: Scanning already stopped, return!
05-30 16:53:18.961 I/bluetooth( 1322): packages/modules/Bluetooth/system/gd/hci/le_address_manager.cc:178 register_client: Client registered
05-30 16:53:19.751 I/efs.send_log( 2598): log cann't be send because net status is disconnected
05-30 16:53:19.904 W/NotificationHistory( 718): Attempted to add notif for locked/gone/disabled user 0
05-30 16:53:20.036 I/ip ( 2905): type=1400 audit(0.0:1786): avc: denied { bind } for scontext=u:r:untrusted_app_27:s0:c44,c256,c512,c768 tcontext=u:r:untrusted_app_27:s0:c44,c256,c512,c768 tclass=netlink_route_socket permissive=1 app=com.dangbei.screencast
05-30 16:53:20.036 I/ip ( 2905): type=1400 audit(0.0:1787): avc: denied { nlmsg_readpriv } for scontext=u:r:untrusted_app_27:s0:c44,c256,c512,c768 tcontext=u:r:untrusted_app_27:s0:c44,c256,c512,c768 tclass=netlink_route_socket permissive=1 app=com.dangbei.screencast
05-30 16:53:20.036 W/ip ( 2905): type=1400 audit(0.0:1788): avc: granted { nlmsg_getneigh } for scontext=u:r:untrusted_app_27:s0:c44,c256,c512,c768 tcontext=u:r:untrusted_app_27:s0:c44,c256,c512,c768 tclass=netlink_route_socket app=com.dangbei.screencast
05-30 16:53:20.048 I/getprop ( 2906): type=1400 audit(0.0:1789): avc: denied { open } for path="/dev/__properties__/u:object_r:aac_drc_prop:s0" dev="tmpfs" ino=101 scontext=u:r:untrusted_app_27:s0:c44,c256,c512,c768 tcontext=u:object_r:aac_drc_prop:s0 tclass=file permissive=1 app=com.dangbei.screencast
05-30 16:53:20.048 I/getprop ( 2906): type=1400 audit(0.0:1790): avc: denied { getattr } for path="/dev/__properties__/u:object_r:aac_drc_prop:s0" dev="tmpfs" ino=101 scontext=u:r:untrusted_app_27:s0:c44,c256,c512,c768 tcontext=u:object_r:aac_drc_prop:s0 tclass=file permissive=1 app=com.dangbei.screencast
05-30 16:53:20.812 D/hq ( 2251): NetWorkStateReceiver:::检查网络,并且持续更新 isConnect=false
05-30 16:53:21.007 E/WifiScoringParams( 718): Invalid frequency(-1), using 5G as default rssi array
05-30 16:53:21.019 D/InstantWifi( 718): Drop, size: 0
05-30 16:53:21.535 I/SdkSandboxManager( 718): Reconciling sdk data package directories for 0
05-30 16:53:21.900 W/gbei.screencast( 2598): ApkAssets: Deleting an ApkAssets object ' and /system/app/dangbei-feedback/dangbei-feedback.apk' with 1 weak references
05-30 16:53:21.901 W/gbei.screencast( 2598): ApkAssets: Deleting an ApkAssets object ' and /apex/com.android.uwb/priv-app/ServiceUwbResources@UD2A.240505.001.W1/ServiceUwbResources.apk' with 1 weak references
05-30 16:53:21.901 W/gbei.screencast( 2598): ApkAssets: Deleting an ApkAssets object ' and /apex/com.android.adservices/priv-app/AdServicesApk@UD2A.240505.001.W1/AdServicesApk.apk' with 1 weak references
05-30 16:53:21.902 W/gbei.screencast( 2598): ApkAssets: Deleting an ApkAssets object ' and /system/priv-app/DynamicSystemInstallationService/DynamicSystemInstallationService.apk' with 1 weak references
05-30 16:53:21.902 W/gbei.screencast( 2598): ApkAssets: Deleting an ApkAssets object ' and /system/app/Rocky/Rocky.apk' with 1 weak references
05-30 16:53:21.902 W/gbei.screencast( 2598): ApkAssets: Deleting an ApkAssets object ' and /apex/com.android.healthfitness/priv-app/HealthConnectController@UD2A.240505.001.W1/HealthConnectController.apk' with 1 weak references
05-30 16:53:21.902 W/gbei.screencast( 2598): ApkAssets: Deleting an ApkAssets object ' and /system/priv-app/CalendarProvider/CalendarProvider.apk' with 1 weak references
05-30 16:53:21.903 W/gbei.screencast( 2598): ApkAssets: Deleting an ApkAssets object ' and /system_ext/priv-app/TvSettings/TvSettings.apk' with 1 weak references
05-30 16:53:21.903 W/gbei.screencast( 2598): ApkAssets: Deleting an ApkAssets object ' and /system/app/dangbei-steward/dangbei-steward.apk' with 1 weak references
05-30 16:53:21.903 W/gbei.screencast( 2598): ApkAssets: Deleting an ApkAssets object ' and /system/app/com.sohu.inputmethod.sogou.tv/com.sohu.inputmethod.sogou.tv.apk' with 1 weak references
05-30 16:53:21.903 W/gbei.screencast( 2598): ApkAssets: Deleting an ApkAssets object ' and /system/priv-app/ExternalStorageProvider/ExternalStorageProvider.apk' with 1 weak references
05-30 16:53:21.903 W/gbei.screencast( 2598): ApkAssets: Deleting an ApkAssets object ' and /system/app/HTMLViewer/HTMLViewer.apk' with 1 weak references
05-30 16:53:21.904 W/gbei.screencast( 2598): ApkAssets: Deleting an ApkAssets object ' and /system/app/CompanionDeviceManager/CompanionDeviceManager.apk' with 1 weak references
05-30 16:53:21.904 W/gbei.screencast( 2598): ApkAssets: Deleting an ApkAssets object ' and /system/priv-app/DownloadProvider/DownloadProvider.apk' with 1 weak references
05-30 16:53:21.904 W/gbei.screencast( 2598): ApkAssets: Deleting an ApkAssets object ' and /system/priv-app/TvProvider/TvProvider.apk' with 1 weak references
05-30 16:53:21.904 W/gbei.screencast( 2598): ApkAssets: Deleting an ApkAssets object '/product/overlay/TvProviderOverlay.apk' with 1 weak references
05-30 16:53:21.904 W/gbei.screencast( 2598): ApkAssets: Deleting an ApkAssets object ' and /product/app/DLNA/DLNA.apk' with 1 weak references
05-30 16:53:21.904 W/gbei.screencast( 2598): ApkAssets: Deleting an ApkAssets object ' and /system_ext/priv-app/droidlogic-res/droidlogic-res.apk' with 1 weak references
05-30 16:53:21.904 W/gbei.screencast( 2598): ApkAssets: Deleting an ApkAssets object ' and /system_ext/priv-app/DroidTvSettings/DroidTvSettings.apk' with 1 weak references
05-30 16:53:21.905 W/gbei.screencast( 2598): ApkAssets: Deleting an ApkAssets object ' and /system/app/LedCtrl/LedCtrl.apk' with 1 weak references
05-30 16:53:21.905 W/gbei.screencast( 2598): ApkAssets: Deleting an ApkAssets object ' and /system/app/dangbei-media-player/dangbei-media-player.apk' with 1 weak references
05-30 16:53:21.905 W/gbei.screencast( 2598): ApkAssets: Deleting an ApkAssets object ' and /apex/com.android.permission/priv-app/SafetyCenterResources@UD2A.240505.001.W1/SafetyCenterResources.apk' with 1 weak references
05-30 16:53:21.905 W/gbei.screencast( 2598): ApkAssets: Deleting an ApkAssets object ' and /system/app/PacProcessor/PacProcessor.apk' with 1 weak references
05-30 16:53:21.905 W/gbei.screencast( 2598): ApkAssets: Deleting an ApkAssets object ' and /system/priv-app/NetworkStack/NetworkStack.apk' with 1 weak references
05-30 16:53:21.905 W/gbei.screencast( 2598): ApkAssets: Deleting an ApkAssets object '/product/overlay/TvNetworkStackOverlay.apk' with 1 weak references
05-30 16:53:21.905 W/gbei.screencast( 2598): ApkAssets: Deleting an ApkAssets object ' and /apex/com.android.tethering/priv-app/ServiceConnectivityResources@UD2A.240505.001.W1/ServiceConnectivityResources.apk' with 1 weak references
05-30 16:53:21.905 W/gbei.screencast( 2598): ApkAssets: Deleting an ApkAssets object ' and /product/app/ModuleMetadata/ModuleMetadata.apk' with 1 weak references
05-30 16:53:21.905 W/gbei.screencast( 2598): ApkAssets: Deleting an ApkAssets object ' and /system/app/CertInstaller/CertInstaller.apk' with 1 weak references
05-30 16:53:21.906 W/gbei.screencast( 2598): ApkAssets: Deleting an ApkAssets object ' and /system/framework/framework-res.apk' with 1 weak references
05-30 16:53:21.906 W/gbei.screencast( 2598): ApkAssets: Deleting an ApkAssets object ' and /product/app/Camera2/Camera2.apk' with 1 weak references
05-30 16:53:21.906 W/gbei.screencast( 2598): ApkAssets: Deleting an ApkAssets object ' and /system/priv-app/MtpService/MtpService.apk' with 1 weak references
05-30 16:53:21.906 W/gbei.screencast( 2598): ApkAssets: Deleting an ApkAssets object ' and /system/priv-app/StatementService/StatementService.apk' with 1 weak references
05-30 16:53:21.907 W/gbei.screencast( 2598): ApkAssets: Deleting an ApkAssets object ' and /product/priv-app/SettingsIntelligence/SettingsIntelligence.apk' with 1 weak references
05-30 16:53:21.907 W/gbei.screencast( 2598): ApkAssets: Deleting an ApkAssets object ' and /system/app/dangbei-launcher/dangbei-launcher.apk' with 1 weak references
05-30 16:53:21.907 W/gbei.screencast( 2598): ApkAssets: Deleting an ApkAssets object ' and /system/priv-app/SettingsProvider/SettingsProvider.apk' with 1 weak references
05-30 16:53:21.907 W/gbei.screencast( 2598): ApkAssets: Deleting an ApkAssets object '/product/overlay/TvSettingsProviderOverlay.apk' with 1 weak references
05-30 16:53:21.907 W/gbei.screencast( 2598): ApkAssets: Deleting an ApkAssets object '/product/overlay/WifiOverlay.apk' with 1 weak references
05-30 16:53:21.907 W/gbei.screencast( 2598): ApkAssets: Deleting an ApkAssets object ' and /system/app/PrintSpooler/PrintSpooler.apk' with 1 weak references
05-30 16:53:21.908 W/gbei.screencast( 2598): ApkAssets: Deleting an ApkAssets object ' and /system/app/BasicDreams/BasicDreams.apk' with 1 weak references
05-30 16:53:21.908 W/gbei.screencast( 2598): ApkAssets: Deleting an ApkAssets object ' and /system/priv-app/InputDevices/InputDevices.apk' with 1 weak references
05-30 16:53:21.908 W/gbei.screencast( 2598): ApkAssets: Deleting an ApkAssets object ' and /apex/com.android.rkpd/priv-app/rkpdapp@UD2A.240505.001.W1/rkpdapp.apk' with 1 weak references
05-30 16:53:21.908 W/gbei.screencast( 2598): ApkAssets: Deleting an ApkAssets object ' and /system/app/InputMacSn/InputMacSn.apk' with 1 weak references
05-30 16:53:21.908 W/gbei.screencast( 2598): ApkAssets: Deleting an ApkAssets object ' and /system/priv-app/MusicFX/MusicFX.apk' with 1 weak references
05-30 16:53:21.908 W/gbei.screencast( 2598): ApkAssets: Deleting an ApkAssets object ' and /system/priv-app/dangbei-boot-guide/dangbei-boot-guide.apk' with 1 weak references
05-30 16:53:21.908 W/gbei.screencast( 2598): ApkAssets: Deleting an ApkAssets object ' and /system/app/ExtShared/ExtShared.apk' with 1 weak references
05-30 16:53:21.908 W/gbei.screencast( 2598): ApkAssets: Deleting an ApkAssets object ' and /system/app/KeyChain/KeyChain.apk' with 1 weak references
05-30 16:53:21.908 W/gbei.screencast( 2598): ApkAssets: Deleting an ApkAssets object ' and /apex/com.android.extservices/priv-app/ExtServices@UD2A.240505.001.W1/ExtServices.apk' with 1 weak references
05-30 16:53:21.909 W/gbei.screencast( 2598): ApkAssets: Deleting an ApkAssets object ' and /apex/com.android.wifi/priv-app/ServiceWifiResources@UD2A.240505.001.W1/ServiceWifiResources.apk' with 1 weak references
05-30 16:53:21.909 W/gbei.screencast( 2598): ApkAssets: Deleting an ApkAssets object '/product/overlay/TvWifiOverlay.apk' with 1 weak references
05-30 16:53:21.909 W/gbei.screencast( 2598): ApkAssets: Deleting an ApkAssets object '/product/overlay/WiFiTetheringOverlay.apk' with 1 weak references
05-30 16:53:21.909 W/gbei.screencast( 2598): ApkAssets: Deleting an ApkAssets object ' and /system/app/CameraExtensionsProxy/CameraExtensionsProxy.apk' with 1 weak references
05-30 16:53:21.909 W/gbei.screencast( 2598): ApkAssets: Deleting an ApkAssets object ' and /system_ext/priv-app/MicToggleProvider/MicToggleProvider.apk' with 1 weak references
05-30 16:53:21.909 W/gbei.screencast( 2598): ApkAssets: Deleting an ApkAssets object ' and /system/priv-app/PackageInstaller_tv/PackageInstaller_tv.apk' with 1 weak references
05-30 16:53:21.909 W/gbei.screencast( 2598): ApkAssets: Deleting an ApkAssets object ' and /system/app/FactoryTest_oranth/FactoryTest_oranth.apk' with 1 weak references
05-30 16:53:21.909 W/gbei.screencast( 2598): ApkAssets: Deleting an ApkAssets object ' and /system/priv-app/ProxyHandler/ProxyHandler.apk' with 1 weak references
05-30 16:53:21.909 W/gbei.screencast( 2598): ApkAssets: Deleting an ApkAssets object ' and /system/priv-app/IntentResolver/IntentResolver.apk' with 1 weak references
05-30 16:53:21.910 W/gbei.screencast( 2598): ApkAssets: Deleting an ApkAssets object ' and /system/priv-app/ManagedProvisioning/ManagedProvisioning.apk' with 1 weak references
05-30 16:53:21.910 W/gbei.screencast( 2598): ApkAssets: Deleting an ApkAssets object ' and /system/app/UsbOpenFT/UsbOpenFT.apk' with 1 weak references
05-30 16:53:21.910 W/gbei.screencast( 2598): ApkAssets: Deleting an ApkAssets object ' and /system/priv-app/SoundPicker/SoundPicker.apk' with 1 weak references
05-30 16:53:21.910 W/gbei.screencast( 2598): ApkAssets: Deleting an ApkAssets object ' and /system/app/dangbei-etna-service/dangbei-etna-service.apk' with 1 weak references
05-30 16:53:21.910 W/gbei.screencast( 2598): ApkAssets: Deleting an ApkAssets object ' and /product/app/Miracast/Miracast.apk' with 1 weak references
05-30 16:53:21.910 W/gbei.screencast( 2598): ApkAssets: Deleting an ApkAssets object ' and /system/app/dangbei-file-manager/dangbei-file-manager.apk' with 1 weak references
05-30 16:53:21.911 W/gbei.screencast( 2598): ApkAssets: Deleting an ApkAssets object ' and /system/app/PowerUI/PowerUI.apk' with 1 weak references
05-30 16:53:21.912 W/gbei.screencast( 2598): ApkAssets: Deleting an ApkAssets object ' and /system/app/dangbei-screensaver/dangbei-screensaver.apk' with 1 weak references
05-30 16:53:21.913 W/gbei.screencast( 2598): ApkAssets: Deleting an ApkAssets object ' and /product/app/Music/Music.apk' with 1 weak references
05-30 16:53:21.913 W/gbei.screencast( 2598): ApkAssets: Deleting an ApkAssets object ' and /system/priv-app/Shell/Shell.apk' with 1 weak references
05-30 16:53:21.913 W/gbei.screencast( 2598): ApkAssets: Deleting an ApkAssets object ' and /system/priv-app/UserDictionaryProvider/UserDictionaryProvider.apk' with 1 weak references
05-30 16:53:21.913 W/gbei.screencast( 2598): ApkAssets: Deleting an ApkAssets object ' and /apex/com.android.mediaprovider/priv-app/MediaProvider@UD2A.240505.001.W1/MediaProvider.apk' with 1 weak references
05-30 16:53:21.914 W/gbei.screencast( 2598): ApkAssets: Deleting an ApkAssets object ' and /system/app/Low_storage_dialog/Low_storage_dialog.apk' with 1 weak references
05-30 16:53:21.914 W/gbei.screencast( 2598): ApkAssets: Deleting an ApkAssets object ' and /apex/com.android.wifi/app/OsuLogin@UD2A.240505.001.W1/OsuLogin.apk' with 1 weak references
05-30 16:53:21.914 W/gbei.screencast( 2598): ApkAssets: Deleting an ApkAssets object ' and /system/priv-app/FusedLocation/FusedLocation.apk' with 1 weak references
05-30 16:53:21.914 W/gbei.screencast( 2598): ApkAssets: Deleting an ApkAssets object ' and /product/app/DeskClock/DeskClock.apk' with 1 weak references
05-30 16:53:21.914 W/gbei.screencast( 2598): ApkAssets: Deleting an ApkAssets object ' and /system_ext/priv-app/TvSystemUI/TvSystemUI.apk' with 1 weak references
05-30 16:53:21.915 W/gbei.screencast( 2598): ApkAssets: Deleting an ApkAssets object '/vendor/overlay/TvSystemUI__auto_generated_rro_vendor.apk' with 1 weak references
05-30 16:53:21.915 W/gbei.screencast( 2598): ApkAssets: Deleting an ApkAssets object '/product/overlay/SystemUIOverlay.apk' with 1 weak references
05-30 16:53:21.915 W/gbei.screencast( 2598): ApkAssets: Deleting an ApkAssets object ' and /system/app/dangbei-setting/dangbei-setting.apk' with 1 weak references
05-30 16:53:21.915 W/gbei.screencast( 2598): ApkAssets: Deleting an ApkAssets object ' and /apex/com.android.permission/priv-app/PermissionController@UD2A.240505.001.W1/PermissionController.apk' with 1 weak references
