05-30 16:53:21.916 W/gbei.screencast( 2598): ApkAssets: Deleting an ApkAssets object ' and /vendor/priv-app/AppInstaller/AppInstaller.apk' with 1 weak references
05-30 16:53:21.916 W/gbei.screencast( 2598): ApkAssets: Deleting an ApkAssets object ' and /apex/com.android.btservices/app/Bluetooth@UD2A.240505.001.W1/Bluetooth.apk' with 1 weak references
05-30 16:53:21.916 W/gbei.screencast( 2598): ApkAssets: Deleting an ApkAssets object ' and /system/priv-app/ContactsProvider/ContactsProvider.apk' with 1 weak references
05-30 16:53:21.916 W/gbei.screencast( 2598): ApkAssets: Deleting an ApkAssets object ' and /system/app/CaptivePortalLogin/CaptivePortalLogin.apk' with 1 weak references
05-30 16:53:21.916 W/gbei.screencast( 2598): ApkAssets: Deleting an ApkAssets object ' and /apex/com.android.devicelock/priv-app/DeviceLockController@UD2A.240505.001.W1/DeviceLockController.apk' with 1 weak references
05-30 16:53:21.917 W/gbei.screencast( 2598): ApkAssets: Deleting an ApkAssets object ' and /apex/com.android.extservices/priv-app/AdExtServicesApk@UD2A.240505.001.W1/AdExtServicesApk.apk' with 1 weak references
05-30 16:53:22.714 D/OomAdjuster( 718): Not killing cached processes
05-30 16:53:22.815 D/hq ( 2251): NetWorkStateReceiver:::检查网络,并且持续更新 isConnect=false
05-30 16:53:23.552 D/WifiNl80211Manager( 718): Scan result ready event
05-30 16:53:23.552 D/WifiNative( 718): Scan result ready event
05-30 16:53:23.570 D/WificondScannerImpl( 718): Filtering out 11 scan results.
05-30 16:53:23.599 E/hq ( 2251): NetWorkStateReceiver:::NetWorkStateReceiver onReceive: 网络变化广播 >>>> intent.action=android.net.wifi.SCAN_RESULTS
05-30 16:53:23.610 I/WifiHAL ( 527): call wifi_get_link_stats handler
05-30 16:53:23.610 I/WifiHAL ( 527): Creating message to get link statistics; iface = 16
05-30 16:53:23.610 D/WifiHAL ( 527): error code -95 mapped to -3
05-30 16:53:23.611 E/WifiStaIfaceAidlImpl( 718): getLinkLayerStats failed with service-specific exception: android.os.ServiceSpecificException: (code 4)
05-30 16:53:23.626 W/eventbuscore( 2251): post Event:com.dangbei.leard.base.entity.event.NetWifiRssiEvent
05-30 16:53:23.784 I/rgb_led_ctl( 2946): type=1400 audit(0.0:2104): avc: denied { write } for name="spidev1.0" dev="tmpfs" ino=534 scontext=u:r:init:s0 tcontext=u:object_r:device:s0 tclass=chr_file permissive=1
05-30 16:53:23.784 I/rgb_led_ctl( 2946): type=1400 audit(0.0:2105): avc: denied { open } for path="/dev/spidev1.0" dev="tmpfs" ino=534 scontext=u:r:init:s0 tcontext=u:object_r:device:s0 tclass=chr_file permissive=1
05-30 16:53:23.784 I/rgb_led_ctl( 2946): type=1400 audit(0.0:2106): avc: denied { ioctl } for path="/dev/spidev1.0" dev="tmpfs" ino=534 ioctlcmd=0x6b01 scontext=u:r:init:s0 tcontext=u:object_r:device:s0 tclass=chr_file permissive=1
05-30 16:53:24.690 I/crashsdk( 2598): crashsdk uploading logs
05-30 16:53:24.816 D/hq ( 2251): NetWorkStateReceiver:::检查网络,并且持续更新 isConnect=false
05-30 16:53:25.580 I/keystore2( 282): system/security/keystore2/src/watchdog.rs:319 - Watchdog thread idle -> terminating. Have a great day.
05-30 16:53:25.993 E/hq ( 2251): ErrorCoroutineExceptionHandler:::runTry error:kotlinx.coroutines.CompletionHandlerException: Exception in invokeOnCancellation handler for CancellableContinuation(DispatchedContinuation[Dispatchers.Default, Continuation
at com.dangbei.leard.base.proider.weather.WeatherInterfaceImpl$requestLocation$2.invokeSuspend(WeatherInterfaceImpl.kt:22)@bb06404]){Cancelled}@7abfded from=
05-30 16:53:25.995 W/d.leradlauncher( 2251): ApkAssets: Deleting an ApkAssets object ' and /product/app/webview/webview.apk' with 1 weak references
05-30 16:53:26.818 D/hq ( 2251): NetWorkStateReceiver:::检查网络,并且持续更新 isConnect=false
05-30 16:53:26.988 W/id.ext.services( 1802): ApkAssets: Deleting an ApkAssets object ' and /system/framework/framework-res.apk' with 1 weak references
05-30 16:53:26.989 W/id.ext.services( 1802): ApkAssets: Deleting an ApkAssets object ' and /system/app/dangbei-screencast/dangbei-screencast.apk' with 1 weak references
05-30 16:53:27.769 D/OomAdjuster( 718): Not killing cached processes
05-30 16:53:28.452 I/audio_hw_hal_alsamgr( 504): alsa format =0x1 delay frames =768 total frames=2748160
05-30 16:53:28.820 D/hq ( 2251): NetWorkStateReceiver:::检查网络,并且持续更新 isConnect=false
05-30 16:53:29.783 I/efs.send_log( 2598): log cann't be send because net status is disconnected
05-30 16:53:30.821 D/hq ( 2251): NetWorkStateReceiver:::检查网络,并且持续更新 isConnect=false
05-30 16:53:30.960 W/System ( 2593): A resource failed to call close.
05-30 16:53:30.961 W/System ( 2593): A resource failed to call close.
05-30 16:53:30.961 W/System ( 2593): A resource failed to call close.
05-30 16:53:30.961 W/bei.lerad.rocky( 2593): ApkAssets: Deleting an ApkAssets object ' and /system/app/dangbei-feedback/dangbei-feedback.apk' with 1 weak references
05-30 16:53:30.962 W/bei.lerad.rocky( 2593): ApkAssets: Deleting an ApkAssets object ' and /apex/com.android.uwb/priv-app/ServiceUwbResources@UD2A.240505.001.W1/ServiceUwbResources.apk' with 1 weak references
05-30 16:53:30.962 W/bei.lerad.rocky( 2593): ApkAssets: Deleting an ApkAssets object ' and /apex/com.android.adservices/priv-app/AdServicesApk@UD2A.240505.001.W1/AdServicesApk.apk' with 1 weak references
05-30 16:53:30.963 W/bei.lerad.rocky( 2593): ApkAssets: Deleting an ApkAssets object ' and /system/priv-app/DynamicSystemInstallationService/DynamicSystemInstallationService.apk' with 1 weak references
05-30 16:53:30.963 W/bei.lerad.rocky( 2593): ApkAssets: Deleting an ApkAssets object ' and /apex/com.android.healthfitness/priv-app/HealthConnectController@UD2A.240505.001.W1/HealthConnectController.apk' with 1 weak references
05-30 16:53:30.964 W/bei.lerad.rocky( 2593): ApkAssets: Deleting an ApkAssets object ' and /system/priv-app/CalendarProvider/CalendarProvider.apk' with 1 weak references
05-30 16:53:30.964 W/bei.lerad.rocky( 2593): ApkAssets: Deleting an ApkAssets object ' and /system_ext/priv-app/TvSettings/TvSettings.apk' with 1 weak references
05-30 16:53:30.964 W/bei.lerad.rocky( 2593): ApkAssets: Deleting an ApkAssets object ' and /system/app/dangbei-steward/dangbei-steward.apk' with 1 weak references
05-30 16:53:30.965 W/bei.lerad.rocky( 2593): ApkAssets: Deleting an ApkAssets object ' and /system/app/com.sohu.inputmethod.sogou.tv/com.sohu.inputmethod.sogou.tv.apk' with 1 weak references
05-30 16:53:30.965 W/bei.lerad.rocky( 2593): ApkAssets: Deleting an ApkAssets object ' and /system/priv-app/ExternalStorageProvider/ExternalStorageProvider.apk' with 1 weak references
05-30 16:53:30.965 W/bei.lerad.rocky( 2593): ApkAssets: Deleting an ApkAssets object ' and /system/app/HTMLViewer/HTMLViewer.apk' with 1 weak references
05-30 16:53:30.965 W/bei.lerad.rocky( 2593): ApkAssets: Deleting an ApkAssets object ' and /system/app/CompanionDeviceManager/CompanionDeviceManager.apk' with 1 weak references
05-30 16:53:30.965 W/bei.lerad.rocky( 2593): ApkAssets: Deleting an ApkAssets object ' and /system/priv-app/DownloadProvider/DownloadProvider.apk' with 1 weak references
05-30 16:53:30.965 W/bei.lerad.rocky( 2593): ApkAssets: Deleting an ApkAssets object ' and /system/priv-app/TvProvider/TvProvider.apk' with 1 weak references
05-30 16:53:30.965 W/bei.lerad.rocky( 2593): ApkAssets: Deleting an ApkAssets object '/product/overlay/TvProviderOverlay.apk' with 1 weak references
05-30 16:53:30.966 W/bei.lerad.rocky( 2593): ApkAssets: Deleting an ApkAssets object ' and /product/app/DLNA/DLNA.apk' with 1 weak references
05-30 16:53:30.966 W/bei.lerad.rocky( 2593): ApkAssets: Deleting an ApkAssets object ' and /system_ext/priv-app/droidlogic-res/droidlogic-res.apk' with 1 weak references
05-30 16:53:30.966 W/bei.lerad.rocky( 2593): ApkAssets: Deleting an ApkAssets object ' and /system_ext/priv-app/DroidTvSettings/DroidTvSettings.apk' with 1 weak references
05-30 16:53:30.967 W/bei.lerad.rocky( 2593): ApkAssets: Deleting an ApkAssets object ' and /system/app/LedCtrl/LedCtrl.apk' with 1 weak references
05-30 16:53:30.967 W/bei.lerad.rocky( 2593): ApkAssets: Deleting an ApkAssets object ' and /system/app/dangbei-media-player/dangbei-media-player.apk' with 1 weak references
05-30 16:53:30.967 W/bei.lerad.rocky( 2593): ApkAssets: Deleting an ApkAssets object ' and /system/app/PacProcessor/PacProcessor.apk' with 1 weak references
05-30 16:53:30.968 W/bei.lerad.rocky( 2593): ApkAssets: Deleting an ApkAssets object ' and /apex/com.android.permission/priv-app/SafetyCenterResources@UD2A.240505.001.W1/SafetyCenterResources.apk' with 1 weak references
05-30 16:53:30.968 W/bei.lerad.rocky( 2593): ApkAssets: Deleting an ApkAssets object ' and /system/priv-app/NetworkStack/NetworkStack.apk' with 1 weak references
05-30 16:53:30.968 W/bei.lerad.rocky( 2593): ApkAssets: Deleting an ApkAssets object '/product/overlay/TvNetworkStackOverlay.apk' with 1 weak references
05-30 16:53:30.968 W/bei.lerad.rocky( 2593): ApkAssets: Deleting an ApkAssets object ' and /apex/com.android.tethering/priv-app/ServiceConnectivityResources@UD2A.240505.001.W1/ServiceConnectivityResources.apk' with 1 weak references
05-30 16:53:30.968 W/bei.lerad.rocky( 2593): ApkAssets: Deleting an ApkAssets object ' and /product/app/ModuleMetadata/ModuleMetadata.apk' with 1 weak references
05-30 16:53:30.968 W/bei.lerad.rocky( 2593): ApkAssets: Deleting an ApkAssets object ' and /system/app/CertInstaller/CertInstaller.apk' with 1 weak references
05-30 16:53:30.968 W/bei.lerad.rocky( 2593): ApkAssets: Deleting an ApkAssets object ' and /system/framework/framework-res.apk' with 1 weak references
05-30 16:53:30.970 W/bei.lerad.rocky( 2593): ApkAssets: Deleting an ApkAssets object ' and /product/app/Camera2/Camera2.apk' with 1 weak references
05-30 16:53:30.970 W/bei.lerad.rocky( 2593): ApkAssets: Deleting an ApkAssets object ' and /system/priv-app/MtpService/MtpService.apk' with 1 weak references
05-30 16:53:30.970 W/bei.lerad.rocky( 2593): ApkAssets: Deleting an ApkAssets object ' and /system/priv-app/StatementService/StatementService.apk' with 1 weak references
05-30 16:53:30.971 W/bei.lerad.rocky( 2593): ApkAssets: Deleting an ApkAssets object ' and /system/app/dangbei-screencast/dangbei-screencast.apk' with 1 weak references
05-30 16:53:30.972 W/bei.lerad.rocky( 2593): ApkAssets: Deleting an ApkAssets object ' and /product/priv-app/SettingsIntelligence/SettingsIntelligence.apk' with 1 weak references
05-30 16:53:30.972 W/bei.lerad.rocky( 2593): ApkAssets: Deleting an ApkAssets object ' and /system/app/dangbei-launcher/dangbei-launcher.apk' with 1 weak references
05-30 16:53:30.972 W/bei.lerad.rocky( 2593): ApkAssets: Deleting an ApkAssets object ' and /system/priv-app/SettingsProvider/SettingsProvider.apk' with 1 weak references
05-30 16:53:30.972 W/bei.lerad.rocky( 2593): ApkAssets: Deleting an ApkAssets object '/product/overlay/TvSettingsProviderOverlay.apk' with 1 weak references
05-30 16:53:30.972 W/bei.lerad.rocky( 2593): ApkAssets: Deleting an ApkAssets object '/product/overlay/WifiOverlay.apk' with 1 weak references
05-30 16:53:30.973 W/bei.lerad.rocky( 2593): ApkAssets: Deleting an ApkAssets object ' and /system/app/PrintSpooler/PrintSpooler.apk' with 1 weak references
05-30 16:53:30.973 W/bei.lerad.rocky( 2593): ApkAssets: Deleting an ApkAssets object ' and /system/app/BasicDreams/BasicDreams.apk' with 1 weak references
05-30 16:53:30.973 W/bei.lerad.rocky( 2593): ApkAssets: Deleting an ApkAssets object ' and /system/priv-app/InputDevices/InputDevices.apk' with 1 weak references
05-30 16:53:30.973 W/bei.lerad.rocky( 2593): ApkAssets: Deleting an ApkAssets object ' and /apex/com.android.rkpd/priv-app/rkpdapp@UD2A.240505.001.W1/rkpdapp.apk' with 1 weak references
05-30 16:53:30.973 W/bei.lerad.rocky( 2593): ApkAssets: Deleting an ApkAssets object ' and /system/app/InputMacSn/InputMacSn.apk' with 1 weak references
05-30 16:53:30.973 W/bei.lerad.rocky( 2593): ApkAssets: Deleting an ApkAssets object ' and /system/priv-app/MusicFX/MusicFX.apk' with 1 weak references
05-30 16:53:30.974 W/bei.lerad.rocky( 2593): ApkAssets: Deleting an ApkAssets object ' and /system/priv-app/dangbei-boot-guide/dangbei-boot-guide.apk' with 1 weak references
05-30 16:53:30.974 W/bei.lerad.rocky( 2593): ApkAssets: Deleting an ApkAssets object ' and /system/app/ExtShared/ExtShared.apk' with 1 weak references
05-30 16:53:30.974 W/bei.lerad.rocky( 2593): ApkAssets: Deleting an ApkAssets object ' and /system/app/KeyChain/KeyChain.apk' with 1 weak references
05-30 16:53:30.975 W/bei.lerad.rocky( 2593): ApkAssets: Deleting an ApkAssets object ' and /apex/com.android.extservices/priv-app/ExtServices@UD2A.240505.001.W1/ExtServices.apk' with 1 weak references
05-30 16:53:30.975 W/bei.lerad.rocky( 2593): ApkAssets: Deleting an ApkAssets object ' and /apex/com.android.wifi/priv-app/ServiceWifiResources@UD2A.240505.001.W1/ServiceWifiResources.apk' with 1 weak references
05-30 16:53:30.975 W/bei.lerad.rocky( 2593): ApkAssets: Deleting an ApkAssets object '/product/overlay/TvWifiOverlay.apk' with 1 weak references
05-30 16:53:30.975 W/bei.lerad.rocky( 2593): ApkAssets: Deleting an ApkAssets object '/product/overlay/WiFiTetheringOverlay.apk' with 1 weak references
05-30 16:53:30.975 W/bei.lerad.rocky( 2593): ApkAssets: Deleting an ApkAssets object ' and /system/app/CameraExtensionsProxy/CameraExtensionsProxy.apk' with 1 weak references
05-30 16:53:30.975 W/bei.lerad.rocky( 2593): ApkAssets: Deleting an ApkAssets object ' and /system_ext/priv-app/MicToggleProvider/MicToggleProvider.apk' with 1 weak references
05-30 16:53:30.976 W/bei.lerad.rocky( 2593): ApkAssets: Deleting an ApkAssets object ' and /system/priv-app/PackageInstaller_tv/PackageInstaller_tv.apk' with 1 weak references
05-30 16:53:30.976 W/bei.lerad.rocky( 2593): ApkAssets: Deleting an ApkAssets object ' and /system/app/FactoryTest_oranth/FactoryTest_oranth.apk' with 1 weak references
05-30 16:53:30.976 W/bei.lerad.rocky( 2593): ApkAssets: Deleting an ApkAssets object ' and /system/priv-app/ProxyHandler/ProxyHandler.apk' with 1 weak references
05-30 16:53:30.976 W/bei.lerad.rocky( 2593): ApkAssets: Deleting an ApkAssets object ' and /system/priv-app/IntentResolver/IntentResolver.apk' with 1 weak references
05-30 16:53:30.976 W/bei.lerad.rocky( 2593): ApkAssets: Deleting an ApkAssets object ' and /system/priv-app/ManagedProvisioning/ManagedProvisioning.apk' with 1 weak references
05-30 16:53:30.977 W/bei.lerad.rocky( 2593): ApkAssets: Deleting an ApkAssets object ' and /system/app/UsbOpenFT/UsbOpenFT.apk' with 1 weak references
05-30 16:53:30.977 W/bei.lerad.rocky( 2593): ApkAssets: Deleting an ApkAssets object ' and /system/priv-app/SoundPicker/SoundPicker.apk' with 1 weak references
05-30 16:53:30.977 W/bei.lerad.rocky( 2593): ApkAssets: Deleting an ApkAssets object ' and /system/app/dangbei-etna-service/dangbei-etna-service.apk' with 1 weak references
05-30 16:53:30.977 W/bei.lerad.rocky( 2593): ApkAssets: Deleting an ApkAssets object ' and /product/app/Miracast/Miracast.apk' with 1 weak references
05-30 16:53:30.977 W/bei.lerad.rocky( 2593): ApkAssets: Deleting an ApkAssets object ' and /system/app/dangbei-file-manager/dangbei-file-manager.apk' with 1 weak references
05-30 16:53:30.977 W/bei.lerad.rocky( 2593): ApkAssets: Deleting an ApkAssets object ' and /system/app/PowerUI/PowerUI.apk' with 1 weak references
05-30 16:53:30.978 W/bei.lerad.rocky( 2593): ApkAssets: Deleting an ApkAssets object ' and /system/app/dangbei-screensaver/dangbei-screensaver.apk' with 1 weak references
05-30 16:53:30.978 W/bei.lerad.rocky( 2593): ApkAssets: Deleting an ApkAssets object ' and /product/app/Music/Music.apk' with 1 weak references
05-30 16:53:30.978 W/bei.lerad.rocky( 2593): ApkAssets: Deleting an ApkAssets object ' and /system/priv-app/Shell/Shell.apk' with 1 weak references
05-30 16:53:30.979 W/bei.lerad.rocky( 2593): ApkAssets: Deleting an ApkAssets object ' and /system/priv-app/UserDictionaryProvider/UserDictionaryProvider.apk' with 1 weak references
05-30 16:53:30.979 W/bei.lerad.rocky( 2593): ApkAssets: Deleting an ApkAssets object ' and /apex/com.android.mediaprovider/priv-app/MediaProvider@UD2A.240505.001.W1/MediaProvider.apk' with 1 weak references
05-30 16:53:30.979 W/bei.lerad.rocky( 2593): ApkAssets: Deleting an ApkAssets object ' and /system/app/Low_storage_dialog/Low_storage_dialog.apk' with 1 weak references
05-30 16:53:30.979 W/bei.lerad.rocky( 2593): ApkAssets: Deleting an ApkAssets object ' and /apex/com.android.wifi/app/OsuLogin@UD2A.240505.001.W1/OsuLogin.apk' with 1 weak references
05-30 16:53:30.979 W/bei.lerad.rocky( 2593): ApkAssets: Deleting an ApkAssets object ' and /system/priv-app/FusedLocation/FusedLocation.apk' with 1 weak references
05-30 16:53:30.979 W/bei.lerad.rocky( 2593): ApkAssets: Deleting an ApkAssets object ' and /product/app/DeskClock/DeskClock.apk' with 1 weak references
05-30 16:53:30.980 W/bei.lerad.rocky( 2593): ApkAssets: Deleting an ApkAssets object ' and /system_ext/priv-app/TvSystemUI/TvSystemUI.apk' with 1 weak references
05-30 16:53:30.980 W/bei.lerad.rocky( 2593): ApkAssets: Deleting an ApkAssets object '/vendor/overlay/TvSystemUI__auto_generated_rro_vendor.apk' with 1 weak references
05-30 16:53:30.981 W/bei.lerad.rocky( 2593): ApkAssets: Deleting an ApkAssets object '/product/overlay/SystemUIOverlay.apk' with 1 weak references
05-30 16:53:30.981 W/bei.lerad.rocky( 2593): ApkAssets: Deleting an ApkAssets object ' and /system/app/dangbei-setting/dangbei-setting.apk' with 1 weak references
05-30 16:53:30.981 W/bei.lerad.rocky( 2593): ApkAssets: Deleting an ApkAssets object ' and /apex/com.android.permission/priv-app/PermissionController@UD2A.240505.001.W1/PermissionController.apk' with 1 weak references
05-30 16:53:30.982 W/bei.lerad.rocky( 2593): ApkAssets: Deleting an ApkAssets object ' and /vendor/priv-app/AppInstaller/AppInstaller.apk' with 1 weak references
05-30 16:53:30.982 W/bei.lerad.rocky( 2593): ApkAssets: Deleting an ApkAssets object ' and /apex/com.android.btservices/app/Bluetooth@UD2A.240505.001.W1/Bluetooth.apk' with 1 weak references
05-30 16:53:30.983 W/bei.lerad.rocky( 2593): ApkAssets: Deleting an ApkAssets object ' and /system/priv-app/ContactsProvider/ContactsProvider.apk' with 1 weak references
05-30 16:53:30.983 W/bei.lerad.rocky( 2593): ApkAssets: Deleting an ApkAssets object ' and /system/app/CaptivePortalLogin/CaptivePortalLogin.apk' with 1 weak references
05-30 16:53:30.983 W/bei.lerad.rocky( 2593): ApkAssets: Deleting an ApkAssets object ' and /apex/com.android.devicelock/priv-app/DeviceLockController@UD2A.240505.001.W1/DeviceLockController.apk' with 1 weak references
05-30 16:53:30.984 W/bei.lerad.rocky( 2593): ApkAssets: Deleting an ApkAssets object ' and /apex/com.android.extservices/priv-app/AdExtServicesApk@UD2A.240505.001.W1/AdExtServicesApk.apk' with 1 weak references
05-30 16:53:31.524 E/dangbei111( 1892): cccccc 有device 正在bonding 暂不开启扫描
05-30 16:53:32.159 I/WifiService( 718): startScan uid=10029
05-30 16:53:32.167 D/InstantWifi( 718): Drop, size: 0
05-30 16:53:32.824 D/hq ( 2251): NetWorkStateReceiver:::检查网络,并且持续更新 isConnect=false
05-30 16:53:33.899 D/ActivityManager( 718): freezing 2073 com.android.providers.calendar
05-30 16:53:33.934 D/ActivityManager( 718): freezing 1539 com.android.providers.tv
05-30 16:53:34.491 D/ActivityManager( 718): freezing 2276 com.android.rkpdapp
05-30 16:53:34.700 D/WifiNl80211Manager( 718): Scan result ready event
05-30 16:53:34.700 D/WifiNative( 718): Scan result ready event
05-30 16:53:34.726 D/WificondScannerImpl( 718): Filtering out 11 scan results.
05-30 16:53:34.777 E/hq ( 2251): NetWorkStateReceiver:::NetWorkStateReceiver onReceive: 网络变化广播 >>>> intent.action=android.net.wifi.SCAN_RESULTS
05-30 16:53:34.784 I/WifiHAL ( 527): call wifi_get_link_stats handler
05-30 16:53:34.784 I/WifiHAL ( 527): Creating message to get link statistics; iface = 16
05-30 16:53:34.784 D/WifiHAL ( 527): error code -95 mapped to -3
05-30 16:53:34.785 E/WifiStaIfaceAidlImpl( 718): getLinkLayerStats failed with service-specific exception: android.os.ServiceSpecificException: (code 4)
05-30 16:53:34.830 W/eventbuscore( 2251): post Event:com.dangbei.leard.base.entity.event.NetWifiRssiEvent
05-30 16:53:34.833 D/hq ( 2251): NetWorkStateReceiver:::检查网络,并且持续更新 isConnect=false
05-30 16:53:34.959 D/ActivityManager( 718): freezing 2359 com.android.statementservice
05-30 16:53:34.994 I/system_server( 718): Background concurrent copying GC freed 322397(13MB) AllocSpace objects, 21(420KB) LOS objects, 49% free, 12MB/25MB, paused 234us,141us total 222.846ms
05-30 16:53:36.834 D/hq ( 2251): NetWorkStateReceiver:::检查网络,并且持续更新 isConnect=false
05-30 16:53:36.871 D/CompatibilityChangeReporter( 718): Compat change id reported: 135634846; UID 10039; state: DISABLED
05-30 16:53:36.872 D/CompatibilityChangeReporter( 718): Compat change id reported: 143937733; UID 10039; state: DISABLED
05-30 16:53:36.891 D/Zygote ( 494): Forked child process 3073
05-30 16:53:36.892 I/ActivityManager( 718): Start proc 3073:com.sohu.inputmethod.sogou.tv/u0a39 for service {com.sohu.inputmethod.sogou.tv/com.sohu.inputmethod.sogou.tv.SogouIME}
05-30 16:53:36.902 I/Zygote ( 3073): seccomp disabled by setenforce 0
05-30 16:53:36.910 I/method.sogou.tv( 3073): Using CollectorTypeCC GC.
05-30 16:53:36.917 E/method.sogou.tv( 3073): Not starting debugger since process cannot load the jdwp agent.
05-30 16:53:36.929 D/CompatibilityChangeReporter( 718): Compat change id reported: 168419799; UID 10039; state: DISABLED
05-30 16:53:36.930 D/CompatibilityChangeReporter( 718): Compat change id reported: 273564678; UID 10039; state: DISABLED
05-30 16:53:36.932 D/CompatibilityChangeReporter( 718): Compat change id reported: 265195908; UID 10039; state: ENABLED
05-30 16:53:36.935 D/CompatibilityChangeReporter( 3073): Compat change id reported: 171979766; UID 10039; state: DISABLED
05-30 16:53:36.935 D/CompatibilityChangeReporter( 3073): Compat change id reported: 242716250; UID 10039; state: DISABLED
05-30 16:53:36.938 D/CompatibilityChangeReporter( 718): Compat change id reported: 170503758; UID 10039; state: DISABLED
05-30 16:53:36.940 D/ApplicationLoaders( 3073): Returning zygote-cached class loader: /system/framework/android.test.base.jar
05-30 16:53:36.941 D/ApplicationLoaders( 3073): Returning zygote-cached class loader: /system/framework/android.hidl.manager-V1.0-java.jar
05-30 16:53:36.941 D/ApplicationLoaders( 3073): Returning zygote-cached class loader: /system/framework/android.hidl.base-V1.0-java.jar
05-30 16:53:36.952 D/nativeloader( 3073): Configuring clns-shared-4 for other apk /system/app/com.sohu.inputmethod.sogou.tv/com.sohu.inputmethod.sogou.tv.apk. target_sdk_version=28, uses_libraries=, library_path=/system/app/com.sohu.inputmethod.sogou.tv/lib/arm:/system/app/com.sohu.inputmethod.sogou.tv/com.sohu.inputmethod.sogou.tv.apk!/lib/armeabi-v7a:/system/lib:/system_ext/lib, permitted_path=/data:/mnt/expand:/data/user_de/0/com.sohu.inputmethod.sogou.tv:/system/app/com.sohu.inputmethod.sogou.tv:/system/lib:/system_ext/lib
05-30 16:53:36.992 V/GraphicsEnvironment( 3073): Currently set values for:
05-30 16:53:36.992 V/GraphicsEnvironment( 3073): angle_gl_driver_selection_pkgs=[]
05-30 16:53:36.992 V/GraphicsEnvironment( 3073): angle_gl_driver_selection_values=[]
05-30 16:53:36.993 V/GraphicsEnvironment( 3073): ANGLE GameManagerService for com.sohu.inputmethod.sogou.tv: false
05-30 16:53:36.993 V/GraphicsEnvironment( 3073): com.sohu.inputmethod.sogou.tv is not listed in per-application setting
05-30 16:53:36.993 V/GraphicsEnvironment( 3073): Neither updatable production driver nor prerelease driver is supported.
05-30 16:53:37.001 I/MultiDex( 3073): VM with version 2.1.0 has multidex support
05-30 16:53:37.001 I/MultiDex( 3073): Installing application
05-30 16:53:37.001 I/MultiDex( 3073): VM has multidex support, MultiDex support library is disabled.
05-30 16:53:37.049 E/SogouIME( 3073): setupInputSurface
05-30 16:53:37.103 I/DefaultIMS( 3073): DefaultIMS::onCreate()
05-30 16:53:37.104 I/DefaultIMS( 3073): DefaultIMS::onCreate() finish
05-30 16:53:37.113 D/CompatibilityChangeReporter( 3073): Compat change id reported: 237531167; UID 10039; state: DISABLED
05-30 16:53:37.115 W/OpenGLRenderer( 3073): Unknown dataspace 0
05-30 16:53:37.121 W/WindowManager( 718): [addWindow] title:InputMethod
05-30 16:53:37.132 D/CoreBackPreview( 718): Window{a9deade u0 InputMethod}: Setting back callback OnBackInvokedCallbackInfo{mCallback=android.window.IOnBackInvokedCallback$Stub$Proxy@ef7fddb, mPriority=0, mIsAnimationCallback=false}
05-30 16:53:37.139 D/CompatibilityChangeReporter( 718): Compat change id reported: 161145287; UID 10039; state: DISABLED
05-30 16:53:37.140 I/DefaultIMS( 3073): onInitializeInterface:
05-30 16:53:37.170 I/InputModelManager( 3073): mLanguageId+0 mInputType=-10000mChInputType=-10000
05-30 16:53:37.171 I/nw ( 3073): loadKeyData: loadLanguageInfoSuccess ? true
05-30 16:53:37.171 I/InputModelManager( 3073): getCurrentLanguageBean inputMode languageId:0
05-30 16:53:37.172 I/nw ( 3073): onChanged: languageResStatusBean=Language load status:
05-30 16:53:37.172 I/nw ( 3073): {}
05-30 16:53:37.182 I/InputModelManager( 3073): getCurrentLanguageBean inputMode languageId:0
05-30 16:53:37.190 D/InputSurface( 3073): initView:
05-30 16:53:37.191 I/MainPresenter( 3073): initView:
05-30 16:53:37.192 D/MainLayer( 3073): initView:
05-30 16:53:37.196 D/BodyAreaPresenter( 3073): initView:
05-30 16:53:37.226 I/DefaultIMS( 3073): DefaultIMS::onInitializeInterface() finish
05-30 16:53:37.229 D/CompatibilityChangeReporter( 3073): Compat change id reported: 160794467; UID 10039; state: DISABLED
05-30 16:53:37.231 I/DefaultIMS( 3073): onStartInput attribute=android.view.inputmethod.EditorInfo@8661a7a restarting=false inputType: 0
05-30 16:53:37.256 I/LanguageResManager( 3073): prepareResource onSuccess:
05-30 16:53:37.256 I/nw ( 3073): onChanged: languageResStatusBean=Language load status:
05-30 16:53:37.256 I/nw ( 3073): {zh=3}
05-30 16:53:37.256 I/DefaultIMS( 3073): initializedCallback: time tag1=1748595217256
05-30 16:53:37.256 I/nw ( 3073): initializeInputSession: inputMode=languageID=0
05-30 16:53:37.256 I/nw ( 3073): scriptID=2
05-30 16:53:37.256 I/nw ( 3073): layoutID=2
05-30 16:53:37.257 I/KeyEventTransfer( 3073): languageID=0
05-30 16:53:37.257 I/KeyEventTransfer( 3073): scriptID=2
05-30 16:53:37.257 I/KeyEventTransfer( 3073): layoutID=2
05-30 16:53:37.293 D/CompatibilityChangeReporter( 718): Compat change id reported: 149924527; UID 10039; state: ENABLED
05-30 16:53:37.294 D/CompatibilityChangeReporter( 718): Compat change id reported: 132649864; UID 10039; state: DISABLED
05-30 16:53:37.313 W/MediaProvider( 1893): isAppCloneUserPair for user 0: false
05-30 16:53:37.315 W/MediaProvider( 1893): isAppCloneUserPair for user 0: false
05-30 16:53:37.316 W/MediaProvider( 1893): isAppCloneUserPair for user 0: false
05-30 16:53:37.329 W/MediaProvider( 1893): isAppCloneUserPair for user 0: false
05-30 16:53:37.568 I/chromium( 3073): [0530/165337:INFO:config_service.cc(227)] Load config buffer. err_code = 3, err_msg = Line: 1, column: 1, Unexpected token.
05-30 16:53:37.604 I/CHInputSession( 3073): set engine mode: 2 layout: 2
05-30 16:53:37.611 D/CHJNIDefault( 3073): setInputMode value=-1
05-30 16:53:37.612 I/InputContext( 3073): onChanged: candidateWords=[]
05-30 16:53:37.612 I/InputContext( 3073): onChanged: candidateWordInfo.size=0 global offset: 0pausedCandidateData = false
05-30 16:53:37.612 I/InputContext( 3073): onChanged: composing=null
05-30 16:53:37.612 I/InputContext( 3073): onChanged: forCompose=false
05-30 16:53:37.615 I/nw ( 3073): onChanged: input mode:languageID=0
05-30 16:53:37.615 I/nw ( 3073): scriptID=2
05-30 16:53:37.615 I/nw ( 3073): layoutID=2
05-30 16:53:37.752 I/rgb_led_ctl( 3105): type=1400 audit(0.0:2107): avc: denied { write } for name="spidev1.0" dev="tmpfs" ino=534 scontext=u:r:init:s0 tcontext=u:object_r:device:s0 tclass=chr_file permissive=1
05-30 16:53:37.752 I/rgb_led_ctl( 3105): type=1400 audit(0.0:2108): avc: denied { open } for path="/dev/spidev1.0" dev="tmpfs" ino=534 scontext=u:r:init:s0 tcontext=u:object_r:device:s0 tclass=chr_file permissive=1
05-30 16:53:37.752 I/rgb_led_ctl( 3105): type=1400 audit(0.0:2109): avc: denied { ioctl } for path="/dev/spidev1.0" dev="tmpfs" ino=534 ioctlcmd=0x6b01 scontext=u:r:init:s0 tcontext=u:object_r:device:s0 tclass=chr_file permissive=1
05-30 16:53:37.779 D/ActivityManager( 718): freezing 1141 com.android.permissioncontroller
05-30 16:53:38.836 D/hq ( 2251): NetWorkStateReceiver:::检查网络,并且持续更新 isConnect=false
05-30 16:53:39.810 I/efs.send_log( 2598): log cann't be send because net status is disconnected
05-30 16:53:40.837 D/hq ( 2251): NetWorkStateReceiver:::检查网络,并且持续更新 isConnect=false
05-30 16:53:41.459 W/bluetooth( 1322): packages/modules/Bluetooth/system/stack/smp/smp_utils.cc:980 smp_proc_pairing_cmpl: Pairing process has failed to remote:xx:xx:xx:xx:c0:53 smp_reason:SMP_FAIL sec_level:0x0
05-30 16:53:41.460 W/bt_stack( 1322): [WARNING:l2c_api.cc(1529)] L2CA_RemoveFixedChnl BDA: e4:bb:d3:57:c0:53 CID: 0x0006 not connected
05-30 16:53:41.460 I/bluetooth( 1322): packages/modules/Bluetooth/system/stack/btm/btm_dev.cc:174 BTM_SecDeleteDevice: Remove device xx:xx:xx:xx:c0:53 from filter accept list before delete record
05-30 16:53:41.460 I/bluetooth( 1322): packages/modules/Bluetooth/system/stack/btm/btm_dev.cc:192 BTM_SecDeleteDevice: BTM_SecDeleteDevice xx:xx:xx:xx:c0:53 complete
05-30 16:53:41.460 I/bt_btif_storage( 1322): packages/modules/Bluetooth/system/btif/src/btif_storage.cc:1263 btif_storage_remove_ble_bonding_keys: Removing bonding keys for bd addr:xx:xx:xx:xx:c0:53
05-30 16:53:41.460 I/bt_btif_dm( 1322): packages/modules/Bluetooth/system/btif/src/btif_dm.cc:489 get_cod: get_cod remote_cod = 0x0000050c
05-30 16:53:41.460 I/bt_btif_dm( 1322): packages/modules/Bluetooth/system/btif/src/btif_dm.cc:571 bond_state_changed: Bond state changed to state=0 [0:none, 1:bonding, 2:bonded], prev_state=1, sdp_attempts = 0
05-30 16:53:41.460 E/BluetoothMetricIdManager( 1322): packages/modules/Bluetooth/system/gd/common/metric_id_manager.cc:190 ForgetDevice: Failed to remove device from paired_device_cache_
05-30 16:53:41.460 I/bt_btif_dm( 1322): packages/modules/Bluetooth/system/btif/src/btif_dm.cc:620 bond_state_changed: clearing btif pairing_cb
05-30 16:53:41.460 E/bt_btm ( 1322): packages/modules/Bluetooth/system/main/bte_logmsg.cc:105 LogMsg: btm_proc_smp_cback: p_dev_rec is NULL
05-30 16:53:41.460 E/bt_stack( 1322): [ERROR:bta_gattc_utils.cc(576)] bta_gattc_mark_bg_conn unable to find the bg connection mask for bd_addr=xx:xx:xx:xx:c0:53
05-30 16:53:41.460 I/BluetoothBondStateMachine( 1322): bondStateChangeCallback: Status: 1 Address: XX:XX:XX:XX:C0:53 newState: 0 hciReason: 0
05-30 16:53:41.461 I/bluetooth( 1322): packages/modules/Bluetooth/system/gd/metrics/metrics_state.cc:177 AddStateChangedEvent: LEConnectionMetricsRemoteDevice: Transaction State 0x00000003, Connection Type 0x00000001, Origin Type 0x00000000
05-30 16:53:41.461 I/bluetooth( 1322): packages/modules/Bluetooth/system/gd/metrics/metrics_state.cc:183 AddStateChangedEvent: LEConnectionMetricsRemoteDevice: Empty Address Cancellation 0x00000003, 0x00000001, 0x00000003
05-30 16:53:41.461 I/bluetooth( 1322): packages/modules/Bluetooth/system/gd/metrics/metrics_state.cc:187 AddStateChangedEvent: LEConnectionMetricsRemoteDevice: Cancellation Begin
05-30 16:53:41.461 I/bluetooth( 1322): packages/modules/Bluetooth/system/gd/metrics/metrics_state.cc:58 AddStateChangedEvent: LEConnectionMetricState: Origin Type: 0x00000000, Connection Type: 0x00000001, Transaction State: 0x00000003
05-30 16:53:41.461 I/bluetooth( 1322): packages/modules/Bluetooth/system/gd/hci/acl_manager/le_impl.h:1039 disarm_connectability: Disarming LE connection state machine with create connection cancel
05-30 16:53:41.461 I/bluetooth( 1322): packages/modules/Bluetooth/system/gd/hci/le_address_manager.cc:265 ack_pause: Client already in paused state
05-30 16:53:41.466 D/AdapterProperties( 1322): Failed to remove device: XX:XX:XX:XX:C0:53
05-30 16:53:41.466 D/BluetoothRemoteDevices( 1322): removeDualDevicesMapXX:XX:XX:XX:C0:53
05-30 16:53:41.470 D/BluetoothRemoteDevices( 1322): mDualDevicesMap not have E4:BB:D3:57:C0:53
05-30 16:53:41.470 W/bluetooth( 1322): packages/modules/Bluetooth/system/gd/hci/acl_manager/le_impl.h:1312 on_create_connection_cancel_complete: Received on_create_connection_cancel_complete with error code COMMAND_DISALLOWED
05-30 16:53:41.470 W/bluetooth( 1322): packages/modules/Bluetooth/system/gd/hci/acl_manager/le_impl.h:1314 on_create_connection_cancel_complete: AckPause
05-30 16:53:41.470 I/bluetooth( 1322): packages/modules/Bluetooth/system/gd/hci/le_address_manager.cc:265 ack_pause: Client already in paused state
05-30 16:53:41.470 I/bluetooth( 1322): packages/modules/Bluetooth/system/gd/hci/le_address_manager.cc:265 ack_pause: Client already in paused state
05-30 16:53:41.471 D/BluetoothCompanionManager( 1322): remove metadata listener: XX:XX:XX:XX:C0:53
05-30 16:53:41.471 D/BluetoothAdapter( 1322): removeOnMetadataChangedListener()
05-30 16:53:41.473 I/bluetooth( 1322): packages/modules/Bluetooth/system/gd/hci/le_address_manager.cc:596 OnCommandComplete: Received command complete with op_code LE_REMOVE_DEVICE_FROM_FILTER_ACCEPT_LIST
05-30 16:53:41.473 I/bluetooth( 1322): packages/modules/Bluetooth/system/gd/hci/le_address_manager.cc:294 resume_registered_clients: Resuming registered clients
05-30 16:53:41.480 I/BluetoothBondStateMachine( 1322): Bond State Change Intent:XX:XX:XX:XX:C0:53 BOND_BONDING => BOND_NONE
05-30 16:53:41.480 W/HeadsetClientService( 1322): getHeadsetClientService(): service is null
05-30 16:53:41.480 W/PbapClientService( 1322): getPbapClientService(): service is null
05-30 16:53:41.480 V/BluetoothDatabase( 1322): setProfileConnectionPolicy connection policy not changed.
05-30 16:53:41.480 D/A2dpService( 1322): Saved connectionPolicy XX:XX:XX:XX:C0:53 = -1
05-30 16:53:41.480 V/BluetoothDatabase( 1322): setProfileConnectionPolicy connection policy not changed.
05-30 16:53:41.480 D/OomAdjuster( 718): Not killing cached processes
05-30 16:53:41.481 I/HeadsetService( 1322): setConnectionPolicy: device=XX:XX:XX:XX:C0:53, connectionPolicy=-1, uid/pid=1002/1322
05-30 16:53:41.481 V/BluetoothDatabase( 1322): setProfileConnectionPolicy connection policy not changed.
05-30 16:53:41.481 I/BluetoothBondStateMachine( 1322): StableState(): Entering Off State
05-30 16:53:41.486 D/FastPairService( 718): onReceive: ACTION_BOND_STATE_CHANGED
05-30 16:53:41.486 D/FastPairService( 718): Forget device detect
05-30 16:53:41.489 I/BLE_Service( 1336): BOND STATE CHANGED [Dangbei] - was 11, now is 10
05-30 16:53:41.492 I/dangbei111( 1892): cccccc on receiver=android.bluetooth.device.action.BOND_STATE_CHANGED,mac=E4:BB:D3:57:C0:53
05-30 16:53:41.492 I/dangbei111( 1892): Wait for auto connection, processBondStateChange: bondState: 11 --> 10
05-30 16:53:41.494 D/A2dpService( 1322): Bond state changed for device: XX:XX:XX:XX:C0:53 state: 10
05-30 16:53:41.495 D/HearingAidService( 1322): Bond state changed for device: XX:XX:XX:XX:C0:53 state: 10
05-30 16:53:41.503 D/ActivityManager( 718): freezing 2017 android.process.acore
05-30 16:53:41.504 D/ActivityManager( 718): freezing 2051 android.process.media
05-30 16:53:41.507 E/dangbei111( 1892): cccccc 开始扫描
05-30 16:53:41.507 D/BluetoothAdapter( 1892): isLeEnabled(): ON
05-30 16:53:41.511 I/bt_stack( 1322): [INFO:le_scanning_manager.cc(155)] RegisterScanner in shim layer
05-30 16:53:41.512 D/BluetoothLeScanner( 1892): onScannerRegistered() - status=0 scannerId=2 mScannerId=0
05-30 16:53:41.521 D/ActivityAttributionService( 1322): notifyActivityAttributionInfo UID=1002 packageName=com.android.bluetooth deviceAddress=no_active_device_address
05-30 16:53:41.521 I/bt_btif ( 1322): packages/modules/Bluetooth/system/btif/src/bluetooth.cc:829 get_profile_interface: get_profile_interface: id = activity_attribution
05-30 16:53:41.523 D/BluetoothDatabase( 1322): getCustomMeta: device XX:XX:XX:XX:C0:53 is not in cache
05-30 16:53:41.523 I/bt_stack( 1322): [INFO:le_scanning_manager.cc(168)] Scan in shim layer stopped
05-30 16:53:41.524 I/bluetooth( 1322): packages/modules/Bluetooth/system/gd/hci/le_address_manager.cc:193 unregister_client: Client unregistered
05-30 16:53:41.524 I/bt_stack( 1322): [INFO:le_scanning_manager.cc(346)] SetScanParameters in shim layer
05-30 16:53:41.524 I/bt_stack( 1322): [INFO:le_scanning_manager.cc(168)] Scan in shim layer started
05-30 16:53:41.524 I/bluetooth( 1322): packages/modules/Bluetooth/system/gd/hci/le_scanning_manager.cc:588 stop_scan: Scanning already stopped, return!
05-30 16:53:41.524 I/bluetooth( 1322): packages/modules/Bluetooth/system/gd/hci/le_address_manager.cc:178 register_client: Client registered
05-30 16:53:41.526 W/BluetoothEventManager( 1336): showUnbondMessage: Not displaying any message for reason: 9
05-30 16:53:41.532 D/BluetoothDatabase( 1322): getCustomMeta: device XX:XX:XX:XX:C0:53 is not in cache
05-30 16:53:41.535 D/BluetoothAdapter( 1477): isLeEnabled(): ON
05-30 16:53:41.535 W/BluetoothEventManager( 1131): showUnbondMessage: Not displaying any message for reason: 9
05-30 16:53:41.538 D/BluetoothDatabase( 1322): getCustomMeta: device XX:XX:XX:XX:C0:53 is not in cache
05-30 16:53:41.541 D/BluetoothDatabase( 1322): getCustomMeta: device XX:XX:XX:XX:C0:53 is not in cache
05-30 16:53:42.839 D/hq ( 2251): NetWorkStateReceiver:::检查网络,并且持续更新 isConnect=false
05-30 16:53:44.621 E/WifiHealthMonitor( 718): Hit PackageManager exception
05-30 16:53:44.621 E/WifiHealthMonitor( 718): android.content.pm.PackageManager$NameNotFoundException: No module info for package: com.android.wifi
05-30 16:53:44.621 E/WifiHealthMonitor( 718): at android.app.ApplicationPackageManager.getModuleInfo(ApplicationPackageManager.java:1190)
05-30 16:53:44.621 E/WifiHealthMonitor( 718): at com.android.server.wifi.WifiHealthMonitor.getWifiStackVersion(WifiHealthMonitor.java:367)
05-30 16:53:44.621 E/WifiHealthMonitor( 718): at com.android.server.wifi.WifiHealthMonitor.extractCurrentSoftwareBuildInfo(WifiHealthMonitor.java:588)
05-30 16:53:44.621 E/WifiHealthMonitor( 718): at com.android.server.wifi.WifiHealthMonitor.postBootSwBuildCheck(WifiHealthMonitor.java:523)
05-30 16:53:44.621 E/WifiHealthMonitor( 718): at com.android.server.wifi.WifiHealthMonitor.postBootDetectionHandler(WifiHealthMonitor.java:514)
05-30 16:53:44.621 E/WifiHealthMonitor( 718): at com.android.server.wifi.WifiHealthMonitor.-$$Nest$mpostBootDetectionHandler(WifiHealthMonitor.java:0)
05-30 16:53:44.621 E/WifiHealthMonitor( 718): at com.android.server.wifi.WifiHealthMonitor$2.onAlarm(WifiHealthMonitor.java:190)
05-30 16:53:44.621 E/WifiHealthMonitor( 718): at android.app.AlarmManager$ListenerWrapper.run(AlarmManager.java:375)
05-30 16:53:44.621 E/WifiHealthMonitor( 718): at android.os.Handler.handleCallback(Handler.java:958)
05-30 16:53:44.621 E/WifiHealthMonitor( 718): at android.os.Handler.dispatchMessage(Handler.java:99)
05-30 16:53:44.621 E/WifiHealthMonitor( 718): at com.android.server.wifi.RunnerHandler.dispatchMessage(RunnerHandler.java:122)
05-30 16:53:44.621 E/WifiHealthMonitor( 718): at android.os.Looper.loopOnce(Looper.java:205)
05-30 16:53:44.621 E/WifiHealthMonitor( 718): at android.os.Looper.loop(Looper.java:294)
05-30 16:53:44.621 E/WifiHealthMonitor( 718): at android.os.HandlerThread.run(HandlerThread.java:67)
05-30 16:53:44.623 W/BestClock( 718): java.time.DateTimeException: Missing network time fix
05-30 16:53:44.632 D/ActivityManager( 718): sync unfroze 1539 com.android.providers.tv for 6
05-30 16:53:44.644 D/EpgDataCleanupService( 1539): Received intent: Intent { act=com.android.providers.tv.intent.CLEAN_UP_EPG_DATA cmp=com.android.providers.tv/.EpgDataCleanupService }
05-30 16:53:44.648 W/BestClock( 718): java.time.DateTimeException: Missing network time fix
05-30 16:53:44.644 I/binder:493_4( 493): type=1400 audit(0.0:2110): avc: denied { add_name } for name="globalAlert" scontext=u:r:netd:s0 tcontext=u:object_r:proc_net:s0 tclass=dir permissive=1
05-30 16:53:44.840 D/hq ( 2251): NetWorkStateReceiver:::检查网络,并且持续更新 isConnect=false
05-30 16:53:46.841 D/hq ( 2251): NetWorkStateReceiver:::检查网络,并且持续更新 isConnect=false
05-30 16:53:47.527 I/bt_stack( 1322): [INFO:le_scanning_manager.cc(168)] Scan in shim layer stopped
05-30 16:53:47.528 I/bluetooth( 1322): packages/modules/Bluetooth/system/gd/hci/le_address_manager.cc:193 unregister_client: Client unregistered
05-30 16:53:47.528 I/bt_stack( 1322): [INFO:le_scanning_manager.cc(346)] SetScanParameters in shim layer
05-30 16:53:47.528 I/bt_stack( 1322): [INFO:le_scanning_manager.cc(168)] Scan in shim layer started
05-30 16:53:47.528 I/bluetooth( 1322): packages/modules/Bluetooth/system/gd/hci/le_scanning_manager.cc:588 stop_scan: Scanning already stopped, return!
05-30 16:53:47.528 I/bluetooth( 1322): packages/modules/Bluetooth/system/gd/hci/le_address_manager.cc:178 register_client: Client registered
05-30 16:53:48.842 D/hq ( 2251): NetWorkStateReceiver:::检查网络,并且持续更新 isConnect=false
05-30 16:53:49.847 I/efs.send_log( 2598): log cann't be send because net status is disconnected
05-30 16:53:50.843 D/hq ( 2251): NetWorkStateReceiver:::检查网络,并且持续更新 isConnect=false
05-30 16:53:50.928 D/ActivityManager( 718): sync unfroze 1141 com.android.permissioncontroller for 6
05-30 16:53:50.932 D/OomAdjuster( 718): Not killing cached processes
05-30 16:53:50.932 W/ProcessStats( 718): Tracking association SourceState{d079e9f system/1000 ImpFg #442} whose proc state 5 is better than process ProcessState{a7131d8 com.android.permissioncontroller/10074 pkg=com.android.permissioncontroller} proc state 15 (1 skipped)
05-30 16:53:50.941 I/PermissionControllerServiceImpl( 1141): Updating user sensitive for user 0
05-30 16:53:52.845 D/hq ( 2251): NetWorkStateReceiver:::检查网络,并且持续更新 isConnect=false
05-30 16:53:54.676 D/ActivityManager( 718): freezing 1539 com.android.providers.tv
05-30 16:53:54.847 D/hq ( 2251): NetWorkStateReceiver:::检查网络,并且持续更新 isConnect=false
05-30 16:53:56.848 D/hq ( 2251): NetWorkStateReceiver:::检查网络,并且持续更新 isConnect=false
05-30 16:53:58.849 D/hq ( 2251): NetWorkStateReceiver:::检查网络,并且持续更新 isConnect=false
05-30 16:53:59.897 I/efs.send_log( 2598): log cann't be send because net status is disconnected
05-30 16:54:00.451 I/audio_hw_hal_alsamgr( 504): alsa format =0x1 delay frames =768 total frames=4284160
05-30 16:54:00.851 D/hq ( 2251): NetWorkStateReceiver:::检查网络,并且持续更新 isConnect=false
05-30 16:54:01.016 E/WifiScoringParams( 718): Invalid frequency(-1), using 5G as default rssi array
05-30 16:54:01.027 D/InstantWifi( 718): Drop, size: 0
05-30 16:54:01.092 D/OomAdjuster( 718): Not killing cached processes
05-30 16:54:01.594 W/BatteryExternalStatsWorker( 718): error reading Bluetooth stats: 11
05-30 16:54:02.853 D/hq ( 2251): NetWorkStateReceiver:::检查网络,并且持续更新 isConnect=false
05-30 16:54:03.560 D/WifiNl80211Manager( 718): Scan result ready event
05-30 16:54:03.561 D/WifiNative( 718): Scan result ready event
05-30 16:54:03.579 D/WificondScannerImpl( 718): Filtering out 14 scan results.
05-30 16:54:03.605 E/hq ( 2251): NetWorkStateReceiver:::NetWorkStateReceiver onReceive: 网络变化广播 >>>> intent.action=android.net.wifi.SCAN_RESULTS
05-30 16:54:03.611 I/WifiHAL ( 527): call wifi_get_link_stats handler
05-30 16:54:03.611 I/WifiHAL ( 527): Creating message to get link statistics; iface = 16
05-30 16:54:03.611 D/WifiHAL ( 527): error code -95 mapped to -3
05-30 16:54:03.612 E/WifiStaIfaceAidlImpl( 718): getLinkLayerStats failed with service-specific exception: android.os.ServiceSpecificException: (code 4)
05-30 16:54:03.622 W/eventbuscore( 2251): post Event:com.dangbei.leard.base.entity.event.NetWifiRssiEvent
05-30 16:54:03.711 D/bbb ( 2121): onStartCommand begin !!!!!!! data分区剩余 54630MB
05-30 16:54:03.713 D/CompatibilityChangeReporter( 718): Compat change id reported: 171306433; UID 1000; state: ENABLED
05-30 16:54:03.714 D/CompatibilityChangeReporter( 718): Compat change id reported: 218533173; UID 1000; state: ENABLED
05-30 16:54:04.854 D/hq ( 2251): NetWorkStateReceiver:::检查网络,并且持续更新 isConnect=false
05-30 16:54:04.858 I/WifiService( 718): startScan uid=10029
05-30 16:54:04.869 D/InstantWifi( 718): Drop, size: 0
05-30 16:54:06.856 D/hq ( 2251): NetWorkStateReceiver:::检查网络,并且持续更新 isConnect=false
05-30 16:54:07.402 D/WifiNl80211Manager( 718): Scan result ready event
05-30 16:54:07.403 D/WifiNative( 718): Scan result ready event
05-30 16:54:07.423 D/WificondScannerImpl( 718): Filtering out 9 scan results.
05-30 16:54:07.465 E/hq ( 2251): NetWorkStateReceiver:::NetWorkStateReceiver onReceive: 网络变化广播 >>>> intent.action=android.net.wifi.SCAN_RESULTS
05-30 16:54:07.469 I/WifiHAL ( 527): call wifi_get_link_stats handler
05-30 16:54:07.469 I/WifiHAL ( 527): Creating message to get link statistics; iface = 16
05-30 16:54:07.469 D/WifiHAL ( 527): error code -95 mapped to -3
05-30 16:54:07.469 E/WifiStaIfaceAidlImpl( 718): getLinkLayerStats failed with service-specific exception: android.os.ServiceSpecificException: (code 4)
05-30 16:54:07.481 W/eventbuscore( 2251): post Event:com.dangbei.leard.base.entity.event.NetWifiRssiEvent
05-30 16:54:08.653 D/OomAdjuster( 718): Not killing cached processes
05-30 16:54:08.857 D/hq ( 2251): NetWorkStateReceiver:::检查网络,并且持续更新 isConnect=false
05-30 16:54:09.897 I/efs.send_log( 2598): log cann't be send because net status is disconnected
05-30 16:54:10.859 D/hq ( 2251): NetWorkStateReceiver:::检查网络,并且持续更新 isConnect=false
05-30 16:54:11.108 D/ActivityManager( 718): freezing 1141 com.android.permissioncontroller
05-30 16:54:12.861 D/hq ( 2251): NetWorkStateReceiver:::检查网络,并且持续更新 isConnect=false
05-30 16:54:14.360 W/method.sogou.tv( 3073): Cleared Reference was only reachable from finalizer (only reported once)
05-30 16:54:14.862 D/hq ( 2251): NetWorkStateReceiver:::检查网络,并且持续更新 isConnect=false
05-30 16:54:16.863 D/hq ( 2251): NetWorkStateReceiver:::检查网络,并且持续更新 isConnect=false
05-30 16:54:18.864 D/hq ( 2251): NetWorkStateReceiver:::检查网络,并且持续更新 isConnect=false
05-30 16:54:19.944 I/efs.send_log( 2598): log cann't be send because net status is disconnected
05-30 16:54:20.865 D/hq ( 2251): NetWorkStateReceiver:::检查网络,并且持续更新 isConnect=false
05-30 16:54:22.867 D/hq ( 2251): NetWorkStateReceiver:::检查网络,并且持续更新 isConnect=false
05-30 16:54:24.869 D/hq ( 2251): NetWorkStateReceiver:::检查网络,并且持续更新 isConnect=false
05-30 16:54:26.870 D/hq ( 2251): NetWorkStateReceiver:::检查网络,并且持续更新 isConnect=false
05-30 16:54:28.871 D/hq ( 2251): NetWorkStateReceiver:::检查网络,并且持续更新 isConnect=false
05-30 16:54:29.972 I/efs.send_log( 2598): log cann't be send because net status is disconnected
05-30 16:54:30.872 D/hq ( 2251): NetWorkStateReceiver:::检查网络,并且持续更新 isConnect=false
05-30 16:54:32.450 I/audio_hw_hal_alsamgr( 504): alsa format =0x1 delay frames =768 total frames=5820160
05-30 16:54:32.873 D/hq ( 2251): NetWorkStateReceiver:::检查网络,并且持续更新 isConnect=false
05-30 16:54:34.874 D/hq ( 2251): NetWorkStateReceiver:::检查网络,并且持续更新 isConnect=false
05-30 16:54:36.876 D/hq ( 2251): NetWorkStateReceiver:::检查网络,并且持续更新 isConnect=false
05-30 16:54:37.546 I/WifiService( 718): startScan uid=10029
05-30 16:54:37.554 D/InstantWifi( 718): Drop, size: 0
05-30 16:54:38.877 D/hq ( 2251): NetWorkStateReceiver:::检查网络,并且持续更新 isConnect=false
05-30 16:54:40.016 I/efs.send_log( 2598): log cann't be send because net status is disconnected
05-30 16:54:40.088 D/WifiNl80211Manager( 718): Scan result ready event
05-30 16:54:40.088 D/WifiNative( 718): Scan result ready event
05-30 16:54:40.124 E/hq ( 2251): NetWorkStateReceiver:::NetWorkStateReceiver onReceive: 网络变化广播 >>>> intent.action=android.net.wifi.SCAN_RESULTS
05-30 16:54:40.127 I/WifiHAL ( 527): call wifi_get_link_stats handler
05-30 16:54:40.127 I/WifiHAL ( 527): Creating message to get link statistics; iface = 16
05-30 16:54:40.127 D/WifiHAL ( 527): error code -95 mapped to -3
05-30 16:54:40.128 E/WifiStaIfaceAidlImpl( 718): getLinkLayerStats failed with service-specific exception: android.os.ServiceSpecificException: (code 4)
05-30 16:54:40.146 W/eventbuscore( 2251): post Event:com.dangbei.leard.base.entity.event.NetWifiRssiEvent
05-30 16:54:40.879 D/hq ( 2251): NetWorkStateReceiver:::检查网络,并且持续更新 isConnect=false
05-30 16:54:42.880 D/hq ( 2251): NetWorkStateReceiver:::检查网络,并且持续更新 isConnect=false
05-30 16:54:44.881 D/hq ( 2251): NetWorkStateReceiver:::检查网络,并且持续更新 isConnect=false
05-30 16:54:46.882 D/hq ( 2251): NetWorkStateReceiver:::检查网络,并且持续更新 isConnect=false
05-30 16:54:48.883 D/hq ( 2251): NetWorkStateReceiver:::检查网络,并且持续更新 isConnect=false
05-30 16:54:50.063 I/efs.send_log( 2598): log cann't be send because net status is disconnected
05-30 16:54:50.884 D/hq ( 2251): NetWorkStateReceiver:::检查网络,并且持续更新 isConnect=false
05-30 16:54:52.886 D/hq ( 2251): NetWorkStateReceiver:::检查网络,并且持续更新 isConnect=false
05-30 16:54:54.887 D/hq ( 2251): NetWorkStateReceiver:::检查网络,并且持续更新 isConnect=false
05-30 16:54:56.889 D/hq ( 2251): NetWorkStateReceiver:::检查网络,并且持续更新 isConnect=false
05-30 16:54:58.893 D/hq ( 2251): NetWorkStateReceiver:::检查网络,并且持续更新 isConnect=false
05-30 16:55:00.111 I/efs.send_log( 2598): log cann't be send because net status is disconnected
05-30 16:55:00.896 D/hq ( 2251): NetWorkStateReceiver:::检查网络,并且持续更新 isConnect=false
05-30 16:55:02.897 D/hq ( 2251): NetWorkStateReceiver:::检查网络,并且持续更新 isConnect=false
05-30 16:55:03.716 D/OomAdjuster( 718): Not killing cached processes
05-30 16:55:03.720 D/bbb ( 2121): onStartCommand begin !!!!!!! data分区剩余 54624MB
05-30 16:55:04.451 I/audio_hw_hal_alsamgr( 504): alsa format =0x1 delay frames =768 total frames=7356160
05-30 16:55:04.899 D/hq ( 2251): NetWorkStateReceiver:::检查网络,并且持续更新 isConnect=false
05-30 16:55:06.902 D/hq ( 2251): NetWorkStateReceiver:::检查网络,并且持续更新 isConnect=false
05-30 16:55:08.904 D/hq ( 2251): NetWorkStateReceiver:::检查网络,并且持续更新 isConnect=false
