05-30 16:59:41.521 E/nStackXDFinder( 2771): GetLocalIp:[401] :GetLocalIp exec
05-30 16:59:41.524 D/nStackXCoAP( 2771): IsInSameNetwork:[276] :IsInSameNetwork exec
05-30 16:59:41.524 I/nStackXDFinder( 2771): GetLocalInterfaceDetail:[461] :GetLocalInterfaceDetail in
05-30 16:59:41.524 E/nStackXCoAP( 2771): IsInSameNetwork:[281] :IsInSameNetwork: not priority process
05-30 16:59:41.524 D/nStackXCoAP( 2771): ParseServiceDiscover:[330] :new device join
05-30 16:59:41.524 E/nStackXDFinder( 2771): GetLocalIp:[401] :GetLocalIp exec
05-30 16:59:41.552 D/nStackXCoAP( 2771): CoapMessageHandler:[133] :2.01
05-30 16:59:41.552 D/nStackXCoAP( 2771): CoapMessageHandler:[133] :2.01
05-30 16:59:41.572 D/nStackXCoAP( 2771): CoapMessageHandler:[133] :2.01
05-30 16:59:41.694 I/WifiHAL ( 527): call wifi_get_link_stats handler
05-30 16:59:41.694 I/WifiHAL ( 527): Creating message to get link statistics; iface = 16
05-30 16:59:41.694 D/WifiHAL ( 527): error code -95 mapped to -3
05-30 16:59:41.695 E/WifiStaIfaceAidlImpl( 718): getLinkLayerStats failed with service-specific exception: android.os.ServiceSpecificException: (code 4)
05-30 16:59:41.699 D/nStackXCoAP( 2771): IsInSameNetwork:[276] :IsInSameNetwork exec
05-30 16:59:41.700 I/nStackXDFinder( 2771): GetLocalInterfaceDetail:[461] :GetLocalInterfaceDetail in
05-30 16:59:41.700 E/nStackXCoAP( 2771): IsInSameNetwork:[281] :IsInSameNetwork: not priority process
05-30 16:59:41.700 D/nStackXCoAP( 2771): ParseServiceDiscover:[330] :new device join
05-30 16:59:41.700 E/nStackXDFinder( 2771): GetLocalIp:[401] :GetLocalIp exec
05-30 16:59:41.852 D/nStackXCoAP( 2771): CoapMessageHandler:[133] :2.01
05-30 16:59:41.855 D/nStackXCoAP( 2771): IsInSameNetwork:[276] :IsInSameNetwork exec
05-30 16:59:41.855 I/nStackXDFinder( 2771): GetLocalInterfaceDetail:[461] :GetLocalInterfaceDetail in
05-30 16:59:41.855 E/nStackXCoAP( 2771): IsInSameNetwork:[281] :IsInSameNetwork: not priority process
05-30 16:59:41.855 D/nStackXCoAP( 2771): ParseServiceDiscover:[330] :new device join
05-30 16:59:41.855 E/nStackXDFinder( 2771): GetLocalIp:[401] :GetLocalIp exec
05-30 16:59:41.990 D/nStackXCoAP( 2771): IsInSameNetwork:[276] :IsInSameNetwork exec
05-30 16:59:41.990 I/nStackXDFinder( 2771): GetLocalInterfaceDetail:[461] :GetLocalInterfaceDetail in
05-30 16:59:41.990 E/nStackXCoAP( 2771): IsInSameNetwork:[281] :IsInSameNetwork: not priority process
05-30 16:59:41.990 D/nStackXCoAP( 2771): ParseServiceDiscover:[330] :new device join
05-30 16:59:41.990 E/nStackXDFinder( 2771): GetLocalIp:[401] :GetLocalIp exec
05-30 16:59:42.207 D/nStackXCoAP( 2771): IsInSameNetwork:[276] :IsInSameNetwork exec
05-30 16:59:42.207 I/nStackXDFinder( 2771): GetLocalInterfaceDetail:[461] :GetLocalInterfaceDetail in
05-30 16:59:42.207 E/nStackXCoAP( 2771): IsInSameNetwork:[281] :IsInSameNetwork: not priority process
05-30 16:59:42.207 D/nStackXCoAP( 2771): ParseServiceDiscover:[330] :new device join
05-30 16:59:42.207 E/nStackXDFinder( 2771): GetLocalIp:[401] :GetLocalIp exec
05-30 16:59:42.216 D/nStackXCoAP( 2771): CoapMessageHandler:[133] :2.01
05-30 16:59:42.216 D/nStackXCoAP( 2771): CoapMessageHandler:[133] :2.01
05-30 16:59:42.390 D/nStackXCoAP( 2771): IsInSameNetwork:[276] :IsInSameNetwork exec
05-30 16:59:42.390 I/nStackXDFinder( 2771): GetLocalInterfaceDetail:[461] :GetLocalInterfaceDetail in
05-30 16:59:42.390 E/nStackXCoAP( 2771): IsInSameNetwork:[281] :IsInSameNetwork: not priority process
05-30 16:59:42.390 D/nStackXCoAP( 2771): ParseServiceDiscover:[330] :new device join
05-30 16:59:42.390 E/nStackXDFinder( 2771): GetLocalIp:[401] :GetLocalIp exec
05-30 16:59:42.600 D/nStackXCoAP( 2771): IsInSameNetwork:[276] :IsInSameNetwork exec
05-30 16:59:42.600 I/nStackXDFinder( 2771): GetLocalInterfaceDetail:[461] :GetLocalInterfaceDetail in
05-30 16:59:42.600 E/nStackXCoAP( 2771): IsInSameNetwork:[281] :IsInSameNetwork: not priority process
05-30 16:59:42.600 D/nStackXCoAP( 2771): ParseServiceDiscover:[330] :new device join
05-30 16:59:42.600 E/nStackXDFinder( 2771): GetLocalIp:[401] :GetLocalIp exec
05-30 16:59:42.602 D/nStackXCoAP( 2771): IsInSameNetwork:[276] :IsInSameNetwork exec
05-30 16:59:42.602 I/nStackXDFinder( 2771): GetLocalInterfaceDetail:[461] :GetLocalInterfaceDetail in
05-30 16:59:42.602 E/nStackXCoAP( 2771): IsInSameNetwork:[281] :IsInSameNetwork: not priority process
05-30 16:59:42.602 D/nStackXCoAP( 2771): ParseServiceDiscover:[330] :new device join
05-30 16:59:42.603 E/nStackXDFinder( 2771): GetLocalIp:[401] :GetLocalIp exec
05-30 16:59:43.001 D/nStackXCoAP( 2771): IsInSameNetwork:[276] :IsInSameNetwork exec
05-30 16:59:43.001 I/nStackXDFinder( 2771): GetLocalInterfaceDetail:[461] :GetLocalInterfaceDetail in
05-30 16:59:43.001 E/nStackXCoAP( 2771): IsInSameNetwork:[281] :IsInSameNetwork: not priority process
05-30 16:59:43.001 D/nStackXCoAP( 2771): ParseServiceDiscover:[330] :new device join
05-30 16:59:43.001 E/nStackXDFinder( 2771): GetLocalIp:[401] :GetLocalIp exec
05-30 16:59:43.022 D/nStackXCoAP( 2771): IsInSameNetwork:[276] :IsInSameNetwork exec
05-30 16:59:43.022 I/nStackXDFinder( 2771): GetLocalInterfaceDetail:[461] :GetLocalInterfaceDetail in
05-30 16:59:43.022 E/nStackXCoAP( 2771): IsInSameNetwork:[281] :IsInSameNetwork: not priority process
05-30 16:59:43.022 D/nStackXCoAP( 2771): ParseServiceDiscover:[330] :new device join
05-30 16:59:43.022 E/nStackXDFinder( 2771): GetLocalIp:[401] :GetLocalIp exec
05-30 16:59:43.145 D/nStackXCoAP( 2771): CoapMessageHandler:[133] :2.01
05-30 16:59:43.146 D/nStackXCoAP( 2771): CoapMessageHandler:[133] :2.01
05-30 16:59:43.146 D/nStackXCoAP( 2771): CoapMessageHandler:[133] :2.01
05-30 16:59:43.146 D/nStackXCoAP( 2771): CoapMessageHandler:[133] :2.01
05-30 16:59:43.188 D/nStackXCoAP( 2771): CoapMessageHandler:[133] :2.01
05-30 16:59:43.188 D/nStackXCoAP( 2771): CoapMessageHandler:[133] :2.01
05-30 16:59:43.188 D/TrafficStats( 2598): tagSocket(154) with statsTag=0xffffffff, statsUid=-1
05-30 16:59:43.375 D/nStackXCoAP( 2771): IsInSameNetwork:[276] :IsInSameNetwork exec
05-30 16:59:43.375 I/nStackXDFinder( 2771): GetLocalInterfaceDetail:[461] :GetLocalInterfaceDetail in
05-30 16:59:43.375 E/nStackXCoAP( 2771): IsInSameNetwork:[281] :IsInSameNetwork: not priority process
05-30 16:59:43.375 D/nStackXCoAP( 2771): ParseServiceDiscover:[330] :new device join
05-30 16:59:43.375 E/nStackXDFinder( 2771): GetLocalIp:[401] :GetLocalIp exec
05-30 16:59:43.467 D/nStackXCoAP( 2771): CoapMessageHandler:[133] :2.01
05-30 16:59:43.552 D/nStackXCoAP( 2771): IsInSameNetwork:[276] :IsInSameNetwork exec
05-30 16:59:43.552 I/nStackXDFinder( 2771): GetLocalInterfaceDetail:[461] :GetLocalInterfaceDetail in
05-30 16:59:43.552 E/nStackXCoAP( 2771): IsInSameNetwork:[281] :IsInSameNetwork: not priority process
05-30 16:59:43.552 D/nStackXCoAP( 2771): ParseServiceDiscover:[330] :new device join
05-30 16:59:43.552 E/nStackXDFinder( 2771): GetLocalIp:[401] :GetLocalIp exec
05-30 16:59:43.718 D/nStackXCoAP( 2771): IsInSameNetwork:[276] :IsInSameNetwork exec
05-30 16:59:43.718 I/nStackXDFinder( 2771): GetLocalInterfaceDetail:[461] :GetLocalInterfaceDetail in
05-30 16:59:43.718 E/nStackXCoAP( 2771): IsInSameNetwork:[281] :IsInSameNetwork: not priority process
05-30 16:59:43.718 D/nStackXCoAP( 2771): ParseServiceDiscover:[330] :new device join
05-30 16:59:43.718 E/nStackXDFinder( 2771): GetLocalIp:[401] :GetLocalIp exec
05-30 16:59:43.732 D/nStackXCoAP( 2771): CoapMessageHandler:[133] :2.01
05-30 16:59:43.783 D/nStackXCoAP( 2771): CoapMessageHandler:[133] :2.01
05-30 16:59:43.839 D/nStackXCoAP( 2771): IsInSameNetwork:[276] :IsInSameNetwork exec
05-30 16:59:43.839 I/nStackXDFinder( 2771): GetLocalInterfaceDetail:[461] :GetLocalInterfaceDetail in
05-30 16:59:43.839 E/nStackXCoAP( 2771): IsInSameNetwork:[281] :IsInSameNetwork: not priority process
05-30 16:59:43.839 D/nStackXCoAP( 2771): ParseServiceDiscover:[330] :new device join
05-30 16:59:43.839 E/nStackXDFinder( 2771): GetLocalIp:[401] :GetLocalIp exec
05-30 16:59:43.930 D/nStackXCoAP( 2771): IsInSameNetwork:[276] :IsInSameNetwork exec
05-30 16:59:43.930 I/nStackXDFinder( 2771): GetLocalInterfaceDetail:[461] :GetLocalInterfaceDetail in
05-30 16:59:43.930 E/nStackXCoAP( 2771): IsInSameNetwork:[281] :IsInSameNetwork: not priority process
05-30 16:59:43.930 D/nStackXCoAP( 2771): ParseServiceDiscover:[330] :new device join
05-30 16:59:43.930 E/nStackXDFinder( 2771): GetLocalIp:[401] :GetLocalIp exec
05-30 16:59:44.211 D/nStackXCoAP( 2771): IsInSameNetwork:[276] :IsInSameNetwork exec
05-30 16:59:44.211 I/nStackXDFinder( 2771): GetLocalInterfaceDetail:[461] :GetLocalInterfaceDetail in
05-30 16:59:44.211 E/nStackXCoAP( 2771): IsInSameNetwork:[281] :IsInSameNetwork: not priority process
05-30 16:59:44.211 D/nStackXCoAP( 2771): ParseServiceDiscover:[330] :new device join
05-30 16:59:44.211 E/nStackXDFinder( 2771): GetLocalIp:[401] :GetLocalIp exec
05-30 16:59:44.325 D/nStackXCoAP( 2771): CoapMessageHandler:[133] :2.01
05-30 16:59:44.351 D/nStackXCoAP( 2771): IsInSameNetwork:[276] :IsInSameNetwork exec
05-30 16:59:44.351 I/nStackXDFinder( 2771): GetLocalInterfaceDetail:[461] :GetLocalInterfaceDetail in
05-30 16:59:44.351 E/nStackXCoAP( 2771): IsInSameNetwork:[281] :IsInSameNetwork: not priority process
05-30 16:59:44.351 D/nStackXCoAP( 2771): ParseServiceDiscover:[330] :new device join
05-30 16:59:44.351 E/nStackXDFinder( 2771): GetLocalIp:[401] :GetLocalIp exec
05-30 16:59:44.498 D/nStackXCoAP( 2771): IsInSameNetwork:[276] :IsInSameNetwork exec
05-30 16:59:44.498 I/nStackXDFinder( 2771): GetLocalInterfaceDetail:[461] :GetLocalInterfaceDetail in
05-30 16:59:44.498 E/nStackXCoAP( 2771): IsInSameNetwork:[281] :IsInSameNetwork: not priority process
05-30 16:59:44.499 D/nStackXCoAP( 2771): ParseServiceDiscover:[330] :new device join
05-30 16:59:44.499 E/nStackXDFinder( 2771): GetLocalIp:[401] :GetLocalIp exec
05-30 16:59:44.658 D/nStackXCoAP( 2771): IsInSameNetwork:[276] :IsInSameNetwork exec
05-30 16:59:44.658 I/nStackXDFinder( 2771): GetLocalInterfaceDetail:[461] :GetLocalInterfaceDetail in
05-30 16:59:44.659 E/nStackXCoAP( 2771): IsInSameNetwork:[281] :IsInSameNetwork: not priority process
05-30 16:59:44.659 D/nStackXCoAP( 2771): ParseServiceDiscover:[330] :new device join
05-30 16:59:44.659 E/nStackXDFinder( 2771): GetLocalIp:[401] :GetLocalIp exec
05-30 16:59:44.702 I/WifiHAL ( 527): call wifi_get_link_stats handler
05-30 16:59:44.702 I/WifiHAL ( 527): Creating message to get link statistics; iface = 16
05-30 16:59:44.702 D/WifiHAL ( 527): error code -95 mapped to -3
05-30 16:59:44.702 E/WifiStaIfaceAidlImpl( 718): getLinkLayerStats failed with service-specific exception: android.os.ServiceSpecificException: (code 4)
05-30 16:59:44.778 D/nStackXCoAP( 2771): CoapMessageHandler:[133] :2.01
05-30 16:59:44.790 D/nStackXCoAP( 2771): IsInSameNetwork:[276] :IsInSameNetwork exec
05-30 16:59:44.790 I/nStackXDFinder( 2771): GetLocalInterfaceDetail:[461] :GetLocalInterfaceDetail in
05-30 16:59:44.790 E/nStackXCoAP( 2771): IsInSameNetwork:[281] :IsInSameNetwork: not priority process
05-30 16:59:44.790 D/nStackXCoAP( 2771): ParseServiceDiscover:[330] :new device join
05-30 16:59:44.790 E/nStackXDFinder( 2771): GetLocalIp:[401] :GetLocalIp exec
05-30 16:59:44.822 D/nStackXCoAP( 2771): CoapMessageHandler:[133] :2.01
05-30 16:59:44.978 D/nStackXCoAP( 2771): IsInSameNetwork:[276] :IsInSameNetwork exec
05-30 16:59:44.979 I/nStackXDFinder( 2771): GetLocalInterfaceDetail:[461] :GetLocalInterfaceDetail in
05-30 16:59:44.979 E/nStackXCoAP( 2771): IsInSameNetwork:[281] :IsInSameNetwork: not priority process
05-30 16:59:44.979 D/nStackXCoAP( 2771): ParseServiceDiscover:[330] :new device join
05-30 16:59:44.979 E/nStackXDFinder( 2771): GetLocalIp:[401] :GetLocalIp exec
05-30 16:59:45.512 D/nStackXCoAP( 2771): IsInSameNetwork:[276] :IsInSameNetwork exec
05-30 16:59:45.512 I/nStackXDFinder( 2771): GetLocalInterfaceDetail:[461] :GetLocalInterfaceDetail in
05-30 16:59:45.512 E/nStackXCoAP( 2771): IsInSameNetwork:[281] :IsInSameNetwork: not priority process
05-30 16:59:45.512 D/nStackXCoAP( 2771): ParseServiceDiscover:[330] :new device join
05-30 16:59:45.512 E/nStackXDFinder( 2771): GetLocalIp:[401] :GetLocalIp exec
05-30 16:59:45.687 E/ccc ( 1892): cccccc sendCycleCheckBroadcast
05-30 16:59:45.688 W/ContextImpl( 1892): Calling a method in the system process without a qualified user: android.app.ContextImpl.sendBroadcast:1220 android.content.ContextWrapper.sendBroadcast:504 com.dangbei.etna.setting.core.SettingHelper.sendCycleToProjector:257 com.dangbei.etna.setting.core.SettingHelper.sendCycleCheckBroadcast:226 com.dangbei.etna.setting.core.SettingHelper.startLoop$lambda-0:185
05-30 16:59:45.690 W/ContextImpl( 1892): Calling a method in the system process without a qualified user: android.app.ContextImpl.sendBroadcast:1220 android.content.ContextWrapper.sendBroadcast:504 com.dangbei.etna.setting.core.SettingHelper.sendCycleToVoice:242 com.dangbei.etna.setting.core.SettingHelper.sendCycleCheckBroadcast:227 com.dangbei.etna.setting.core.SettingHelper.startLoop$lambda-0:185
05-30 16:59:45.690 I/UsageStatsService( 718): Time changed in by 36 seconds
05-30 16:59:45.691 D/OomAdjuster( 718): Not killing cached processes
05-30 16:59:45.694 D/nStackXCoAP( 2771): IsInSameNetwork:[276] :IsInSameNetwork exec
05-30 16:59:45.694 I/nStackXDFinder( 2771): GetLocalInterfaceDetail:[461] :GetLocalInterfaceDetail in
05-30 16:59:45.694 E/nStackXCoAP( 2771): IsInSameNetwork:[281] :IsInSameNetwork: not priority process
05-30 16:59:45.694 D/nStackXCoAP( 2771): ParseServiceDiscover:[330] :new device join
05-30 16:59:45.694 E/nStackXDFinder( 2771): GetLocalIp:[401] :GetLocalIp exec
05-30 16:59:45.694 D/RockyVoice( 2593): RestartReceiver onReceive
05-30 16:59:45.728 D/nStackXCoAP( 2771): CoapMessageHandler:[133] :2.01
05-30 16:59:45.884 D/nStackXCoAP( 2771): IsInSameNetwork:[276] :IsInSameNetwork exec
05-30 16:59:45.884 I/nStackXDFinder( 2771): GetLocalInterfaceDetail:[461] :GetLocalInterfaceDetail in
05-30 16:59:45.884 E/nStackXCoAP( 2771): IsInSameNetwork:[281] :IsInSameNetwork: not priority process
05-30 16:59:45.885 D/nStackXCoAP( 2771): ParseServiceDiscover:[330] :new device join
05-30 16:59:45.885 E/nStackXDFinder( 2771): GetLocalIp:[401] :GetLocalIp exec
05-30 16:59:46.032 D/nStackXCoAP( 2771): CoapMessageHandler:[133] :2.01
05-30 16:59:46.032 D/nStackXCoAP( 2771): CoapMessageHandler:[133] :2.01
05-30 16:59:46.330 D/nStackXCoAP( 2771): IsInSameNetwork:[276] :IsInSameNetwork exec
05-30 16:59:46.330 I/nStackXDFinder( 2771): GetLocalInterfaceDetail:[461] :GetLocalInterfaceDetail in
05-30 16:59:46.331 E/nStackXCoAP( 2771): IsInSameNetwork:[281] :IsInSameNetwork: not priority process
05-30 16:59:46.331 D/nStackXCoAP( 2771): ParseServiceDiscover:[330] :new device join
05-30 16:59:46.331 I/nStackXDFinder( 2771): NotifyDeviceListChanged:[540] :notify callback: device list changed callback is null
05-30 16:59:46.331 E/nStackXDFinder( 2771): GetLocalIp:[401] :GetLocalIp exec
05-30 16:59:46.428 D/nStackXCoAP( 2771): CoapMessageHandler:[133] :2.01
05-30 16:59:46.512 D/nStackXCoAP( 2771): IsInSameNetwork:[276] :IsInSameNetwork exec
05-30 16:59:46.512 I/nStackXDFinder( 2771): GetLocalInterfaceDetail:[461] :GetLocalInterfaceDetail in
05-30 16:59:46.512 E/nStackXCoAP( 2771): IsInSameNetwork:[281] :IsInSameNetwork: not priority process
05-30 16:59:46.512 D/nStackXCoAP( 2771): ParseServiceDiscover:[330] :new device join
05-30 16:59:46.512 E/nStackXDFinder( 2771): GetLocalIp:[401] :GetLocalIp exec
05-30 16:59:47.355 D/nStackXCoAP( 2771): IsInSameNetwork:[276] :IsInSameNetwork exec
05-30 16:59:47.355 I/nStackXDFinder( 2771): GetLocalInterfaceDetail:[461] :GetLocalInterfaceDetail in
05-30 16:59:47.355 E/nStackXCoAP( 2771): IsInSameNetwork:[281] :IsInSameNetwork: not priority process
05-30 16:59:47.355 D/nStackXCoAP( 2771): ParseServiceDiscover:[330] :new device join
05-30 16:59:47.355 E/nStackXDFinder( 2771): GetLocalIp:[401] :GetLocalIp exec
05-30 16:59:47.709 I/WifiHAL ( 527): call wifi_get_link_stats handler
05-30 16:59:47.709 I/WifiHAL ( 527): Creating message to get link statistics; iface = 16
05-30 16:59:47.709 D/WifiHAL ( 527): error code -95 mapped to -3
05-30 16:59:47.709 E/WifiStaIfaceAidlImpl( 718): getLinkLayerStats failed with service-specific exception: android.os.ServiceSpecificException: (code 4)
05-30 16:59:47.714 D/ConnectivityService( 718): NetReassign [no changes] [c 0] [a 0] [i 2]
05-30 16:59:47.801 D/ActivityManager( 718): freezing 2276 com.android.rkpdapp
05-30 16:59:48.179 D/nStackXCoAP( 2771): CoapMessageHandler:[133] :2.01
05-30 16:59:48.223 D/nStackXCoAP( 2771): IsInSameNetwork:[276] :IsInSameNetwork exec
05-30 16:59:48.223 I/nStackXDFinder( 2771): GetLocalInterfaceDetail:[461] :GetLocalInterfaceDetail in
05-30 16:59:48.223 E/nStackXCoAP( 2771): IsInSameNetwork:[281] :IsInSameNetwork: not priority process
05-30 16:59:48.223 D/nStackXCoAP( 2771): ParseServiceDiscover:[330] :new device join
05-30 16:59:48.223 E/nStackXDFinder( 2771): GetLocalIp:[401] :GetLocalIp exec
05-30 16:59:48.727 D/nStackXCoAP( 2771): IsInSameNetwork:[276] :IsInSameNetwork exec
05-30 16:59:48.727 I/nStackXDFinder( 2771): GetLocalInterfaceDetail:[461] :GetLocalInterfaceDetail in
05-30 16:59:48.727 E/nStackXCoAP( 2771): IsInSameNetwork:[281] :IsInSameNetwork: not priority process
05-30 16:59:48.727 D/nStackXCoAP( 2771): ParseServiceDiscover:[330] :new device join
05-30 16:59:48.727 E/nStackXDFinder( 2771): GetLocalIp:[401] :GetLocalIp exec
05-30 16:59:49.309 D/nStackXCoAP( 2771): IsInSameNetwork:[276] :IsInSameNetwork exec
05-30 16:59:49.309 I/nStackXDFinder( 2771): GetLocalInterfaceDetail:[461] :GetLocalInterfaceDetail in
05-30 16:59:49.309 E/nStackXCoAP( 2771): IsInSameNetwork:[281] :IsInSameNetwork: not priority process
05-30 16:59:49.309 D/nStackXCoAP( 2771): ParseServiceDiscover:[330] :new device join
05-30 16:59:49.309 E/nStackXDFinder( 2771): GetLocalIp:[401] :GetLocalIp exec
05-30 16:59:49.752 D/nStackXCoAP( 2771): IsInSameNetwork:[276] :IsInSameNetwork exec
05-30 16:59:49.752 I/nStackXDFinder( 2771): GetLocalInterfaceDetail:[461] :GetLocalInterfaceDetail in
05-30 16:59:49.752 E/nStackXCoAP( 2771): IsInSameNetwork:[281] :IsInSameNetwork: not priority process
05-30 16:59:49.752 D/nStackXCoAP( 2771): ParseServiceDiscover:[330] :new device join
05-30 16:59:49.752 E/nStackXDFinder( 2771): GetLocalIp:[401] :GetLocalIp exec
05-30 16:59:50.277 D/nStackXCoAP( 2771): IsInSameNetwork:[276] :IsInSameNetwork exec
05-30 16:59:50.277 I/nStackXDFinder( 2771): GetLocalInterfaceDetail:[461] :GetLocalInterfaceDetail in
05-30 16:59:50.277 E/nStackXCoAP( 2771): IsInSameNetwork:[281] :IsInSameNetwork: not priority process
05-30 16:59:50.277 D/nStackXCoAP( 2771): ParseServiceDiscover:[330] :new device join
05-30 16:59:50.277 E/nStackXDFinder( 2771): GetLocalIp:[401] :GetLocalIp exec
05-30 16:59:50.717 I/WifiHAL ( 527): call wifi_get_link_stats handler
05-30 16:59:50.717 I/WifiHAL ( 527): Creating message to get link statistics; iface = 16
05-30 16:59:50.717 D/WifiHAL ( 527): error code -95 mapped to -3
05-30 16:59:50.718 E/WifiStaIfaceAidlImpl( 718): getLinkLayerStats failed with service-specific exception: android.os.ServiceSpecificException: (code 4)
05-30 16:59:50.721 D/ConnectivityService( 718): NetReassign [no changes] [c 0] [a 0] [i 1]
05-30 16:59:50.807 D/nStackXCoAP( 2771): IsInSameNetwork:[276] :IsInSameNetwork exec
05-30 16:59:50.807 I/nStackXDFinder( 2771): GetLocalInterfaceDetail:[461] :GetLocalInterfaceDetail in
05-30 16:59:50.807 E/nStackXCoAP( 2771): IsInSameNetwork:[281] :IsInSameNetwork: not priority process
05-30 16:59:50.807 D/nStackXCoAP( 2771): ParseServiceDiscover:[330] :new device join
05-30 16:59:50.807 E/nStackXDFinder( 2771): GetLocalIp:[401] :GetLocalIp exec
05-30 16:59:51.788 D/TrafficStats( 2598): tagSocket(208) with statsTag=0xffffffff, statsUid=-1
05-30 16:59:51.878 D/nStackXCoAP( 2771): CoapMessageHandler:[133] :2.01
05-30 16:59:53.068 D/nStackXCoAP( 2771): CoapMessageHandler:[133] :2.01
05-30 16:59:53.202 D/TrafficStats( 2598): tagSocket(212) with statsTag=0xffffffff, statsUid=-1
05-30 16:59:53.725 I/WifiHAL ( 527): call wifi_get_link_stats handler
05-30 16:59:53.725 I/WifiHAL ( 527): Creating message to get link statistics; iface = 16
05-30 16:59:53.725 D/WifiHAL ( 527): error code -95 mapped to -3
05-30 16:59:53.726 E/WifiStaIfaceAidlImpl( 718): getLinkLayerStats failed with service-specific exception: android.os.ServiceSpecificException: (code 4)
05-30 16:59:56.734 I/WifiHAL ( 527): call wifi_get_link_stats handler
05-30 16:59:56.734 I/WifiHAL ( 527): Creating message to get link statistics; iface = 16
05-30 16:59:56.734 D/WifiHAL ( 527): error code -95 mapped to -3
05-30 16:59:56.735 E/WifiStaIfaceAidlImpl( 718): getLinkLayerStats failed with service-specific exception: android.os.ServiceSpecificException: (code 4)
05-30 16:59:56.739 D/ConnectivityService( 718): NetReassign [no changes] [c 0] [a 0] [i 2]
05-30 16:59:59.741 I/WifiHAL ( 527): call wifi_get_link_stats handler
05-30 16:59:59.741 I/WifiHAL ( 527): Creating message to get link statistics; iface = 16
05-30 16:59:59.741 D/WifiHAL ( 527): error code -95 mapped to -3
05-30 16:59:59.742 E/WifiStaIfaceAidlImpl( 718): getLinkLayerStats failed with service-specific exception: android.os.ServiceSpecificException: (code 4)
05-30 17:00:00.122 D/TrafficStats( 2598): tagSocket(210) with statsTag=0xffffffff, statsUid=-1
05-30 17:00:02.747 I/WifiHAL ( 527): call wifi_get_link_stats handler
05-30 17:00:02.747 I/WifiHAL ( 527): Creating message to get link statistics; iface = 16
05-30 17:00:02.747 D/WifiHAL ( 527): error code -95 mapped to -3
05-30 17:00:02.748 E/WifiStaIfaceAidlImpl( 718): getLinkLayerStats failed with service-specific exception: android.os.ServiceSpecificException: (code 4)
05-30 17:00:02.753 D/ConnectivityService( 718): NetReassign [no changes] [c 0] [a 1] [i 1]
05-30 17:00:03.169 D/TrafficStats( 2598): tagSocket(215) with statsTag=0xffffffff, statsUid=-1
05-30 17:00:03.804 W/resolv ( 493): SSL_connect write error 0, mark 0xf0064: Try again
05-30 17:00:03.804 W/resolv ( 493): TLS Handshake failed
05-30 17:00:03.804 W/resolv ( 493): query failed
05-30 17:00:03.804 W/resolv ( 493): validateDnsTlsServer returned 0 for 202.96.134.133
05-30 17:00:03.806 W/resolv ( 493): Validation failed
05-30 17:00:03.813 W/resolv ( 493): SSL_connect write error 0, mark 0xf0064: Try again
05-30 17:00:03.813 W/resolv ( 493): TLS Handshake failed
05-30 17:00:03.813 W/resolv ( 493): query failed
05-30 17:00:03.813 W/resolv ( 493): validateDnsTlsServer returned 0 for 202.96.128.166
05-30 17:00:03.814 W/resolv ( 493): Validation failed
05-30 17:00:05.625 I/audio_hw_hal_alsamgr( 504): alsa format =0x1 delay frames =768 total frames=20067840
05-30 17:00:05.754 I/WifiHAL ( 527): call wifi_get_link_stats handler
05-30 17:00:05.754 I/WifiHAL ( 527): Creating message to get link statistics; iface = 16
05-30 17:00:05.754 D/WifiHAL ( 527): error code -95 mapped to -3
05-30 17:00:05.755 E/WifiStaIfaceAidlImpl( 718): getLinkLayerStats failed with service-specific exception: android.os.ServiceSpecificException: (code 4)
05-30 17:00:08.164 I/WifiService( 718): startScan uid=10029
05-30 17:00:08.176 D/InstantWifi( 718): Drop, size: 1
05-30 17:00:08.759 I/WifiHAL ( 527): call wifi_get_link_stats handler
05-30 17:00:08.759 I/WifiHAL ( 527): Creating message to get link statistics; iface = 16
05-30 17:00:08.759 D/WifiHAL ( 527): error code -95 mapped to -3
05-30 17:00:08.760 E/WifiStaIfaceAidlImpl( 718): getLinkLayerStats failed with service-specific exception: android.os.ServiceSpecificException: (code 4)
05-30 17:00:10.693 D/WifiNl80211Manager( 718): Scan result ready event
05-30 17:00:10.693 D/WifiNative( 718): Scan result ready event
05-30 17:00:10.712 D/WificondScannerImpl( 718): Filtering out 1 scan results.
05-30 17:00:10.753 E/hq ( 2251): NetWorkStateReceiver:::NetWorkStateReceiver onReceive: 网络变化广播 >>>> intent.action=android.net.wifi.SCAN_RESULTS
05-30 17:00:10.759 I/WifiHAL ( 527): call wifi_get_link_stats handler
05-30 17:00:10.759 I/WifiHAL ( 527): Creating message to get link statistics; iface = 16
05-30 17:00:10.759 D/WifiHAL ( 527): error code -95 mapped to -3
05-30 17:00:10.760 E/WifiStaIfaceAidlImpl( 718): getLinkLayerStats failed with service-specific exception: android.os.ServiceSpecificException: (code 4)
05-30 17:00:10.768 W/eventbuscore( 2251): post Event:com.dangbei.leard.base.entity.event.NetWifiRssiEvent
05-30 17:00:11.764 I/WifiHAL ( 527): call wifi_get_link_stats handler
05-30 17:00:11.764 I/WifiHAL ( 527): Creating message to get link statistics; iface = 16
05-30 17:00:11.764 D/WifiHAL ( 527): error code -95 mapped to -3
05-30 17:00:11.764 E/WifiStaIfaceAidlImpl( 718): getLinkLayerStats failed with service-specific exception: android.os.ServiceSpecificException: (code 4)
05-30 17:00:13.273 D/TrafficStats( 2598): tagSocket(215) with statsTag=0xffffffff, statsUid=-1
05-30 17:00:14.770 I/WifiHAL ( 527): call wifi_get_link_stats handler
05-30 17:00:14.770 I/WifiHAL ( 527): Creating message to get link statistics; iface = 16
05-30 17:00:14.770 D/WifiHAL ( 527): error code -95 mapped to -3
05-30 17:00:14.771 E/WifiStaIfaceAidlImpl( 718): getLinkLayerStats failed with service-specific exception: android.os.ServiceSpecificException: (code 4)
05-30 17:00:17.126 D/OomAdjuster( 718): Not killing cached processes
05-30 17:00:17.129 D/bbb ( 2121): onStartCommand begin !!!!!!! data分区剩余 54593MB
05-30 17:00:17.777 I/WifiHAL ( 527): call wifi_get_link_stats handler
05-30 17:00:17.777 I/WifiHAL ( 527): Creating message to get link statistics; iface = 16
05-30 17:00:17.777 D/WifiHAL ( 527): error code -95 mapped to -3
05-30 17:00:17.777 E/WifiStaIfaceAidlImpl( 718): getLinkLayerStats failed with service-specific exception: android.os.ServiceSpecificException: (code 4)
05-30 17:00:20.004 D/nStackXCoAP( 2771): IsInSameNetwork:[276] :IsInSameNetwork exec
05-30 17:00:20.005 I/nStackXDFinder( 2771): GetLocalInterfaceDetail:[461] :GetLocalInterfaceDetail in
05-30 17:00:20.005 E/nStackXCoAP( 2771): IsInSameNetwork:[281] :IsInSameNetwork: not priority process
05-30 17:00:20.005 D/nStackXCoAP( 2771): ParseServiceDiscover:[330] :new device join
05-30 17:00:20.005 I/nStackXDFinder( 2771): NotifyDeviceListChanged:[540] :notify callback: device list changed callback is null
05-30 17:00:20.005 E/nStackXDFinder( 2771): GetLocalIp:[401] :GetLocalIp exec
05-30 17:00:20.215 D/nStackXCoAP( 2771): IsInSameNetwork:[276] :IsInSameNetwork exec
05-30 17:00:20.215 I/nStackXDFinder( 2771): GetLocalInterfaceDetail:[461] :GetLocalInterfaceDetail in
05-30 17:00:20.215 E/nStackXCoAP( 2771): IsInSameNetwork:[281] :IsInSameNetwork: not priority process
05-30 17:00:20.215 D/nStackXCoAP( 2771): ParseServiceDiscover:[330] :new device join
05-30 17:00:20.215 E/nStackXDFinder( 2771): GetLocalIp:[401] :GetLocalIp exec
05-30 17:00:20.781 I/WifiHAL ( 527): call wifi_get_link_stats handler
05-30 17:00:20.781 I/WifiHAL ( 527): Creating message to get link statistics; iface = 16
05-30 17:00:20.782 D/WifiHAL ( 527): error code -95 mapped to -3
05-30 17:00:20.782 E/WifiStaIfaceAidlImpl( 718): getLinkLayerStats failed with service-specific exception: android.os.ServiceSpecificException: (code 4)
05-30 17:00:20.821 D/nStackXCoAP( 2771): CoapMessageHandler:[133] :2.01
05-30 17:00:20.821 D/nStackXCoAP( 2771): CoapMessageHandler:[133] :2.01
05-30 17:00:20.873 D/nStackXCoAP( 2771): IsInSameNetwork:[276] :IsInSameNetwork exec
05-30 17:00:20.873 I/nStackXDFinder( 2771): GetLocalInterfaceDetail:[461] :GetLocalInterfaceDetail in
05-30 17:00:20.873 E/nStackXCoAP( 2771): IsInSameNetwork:[281] :IsInSameNetwork: not priority process
05-30 17:00:20.873 D/nStackXCoAP( 2771): ParseServiceDiscover:[330] :new device join
05-30 17:00:20.874 E/nStackXDFinder( 2771): GetLocalIp:[401] :GetLocalIp exec
05-30 17:00:20.881 D/nStackXCoAP( 2771): IsInSameNetwork:[276] :IsInSameNetwork exec
05-30 17:00:20.881 I/nStackXDFinder( 2771): GetLocalInterfaceDetail:[461] :GetLocalInterfaceDetail in
05-30 17:00:20.881 E/nStackXCoAP( 2771): IsInSameNetwork:[281] :IsInSameNetwork: not priority process
05-30 17:00:20.881 D/nStackXCoAP( 2771): ParseServiceDiscover:[330] :new device join
05-30 17:00:20.881 E/nStackXDFinder( 2771): GetLocalIp:[401] :GetLocalIp exec
05-30 17:00:21.013 D/nStackXCoAP( 2771): IsInSameNetwork:[276] :IsInSameNetwork exec
05-30 17:00:21.013 I/nStackXDFinder( 2771): GetLocalInterfaceDetail:[461] :GetLocalInterfaceDetail in
05-30 17:00:21.013 E/nStackXCoAP( 2771): IsInSameNetwork:[281] :IsInSameNetwork: not priority process
05-30 17:00:21.013 D/nStackXCoAP( 2771): ParseServiceDiscover:[330] :new device join
05-30 17:00:21.013 E/nStackXDFinder( 2771): GetLocalIp:[401] :GetLocalIp exec
05-30 17:00:21.064 D/TrafficStats( 2598): tagSocket(215) with statsTag=0xffffffff, statsUid=-1
05-30 17:00:21.204 D/nStackXCoAP( 2771): CoapMessageHandler:[133] :2.01
05-30 17:00:21.204 D/nStackXCoAP( 2771): CoapMessageHandler:[133] :2.01
05-30 17:00:21.487 D/nStackXCoAP( 2771): IsInSameNetwork:[276] :IsInSameNetwork exec
05-30 17:00:21.488 I/nStackXDFinder( 2771): GetLocalInterfaceDetail:[461] :GetLocalInterfaceDetail in
05-30 17:00:21.488 E/nStackXCoAP( 2771): IsInSameNetwork:[281] :IsInSameNetwork: not priority process
05-30 17:00:21.488 D/nStackXCoAP( 2771): ParseServiceDiscover:[330] :new device join
05-30 17:00:21.488 E/nStackXDFinder( 2771): GetLocalIp:[401] :GetLocalIp exec
05-30 17:00:22.089 D/nStackXCoAP( 2771): IsInSameNetwork:[276] :IsInSameNetwork exec
05-30 17:00:22.089 I/nStackXDFinder( 2771): GetLocalInterfaceDetail:[461] :GetLocalInterfaceDetail in
05-30 17:00:22.089 E/nStackXCoAP( 2771): IsInSameNetwork:[281] :IsInSameNetwork: not priority process
05-30 17:00:22.089 D/nStackXCoAP( 2771): ParseServiceDiscover:[330] :new device join
05-30 17:00:22.089 E/nStackXDFinder( 2771): GetLocalIp:[401] :GetLocalIp exec
05-30 17:00:22.408 D/nStackXCoAP( 2771): CoapMessageHandler:[133] :2.01
05-30 17:00:22.774 D/nStackXCoAP( 2771): IsInSameNetwork:[276] :IsInSameNetwork exec
05-30 17:00:22.774 I/nStackXDFinder( 2771): GetLocalInterfaceDetail:[461] :GetLocalInterfaceDetail in
05-30 17:00:22.774 E/nStackXCoAP( 2771): IsInSameNetwork:[281] :IsInSameNetwork: not priority process
05-30 17:00:22.774 D/nStackXCoAP( 2771): ParseServiceDiscover:[330] :new device join
05-30 17:00:22.774 E/nStackXDFinder( 2771): GetLocalIp:[401] :GetLocalIp exec
05-30 17:00:22.776 D/nStackXCoAP( 2771): CoapMessageHandler:[133] :2.01
05-30 17:00:22.807 D/nStackXCoAP( 2771): CoapMessageHandler:[133] :2.01
05-30 17:00:22.871 D/nStackXCoAP( 2771): CoapMessageHandler:[133] :2.01
05-30 17:00:23.231 D/nStackXCoAP( 2771): IsInSameNetwork:[276] :IsInSameNetwork exec
05-30 17:00:23.231 I/nStackXDFinder( 2771): GetLocalInterfaceDetail:[461] :GetLocalInterfaceDetail in
05-30 17:00:23.231 E/nStackXCoAP( 2771): IsInSameNetwork:[281] :IsInSameNetwork: not priority process
05-30 17:00:23.231 D/nStackXCoAP( 2771): ParseServiceDiscover:[330] :new device join
05-30 17:00:23.231 E/nStackXDFinder( 2771): GetLocalIp:[401] :GetLocalIp exec
05-30 17:00:23.323 D/nStackXCoAP( 2771): CoapMessageHandler:[133] :2.01
05-30 17:00:23.685 D/nStackXCoAP( 2771): IsInSameNetwork:[276] :IsInSameNetwork exec
05-30 17:00:23.685 I/nStackXDFinder( 2771): GetLocalInterfaceDetail:[461] :GetLocalInterfaceDetail in
05-30 17:00:23.685 E/nStackXCoAP( 2771): IsInSameNetwork:[281] :IsInSameNetwork: not priority process
05-30 17:00:23.685 D/nStackXCoAP( 2771): ParseServiceDiscover:[330] :new device join
05-30 17:00:23.685 E/nStackXDFinder( 2771): GetLocalIp:[401] :GetLocalIp exec
05-30 17:00:23.789 I/WifiHAL ( 527): call wifi_get_link_stats handler
05-30 17:00:23.789 I/WifiHAL ( 527): Creating message to get link statistics; iface = 16
05-30 17:00:23.789 D/WifiHAL ( 527): error code -95 mapped to -3
05-30 17:00:23.790 E/WifiStaIfaceAidlImpl( 718): getLinkLayerStats failed with service-specific exception: android.os.ServiceSpecificException: (code 4)
05-30 17:00:23.895 D/TrafficStats( 2598): tagSocket(216) with statsTag=0xffffffff, statsUid=-1
05-30 17:00:24.094 D/nStackXCoAP( 2771): IsInSameNetwork:[276] :IsInSameNetwork exec
05-30 17:00:24.094 I/nStackXDFinder( 2771): GetLocalInterfaceDetail:[461] :GetLocalInterfaceDetail in
05-30 17:00:24.094 E/nStackXCoAP( 2771): IsInSameNetwork:[281] :IsInSameNetwork: not priority process
05-30 17:00:24.094 D/nStackXCoAP( 2771): ParseServiceDiscover:[330] :new device join
05-30 17:00:24.094 E/nStackXDFinder( 2771): GetLocalIp:[401] :GetLocalIp exec
05-30 17:00:24.721 D/nStackXCoAP( 2771): CoapMessageHandler:[133] :2.01
05-30 17:00:24.723 D/nStackXCoAP( 2771): IsInSameNetwork:[276] :IsInSameNetwork exec
05-30 17:00:24.723 I/nStackXDFinder( 2771): GetLocalInterfaceDetail:[461] :GetLocalInterfaceDetail in
05-30 17:00:24.723 E/nStackXCoAP( 2771): IsInSameNetwork:[281] :IsInSameNetwork: not priority process
05-30 17:00:24.723 D/nStackXCoAP( 2771): ParseServiceDiscover:[330] :new device join
05-30 17:00:24.723 E/nStackXDFinder( 2771): GetLocalIp:[401] :GetLocalIp exec
05-30 17:00:24.736 D/nStackXCoAP( 2771): CoapMessageHandler:[133] :2.01
05-30 17:00:26.166 D/nStackXCoAP( 2771): CoapMessageHandler:[133] :2.01
05-30 17:00:26.722 D/TrafficStats( 2771): tagSocket(161) with statsTag=0xffffffff, statsUid=-1
05-30 17:00:26.796 I/WifiHAL ( 527): call wifi_get_link_stats handler
05-30 17:00:26.796 I/WifiHAL ( 527): Creating message to get link statistics; iface = 16
05-30 17:00:26.796 D/WifiHAL ( 527): error code -95 mapped to -3
05-30 17:00:26.797 E/WifiStaIfaceAidlImpl( 718): getLinkLayerStats failed with service-specific exception: android.os.ServiceSpecificException: (code 4)
05-30 17:00:29.802 I/WifiHAL ( 527): call wifi_get_link_stats handler
05-30 17:00:29.802 I/WifiHAL ( 527): Creating message to get link statistics; iface = 16
05-30 17:00:29.802 D/WifiHAL ( 527): error code -95 mapped to -3
05-30 17:00:29.802 E/WifiStaIfaceAidlImpl( 718): getLinkLayerStats failed with service-specific exception: android.os.ServiceSpecificException: (code 4)
05-30 17:00:32.806 I/WifiHAL ( 527): call wifi_get_link_stats handler
05-30 17:00:32.806 I/WifiHAL ( 527): Creating message to get link statistics; iface = 16
05-30 17:00:32.806 D/WifiHAL ( 527): error code -95 mapped to -3
05-30 17:00:32.807 E/WifiStaIfaceAidlImpl( 718): getLinkLayerStats failed with service-specific exception: android.os.ServiceSpecificException: (code 4)
05-30 17:00:32.812 D/ConnectivityService( 718): NetReassign [no changes] [c 0] [a 1] [i 1]
05-30 17:00:33.649 D/TrafficStats( 2598): tagSocket(216) with statsTag=0xffffffff, statsUid=-1
05-30 17:00:35.813 I/WifiHAL ( 527): call wifi_get_link_stats handler
05-30 17:00:35.813 I/WifiHAL ( 527): Creating message to get link statistics; iface = 16
05-30 17:00:35.813 D/WifiHAL ( 527): error code -95 mapped to -3
05-30 17:00:35.814 E/WifiStaIfaceAidlImpl( 718): getLinkLayerStats failed with service-specific exception: android.os.ServiceSpecificException: (code 4)
05-30 17:00:37.625 I/audio_hw_hal_alsamgr( 504): alsa format =0x1 delay frames =640 total frames=21603840
05-30 17:00:38.821 I/WifiHAL ( 527): call wifi_get_link_stats handler
05-30 17:00:38.821 I/WifiHAL ( 527): Creating message to get link statistics; iface = 16
05-30 17:00:38.821 D/WifiHAL ( 527): error code -95 mapped to -3
05-30 17:00:38.822 E/WifiStaIfaceAidlImpl( 718): getLinkLayerStats failed with service-specific exception: android.os.ServiceSpecificException: (code 4)
05-30 17:00:40.846 I/WifiService( 718): startScan uid=10029
05-30 17:00:40.858 D/InstantWifi( 718): Drop, size: 1
05-30 17:00:41.827 I/WifiHAL ( 527): call wifi_get_link_stats handler
05-30 17:00:41.827 I/WifiHAL ( 527): Creating message to get link statistics; iface = 16
05-30 17:00:41.827 D/WifiHAL ( 527): error code -95 mapped to -3
05-30 17:00:41.828 E/WifiStaIfaceAidlImpl( 718): getLinkLayerStats failed with service-specific exception: android.os.ServiceSpecificException: (code 4)
05-30 17:00:41.832 D/ConnectivityService( 718): NetReassign [no changes] [c 0] [a 0] [i 2]
05-30 17:00:42.431 D/nStackXCoAP( 2771): CoapMessageHandler:[133] :2.01
05-30 17:00:43.376 D/WifiNl80211Manager( 718): Scan result ready event
05-30 17:00:43.376 D/WifiNative( 718): Scan result ready event
05-30 17:00:43.390 D/WificondScannerImpl( 718): Filtering out 1 scan results.
05-30 17:00:43.419 E/hq ( 2251): NetWorkStateReceiver:::NetWorkStateReceiver onReceive: 网络变化广播 >>>> intent.action=android.net.wifi.SCAN_RESULTS
05-30 17:00:43.422 I/WifiHAL ( 527): call wifi_get_link_stats handler
05-30 17:00:43.422 I/WifiHAL ( 527): Creating message to get link statistics; iface = 16
05-30 17:00:43.422 D/WifiHAL ( 527): error code -95 mapped to -3
05-30 17:00:43.423 E/WifiStaIfaceAidlImpl( 718): getLinkLayerStats failed with service-specific exception: android.os.ServiceSpecificException: (code 4)
05-30 17:00:43.433 W/eventbuscore( 2251): post Event:com.dangbei.leard.base.entity.event.NetWifiRssiEvent
05-30 17:00:43.627 D/TrafficStats( 2598): tagSocket(216) with statsTag=0xffffffff, statsUid=-1
05-30 17:00:44.833 I/WifiHAL ( 527): call wifi_get_link_stats handler
05-30 17:00:44.834 I/WifiHAL ( 527): Creating message to get link statistics; iface = 16
05-30 17:00:44.834 D/WifiHAL ( 527): error code -95 mapped to -3
05-30 17:00:44.834 E/WifiStaIfaceAidlImpl( 718): getLinkLayerStats failed with service-specific exception: android.os.ServiceSpecificException: (code 4)
05-30 17:00:46.100 D/nStackXCoAP( 2771): IsInSameNetwork:[276] :IsInSameNetwork exec
05-30 17:00:46.100 I/nStackXDFinder( 2771): GetLocalInterfaceDetail:[461] :GetLocalInterfaceDetail in
05-30 17:00:46.100 E/nStackXCoAP( 2771): IsInSameNetwork:[281] :IsInSameNetwork: not priority process
05-30 17:00:46.100 D/nStackXCoAP( 2771): ParseServiceDiscover:[330] :new device join
05-30 17:00:46.100 I/nStackXDFinder( 2771): NotifyDeviceListChanged:[540] :notify callback: device list changed callback is null
05-30 17:00:46.100 E/nStackXDFinder( 2771): GetLocalIp:[401] :GetLocalIp exec
05-30 17:00:46.623 D/nStackXCoAP( 2771): IsInSameNetwork:[276] :IsInSameNetwork exec
05-30 17:00:46.623 I/nStackXDFinder( 2771): GetLocalInterfaceDetail:[461] :GetLocalInterfaceDetail in
05-30 17:00:46.623 E/nStackXCoAP( 2771): IsInSameNetwork:[281] :IsInSameNetwork: not priority process
05-30 17:00:46.623 D/nStackXCoAP( 2771): ParseServiceDiscover:[330] :new device join
05-30 17:00:46.623 E/nStackXDFinder( 2771): GetLocalIp:[401] :GetLocalIp exec
05-30 17:00:47.166 D/nStackXCoAP( 2771): IsInSameNetwork:[276] :IsInSameNetwork exec
05-30 17:00:47.166 I/nStackXDFinder( 2771): GetLocalInterfaceDetail:[461] :GetLocalInterfaceDetail in
05-30 17:00:47.166 E/nStackXCoAP( 2771): IsInSameNetwork:[281] :IsInSameNetwork: not priority process
05-30 17:00:47.166 D/nStackXCoAP( 2771): ParseServiceDiscover:[330] :new device join
05-30 17:00:47.166 E/nStackXDFinder( 2771): GetLocalIp:[401] :GetLocalIp exec
05-30 17:00:47.657 D/nStackXCoAP( 2771): IsInSameNetwork:[276] :IsInSameNetwork exec
05-30 17:00:47.657 I/nStackXDFinder( 2771): GetLocalInterfaceDetail:[461] :GetLocalInterfaceDetail in
05-30 17:00:47.657 E/nStackXCoAP( 2771): IsInSameNetwork:[281] :IsInSameNetwork: not priority process
05-30 17:00:47.657 D/nStackXCoAP( 2771): ParseServiceDiscover:[330] :new device join
05-30 17:00:47.657 E/nStackXDFinder( 2771): GetLocalIp:[401] :GetLocalIp exec
05-30 17:00:47.838 I/WifiHAL ( 527): call wifi_get_link_stats handler
05-30 17:00:47.838 I/WifiHAL ( 527): Creating message to get link statistics; iface = 16
05-30 17:00:47.838 D/WifiHAL ( 527): error code -95 mapped to -3
05-30 17:00:47.838 E/WifiStaIfaceAidlImpl( 718): getLinkLayerStats failed with service-specific exception: android.os.ServiceSpecificException: (code 4)
05-30 17:00:48.123 D/nStackXCoAP( 2771): IsInSameNetwork:[276] :IsInSameNetwork exec
05-30 17:00:48.123 I/nStackXDFinder( 2771): GetLocalInterfaceDetail:[461] :GetLocalInterfaceDetail in
05-30 17:00:48.123 E/nStackXCoAP( 2771): IsInSameNetwork:[281] :IsInSameNetwork: not priority process
05-30 17:00:48.123 D/nStackXCoAP( 2771): ParseServiceDiscover:[330] :new device join
05-30 17:00:48.123 E/nStackXDFinder( 2771): GetLocalIp:[401] :GetLocalIp exec
05-30 17:00:48.625 D/nStackXCoAP( 2771): IsInSameNetwork:[276] :IsInSameNetwork exec
05-30 17:00:48.626 I/nStackXDFinder( 2771): GetLocalInterfaceDetail:[461] :GetLocalInterfaceDetail in
05-30 17:00:48.626 E/nStackXCoAP( 2771): IsInSameNetwork:[281] :IsInSameNetwork: not priority process
05-30 17:00:48.626 D/nStackXCoAP( 2771): ParseServiceDiscover:[330] :new device join
05-30 17:00:48.626 E/nStackXDFinder( 2771): GetLocalIp:[401] :GetLocalIp exec
05-30 17:00:49.135 D/nStackXCoAP( 2771): IsInSameNetwork:[276] :IsInSameNetwork exec
05-30 17:00:49.135 I/nStackXDFinder( 2771): GetLocalInterfaceDetail:[461] :GetLocalInterfaceDetail in
05-30 17:00:49.135 E/nStackXCoAP( 2771): IsInSameNetwork:[281] :IsInSameNetwork: not priority process
05-30 17:00:49.135 D/nStackXCoAP( 2771): ParseServiceDiscover:[330] :new device join
05-30 17:00:49.135 E/nStackXDFinder( 2771): GetLocalIp:[401] :GetLocalIp exec
05-30 17:00:49.636 D/nStackXCoAP( 2771): IsInSameNetwork:[276] :IsInSameNetwork exec
05-30 17:00:49.636 I/nStackXDFinder( 2771): GetLocalInterfaceDetail:[461] :GetLocalInterfaceDetail in
05-30 17:00:49.636 E/nStackXCoAP( 2771): IsInSameNetwork:[281] :IsInSameNetwork: not priority process
05-30 17:00:49.636 D/nStackXCoAP( 2771): ParseServiceDiscover:[330] :new device join
05-30 17:00:49.636 E/nStackXDFinder( 2771): GetLocalIp:[401] :GetLocalIp exec
05-30 17:00:50.845 I/WifiHAL ( 527): call wifi_get_link_stats handler
05-30 17:00:50.845 I/WifiHAL ( 527): Creating message to get link statistics; iface = 16
05-30 17:00:50.846 D/WifiHAL ( 527): error code -95 mapped to -3
05-30 17:00:50.846 E/WifiStaIfaceAidlImpl( 718): getLinkLayerStats failed with service-specific exception: android.os.ServiceSpecificException: (code 4)
05-30 17:00:53.738 D/TrafficStats( 2598): tagSocket(216) with statsTag=0xffffffff, statsUid=-1
05-30 17:00:53.853 I/WifiHAL ( 527): call wifi_get_link_stats handler
05-30 17:00:53.853 I/WifiHAL ( 527): Creating message to get link statistics; iface = 16
05-30 17:00:53.853 D/WifiHAL ( 527): error code -95 mapped to -3
05-30 17:00:53.853 E/WifiStaIfaceAidlImpl( 718): getLinkLayerStats failed with service-specific exception: android.os.ServiceSpecificException: (code 4)
05-30 17:00:56.859 I/WifiHAL ( 527): call wifi_get_link_stats handler
05-30 17:00:56.859 I/WifiHAL ( 527): Creating message to get link statistics; iface = 16
05-30 17:00:56.859 D/WifiHAL ( 527): error code -95 mapped to -3
05-30 17:00:56.860 E/WifiStaIfaceAidlImpl( 718): getLinkLayerStats failed with service-specific exception: android.os.ServiceSpecificException: (code 4)
05-30 17:00:57.361 D/TrafficStats( 2251): tagSocket(124) with statsTag=0xffffffff, statsUid=-1
05-30 17:00:59.867 I/WifiHAL ( 527): call wifi_get_link_stats handler
05-30 17:00:59.867 I/WifiHAL ( 527): Creating message to get link statistics; iface = 16
05-30 17:00:59.867 D/WifiHAL ( 527): error code -95 mapped to -3
05-30 17:00:59.867 E/WifiStaIfaceAidlImpl( 718): getLinkLayerStats failed with service-specific exception: android.os.ServiceSpecificException: (code 4)
05-30 17:01:02.875 I/WifiHAL ( 527): call wifi_get_link_stats handler
05-30 17:01:02.875 I/WifiHAL ( 527): Creating message to get link statistics; iface = 16
05-30 17:01:02.875 D/WifiHAL ( 527): error code -95 mapped to -3
05-30 17:01:02.876 E/WifiStaIfaceAidlImpl( 718): getLinkLayerStats failed with service-specific exception: android.os.ServiceSpecificException: (code 4)
05-30 17:01:03.864 D/TrafficStats( 2598): tagSocket(216) with statsTag=0xffffffff, statsUid=-1
05-30 17:01:05.883 I/WifiHAL ( 527): call wifi_get_link_stats handler
05-30 17:01:05.883 I/WifiHAL ( 527): Creating message to get link statistics; iface = 16
05-30 17:01:05.883 D/WifiHAL ( 527): error code -95 mapped to -3
05-30 17:01:05.883 E/WifiStaIfaceAidlImpl( 718): getLinkLayerStats failed with service-specific exception: android.os.ServiceSpecificException: (code 4)
05-30 17:01:08.890 I/WifiHAL ( 527): call wifi_get_link_stats handler
05-30 17:01:08.890 I/WifiHAL ( 527): Creating message to get link statistics; iface = 16
05-30 17:01:08.890 D/WifiHAL ( 527): error code -95 mapped to -3
05-30 17:01:08.890 E/WifiStaIfaceAidlImpl( 718): getLinkLayerStats failed with service-specific exception: android.os.ServiceSpecificException: (code 4)
05-30 17:01:09.623 I/audio_hw_hal_alsamgr( 504): alsa format =0x1 delay frames =768 total frames=23139840
05-30 17:01:11.895 I/WifiHAL ( 527): call wifi_get_link_stats handler
05-30 17:01:11.895 I/WifiHAL ( 527): Creating message to get link statistics; iface = 16
05-30 17:01:11.895 D/WifiHAL ( 527): error code -95 mapped to -3
05-30 17:01:11.895 E/WifiStaIfaceAidlImpl( 718): getLinkLayerStats failed with service-specific exception: android.os.ServiceSpecificException: (code 4)
05-30 17:01:13.515 I/WifiService( 718): startScan uid=10029
05-30 17:01:13.526 D/InstantWifi( 718): Drop, size: 1
05-30 17:01:14.387 D/TrafficStats( 2598): tagSocket(216) with statsTag=0xffffffff, statsUid=-1
05-30 17:01:14.901 I/WifiHAL ( 527): call wifi_get_link_stats handler
05-30 17:01:14.901 I/WifiHAL ( 527): Creating message to get link statistics; iface = 16
05-30 17:01:14.901 D/WifiHAL ( 527): error code -95 mapped to -3
05-30 17:01:14.902 E/WifiStaIfaceAidlImpl( 718): getLinkLayerStats failed with service-specific exception: android.os.ServiceSpecificException: (code 4)
05-30 17:01:16.059 D/WifiNl80211Manager( 718): Scan result ready event
05-30 17:01:16.059 D/WifiNative( 718): Scan result ready event
05-30 17:01:16.114 E/hq ( 2251): NetWorkStateReceiver:::NetWorkStateReceiver onReceive: 网络变化广播 >>>> intent.action=android.net.wifi.SCAN_RESULTS
05-30 17:01:16.122 I/WifiHAL ( 527): call wifi_get_link_stats handler
05-30 17:01:16.122 I/WifiHAL ( 527): Creating message to get link statistics; iface = 16
05-30 17:01:16.122 D/WifiHAL ( 527): error code -95 mapped to -3
05-30 17:01:16.123 E/WifiStaIfaceAidlImpl( 718): getLinkLayerStats failed with service-specific exception: android.os.ServiceSpecificException: (code 4)
05-30 17:01:16.135 W/eventbuscore( 2251): post Event:com.dangbei.leard.base.entity.event.NetWifiRssiEvent