05-30 16:57:21.533 D/aaa ( 2101): WiFi is connect
05-30 16:57:21.536 D/RockyNetMessageUtil( 2593): initMediaControlPage pageEntity = PageEntity{list=[ContentEntity{packageName='com.dangbei.leard.leradlauncher', activityName='FilmDetailActivity'}, ContentEntity{packageName='com.dangbei.leard.leradlauncher', activityName='FullScreenDetailActivity'}, ContentEntity{packageName='com.dangbei.leard.leradlauncher', activityName='TencentSportActivity'}]} isRequestPageControlSuccess = false
05-30 16:57:21.538 D/XHttpObservable( 2593): handleRequest: start https://tyapi.qun7.com/v1/voice/getsoundshowmsg ,,, isCache = false
05-30 16:57:21.539 D/XHttpObservable( 2593): handleRequest: start https://tyapi.qun7.com/v1/voice/getResponseControlPage ,,, isCache = false
05-30 16:57:21.541 D/aaa ( 2101): WiFi is connect
05-30 16:57:21.543 I/serviceDiscovery( 718): [MdnsAdvertiser] Adding service name: 192.168.3.222, type: _db_controller._tcp, hostAddresses: /192.168.3.222, port: 6689, network: null, txtRecord: deviceModel=DBBOX-A3romVersion=5.0.0.7findController=1sn=DZOH5P8251918026mac=20:02:FE:19:C2:49 deviceName=客厅的当贝盒子)deviceId=6f215fe5923ef04ed4749210af2b76b9deviceModelNumber=H5P464 romCode=5007 with ID 5 and subtype null
05-30 16:57:21.578 D/nStackXCoAP( 2771): IsInSameNetwork:[276] :IsInSameNetwork exec
05-30 16:57:21.578 I/nStackXDFinder( 2771): GetLocalInterfaceDetail:[461] :GetLocalInterfaceDetail in
05-30 16:57:21.578 E/nStackXCoAP( 2771): IsInSameNetwork:[281] :IsInSameNetwork: not priority process
05-30 16:57:21.578 D/nStackXCoAP( 2771): IsInSameNetwork:[276] :IsInSameNetwork exec
05-30 16:57:21.578 I/nStackXDFinder( 2771): GetLocalInterfaceDetail:[461] :GetLocalInterfaceDetail in
05-30 16:57:21.578 E/nStackXCoAP( 2771): IsInSameNetwork:[281] :IsInSameNetwork: not priority process
05-30 16:57:21.579 D/nStackXCoAP( 2771): IsInSameNetwork:[276] :IsInSameNetwork exec
05-30 16:57:21.579 I/nStackXDFinder( 2771): GetLocalInterfaceDetail:[461] :GetLocalInterfaceDetail in
05-30 16:57:21.579 E/nStackXCoAP( 2771): IsInSameNetwork:[281] :IsInSameNetwork: not priority process
05-30 16:57:21.580 D/nStackXCoAP( 2771): IsInSameNetwork:[276] :IsInSameNetwork exec
05-30 16:57:21.580 I/nStackXDFinder( 2771): GetLocalInterfaceDetail:[461] :GetLocalInterfaceDetail in
05-30 16:57:21.580 E/nStackXCoAP( 2771): IsInSameNetwork:[281] :IsInSameNetwork: not priority process
05-30 16:57:21.581 D/nStackXCoAP( 2771): IsInSameNetwork:[276] :IsInSameNetwork exec
05-30 16:57:21.581 I/nStackXDFinder( 2771): GetLocalInterfaceDetail:[461] :GetLocalInterfaceDetail in
05-30 16:57:21.581 E/nStackXCoAP( 2771): IsInSameNetwork:[281] :IsInSameNetwork: not priority process
05-30 16:57:21.590 D/nStackXCoAP( 2771): IsInSameNetwork:[276] :IsInSameNetwork exec
05-30 16:57:21.590 I/nStackXDFinder( 2771): GetLocalInterfaceDetail:[461] :GetLocalInterfaceDetail in
05-30 16:57:21.590 E/nStackXCoAP( 2771): IsInSameNetwork:[281] :IsInSameNetwork: not priority process
05-30 16:57:21.653 D/TrafficStats( 2593): tagSocket(68) with statsTag=0xffffffff, statsUid=-1
05-30 16:57:21.653 D/TrafficStats( 2593): tagSocket(71) with statsTag=0xffffffff, statsUid=-1
05-30 16:57:21.666 V/MediaPlayerList( 1322): mPackageChangedBroadcastReceiver: action: android.intent.action.PACKAGE_CHANGED
05-30 16:57:21.668 I/RoleService( 718): Granting default roles...
05-30 16:57:21.671 I/InputReader( 718): Reconfiguring input devices, changes=KEYBOARD_LAYOUTS
05-30 16:57:21.672 D/ActivityManager( 718): sync unfroze 1141 com.android.permissioncontroller for 6
05-30 16:57:21.682 W/Searchables( 718): No global search activity found
05-30 16:57:21.687 I/PermissionControllerServiceImpl( 1141): Updating user sensitive for uid 10058
05-30 16:57:21.689 W/VoiceInteractionManager( 718): no available voice recognition services found for user 0
05-30 16:57:21.698 W/Role ( 1141): Cannot get ApplicationInfo for default holder: com.android.messaging
05-30 16:57:21.702 W/Role ( 1141): Cannot get ApplicationInfo for default holder: com.android.tv.frameworkpackagestubs
05-30 16:57:21.737 E/DocumentManagerRoleBehavior( 1141): There should be exactly one documenter; found 0: matches=[]
05-30 16:57:21.740 W/Role ( 1141): Cannot get ApplicationInfo for default holder: com.android.gallery3d
05-30 16:57:21.743 I/okhttp.OkHttpClient( 1892): <-- 200 OK http://tymsgapi.qun7.com/v1/core/logip (305ms, 81-byte body)
05-30 16:57:21.743 I/okhttp.OkHttpClient( 1892): <-- 200 OK http://tymsgapi.qun7.com/v1/core/rom (328ms, unknown-length body)
05-30 16:57:21.744 I/okhttp.OkHttpClient( 1892): <-- 200 OK http://tyapi.qun7.com/v1/core/launcherota (302ms, unknown-length body)
05-30 16:57:21.746 I/okhttp.OkHttpClient( 1892): <-- 200 OK http://tymsgapi.qun7.com/v1/core/appupdate (282ms, unknown-length body)
05-30 16:57:21.750 I/HttpUtil( 1892): success
05-30 16:57:21.751 E/ccc ( 1892): cccccc launcher ota response is BaseResponse{message='success', data=UpgradeInfoEntity{contentLength=0, versionName='', versionCode=0, remark='', list=[]}, code=0}
05-30 16:57:21.751 W/System.err( 1892): java.lang.IndexOutOfBoundsException: Index 0 out of bounds for length 0
05-30 16:57:21.753 W/System.err( 1892): at jdk.internal.util.Preconditions.outOfBounds(Preconditions.java:64)
05-30 16:57:21.753 W/System.err( 1892): at jdk.internal.util.Preconditions.outOfBoundsCheckIndex(Preconditions.java:70)
05-30 16:57:21.753 W/System.err( 1892): at jdk.internal.util.Preconditions.checkIndex(Preconditions.java:266)
05-30 16:57:21.753 W/System.err( 1892): at java.util.Objects.checkIndex(Objects.java:359)
05-30 16:57:21.753 W/System.err( 1892): at java.util.ArrayList.get(ArrayList.java:434)
05-30 16:57:21.753 W/System.err( 1892): at com.dangbei.etna.update.launcher.LauncherUpdateHelper$requestLauncherUpdateInfo$1$2.invoke(LauncherUpdateHelper.kt:198)
05-30 16:57:21.754 W/System.err( 1892): at com.dangbei.etna.update.launcher.LauncherUpdateHelper$requestLauncherUpdateInfo$1$2.invoke(LauncherUpdateHelper.kt:189)
05-30 16:57:21.754 W/System.err( 1892): at com.etna.haqu.support.ext.FlowExtKt$safeCollect$3.emit(FlowExt.kt:52)
05-30 16:57:21.754 W/System.err( 1892): at kotlinx.coroutines.flow.FlowKt__ErrorsKt$catchImpl$2.emit(Errors.kt:158)
05-30 16:57:21.754 W/System.err( 1892): at kotlinx.coroutines.flow.FlowKt__ChannelsKt.emitAllImpl$FlowKt__ChannelsKt(Channels.kt:62)
05-30 16:57:21.754 W/System.err( 1892): at kotlinx.coroutines.flow.FlowKt__ChannelsKt.access$emitAllImpl$FlowKt__ChannelsKt(Channels.kt:1)
05-30 16:57:21.754 W/System.err( 1892): at kotlinx.coroutines.flow.FlowKt__ChannelsKt$emitAllImpl$1.invokeSuspend(Unknown Source:14)
05-30 16:57:21.754 W/System.err( 1892): at kotlin.coroutines.jvm.internal.BaseContinuationImpl.resumeWith(ContinuationImpl.kt:33)
05-30 16:57:21.754 W/System.err( 1892): at kotlinx.coroutines.DispatchedTask.run(DispatchedTask.kt:106)
05-30 16:57:21.754 W/System.err( 1892): at android.os.Handler.handleCallback(Handler.java:958)
05-30 16:57:21.754 W/System.err( 1892): at android.os.Handler.dispatchMessage(Handler.java:99)
05-30 16:57:21.754 W/System.err( 1892): at android.os.Looper.loopOnce(Looper.java:205)
05-30 16:57:21.754 W/System.err( 1892): at android.os.Looper.loop(Looper.java:294)
05-30 16:57:21.754 W/System.err( 1892): at android.app.ActivityThread.main(ActivityThread.java:8255)
05-30 16:57:21.754 W/System.err( 1892): at java.lang.reflect.Method.invoke(Native Method)
05-30 16:57:21.754 W/System.err( 1892): at com.android.internal.os.RuntimeInit$MethodAndArgsCaller.run(RuntimeInit.java:552)
05-30 16:57:21.754 W/System.err( 1892): at com.android.internal.os.ZygoteInit.main(ZygoteInit.java:978)
05-30 16:57:21.756 E/ccc ( 2232): cccccc notifyUpdateChanged {"code":1,"data":{"hasUpdate":false,"what":1,"why":-1},"message":"更新状态变化"}
05-30 16:57:21.765 D/EventBus( 2232): No subscribers registered for event class com.dangbei.haqusetting.model.bean.event.RootEvent
05-30 16:57:21.765 D/EventBus( 2232): No subscribers registered for event class org.greenrobot.eventbus.NoSubscriberEvent
05-30 16:57:21.765 E/ccc ( 1892): cccccc updateHelper 通知更新
05-30 16:57:21.768 E/ccc ( 1892): cccccc requestOtaInfo result BaseResponse{message='success', data=OtaUpdateBean{downloadId='3859', updateType=1, romVersionName='5.0.0.7', romCode=66666, current=0, romMd5v='e5fc8d9a29132ffd8efdc3842c3c35a5', romLength=1107791189, romSize='1.0 GB', downUrl='http://dl.qun7.com/H5/H5Pro/5.0.0.6-20250530-wsyv%20/user_H5P_S905X5M_20250529_3-ota.zip', reUrl='http://dl.v5tv.com/H5/H5Pro/5.0.0.6-20250530-wsyv%20/user_H5P_S905X5M_20250529_3-ota.zip', reUrl2='http://dl.tymcdn.com/H5/H5Pro/5.0.0.6-20250530-wsyv%20/user_H5P_S905X5M_20250529_3-ota.zip', tempUrl='null', remark='30号早上9点配置OTA升级
05-30 16:57:21.768 E/ccc ( 1892): 固件时间:29号晚上10点
05-30 16:57:21.768 E/ccc ( 1892): 更新信息:
05-30 16:57:21.768 E/ccc ( 1892): user_H5P_S905X5M_20250529_3
05-30 16:57:21.768 E/ccc ( 1892): 链接: https://pan.baidu.com/s/13dvHYrF9ktJxYMb1qkA6TA?pwd=wsyv 提取码: wsyv
05-30 16:57:21.768 E/ccc ( 1892): 1.修复深度清理卡死log异常 对应Redmine bug 10
05-30 16:57:21.768 E/ccc ( 1892): 2.47981 47937对应相关禅道bug
05-30 16:57:21.768 E/ccc ( 1892): 对应Redmine bug #29 #19 #78 #52 #27 #26
05-30 16:57:21.768 E/ccc ( 1892): 加油,各位老表,干完今天回家过端午', status=idle, progress=0.0, filterMac=[], localPath='null', popup=1, isPaused=false, cancelled=false, extraInfo='null'}, code=0}
05-30 16:57:21.769 E/ccc ( 2232): cccccc notifyUpdateChanged {"code":1,"data":{"hasUpdate":true,"what":3,"why":-1},"message":"更新状态变化"}
05-30 16:57:21.770 D/EventBus( 2232): No subscribers registered for event class com.dangbei.haqusetting.model.bean.event.RootEvent
05-30 16:57:21.770 D/EventBus( 2232): No subscribers registered for event class org.greenrobot.eventbus.NoSubscriberEvent
05-30 16:57:21.771 E/ccc ( 1892): cccccc updateHelper 通知更新
05-30 16:57:21.771 E/ccc ( 1892): cccccc OtaUpdateHelper 普通更新 1
05-30 16:57:21.816 E/nStackXDFinder( 2771): GetLocalIp:[401] :GetLocalIp exec
05-30 16:57:21.816 E/nStackXDFinder( 2771): GetLocalIp:[401] :GetLocalIp exec
05-30 16:57:21.816 E/nStackXDFinder( 2771): GetLocalIp:[401] :GetLocalIp exec
05-30 16:57:21.817 D/AppListModel( 2251): requestAppFilterList: success
05-30 16:57:21.817 D/AppListModel( 2251): updateList
05-30 16:57:21.817 D/AppListModel( 2251): updateList: resetAppList
05-30 16:57:21.819 I/nStackXCoAP( 2771): CoapServiceDiscoverTimerHandle:[524] :the 5 times for device discover.
05-30 16:57:21.866 D/AppListModel( 2251): restockSort:
05-30 16:57:21.891 D/nStackXCoAP( 2771): IsInSameNetwork:[276] :IsInSameNetwork exec
05-30 16:57:21.891 I/nStackXDFinder( 2771): GetLocalInterfaceDetail:[461] :GetLocalInterfaceDetail in
05-30 16:57:21.891 E/nStackXCoAP( 2771): IsInSameNetwork:[281] :IsInSameNetwork: not priority process
05-30 16:57:21.892 D/nStackXCoAP( 2771): IsInSameNetwork:[276] :IsInSameNetwork exec
05-30 16:57:21.892 I/nStackXDFinder( 2771): GetLocalInterfaceDetail:[461] :GetLocalInterfaceDetail in
05-30 16:57:21.892 E/nStackXCoAP( 2771): IsInSameNetwork:[281] :IsInSameNetwork: not priority process
05-30 16:57:22.033 D/nStackXCoAP( 2771): IsInSameNetwork:[276] :IsInSameNetwork exec
05-30 16:57:22.033 I/nStackXDFinder( 2771): GetLocalInterfaceDetail:[461] :GetLocalInterfaceDetail in
05-30 16:57:22.033 E/nStackXCoAP( 2771): IsInSameNetwork:[281] :IsInSameNetwork: not priority process
05-30 16:57:22.034 D/nStackXCoAP( 2771): IsInSameNetwork:[276] :IsInSameNetwork exec
05-30 16:57:22.034 I/nStackXDFinder( 2771): GetLocalInterfaceDetail:[461] :GetLocalInterfaceDetail in
05-30 16:57:22.034 E/nStackXCoAP( 2771): IsInSameNetwork:[281] :IsInSameNetwork: not priority process
05-30 16:57:22.034 D/nStackXCoAP( 2771): IsInSameNetwork:[276] :IsInSameNetwork exec
05-30 16:57:22.034 I/nStackXDFinder( 2771): GetLocalInterfaceDetail:[461] :GetLocalInterfaceDetail in
05-30 16:57:22.034 E/nStackXCoAP( 2771): IsInSameNetwork:[281] :IsInSameNetwork: not priority process
05-30 16:57:22.041 D/nStackXCoAP( 2771): IsInSameNetwork:[276] :IsInSameNetwork exec
05-30 16:57:22.041 I/nStackXDFinder( 2771): GetLocalInterfaceDetail:[461] :GetLocalInterfaceDetail in
05-30 16:57:22.041 E/nStackXCoAP( 2771): IsInSameNetwork:[281] :IsInSameNetwork: not priority process
05-30 16:57:22.041 D/nStackXCoAP( 2771): IsInSameNetwork:[276] :IsInSameNetwork exec
05-30 16:57:22.041 I/nStackXDFinder( 2771): GetLocalInterfaceDetail:[461] :GetLocalInterfaceDetail in
05-30 16:57:22.041 E/nStackXCoAP( 2771): IsInSameNetwork:[281] :IsInSameNetwork: not priority process
05-30 16:57:22.042 D/nStackXCoAP( 2771): IsInSameNetwork:[276] :IsInSameNetwork exec
05-30 16:57:22.042 I/nStackXDFinder( 2771): GetLocalInterfaceDetail:[461] :GetLocalInterfaceDetail in
05-30 16:57:22.042 E/nStackXCoAP( 2771): IsInSameNetwork:[281] :IsInSameNetwork: not priority process
05-30 16:57:22.042 D/nStackXCoAP( 2771): IsInSameNetwork:[276] :IsInSameNetwork exec
05-30 16:57:22.042 I/nStackXDFinder( 2771): GetLocalInterfaceDetail:[461] :GetLocalInterfaceDetail in
05-30 16:57:22.042 E/nStackXCoAP( 2771): IsInSameNetwork:[281] :IsInSameNetwork: not priority process
05-30 16:57:22.043 D/nStackXCoAP( 2771): IsInSameNetwork:[276] :IsInSameNetwork exec
05-30 16:57:22.043 I/nStackXDFinder( 2771): GetLocalInterfaceDetail:[461] :GetLocalInterfaceDetail in
05-30 16:57:22.043 E/nStackXCoAP( 2771): IsInSameNetwork:[281] :IsInSameNetwork: not priority process
05-30 16:57:22.044 D/nStackXCoAP( 2771): IsInSameNetwork:[276] :IsInSameNetwork exec
05-30 16:57:22.044 I/nStackXDFinder( 2771): GetLocalInterfaceDetail:[461] :GetLocalInterfaceDetail in
05-30 16:57:22.044 E/nStackXCoAP( 2771): IsInSameNetwork:[281] :IsInSameNetwork: not priority process
05-30 16:57:22.044 D/nStackXCoAP( 2771): IsInSameNetwork:[276] :IsInSameNetwork exec
05-30 16:57:22.044 I/nStackXDFinder( 2771): GetLocalInterfaceDetail:[461] :GetLocalInterfaceDetail in
05-30 16:57:22.045 E/nStackXCoAP( 2771): IsInSameNetwork:[281] :IsInSameNetwork: not priority process
05-30 16:57:22.045 D/nStackXCoAP( 2771): IsInSameNetwork:[276] :IsInSameNetwork exec
05-30 16:57:22.045 I/nStackXDFinder( 2771): GetLocalInterfaceDetail:[461] :GetLocalInterfaceDetail in
05-30 16:57:22.045 E/nStackXCoAP( 2771): IsInSameNetwork:[281] :IsInSameNetwork: not priority process
05-30 16:57:22.045 D/nStackXCoAP( 2771): IsInSameNetwork:[276] :IsInSameNetwork exec
05-30 16:57:22.045 I/nStackXDFinder( 2771): GetLocalInterfaceDetail:[461] :GetLocalInterfaceDetail in
05-30 16:57:22.045 E/nStackXCoAP( 2771): IsInSameNetwork:[281] :IsInSameNetwork: not priority process
05-30 16:57:22.280 D/nStackXCoAP( 2771): IsInSameNetwork:[276] :IsInSameNetwork exec
05-30 16:57:22.280 I/nStackXDFinder( 2771): GetLocalInterfaceDetail:[461] :GetLocalInterfaceDetail in
05-30 16:57:22.280 E/nStackXCoAP( 2771): IsInSameNetwork:[281] :IsInSameNetwork: not priority process
05-30 16:57:22.291 D/XHttpObservable( 2593): createNetWorkObservable subscribe: ShowMessageEntity{code=0, data=TipEntity{movieType=[我想看喜剧片, 动作片, 枪战片], movie=[庆余年, 误杀, 美丽人生, 爆笑虫子, 哪吒, 小猪佩奇, 胡歌的电视剧, 张艺谋导演的电影, 切换到1080P, 收藏], appController=[打开当贝市场, 下载哈趣影视, 爱奇艺, 卸载腾讯视频], weather=[今天的天气, 未来五天的天气, 杭州天气怎么样, 明天下不下雨], music=[我要听歌, 周杰伦的歌, 上一首, 下一首, 快进一分钟, 暂停], liveAppDownload='非常抱歉,根据监管部门政策管理要求,暂不提供相应服务。', subscreen=null, wakeUpVoiceResponse=[ProbabilityEntity{word='在呢', probability=30}, ProbabilityEntity{word='我在', probability=35}, ProbabilityEntity{word='你说', probability=15}, ProbabilityEntity{word='来啦', probability=20}], unrecognizedVoiceResponse=[ProbabilityEntity{word='可以再说一遍么', probability=45}, ProbabilityEntity{word='可以说的详细一点么', probability=30}, ProbabilityEntity{word='请问有什么可以帮您', probability=25}], notUnderstandVoiceResponse=[ProbabilityEntity{word='换个说法试试吧', probability=100}]}, message='success'} ,,, isDisposed = false
05-30 16:57:22.319 E/nStackXDFinder( 2771): GetLocalIp:[401] :GetLocalIp exec
05-30 16:57:22.319 E/nStackXDFinder( 2771): GetLocalIp:[401] :GetLocalIp exec
05-30 16:57:22.319 E/nStackXDFinder( 2771): GetLocalIp:[401] :GetLocalIp exec
05-30 16:57:22.320 I/nStackXCoAP( 2771): CoapServiceDiscoverTimerHandle:[524] :the 6 times for device discover.
05-30 16:57:22.378 I/serviceDiscovery( 718): [MdnsAdvertiser.wlan0] Probing finished for service 5
05-30 16:57:22.379 D/LanCommander( 1892): com.dangbei.andes.bean.RegistrationData@37e9644----------------onServiceRegistered
05-30 16:57:22.409 D/XHttpObservable( 2593): createNetWorkObservable subscribe: MediaControlEntity{code=0, data=PageEntity{list=[ContentEntity{packageName='com.dangbei.leard.leradlauncher', activityName='FilmDetailActivity'}, ContentEntity{packageName='com.dangbei.leard.leradlauncher', activityName='FullScreenDetailActivity'}, ContentEntity{packageName='com.dangbei.leard.leradlauncher', activityName='TencentSportActivity'}, ContentEntity{packageName='com.dangbei.leradVideoPlugins', activityName='FilmDetailActivity'}, ContentEntity{packageName='com.dangbei.leradVideoPlugins', activityName='FullScreenDetailActivity'}, ContentEntity{packageName='com.dangbei.leradVideoPlugins', activityName='TencentSportActivity'}, ContentEntity{packageName='com.dangbei.leradVideoPlugins', activityName='ShortPlayActivity'}, ContentEntity{packageName='com.dangbei.hqmedia', activityName='FilmDetailActivity'}, ContentEntity{packageName='com.dangbei.hqmedia', activityName='FullScreenDetailActivity'}, ContentEntity{packageName='com.dangbei.leradVideoPlugins', activityName='MangoMediaActivity'}, ContentEntity{packageName='com.dangbei.leradVideoPlugins', activityName='VcinemaActivity'}]}, message='success'} ,,, isDisposed = false
05-30 16:57:22.551 D/nStackXCoAP( 2771): IsInSameNetwork:[276] :IsInSameNetwork exec
05-30 16:57:22.551 I/nStackXDFinder( 2771): GetLocalInterfaceDetail:[461] :GetLocalInterfaceDetail in
05-30 16:57:22.551 E/nStackXCoAP( 2771): IsInSameNetwork:[281] :IsInSameNetwork: not priority process
05-30 16:57:22.552 D/nStackXCoAP( 2771): IsInSameNetwork:[276] :IsInSameNetwork exec
05-30 16:57:22.552 I/nStackXDFinder( 2771): GetLocalInterfaceDetail:[461] :GetLocalInterfaceDetail in
05-30 16:57:22.552 E/nStackXCoAP( 2771): IsInSameNetwork:[281] :IsInSameNetwork: not priority process
05-30 16:57:22.553 D/nStackXCoAP( 2771): IsInSameNetwork:[276] :IsInSameNetwork exec
05-30 16:57:22.553 I/nStackXDFinder( 2771): GetLocalInterfaceDetail:[461] :GetLocalInterfaceDetail in
05-30 16:57:22.553 E/nStackXCoAP( 2771): IsInSameNetwork:[281] :IsInSameNetwork: not priority process
05-30 16:57:22.553 D/nStackXCoAP( 2771): IsInSameNetwork:[276] :IsInSameNetwork exec
05-30 16:57:22.553 I/nStackXDFinder( 2771): GetLocalInterfaceDetail:[461] :GetLocalInterfaceDetail in
05-30 16:57:22.553 E/nStackXCoAP( 2771): IsInSameNetwork:[281] :IsInSameNetwork: not priority process
05-30 16:57:22.553 D/nStackXCoAP( 2771): IsInSameNetwork:[276] :IsInSameNetwork exec
05-30 16:57:22.553 I/nStackXDFinder( 2771): GetLocalInterfaceDetail:[461] :GetLocalInterfaceDetail in
05-30 16:57:22.553 E/nStackXCoAP( 2771): IsInSameNetwork:[281] :IsInSameNetwork: not priority process
05-30 16:57:22.554 D/nStackXCoAP( 2771): IsInSameNetwork:[276] :IsInSameNetwork exec
05-30 16:57:22.554 I/nStackXDFinder( 2771): GetLocalInterfaceDetail:[461] :GetLocalInterfaceDetail in
05-30 16:57:22.554 E/nStackXCoAP( 2771): IsInSameNetwork:[281] :IsInSameNetwork: not priority process
05-30 16:57:22.554 D/nStackXCoAP( 2771): IsInSameNetwork:[276] :IsInSameNetwork exec
05-30 16:57:22.554 I/nStackXDFinder( 2771): GetLocalInterfaceDetail:[461] :GetLocalInterfaceDetail in
05-30 16:57:22.554 E/nStackXCoAP( 2771): IsInSameNetwork:[281] :IsInSameNetwork: not priority process
05-30 16:57:22.554 D/nStackXCoAP( 2771): IsInSameNetwork:[276] :IsInSameNetwork exec
05-30 16:57:22.554 I/nStackXDFinder( 2771): GetLocalInterfaceDetail:[461] :GetLocalInterfaceDetail in
05-30 16:57:22.554 E/nStackXCoAP( 2771): IsInSameNetwork:[281] :IsInSameNetwork: not priority process
05-30 16:57:22.555 D/nStackXCoAP( 2771): IsInSameNetwork:[276] :IsInSameNetwork exec
05-30 16:57:22.555 I/nStackXDFinder( 2771): GetLocalInterfaceDetail:[461] :GetLocalInterfaceDetail in
05-30 16:57:22.555 E/nStackXCoAP( 2771): IsInSameNetwork:[281] :IsInSameNetwork: not priority process
05-30 16:57:22.555 D/nStackXCoAP( 2771): IsInSameNetwork:[276] :IsInSameNetwork exec
05-30 16:57:22.556 I/nStackXDFinder( 2771): GetLocalInterfaceDetail:[461] :GetLocalInterfaceDetail in
05-30 16:57:22.556 E/nStackXCoAP( 2771): IsInSameNetwork:[281] :IsInSameNetwork: not priority process
05-30 16:57:22.556 D/nStackXCoAP( 2771): IsInSameNetwork:[276] :IsInSameNetwork exec
05-30 16:57:22.556 I/nStackXDFinder( 2771): GetLocalInterfaceDetail:[461] :GetLocalInterfaceDetail in
05-30 16:57:22.556 E/nStackXCoAP( 2771): IsInSameNetwork:[281] :IsInSameNetwork: not priority process
05-30 16:57:22.556 D/nStackXCoAP( 2771): IsInSameNetwork:[276] :IsInSameNetwork exec
05-30 16:57:22.556 I/nStackXDFinder( 2771): GetLocalInterfaceDetail:[461] :GetLocalInterfaceDetail in
05-30 16:57:22.556 E/nStackXCoAP( 2771): IsInSameNetwork:[281] :IsInSameNetwork: not priority process
05-30 16:57:22.557 D/nStackXCoAP( 2771): IsInSameNetwork:[276] :IsInSameNetwork exec
05-30 16:57:22.557 I/nStackXDFinder( 2771): GetLocalInterfaceDetail:[461] :GetLocalInterfaceDetail in
05-30 16:57:22.557 E/nStackXCoAP( 2771): IsInSameNetwork:[281] :IsInSameNetwork: not priority process
05-30 16:57:22.557 D/nStackXCoAP( 2771): IsInSameNetwork:[276] :IsInSameNetwork exec
05-30 16:57:22.557 I/nStackXDFinder( 2771): GetLocalInterfaceDetail:[461] :GetLocalInterfaceDetail in
05-30 16:57:22.557 E/nStackXCoAP( 2771): IsInSameNetwork:[281] :IsInSameNetwork: not priority process
05-30 16:57:22.558 D/nStackXCoAP( 2771): IsInSameNetwork:[276] :IsInSameNetwork exec
05-30 16:57:22.558 I/nStackXDFinder( 2771): GetLocalInterfaceDetail:[461] :GetLocalInterfaceDetail in
05-30 16:57:22.558 E/nStackXCoAP( 2771): IsInSameNetwork:[281] :IsInSameNetwork: not priority process
05-30 16:57:22.558 D/nStackXCoAP( 2771): IsInSameNetwork:[276] :IsInSameNetwork exec
05-30 16:57:22.558 I/nStackXDFinder( 2771): GetLocalInterfaceDetail:[461] :GetLocalInterfaceDetail in
05-30 16:57:22.558 E/nStackXCoAP( 2771): IsInSameNetwork:[281] :IsInSameNetwork: not priority process
05-30 16:57:22.559 D/nStackXCoAP( 2771): IsInSameNetwork:[276] :IsInSameNetwork exec
05-30 16:57:22.559 I/nStackXDFinder( 2771): GetLocalInterfaceDetail:[461] :GetLocalInterfaceDetail in
05-30 16:57:22.559 E/nStackXCoAP( 2771): IsInSameNetwork:[281] :IsInSameNetwork: not priority process
05-30 16:57:22.559 D/nStackXCoAP( 2771): IsInSameNetwork:[276] :IsInSameNetwork exec
05-30 16:57:22.559 I/nStackXDFinder( 2771): GetLocalInterfaceDetail:[461] :GetLocalInterfaceDetail in
05-30 16:57:22.559 E/nStackXCoAP( 2771): IsInSameNetwork:[281] :IsInSameNetwork: not priority process
05-30 16:57:22.560 D/nStackXCoAP( 2771): IsInSameNetwork:[276] :IsInSameNetwork exec
05-30 16:57:22.560 I/nStackXDFinder( 2771): GetLocalInterfaceDetail:[461] :GetLocalInterfaceDetail in
05-30 16:57:22.560 E/nStackXCoAP( 2771): IsInSameNetwork:[281] :IsInSameNetwork: not priority process
05-30 16:57:22.560 D/nStackXCoAP( 2771): IsInSameNetwork:[276] :IsInSameNetwork exec
05-30 16:57:22.560 I/nStackXDFinder( 2771): GetLocalInterfaceDetail:[461] :GetLocalInterfaceDetail in
05-30 16:57:22.560 E/nStackXCoAP( 2771): IsInSameNetwork:[281] :IsInSameNetwork: not priority process
05-30 16:57:22.560 D/nStackXCoAP( 2771): IsInSameNetwork:[276] :IsInSameNetwork exec
05-30 16:57:22.560 I/nStackXDFinder( 2771): GetLocalInterfaceDetail:[461] :GetLocalInterfaceDetail in
05-30 16:57:22.560 E/nStackXCoAP( 2771): IsInSameNetwork:[281] :IsInSameNetwork: not priority process
05-30 16:57:22.820 E/nStackXDFinder( 2771): GetLocalIp:[401] :GetLocalIp exec
05-30 16:57:22.820 E/nStackXDFinder( 2771): GetLocalIp:[401] :GetLocalIp exec
05-30 16:57:22.820 E/nStackXDFinder( 2771): GetLocalIp:[401] :GetLocalIp exec
05-30 16:57:22.821 I/nStackXCoAP( 2771): CoapServiceDiscoverTimerHandle:[524] :the 7 times for device discover.
05-30 16:57:22.839 D/CompatibilityChangeReporter( 718): Compat change id reported: 261072174; UID 10051; state: ENABLED
05-30 16:57:22.968 D/nStackXCoAP( 2771): IsInSameNetwork:[276] :IsInSameNetwork exec
05-30 16:57:22.968 I/nStackXDFinder( 2771): GetLocalInterfaceDetail:[461] :GetLocalInterfaceDetail in
05-30 16:57:22.968 E/nStackXCoAP( 2771): IsInSameNetwork:[281] :IsInSameNetwork: not priority process
05-30 16:57:22.969 D/nStackXCoAP( 2771): IsInSameNetwork:[276] :IsInSameNetwork exec
05-30 16:57:22.969 I/nStackXDFinder( 2771): GetLocalInterfaceDetail:[461] :GetLocalInterfaceDetail in
05-30 16:57:22.969 E/nStackXCoAP( 2771): IsInSameNetwork:[281] :IsInSameNetwork: not priority process
05-30 16:57:22.972 D/nStackXCoAP( 2771): IsInSameNetwork:[276] :IsInSameNetwork exec
05-30 16:57:22.972 I/nStackXDFinder( 2771): GetLocalInterfaceDetail:[461] :GetLocalInterfaceDetail in
05-30 16:57:22.972 E/nStackXCoAP( 2771): IsInSameNetwork:[281] :IsInSameNetwork: not priority process
05-30 16:57:22.974 D/nStackXCoAP( 2771): IsInSameNetwork:[276] :IsInSameNetwork exec
05-30 16:57:22.974 I/nStackXDFinder( 2771): GetLocalInterfaceDetail:[461] :GetLocalInterfaceDetail in
05-30 16:57:22.974 E/nStackXCoAP( 2771): IsInSameNetwork:[281] :IsInSameNetwork: not priority process
05-30 16:57:22.975 D/nStackXCoAP( 2771): IsInSameNetwork:[276] :IsInSameNetwork exec
05-30 16:57:22.975 I/nStackXDFinder( 2771): GetLocalInterfaceDetail:[461] :GetLocalInterfaceDetail in
05-30 16:57:22.975 E/nStackXCoAP( 2771): IsInSameNetwork:[281] :IsInSameNetwork: not priority process
05-30 16:57:22.976 D/nStackXCoAP( 2771): IsInSameNetwork:[276] :IsInSameNetwork exec
05-30 16:57:22.976 I/nStackXDFinder( 2771): GetLocalInterfaceDetail:[461] :GetLocalInterfaceDetail in
05-30 16:57:22.976 E/nStackXCoAP( 2771): IsInSameNetwork:[281] :IsInSameNetwork: not priority process
05-30 16:57:22.976 I/cr_VariationsSeedFetch( 2414): Fetched first run seed in 2285 ms
05-30 16:57:22.978 D/nStackXCoAP( 2771): IsInSameNetwork:[276] :IsInSameNetwork exec
05-30 16:57:22.978 I/nStackXDFinder( 2771): GetLocalInterfaceDetail:[461] :GetLocalInterfaceDetail in
05-30 16:57:22.978 E/nStackXCoAP( 2771): IsInSameNetwork:[281] :IsInSameNetwork: not priority process
05-30 16:57:22.979 D/nStackXCoAP( 2771): IsInSameNetwork:[276] :IsInSameNetwork exec
05-30 16:57:22.979 I/nStackXDFinder( 2771): GetLocalInterfaceDetail:[461] :GetLocalInterfaceDetail in
05-30 16:57:22.979 E/nStackXCoAP( 2771): IsInSameNetwork:[281] :IsInSameNetwork: not priority process
05-30 16:57:22.979 D/nStackXCoAP( 2771): IsInSameNetwork:[276] :IsInSameNetwork exec
05-30 16:57:22.980 I/nStackXDFinder( 2771): GetLocalInterfaceDetail:[461] :GetLocalInterfaceDetail in
05-30 16:57:22.980 E/nStackXCoAP( 2771): IsInSameNetwork:[281] :IsInSameNetwork: not priority process
05-30 16:57:22.980 D/nStackXCoAP( 2771): IsInSameNetwork:[276] :IsInSameNetwork exec
05-30 16:57:22.980 I/nStackXDFinder( 2771): GetLocalInterfaceDetail:[461] :GetLocalInterfaceDetail in
05-30 16:57:22.980 E/nStackXCoAP( 2771): IsInSameNetwork:[281] :IsInSameNetwork: not priority process
05-30 16:57:22.981 D/nStackXCoAP( 2771): IsInSameNetwork:[276] :IsInSameNetwork exec
05-30 16:57:22.981 I/nStackXDFinder( 2771): GetLocalInterfaceDetail:[461] :GetLocalInterfaceDetail in
05-30 16:57:22.981 E/nStackXCoAP( 2771): IsInSameNetwork:[281] :IsInSameNetwork: not priority process
05-30 16:57:22.982 D/nStackXCoAP( 2771): IsInSameNetwork:[276] :IsInSameNetwork exec
05-30 16:57:22.982 I/nStackXDFinder( 2771): GetLocalInterfaceDetail:[461] :GetLocalInterfaceDetail in
05-30 16:57:22.982 E/nStackXCoAP( 2771): IsInSameNetwork:[281] :IsInSameNetwork: not priority process
05-30 16:57:22.983 D/nStackXCoAP( 2771): IsInSameNetwork:[276] :IsInSameNetwork exec
05-30 16:57:22.983 I/nStackXDFinder( 2771): GetLocalInterfaceDetail:[461] :GetLocalInterfaceDetail in
05-30 16:57:22.983 E/nStackXCoAP( 2771): IsInSameNetwork:[281] :IsInSameNetwork: not priority process
05-30 16:57:22.984 D/nStackXCoAP( 2771): IsInSameNetwork:[276] :IsInSameNetwork exec
05-30 16:57:22.984 I/nStackXDFinder( 2771): GetLocalInterfaceDetail:[461] :GetLocalInterfaceDetail in
05-30 16:57:22.984 E/nStackXCoAP( 2771): IsInSameNetwork:[281] :IsInSameNetwork: not priority process
05-30 16:57:22.985 D/nStackXCoAP( 2771): IsInSameNetwork:[276] :IsInSameNetwork exec
05-30 16:57:22.985 I/nStackXDFinder( 2771): GetLocalInterfaceDetail:[461] :GetLocalInterfaceDetail in
05-30 16:57:22.985 E/nStackXCoAP( 2771): IsInSameNetwork:[281] :IsInSameNetwork: not priority process
05-30 16:57:22.985 D/nStackXCoAP( 2771): IsInSameNetwork:[276] :IsInSameNetwork exec
05-30 16:57:22.985 I/nStackXDFinder( 2771): GetLocalInterfaceDetail:[461] :GetLocalInterfaceDetail in
05-30 16:57:22.985 E/nStackXCoAP( 2771): IsInSameNetwork:[281] :IsInSameNetwork: not priority process
05-30 16:57:22.986 D/nStackXCoAP( 2771): IsInSameNetwork:[276] :IsInSameNetwork exec
05-30 16:57:22.986 I/nStackXDFinder( 2771): GetLocalInterfaceDetail:[461] :GetLocalInterfaceDetail in
05-30 16:57:22.986 E/nStackXCoAP( 2771): IsInSameNetwork:[281] :IsInSameNetwork: not priority process
05-30 16:57:23.117 D/nStackXCoAP( 2771): IsInSameNetwork:[276] :IsInSameNetwork exec
05-30 16:57:23.117 I/nStackXDFinder( 2771): GetLocalInterfaceDetail:[461] :GetLocalInterfaceDetail in
05-30 16:57:23.117 E/nStackXCoAP( 2771): IsInSameNetwork:[281] :IsInSameNetwork: not priority process
05-30 16:57:23.118 D/nStackXCoAP( 2771): IsInSameNetwork:[276] :IsInSameNetwork exec
05-30 16:57:23.118 I/nStackXDFinder( 2771): GetLocalInterfaceDetail:[461] :GetLocalInterfaceDetail in
05-30 16:57:23.118 E/nStackXCoAP( 2771): IsInSameNetwork:[281] :IsInSameNetwork: not priority process
05-30 16:57:23.123 I/WifiHAL ( 527): call wifi_get_link_stats handler
05-30 16:57:23.124 I/WifiHAL ( 527): Creating message to get link statistics; iface = 16
05-30 16:57:23.124 D/WifiHAL ( 527): error code -95 mapped to -3
05-30 16:57:23.125 E/WifiStaIfaceAidlImpl( 718): getLinkLayerStats failed with service-specific exception: android.os.ServiceSpecificException: (code 4)
05-30 16:57:23.133 D/InstantWifi( 718): Receive Wifi is connected, freq = 5180 and currentNetworkId : 1, wifiinfo = SSID: , BSSID: 02:00:00:00:00:00, MAC: 02:00:00:00:00:00, IP: /192.168.3.222, Security type: 2, Supplicant state: COMPLETED, Wi-Fi standard: 6, RSSI: -69, Link speed: 1200Mbps, Tx Link speed: 1200Mbps, Max Supported Tx Link speed: 1200Mbps, Rx Link speed: 72Mbps, Max Supported Rx Link speed: 1200Mbps, Frequency: 5180MHz, Net ID: -1, Metered hint: false, score: 60, isUsable: true, CarrierMerged: false, SubscriptionId: -1, IsPrimary: 1, Trusted: true, Restricted: false, Ephemeral: false, OEM paid: false, OEM private: false, OSU AP: false, FQDN: , Provider friendly name: , Requesting package name: MLO Information: , Is TID-To-Link negotiation supported by the AP: false, AP MLD Address: , AP MLO Link Id: , AP MLO Affiliated links:
05-30 16:57:23.146 W/JobService( 2276): onNetworkChanged() not implemented in androidx.work.impl.background.systemjob.SystemJobService. Must override in a subclass.
05-30 16:57:23.321 E/nStackXDFinder( 2771): GetLocalIp:[401] :GetLocalIp exec
05-30 16:57:23.321 E/nStackXDFinder( 2771): GetLocalIp:[401] :GetLocalIp exec
05-30 16:57:23.321 E/nStackXDFinder( 2771): GetLocalIp:[401] :GetLocalIp exec
05-30 16:57:23.322 I/nStackXCoAP( 2771): CoapServiceDiscoverTimerHandle:[524] :the 8 times for device discover.
05-30 16:57:23.400 D/nStackXCoAP( 2771): IsInSameNetwork:[276] :IsInSameNetwork exec
05-30 16:57:23.400 I/nStackXDFinder( 2771): GetLocalInterfaceDetail:[461] :GetLocalInterfaceDetail in
05-30 16:57:23.400 E/nStackXCoAP( 2771): IsInSameNetwork:[281] :IsInSameNetwork: not priority process
05-30 16:57:23.400 D/nStackXCoAP( 2771): IsInSameNetwork:[276] :IsInSameNetwork exec
05-30 16:57:23.400 I/nStackXDFinder( 2771): GetLocalInterfaceDetail:[461] :GetLocalInterfaceDetail in
05-30 16:57:23.401 E/nStackXCoAP( 2771): IsInSameNetwork:[281] :IsInSameNetwork: not priority process
05-30 16:57:23.401 D/nStackXCoAP( 2771): IsInSameNetwork:[276] :IsInSameNetwork exec
05-30 16:57:23.401 I/nStackXDFinder( 2771): GetLocalInterfaceDetail:[461] :GetLocalInterfaceDetail in
05-30 16:57:23.401 E/nStackXCoAP( 2771): IsInSameNetwork:[281] :IsInSameNetwork: not priority process
05-30 16:57:23.402 D/nStackXCoAP( 2771): IsInSameNetwork:[276] :IsInSameNetwork exec
05-30 16:57:23.402 I/nStackXDFinder( 2771): GetLocalInterfaceDetail:[461] :GetLocalInterfaceDetail in
05-30 16:57:23.402 E/nStackXCoAP( 2771): IsInSameNetwork:[281] :IsInSameNetwork: not priority process
05-30 16:57:23.402 D/nStackXCoAP( 2771): IsInSameNetwork:[276] :IsInSameNetwork exec
05-30 16:57:23.402 I/nStackXDFinder( 2771): GetLocalInterfaceDetail:[461] :GetLocalInterfaceDetail in
05-30 16:57:23.402 E/nStackXCoAP( 2771): IsInSameNetwork:[281] :IsInSameNetwork: not priority process
05-30 16:57:23.403 D/nStackXCoAP( 2771): IsInSameNetwork:[276] :IsInSameNetwork exec
05-30 16:57:23.403 I/nStackXDFinder( 2771): GetLocalInterfaceDetail:[461] :GetLocalInterfaceDetail in
05-30 16:57:23.403 E/nStackXCoAP( 2771): IsInSameNetwork:[281] :IsInSameNetwork: not priority process
05-30 16:57:23.404 D/nStackXCoAP( 2771): IsInSameNetwork:[276] :IsInSameNetwork exec
05-30 16:57:23.404 I/nStackXDFinder( 2771): GetLocalInterfaceDetail:[461] :GetLocalInterfaceDetail in
05-30 16:57:23.404 E/nStackXCoAP( 2771): IsInSameNetwork:[281] :IsInSameNetwork: not priority process
05-30 16:57:23.404 D/nStackXCoAP( 2771): IsInSameNetwork:[276] :IsInSameNetwork exec
05-30 16:57:23.404 I/nStackXDFinder( 2771): GetLocalInterfaceDetail:[461] :GetLocalInterfaceDetail in
05-30 16:57:23.404 E/nStackXCoAP( 2771): IsInSameNetwork:[281] :IsInSameNetwork: not priority process
05-30 16:57:23.407 D/nStackXCoAP( 2771): IsInSameNetwork:[276] :IsInSameNetwork exec
05-30 16:57:23.407 I/nStackXDFinder( 2771): GetLocalInterfaceDetail:[461] :GetLocalInterfaceDetail in
05-30 16:57:23.407 E/nStackXCoAP( 2771): IsInSameNetwork:[281] :IsInSameNetwork: not priority process
05-30 16:57:23.407 D/nStackXCoAP( 2771): IsInSameNetwork:[276] :IsInSameNetwork exec
05-30 16:57:23.407 I/nStackXDFinder( 2771): GetLocalInterfaceDetail:[461] :GetLocalInterfaceDetail in
05-30 16:57:23.407 E/nStackXCoAP( 2771): IsInSameNetwork:[281] :IsInSameNetwork: not priority process
05-30 16:57:23.473 D/nStackXCoAP( 2771): IsInSameNetwork:[276] :IsInSameNetwork exec
05-30 16:57:23.473 I/nStackXDFinder( 2771): GetLocalInterfaceDetail:[461] :GetLocalInterfaceDetail in
05-30 16:57:23.473 E/nStackXCoAP( 2771): IsInSameNetwork:[281] :IsInSameNetwork: not priority process
05-30 16:57:23.473 D/nStackXCoAP( 2771): IsInSameNetwork:[276] :IsInSameNetwork exec
05-30 16:57:23.473 I/nStackXDFinder( 2771): GetLocalInterfaceDetail:[461] :GetLocalInterfaceDetail in
05-30 16:57:23.473 E/nStackXCoAP( 2771): IsInSameNetwork:[281] :IsInSameNetwork: not priority process
05-30 16:57:23.475 D/nStackXCoAP( 2771): IsInSameNetwork:[276] :IsInSameNetwork exec
05-30 16:57:23.475 I/nStackXDFinder( 2771): GetLocalInterfaceDetail:[461] :GetLocalInterfaceDetail in
05-30 16:57:23.475 E/nStackXCoAP( 2771): IsInSameNetwork:[281] :IsInSameNetwork: not priority process
05-30 16:57:23.476 D/nStackXCoAP( 2771): IsInSameNetwork:[276] :IsInSameNetwork exec
05-30 16:57:23.476 I/nStackXDFinder( 2771): GetLocalInterfaceDetail:[461] :GetLocalInterfaceDetail in
05-30 16:57:23.476 E/nStackXCoAP( 2771): IsInSameNetwork:[281] :IsInSameNetwork: not priority process
05-30 16:57:23.477 D/nStackXCoAP( 2771): IsInSameNetwork:[276] :IsInSameNetwork exec
05-30 16:57:23.477 I/nStackXDFinder( 2771): GetLocalInterfaceDetail:[461] :GetLocalInterfaceDetail in
05-30 16:57:23.477 E/nStackXCoAP( 2771): IsInSameNetwork:[281] :IsInSameNetwork: not priority process
05-30 16:57:23.478 D/nStackXCoAP( 2771): IsInSameNetwork:[276] :IsInSameNetwork exec
05-30 16:57:23.478 I/nStackXDFinder( 2771): GetLocalInterfaceDetail:[461] :GetLocalInterfaceDetail in
05-30 16:57:23.479 E/nStackXCoAP( 2771): IsInSameNetwork:[281] :IsInSameNetwork: not priority process
05-30 16:57:23.479 D/nStackXCoAP( 2771): IsInSameNetwork:[276] :IsInSameNetwork exec
05-30 16:57:23.480 I/nStackXDFinder( 2771): GetLocalInterfaceDetail:[461] :GetLocalInterfaceDetail in
05-30 16:57:23.480 E/nStackXCoAP( 2771): IsInSameNetwork:[281] :IsInSameNetwork: not priority process
05-30 16:57:23.551 D/nStackXCoAP( 2771): IsInSameNetwork:[276] :IsInSameNetwork exec
05-30 16:57:23.551 I/nStackXDFinder( 2771): GetLocalInterfaceDetail:[461] :GetLocalInterfaceDetail in
05-30 16:57:23.551 E/nStackXCoAP( 2771): IsInSameNetwork:[281] :IsInSameNetwork: not priority process
05-30 16:57:23.552 D/nStackXCoAP( 2771): IsInSameNetwork:[276] :IsInSameNetwork exec
05-30 16:57:23.552 I/nStackXDFinder( 2771): GetLocalInterfaceDetail:[461] :GetLocalInterfaceDetail in
05-30 16:57:23.552 E/nStackXCoAP( 2771): IsInSameNetwork:[281] :IsInSameNetwork: not priority process
05-30 16:57:23.626 D/WifiNl80211Manager( 718): Scan result ready event
05-30 16:57:23.626 D/WifiNative( 718): Scan result ready event
05-30 16:57:23.646 D/WificondScannerImpl( 718): Filtering out 11 scan results.
05-30 16:57:23.686 E/hq ( 2251): NetWorkStateReceiver:::NetWorkStateReceiver onReceive: 网络变化广播 >>>> intent.action=android.net.wifi.SCAN_RESULTS
05-30 16:57:23.691 I/WifiHAL ( 527): call wifi_get_link_stats handler
05-30 16:57:23.691 I/WifiHAL ( 527): Creating message to get link statistics; iface = 16
05-30 16:57:23.691 D/WifiHAL ( 527): error code -95 mapped to -3
05-30 16:57:23.691 E/WifiStaIfaceAidlImpl( 718): getLinkLayerStats failed with service-specific exception: android.os.ServiceSpecificException: (code 4)
05-30 16:57:23.697 D/nStackXCoAP( 2771): IsInSameNetwork:[276] :IsInSameNetwork exec
05-30 16:57:23.697 I/nStackXDFinder( 2771): GetLocalInterfaceDetail:[461] :GetLocalInterfaceDetail in
05-30 16:57:23.697 E/nStackXCoAP( 2771): IsInSameNetwork:[281] :IsInSameNetwork: not priority process
05-30 16:57:23.707 W/eventbuscore( 2251): post Event:com.dangbei.leard.base.entity.event.NetWifiRssiEvent
05-30 16:57:23.822 E/nStackXDFinder( 2771): GetLocalIp:[401] :GetLocalIp exec
05-30 16:57:23.822 E/nStackXDFinder( 2771): GetLocalIp:[401] :GetLocalIp exec
05-30 16:57:23.822 E/nStackXDFinder( 2771): GetLocalIp:[401] :GetLocalIp exec
05-30 16:57:23.823 I/nStackXCoAP( 2771): CoapServiceDiscoverTimerHandle:[524] :the 9 times for device discover.
05-30 16:57:23.831 D/nStackXCoAP( 2771): IsInSameNetwork:[276] :IsInSameNetwork exec
05-30 16:57:23.831 I/nStackXDFinder( 2771): GetLocalInterfaceDetail:[461] :GetLocalInterfaceDetail in
05-30 16:57:23.831 E/nStackXCoAP( 2771): IsInSameNetwork:[281] :IsInSameNetwork: not priority process
05-30 16:57:23.837 D/nStackXCoAP( 2771): IsInSameNetwork:[276] :IsInSameNetwork exec
05-30 16:57:23.837 I/nStackXDFinder( 2771): GetLocalInterfaceDetail:[461] :GetLocalInterfaceDetail in
05-30 16:57:23.837 E/nStackXCoAP( 2771): IsInSameNetwork:[281] :IsInSameNetwork: not priority process
05-30 16:57:23.838 D/nStackXCoAP( 2771): IsInSameNetwork:[276] :IsInSameNetwork exec
05-30 16:57:23.838 I/nStackXDFinder( 2771): GetLocalInterfaceDetail:[461] :GetLocalInterfaceDetail in
05-30 16:57:23.838 E/nStackXCoAP( 2771): IsInSameNetwork:[281] :IsInSameNetwork: not priority process
05-30 16:57:23.887 D/nStackXCoAP( 2771): IsInSameNetwork:[276] :IsInSameNetwork exec
05-30 16:57:23.887 I/nStackXDFinder( 2771): GetLocalInterfaceDetail:[461] :GetLocalInterfaceDetail in
05-30 16:57:23.887 E/nStackXCoAP( 2771): IsInSameNetwork:[281] :IsInSameNetwork: not priority process
05-30 16:57:23.904 D/nStackXCoAP( 2771): IsInSameNetwork:[276] :IsInSameNetwork exec
05-30 16:57:23.904 I/nStackXDFinder( 2771): GetLocalInterfaceDetail:[461] :GetLocalInterfaceDetail in
05-30 16:57:23.904 E/nStackXCoAP( 2771): IsInSameNetwork:[281] :IsInSameNetwork: not priority process
05-30 16:57:23.904 D/nStackXCoAP( 2771): IsInSameNetwork:[276] :IsInSameNetwork exec
05-30 16:57:23.905 I/nStackXDFinder( 2771): GetLocalInterfaceDetail:[461] :GetLocalInterfaceDetail in
05-30 16:57:23.905 E/nStackXCoAP( 2771): IsInSameNetwork:[281] :IsInSameNetwork: not priority process
05-30 16:57:23.905 D/nStackXCoAP( 2771): IsInSameNetwork:[276] :IsInSameNetwork exec
05-30 16:57:23.905 I/nStackXDFinder( 2771): GetLocalInterfaceDetail:[461] :GetLocalInterfaceDetail in
05-30 16:57:23.905 E/nStackXCoAP( 2771): IsInSameNetwork:[281] :IsInSameNetwork: not priority process
05-30 16:57:23.906 D/nStackXCoAP( 2771): IsInSameNetwork:[276] :IsInSameNetwork exec
05-30 16:57:23.906 I/nStackXDFinder( 2771): GetLocalInterfaceDetail:[461] :GetLocalInterfaceDetail in
05-30 16:57:23.906 E/nStackXCoAP( 2771): IsInSameNetwork:[281] :IsInSameNetwork: not priority process
05-30 16:57:23.907 D/nStackXCoAP( 2771): IsInSameNetwork:[276] :IsInSameNetwork exec
05-30 16:57:23.907 I/nStackXDFinder( 2771): GetLocalInterfaceDetail:[461] :GetLocalInterfaceDetail in
05-30 16:57:23.907 E/nStackXCoAP( 2771): IsInSameNetwork:[281] :IsInSameNetwork: not priority process
05-30 16:57:23.907 D/nStackXCoAP( 2771): IsInSameNetwork:[276] :IsInSameNetwork exec
05-30 16:57:23.907 I/nStackXDFinder( 2771): GetLocalInterfaceDetail:[461] :GetLocalInterfaceDetail in
05-30 16:57:23.907 E/nStackXCoAP( 2771): IsInSameNetwork:[281] :IsInSameNetwork: not priority process
05-30 16:57:23.936 D/nStackXCoAP( 2771): IsInSameNetwork:[276] :IsInSameNetwork exec
05-30 16:57:23.936 I/nStackXDFinder( 2771): GetLocalInterfaceDetail:[461] :GetLocalInterfaceDetail in
05-30 16:57:23.936 E/nStackXCoAP( 2771): IsInSameNetwork:[281] :IsInSameNetwork: not priority process
05-30 16:57:23.944 D/nStackXCoAP( 2771): IsInSameNetwork:[276] :IsInSameNetwork exec
05-30 16:57:23.944 I/nStackXDFinder( 2771): GetLocalInterfaceDetail:[461] :GetLocalInterfaceDetail in
05-30 16:57:23.944 E/nStackXCoAP( 2771): IsInSameNetwork:[281] :IsInSameNetwork: not priority process
05-30 16:57:23.994 D/nStackXCoAP( 2771): IsInSameNetwork:[276] :IsInSameNetwork exec
05-30 16:57:23.995 I/nStackXDFinder( 2771): GetLocalInterfaceDetail:[461] :GetLocalInterfaceDetail in
05-30 16:57:23.995 E/nStackXCoAP( 2771): IsInSameNetwork:[281] :IsInSameNetwork: not priority process
05-30 16:57:23.995 D/nStackXCoAP( 2771): IsInSameNetwork:[276] :IsInSameNetwork exec
05-30 16:57:23.995 I/nStackXDFinder( 2771): GetLocalInterfaceDetail:[461] :GetLocalInterfaceDetail in
05-30 16:57:23.995 E/nStackXCoAP( 2771): IsInSameNetwork:[281] :IsInSameNetwork: not priority process
05-30 16:57:23.996 D/nStackXCoAP( 2771): IsInSameNetwork:[276] :IsInSameNetwork exec
05-30 16:57:23.996 I/nStackXDFinder( 2771): GetLocalInterfaceDetail:[461] :GetLocalInterfaceDetail in
05-30 16:57:23.996 E/nStackXCoAP( 2771): IsInSameNetwork:[281] :IsInSameNetwork: not priority process
05-30 16:57:23.997 D/nStackXCoAP( 2771): IsInSameNetwork:[276] :IsInSameNetwork exec
05-30 16:57:23.997 I/nStackXDFinder( 2771): GetLocalInterfaceDetail:[461] :GetLocalInterfaceDetail in
05-30 16:57:23.997 E/nStackXCoAP( 2771): IsInSameNetwork:[281] :IsInSameNetwork: not priority process
05-30 16:57:23.998 D/nStackXCoAP( 2771): IsInSameNetwork:[276] :IsInSameNetwork exec
05-30 16:57:23.998 I/nStackXDFinder( 2771): GetLocalInterfaceDetail:[461] :GetLocalInterfaceDetail in
05-30 16:57:23.998 E/nStackXCoAP( 2771): IsInSameNetwork:[281] :IsInSameNetwork: not priority process
05-30 16:57:24.323 E/nStackXDFinder( 2771): GetLocalIp:[401] :GetLocalIp exec
05-30 16:57:24.323 E/nStackXDFinder( 2771): GetLocalIp:[401] :GetLocalIp exec
05-30 16:57:24.323 E/nStackXDFinder( 2771): GetLocalIp:[401] :GetLocalIp exec
05-30 16:57:24.324 I/nStackXCoAP( 2771): CoapServiceDiscoverTimerHandle:[524] :the 10 times for device discover.
05-30 16:57:24.824 E/nStackXDFinder( 2771): GetLocalIp:[401] :GetLocalIp exec
05-30 16:57:24.824 E/nStackXDFinder( 2771): GetLocalIp:[401] :GetLocalIp exec
05-30 16:57:24.824 E/nStackXDFinder( 2771): GetLocalIp:[401] :GetLocalIp exec
05-30 16:57:24.825 I/nStackXCoAP( 2771): CoapServiceDiscoverTimerHandle:[524] :the 11 times for device discover.
05-30 16:57:24.935 W/WindowOnBackDispatcher( 1131): sendCancelIfRunning: isInProgress=falsecallback=android.view.ViewRootImpl$$ExternalSyntheticLambda17@5185116
05-30 16:57:24.937 D/CoreBackPreview( 718): Window{bbbbf19 u0 Toast}: Setting back callback null
05-30 16:57:24.939 W/InputManager-JNI( 718): Input channel object 'bbbbf19 Toast (client)' was disposed without first being removed with the input manager!
05-30 16:57:24.943 W/NotificationService( 718): Toast already killed. pkg=com.dangbei.hqguide token=android.os.BinderProxy@49975fd
05-30 16:57:24.947 D/nStackXCoAP( 2771): IsInSameNetwork:[276] :IsInSameNetwork exec
05-30 16:57:24.947 I/nStackXDFinder( 2771): GetLocalInterfaceDetail:[461] :GetLocalInterfaceDetail in
05-30 16:57:24.947 E/nStackXCoAP( 2771): IsInSameNetwork:[281] :IsInSameNetwork: not priority process
05-30 16:57:24.949 D/nStackXCoAP( 2771): IsInSameNetwork:[276] :IsInSameNetwork exec
05-30 16:57:24.949 I/nStackXDFinder( 2771): GetLocalInterfaceDetail:[461] :GetLocalInterfaceDetail in
05-30 16:57:24.949 E/nStackXCoAP( 2771): IsInSameNetwork:[281] :IsInSameNetwork: not priority process
05-30 16:57:24.954 D/nStackXCoAP( 2771): IsInSameNetwork:[276] :IsInSameNetwork exec
05-30 16:57:24.954 I/nStackXDFinder( 2771): GetLocalInterfaceDetail:[461] :GetLocalInterfaceDetail in
05-30 16:57:24.954 E/nStackXCoAP( 2771): IsInSameNetwork:[281] :IsInSameNetwork: not priority process
05-30 16:57:24.954 D/nStackXCoAP( 2771): IsInSameNetwork:[276] :IsInSameNetwork exec
05-30 16:57:24.955 I/nStackXDFinder( 2771): GetLocalInterfaceDetail:[461] :GetLocalInterfaceDetail in
05-30 16:57:24.955 E/nStackXCoAP( 2771): IsInSameNetwork:[281] :IsInSameNetwork: not priority process
05-30 16:57:24.956 D/nStackXCoAP( 2771): IsInSameNetwork:[276] :IsInSameNetwork exec
05-30 16:57:24.956 I/nStackXDFinder( 2771): GetLocalInterfaceDetail:[461] :GetLocalInterfaceDetail in
05-30 16:57:24.956 E/nStackXCoAP( 2771): IsInSameNetwork:[281] :IsInSameNetwork: not priority process
05-30 16:57:24.957 W/WindowManager( 718): [addWindow] title:Toast
05-30 16:57:24.958 D/nStackXCoAP( 2771): IsInSameNetwork:[276] :IsInSameNetwork exec
05-30 16:57:24.959 I/nStackXDFinder( 2771): GetLocalInterfaceDetail:[461] :GetLocalInterfaceDetail in
05-30 16:57:24.959 E/nStackXCoAP( 2771): IsInSameNetwork:[281] :IsInSameNetwork: not priority process
05-30 16:57:24.959 D/nStackXCoAP( 2771): IsInSameNetwork:[276] :IsInSameNetwork exec
05-30 16:57:24.959 I/nStackXDFinder( 2771): GetLocalInterfaceDetail:[461] :GetLocalInterfaceDetail in
05-30 16:57:24.959 E/nStackXCoAP( 2771): IsInSameNetwork:[281] :IsInSameNetwork: not priority process
05-30 16:57:24.961 D/nStackXCoAP( 2771): IsInSameNetwork:[276] :IsInSameNetwork exec
05-30 16:57:24.961 I/nStackXDFinder( 2771): GetLocalInterfaceDetail:[461] :GetLocalInterfaceDetail in
05-30 16:57:24.961 E/nStackXCoAP( 2771): IsInSameNetwork:[281] :IsInSameNetwork: not priority process
05-30 16:57:24.961 D/nStackXCoAP( 2771): IsInSameNetwork:[276] :IsInSameNetwork exec
05-30 16:57:24.961 I/nStackXDFinder( 2771): GetLocalInterfaceDetail:[461] :GetLocalInterfaceDetail in
05-30 16:57:24.961 E/nStackXCoAP( 2771): IsInSameNetwork:[281] :IsInSameNetwork: not priority process
05-30 16:57:24.962 D/nStackXCoAP( 2771): IsInSameNetwork:[276] :IsInSameNetwork exec
05-30 16:57:24.962 I/nStackXDFinder( 2771): GetLocalInterfaceDetail:[461] :GetLocalInterfaceDetail in
05-30 16:57:24.962 E/nStackXCoAP( 2771): IsInSameNetwork:[281] :IsInSameNetwork: not priority process
05-30 16:57:24.963 D/nStackXCoAP( 2771): IsInSameNetwork:[276] :IsInSameNetwork exec
05-30 16:57:24.963 I/nStackXDFinder( 2771): GetLocalInterfaceDetail:[461] :GetLocalInterfaceDetail in
05-30 16:57:24.963 E/nStackXCoAP( 2771): IsInSameNetwork:[281] :IsInSameNetwork: not priority process
05-30 16:57:24.965 D/nStackXCoAP( 2771): IsInSameNetwork:[276] :IsInSameNetwork exec
05-30 16:57:24.969 D/CoreBackPreview( 718): Window{be1ad43 u0 Toast}: Setting back callback OnBackInvokedCallbackInfo{mCallback=android.window.IOnBackInvokedCallback$Stub$Proxy@287dc3e, mPriority=0, mIsAnimationCallback=false}
05-30 16:57:24.971 I/nStackXDFinder( 2771): GetLocalInterfaceDetail:[461] :GetLocalInterfaceDetail in
05-30 16:57:24.971 E/nStackXCoAP( 2771): IsInSameNetwork:[281] :IsInSameNetwork: not priority process
05-30 16:57:24.972 D/nStackXCoAP( 2771): IsInSameNetwork:[276] :IsInSameNetwork exec
05-30 16:57:24.972 I/nStackXDFinder( 2771): GetLocalInterfaceDetail:[461] :GetLocalInterfaceDetail in
05-30 16:57:24.972 E/nStackXCoAP( 2771): IsInSameNetwork:[281] :IsInSameNetwork: not priority process
05-30 16:57:24.973 D/nStackXCoAP( 2771): IsInSameNetwork:[276] :IsInSameNetwork exec
05-30 16:57:24.973 I/nStackXDFinder( 2771): GetLocalInterfaceDetail:[461] :GetLocalInterfaceDetail in
05-30 16:57:24.973 E/nStackXCoAP( 2771): IsInSameNetwork:[281] :IsInSameNetwork: not priority process
05-30 16:57:24.977 D/nStackXCoAP( 2771): IsInSameNetwork:[276] :IsInSameNetwork exec
05-30 16:57:24.977 I/nStackXDFinder( 2771): GetLocalInterfaceDetail:[461] :GetLocalInterfaceDetail in
05-30 16:57:24.977 E/nStackXCoAP( 2771): IsInSameNetwork:[281] :IsInSameNetwork: not priority process
05-30 16:57:24.978 E/OpenGLRenderer( 1131): Unable to match the desired swap behavior.
05-30 16:57:24.979 D/nStackXCoAP( 2771): IsInSameNetwork:[276] :IsInSameNetwork exec
05-30 16:57:24.979 I/nStackXDFinder( 2771): GetLocalInterfaceDetail:[461] :GetLocalInterfaceDetail in
05-30 16:57:24.979 E/nStackXCoAP( 2771): IsInSameNetwork:[281] :IsInSameNetwork: not priority process
05-30 16:57:24.980 D/nStackXCoAP( 2771): IsInSameNetwork:[276] :IsInSameNetwork exec
05-30 16:57:24.980 I/nStackXDFinder( 2771): GetLocalInterfaceDetail:[461] :GetLocalInterfaceDetail in
05-30 16:57:24.980 E/nStackXCoAP( 2771): IsInSameNetwork:[281] :IsInSameNetwork: not priority process
05-30 16:57:24.981 D/nStackXCoAP( 2771): IsInSameNetwork:[276] :IsInSameNetwork exec
05-30 16:57:24.981 I/nStackXDFinder( 2771): GetLocalInterfaceDetail:[461] :GetLocalInterfaceDetail in
