05-30 16:57:20.491 D/ActivityManager( 718): sync unfroze 2414 com.android.webview:webview_service for 6
05-30 16:57:20.499 D/ActivityManager( 718): sync unfroze 2359 com.android.statementservice for 6
05-30 16:57:20.513 D/WifiConfigStore( 718): Writing to stores completed in 10 ms.
05-30 16:57:20.552 D/CompatibilityChangeReporter( 1859): Compat change id reported: 263076149; UID 10058; state: ENABLED
05-30 16:57:20.572 E/TaskWorkerFactory( 1859): Cannot create worker: com.android.devicelockcontroller.provision.worker.DeviceCheckInWorker
05-30 16:57:20.572 E/TaskWorkerFactory( 1859): java.lang.NoSuchMethodException: com.android.devicelockcontroller.provision.worker.DeviceCheckInWorker. [class android.content.Context, class androidx.work.WorkerParameters, interface com.google.common.util.concurrent.ListeningExecutorService]
05-30 16:57:20.572 E/TaskWorkerFactory( 1859): at java.lang.Class.getConstructor0(Class.java:3325)
05-30 16:57:20.572 E/TaskWorkerFactory( 1859): at java.lang.Class.getDeclaredConstructor(Class.java:3063)
05-30 16:57:20.572 E/TaskWorkerFactory( 1859): at com.android.devicelockcontroller.policy.TaskWorkerFactory.createWorker(TaskWorkerFactory.java:53)
05-30 16:57:20.572 E/TaskWorkerFactory( 1859): at androidx.work.DelegatingWorkerFactory.createWorker(DelegatingWorkerFactory.java:71)
05-30 16:57:20.572 E/TaskWorkerFactory( 1859): at androidx.work.WorkerFactory.createWorkerWithDefaultFallback(WorkerFactory.java:82)
05-30 16:57:20.572 E/TaskWorkerFactory( 1859): at androidx.work.impl.WorkerWrapper.runWorker(WorkerWrapper.java:240)
05-30 16:57:20.572 E/TaskWorkerFactory( 1859): at androidx.work.impl.WorkerWrapper.run(WorkerWrapper.java:142)
05-30 16:57:20.572 E/TaskWorkerFactory( 1859): at androidx.work.impl.utils.SerialExecutorImpl$Task.run(SerialExecutorImpl.java:96)
05-30 16:57:20.572 E/TaskWorkerFactory( 1859): at java.util.concurrent.ThreadPoolExecutor.runWorker(ThreadPoolExecutor.java:1145)
05-30 16:57:20.572 E/TaskWorkerFactory( 1859): at java.util.concurrent.ThreadPoolExecutor$Worker.run(ThreadPoolExecutor.java:644)
05-30 16:57:20.572 E/TaskWorkerFactory( 1859): at java.lang.Thread.run(Thread.java:1012)
05-30 16:57:20.592 D/CompatibilityChangeReporter( 2359): Compat change id reported: 263076149; UID 10027; state: DISABLED
05-30 16:57:20.626 I/CheckInWorker( 1859): perform check-in request
05-30 16:57:20.631 I/efs.send_log( 2598): log cann't be send because net status is disconnected
05-30 16:57:20.635 D/CompatibilityChangeReporter( 2276): Compat change id reported: 263076149; UID 10071; state: ENABLED
05-30 16:57:20.644 W/CheckInWorker( 1859): CheckIn failed. No device identifier available!
05-30 16:57:20.644 I/SogouIME( 3073): SogouIME::setInputView()
05-30 16:57:20.646 I/WM-WorkerWrapper( 1859): Worker result FAILURE for Work [ id=959166a0-2a44-4963-8156-7b1f11c154db, tags={ com.android.devicelockcontroller.provision.worker.DeviceCheckInWorker } ]
05-30 16:57:20.660 D/OomAdjuster( 718): Not killing cached processes
05-30 16:57:20.763 I/WM-WorkerWrapper( 2359): Worker result SUCCESS for Work [ id=3fd8d90b-85ae-4c71-9df3-321c187ccd9d, tags={ com.android.statementservice.domain.worker.RetryRequestWorker } ]
05-30 16:57:20.766 I/DrmHalHidl( 2276): No hidl drm factories found
05-30 16:57:20.768 I/hwservicemanager( 233): getTransport: Cannot find entry android.hardware.drm@1.0::IDrmFactory/default in either framework or device VINTF manifest.
05-30 16:57:20.769 E/DrmHalHidl( 2276): Failed to find passthrough drm factories
05-30 16:57:20.772 I/DrmUtils( 2276): found IDrmFactory. Instance name:[android.hardware.drm.IDrmFactory/clearkey]
05-30 16:57:20.775 I/DrmUtils( 2276): found IDrmFactory. Instance name:[android.hardware.drm.IDrmFactory/widevine]
05-30 16:57:20.777 I/WVCdm-DrmFactory( 554): [app][com.android.rkpdapp] calling virtual ::ndk::ScopedAStatus wvdrm::hardware::drm::widevine::WVDrmFactory::createDrmPlugin(const Uuid &, const string &, std::shared_ptr< ::aidl::android::hardware::drm::IDrmPlugin> *)
05-30 16:57:20.777 D/WVCdm ( 554): Instantiating CDM metrics queue
05-30 16:57:20.777 D/WVCdm ( 554): Instantiating CDM.
05-30 16:57:20.778 I/MobclickAgent( 2251): module init:azio
05-30 16:57:20.782 W/WindowOnBackDispatcher( 1131): sendCancelIfRunning: isInProgress=falsecallback=android.view.ViewRootImpl$$ExternalSyntheticLambda17@d8f2142
05-30 16:57:20.782 D/CoreBackPreview( 718): Window{da161f1 u0 Toast}: Setting back callback null
05-30 16:57:20.786 W/InputManager-JNI( 718): Input channel object 'da161f1 Toast (client)' was disposed without first being removed with the input manager!
05-30 16:57:20.787 W/JobScheduler( 718): Job didn't exist in JobStore: 9b99e08 #u0a27/2 com.android.statementservice/androidx.work.impl.background.systemjob.SystemJobService
05-30 16:57:20.789 W/NotificationService( 718): Toast already killed. pkg=com.dangbei.hqguide token=android.os.BinderProxy@d25e1d
05-30 16:57:20.791 E/nStackXDFinder( 2771): GetLocalIp:[401] :GetLocalIp exec
05-30 16:57:20.792 W/nStackXCoAP( 2771): CoapServiceDiscoverInner:[565] :clear device list
05-30 16:57:20.792 E/nStackXDFinder( 2771): GetLocalIp:[401] :GetLocalIp exec
05-30 16:57:20.792 E/nStackXDFinder( 2771): GetLocalIp:[401] :GetLocalIp exec
05-30 16:57:20.792 I/nStackXCoAP( 2771): CoapServiceDiscoverInner:[580] :the first time for device discover.
05-30 16:57:20.797 D/WVCdm ( 554): [cdm_engine.cpp(581):QueryStatus] security_level = Default, query_token = WidevineCdmVersion
05-30 16:57:20.797 I/WVCdm ( 554): [file_utils.cpp(38):Exists] stat failed: ENOENT
05-30 16:57:20.799 I/WVCdm ( 554): [oemcrypto_adapter_dynamic.cpp(783):Initialize] Level 3 Build Info (v18): {"soc_vendor":"L3_34136","soc_model":"ARM 32 bit","ta_ver":"18.1.0+May 15 2024_23:17:25_","uses_opk":false,"tee_os":"none","tee_os_ver":"0.0.0","form_factor":"L3","implementer":"Widevine","fused":false}
05-30 16:57:20.799 I/WVCdm ( 554): [(0):] Level3 Library 34136 May 15 2024 23:17:25
05-30 16:57:20.802 D/nStackXCoAP( 2771): IsInSameNetwork:[276] :IsInSameNetwork exec
05-30 16:57:20.802 I/nStackXDFinder( 2771): GetLocalInterfaceDetail:[461] :GetLocalInterfaceDetail in
05-30 16:57:20.802 E/nStackXCoAP( 2771): IsInSameNetwork:[281] :IsInSameNetwork: not priority process
05-30 16:57:20.802 I/nStackXDFinder( 2771): NotifyDeviceListChanged:[540] :notify callback: device list changed callback is null
05-30 16:57:20.804 I/RkpdPeriodicProvisioner( 2276): Waking up; checking provisioning state.
05-30 16:57:20.820 D/nStackXCoAP( 2771): IsInSameNetwork:[276] :IsInSameNetwork exec
05-30 16:57:20.820 I/nStackXDFinder( 2771): GetLocalInterfaceDetail:[461] :GetLocalInterfaceDetail in
05-30 16:57:20.820 E/nStackXCoAP( 2771): IsInSameNetwork:[281] :IsInSameNetwork: not priority process
05-30 16:57:20.820 I/nStackXDFinder( 2771): NotifyDeviceListChanged:[540] :notify callback: device list changed callback is null
05-30 16:57:20.830 D/nStackXCoAP( 2771): IsInSameNetwork:[276] :IsInSameNetwork exec
05-30 16:57:20.830 I/nStackXDFinder( 2771): GetLocalInterfaceDetail:[461] :GetLocalInterfaceDetail in
05-30 16:57:20.830 E/nStackXCoAP( 2771): IsInSameNetwork:[281] :IsInSameNetwork: not priority process
05-30 16:57:20.831 I/nStackXDFinder( 2771): NotifyDeviceListChanged:[540] :notify callback: device list changed callback is null
05-30 16:57:20.836 I/WVCdm ( 554): [file_utils.cpp(38):Exists] stat failed: ENOENT
05-30 16:57:20.836 D/WVCdm ( 554): [file_store.cpp(463):Open] File does not exist: file = /data/vendor/mediadrm/IDM1013/L3/ay64.dat, identifier =
05-30 16:57:20.836 I/WVCdm ( 554): [file_utils.cpp(38):Exists] stat failed: ENOENT
05-30 16:57:20.839 I/WVCdm ( 554): [file_utils.cpp(38):Exists] stat failed: ENOENT
05-30 16:57:20.839 D/WVCdm ( 554): [file_store.cpp(463):Open] File does not exist: file = /data/vendor/mediadrm/IDM1013/L3/ay64.dat6, identifier =
05-30 16:57:20.839 I/WVCdm ( 554): [oemcrypto_adapter_dynamic.cpp(797):Initialize] L3 Initialized. Trying L1.
05-30 16:57:20.840 W/WVCdm ( 554): [oemcrypto_adapter_dynamic.cpp(810):Initialize] Could not load oemcrypto from path liboemcrypto.so. dlopen failed: library "liboemcrypto.so" not found
05-30 16:57:20.840 W/WVCdm ( 554): [oemcrypto_adapter_dynamic.cpp(814):Initialize] Could not load oemcrypto. Falling back to L3.
05-30 16:57:20.840 E/WVCdm ( 554): [oemcrypto_adapter_dynamic.cpp(1271):ValidateOrInstallL1KeyboxOrCert] L1 not initialized. Falling back to L3
05-30 16:57:20.840 I/WVCdm ( 554): [file_utils.cpp(38):Exists] stat failed: ENOENT
05-30 16:57:20.840 W/WVCdm ( 554): [oemcrypto_adapter_dynamic.cpp(1470):OEMCrypto_InitializeAndCheckKeybox] Keybox error: 25. Falling back to L3.
05-30 16:57:20.840 I/WVCdm ( 554): [oemcrypto_adapter_dynamic.cpp(846):Level1Terminate] L1 Terminate not needed
05-30 16:57:20.840 D/WVCdm ( 554): [crypto_session.cpp(472):CacheVersion] OEMCrypto version (default security level): 18.1
05-30 16:57:20.840 D/WVCdm ( 554): [crypto_session.cpp(481):CacheVersion] OEMCrypto version (L3 security level): 18.1
05-30 16:57:20.842 D/nStackXCoAP( 2771): IsInSameNetwork:[276] :IsInSameNetwork exec
05-30 16:57:20.842 I/nStackXDFinder( 2771): GetLocalInterfaceDetail:[461] :GetLocalInterfaceDetail in
05-30 16:57:20.842 E/nStackXCoAP( 2771): IsInSameNetwork:[281] :IsInSameNetwork: not priority process
05-30 16:57:20.842 D/WVCdm ( 554): [cdm_engine.cpp(581):QueryStatus] security_level = Default, query_token = ProvisioningModel
05-30 16:57:20.843 I/nStackXDFinder( 2771): NotifyDeviceListChanged:[540] :notify callback: device list changed callback is null
05-30 16:57:20.844 I/RkpdWidevine( 2276): Not a WV provisioning 4.0 device. No provisioning required.
05-30 16:57:20.845 D/nStackXCoAP( 2771): IsInSameNetwork:[276] :IsInSameNetwork exec
05-30 16:57:20.845 I/nStackXDFinder( 2771): GetLocalInterfaceDetail:[461] :GetLocalInterfaceDetail in
05-30 16:57:20.845 E/nStackXCoAP( 2771): IsInSameNetwork:[281] :IsInSameNetwork: not priority process
05-30 16:57:20.845 I/nStackXDFinder( 2771): NotifyDeviceListChanged:[540] :notify callback: device list changed callback is null
05-30 16:57:20.847 D/nStackXCoAP( 2771): IsInSameNetwork:[276] :IsInSameNetwork exec
05-30 16:57:20.847 I/nStackXDFinder( 2771): GetLocalInterfaceDetail:[461] :GetLocalInterfaceDetail in
05-30 16:57:20.847 E/nStackXCoAP( 2771): IsInSameNetwork:[281] :IsInSameNetwork: not priority process
05-30 16:57:20.847 I/nStackXDFinder( 2771): NotifyDeviceListChanged:[540] :notify callback: device list changed callback is null
05-30 16:57:20.853 W/WindowManager( 718): [addWindow] title:Toast
05-30 16:57:20.853 I/android.rkpdapp( 2276): Background concurrent copying GC freed 8588(623KB) AllocSpace objects, 2(104KB) LOS objects, 49% free, 2332KB/4664KB, paused 140us,29us total 379.290ms
05-30 16:57:20.856 D/nStackXCoAP( 2771): IsInSameNetwork:[276] :IsInSameNetwork exec
05-30 16:57:20.856 I/nStackXDFinder( 2771): GetLocalInterfaceDetail:[461] :GetLocalInterfaceDetail in
05-30 16:57:20.856 E/nStackXCoAP( 2771): IsInSameNetwork:[281] :IsInSameNetwork: not priority process
05-30 16:57:20.856 I/nStackXDFinder( 2771): NotifyDeviceListChanged:[540] :notify callback: device list changed callback is null
05-30 16:57:20.858 D/nStackXCoAP( 2771): IsInSameNetwork:[276] :IsInSameNetwork exec
05-30 16:57:20.858 I/nStackXDFinder( 2771): GetLocalInterfaceDetail:[461] :GetLocalInterfaceDetail in
05-30 16:57:20.858 E/nStackXCoAP( 2771): IsInSameNetwork:[281] :IsInSameNetwork: not priority process
05-30 16:57:20.858 I/nStackXDFinder( 2771): NotifyDeviceListChanged:[540] :notify callback: device list changed callback is null
05-30 16:57:20.861 D/nStackXCoAP( 2771): IsInSameNetwork:[276] :IsInSameNetwork exec
05-30 16:57:20.861 I/nStackXDFinder( 2771): GetLocalInterfaceDetail:[461] :GetLocalInterfaceDetail in
05-30 16:57:20.861 E/nStackXCoAP( 2771): IsInSameNetwork:[281] :IsInSameNetwork: not priority process
05-30 16:57:20.861 I/nStackXDFinder( 2771): NotifyDeviceListChanged:[540] :notify callback: device list changed callback is null
05-30 16:57:20.863 D/nStackXCoAP( 2771): IsInSameNetwork:[276] :IsInSameNetwork exec
05-30 16:57:20.863 I/nStackXDFinder( 2771): GetLocalInterfaceDetail:[461] :GetLocalInterfaceDetail in
05-30 16:57:20.863 E/nStackXCoAP( 2771): IsInSameNetwork:[281] :IsInSameNetwork: not priority process
05-30 16:57:20.863 I/nStackXDFinder( 2771): NotifyDeviceListChanged:[540] :notify callback: device list changed callback is null
05-30 16:57:20.863 D/statsd_drm( 636): statsd_mediadrm skipping empty entry
05-30 16:57:20.865 D/nStackXCoAP( 2771): IsInSameNetwork:[276] :IsInSameNetwork exec
05-30 16:57:20.865 I/nStackXDFinder( 2771): GetLocalInterfaceDetail:[461] :GetLocalInterfaceDetail in
05-30 16:57:20.865 E/nStackXCoAP( 2771): IsInSameNetwork:[281] :IsInSameNetwork: not priority process
05-30 16:57:20.865 I/nStackXDFinder( 2771): NotifyDeviceListChanged:[540] :notify callback: device list changed callback is null
05-30 16:57:20.866 I/WVCdm ( 554): [file_utils.cpp(38):Exists] stat failed: ENOENT
05-30 16:57:20.870 I/WVCdm ( 554): [(0):] L3 Terminate.
05-30 16:57:20.870 D/CoreBackPreview( 718): Window{bbbbf19 u0 Toast}: Setting back callback OnBackInvokedCallbackInfo{mCallback=android.window.IOnBackInvokedCallback$Stub$Proxy@8df27ea, mPriority=0, mIsAnimationCallback=false}
05-30 16:57:20.880 E/OpenGLRenderer( 1131): Unable to match the desired swap behavior.
05-30 16:57:20.892 E/nStackXDFinder( 2771): GetLocalIp:[401] :GetLocalIp exec
05-30 16:57:20.892 E/nStackXDFinder( 2771): GetLocalIp:[401] :GetLocalIp exec
05-30 16:57:20.892 E/nStackXDFinder( 2771): GetLocalIp:[401] :GetLocalIp exec
05-30 16:57:20.896 I/nStackXCoAP( 2771): CoapServiceDiscoverTimerHandle:[524] :the 2 times for device discover.
05-30 16:57:20.896 I/WM-WorkerWrapper( 2276): Worker result SUCCESS for Work [ id=5dff51f6-1299-429d-a88f-3592df6f0982, tags={ com.android.rkpdapp.provisioner.WidevineProvisioner, WidevineProvisioner } ]
05-30 16:57:20.906 D/nStackXCoAP( 2771): IsInSameNetwork:[276] :IsInSameNetwork exec
05-30 16:57:20.906 I/nStackXDFinder( 2771): GetLocalInterfaceDetail:[461] :GetLocalInterfaceDetail in
05-30 16:57:20.906 E/nStackXCoAP( 2771): IsInSameNetwork:[281] :IsInSameNetwork: not priority process
05-30 16:57:20.906 I/nStackXDFinder( 2771): NotifyDeviceListChanged:[540] :notify callback: device list changed callback is null
05-30 16:57:20.908 D/nStackXCoAP( 2771): IsInSameNetwork:[276] :IsInSameNetwork exec
05-30 16:57:20.908 I/nStackXDFinder( 2771): GetLocalInterfaceDetail:[461] :GetLocalInterfaceDetail in
05-30 16:57:20.908 E/nStackXCoAP( 2771): IsInSameNetwork:[281] :IsInSameNetwork: not priority process
05-30 16:57:20.908 I/nStackXDFinder( 2771): NotifyDeviceListChanged:[540] :notify callback: device list changed callback is null
05-30 16:57:20.911 D/nStackXCoAP( 2771): IsInSameNetwork:[276] :IsInSameNetwork exec
05-30 16:57:20.911 I/nStackXDFinder( 2771): GetLocalInterfaceDetail:[461] :GetLocalInterfaceDetail in
05-30 16:57:20.911 E/nStackXCoAP( 2771): IsInSameNetwork:[281] :IsInSameNetwork: not priority process
05-30 16:57:20.911 I/nStackXDFinder( 2771): NotifyDeviceListChanged:[540] :notify callback: device list changed callback is null
05-30 16:57:20.914 D/nStackXCoAP( 2771): IsInSameNetwork:[276] :IsInSameNetwork exec
05-30 16:57:20.914 I/nStackXDFinder( 2771): GetLocalInterfaceDetail:[461] :GetLocalInterfaceDetail in
05-30 16:57:20.914 E/nStackXCoAP( 2771): IsInSameNetwork:[281] :IsInSameNetwork: not priority process
05-30 16:57:20.914 I/nStackXDFinder( 2771): NotifyDeviceListChanged:[540] :notify callback: device list changed callback is null
05-30 16:57:20.917 D/nStackXCoAP( 2771): IsInSameNetwork:[276] :IsInSameNetwork exec
05-30 16:57:20.917 I/nStackXDFinder( 2771): GetLocalInterfaceDetail:[461] :GetLocalInterfaceDetail in
05-30 16:57:20.917 E/nStackXCoAP( 2771): IsInSameNetwork:[281] :IsInSameNetwork: not priority process
05-30 16:57:20.918 I/nStackXDFinder( 2771): NotifyDeviceListChanged:[540] :notify callback: device list changed callback is null
05-30 16:57:20.920 D/nStackXCoAP( 2771): IsInSameNetwork:[276] :IsInSameNetwork exec
05-30 16:57:20.920 I/nStackXDFinder( 2771): GetLocalInterfaceDetail:[461] :GetLocalInterfaceDetail in
05-30 16:57:20.920 E/nStackXCoAP( 2771): IsInSameNetwork:[281] :IsInSameNetwork: not priority process
05-30 16:57:20.920 I/nStackXDFinder( 2771): NotifyDeviceListChanged:[540] :notify callback: device list changed callback is null
05-30 16:57:20.923 D/nStackXCoAP( 2771): IsInSameNetwork:[276] :IsInSameNetwork exec
05-30 16:57:20.923 I/nStackXDFinder( 2771): GetLocalInterfaceDetail:[461] :GetLocalInterfaceDetail in
05-30 16:57:20.923 E/nStackXCoAP( 2771): IsInSameNetwork:[281] :IsInSameNetwork: not priority process
05-30 16:57:20.923 I/nStackXDFinder( 2771): NotifyDeviceListChanged:[540] :notify callback: device list changed callback is null
05-30 16:57:20.947 W/System.err( 1336): java.lang.NoSuchMethodException: android.net.SntpClient.requestTime [class java.lang.String, int, class android.net.Network]
05-30 16:57:20.947 W/System.err( 1336): at java.lang.Class.getMethod(Class.java:2937)
05-30 16:57:20.947 W/System.err( 1336): at java.lang.Class.getMethod(Class.java:2449)
05-30 16:57:20.947 W/System.err( 1336): at com.droidlogic.NtpService.SyncTimeLock(NtpService.java:113)
05-30 16:57:20.947 W/System.err( 1336): at com.droidlogic.NtpService.-$$Nest$mSyncTimeLock(Unknown Source:0)
05-30 16:57:20.947 W/System.err( 1336): at com.droidlogic.NtpService$2.run(NtpService.java:104)
05-30 16:57:20.947 W/System.err( 1336): at android.os.Handler.handleCallback(Handler.java:958)
05-30 16:57:20.947 W/System.err( 1336): at android.os.Handler.dispatchMessage(Handler.java:99)
05-30 16:57:20.947 W/System.err( 1336): at android.os.Looper.loopOnce(Looper.java:205)
05-30 16:57:20.947 W/System.err( 1336): at android.os.Looper.loop(Looper.java:294)
05-30 16:57:20.947 W/System.err( 1336): at android.os.HandlerThread.run(HandlerThread.java:67)
05-30 16:57:20.950 E/hq ( 2251): NetWorkStateReceiver:::NetWorkStateReceiver onReceive: 网络变化广播 >>>> intent.action=android.net.conn.CONNECTIVITY_CHANGE
05-30 16:57:20.951 D/NearFieldManagerImpl( 2771): onReceive action get:android.net.conn.CONNECTIVITY_CHANGE
05-30 16:57:20.953 D/nStackXCoAP( 2771): IsInSameNetwork:[276] :IsInSameNetwork exec
05-30 16:57:20.953 I/nStackXDFinder( 2771): GetLocalInterfaceDetail:[461] :GetLocalInterfaceDetail in
05-30 16:57:20.953 E/nStackXCoAP( 2771): IsInSameNetwork:[281] :IsInSameNetwork: not priority process
05-30 16:57:20.953 I/nStackXDFinder( 2771): NotifyDeviceListChanged:[540] :notify callback: device list changed callback is null
05-30 16:57:20.954 D/NearFieldUtils( 2771): getPreferredIpAddress exec
05-30 16:57:20.954 D/NearFieldUtils( 2771): getPreferredIpAddress by custom priority
05-30 16:57:20.954 D/NearFieldUtils( 2771): getIpByInterfaceSetting customIdnNetworkPriority:[]
05-30 16:57:20.954 D/NearFieldUtils( 2771): getPreferredIpAddress by default priority
05-30 16:57:20.955 D/nStackXCoAP( 2771): IsInSameNetwork:[276] :IsInSameNetwork exec
05-30 16:57:20.955 I/nStackXDFinder( 2771): GetLocalInterfaceDetail:[461] :GetLocalInterfaceDetail in
05-30 16:57:20.955 E/nStackXCoAP( 2771): IsInSameNetwork:[281] :IsInSameNetwork: not priority process
05-30 16:57:20.955 I/nStackXDFinder( 2771): NotifyDeviceListChanged:[540] :notify callback: device list changed callback is null
05-30 16:57:20.956 E/StartupService( 2598): onConnected:
05-30 16:57:20.957 D/LanSocketServer( 1892): connect
05-30 16:57:20.959 I/SendAliveManager( 3073): doWhenNetworkStateChanged
05-30 16:57:20.960 E/hq ( 2251): NetWorkStateReceiver:::Network is available. isConnect=false 是否频次过快=false t=1748595440960
05-30 16:57:20.961 W/eventbuscore( 2251): post Event:com.dangbei.leard.base.entity.event.NetStateEvent
05-30 16:57:21.132 I/DefaultDispatch( 1892): type=1400 audit(0.0:2171): avc: denied { read } for name="u:object_r:serialno_prop:s0" dev="tmpfs" ino=323 scontext=u:r:system_app:s0 tcontext=u:object_r:serialno_prop:s0 tclass=file permissive=1
05-30 16:57:20.963 W/BestClock( 718): java.time.DateTimeException: Missing network time fix
05-30 16:57:20.966 D/AppManager( 2251): requestBlackAndWhiteList
05-30 16:57:20.967 W/BestClock( 718): java.time.DateTimeException: Missing network time fix
05-30 16:57:20.968 D/AppListModel( 2251): requestAppFilterList: true , false
05-30 16:57:20.974 D/NearFieldUtils( 2771): to get wlan0 ip address
05-30 16:57:20.975 D/NearFieldUtils( 2771): get wlan0 IP succeed.
05-30 16:57:20.975 E/NearFieldManagerImpl( 2771): notifyByPriority: interfaceNameInUse is null
05-30 16:57:20.975 D/NearFieldManagerImpl( 2771): handleConnectivityAction: notified by default
05-30 16:57:20.976 W/eventbuscore( 2251): post Event:com.dangbei.leard.base.entity.event.NetChangeEvent
05-30 16:57:20.993 E/hq ( 2251): listenerNet:::重新来网了 key=image_error isConnect=true
05-30 16:57:20.993 E/hq ( 2251): listenerNet:::重新来网了 key=requestAppWhiteList isConnect=true
05-30 16:57:20.995 E/hq ( 2251): listenerNet:::重新来网了 key=clearDeviceHistoryDataByFirstBoot isConnect=true
05-30 16:57:21.003 D/RockyReceiver( 2593): action: android.net.conn.CONNECTIVITY_CHANGE
05-30 16:57:21.003 D/NearFieldUtils( 2771): to get wlan0 ip address
05-30 16:57:21.004 D/NearFieldUtils( 2771): get wlan0 IP succeed.
05-30 16:57:21.004 I/NearFieldManagerImpl( 2771): wlan Connected
05-30 16:57:21.004 I/HicomNf_java_to_c( 2771): notifyNetworkStateChanged with maskStr, networkType: 0, networkState: 0, mask:
05-30 16:57:21.004 I/HicomNfMainCtrlManager( 2771): NotifyNetworkStateChanged is called with networkState: 0
05-30 16:57:21.004 I/HicomNfMainCtrlManager( 2771): P2P and USB are both disconnected
05-30 16:57:21.004 I/HicomNfSecureManager( 2771): stop listening
05-30 16:57:21.004 I/HicomNfSecureManager( 2771): StopListening, m_sessionInfoLock out, before calling NSTACKX_DMsgClose 2
05-30 16:57:21.004 I/HicomNfSecureManager( 2771): StopListening, after calling NSTACKX_DMsgClose 2
05-30 16:57:21.007 D/aaa ( 2101): action:android.net.conn.CONNECTIVITY_CHANGE
05-30 16:57:21.013 I/Receiver( 2593): 网络连接成功
05-30 16:57:21.016 E/FactoryResetOperateImpl( 2251): isFirstBoot 0
05-30 16:57:21.017 E/FactoryResetOperateImpl( 2251): isFirstBoot:true deleteHistorySuccessByFistBoot:false deleteHistoryFailureByFistBoot:false
05-30 16:57:21.018 E/hq ( 2251): listenerNet:::重新来网了 key=ConfigureInterface:Init isConnect=true
05-30 16:57:21.024 I/HicomNf_java_to_c( 2771): notifyNetworkStateChanged with maskStr, networkType: 0, networkState: 1, mask: 255.255.254.0
05-30 16:57:21.024 I/HicomNfMainCtrlManager( 2771): NotifyNetworkStateChanged is called with networkState: 1
05-30 16:57:21.024 I/HicomNfSecureManager( 2771): StartListening, before calling NSTACKX_DMsgServer
05-30 16:57:21.024 I/nStackXDMsg( 2771): NSTACKX_DMsgServer:[1335] :msgReceiver is not NULL
05-30 16:57:21.024 D/nStackXDMsg( 2771): StartDMsgMainThread:[1274] :pthread_create
05-30 16:57:21.025 I/HicomNfSecureManager( 2771): StartListening, after calling NSTACKX_DMsgServer
05-30 16:57:21.025 I/HicomNfSecureManager( 2771): OnehopSecureCtrlManager: succeeded to StartListening with type 0
05-30 16:57:21.028 E/hq ( 2251): listenerNet:::重新来网了 key=sendInspectUpdate isConnect=true
05-30 16:57:21.037 W/System.err( 1892): SLF4J: Failed to load class "org.slf4j.impl.StaticLoggerBinder".
05-30 16:57:21.037 W/System.err( 1892): SLF4J: Defaulting to no-operation (NOP) logger implementation
05-30 16:57:21.037 W/System.err( 1892): SLF4J: See http://www.slf4j.org/codes.html#StaticLoggerBinder for further details.
05-30 16:57:21.041 I/DefaultIMS( 3073): onStartInput attribute=android.view.inputmethod.EditorInfo@9ae333b restarting=false inputType: 0
05-30 16:57:21.046 E/hq ( 2251): listenerNet:::重新来网了 key=1748595246 isConnect=true
05-30 16:57:21.048 I/WifiService( 718): startScan uid=10029
05-30 16:57:21.067 D/LanSocketServer( 1892): connect /192.168.3.222:6689
05-30 16:57:21.069 D/LanSocketServer( 1892): connect start
05-30 16:57:21.069 E/LanCommander( 1892): onNetWorkChanged: true
05-30 16:57:21.067 W/MediaProvider( 1893): isAppCloneUserPair for user 0: false
05-30 16:57:21.078 W/MediaProvider( 1893): isAppCloneUserPair for user 0: false
05-30 16:57:21.082 D/TrafficStats( 1892): tagSocket(5) with statsTag=0xffffffff, statsUid=-1
05-30 16:57:21.090 W/efs.info.manager( 2771): network change: wifi
05-30 16:57:21.092 D/InstantWifi( 718): Drop, size: 1
05-30 16:57:21.092 W/webview_service( 2414): Suspending all threads took: 41.885ms
05-30 16:57:21.094 E/LanCommander( 1892): onServerCreatedSuccess 192.168.3.222:6689
05-30 16:57:21.094 I/webview_service( 2414): Background concurrent copying GC freed 3101(324KB) AllocSpace objects, 2(104KB) LOS objects, 49% free, 2103KB/4207KB, paused 113us,42.262ms total 592.971ms
05-30 16:57:21.096 E/nStackXDFinder( 2771): GetLocalIp:[401] :GetLocalIp exec
05-30 16:57:21.097 E/nStackXDFinder( 2771): GetLocalIp:[401] :GetLocalIp exec
05-30 16:57:21.097 E/nStackXDFinder( 2771): GetLocalIp:[401] :GetLocalIp exec
05-30 16:57:21.100 I/nStackXCoAP( 2771): CoapServiceDiscoverTimerHandle:[524] :the 3 times for device discover.
05-30 16:57:21.102 V/RkpdServerInterface( 2276): Requesting data from server. Attempt 1
05-30 16:57:21.115 E/RCInfo ( 1892): vid:
05-30 16:57:21.115 E/RCInfo ( 1892): pid:
05-30 16:57:21.115 E/RCInfo ( 1892): RCBrand:NA
05-30 16:57:21.144 E/RCInfo ( 1892): vid:
05-30 16:57:21.144 E/RCInfo ( 1892): pid:
05-30 16:57:21.155 E/RCInfo ( 1892): vid:
05-30 16:57:21.155 E/RCInfo ( 1892): pid:
05-30 16:57:21.156 E/RCInfo ( 1892): vid:
05-30 16:57:21.156 E/RCInfo ( 1892): pid:
05-30 16:57:21.156 E/RCInfo ( 1892): RCBrand:NA
05-30 16:57:21.157 E/RCInfo ( 1892): vid:
05-30 16:57:21.157 E/RCInfo ( 1892): pid:
05-30 16:57:21.157 E/RCInfo ( 1892): vid:
05-30 16:57:21.157 E/RCInfo ( 1892): pid:
05-30 16:57:21.132 I/DefaultDispatch( 1892): type=1400 audit(0.0:2172): avc: denied { open } for path="/dev/__properties__/u:object_r:serialno_prop:s0" dev="tmpfs" ino=323 scontext=u:r:system_app:s0 tcontext=u:object_r:serialno_prop:s0 tclass=file permissive=1
05-30 16:57:21.183 D/IpClient/wlan0( 1294): addressUpdated: fe80::630c:e917:bda5:f47c/64 on ifindex 16 flags 0x00000880 scope 253
05-30 16:57:21.222 D/nStackXCoAP( 2771): IsInSameNetwork:[276] :IsInSameNetwork exec
05-30 16:57:21.222 I/nStackXDFinder( 2771): GetLocalInterfaceDetail:[461] :GetLocalInterfaceDetail in
05-30 16:57:21.222 E/nStackXCoAP( 2771): IsInSameNetwork:[281] :IsInSameNetwork: not priority process
05-30 16:57:21.227 D/nStackXCoAP( 2771): IsInSameNetwork:[276] :IsInSameNetwork exec
05-30 16:57:21.227 I/nStackXDFinder( 2771): GetLocalInterfaceDetail:[461] :GetLocalInterfaceDetail in
05-30 16:57:21.227 E/nStackXCoAP( 2771): IsInSameNetwork:[281] :IsInSameNetwork: not priority process
05-30 16:57:21.227 D/TrafficStats( 2251): tagSocket(87) with statsTag=0xffffffff, statsUid=-1
05-30 16:57:21.229 D/nStackXCoAP( 2771): IsInSameNetwork:[276] :IsInSameNetwork exec
05-30 16:57:21.229 I/nStackXDFinder( 2771): GetLocalInterfaceDetail:[461] :GetLocalInterfaceDetail in
05-30 16:57:21.229 E/nStackXCoAP( 2771): IsInSameNetwork:[281] :IsInSameNetwork: not priority process
05-30 16:57:21.229 D/nStackXCoAP( 2771): IsInSameNetwork:[276] :IsInSameNetwork exec
05-30 16:57:21.229 I/nStackXDFinder( 2771): GetLocalInterfaceDetail:[461] :GetLocalInterfaceDetail in
05-30 16:57:21.229 E/nStackXCoAP( 2771): IsInSameNetwork:[281] :IsInSameNetwork: not priority process
05-30 16:57:21.230 D/nStackXCoAP( 2771): IsInSameNetwork:[276] :IsInSameNetwork exec
05-30 16:57:21.230 I/nStackXDFinder( 2771): GetLocalInterfaceDetail:[461] :GetLocalInterfaceDetail in
05-30 16:57:21.230 E/nStackXCoAP( 2771): IsInSameNetwork:[281] :IsInSameNetwork: not priority process
05-30 16:57:21.231 D/nStackXCoAP( 2771): IsInSameNetwork:[276] :IsInSameNetwork exec
05-30 16:57:21.231 I/nStackXDFinder( 2771): GetLocalInterfaceDetail:[461] :GetLocalInterfaceDetail in
05-30 16:57:21.231 E/nStackXCoAP( 2771): IsInSameNetwork:[281] :IsInSameNetwork: not priority process
05-30 16:57:21.231 D/nStackXCoAP( 2771): IsInSameNetwork:[276] :IsInSameNetwork exec
05-30 16:57:21.231 I/nStackXDFinder( 2771): GetLocalInterfaceDetail:[461] :GetLocalInterfaceDetail in
05-30 16:57:21.231 E/nStackXCoAP( 2771): IsInSameNetwork:[281] :IsInSameNetwork: not priority process
05-30 16:57:21.233 D/nStackXCoAP( 2771): IsInSameNetwork:[276] :IsInSameNetwork exec
05-30 16:57:21.233 I/nStackXDFinder( 2771): GetLocalInterfaceDetail:[461] :GetLocalInterfaceDetail in
05-30 16:57:21.236 E/nStackXCoAP( 2771): IsInSameNetwork:[281] :IsInSameNetwork: not priority process
05-30 16:57:21.238 D/nStackXCoAP( 2771): IsInSameNetwork:[276] :IsInSameNetwork exec
05-30 16:57:21.238 I/nStackXDFinder( 2771): GetLocalInterfaceDetail:[461] :GetLocalInterfaceDetail in
05-30 16:57:21.238 E/nStackXCoAP( 2771): IsInSameNetwork:[281] :IsInSameNetwork: not priority process
05-30 16:57:21.241 D/nStackXCoAP( 2771): IsInSameNetwork:[276] :IsInSameNetwork exec
05-30 16:57:21.241 I/nStackXDFinder( 2771): GetLocalInterfaceDetail:[461] :GetLocalInterfaceDetail in
05-30 16:57:21.241 E/nStackXCoAP( 2771): IsInSameNetwork:[281] :IsInSameNetwork: not priority process
05-30 16:57:21.242 D/nStackXCoAP( 2771): IsInSameNetwork:[276] :IsInSameNetwork exec
05-30 16:57:21.242 I/nStackXDFinder( 2771): GetLocalInterfaceDetail:[461] :GetLocalInterfaceDetail in
05-30 16:57:21.242 E/nStackXCoAP( 2771): IsInSameNetwork:[281] :IsInSameNetwork: not priority process
05-30 16:57:21.242 I/nStackXDFinder( 2771): NotifyDeviceListChanged:[540] :notify callback: device list changed callback is null
05-30 16:57:21.244 D/nStackXCoAP( 2771): IsInSameNetwork:[276] :IsInSameNetwork exec
05-30 16:57:21.244 I/nStackXDFinder( 2771): GetLocalInterfaceDetail:[461] :GetLocalInterfaceDetail in
05-30 16:57:21.244 E/nStackXCoAP( 2771): IsInSameNetwork:[281] :IsInSameNetwork: not priority process
05-30 16:57:21.245 D/nStackXCoAP( 2771): IsInSameNetwork:[276] :IsInSameNetwork exec
05-30 16:57:21.246 I/nStackXDFinder( 2771): GetLocalInterfaceDetail:[461] :GetLocalInterfaceDetail in
05-30 16:57:21.246 E/nStackXCoAP( 2771): IsInSameNetwork:[281] :IsInSameNetwork: not priority process
05-30 16:57:21.249 D/nStackXCoAP( 2771): IsInSameNetwork:[276] :IsInSameNetwork exec
05-30 16:57:21.249 I/nStackXDFinder( 2771): GetLocalInterfaceDetail:[461] :GetLocalInterfaceDetail in
05-30 16:57:21.249 E/nStackXCoAP( 2771): IsInSameNetwork:[281] :IsInSameNetwork: not priority process
05-30 16:57:21.251 D/nStackXCoAP( 2771): IsInSameNetwork:[276] :IsInSameNetwork exec
05-30 16:57:21.251 I/nStackXDFinder( 2771): GetLocalInterfaceDetail:[461] :GetLocalInterfaceDetail in
05-30 16:57:21.251 E/nStackXCoAP( 2771): IsInSameNetwork:[281] :IsInSameNetwork: not priority process
05-30 16:57:21.251 D/nStackXCoAP( 2771): IsInSameNetwork:[276] :IsInSameNetwork exec
05-30 16:57:21.252 I/nStackXDFinder( 2771): GetLocalInterfaceDetail:[461] :GetLocalInterfaceDetail in
05-30 16:57:21.252 E/nStackXCoAP( 2771): IsInSameNetwork:[281] :IsInSameNetwork: not priority process
05-30 16:57:21.252 D/nStackXCoAP( 2771): IsInSameNetwork:[276] :IsInSameNetwork exec
05-30 16:57:21.252 I/nStackXDFinder( 2771): GetLocalInterfaceDetail:[461] :GetLocalInterfaceDetail in
05-30 16:57:21.252 E/nStackXCoAP( 2771): IsInSameNetwork:[281] :IsInSameNetwork: not priority process
05-30 16:57:21.255 D/nStackXCoAP( 2771): IsInSameNetwork:[276] :IsInSameNetwork exec
05-30 16:57:21.255 I/nStackXDFinder( 2771): GetLocalInterfaceDetail:[461] :GetLocalInterfaceDetail in
05-30 16:57:21.255 E/nStackXCoAP( 2771): IsInSameNetwork:[281] :IsInSameNetwork: not priority process
05-30 16:57:21.256 D/TrafficStats( 2276): tagSocket(79) with statsTag=0x0, statsUid=-1
05-30 16:57:21.260 I/serviceDiscovery( 718): [MdnsAdvertiser.wlan0] Probing finished for service 3
05-30 16:57:21.269 D/nStackXCoAP( 2771): IsInSameNetwork:[276] :IsInSameNetwork exec
05-30 16:57:21.269 I/nStackXDFinder( 2771): GetLocalInterfaceDetail:[461] :GetLocalInterfaceDetail in
05-30 16:57:21.269 E/nStackXCoAP( 2771): IsInSameNetwork:[281] :IsInSameNetwork: not priority process
05-30 16:57:21.136 I/DefaultDispatch( 1892): type=1400 audit(0.0:2173): avc: denied { getattr } for path="/dev/__properties__/u:object_r:serialno_prop:s0" dev="tmpfs" ino=323 scontext=u:r:system_app:s0 tcontext=u:object_r:serialno_prop:s0 tclass=file permissive=1
05-30 16:57:21.279 I/audio_hw_hal_alsamgr( 504): alsa format =0x1 delay frames =768 total frames=13923840
05-30 16:57:21.290 D/nStackXCoAP( 2771): IsInSameNetwork:[276] :IsInSameNetwork exec
05-30 16:57:21.290 I/nStackXDFinder( 2771): GetLocalInterfaceDetail:[461] :GetLocalInterfaceDetail in
05-30 16:57:21.290 E/nStackXCoAP( 2771): IsInSameNetwork:[281] :IsInSameNetwork: not priority process
05-30 16:57:21.291 D/nStackXCoAP( 2771): IsInSameNetwork:[276] :IsInSameNetwork exec
05-30 16:57:21.291 I/nStackXDFinder( 2771): GetLocalInterfaceDetail:[461] :GetLocalInterfaceDetail in
05-30 16:57:21.291 E/nStackXCoAP( 2771): IsInSameNetwork:[281] :IsInSameNetwork: not priority process
05-30 16:57:21.293 D/nStackXCoAP( 2771): IsInSameNetwork:[276] :IsInSameNetwork exec
05-30 16:57:21.293 I/nStackXDFinder( 2771): GetLocalInterfaceDetail:[461] :GetLocalInterfaceDetail in
05-30 16:57:21.293 E/nStackXCoAP( 2771): IsInSameNetwork:[281] :IsInSameNetwork: not priority process
05-30 16:57:21.295 D/nStackXCoAP( 2771): IsInSameNetwork:[276] :IsInSameNetwork exec
05-30 16:57:21.295 I/nStackXDFinder( 2771): GetLocalInterfaceDetail:[461] :GetLocalInterfaceDetail in
05-30 16:57:21.295 E/nStackXCoAP( 2771): IsInSameNetwork:[281] :IsInSameNetwork: not priority process
05-30 16:57:21.136 I/DefaultDispatch( 1892): type=1400 audit(0.0:2174): avc: denied { map } for path="/dev/__properties__/u:object_r:serialno_prop:s0" dev="tmpfs" ino=323 scontext=u:r:system_app:s0 tcontext=u:object_r:serialno_prop:s0 tclass=file permissive=1
05-30 16:57:21.298 D/nStackXCoAP( 2771): IsInSameNetwork:[276] :IsInSameNetwork exec
05-30 16:57:21.298 I/nStackXDFinder( 2771): GetLocalInterfaceDetail:[461] :GetLocalInterfaceDetail in
05-30 16:57:21.298 E/nStackXCoAP( 2771): IsInSameNetwork:[281] :IsInSameNetwork: not priority process
05-30 16:57:21.302 D/nStackXCoAP( 2771): IsInSameNetwork:[276] :IsInSameNetwork exec
05-30 16:57:21.302 I/nStackXDFinder( 2771): GetLocalInterfaceDetail:[461] :GetLocalInterfaceDetail in
05-30 16:57:21.302 E/nStackXCoAP( 2771): IsInSameNetwork:[281] :IsInSameNetwork: not priority process
05-30 16:57:21.302 E/nStackXDFinder( 2771): GetLocalIp:[401] :GetLocalIp exec
05-30 16:57:21.302 E/nStackXDFinder( 2771): GetLocalIp:[401] :GetLocalIp exec
05-30 16:57:21.302 E/nStackXDFinder( 2771): GetLocalIp:[401] :GetLocalIp exec
05-30 16:57:21.315 I/nStackXCoAP( 2771): CoapServiceDiscoverTimerHandle:[524] :the 4 times for device discover.
05-30 16:57:21.318 D/getEthernetMacAddr( 1892): getEthernetMacAddr use eth0
05-30 16:57:21.319 D/TrafficStats( 2414): tagSocket(5) with statsTag=0xffffffff, statsUid=-1
05-30 16:57:21.321 D/nStackXCoAP( 2771): IsInSameNetwork:[276] :IsInSameNetwork exec
05-30 16:57:21.321 I/nStackXDFinder( 2771): GetLocalInterfaceDetail:[461] :GetLocalInterfaceDetail in
05-30 16:57:21.321 E/nStackXCoAP( 2771): IsInSameNetwork:[281] :IsInSameNetwork: not priority process
05-30 16:57:21.321 D/getEthernetMacAddr( 1892): getEthernetMacAddr use eth0
05-30 16:57:21.324 D/nStackXCoAP( 2771): IsInSameNetwork:[276] :IsInSameNetwork exec
05-30 16:57:21.324 I/nStackXDFinder( 2771): GetLocalInterfaceDetail:[461] :GetLocalInterfaceDetail in
05-30 16:57:21.324 E/nStackXCoAP( 2771): IsInSameNetwork:[281] :IsInSameNetwork: not priority process
05-30 16:57:21.324 D/nStackXCoAP( 2771): IsInSameNetwork:[276] :IsInSameNetwork exec
05-30 16:57:21.324 I/nStackXDFinder( 2771): GetLocalInterfaceDetail:[461] :GetLocalInterfaceDetail in
05-30 16:57:21.324 E/nStackXCoAP( 2771): IsInSameNetwork:[281] :IsInSameNetwork: not priority process
05-30 16:57:21.325 D/nStackXCoAP( 2771): IsInSameNetwork:[276] :IsInSameNetwork exec
05-30 16:57:21.325 I/nStackXDFinder( 2771): GetLocalInterfaceDetail:[461] :GetLocalInterfaceDetail in
05-30 16:57:21.325 E/nStackXCoAP( 2771): IsInSameNetwork:[281] :IsInSameNetwork: not priority process
05-30 16:57:21.327 D/nStackXCoAP( 2771): IsInSameNetwork:[276] :IsInSameNetwork exec
05-30 16:57:21.327 I/nStackXDFinder( 2771): GetLocalInterfaceDetail:[461] :GetLocalInterfaceDetail in
05-30 16:57:21.327 E/nStackXCoAP( 2771): IsInSameNetwork:[281] :IsInSameNetwork: not priority process
05-30 16:57:21.330 D/nStackXCoAP( 2771): IsInSameNetwork:[276] :IsInSameNetwork exec
05-30 16:57:21.330 I/nStackXDFinder( 2771): GetLocalInterfaceDetail:[461] :GetLocalInterfaceDetail in
05-30 16:57:21.330 E/nStackXCoAP( 2771): IsInSameNetwork:[281] :IsInSameNetwork: not priority process
05-30 16:57:21.337 D/nStackXCoAP( 2771): IsInSameNetwork:[276] :IsInSameNetwork exec
05-30 16:57:21.337 I/nStackXDFinder( 2771): GetLocalInterfaceDetail:[461] :GetLocalInterfaceDetail in
05-30 16:57:21.337 E/nStackXCoAP( 2771): IsInSameNetwork:[281] :IsInSameNetwork: not priority process
05-30 16:57:21.339 D/nStackXCoAP( 2771): IsInSameNetwork:[276] :IsInSameNetwork exec
05-30 16:57:21.339 I/nStackXDFinder( 2771): GetLocalInterfaceDetail:[461] :GetLocalInterfaceDetail in
05-30 16:57:21.339 E/nStackXCoAP( 2771): IsInSameNetwork:[281] :IsInSameNetwork: not priority process
05-30 16:57:21.343 D/nStackXCoAP( 2771): IsInSameNetwork:[276] :IsInSameNetwork exec
05-30 16:57:21.343 I/nStackXDFinder( 2771): GetLocalInterfaceDetail:[461] :GetLocalInterfaceDetail in
05-30 16:57:21.343 E/nStackXCoAP( 2771): IsInSameNetwork:[281] :IsInSameNetwork: not priority process
05-30 16:57:21.357 D/nStackXCoAP( 2771): IsInSameNetwork:[276] :IsInSameNetwork exec
05-30 16:57:21.357 I/nStackXDFinder( 2771): GetLocalInterfaceDetail:[461] :GetLocalInterfaceDetail in
05-30 16:57:21.357 E/nStackXCoAP( 2771): IsInSameNetwork:[281] :IsInSameNetwork: not priority process
05-30 16:57:21.359 D/nStackXCoAP( 2771): IsInSameNetwork:[276] :IsInSameNetwork exec
05-30 16:57:21.359 I/nStackXDFinder( 2771): GetLocalInterfaceDetail:[461] :GetLocalInterfaceDetail in
05-30 16:57:21.359 E/nStackXCoAP( 2771): IsInSameNetwork:[281] :IsInSameNetwork: not priority process
05-30 16:57:21.363 D/nStackXCoAP( 2771): IsInSameNetwork:[276] :IsInSameNetwork exec
05-30 16:57:21.363 I/nStackXDFinder( 2771): GetLocalInterfaceDetail:[461] :GetLocalInterfaceDetail in
05-30 16:57:21.363 E/nStackXCoAP( 2771): IsInSameNetwork:[281] :IsInSameNetwork: not priority process
05-30 16:57:21.364 D/nStackXCoAP( 2771): IsInSameNetwork:[276] :IsInSameNetwork exec
05-30 16:57:21.364 I/nStackXDFinder( 2771): GetLocalInterfaceDetail:[461] :GetLocalInterfaceDetail in
05-30 16:57:21.364 E/nStackXCoAP( 2771): IsInSameNetwork:[281] :IsInSameNetwork: not priority process
05-30 16:57:21.364 D/nStackXCoAP( 2771): IsInSameNetwork:[276] :IsInSameNetwork exec
05-30 16:57:21.364 I/nStackXDFinder( 2771): GetLocalInterfaceDetail:[461] :GetLocalInterfaceDetail in
05-30 16:57:21.364 E/nStackXCoAP( 2771): IsInSameNetwork:[281] :IsInSameNetwork: not priority process
05-30 16:57:21.378 D/getEthernetMacAddr( 1892): getEthernetMacAddr use eth0
05-30 16:57:21.391 W/System.err( 2598): java.lang.NullPointerException: Attempt to invoke virtual method 'byte[] java.net.NetworkInterface.getHardwareAddress()' on a null object reference
05-30 16:57:21.391 W/System.err( 2598): at b.f.f.y.g.b(Unknown Source:11)
05-30 16:57:21.391 W/System.err( 2598): at b.d.a.a.p.c0(Unknown Source:2)
05-30 16:57:21.391 W/System.err( 2598): at b.f.f.w.b.(:16)
05-30 16:57:21.391 W/System.err( 2598): at com.dangbei.screencast.startup.StartupService.w(:2)
05-30 16:57:21.391 W/System.err( 2598): at b.f.f.h.g.b.run(:6)
05-30 16:57:21.391 W/System.err( 2598): at b.d.a.a.n.a(Unknown Source:10)
05-30 16:57:21.391 W/System.err( 2598): at b.f.f.h.g.j.onReceive(Unknown Source:20)
05-30 16:57:21.391 W/System.err( 2598): at android.app.LoadedApk$ReceiverDispatcher$Args.lambda$getRunnable$0(LoadedApk.java:1811)
05-30 16:57:21.391 W/System.err( 2598): at android.app.LoadedApk$ReceiverDispatcher$Args.$r8$lambda$gDuJqgxY6Zb-ifyeubKeivTLAwk(Unknown Source:0)
05-30 16:57:21.391 W/System.err( 2598): at android.app.LoadedApk$ReceiverDispatcher$Args$$ExternalSyntheticLambda0.run(Unknown Source:2)
05-30 16:57:21.391 W/System.err( 2598): at android.os.Handler.handleCallback(Handler.java:958)
05-30 16:57:21.391 W/System.err( 2598): at android.os.Handler.dispatchMessage(Handler.java:99)
05-30 16:57:21.391 W/System.err( 2598): at android.os.Looper.loopOnce(Looper.java:205)
05-30 16:57:21.391 W/System.err( 2598): at android.os.Looper.loop(Looper.java:294)
05-30 16:57:21.391 W/System.err( 2598): at android.app.ActivityThread.main(ActivityThread.java:8255)
05-30 16:57:21.391 W/System.err( 2598): at java.lang.reflect.Method.invoke(Native Method)
05-30 16:57:21.391 W/System.err( 2598): at com.android.internal.os.RuntimeInit$MethodAndArgsCaller.run(RuntimeInit.java:552)
05-30 16:57:21.391 W/System.err( 2598): at com.android.internal.os.ZygoteInit.main(ZygoteInit.java:978)
05-30 16:57:21.380 I/gbei.screencast( 2598): type=1400 audit(0.0:2175): avc: denied { read } for name="u:object_r:serialno_prop:s0" dev="tmpfs" ino=323 scontext=u:r:untrusted_app_27:s0:c44,c256,c512,c768 tcontext=u:object_r:serialno_prop:s0 tclass=file permissive=1 app=com.dangbei.screencast
05-30 16:57:21.414 I/okhttp.OkHttpClient( 1892): --> POST http://tymsgapi.qun7.com/v1/core/rom (533-byte body)
05-30 16:57:21.419 D/nStackXCoAP( 2771): IsInSameNetwork:[276] :IsInSameNetwork exec
05-30 16:57:21.419 I/nStackXDFinder( 2771): GetLocalInterfaceDetail:[461] :GetLocalInterfaceDetail in
05-30 16:57:21.419 E/nStackXCoAP( 2771): IsInSameNetwork:[281] :IsInSameNetwork: not priority process
05-30 16:57:21.419 D/nStackXCoAP( 2771): IsInSameNetwork:[276] :IsInSameNetwork exec
05-30 16:57:21.419 I/nStackXDFinder( 2771): GetLocalInterfaceDetail:[461] :GetLocalInterfaceDetail in
05-30 16:57:21.419 E/nStackXCoAP( 2771): IsInSameNetwork:[281] :IsInSameNetwork: not priority process
05-30 16:57:21.423 I/serviceDiscovery( 718): [MdnsAdvertiser.wlan0] Probing finished for service 2
05-30 16:57:21.426 D/TrafficStats( 2251): tagSocket(5) with statsTag=0xffffffff, statsUid=-1
05-30 16:57:21.426 D/TrafficStats( 2251): tagSocket(94) with statsTag=0xffffffff, statsUid=-1
05-30 16:57:21.427 D/TrafficStats( 2251): tagSocket(97) with statsTag=0xffffffff, statsUid=-1
05-30 16:57:21.428 D/nStackXCoAP( 2771): IsInSameNetwork:[276] :IsInSameNetwork exec
05-30 16:57:21.428 I/nStackXDFinder( 2771): GetLocalInterfaceDetail:[461] :GetLocalInterfaceDetail in
05-30 16:57:21.428 E/nStackXCoAP( 2771): IsInSameNetwork:[281] :IsInSameNetwork: not priority process
05-30 16:57:21.429 D/TrafficStats( 2251): tagSocket(99) with statsTag=0xffffffff, statsUid=-1
05-30 16:57:21.430 D/TrafficStats( 2251): tagSocket(95) with statsTag=0xffffffff, statsUid=-1
05-30 16:57:21.432 D/nStackXCoAP( 2771): IsInSameNetwork:[276] :IsInSameNetwork exec
05-30 16:57:21.432 I/nStackXDFinder( 2771): GetLocalInterfaceDetail:[461] :GetLocalInterfaceDetail in
05-30 16:57:21.432 E/nStackXCoAP( 2771): IsInSameNetwork:[281] :IsInSameNetwork: not priority process
05-30 16:57:21.432 W/efs.info.manager( 2598): network change: wifi
05-30 16:57:21.433 D/nStackXCoAP( 2771): IsInSameNetwork:[276] :IsInSameNetwork exec
05-30 16:57:21.433 I/nStackXDFinder( 2771): GetLocalInterfaceDetail:[461] :GetLocalInterfaceDetail in
05-30 16:57:21.433 E/nStackXCoAP( 2771): IsInSameNetwork:[281] :IsInSameNetwork: not priority process
05-30 16:57:21.433 D/nStackXCoAP( 2771): IsInSameNetwork:[276] :IsInSameNetwork exec
05-30 16:57:21.433 I/nStackXDFinder( 2771): GetLocalInterfaceDetail:[461] :GetLocalInterfaceDetail in
05-30 16:57:21.433 E/nStackXCoAP( 2771): IsInSameNetwork:[281] :IsInSameNetwork: not priority process
05-30 16:57:21.437 I/okhttp.OkHttpClient( 1892): --> POST http://tymsgapi.qun7.com/v1/core/logip (600-byte body)
05-30 16:57:21.437 D/nStackXCoAP( 2771): IsInSameNetwork:[276] :IsInSameNetwork exec
05-30 16:57:21.437 I/nStackXDFinder( 2771): GetLocalInterfaceDetail:[461] :GetLocalInterfaceDetail in
05-30 16:57:21.437 E/nStackXCoAP( 2771): IsInSameNetwork:[281] :IsInSameNetwork: not priority process
05-30 16:57:21.441 I/okhttp.OkHttpClient( 1892): --> POST http://tyapi.qun7.com/v1/core/launcherota (533-byte body)
05-30 16:57:21.446 W/System ( 1892): A resource failed to call close.
05-30 16:57:21.446 W/System ( 1892): A resource failed to call close.
05-30 16:57:21.446 W/System ( 1892): A resource failed to call close.
05-30 16:57:21.447 W/System ( 1892): A resource failed to call close.
05-30 16:57:21.447 W/System ( 1892): A resource failed to call close.
05-30 16:57:21.447 W/System ( 1892): A resource failed to call close.
05-30 16:57:21.448 D/nStackXCoAP( 2771): IsInSameNetwork:[276] :IsInSameNetwork exec
05-30 16:57:21.448 I/nStackXDFinder( 2771): GetLocalInterfaceDetail:[461] :GetLocalInterfaceDetail in
05-30 16:57:21.448 E/nStackXCoAP( 2771): IsInSameNetwork:[281] :IsInSameNetwork: not priority process
05-30 16:57:21.448 D/nStackXCoAP( 2771): IsInSameNetwork:[276] :IsInSameNetwork exec
05-30 16:57:21.448 I/nStackXDFinder( 2771): GetLocalInterfaceDetail:[461] :GetLocalInterfaceDetail in
05-30 16:57:21.449 E/nStackXCoAP( 2771): IsInSameNetwork:[281] :IsInSameNetwork: not priority process
05-30 16:57:21.452 I/d.leradlauncher( 2251): Background young concurrent copying GC freed 21445(1575KB) AllocSpace objects, 21(996KB) LOS objects, 5% free, 5330KB/5655KB, paused 1.587ms,229us total 305.128ms
05-30 16:57:21.456 D/getEthernetMacAddr( 1892): getEthernetMacAddr use eth0
05-30 16:57:21.463 I/okhttp.OkHttpClient( 1892): --> POST http://tymsgapi.qun7.com/v1/core/appupdate (2314-byte body)
05-30 16:57:21.497 D/nStackXCoAP( 2771): IsInSameNetwork:[276] :IsInSameNetwork exec
05-30 16:57:21.497 I/nStackXDFinder( 2771): GetLocalInterfaceDetail:[461] :GetLocalInterfaceDetail in
05-30 16:57:21.497 E/nStackXCoAP( 2771): IsInSameNetwork:[281] :IsInSameNetwork: not priority process
05-30 16:57:21.498 D/nStackXCoAP( 2771): IsInSameNetwork:[276] :IsInSameNetwork exec
05-30 16:57:21.498 I/nStackXDFinder( 2771): GetLocalInterfaceDetail:[461] :GetLocalInterfaceDetail in
05-30 16:57:21.498 E/nStackXCoAP( 2771): IsInSameNetwork:[281] :IsInSameNetwork: not priority process
05-30 16:57:21.503 D/TrafficStats( 2598): tagSocket(5) with statsTag=0xffffffff, statsUid=-1
05-30 16:57:21.504 D/TrafficStats( 2251): tagSocket(107) with statsTag=0xffffffff, statsUid=-1
05-30 16:57:21.504 D/TrafficStats( 2251): tagSocket(108) with statsTag=0xffffffff, statsUid=-1
05-30 16:57:21.505 D/nStackXCoAP( 2771): IsInSameNetwork:[276] :IsInSameNetwork exec
05-30 16:57:21.505 I/nStackXDFinder( 2771): GetLocalInterfaceDetail:[461] :GetLocalInterfaceDetail in
05-30 16:57:21.505 E/nStackXCoAP( 2771): IsInSameNetwork:[281] :IsInSameNetwork: not priority process
05-30 16:57:21.505 D/nStackXCoAP( 2771): IsInSameNetwork:[276] :IsInSameNetwork exec
05-30 16:57:21.505 I/nStackXDFinder( 2771): GetLocalInterfaceDetail:[461] :GetLocalInterfaceDetail in
05-30 16:57:21.505 E/nStackXCoAP( 2771): IsInSameNetwork:[281] :IsInSameNetwork: not priority process
05-30 16:57:21.506 D/nStackXCoAP( 2771): IsInSameNetwork:[276] :IsInSameNetwork exec
05-30 16:57:21.506 I/nStackXDFinder( 2771): GetLocalInterfaceDetail:[461] :GetLocalInterfaceDetail in
05-30 16:57:21.506 E/nStackXCoAP( 2771): IsInSameNetwork:[281] :IsInSameNetwork: not priority process
05-30 16:57:21.515 D/nStackXCoAP( 2771): IsInSameNetwork:[276] :IsInSameNetwork exec
05-30 16:57:21.515 I/nStackXDFinder( 2771): GetLocalInterfaceDetail:[461] :GetLocalInterfaceDetail in
05-30 16:57:21.515 E/nStackXCoAP( 2771): IsInSameNetwork:[281] :IsInSameNetwork: not priority process
05-30 16:57:21.516 D/TrafficStats( 1892): tagSocket(86) with statsTag=0xffffffff, statsUid=-1
05-30 16:57:21.517 D/TrafficStats( 1892): tagSocket(88) with statsTag=0xffffffff, statsUid=-1
05-30 16:57:21.518 D/TrafficStats( 1892): tagSocket(90) with statsTag=0xffffffff, statsUid=-1
05-30 16:57:21.518 D/TrafficStats( 1892): tagSocket(92) with statsTag=0xffffffff, statsUid=-1
05-30 16:57:21.523 E/HigherBroadcastServer( 1892): {"bluetoothBoot":false,"bluetoothController":false,"bluetoothMac":"1C:79:2D:20:62:B6","deviceModel":"DBBOX-A3","deviceModelNumber":"H5P464","deviceName":"客厅的当贝盒子","findController":1,"hostName":"192.168.3.222","inetAddress":"192.168.3.222","mac":"20:02:FE:19:C2:49","port":6689,"romCode":5007,"romVersion":"5.0.0.7","wifiMac":"1C:79:2D:20:62:B5","deviceId":"6f215fe5923ef04ed4749210af2b76b9","sn":"DZOH5P8251918026"}
05-30 16:57:21.523 W/NsdServiceInfo( 1892): Key lengths > 9 are discouraged: deviceModel
05-30 16:57:21.524 W/NsdServiceInfo( 1892): Key lengths > 9 are discouraged: deviceModelNumber
05-30 16:57:21.524 W/NsdServiceInfo( 1892): Key lengths > 9 are discouraged: deviceName
05-30 16:57:21.524 W/NsdServiceInfo( 1892): Key lengths > 9 are discouraged: romVersion
05-30 16:57:21.524 W/NsdServiceInfo( 1892): Key lengths > 9 are discouraged: findController
05-30 16:57:21.529 I/Receiver( 2593): ----------netConnectInitSDK--------------
05-30 16:57:21.530 D/RockyNetMessageUtil( 2593): initTipsList tipEntity = TipEntity{movieType=[我想看喜剧片, 动作片, 枪战片], movie=[庆余年, 误杀, 美丽人生, 爆笑虫子, 哪吒, 小猪佩奇, 胡歌的电视剧, 张艺谋导演的电影, 切换到1080P, 收藏], appController=[打开当贝市场, 下载当贝影视, 爱奇艺, 卸载腾讯视频], weather=[今天的天气, 未来五天的天气, 杭州天气怎么样, 明天下不下雨], music=[我要听歌, 周杰伦的歌, 上一首, 下一首, 快进一分钟, 暂停], liveAppDownload='非常抱歉,没有此类内容哦。 如果您想安装软件,可以使用电脑浏览器搜索相应的应用软件。下载并拷贝至U盘,然后将U盘插入设备终端,通过U盘安装相关应用软件。安装成功后即可使用相关功能。 如有疑问,您可以通过以下联系方式,获得更多帮助。 固定电话:400-000-3505', subscreen=[SubScreenEntity{appName='动态屏', type=1}, SubScreenEntity{appName='时钟', type=2}, SubScreenEntity{appName='画廊', type=3}, SubScreenEntity{appName='当贝云相册', type=4}, SubScreenEntity{appName='当贝酷狗音乐', type=5}, SubScreenEntity{appName='应用', type=6}], wakeUpVoiceResponse=null, unrecognizedVoiceResponse=null, notUnderstandVoiceResponse=null} isRequestTipSuccess = false
