05-30 16:52:56.475 D/CompatibilityChangeReporter( 718): Compat change id reported: 262645982; UID 10058; state: ENABLED
05-30 16:52:56.478 D/CompatibilityChangeReporter( 718): Compat change id reported: 218533173; UID 10070; state: ENABLED
05-30 16:52:56.478 D/CompatibilityChangeReporter( 718): Compat change id reported: 262645982; UID 10070; state: ENABLED
05-30 16:52:56.479 D/CompatibilityChangeReporter( 718): Compat change id reported: 218533173; UID 10013; state: ENABLED
05-30 16:52:56.481 D/CompatibilityChangeReporter( 718): Compat change id reported: 262645982; UID 10013; state: ENABLED
05-30 16:52:56.481 D/CompatibilityChangeReporter( 718): Compat change id reported: 265195908; UID 1002; state: ENABLED
05-30 16:52:56.484 D/CompatibilityChangeReporter( 718): Compat change id reported: 265195908; UID 1068; state: ENABLED
05-30 16:52:56.505 D/CompatibilityChangeReporter( 718): Compat change id reported: 253665015; UID 1000; state: DISABLED
05-30 16:52:56.506 D/CompatibilityChangeReporter( 718): Compat change id reported: 253665015; UID 1000; state: ENABLED
05-30 16:52:56.507 D/CompatibilityChangeReporter( 718): Compat change id reported: 194532703; UID 1000; state: DISABLED
05-30 16:52:56.507 D/CompatibilityChangeReporter( 718): Compat change id reported: 194532703; UID 1000; state: ENABLED
05-30 16:52:56.509 W/QuotaTracker( 718): Alarm not scheduled because boot isn't completed
05-30 16:52:56.531 D/CompatibilityChangeReporter( 718): Compat change id reported: 161145287; UID 1000; state: DISABLED
05-30 16:52:56.532 D/CompatibilityChangeReporter( 718): Compat change id reported: 161145287; UID 1000; state: ENABLED
05-30 16:52:56.533 D/ConditionProviders.SCP( 718): onConnected
05-30 16:52:56.550 D/HDMI ( 718): receive android.intent.action.CONFIGURATION_CHANGED
05-30 16:52:56.553 D/HDMI ( 718): Process pid:1336 is calling addHotplugEventListener
05-30 16:52:56.554 D/ConditionProviders.SCP( 718): onSubscribe condition://android/schedule?days=1.2.3.4.5.6.7&start=22.0&end=7.0&exitAtAlarm=true
05-30 16:52:56.555 D/ConditionProviders.SCP( 718): setRegistered true
05-30 16:52:56.558 W/ActivityThread( 718): Failed to find provider info for com.android.calendar (user not unlocked)
05-30 16:52:56.559 W/ActivityThread( 718): Failed to find provider info for com.android.calendar (user not unlocked)
05-30 16:52:56.561 D/CompatibilityChangeReporter( 718): Compat change id reported: 171306433; UID 1000; state: ENABLED
05-30 16:52:56.561 D/CompatibilityChangeReporter( 718): Compat change id reported: 218533173; UID 1000; state: ENABLED
05-30 16:52:56.565 D/ConditionProviders.SCP( 718): evaluateSubscriptionLocked cal=ScheduleCalendar[mDays={1, 2, 3, 4, 5, 6, 7}, mSchedule=ScheduleInfo{days=[1, 2, 3, 4, 5, 6, 7], startHour=22, startMinute=0, endHour=7, endMinute=0, exitAtAlarm=true, nextAlarm=Thu Jan 01 08:00:00 GMT+08:00 1970 (0)}], now=Fri May 30 16:52:56 GMT+08:00 2025 (1748595176554), nextUserAlarmTime=Thu Jan 01 08:00:00 GMT+08:00 1970 (0)
05-30 16:52:56.565 D/ConditionProviders.SCP( 718): notifyCondition condition://android/schedule?days=1.2.3.4.5.6.7&start=22.0&end=7.0&exitAtAlarm=true STATE_FALSE reason=!meetsSchedule
05-30 16:52:56.568 D/ConditionProviders.SCP( 718): Scheduling evaluate for Fri May 30 22:00:00 GMT+08:00 2025 (1748613600000), in +5h7m3s446ms, now=Fri May 30 16:52:56 GMT+08:00 2025 (1748595176554)
05-30 16:52:56.659 D/HDMI ( 718): receive android.intent.action.CONFIGURATION_CHANGED
05-30 16:52:56.677 D/AudioService( 718): onStatusChange cecEnabled:false available:false
05-30 16:52:56.684 I/MR2ServiceImpl( 718): addProviderRoutes | provider: com.android.server.media/.SystemMediaRoute2Provider, routes: [DEVICE_ROUTE | 电视]
05-30 16:52:56.685 D/WallpaperManagerService( 718): WPMS.onServiceConnected-ComponentInfo{com.android.systemui/com.android.systemui.wallpapers.ImageWallpaper}
05-30 16:52:56.686 D/WallpaperManagerService( 718): WPMS.attachServiceLocked
05-30 16:52:56.759 W/ActivityThread( 1322): Failed to find provider info for bluetooth_legacy.provider (user not unlocked)
05-30 16:52:56.828 I/PackageWatchdog( 718): Syncing health check requests for packages: {}
05-30 16:52:56.828 I/ExplicitHealthCheckController( 718): Service not ready to get health check supported packages. Binding...
05-30 16:52:56.829 I/ExplicitHealthCheckController( 718): Explicit health check service is bound
05-30 16:52:56.848 D/CompatibilityChangeReporter( 718): Compat change id reported: 161145287; UID 1002; state: ENABLED
05-30 16:52:56.868 D/WallpaperManagerService( 718): WPMS.onServiceConnected-ComponentInfo{com.android.systemui/com.android.systemui.wallpapers.ImageWallpaper}
05-30 16:52:56.868 D/WallpaperManagerService( 718): WPMS.attachServiceLocked
05-30 16:52:56.868 D/WallpaperManagerService( 718): WPMS.connectLocked-ComponentInfo{com.android.systemui/com.android.systemui.wallpapers.ImageWallpaper}
05-30 16:52:56.870 D/WallpaperManagerService( 718): WPMS.saveSettingsLocked-0
05-30 16:52:56.893 W/WindowManager( 718): [addWindow] title:com.android.systemui.wallpapers.ImageWallpaper
05-30 16:52:56.894 D/CompatibilityChangeReporter( 718): Compat change id reported: 168419799; UID 10052; state: DISABLED
05-30 16:52:56.894 D/CompatibilityChangeReporter( 718): Compat change id reported: 273564678; UID 10052; state: DISABLED
05-30 16:52:57.234 D/HDMI ( 718): settings onchange hdmi_control_one_touch_play_enabled to true
05-30 16:52:57.234 D/HDMI ( 718): settings onchange hdmi_control_auto_language_change_enabled to false
05-30 16:52:57.246 D/HDMI ( 718): settings onchange hdmi_control_auto_device_off_enabled to true
05-30 16:52:57.256 D/AudioService( 718): SoundbarObserver onChange soundbar_mode false
05-30 16:52:57.265 D/AudioService( 718): onHdmiCecVolumeControlFeature enabled:false
05-30 16:52:57.271 D/AudioService( 718): setWiredDeviceConnectionState( type:400 state:DEVICE_STATE_AVAILABLE addr: name:) from android
05-30 16:52:57.271 I/AS.AudioDeviceInventory( 718): handleDeviceConnection(true dev:400 address: name:)
05-30 16:52:57.272 I/AS.AudioDeviceInventory( 718): deviceKey:0x400:
05-30 16:52:57.272 I/AS.AudioDeviceInventory( 718): deviceInfo:null is(already)Connected:false
05-30 16:52:57.285 D/SystemServerTiming( 718): ManagedServices.unbindOtherUserServices_current0
05-30 16:52:57.285 D/SystemServerTiming( 718): ManagedServices.unbindOtherUserServices_current0
05-30 16:52:57.285 D/SystemServerTiming( 718): ManagedServices.unbindOtherUserServices_current0
05-30 16:52:57.286 V/NotificationAssistants( 718): enabling notification assistant for 0: ComponentInfo{android.ext.services/android.ext.services.notification.Assistant}
05-30 16:52:57.286 V/NotificationAssistants( 718): Not registering ComponentInfo{android.ext.services/android.ext.services.notification.Assistant} is already bound
05-30 16:52:57.421 D/CompatibilityChangeReporter( 718): Compat change id reported: 182478738; UID 10052; state: ENABLED
05-30 16:52:57.468 I/StatusBarManagerService( 718): registerStatusBar bar=com.android.internal.statusbar.IStatusBar$Stub$Proxy@bb85859
05-30 16:52:57.725 I/ActivityTaskManager( 718): Config changes=80000000 {1.0 ?mcc0mnc [zh_CN] ldltr sw720dp w1280dp h720dp 240dpi xlrg long land television -touch -keyb/h/h dpad/v winConfig={ mBounds=Rect(0, 0 - 1920, 1080) mAppBounds=Rect(0, 0 - 1920, 1080) mMaxBounds=Rect(0, 0 - 1920, 1080) mDisplayRotation=ROTATION_0 mWindowingMode=fullscreen mDisplayWindowingMode=fullscreen mActivityType=undefined mAlwaysOnTop=undefined mRotation=ROTATION_0} as.2 s.8 fontWeightAdjustment=0}
05-30 16:52:57.740 I/AS.AudioDeviceInventory( 718): sendDeviceConnectionIntent(dev:0x400 state:0x1 address: name:);
05-30 16:52:57.741 I/WindowManager( 718): Override config changes=80000000 {1.0 ?mcc0mnc [zh_CN] ldltr sw720dp w1280dp h720dp 240dpi xlrg long land television -touch -keyb/h/h dpad/v winConfig={ mBounds=Rect(0, 0 - 1920, 1080) mAppBounds=Rect(0, 0 - 1920, 1080) mMaxBounds=Rect(0, 0 - 1920, 1080) mDisplayRotation=ROTATION_0 mWindowingMode=fullscreen mDisplayWindowingMode=fullscreen mActivityType=undefined mAlwaysOnTop=undefined mRotation=ROTATION_0} as.2 s.8 fontWeightAdjustment=0} for displayId=0
05-30 16:52:57.789 V/ShellDragAndDrop( 1131): Display changed: 0
05-30 16:52:57.928 W/LoadedApk( 1322): New application info for package com.android.bluetooth is out of date with TS 43835 < the current TS 44031
05-30 16:52:57.975 D/SystemServerTiming( 718): getUserSwitchability-0
05-30 16:52:57.975 D/SystemServerTiming( 718): TM.isInCall
05-30 16:52:57.976 D/SystemServerTiming( 718): hasUserRestriction-DISALLOW_USER_SWITCH
05-30 16:52:57.976 D/SystemServerTiming( 718): getInt-ALLOW_USER_SWITCHING_WHEN_SYSTEM_USER_LOCKED
05-30 16:52:57.976 D/SystemServerTiming( 718): isUserUnlocked-USER_SYSTEM
05-30 16:52:57.981 D/CompatibilityChangeReporter( 718): Compat change id reported: 265464455; UID 10029; state: DISABLED
05-30 16:52:57.982 D/CompatibilityChangeReporter( 718): Compat change id reported: 265452344; UID 10029; state: DISABLED
05-30 16:52:57.982 D/CompatibilityChangeReporter( 718): Compat change id reported: 266124927; UID 10029; state: DISABLED
05-30 16:52:57.982 D/CompatibilityChangeReporter( 718): Compat change id reported: 265451093; UID 10029; state: DISABLED
05-30 16:52:57.983 D/CompatibilityChangeReporter( 718): Compat change id reported: 265456536; UID 10029; state: DISABLED
05-30 16:52:57.984 D/CompatibilityChangeReporter( 718): Compat change id reported: 255940284; UID 10029; state: DISABLED
05-30 16:52:57.984 D/CompatibilityChangeReporter( 718): Compat change id reported: 236283604; UID 10029; state: DISABLED
05-30 16:52:57.984 D/CompatibilityChangeReporter( 718): Compat change id reported: 263959004; UID 10029; state: DISABLED
05-30 16:52:57.985 D/CompatibilityChangeReporter( 718): Compat change id reported: 264304459; UID 10029; state: DISABLED
05-30 16:52:57.985 D/CompatibilityChangeReporter( 718): Compat change id reported: 264301586; UID 10029; state: DISABLED
05-30 16:52:57.985 D/CompatibilityChangeReporter( 718): Compat change id reported: 254631730; UID 10029; state: DISABLED
05-30 16:52:57.986 D/CompatibilityChangeReporter( 718): Compat change id reported: 273509367; UID 10029; state: DISABLED
05-30 16:52:57.986 D/CompatibilityChangeReporter( 718): Compat change id reported: 263259275; UID 10029; state: DISABLED
05-30 16:52:57.986 D/CompatibilityChangeReporter( 718): Compat change id reported: 174042980; UID 10029; state: DISABLED
05-30 16:52:57.986 D/CompatibilityChangeReporter( 718): Compat change id reported: 174042936; UID 10029; state: DISABLED
05-30 16:52:57.986 D/CompatibilityChangeReporter( 718): Compat change id reported: 181136395; UID 10029; state: DISABLED
05-30 16:52:57.991 D/CompatibilityChangeReporter( 718): Compat change id reported: 184838306; UID 10029; state: DISABLED
05-30 16:52:57.992 D/CompatibilityChangeReporter( 718): Compat change id reported: 185004937; UID 10029; state: DISABLED
05-30 16:52:57.993 D/CompatibilityChangeReporter( 718): Compat change id reported: 194480991; UID 10029; state: ENABLED
05-30 16:52:58.002 D/CompatibilityChangeReporter( 718): Compat change id reported: 197654537; UID 10029; state: ENABLED
05-30 16:52:58.007 I/ActivityTaskManager( 718): START u0 {act=android.intent.action.MAIN cat=[android.intent.category.HOME] flg=0x10000100 cmp=com.dangbei.hqguide/.main.MainActivity (has extras)} with LAUNCH_MULTIPLE from uid 0 (BAL_ALLOW_ALLOWLISTED_UID) result code=0
05-30 16:52:58.012 D/CompatibilityChangeReporter( 718): Compat change id reported: 135634846; UID 10029; state: DISABLED
05-30 16:52:58.012 D/CompatibilityChangeReporter( 718): Compat change id reported: 177438394; UID 10029; state: DISABLED
05-30 16:52:58.012 D/CompatibilityChangeReporter( 718): Compat change id reported: 135772972; UID 10029; state: DISABLED
05-30 16:52:58.012 D/CompatibilityChangeReporter( 718): Compat change id reported: 135754954; UID 10029; state: ENABLED
05-30 16:52:58.013 D/CompatibilityChangeReporter( 718): Compat change id reported: 143937733; UID 10029; state: ENABLED
05-30 16:52:58.014 W/ActivityManager( 718): com.dangbei.hqguide inode == 0 (b/152760674)
05-30 16:52:58.024 W/ContextImpl( 1336): Calling a method in the system process without a qualified user: android.app.ContextImpl.startService:1899 android.content.ContextWrapper.startService:825 com.droidlogic.DroidlogicApplication$1.handleMessage:93 android.os.Handler.dispatchMessage:106 android.os.Looper.loopOnce:205
05-30 16:52:58.027 I/ActivityManager( 718): Start proc 1477:com.dangbei.hqguide/u0a29 for top-activity {com.dangbei.hqguide/com.dangbei.hqguide.main.MainActivity}
05-30 16:52:58.033 D/WindowManagerShell( 1131): TvPipController: onConfigurationChanged(), state=NO_PIP
05-30 16:52:58.051 D/AudioService( 718): SoundbarObserver onChange soundbar_mode false
05-30 16:52:58.059 D/SystemServerTiming( 718): getUserSwitchability-0
05-30 16:52:58.059 D/SystemServerTiming( 718): TM.isInCall
05-30 16:52:58.059 D/SystemServerTiming( 718): hasUserRestriction-DISALLOW_USER_SWITCH
05-30 16:52:58.059 D/SystemServerTiming( 718): getInt-ALLOW_USER_SWITCHING_WHEN_SYSTEM_USER_LOCKED
05-30 16:52:58.059 D/SystemServerTiming( 718): isUserUnlocked-USER_SYSTEM
05-30 16:52:58.065 D/SystemServerTiming( 718): getUserSwitchability-0
05-30 16:52:58.065 D/SystemServerTiming( 718): TM.isInCall
05-30 16:52:58.065 D/SystemServerTiming( 718): hasUserRestriction-DISALLOW_USER_SWITCH
05-30 16:52:58.065 D/SystemServerTiming( 718): getInt-ALLOW_USER_SWITCHING_WHEN_SYSTEM_USER_LOCKED
05-30 16:52:58.065 D/SystemServerTiming( 718): isUserUnlocked-USER_SYSTEM
05-30 16:52:58.068 D/SystemServerTiming( 718): getUserSwitchability-0
05-30 16:52:58.068 D/SystemServerTiming( 718): TM.isInCall
05-30 16:52:58.070 D/SystemServerTiming( 718): hasUserRestriction-DISALLOW_USER_SWITCH
05-30 16:52:58.070 D/SystemServerTiming( 718): getInt-ALLOW_USER_SWITCHING_WHEN_SYSTEM_USER_LOCKED
05-30 16:52:58.070 D/SystemServerTiming( 718): isUserUnlocked-USER_SYSTEM
05-30 16:52:58.072 D/SystemServerTiming( 718): getUserSwitchability-0
05-30 16:52:58.072 D/SystemServerTiming( 718): TM.isInCall
05-30 16:52:58.072 D/SystemServerTiming( 718): hasUserRestriction-DISALLOW_USER_SWITCH
05-30 16:52:58.072 D/SystemServerTiming( 718): getInt-ALLOW_USER_SWITCHING_WHEN_SYSTEM_USER_LOCKED
05-30 16:52:58.072 D/SystemServerTiming( 718): isUserUnlocked-USER_SYSTEM
05-30 16:52:58.139 D/CompatibilityChangeReporter( 718): Compat change id reported: 168419799; UID 10029; state: DISABLED
05-30 16:52:58.140 D/CompatibilityChangeReporter( 718): Compat change id reported: 273564678; UID 10029; state: DISABLED
05-30 16:52:58.146 D/CompatibilityChangeReporter( 718): Compat change id reported: 265195908; UID 10029; state: ENABLED
05-30 16:52:58.179 D/CompatibilityChangeReporter( 718): Compat change id reported: 170503758; UID 10029; state: ENABLED
05-30 16:52:58.621 W/ActivityThread( 1477): Failed to find provider info for media (user not unlocked)
05-30 16:52:58.706 D/CompatibilityChangeReporter( 718): Compat change id reported: 265464455; UID 10074; state: DISABLED
05-30 16:52:58.707 D/CompatibilityChangeReporter( 718): Compat change id reported: 265452344; UID 10074; state: DISABLED
05-30 16:52:58.708 D/CompatibilityChangeReporter( 718): Compat change id reported: 266124927; UID 10074; state: DISABLED
05-30 16:52:58.708 D/CompatibilityChangeReporter( 718): Compat change id reported: 265451093; UID 10074; state: DISABLED
05-30 16:52:58.708 D/CompatibilityChangeReporter( 718): Compat change id reported: 265456536; UID 10074; state: DISABLED
05-30 16:52:58.709 D/CompatibilityChangeReporter( 718): Compat change id reported: 255940284; UID 10074; state: DISABLED
05-30 16:52:58.709 D/CompatibilityChangeReporter( 718): Compat change id reported: 236283604; UID 10074; state: DISABLED
05-30 16:52:58.709 D/CompatibilityChangeReporter( 718): Compat change id reported: 263959004; UID 10074; state: DISABLED
05-30 16:52:58.710 D/CompatibilityChangeReporter( 718): Compat change id reported: 264304459; UID 10074; state: DISABLED
05-30 16:52:58.710 D/CompatibilityChangeReporter( 718): Compat change id reported: 264301586; UID 10074; state: DISABLED
05-30 16:52:58.710 D/CompatibilityChangeReporter( 718): Compat change id reported: 254631730; UID 10074; state: DISABLED
05-30 16:52:58.711 D/CompatibilityChangeReporter( 718): Compat change id reported: 273509367; UID 10074; state: DISABLED
05-30 16:52:58.711 D/CompatibilityChangeReporter( 718): Compat change id reported: 263259275; UID 10074; state: DISABLED
05-30 16:52:58.711 D/CompatibilityChangeReporter( 718): Compat change id reported: 174042980; UID 10074; state: DISABLED
05-30 16:52:58.711 D/CompatibilityChangeReporter( 718): Compat change id reported: 174042936; UID 10074; state: DISABLED
05-30 16:52:58.712 D/CompatibilityChangeReporter( 718): Compat change id reported: 181136395; UID 10074; state: DISABLED
05-30 16:52:58.718 D/CompatibilityChangeReporter( 718): Compat change id reported: 194480991; UID 10074; state: ENABLED
05-30 16:52:58.723 D/CompatibilityChangeReporter( 718): Compat change id reported: 184838306; UID 10074; state: DISABLED
05-30 16:52:58.724 W/Looper ( 718): Slow dispatch took 1435ms main h=android.app.ActivityThread$H c=android.app.LoadedApk$ReceiverDispatcher$Args$$ExternalSyntheticLambda0@5c80403 m=0
05-30 16:52:58.724 D/CompatibilityChangeReporter( 718): Compat change id reported: 185004937; UID 10074; state: DISABLED
05-30 16:52:58.732 I/ActivityTaskManager( 718): START u0 {act=android.content.pm.action.REQUEST_PERMISSIONS pkg=com.android.permissioncontroller cmp=com.android.permissioncontroller/.permission.ui.GrantPermissionsActivity (has extras)} with LAUNCH_MULTIPLE from uid 10029 (BAL_ALLOW_ALLOWLISTED_COMPONENT) result code=0
05-30 16:52:58.732 D/HDMI ( 718): settings onchange soundbar_mode to false
05-30 16:52:58.732 D/HDMI ( 718): soundbar mode settings changes to 0
05-30 16:52:58.732 D/HDMI ( 718): Updating CEC setting 'soundbar_mode' to '0'.
05-30 16:52:58.732 D/HDMI ( 718): Setting 'soundbar_mode' shared pref.
05-30 16:52:58.752 D/HDMI ( 718): settings onchange soundbar_mode to false
05-30 16:52:58.752 D/HDMI ( 718): soundbar mode settings changes to 0
05-30 16:52:58.752 D/HDMI ( 718): Updating CEC setting 'soundbar_mode' to '0'.
05-30 16:52:58.752 D/HDMI ( 718): Setting 'soundbar_mode' shared pref.
05-30 16:52:58.756 I/AutofillManagerService( 718): Updating for user 0: disabled=false
05-30 16:52:58.774 D/HDMI ( 718): receive android.intent.action.CONFIGURATION_CHANGED
05-30 16:52:58.776 I/DisplayDeviceRepository( 718): Display device changed: DisplayDeviceInfo{"内置屏幕": uniqueId="local:4616277992360486155", 3840 x 2160, modeId 3, renderFrameRate 59.94006, defaultModeId 3, supportedModes [{id=1, width=1920, height=1080, fps=119.88013, alternativeRefreshRates=[], supportedHdrTypes=[2, 3]}, {id=2, width=1920, height=1080, fps=120.00001, alternativeRefreshRates=[], supportedHdrTypes=[2, 3]}, {id=3, width=3840, height=2160, fps=59.94006, alternativeRefreshRates=[], supportedHdrTypes=[2, 3]}, {id=4, width=3840, height=2160, fps=60.000004, alternativeRefreshRates=[], supportedHdrTypes=[2, 3]}, {id=5, width=3840, height=2160, fps=50.0, alternativeRefreshRates=[], supportedHdrTypes=[2, 3]}, {id=6, width=3840, height=2160, fps=29.97003, alternativeRefreshRates=[], supportedHdrTypes=[2, 3]}, {id=7, width=3840, height=2160, fps=30.000002, alternativeRefreshRates=[], supportedHdrTypes=[2, 3]}, {id=8, width=3840, height=2160, fps=25.0, alternativeRefreshRates=[], supportedHdrTypes=[2, 3]}, {id=9, width=3840, height=2160, fps=23.976025, alternativeRefreshRates=[], supportedHdrTypes=[2, 3]}, {id=10, width=3840, height=2160, fps=24.000002, alternativeRefreshRates=[], supportedHdrTypes=[2, 3]}, {id=11, width=1920, height=1080, fps=100.0, alternativeRefreshRates=[], supportedHdrTypes=[2, 3]}, {id=12, width=1920, height=1080, fps=59.94006, alternativeRefreshRates=[], supportedHdrTypes=[2, 3]}, {id=13, width=1920, height=1080, fps=60.000004, alternativeRefreshRates=[], supportedHdrTypes=[2, 3]}, {id=14, width=1920, height=1080, fps=50.0, alternativeRefreshRates=[], supportedHdrTypes=[2, 3]}, {id=15, width=1920, height=1080, fps=29.97003, alternativeRefreshRates=[], supportedHdrTypes=[2, 3]}, {id=16, width=1920, height=1080, fps=30.000002, alternativeRefreshRates=[], supportedHdrTypes=[2, 3]}, {id=17, width=1920, height=1080, fps=25.0, alternativeRefreshRates=[], supportedHdrTypes=[2, 3]}, {id=18, width=1920, height=1080, fps=23.976025, alternativeRefreshRates=[], supportedHdrTypes=[2, 3]}, {id=19, width=1920, height=1080, fps=24.000002, alternativeRefreshRates=[], supportedHdrTypes=[2, 3]}, {id=20, width=1280, height=720, fps=59.94006, alternativeRefreshRates=[], supportedHdrTypes=[2, 3]}, {id=21, width=1280, height=720, fps=60.000004, alternativeRefreshRates=[], supportedHdrTypes=[2, 3]}, {id=22, width=1280, height=720, fps=50.0, alternativeRefreshRates=[], supportedHdrTypes=[2, 3]}], colorMode 0, supportedColorModes [0], hdrCapabilities HdrCapabilities{mSupportedHdrTypes=[2, 3], mMaxLuminance=500.0, mMaxAverageLuminance=500.0, mMinLuminance=0.0}, allmSupported true, gameContentTypeSupported false, density 480, 84.813 x 84.406 dpi, appVsyncOff 2000000, presDeadline 13683333, touch INTERNAL, rotation 0, type INTERNAL, address {port=11, model=0x401050603f19a5}, deviceProductInfo DeviceProductInfo{name=Dangbei , manufacturerPnpId=DBP, productId=48, modelYear=null, manufactureDate=ManufactureDate{week=10, year=2014}, connectionToSinkType=2}, state ON, committedState ON, frameRateOverride , brightnessMinimum 0.0, brightnessMaximum 1.0, brightnessDefault 0.39763778, hdrSdrRatio NaN, FLAG_ALLOWED_TO_BE_DEFAULT_DISPLAY, FLAG_ROTATES_WITH_CONTENT, FLAG_SECURE, FLAG_SUPPORTS_PROTECTED_BUFFERS, FLAG_TRUSTED, installOrientation 0, displayShape DisplayShape{ spec=-545313861 displayWidth=3840 displayHeight=2160 physicalPixelDisplaySizeRatio=1.0 rotation=0 offsetX=0 offsetY=0 scale=1.0}}
05-30 16:52:58.798 D/CompatibilityChangeReporter( 718): Compat change id reported: 135634846; UID 10026; state: DISABLED
05-30 16:52:58.798 D/CompatibilityChangeReporter( 718): Compat change id reported: 177438394; UID 10026; state: DISABLED
05-30 16:52:58.799 D/CompatibilityChangeReporter( 718): Compat change id reported: 135772972; UID 10026; state: DISABLED
05-30 16:52:58.799 D/CompatibilityChangeReporter( 718): Compat change id reported: 135754954; UID 10026; state: ENABLED
05-30 16:52:58.800 D/CompatibilityChangeReporter( 718): Compat change id reported: 143937733; UID 10026; state: ENABLED
05-30 16:52:58.800 W/ActivityManager( 718): com.android.providers.tv inode == 0 (b/152760674)
05-30 16:52:58.823 I/ActivityManager( 718): Start proc 1539:com.android.providers.tv/u0a26 for broadcast {com.android.providers.tv/com.android.providers.tv.PackageChangedReceiver}
05-30 16:52:58.869 D/CompatibilityChangeReporter( 718): Compat change id reported: 168419799; UID 10026; state: DISABLED
05-30 16:52:58.870 D/CompatibilityChangeReporter( 718): Compat change id reported: 273564678; UID 10026; state: DISABLED
05-30 16:52:58.876 D/CompatibilityChangeReporter( 718): Compat change id reported: 265195908; UID 10026; state: ENABLED
05-30 16:52:58.894 W/BroadcastLoopers( 718): Found previously unknown looper Thread[android.bg,5,main]
05-30 16:52:58.905 D/CompatibilityChangeReporter( 718): Compat change id reported: 170503758; UID 10026; state: ENABLED
05-30 16:52:58.908 W/BroadcastLoopers( 718): Found previously unknown looper Thread[BluetoothManagerService,5,main]
05-30 16:52:58.909 W/VoiceInteractionManager( 718): no available voice recognition services found for user 0
05-30 16:52:58.919 D/CompatibilityChangeReporter( 718): Compat change id reported: 218493289; UID 10029; state: DISABLED
05-30 16:52:58.923 D/CompatibilityChangeReporter( 718): Compat change id reported: 161145287; UID 10029; state: DISABLED
05-30 16:52:58.973 D/HDMI ( 718): soundbar mode is changed to false
05-30 16:52:58.974 W/HdmiControlService( 718): Device type not compatible to change soundbar mode.
05-30 16:52:58.974 D/HDMI ( 718): soundbar mode is changed to false
05-30 16:52:58.974 W/HdmiControlService( 718): Device type not compatible to change soundbar mode.
05-30 16:52:59.226 W/Looper ( 718): Drained
05-30 16:52:59.230 W/ActivityTaskManager( 718): Activity top resumed state loss timeout for ActivityRecord{c7c51de u0 com.dangbei.hqguide/.main.MainActivity t3}
05-30 16:52:59.231 W/ActivityTaskManager( 718): Activity pause timeout for ActivityRecord{c7c51de u0 com.dangbei.hqguide/.main.MainActivity t3}
05-30 16:52:59.339 D/WindowManagerShell( 1131): TvPipController: onTaskStackChanged()
05-30 16:52:59.397 W/WindowManager( 718): [addWindow] title:com.android.permissioncontroller/com.android.permissioncontroller.permission.ui.GrantPermissionsActivity
05-30 16:52:59.397 D/CompatibilityChangeReporter( 718): Compat change id reported: 168419799; UID 10074; state: DISABLED
05-30 16:52:59.398 D/CompatibilityChangeReporter( 718): Compat change id reported: 273564678; UID 10074; state: DISABLED
05-30 16:52:59.408 D/CompatibilityChangeReporter( 718): Compat change id reported: 197654537; UID 10029; state: ENABLED
05-30 16:52:59.418 D/CoreBackPreview( 718): Window{ec36c97 u0 com.android.permissioncontroller/com.android.permissioncontroller.permission.ui.GrantPermissionsActivity}: Setting back callback OnBackInvokedCallbackInfo{mCallback=android.window.IOnBackInvokedCallback$Stub$Proxy@2d30625, mPriority=0, mIsAnimationCallback=false}
05-30 16:52:59.465 D/ActivityThread( 1322): Loading provider com.android.bluetooth.opp: com.android.bluetooth.opp.BluetoothOppProvider
05-30 16:52:59.528 W/ContextImpl( 718): Calling a method in the system process without a qualified user: android.app.ContextImpl.startService:1899 com.android.server.wm.DisplayPolicy.lambda$focusChangedLw$5:2126 com.android.server.wm.DisplayPolicy.$r8$lambda$Znxk63oh-WzVnzo_WQefN7uxV48:0 com.android.server.wm.DisplayPolicy$$ExternalSyntheticLambda13.run:0 android.os.Handler.handleCallback:958
05-30 16:52:59.528 W/ActivityManager( 718): Unable to start service Intent { cmp=com.oranth.ledstatus/.LedStatusService } U=0: not found
05-30 16:52:59.658 W/WindowManager( 718): Failed looking up window session=Session{c2e2210 1477:u0a10029} callers=com.android.server.wm.WindowManagerService.windowForClientLocked:6075 com.android.server.wm.Session.updateRequestedVisibleTypes:695 android.view.IWindowSession$Stub.onTransact:1034
05-30 16:52:59.658 W/WindowManager( 718): [addWindow] title:com.dangbei.hqguide/com.dangbei.hqguide.main.MainActivity
05-30 16:52:59.660 D/CompatibilityChangeReporter( 718): Compat change id reported: 168419799; UID 10029; state: DISABLED
05-30 16:52:59.660 D/CompatibilityChangeReporter( 718): Compat change id reported: 273564678; UID 10029; state: DISABLED
05-30 16:52:59.832 D/CoreBackPreview( 718): Window{a4d34c5 u0 com.dangbei.hqguide/com.dangbei.hqguide.main.MainActivity}: Setting back callback OnBackInvokedCallbackInfo{mCallback=android.window.IOnBackInvokedCallback$Stub$Proxy@9871b9c, mPriority=0, mIsAnimationCallback=false}
05-30 16:52:59.953 D/WindowManagerShell( 1131): TvPipController: onTaskStackChanged()
05-30 16:52:59.973 D/AudioService( 718): setWiredDeviceConnectionState( type:400 state:DEVICE_STATE_UNAVAILABLE addr: name:) from android
05-30 16:52:59.974 I/AS.AudioDeviceInventory( 718): handleDeviceConnection(false dev:400 address: name:)
05-30 16:52:59.974 I/AS.AudioDeviceInventory( 718): deviceKey:0x400:
05-30 16:52:59.975 I/AS.AudioDeviceInventory( 718): deviceInfo:[DeviceInfo: type:0x400 (hdmi) name: addr: codec: 0 sensorUuid: null disabled modes: {}] is(already)Connected:true
05-30 16:52:59.999 W/ContextImpl( 718): Calling a method in the system process without a qualified user: android.app.ContextImpl.startService:1899 com.android.server.wm.DisplayPolicy.lambda$focusChangedLw$5:2126 com.android.server.wm.DisplayPolicy.$r8$lambda$Znxk63oh-WzVnzo_WQefN7uxV48:0 com.android.server.wm.DisplayPolicy$$ExternalSyntheticLambda13.run:0 android.os.Handler.handleCallback:958
05-30 16:53:00.000 W/ActivityManager( 718): Unable to start service Intent { cmp=com.oranth.ledstatus/.LedStatusService } U=0: not found
05-30 16:53:00.054 I/AS.AudioDeviceInventory( 718): sendDeviceConnectionIntent(dev:0x400 state:0x0 address: name:);
05-30 16:53:00.057 D/AudioService( 718): setWiredDeviceConnectionState( type:400 state:DEVICE_STATE_AVAILABLE addr: name:) from android
05-30 16:53:00.058 I/AS.AudioDeviceInventory( 718): handleDeviceConnection(true dev:400 address: name:)
05-30 16:53:00.058 I/AS.AudioDeviceInventory( 718): deviceKey:0x400:
05-30 16:53:00.058 I/AS.AudioDeviceInventory( 718): deviceInfo:null is(already)Connected:false
05-30 16:53:00.169 V/WindowManager( 718): Sent Transition #0 createdAt=05-30 16:52:55.744
05-30 16:53:00.169 V/WindowManager( 718): startWCT=WindowContainerTransaction { changes = {} hops = [] errorCallbackToken=null taskFragmentOrganizer=null }
05-30 16:53:00.169 V/WindowManager( 718): info=null
05-30 16:53:00.184 V/WindowManager( 718): Finish Transition #0: created at
05-30 16:52:55.744 collect-started=0.353ms request-sent=29.031ms started=31.503ms ready=4105.177ms sent=4422.826ms finished=4438.834ms
05-30 16:53:00.219 D/CoreBackPreview( 718): Window{ec36c97 u0 com.android.permissioncontroller/com.android.permissioncontroller.permission.ui.GrantPermissionsActivity}: Setting back callback null
05-30 16:53:00.522 I/AS.AudioDeviceInventory( 718): sendDeviceConnectionIntent(dev:0x400 state:0x1 address: name:);
05-30 16:53:00.637 D/ActivityManagerTiming( 718): FinishBooting
05-30 16:53:00.639 D/WindowManager( 718): updateCecScreenStatus 0
05-30 16:53:00.639 D/HDMI ( 718): setCecSettingIntValue name:cec_screen_state, value:0
05-30 16:53:00.640 I/HDMI ( 718): screen state is changing to 0
05-30 16:53:00.645 D/OomAdjuster( 718): Not killing cached processes
05-30 16:53:00.802 D/ActivityManagerTiming( 718): FinishBooting
05-30 16:53:00.805 I/ActivityManager( 718): About to commit checkpoint
05-30 16:53:00.806 I/SystemServiceManager( 718): Starting phase 1000
05-30 16:53:00.806 D/ActivityManagerTiming( 718): OnBootPhase_1000
05-30 16:53:00.806 D/ActivityManagerTiming( 718): OnBootPhase_1000_com.android.server.security.FileIntegrityService
05-30 16:53:00.806 D/ActivityManagerTiming( 718): OnBootPhase_1000_com.android.server.pm.Installer
05-30 16:53:00.806 D/ActivityManagerTiming( 718): OnBootPhase_1000_com.android.server.os.DeviceIdentifiersPolicyService
05-30 16:53:00.806 D/ActivityManagerTiming( 718): OnBootPhase_1000_com.android.server.flags.FeatureFlagsService
05-30 16:53:00.806 D/ActivityManagerTiming( 718): OnBootPhase_1000_com.android.server.uri.UriGrantsManagerService$Lifecycle
05-30 16:53:00.806 D/ActivityManagerTiming( 718): OnBootPhase_1000_com.android.server.powerstats.PowerStatsService
05-30 16:53:00.806 E/PowerStatsService( 718): Failed to start PowerStatsService loggers
05-30 16:53:00.806 D/ActivityManagerTiming( 718): OnBootPhase_1000_com.android.server.permission.access.AccessCheckingService
05-30 16:53:00.807 D/ActivityManagerTiming( 718): OnBootPhase_1000_com.android.server.wm.ActivityTaskManagerService$Lifecycle
05-30 16:53:00.807 D/ActivityManagerTiming( 718): OnBootPhase_1000_com.android.server.am.ActivityManagerService$Lifecycle
05-30 16:53:00.807 D/ActivityManagerTiming( 718): OnBootPhase_1000_com.android.server.pm.DataLoaderManagerService
05-30 16:53:00.807 D/ActivityManagerTiming( 718): OnBootPhase_1000_com.android.server.power.PowerManagerService
05-30 16:53:00.808 D/ActivityManagerTiming( 718): OnBootPhase_1000_com.android.server.power.ThermalManagerService
05-30 16:53:00.808 D/ActivityManagerTiming( 718): OnBootPhase_1000_com.android.server.power.hint.HintManagerService
05-30 16:53:00.809 I/DisplayBrightnessStrategySelector( 718): Changing the DisplayBrightnessStrategy from OverrideBrightnessStrategy toInvalidBrightnessStrategy for display 0
05-30 16:53:00.809 D/ActivityManagerTiming( 718): OnBootPhase_1000_com.android.server.recoverysystem.RecoverySystemService$Lifecycle
05-30 16:53:00.809 D/ActivityManagerTiming( 718): OnBootPhase_1000_com.android.server.lights.LightsService
05-30 16:53:00.809 D/ActivityManagerTiming( 718): OnBootPhase_1000_com.android.server.display.DisplayManagerService
05-30 16:53:00.809 I/LogicalDisplayMapper( 718): Requesting Transition to state: 0, from state=-1, interactive=true, mBootCompleted=true
05-30 16:53:00.810 I/LogicalDisplayMapper( 718): Applying layout: [{dispId: 0(ON), displayGroupName: , addr: {port=11, model=0x401050603f19a5}, mThermalBrightnessThrottlingMapId: null, mRefreshRateZoneId: null, mLeadDisplayId: -1, mLeadDisplayAddress: null, mThermalRefreshRateThrottlingMapId: null}], Previous layout: [{dispId: 0(ON), displayGroupName: , addr: {port=11, model=0x401050603f19a5}, mThermalBrightnessThrottlingMapId: null, mRefreshRateZoneId: null, mLeadDisplayId: -1, mLeadDisplayAddress: null, mThermalRefreshRateThrottlingMapId: null}]
05-30 16:53:00.810 D/ActivityManagerTiming( 718): OnBootPhase_1000_com.android.server.pm.verify.domain.DomainVerificationService
05-30 16:53:00.810 D/ActivityManagerTiming( 718): OnBootPhase_1000_com.android.server.pm.PackageInstallerService$Lifecycle
05-30 16:53:00.810 D/ActivityManagerTiming( 718): OnBootPhase_1000_com.android.server.pm.UserManagerService$LifeCycle
05-30 16:53:00.810 D/ActivityManagerTiming( 718): OnBootPhase_1000_com.android.server.om.OverlayManagerService
05-30 16:53:00.810 D/ActivityManagerTiming( 718): OnBootPhase_1000_com.android.server.resources.ResourcesManagerService
05-30 16:53:00.810 D/ActivityManagerTiming( 718): OnBootPhase_1000_com.android.server.sensorprivacy.SensorPrivacyService
05-30 16:53:00.810 D/ActivityManagerTiming( 718): OnBootPhase_1000_com.android.server.sensors.SensorService
05-30 16:53:00.810 D/ActivityManagerTiming( 718): OnBootPhase_1000_com.android.server.SystemConfigService
05-30 16:53:00.810 D/ActivityManagerTiming( 718): OnBootPhase_1000_com.android.server.BatteryService
05-30 16:53:00.810 D/ActivityManagerTiming( 718): OnBootPhase_1000_com.android.server.usage.UsageStatsService
05-30 16:53:00.810 V/DisplayPowerController2[0]( 718): Brightness [0.39763778] reason changing to: 'manual', previous reason: 'override'.
05-30 16:53:00.810 I/DisplayPowerController2[0]( 718): BrightnessEvent: disp=0, physDisp=local:4616277992360486155, brt=0.39763778, initBrt=0.39763778, rcmdBrt=NaN, preBrt=NaN, lux=0.0, preLux=0.0, hbmMax=1.0, hbmMode=off, rbcStrength=0, thrmMax=1.0, powerFactor=1.0, wasShortTermModelActive=false, flags=, reason=manual, autoBrightness=false, strategy=InvalidBrightnessStrategy
05-30 16:53:00.811 D/ActivityManagerTiming( 718): OnBootPhase_1000_com.android.server.webkit.WebViewUpdateService
05-30 16:53:00.811 D/ActivityManagerTiming( 718): OnBootPhase_1000_com.android.server.CachedDeviceStateService
05-30 16:53:00.811 D/ActivityManagerTiming( 718): OnBootPhase_1000_com.android.server.BinderCallsStatsService$LifeCycle
05-30 16:53:00.811 D/ActivityManagerTiming( 718): OnBootPhase_1000_com.android.server.LooperStatsService$Lifecycle
05-30 16:53:00.811 D/ActivityManagerTiming( 718): OnBootPhase_1000_com.android.server.rollback.RollbackManagerService
05-30 16:53:00.812 D/ActivityManagerTiming( 718): OnBootPhase_1000_com.android.server.os.NativeTombstoneManagerService
05-30 16:53:00.812 D/ActivityManagerTiming( 718): OnBootPhase_1000_com.android.server.os.BugreportManagerService
05-30 16:53:00.812 D/ActivityManagerTiming( 718): OnBootPhase_1000_com.android.server.gpu.GpuService
05-30 16:53:00.812 D/ActivityManagerTiming( 718): OnBootPhase_1000_com.android.server.security.rkp.RemoteProvisioningService
05-30 16:53:00.812 D/ActivityManagerTiming( 718): OnBootPhase_1000_com.android.server.security.KeyChainSystemService
05-30 16:53:00.812 D/ActivityManagerTiming( 718): OnBootPhase_1000_com.android.server.BinaryTransparencyService
05-30 16:53:00.812 I/TransparencyService( 718): Boot completed. Getting VBMeta Digest.
05-30 16:53:00.812 D/TransparencyService( 718): VBMeta Digest: c8117efe3935fd70d0a72f8856568e037153c86b0dc46a0f5244de999894ebc3
05-30 16:53:00.812 I/TransparencyService( 718): Boot completed. Collecting biometric system properties.
05-30 16:53:00.813 I/TransparencyService( 718): Scheduling measurements to be taken.
05-30 16:53:00.813 I/TransparencyService( 718): Scheduling binary content-digest computation job
05-30 16:53:00.814 D/RollbackManager( 718): mRollbackLifetimeDurationInMillis=1209600000
05-30 16:53:00.817 D/TransparencyService( 718): Job 1740526926 to measure binaries was scheduled successfully.
05-30 16:53:00.817 D/TransparencyService( 718): Registering APK & Non-Staged APEX updates...
05-30 16:53:00.817 D/TransparencyService( 718): Registering APEX updates...
05-30 16:53:00.818 D/AppStandbyController( 718): Loaded headless system app cache in 4 ms: appIdleEnabled=true
05-30 16:53:00.818 D/ActivityManagerTiming( 718): OnBootPhase_1000_com.android.server.accounts.AccountManagerService$Lifecycle
05-30 16:53:00.818 D/ActivityManagerTiming( 718): OnBootPhase_1000_com.android.server.content.ContentService$Lifecycle
05-30 16:53:00.818 D/ActivityManagerTiming( 718): OnBootPhase_1000_com.android.server.deviceconfig.DeviceConfigInit$Lifecycle
05-30 16:53:00.819 D/ActivityManagerTiming( 718): OnBootPhase_1000_com.android.server.DropBoxManagerService
05-30 16:53:00.819 D/ActivityManagerTiming( 718): OnBootPhase_1000_com.android.role.RoleService
05-30 16:53:00.819 D/ActivityManagerTiming( 718): OnBootPhase_1000_com.android.server.vibrator.VibratorManagerService$Lifecycle
05-30 16:53:00.819 D/ActivityManagerTiming( 718): OnBootPhase_1000_com.android.server.tare.InternalResourceService
05-30 16:53:00.819 D/ActivityManagerTiming( 718): OnBootPhase_1000_com.android.server.alarm.AlarmManagerService
05-30 16:53:00.819 D/ActivityManagerTiming( 718): OnBootPhase_1000_com.android.server.devicestate.DeviceStateManagerService
05-30 16:53:00.819 D/ActivityManagerTiming( 718): OnBootPhase_1000_com.android.server.camera.CameraServiceProxy
05-30 16:53:00.820 D/ActivityManagerTiming( 718): OnBootPhase_1000_com.android.server.bluetooth.BluetoothService
05-30 16:53:00.820 D/ActivityManagerTiming( 718): OnBootPhase_1000_com.android.server.connectivity.IpConnectivityMetrics
05-30 16:53:00.820 D/ActivityManagerTiming( 718): OnBootPhase_1000_com.android.server.net.watchlist.NetworkWatchlistService$Lifecycle
05-30 16:53:00.820 D/ActivityManagerTiming( 718): OnBootPhase_1000_com.android.server.PinnerService
05-30 16:53:00.820 D/ActivityManagerTiming( 718): OnBootPhase_1000_com.android.server.integrity.AppIntegrityManagerService
05-30 16:53:00.820 D/ActivityManagerTiming( 718): OnBootPhase_1000_com.android.server.logcat.LogcatManagerService
05-30 16:53:00.820 D/ActivityManagerTiming( 718): OnBootPhase_1000_com.android.server.inputmethod.InputMethodManagerService$Lifecycle
05-30 16:53:00.820 D/ActivityManagerTiming( 718): OnBootPhase_1000_com.android.server.accessibility.AccessibilityManagerService$Lifecycle
05-30 16:53:00.820 D/ActivityManagerTiming( 718): OnBootPhase_1000_com.android.server.StorageManagerService$Lifecycle
05-30 16:53:00.820 D/ActivityManagerTiming( 718): OnBootPhase_1000_com.android.server.usage.StorageStatsService$Lifecycle
05-30 16:53:00.821 D/ActivityManagerTiming( 718): OnBootPhase_1000_com.android.server.UiModeManagerService
05-30 16:53:00.821 D/ActivityManagerTiming( 718): OnBootPhase_1000_com.android.server.locales.LocaleManagerService
05-30 16:53:00.821 D/ActivityManagerTiming( 718): OnBootPhase_1000_com.android.server.grammaticalinflection.GrammaticalInflectionService
05-30 16:53:00.821 D/ActivityManagerTiming( 718): OnBootPhase_1000_com.android.server.apphibernation.AppHibernationService
05-30 16:53:00.821 D/StorageManagerService( 718): Thinking about reset, mBootCompleted=true, mDaemonConnected=true
05-30 16:53:00.821 I/StorageSessionController( 718): Started resetting external storage service...
05-30 16:53:00.821 I/StorageSessionController( 718): Finished resetting external storage service
05-30 16:53:00.821 I/StorageManagerService( 718): Resetting vold...
05-30 16:53:00.821 D/ActivityManagerTiming( 718): OnBootPhase_1000_com.android.server.locksettings.LockSettingsService$Lifecycle
05-30 16:53:00.821 D/ActivityManagerTiming( 718): OnBootPhase_1000_com.android.server.PersistentDataBlockService
05-30 16:53:00.821 D/ActivityManagerTiming( 718): OnBootPhase_1000_com.android.server.testharness.TestHarnessModeService
05-30 16:53:00.821 D/TestHarnessModeService( 718): Completing Test Harness Mode setup.
05-30 16:53:00.822 I/HibernationStateDiskStore( 718): No hibernation file on disk for file /data/system/hibernation/states
05-30 16:53:00.822 I/StorageManagerService( 718): Reset vold
05-30 16:53:00.822 I/vold ( 247): onUserAdded: 0
05-30 16:53:00.827 D/CompatibilityChangeReporter( 718): Compat change id reported: 218533173; UID 10026; state: ENABLED
05-30 16:53:00.827 D/CompatibilityChangeReporter( 718): Compat change id reported: 262645982; UID 10026; state: ENABLED
05-30 16:53:00.833 D/CompatibilityChangeReporter( 718): Compat change id reported: 218533173; UID 10029; state: DISABLED
05-30 16:53:00.833 D/CompatibilityChangeReporter( 718): Compat change id reported: 262645982; UID 10029; state: DISABLED
05-30 16:53:00.848 D/ActivityManagerTiming( 718): OnBootPhase_1000_com.android.server.oemlock.OemLockService
05-30 16:53:00.848 D/ActivityManagerTiming( 718): OnBootPhase_1000_com.android.server.DeviceIdleController
05-30 16:53:00.848 D/ActivityManagerTiming( 718): OnBootPhase_1000_com.android.server.devicepolicy.DevicePolicyManagerService$Lifecycle
05-30 16:53:00.848 D/ActivityManagerTiming( 718): OnBootPhase_1000_com.android.server.texttospeech.TextToSpeechManagerService
05-30 16:53:00.848 D/ActivityManagerTiming( 718): OnBootPhase_1000_com.android.server.ambientcontext.AmbientContextManagerService
05-30 16:53:00.848 D/ActivityManagerTiming( 718): OnBootPhase_1000_com.android.server.wearable.WearableSensingManagerService
05-30 16:53:00.848 D/ActivityManagerTiming( 718): OnBootPhase_1000_com.android.server.speech.SpeechRecognitionManagerService
05-30 16:53:00.848 D/ActivityManagerTiming( 718): OnBootPhase_1000_com.android.server.searchui.SearchUiManagerService
05-30 16:53:00.848 D/ActivityManagerTiming( 718): OnBootPhase_1000_com.android.server.smartspace.SmartspaceManagerService
05-30 16:53:00.848 D/ActivityManagerTiming( 718): OnBootPhase_1000_com.android.server.graphics.fonts.FontManagerService$Lifecycle
05-30 16:53:00.848 D/ActivityManagerTiming( 718): OnBootPhase_1000_com.android.server.textservices.TextServicesManagerService$Lifecycle
05-30 16:53:00.848 D/ActivityManagerTiming( 718): OnBootPhase_1000_com.android.server.textclassifier.TextClassificationManagerService$Lifecycle
05-30 16:53:00.848 D/ActivityManagerTiming( 718): OnBootPhase_1000_com.android.server.NetworkScoreService$Lifecycle
05-30 16:53:00.848 D/ActivityManagerTiming( 718): OnBootPhase_1000_com.android.server.NetworkStatsServiceInitializer
05-30 16:53:00.848 D/ActivityManagerTiming( 718): OnBootPhase_1000_com.android.server.wifi.WifiService
05-30 16:53:00.848 D/ActivityManagerTiming( 718): OnBootPhase_1000_com.android.server.wifi.scanner.WifiScanningService
05-30 16:53:00.848 D/ActivityManagerTiming( 718): OnBootPhase_1000_com.android.server.wifi.p2p.WifiP2pService
05-30 16:53:00.848 D/ActivityManagerTiming( 718): OnBootPhase_1000_com.android.server.ConnectivityServiceInitializer
05-30 16:53:00.850 D/ActivityManagerTiming( 718): OnBootPhase_1000_com.android.server.notification.NotificationManagerService
05-30 16:53:00.850 D/ActivityManagerTiming( 718): OnBootPhase_1000_com.android.server.storage.DeviceStorageMonitorService
05-30 16:53:00.850 D/ActivityManagerTiming( 718): OnBootPhase_1000_com.android.server.timedetector.TimeDetectorService$Lifecycle
05-30 16:53:00.850 D/ActivityManagerTiming( 718): OnBootPhase_1000_com.android.server.location.LocationManagerService$Lifecycle
05-30 16:53:00.850 D/ActivityManagerTiming( 718): OnBootPhase_1000_com.android.server.timezonedetector.TimeZoneDetectorService$Lifecycle
05-30 16:53:00.850 D/ActivityManagerTiming( 718): OnBootPhase_1000_com.android.server.location.altitude.AltitudeService$Lifecycle
05-30 16:53:00.850 D/ActivityManagerTiming( 718): OnBootPhase_1000_com.android.server.timezonedetector.location.LocationTimeZoneManagerService$Lifecycle
05-30 16:53:00.850 D/ActivityManagerTiming( 718): OnBootPhase_1000_com.android.server.search.SearchManagerService$Lifecycle
05-30 16:53:00.850 D/ActivityManagerTiming( 718): OnBootPhase_1000_com.android.server.wallpaper.WallpaperManagerService$Lifecycle
05-30 16:53:00.851 D/ActivityManagerTiming( 718): OnBootPhase_1000_com.android.server.wallpapereffectsgeneration.WallpaperEffectsGenerationManagerService
05-30 16:53:00.851 D/ActivityManagerTiming( 718): OnBootPhase_1000_com.android.server.audio.AudioService$Lifecycle
05-30 16:53:00.851 D/ActivityManagerTiming( 718): OnBootPhase_1000_com.android.server.soundtrigger_middleware.SoundTriggerMiddlewareService$Lifecycle
05-30 16:53:00.851 D/ActivityManagerTiming( 718): OnBootPhase_1000_com.android.server.adb.AdbService$Lifecycle
05-30 16:53:00.851 D/ActivityManagerTiming( 718): OnBootPhase_1000_com.android.server.usb.UsbService$Lifecycle
05-30 16:53:00.851 D/ActivityManagerTiming( 718): OnBootPhase_1000_com.android.server.twilight.TwilightService
05-30 16:53:00.853 D/ActivityManagerTiming( 718): OnBootPhase_1000_com.android.server.display.color.ColorDisplayService
05-30 16:53:00.853 D/ActivityManagerTiming( 718): OnBootPhase_1000_com.android.server.job.JobSchedulerService
05-30 16:53:00.853 D/ActivityManagerTiming( 718): OnBootPhase_1000_com.android.server.soundtrigger.SoundTriggerService
05-30 16:53:00.853 D/SoundTriggerService( 718): onBootPhase: 1000 : false
05-30 16:53:00.854 D/ActivityManagerTiming( 718): OnBootPhase_1000_com.android.server.trust.TrustManagerService
05-30 16:53:00.854 I/UsbDeviceManager( 718): Setting USB config to
05-30 16:53:00.854 D/UsbDeviceManager( 718): setUsbConfig(4) request:1
05-30 16:53:00.855 D/ActivityManagerTiming( 718): OnBootPhase_1000_com.android.server.backup.BackupManagerService$Lifecycle
05-30 16:53:00.855 D/ActivityManagerTiming( 718): OnBootPhase_1000_com.android.server.appwidget.AppWidgetService
05-30 16:53:00.855 D/ActivityManagerTiming( 718): OnBootPhase_1000_com.android.server.voiceinteraction.VoiceInteractionManagerService
05-30 16:53:00.855 D/ActivityManagerTiming( 718): OnBootPhase_1000_com.android.server.GestureLauncherService
05-30 16:53:00.855 D/ActivityManagerTiming( 718): OnBootPhase_1000_com.android.server.SensorNotificationService
05-30 16:53:00.857 D/CompatibilityChangeReporter( 718): Compat change id reported: 168936375; UID 1000; state: ENABLED
05-30 16:53:00.858 D/CompatibilityChangeReporter( 718): Compat change id reported: 168936375; UID 1000; state: DISABLED
05-30 16:53:00.866 D/CompatibilityChangeReporter( 718): Compat change id reported: 73144566; UID 1000; state: ENABLED
05-30 16:53:00.867 D/CompatibilityChangeReporter( 718): Compat change id reported: 73144566; UID 1000; state: DISABLED
05-30 16:53:00.869 D/ActivityManagerTiming( 718): OnBootPhase_1000_com.android.server.emergency.EmergencyAffordanceService
05-30 16:53:00.869 D/ActivityManagerTiming( 718): OnBootPhase_1000_com.android.server.blob.BlobStoreManagerService
05-30 16:53:00.875 D/ActivityManagerTiming( 718): OnBootPhase_1000_com.android.server.dreams.DreamManagerService
05-30 16:53:00.875 D/ActivityManagerTiming( 718): OnBootPhase_1000_com.android.server.security.AttestationVerificationManagerService
05-30 16:53:00.875 D/ActivityManagerTiming( 718): OnBootPhase_1000_com.android.server.restrictions.RestrictionsManagerService
05-30 16:53:00.875 D/ActivityManagerTiming( 718): OnBootPhase_1000_com.android.server.media.MediaSessionService
05-30 16:53:00.877 D/ActivityManagerTiming( 718): OnBootPhase_1000_com.android.server.hdmi.HdmiControlService
05-30 16:53:00.877 D/ActivityManagerTiming( 718): OnBootPhase_1000_com.android.server.tv.interactive.TvInteractiveAppManagerService
05-30 16:53:00.878 D/ActivityManagerTiming( 718): OnBootPhase_1000_com.android.server.tv.TvInputManagerService
05-30 16:53:00.878 D/ActivityManagerTiming( 718): OnBootPhase_1000_com.android.server.media.MediaResourceMonitorService
05-30 16:53:00.878 I/HdmiControlService( 718): bootCompleted
05-30 16:53:00.878 D/ActivityManagerTiming( 718): OnBootPhase_1000_com.android.server.tv.TvRemoteService
05-30 16:53:00.878 D/ActivityManagerTiming( 718): OnBootPhase_1000_com.android.server.biometrics.BiometricService
05-30 16:53:00.878 D/ActivityManagerTiming( 718): OnBootPhase_1000_com.android.server.biometrics.AuthService
05-30 16:53:00.878 D/ActivityManagerTiming( 718): OnBootPhase_1000_com.android.server.pm.ShortcutService$Lifecycle
05-30 16:53:00.878 D/ActivityManagerTiming( 718): OnBootPhase_1000_com.android.server.pm.LauncherAppsService
05-30 16:53:00.878 D/ActivityManagerTiming( 718): OnBootPhase_1000_com.android.server.pm.CrossProfileAppsService
05-30 16:53:00.878 D/ActivityManagerTiming( 718): OnBootPhase_1000_com.android.server.people.PeopleService
05-30 16:53:00.878 D/ActivityManagerTiming( 718): OnBootPhase_1000_com.android.server.media.metrics.MediaMetricsManagerService
05-30 16:53:00.878 D/ActivityManagerTiming( 718): OnBootPhase_1000_com.android.server.pm.BackgroundInstallControlService
05-30 16:53:00.878 D/ActivityManagerTiming( 718): OnBootPhase_1000_com.android.server.media.projection.MediaProjectionManagerService
05-30 16:53:00.878 D/ActivityManagerTiming( 718): OnBootPhase_1000_com.android.server.slice.SliceManagerService$Lifecycle
05-30 16:53:00.878 D/ActivityManagerTiming( 718): OnBootPhase_1000_com.android.server.stats.StatsCompanion$Lifecycle
05-30 16:53:00.878 D/ActivityManagerTiming( 718): OnBootPhase_1000_com.android.server.scheduling.RebootReadinessManagerService$Lifecycle
