05-30 16:55:23.345 I/NU-AmNuPlayer( 637): int32_t encoder-padding = 0
05-30 16:55:23.345 I/NU-AmNuPlayer( 637): int32_t priority = 0
05-30 16:55:23.345 I/NU-AmNuPlayer( 637): }
05-30 16:55:23.345 W/AString ( 637): ctor got NULL, using empty string instead
05-30 16:55:23.345 I/NU-AmNuPlayerDecoder( 637): [#3] mPlayerInstanceId = 3
05-30 16:55:23.345 I/NU-AmNuPlayerDriver( 637): media.player.atrace.enable is 1
05-30 16:55:23.345 I/MessageMonitor( 637): NU-AmNuPlayerDecoder-audN MessageMonitor mDebugLevel 0, poll message us 30000000
05-30 16:55:23.345 I/NU-AmNuPlayer( 637): [#3] instantiateDecoder audio Decoder
05-30 16:55:23.346 I/NU-AmNuPlayerDecoder( 637): [#3] onConfigure format: AMessage(what = 0x00000000) = {
05-30 16:55:23.346 I/NU-AmNuPlayerDecoder( 637): string mime = "audio/mpeg"
05-30 16:55:23.346 I/NU-AmNuPlayerDecoder( 637): int64_t durationUs = 5616000
05-30 16:55:23.346 I/NU-AmNuPlayerDecoder( 637): int32_t bitrate = 24000
05-30 16:55:23.346 I/NU-AmNuPlayerDecoder( 637): int32_t channel-count = 1
05-30 16:55:23.346 I/NU-AmNuPlayerDecoder( 637): int32_t sample-rate = 16000
05-30 16:55:23.346 I/NU-AmNuPlayerDecoder( 637): int32_t encoder-delay = 576
05-30 16:55:23.346 I/NU-AmNuPlayerDecoder( 637): int32_t encoder-padding = 0
05-30 16:55:23.346 I/NU-AmNuPlayerDecoder( 637): int32_t priority = 0
05-30 16:55:23.346 I/NU-AmNuPlayerDecoder( 637): }
05-30 16:55:23.346 I/MessageMonitor( 637): ReadDataHandler MessageMonitor mDebugLevel 0, poll message us 30000000
05-30 16:55:23.348 D/CCodec ( 637): allocate(c2.android.mp3.decoder)
05-30 16:55:23.351 I/CCodec ( 637): setting up 'default' as default (vendor) store
05-30 16:55:23.353 I/CCodec ( 637): Created component [c2.android.mp3.decoder]
05-30 16:55:23.354 D/CCodecConfig( 637): read media type: audio/mpeg
05-30 16:55:23.356 D/ReflectedParamUpdater( 637): extent() != 1 for single value type: algo.buffers.max-count.values
05-30 16:55:23.357 D/ReflectedParamUpdater( 637): extent() != 1 for single value type: output.subscribed-indices.values
05-30 16:55:23.357 D/ReflectedParamUpdater( 637): extent() != 1 for single value type: input.buffers.allocator-ids.values
05-30 16:55:23.357 D/ReflectedParamUpdater( 637): extent() != 1 for single value type: output.buffers.allocator-ids.values
05-30 16:55:23.357 D/ReflectedParamUpdater( 637): extent() != 1 for single value type: algo.buffers.allocator-ids.values
05-30 16:55:23.357 D/ReflectedParamUpdater( 637): extent() != 1 for single value type: output.buffers.pool-ids.values
05-30 16:55:23.357 D/ReflectedParamUpdater( 637): extent() != 1 for single value type: algo.buffers.pool-ids.values
05-30 16:55:23.359 I/CCodecConfig( 637): query failed after returning 7 values (BAD_INDEX)
05-30 16:55:23.359 D/CCodecConfig( 637): c2 config diff is Dict {
05-30 16:55:23.359 D/CCodecConfig( 637): c2::u32 coded.bitrate.value = 64000
05-30 16:55:23.359 D/CCodecConfig( 637): c2::u32 input.buffers.max-size.value = 8192
05-30 16:55:23.359 D/CCodecConfig( 637): c2::u32 input.delay.value = 0
05-30 16:55:23.359 D/CCodecConfig( 637): string input.media-type.value = "audio/mpeg"
05-30 16:55:23.359 D/CCodecConfig( 637): string output.media-type.value = "audio/raw"
05-30 16:55:23.359 D/CCodecConfig( 637): c2::u32 raw.channel-count.value = 2
05-30 16:55:23.359 D/CCodecConfig( 637): c2::u32 raw.sample-rate.value = 44100
05-30 16:55:23.359 D/CCodecConfig( 637): }
05-30 16:55:23.361 I/NU-AmNuPlayerDecoder( 637): [#3] mComponentName c2.android.mp3.decoder
05-30 16:55:23.361 I/NU-AmNuPlayerRenderer( 637): [#3] audio source format 0x1
05-30 16:55:23.361 I/NU-AmNuPlayerDecoder( 637): sampleRate:16000
05-30 16:55:23.362 I/NU-AmNuPlayerDecoder( 637): [#3] is_passthrough_enable:0
05-30 16:55:23.362 I/NU-AmNuPlayerDecoder( 637): channel-count=1
05-30 16:55:23.362 I/NU-AmNuPlayerDecoder( 637): sample-rate=16000
05-30 16:55:23.362 I/NU-AmNuPlayerDecoder( 637): is_passthrough_enable=0
05-30 16:55:23.362 I/NU-AmNuPlayerDecoder( 637): extradata-size=0
05-30 16:55:23.362 I/MediaCodec( 637): MediaCodec will operate in async mode
05-30 16:55:23.362 D/MediaCodec( 637): flushMediametrics
05-30 16:55:23.362 D/CCodec ( 637): [c2.android.mp3.decoder] buffers are bound to CCodec for this session
05-30 16:55:23.362 D/CCodecConfig( 637): no c2 equivalents for durationUs
05-30 16:55:23.362 D/CCodecConfig( 637): no c2 equivalents for encoder-delay
05-30 16:55:23.362 D/CCodecConfig( 637): no c2 equivalents for encoder-padding
05-30 16:55:23.362 D/CCodecConfig( 637): no c2 equivalents for is_passthrough_enable
05-30 16:55:23.362 D/CCodecConfig( 637): no c2 equivalents for flags
05-30 16:55:23.364 D/CCodecConfig( 637): c2 config diff is c2::u32 coded.bitrate.value = 24000
05-30 16:55:23.364 D/CCodecConfig( 637): c2::u32 raw.channel-count.value = 1
05-30 16:55:23.364 D/CCodecConfig( 637): c2::u32 raw.sample-rate.value = 16000
05-30 16:55:23.364 W/Codec2Client( 637): query -- param skipped: index = 1107298332.
05-30 16:55:23.365 D/CCodec ( 637): encoding statistics level = 0
05-30 16:55:23.365 D/CCodec ( 637): setup formats input: AMessage(what = 0x00000000) = {
05-30 16:55:23.365 D/CCodec ( 637): int32_t bitrate = 24000
05-30 16:55:23.365 D/CCodec ( 637): int32_t channel-count = 1
05-30 16:55:23.365 D/CCodec ( 637): int32_t max-input-size = 8192
05-30 16:55:23.365 D/CCodec ( 637): string mime = "audio/mpeg"
05-30 16:55:23.365 D/CCodec ( 637): int32_t sample-rate = 16000
05-30 16:55:23.365 D/CCodec ( 637): }
05-30 16:55:23.365 D/CCodec ( 637): setup formats output: AMessage(what = 0x00000000) = {
05-30 16:55:23.365 D/CCodec ( 637): int32_t channel-count = 1
05-30 16:55:23.365 D/CCodec ( 637): string mime = "audio/raw"
05-30 16:55:23.365 D/CCodec ( 637): int32_t sample-rate = 16000
05-30 16:55:23.365 D/CCodec ( 637): int32_t encoder-delay = 576
05-30 16:55:23.365 D/CCodec ( 637): int32_t encoder-padding = 0
05-30 16:55:23.365 D/CCodec ( 637): int32_t android._config-pcm-encoding = 2
05-30 16:55:23.365 D/CCodec ( 637): }
05-30 16:55:23.365 I/CCodecConfig( 637): query failed after returning 7 values (BAD_INDEX)
05-30 16:55:23.365 D/MediaCodec( 637): keep callback message for reclaim
05-30 16:55:23.366 W/Codec2Client( 637): query -- param skipped: index = 1342179345.
05-30 16:55:23.366 W/Codec2Client( 637): query -- param skipped: index = 2415921170.
05-30 16:55:23.369 D/BufferPoolAccessor2.0( 637): bufferpool2 0xee1c3508 : 4(32768 size) total buffers - 4(32768 size) used buffers - 152/160 (recycle/alloc) - 8/312 (fetch/transfer)
05-30 16:55:23.369 D/CCodecBufferChannel( 637): [c2.android.mp3.decoder#231] Created input block pool with allocatorID 16 => poolID 20 - OK (0)
05-30 16:55:23.369 D/BufferPoolAccessor2.0( 642): bufferpool2 0xeabc3ce8 : 0(0 size) total buffers - 0(0 size) used buffers - 152/157 (recycle/alloc) - 5/157 (fetch/transfer)
05-30 16:55:23.373 D/BufferPoolAccessor2.0( 718): Destruction - bufferpool2 0xb658b8a8 cached: 0/0M, 0/0% in use; allocs: 7, 29% recycled; transfers: 42, 83% unfetched
05-30 16:55:23.373 D/BufferPoolAccessor2.0( 718): bufferpool2 0xb65ad148 : 0(0 size) total buffers - 0(0 size) used buffers - 2/7 (recycle/alloc) - 5/50 (fetch/transfer)
05-30 16:55:23.373 D/BufferPoolAccessor2.0( 718): Destruction - bufferpool2 0xb65ad148 cached: 0/0M, 0/0% in use; allocs: 7, 29% recycled; transfers: 50, 90% unfetched
05-30 16:55:23.373 D/BufferPoolAccessor2.0( 718): bufferpool2 0xc2a976c8 : 0(0 size) total buffers - 0(0 size) used buffers - 2/7 (recycle/alloc) - 9/60 (fetch/transfer)
05-30 16:55:23.373 D/BufferPoolAccessor2.0( 718): Destruction - bufferpool2 0xc2a976c8 cached: 0/0M, 0/0% in use; allocs: 7, 29% recycled; transfers: 60, 85% unfetched
05-30 16:55:23.374 I/CCodecBufferChannel( 637): [c2.android.mp3.decoder#231] Created output block pool with allocatorID 16 => poolID 29 - OK
05-30 16:55:23.374 D/CCodecBufferChannel( 637): [c2.android.mp3.decoder#231] Configured output block pool ids 29 => OK
05-30 16:55:23.374 I/C2VendorComponentStore( 510): setDmaBufUsage 5
05-30 16:55:23.377 D/SimpleC2Component( 642): Using output block pool with poolID 29 => got 29 - 0
05-30 16:55:23.378 D/NuPlayerDecoderBase( 637): [#3] [KPI] startup, mediacodec config time spent: 32186
05-30 16:55:23.378 I/NU-AmNuPlayerDecoder( 637): [#3] [c2.android.mp3.decoder] First CB_INPUT_AVAILABLE received.
05-30 16:55:23.378 I/NU-AmNuPlayerDecoder( 637): [#3] [c2.android.mp3.decoder] First Input Buffer Queued to Codec
05-30 16:55:23.381 I/C2VendorComponentStore( 510): setDmaBufUsage 5
05-30 16:55:23.382 I/C2SoftMp3Dec( 642): Reconfiguring decoder: 0->16000 Hz, 0->1 channels
05-30 16:55:23.391 I/NU-AmNuPlayerDecoder( 637): [#3] handleOutputFormatChange format: AMessage(what = 0x00000000) = {
05-30 16:55:23.391 I/NU-AmNuPlayerDecoder( 637): int32_t channel-count = 1
05-30 16:55:23.391 I/NU-AmNuPlayerDecoder( 637): string mime = "audio/raw"
05-30 16:55:23.391 I/NU-AmNuPlayerDecoder( 637): int32_t sample-rate = 16000
05-30 16:55:23.391 I/NU-AmNuPlayerDecoder( 637): int32_t encoder-delay = 576
05-30 16:55:23.391 I/NU-AmNuPlayerDecoder( 637): int32_t encoder-padding = 0
05-30 16:55:23.391 I/NU-AmNuPlayerDecoder( 637): int32_t android._config-pcm-encoding = 2
05-30 16:55:23.391 I/NU-AmNuPlayerDecoder( 637): }
05-30 16:55:23.391 I/NU-AmNuPlayerDecoder( 637): [#3] [c2.android.mp3.decoder] First CB_OUTPUT_AVAILABLE received. input buffer queued: 4
05-30 16:55:23.391 V/NU-AmNuPlayerRenderer( 637): [#3] openAudioSink: offloadOnly(0) offloadingAudio(0)
05-30 16:55:23.391 V/NU-AmNuPlayerRenderer( 637): [#3] track of type does not publish channel mask, use channel count:1 instead.
05-30 16:55:23.391 V/NU-AmNuPlayerRenderer( 637): [#3] openAudioSink channelMask:0x1
05-30 16:55:23.391 V/NU-AmNuPlayerRenderer( 637): [#3] openAudioSink: open AudioSink in NON-offload mode
05-30 16:55:23.391 I/NU-AmNuPlayerDecoder( 637): [#3] [c2.android.mp3.decoder] First Out Buffer Queued to Render. timeUs:0
05-30 16:55:23.392 D/xm_audio( 504): adev_get_parameters
05-30 16:55:23.393 I/NU-AmNuPlayerRenderer( 637): is_force_direct 0
05-30 16:55:23.393 D/NU-AmNuPlayerRenderer( 637): [#3] audio sink close from [onOpenAudioSink,5624]
05-30 16:55:23.398 I/audio_hw_hal_primary( 504): [audiohal_get_latency:1333] io 69: out:0xe8341cd0 frames:1152 rate:48000 whole_latency:24 alsa_latency:24
05-30 16:55:23.399 D/AudioFlinger( 555): Client defaulted notificationFrames to 4092 for frameCount 8184
05-30 16:55:23.406 I/audio_hw_hal_primary( 504): [audiohal_get_latency:1333] io 69: out:0xe8341cd0 frames:1280 rate:48000 whole_latency:26 alsa_latency:26
05-30 16:55:23.409 I/audio_hw_hal_primary( 504): [audiohal_get_latency:1333] io 13: out:0xe83440c0 frames:1152 rate:48000 whole_latency:24 alsa_latency:24
05-30 16:55:23.409 D/NU-AmNuPlayerRenderer( 637): [#3] audio sink open from [onOpenAudioSink,5693]
05-30 16:55:23.409 I/audio_hw_hal_primary( 504): [audiohal_get_latency:1333] io 69: out:0xe8341cd0 frames:1152 rate:48000 whole_latency:24 alsa_latency:24
05-30 16:55:23.410 W/AudioFlinger( 555): moveEffectChain_l() effect chain for session 0 not on source thread 0xf2fdede0
05-30 16:55:23.413 D/audioserver( 555): logFgsApiBegin: FGS Logger Transaction failed, -129
05-30 16:55:23.413 I/audio_hw_hal_primary( 504): out_update_source_metadata_v7() line 2013 usage:1 content_type:0
05-30 16:55:23.414 D/audio_hw_hal_ms12v2( 504): set_dolby_ms12_continuous_state audio_continuous_standby_set status 0
05-30 16:55:23.414 D/audio_hw_hal_continuous_standby( 504): audio_continuous_standby_set, type 0, params 0
05-30 16:55:23.414 I/audio_hw_hal_ms12common( 504): aml_set_ms12_scheduler_state ms12_scheduler_state:0, sch_state:0 SCHEDULER_RUNNING is sent to ms12
05-30 16:55:23.414 I/audio_hw_hal_primary( 504): [mixer_aux_buffer_write:7017] io 69: out:0xe8341cd0 usecase:PCM_DEEP_BUF standby to unstandby
05-30 16:55:23.414 E/audio_hw_hal_virtualbuf( 504): ms12 deep buf input underrun happens read=138004240815 write=8618666532 diff=129385574283
05-30 16:55:23.414 I/NU-AmNuPlayerRenderer( 637): [#3] openAudioSink: mAudioSink->open finished!!!
05-30 16:55:23.414 I/NU-AmNuPlayerRenderer( 637): [#3] mQueueInitial end, mHasAudio =1, mHasVideo = 0
05-30 16:55:23.415 I/NU-AmNuPlayerRenderer( 637): PTS: AV sync info:AV SYNCED
05-30 16:55:23.415 I/NU-AmNuPlayerRenderer( 637): PTS: SystemTimeStamp:-1
05-30 16:55:23.415 I/NU-AmNuPlayerRenderer( 637): PTS: Last AudioTimeStamp:-1
05-30 16:55:23.415 I/NU-AmNuPlayerRenderer( 637): PTS: Last VideoTimeStamp:-1
05-30 16:55:23.415 I/NU-AmNuPlayerRenderer( 637): PTS: AV diff:0 ,Ajump:0,Vjump:0
05-30 16:55:23.415 I/NU-AmNuPlayerRenderer( 637): PTS: mAjumpedNum:0, mAudioJumped till now=189527505
05-30 16:55:23.415 I/NU-AmNuPlayerRenderer( 637): PTS: mVjumpedNum:0, mVideoJumped till now=189527505
05-30 16:55:23.415 I/NU-AmNuPlayerRenderer( 637): PTS: mTotalAudioJumpedTimeUs:0, mTotalAudioJumpedTimeUs:0
05-30 16:55:23.415 I/NU-AmNuPlayerRenderer( 637): PTS: mLastVideoUs:-1
05-30 16:55:23.415 I/NU-AmNuPlayerRenderer( 637): PTS: mLastAudioUs:-1
05-30 16:55:23.415 I/NU-AmNuPlayerRenderer( 637): PTS: mAudioDelay 0 mFormat 0x1 mMs12Enabled 0
05-30 16:55:23.415 I/NU-AmNuPlayerRenderer( 637): [#3] First audio pcm date write to audiosink.
05-30 16:55:23.415 I/NU-AmNuPlayerRenderer( 637): [#3] setStartingTimeMedia 38937, mAudioPlayedOutDur 0
05-30 16:55:23.415 I/NU-AmNuPlayer( 637): [#3] media rendering started
05-30 16:55:23.415 I/NU-AmNuPlayer( 637): [#3] finishResume mResumePending:0
05-30 16:55:23.415 D/NU-AmNuPlayerDriver( 637): [#3] notifyListener_l(0xf3541970), (6, 0, 0, -1), loop setting(0, 0)
05-30 16:55:23.437 I/audio_hw_hal_stream( 504): aml_stream_out_info_print: out:0xe8341cd0, stream_type:pcm, sync_mode:non tunnel, input_size:1654784 bytes
05-30 16:55:23.437 I/audio_hw_hal_stream( 504): aml_stream_out_info_print: last_time:60035 ms (sec:60, nsec:35707069), last_position:8460 ms (406096), cur_time:189545 ms (sec:189, nsec:545366381), cur_position:8540 ms (409936)
05-30 16:55:23.437 I/audio_hw_hal_stream( 504): aml_stream_out_info_print: time_gap:129510 ms (thr:100 ms), position_gap:80 ms, delay:78 ms, jitter: Position gap is behind system time gap by 129430 ms (thr:100 ms)
05-30 16:55:23.438 D/AudioTrack( 637): getTimestamp_l(49): device stall time corrected using current time 189550782172
05-30 16:55:23.438 I/NU-AmNuPlayerRenderer( 637): [#3] Audio PCM buffer First Full. time pay:23291, frameCount:8184, mAudioSink->frameSize():2
05-30 16:55:23.438 W/NU-AmNuPlayerRenderer( 637): [#3] postDrainAudioQueue long delay: 31968 (8184*0.062500), numFramesPendingPlayout:(8184-0)
05-30 16:55:23.470 W/NU-AmNuPlayerRenderer( 637): [#3] postDrainAudioQueue long delay: 31968 (8184*0.062500), numFramesPendingPlayout:(8184-0)
05-30 16:55:23.480 I/audio_hw_hal_primary( 504): out_update_source_metadata_v7() line 2013 usage:1 content_type:0
05-30 16:55:23.502 W/AudioTrack( 637): getTimestamp_l(49): retrograde timestamp time corrected, 189571842006 < 189583106381
05-30 16:55:23.503 W/NU-AmNuPlayerRenderer( 637): [#3] postDrainAudioQueue long delay: 31968 (8184*0.062500), numFramesPendingPlayout:(9549-1365)
05-30 16:55:23.535 W/NU-AmNuPlayerRenderer( 637): [#3] postDrainAudioQueue long delay: 31968 (8184*0.062500), numFramesPendingPlayout:(10232-2048)
05-30 16:55:23.563 D/WifiNl80211Manager( 718): Scan result ready event
05-30 16:55:23.564 D/WifiNative( 718): Scan result ready event
05-30 16:55:23.567 D/NU-AmNuPlayerRenderer( 637): [#3] Switch audio track end . onNewAudioMediaTime, audio sink position was ready.
05-30 16:55:23.567 I/NU-AmNuPlayerRenderer( 637): [#3] First valid audio position found, time pay:152610, audioPlayedOutDur:28256, writtenDur:639500
05-30 16:55:23.567 I/NU-AmNuPlayerRenderer( 637): [#3] getPlayedOutDurationUs is unstable. audioPlayedOutDur:28256 (diff:28256) - realDIFF: 189680249 = -189651993, writtenAudioDurationUs:639500, lastTimeUs:650937 (frameSize: 2)
05-30 16:55:23.568 D/NU-AmNuPlayerDriver( 637): [#3] notifyListener_l(0xf3541970), (211, 0, 0, 20), loop setting(0, 0)
05-30 16:55:23.581 D/WificondScannerImpl( 718): Filtering out 10 scan results.
05-30 16:55:23.622 E/hq ( 2251): NetWorkStateReceiver:::NetWorkStateReceiver onReceive: 网络变化广播 >>>> intent.action=android.net.wifi.SCAN_RESULTS
05-30 16:55:23.626 I/WifiHAL ( 527): call wifi_get_link_stats handler
05-30 16:55:23.626 I/WifiHAL ( 527): Creating message to get link statistics; iface = 16
05-30 16:55:23.626 D/WifiHAL ( 527): error code -95 mapped to -3
05-30 16:55:23.626 E/WifiStaIfaceAidlImpl( 718): getLinkLayerStats failed with service-specific exception: android.os.ServiceSpecificException: (code 4)
05-30 16:55:23.652 W/eventbuscore( 2251): post Event:com.dangbei.leard.base.entity.event.NetWifiRssiEvent
05-30 16:55:23.655 D/BufferPoolAccessor2.0( 642): bufferpool2 0xeabc0da8 : 0(0 size) total buffers - 0(0 size) used buffers - 14/19 (recycle/alloc) - 4/18 (fetch/transfer)
05-30 16:55:23.655 D/BufferPoolAccessor2.0( 642): bufferpool2 0xeabc1b28 : 0(0 size) total buffers - 0(0 size) used buffers - 21/23 (recycle/alloc) - 2/22 (fetch/transfer)
05-30 16:55:23.655 D/BufferPoolAccessor2.0( 642): bufferpool2 0xeabc2308 : 0(0 size) total buffers - 0(0 size) used buffers - 24/28 (recycle/alloc) - 4/27 (fetch/transfer)
05-30 16:55:23.655 D/BufferPoolAccessor2.0( 642): evictor expired: 9, evicted: 3
05-30 16:55:24.915 D/hq ( 2251): NetWorkStateReceiver:::检查网络,并且持续更新 isConnect=false
05-30 16:55:25.774 I/SogouIME( 3073): onKeyDown: keyoCode=22
05-30 16:55:25.774 I/DefaultIMS( 3073): onKeyDown: keyoCode=22
05-30 16:55:25.922 I/SogouIME( 3073): onKeyUp: keyoCode=22
05-30 16:55:25.922 I/DefaultIMS( 3073): onKeyUp: keyoCode=22
05-30 16:55:26.214 D/NU-AmNuPlayerDriver( 637): [#3] stop(0xf3541970)
05-30 16:55:26.214 D/NU-AmNuPlayerDriver( 637): [#3] notifyListener_l(0xf3541970), (8, 0, 0, -1), loop setting(0, 0)
05-30 16:55:26.214 I/NU-AmNuPlayerRenderer( 637): [#3] render_onPause
05-30 16:55:26.215 D/NU-AmNuPlayerDriver( 637): [#3] notifyListener_l(0xf3541970), (211, 0, 0, 20), loop setting(0, 0)
05-30 16:55:26.233 I/audio_hw_hal_primary( 504): out_update_source_metadata_v7() line 2013 usage:1 content_type:0
05-30 16:55:26.235 D/NU-AmNuPlayerRenderer( 637): [#3] audio sink pause from [onPause,5121]
05-30 16:55:26.235 I/NU-AmNuPlayerRenderer( 637): [#3] now paused audio queue has 4 entries, video has 0 entries
05-30 16:55:26.239 D/NU-AmNuPlayerDriver( 637): [#3] reset(0xf3541970) at state 8
05-30 16:55:26.239 I/NU-GenericSource( 637): --->disconnect<---
05-30 16:55:26.240 I/NU-GenericSource( 637): --->disconnect OK
05-30 16:55:26.240 I/NU-AmNuPlayerDecoder( 637): [#3] [doFlush:1443] audio flushing
05-30 16:55:26.240 I/NU-AmNuPlayerDecoder( 637): [#3] [doFlush:1450] audio flushing
05-30 16:55:26.240 D/NU-AmNuPlayerDriver( 637): [#3] notifyListener_l(0xf3541970), (211, 0, 0, 20), loop setting(0, 0)
05-30 16:55:26.240 I/NU-AmNuPlayerRenderer( 637): [#3] clearAnchorTime
05-30 16:55:26.240 I/NU-AmNuPlayerRenderer( 637): [#3] flushing audio
05-30 16:55:26.241 D/NU-AmNuPlayerRenderer( 637): [#3] audio sink pause-flush-stop from [onFlush,4893]
05-30 16:55:26.241 D/CCodecBuffers( 637): [c2.android.mp3.decoder#231:1D-Output.Impl[N]] Client returned a buffer it does not own according to our record: 0
05-30 16:55:26.241 I/NU-AmNuPlayerDecoder( 637): [#3] [doFlush:1456] audio flushing
05-30 16:55:26.241 I/NU-AmNuPlayer( 637): [#3] decoder audio flush completed
05-30 16:55:26.242 I/hw-BpHwBinder( 637): onLastStrongRef automatically unlinking death recipients
05-30 16:55:26.242 I/hw-BpHwBinder( 642): onLastStrongRef automatically unlinking death recipients
05-30 16:55:26.243 D/MediaCodec( 637): flushMediametrics
05-30 16:55:26.244 I/NU-AmNuPlayer( 637): [#3] audio shutdown completed
05-30 16:55:26.244 I/NuPlayerDecoderBase( 637): ReadDataHandler release.
05-30 16:55:26.244 I/NU-AmNuPlayer( 637): [#3] audio setHasNoMedia
05-30 16:55:26.244 I/MessageMonitor( 637): ReadDataHandler MessageMonitor exit
05-30 16:55:26.245 I/MessageMonitor( 637): NU-AmNuPlayerDecoder-audN MessageMonitor exit
05-30 16:55:26.245 D/NU-AmNuPlayerDriver( 637): [#3] notifyResetComplete(0xf3541970)
05-30 16:55:26.245 I/NU-AmNuPlayer( 637): mSeekByUserCompleted_5508: 1
05-30 16:55:26.245 D/NU-AmNuPlayerDriver( 637): [#3] reset(0xf3541970) at state 0
05-30 16:55:26.245 D/AmlPlayerTimer( 637): func:_timer_delete delete timer.1 success.
05-30 16:55:26.245 I/MessageMonitor( 637): NU-AmNuPlayer MessageMonitor exit
05-30 16:55:26.246 I/NU-GenericSource( 637): >>>[~GenericSource 2152]
05-30 16:55:26.246 I/audio_hw_hal_primary( 504): [adev_set_parameters:4123] dev:0xe8542930, kv: sound_track=0
05-30 16:55:26.246 D/audio_hw_hal_hfp( 504): [audio_extn_hfp_set_parameters:739] audio_extn_hfp_set_parameters
05-30 16:55:26.246 I/audio_hw_hal_primary( 504): video player sound_track mode 0
05-30 16:55:26.246 I/NU-GenericSource( 637): [resetDataSource 684]
05-30 16:55:26.246 I/MessageMonitor( 637): NU-GenericSource MessageMonitor exit
05-30 16:55:26.247 W/RefBase ( 637): RefBase: Explicit destruction, weak count = 0 (in 0xf36c6fd0). Use sp<> to manage this object.
05-30 16:55:26.247 W/RefBase ( 637): CallStack::getCurrentInternal not linked, returning null
05-30 16:55:26.247 W/RefBase ( 637): CallStack::logStackInternal not linked
05-30 16:55:26.247 I/MessageMonitor( 637): NU-AmNuPlayerRenderer MessageMonitor exit
05-30 16:55:26.247 I/NU-AmNuPlayerRenderer( 637): [#3] ~Renderer
05-30 16:55:26.248 I/audio_hw_hal_primary( 504): [adev_set_parameters:4123] dev:0xe8542930, kv: is_ms12_continuous=1
05-30 16:55:26.248 D/audio_hw_hal_hfp( 504): [audio_extn_hfp_set_parameters:739] audio_extn_hfp_set_parameters
05-30 16:55:26.248 I/audio_hw_hal_primary( 504): adev_set_parameters is_ms12_continuous set to 1
05-30 16:55:26.250 I/AmlPlayerTimer( 637): ~AmlPlayerTimer
05-30 16:55:26.250 W/AMessage( 637): failed to post message as target looper for handler 0 is gone.
05-30 16:55:26.251 V/MediaPlayer( 1477): resetDrmState: mDrmInfo=null mDrmProvisioningThread=null mPrepareDrmInProgress=false mActiveDrmScheme=false
05-30 16:55:26.252 V/MediaPlayer( 1477): cleanDrmObj: mDrmObj=null mDrmSessionId=null
05-30 16:55:26.274 I/audio_hw_hal_primary( 504): [audiohal_get_latency:1333] io 69: out:0xe8341cd0 frames:1024 rate:48000 whole_latency:21 alsa_latency:21
05-30 16:55:26.296 I/audio_hw_hal_primary( 504): [audiohal_get_latency:1333] io 69: out:0xe8341cd0 frames:1024 rate:48000 whole_latency:21 alsa_latency:21
05-30 16:55:26.307 I/WifiService( 718): startScan uid=10029
05-30 16:55:26.309 I/WifiScanRequestProxy( 718): Scan request from com.dangbei.hqguide throttled
05-30 16:55:26.310 E/WifiService( 718): Failed to start scan
05-30 16:55:26.310 V/MediaPlayer( 1477): resetDrmState: mDrmInfo=null mDrmProvisioningThread=null mPrepareDrmInProgress=false mActiveDrmScheme=false
05-30 16:55:26.311 V/MediaPlayer( 1477): cleanDrmObj: mDrmObj=null mDrmSessionId=null
05-30 16:55:26.317 I/audio_hw_hal_primary( 504): [audiohal_get_latency:1333] io 69: out:0xe8341cd0 frames:1024 rate:48000 whole_latency:21 alsa_latency:21
05-30 16:55:26.324 V/AmlogicNuPlayerFactoryInit( 637): create AmNuPlayer
05-30 16:55:26.324 I/AmlPlayerTimer( 637): AmlPlayerTimer
05-30 16:55:26.324 I/MessageMonitor( 637): NU-AmNuPlayer MessageMonitor mDebugLevel 0, poll message us 30000000
05-30 16:55:26.324 I/NU-AmNuPlayer( 637): [#4] mPlayerInstanceId = 4
05-30 16:55:26.325 D/AmlPlayerTimer( 637): func:_timer_create create timer.1 success.
05-30 16:55:26.325 D/NU-AmNuPlayerDriver( 637): [#4] AmNuPlayerDriver(0xf3540d30) created, clientPid(1477), mPlayerInstanceId(4)
05-30 16:55:26.325 I/NU-AmNuPlayerDriver( 637): [#4]
05-30 16:55:26.325 I/NU-AmNuPlayerDriver( 637): --------------------------------
05-30 16:55:26.325 I/NU-AmNuPlayerDriver( 637): ARCH = arm
05-30 16:55:26.325 I/NU-AmNuPlayerDriver( 637): branch name: from
05-30 16:55:26.325 I/NU-AmNuPlayerDriver( 637): git version: 6e56b7326ee6d173be366a46d99e68ce5c8268f0
05-30 16:55:26.325 I/NU-AmNuPlayerDriver( 637): change id: Change-Id: I91714fae1b836472af4f4042cd497867bdf0004d
05-30 16:55:26.325 I/NU-AmNuPlayerDriver( 637): ID : PD#SWPL-193937
05-30 16:55:26.325 I/NU-AmNuPlayerDriver( 637): last changed: Date: Fri Nov 22 10:58:40 2024 +0000
05-30 16:55:26.325 I/NU-AmNuPlayerDriver( 637): build-time: Fri Dec 6 12:54:08 CST 2024
05-30 16:55:26.325 I/NU-AmNuPlayerDriver( 637): build-name: drm.autobuild
05-30 16:55:26.325 I/NU-AmNuPlayerDriver( 637): uncommitted-file-num:1
05-30 16:55:26.325 I/NU-AmNuPlayerDriver( 637): BaseCommitMsg: commit 6e56b7326ee6d173be366a46d99e68ce5c8268f0 PD#SWPL-193937 Change-Id: I91714fae1b836472af4f4042cd497867bdf0004d
05-30 16:55:26.325 I/NU-AmNuPlayerDriver( 637): PathesOnBase:
05-30 16:55:26.325 I/NU-AmNuPlayerDriver( 637):
05-30 16:55:26.325 I/NU-AmNuPlayerDriver( 637): MM-module-name:AmNuPlayer,Version:4.1.26-g6e56b73(build:6483)
05-30 16:55:26.325 I/NU-AmNuPlayerDriver( 637):
05-30 16:55:26.325 I/NU-AmNuPlayerDriver( 637): --------------------------------
05-30 16:55:26.325 I/NU-AmNuPlayerDriver( 637): [#4] Supported functions :
05-30 16:55:26.325 I/NU-AmNuPlayerDriver( 637): {"MM-module-name":"AmNuPlayer"{"Features":["Switchaudio/subtitletracks","HTTPlivestreamingformpegtsandmp3formats","Localplaybackforvariousformats","UDPunicastandmulticastformpegtsformat","RTP/RTSPplaybackformpegtsformat","HLSlive/vodformpegtsformat","Androidaudiooffloadmode","SupportBuilt-insubtitles","AVS3videosupportforprotocolHTTPandLocal","AC4audiosupportforprotocolHTTP,Local,HLSandUDP","DVBTelextsupport","AudioVIVIDsuportforLocal/HTTP/UDP/HLS","AVS3videosupportforprotocolHLSandUDP","ISOplaybackforlocal","libcurldownloadforprotocolHLS","dnscacheforprotocolHLS","ipv6andipv4firstplaybackforprotocolHLS","IPTVMulticasttoUnicastforprotocolRTPandUDP","IPTVcmccsoftprobeforprotocolUDPRTPHTTPHLS","SupportHLSV6bandwidthswitch","AVS2videosupportforprotocolUDP","DTSUHDP2offloadsupport"],"SupportedFormats":[{"Protocol":"UDP","FileFormats":["MPEGTS"],},{"Protocol":"HLS","FileFormats":["MPEGTS","MP4"],},{"Protocol":"HTTPLIVE","FileFormats":["MPEGTS","MP3"],},{"Protocol":"LOCAL/HTTPVOD","Fil
05-30 16:55:26.326 I/hwservicemanager( 233): getTransport: Cannot find entry android.hardware.media.omx@1.0::IOmx/default in either framework or device VINTF manifest.
05-30 16:55:26.326 D/MediaPlayerService( 637): OMX service is not available
05-30 16:55:26.328 I/NU-AmNuPlayer( 637): [#4] setDataSourceAsync fd 10/18813040/15627
05-30 16:55:26.328 I/NU-AmNuPlayer( 637): [#4] kWhatSetAudioSink
05-30 16:55:26.339 I/audio_hw_hal_primary( 504): [audiohal_get_latency:1333] io 69: out:0xe8341cd0 frames:1024 rate:48000 whole_latency:21 alsa_latency:21
05-30 16:55:26.340 I/audio_hw_hal_alsamgr( 504): alsa format =0x1 delay frames =1024 total frames=8405760
05-30 16:55:26.342 D/NU-AmNuPlayer( 637): part of md5:8a7ce561b0784f89da5d586d1190417e
05-30 16:55:26.342 I/NU-AmNuPlayer( 637): [#4] file size too small, check M3U8
05-30 16:55:26.342 I/MessageMonitor( 637): NU-GenericSource MessageMonitor mDebugLevel 0, poll message us 30000000
05-30 16:55:26.342 I/NU-GenericSource( 637): mPlayerInstanceId = 4
05-30 16:55:26.342 I/NU-GenericSource( 637): [resetDataSource 684]
05-30 16:55:26.342 I/NU-GenericSource( 637): [resetDataSource 684]
05-30 16:55:26.344 I/NU-GenericSource( 637): patch:
05-30 16:55:26.345 I/audio_hw_hal_primary( 504): [adev_set_parameters:4123] dev:0xe8542930, kv: is_ms12_continuous=0
05-30 16:55:26.345 D/audio_hw_hal_hfp( 504): [audio_extn_hfp_set_parameters:739] audio_extn_hfp_set_parameters
05-30 16:55:26.345 I/audio_hw_hal_primary( 504): adev_set_parameters is_ms12_continuous set to 0
05-30 16:55:26.345 D/NU-GenericSource( 637): FileSource remote
05-30 16:55:26.346 I/NU-GenericSource( 637): >>>[initFromDataSource 1424]
05-30 16:55:26.348 I/AmFFmpegByteIOAdapter( 634): File size : 15627
05-30 16:55:26.348 I/AmFFmpegExtractor( 634): checkInList: iswhite:0, mime:audio/mpeg, type:1, id:86017 tag:0
05-30 16:55:26.348 I/AmFFmpegExtractor( 634): checkInList: iswhite:1, mime:audio/mpeg, type:1, id:86017 tag:0
05-30 16:55:26.348 E/AmFFmpegExtractor( 634): codec_ctx->properties: 0
05-30 16:55:26.348 I/AmFFmpegExtractor( 634): checkSupportInList ret 1
05-30 16:55:26.349 I/AmFFmpegExtractor( 634): checkInList: iswhite:0, mime:audio/mpeg, type:1, id:86017 tag:0
05-30 16:55:26.349 I/AmFFmpegExtractor( 634): checkInList: iswhite:1, mime:audio/mpeg, type:1, id:86017 tag:0
05-30 16:55:26.349 E/AmFFmpegExtractor( 634): codec_ctx->properties: 0
05-30 16:55:26.349 I/AmFFmpegExtractor( 634): checkSupportInList ret 0
05-30 16:55:26.349 E/AmFFmpegExtractor( 634): vendor do not support
05-30 16:55:26.350 I/NU-GenericSource( 637): >>>MediaExtractor::Create [initFromDataSource 1471] and extractor name:MP3Extractor
05-30 16:55:26.350 D/NU-GenericSource( 637): [#4] [KPI] startup, find stream info time spent: 3715
05-30 16:55:26.350 I/NU-GenericSource( 637): initFromDataSource, mExtractor->countTracks() = 1
05-30 16:55:26.350 I/NU-GenericSource( 637): ffmpegHasAudio : 0, ffmpegHasVideo : 0
05-30 16:55:26.351 I/NU-GenericSource( 637): initFromDataSource track[0]: audio/mpeg
05-30 16:55:26.351 I/AmAnotherPacketSource( 637): (audio/mpeg)IsUdp:0 mLimitiSize:2097152, mTotalCount:1000 kLocalPlaybackMaxBufferCount 500
05-30 16:55:26.351 I/NU-AmNuPlayerDriver( 637): media.player.atrace.enable is 1
05-30 16:55:26.351 I/AmAnotherPacketSource( 637): ----->(0xee581e10)start mIsVideo:0 mIsAudio:1
05-30 16:55:26.351 I/NU-GenericSource( 637): initFromDataSource mVideoTrack.mSource:0x0, unsupportvideo:0, ffmpegHasVideo:0
05-30 16:55:26.351 I/NU-GenericSource( 637): initFromDataSource mAudioTrack.mSource:0xf368d030, ffmpegHasAudio:1
05-30 16:55:26.351 I/NU-GenericSource( 637): notifyPrepared 2554
05-30 16:55:26.351 I/NU-AmNuPlayer( 637): [#4] notifyPrepareCompleted
05-30 16:55:26.351 D/NU-AmNuPlayerDriver( 637): [#4] notifyListener_l(0xf3540d30), (1, 0, 0, -1), loop setting(0, 0)
05-30 16:55:26.352 I/NU-AmNuPlayer( 637): [#4] updateMediaInfo
05-30 16:55:26.352 I/NU-AmNuPlayer( 637): [#4] [updateMediaInfo:1241]get i=0 , mime: audio/mpeg
05-30 16:55:26.360 I/audio_hw_hal_primary( 504): [audiohal_get_latency:1333] io 69: out:0xe8341cd0 frames:1024 rate:48000 whole_latency:21 alsa_latency:21
05-30 16:55:26.381 I/audio_hw_hal_primary( 504): [audiohal_get_latency:1333] io 69: out:0xe8341cd0 frames:1024 rate:48000 whole_latency:21 alsa_latency:21
05-30 16:55:26.402 I/audio_hw_hal_primary( 504): [audiohal_get_latency:1333] io 69: out:0xe8341cd0 frames:1024 rate:48000 whole_latency:21 alsa_latency:21
05-30 16:55:26.424 I/audio_hw_hal_primary( 504): [audiohal_get_latency:1333] io 69: out:0xe8341cd0 frames:1024 rate:48000 whole_latency:21 alsa_latency:21
05-30 16:55:26.445 I/audio_hw_hal_primary( 504): [audiohal_get_latency:1333] io 69: out:0xe8341cd0 frames:1024 rate:48000 whole_latency:21 alsa_latency:21
05-30 16:55:26.446 D/audioserver( 555): logFgsApiEnd: FGS Logger Transaction failed, -129
05-30 16:55:26.449 W/AudioFlinger( 555): moveEffectChain_l() effect chain for session 0 not on source thread 0xef6fade0
05-30 16:55:26.457 W/System.err( 1477): java.lang.NullPointerException: Attempt to invoke virtual method 'boolean android.graphics.Bitmap.isRecycled()' on a null object reference
05-30 16:55:26.457 W/System.err( 1477): at android.graphics.BaseCanvas.throwIfCannotDraw(BaseCanvas.java:73)
05-30 16:55:26.458 W/System.err( 1477): at android.graphics.RecordingCanvas.throwIfCannotDraw(RecordingCanvas.java:263)
05-30 16:55:26.458 W/System.err( 1477): at android.graphics.BaseRecordingCanvas.drawBitmap(BaseRecordingCanvas.java:75)
05-30 16:55:26.458 W/System.err( 1477): at com.dangbei.hqguide.main.view.LoginQrView.onDraw(LoginQrView.java:94)
05-30 16:55:26.458 W/System.err( 1477): at android.view.View.draw(View.java:23901)
05-30 16:55:26.458 W/System.err( 1477): at android.view.View.updateDisplayListIfDirty(View.java:22768)
05-30 16:55:26.459 W/System.err( 1477): at android.view.View.draw(View.java:23632)
05-30 16:55:26.459 W/System.err( 1477): at android.view.ViewGroup.drawChild(ViewGroup.java:4559)
05-30 16:55:26.459 W/System.err( 1477): at android.view.ViewGroup.dispatchDraw(ViewGroup.java:4320)
05-30 16:55:26.459 W/System.err( 1477): at android.view.View.draw(View.java:23904)
05-30 16:55:26.460 W/System.err( 1477): at android.view.View.updateDisplayListIfDirty(View.java:22768)
05-30 16:55:26.460 W/System.err( 1477): at android.view.View.draw(View.java:23632)
05-30 16:55:26.460 W/System.err( 1477): at android.view.ViewGroup.drawChild(ViewGroup.java:4559)
05-30 16:55:26.460 W/System.err( 1477): at android.view.ViewGroup.dispatchDraw(ViewGroup.java:4320)
05-30 16:55:26.460 W/System.err( 1477): at android.view.View.draw(View.java:23904)
05-30 16:55:26.461 W/System.err( 1477): at androidx.viewpager.widget.ViewPager.draw(ViewPager.java:2426)
05-30 16:55:26.461 W/System.err( 1477): at android.view.View.updateDisplayListIfDirty(View.java:22768)
05-30 16:55:26.461 W/System.err( 1477): at android.view.View.draw(View.java:23632)
05-30 16:55:26.461 W/System.err( 1477): at android.view.ViewGroup.drawChild(ViewGroup.java:4559)
05-30 16:55:26.461 W/System.err( 1477): at android.view.ViewGroup.dispatchDraw(ViewGroup.java:4320)
05-30 16:55:26.462 W/System.err( 1477): at androidx.constraintlayout.widget.ConstraintLayout.dispatchDraw(ConstraintLayout.java:1882)
05-30 16:55:26.462 W/System.err( 1477): at android.view.View.draw(View.java:23904)
05-30 16:55:26.462 W/System.err( 1477): at android.view.View.updateDisplayListIfDirty(View.java:22768)
05-30 16:55:26.462 W/System.err( 1477): at android.view.View.draw(View.java:23632)
05-30 16:55:26.463 W/System.err( 1477): at android.view.ViewGroup.drawChild(ViewGroup.java:4559)
05-30 16:55:26.463 W/System.err( 1477): at android.view.ViewGroup.dispatchDraw(ViewGroup.java:4320)
05-30 16:55:26.463 W/System.err( 1477): at android.view.View.draw(View.java:23904)
05-30 16:55:26.463 W/System.err( 1477): at android.view.View.updateDisplayListIfDirty(View.java:22768)
05-30 16:55:26.463 W/System.err( 1477): at android.view.View.draw(View.java:23632)
05-30 16:55:26.464 W/System.err( 1477): at android.view.ViewGroup.drawChild(ViewGroup.java:4559)
05-30 16:55:26.464 W/System.err( 1477): at android.view.ViewGroup.dispatchDraw(ViewGroup.java:4320)
05-30 16:55:26.464 W/System.err( 1477): at android.view.View.draw(View.java:23904)
05-30 16:55:26.464 W/System.err( 1477): at androidx.appcompat.widget.ActionBarOverlayLayout.draw(ActionBarOverlayLayout.java:543)
05-30 16:55:26.464 W/System.err( 1477): at android.view.View.updateDisplayListIfDirty(View.java:22768)
05-30 16:55:26.465 W/System.err( 1477): at android.view.View.draw(View.java:23632)
05-30 16:55:26.465 W/System.err( 1477): at android.view.ViewGroup.drawChild(ViewGroup.java:4559)
05-30 16:55:26.465 W/System.err( 1477): at android.view.ViewGroup.dispatchDraw(ViewGroup.java:4320)
05-30 16:55:26.465 W/System.err( 1477): at android.view.View.draw(View.java:23904)
05-30 16:55:26.466 W/System.err( 1477): at android.view.View.updateDisplayListIfDirty(View.java:22768)
05-30 16:55:26.466 W/System.err( 1477): at android.view.View.draw(View.java:23632)
05-30 16:55:26.466 W/System.err( 1477): at android.view.ViewGroup.drawChild(ViewGroup.java:4559)
05-30 16:55:26.466 W/System.err( 1477): at android.view.ViewGroup.dispatchDraw(ViewGroup.java:4320)
05-30 16:55:26.466 W/System.err( 1477): at android.view.View.draw(View.java:23904)
05-30 16:55:26.467 W/System.err( 1477): at android.view.View.updateDisplayListIfDirty(View.java:22768)
05-30 16:55:26.467 W/System.err( 1477): at android.view.View.draw(View.java:23632)
05-30 16:55:26.467 W/System.err( 1477): at android.view.ViewGroup.drawChild(ViewGroup.java:4559)
05-30 16:55:26.467 W/System.err( 1477): at android.view.ViewGroup.dispatchDraw(ViewGroup.java:4320)
05-30 16:55:26.467 W/System.err( 1477): at android.view.View.draw(View.java:23904)
05-30 16:55:26.468 W/System.err( 1477): at com.android.internal.policy.DecorView.draw(DecorView.java:809)
05-30 16:55:26.468 W/System.err( 1477): at android.view.View.updateDisplayListIfDirty(View.java:22768)
05-30 16:55:26.468 W/System.err( 1477): at android.view.ThreadedRenderer.updateViewTreeDisplayList(ThreadedRenderer.java:694)
05-30 16:55:26.468 D/audioserver( 555): logFgsApiEnd: FGS Logger Transaction failed, -129
05-30 16:55:26.468 W/System.err( 1477): at android.view.ThreadedRenderer.updateRootDisplayList(ThreadedRenderer.java:700)
05-30 16:55:26.469 W/System.err( 1477): at android.view.ThreadedRenderer.draw(ThreadedRenderer.java:798)
05-30 16:55:26.469 W/System.err( 1477): at android.view.ViewRootImpl.draw(ViewRootImpl.java:5144)
05-30 16:55:26.469 W/System.err( 1477): at android.view.ViewRootImpl.performDraw(ViewRootImpl.java:4835)
05-30 16:55:26.469 W/System.err( 1477): at android.view.ViewRootImpl.performTraversals(ViewRootImpl.java:4011)
05-30 16:55:26.469 W/System.err( 1477): at android.view.ViewRootImpl.doTraversal(ViewRootImpl.java:2650)
05-30 16:55:26.470 W/System.err( 1477): at android.view.ViewRootImpl$TraversalRunnable.run(ViewRootImpl.java:9526)
05-30 16:55:26.470 W/System.err( 1477): at android.view.Choreographer$CallbackRecord.run(Choreographer.java:1343)
05-30 16:55:26.470 W/System.err( 1477): at android.view.Choreographer$CallbackRecord.run(Choreographer.java:1352)
05-30 16:55:26.470 W/System.err( 1477): at android.view.Choreographer.doCallbacks(Choreographer.java:952)
05-30 16:55:26.471 W/System.err( 1477): at android.view.Choreographer.doFrame(Choreographer.java:882)
05-30 16:55:26.471 W/System.err( 1477): at android.view.Choreographer$FrameDisplayEventReceiver.run(Choreographer.java:1326)
05-30 16:55:26.471 W/System.err( 1477): at android.os.Handler.handleCallback(Handler.java:958)
05-30 16:55:26.471 W/System.err( 1477): at android.os.Handler.dispatchMessage(Handler.java:99)
05-30 16:55:26.471 W/System.err( 1477): at android.os.Looper.loopOnce(Looper.java:205)
05-30 16:55:26.472 W/System.err( 1477): at android.os.Looper.loop(Looper.java:294)
05-30 16:55:26.472 W/System.err( 1477): at android.app.ActivityThread.main(ActivityThread.java:8255)
05-30 16:55:26.472 W/System.err( 1477): at java.lang.reflect.Method.invoke(Native Method)
05-30 16:55:26.472 W/System.err( 1477): at com.android.internal.os.RuntimeInit$MethodAndArgsCaller.run(RuntimeInit.java:552)
05-30 16:55:26.473 W/System.err( 1477): at com.android.internal.os.ZygoteInit.main(ZygoteInit.java:978)
05-30 16:55:26.478 I/NU-AmNuPlayer( 637): [#4] updateMediaInfo
05-30 16:55:26.478 I/NU-AmNuPlayer( 637): [#4] [updateMediaInfo:1241]get i=0 , mime: audio/mpeg
05-30 16:55:26.482 D/NU-AmNuPlayerDriver( 637): [#4] start(0xf3540d30), state is 4, eos is 0
05-30 16:55:26.482 I/NU-AmNuPlayer( 637): [#4] kWhatStart
05-30 16:55:26.482 I/NU-AmNuPlayer( 637): [#4] onStart: mCrypto: 0x0 (0)
05-30 16:55:26.482 I/NU-GenericSource( 637): start
05-30 16:55:26.483 I/NU-AmNuPlayer( 637): [#4] AmNuPlayer::Source::getFormat frame-rate = failed
05-30 16:55:26.488 I/NU-AmNuPlayerRenderer( 637): getAudioDevicesForStream streamType=3, audioDevices=0x400
05-30 16:55:26.488 E/NU-AmNuPlayerRenderer( 637): Couldn't map mime "audio/mpeg" to a valid audio_format
05-30 16:55:26.488 I/MessageMonitor( 637): NU-AmNuPlayerRenderer MessageMonitor mDebugLevel 0, poll message us 30000000
05-30 16:55:26.488 I/NU-AmNuPlayerRenderer( 637): [#4] mPlayerInstanceId = 4
05-30 16:55:26.488 I/NU-AmNuPlayerRenderer( 637): mFirstSlowSync is set to True. from : 1009
05-30 16:55:26.488 I/NU-AmNuPlayerRenderer( 637): [#4] media.amnuplayer.avsync.dropmode is set to 0 us .
05-30 16:55:26.489 D/xm_audio( 504): adev_get_parameters
05-30 16:55:26.490 I/NU-AmNuPlayerDriver( 637): media.player.atrace.enable is 1
05-30 16:55:26.490 I/NU-AmNuPlayer( 637): [#4] [onStart:4128] new Renderer
05-30 16:55:26.492 I/NU-AmNuPlayer( 637): [#4] AmNuPlayer::Source::getFormat frame-rate = failed
05-30 16:55:26.493 I/NU-AmNuPlayerRenderer( 637): getAudioDevicesForStream streamType=3, audioDevices=0x400
05-30 16:55:26.494 E/NU-AmNuPlayerRenderer( 637): Couldn't map mime "audio/mpeg" to a valid audio_format
05-30 16:55:26.494 I/NU-AmNuPlayer( 637): [#4] instantiateDecoder format: AMessage(what = 0x00000000) = {
05-30 16:55:26.494 I/NU-AmNuPlayer( 637): string mime = "audio/mpeg"
05-30 16:55:26.494 I/NU-AmNuPlayer( 637): int64_t durationUs = 2520000
05-30 16:55:26.494 I/NU-AmNuPlayer( 637): int32_t bitrate = 48000
05-30 16:55:26.494 I/NU-AmNuPlayer( 637): int32_t channel-count = 1
05-30 16:55:26.494 I/NU-AmNuPlayer( 637): int32_t sample-rate = 16000
05-30 16:55:26.494 I/NU-AmNuPlayer( 637): int32_t encoder-delay = 576
05-30 16:55:26.494 I/NU-AmNuPlayer( 637): int32_t encoder-padding = 852
05-30 16:55:26.494 I/NU-AmNuPlayer( 637): int32_t priority = 0
05-30 16:55:26.494 I/NU-AmNuPlayer( 637): }
05-30 16:55:26.494 W/AString ( 637): ctor got NULL, using empty string instead
05-30 16:55:26.494 I/NU-AmNuPlayerDecoder( 637): [#4] mPlayerInstanceId = 4
05-30 16:55:26.494 I/NU-AmNuPlayerDriver( 637): media.player.atrace.enable is 1
05-30 16:55:26.494 I/MessageMonitor( 637): NU-AmNuPlayerDecoder-audN MessageMonitor mDebugLevel 0, poll message us 30000000
05-30 16:55:26.494 I/NU-AmNuPlayer( 637): [#4] instantiateDecoder audio Decoder
05-30 16:55:26.495 I/NU-AmNuPlayerDecoder( 637): [#4] onConfigure format: AMessage(what = 0x00000000) = {
05-30 16:55:26.495 I/NU-AmNuPlayerDecoder( 637): string mime = "audio/mpeg"
05-30 16:55:26.495 I/NU-AmNuPlayerDecoder( 637): int64_t durationUs = 2520000
05-30 16:55:26.495 I/NU-AmNuPlayerDecoder( 637): int32_t bitrate = 48000
05-30 16:55:26.495 I/NU-AmNuPlayerDecoder( 637): int32_t channel-count = 1
05-30 16:55:26.495 I/NU-AmNuPlayerDecoder( 637): int32_t sample-rate = 16000
05-30 16:55:26.495 I/NU-AmNuPlayerDecoder( 637): int32_t encoder-delay = 576
05-30 16:55:26.495 I/NU-AmNuPlayerDecoder( 637): int32_t encoder-padding = 852
05-30 16:55:26.495 I/NU-AmNuPlayerDecoder( 637): int32_t priority = 0
05-30 16:55:26.495 I/NU-AmNuPlayerDecoder( 637): }
05-30 16:55:26.496 I/MessageMonitor( 637): ReadDataHandler MessageMonitor mDebugLevel 0, poll message us 30000000
05-30 16:55:26.499 D/CCodec ( 637): allocate(c2.android.mp3.decoder)
05-30 16:55:26.508 I/CCodec ( 637): setting up 'default' as default (vendor) store
05-30 16:55:26.512 I/CCodec ( 637): Created component [c2.android.mp3.decoder]
05-30 16:55:26.513 D/CCodecConfig( 637): read media type: audio/mpeg
05-30 16:55:26.517 D/ReflectedParamUpdater( 637): extent() != 1 for single value type: algo.buffers.max-count.values
05-30 16:55:26.517 D/ReflectedParamUpdater( 637): extent() != 1 for single value type: output.subscribed-indices.values
05-30 16:55:26.517 D/ReflectedParamUpdater( 637): extent() != 1 for single value type: input.buffers.allocator-ids.values
05-30 16:55:26.517 D/ReflectedParamUpdater( 637): extent() != 1 for single value type: output.buffers.allocator-ids.values
05-30 16:55:26.517 D/ReflectedParamUpdater( 637): extent() != 1 for single value type: algo.buffers.allocator-ids.values
05-30 16:55:26.517 D/ReflectedParamUpdater( 637): extent() != 1 for single value type: output.buffers.pool-ids.values
05-30 16:55:26.518 D/ReflectedParamUpdater( 637): extent() != 1 for single value type: algo.buffers.pool-ids.values
05-30 16:55:26.520 I/CCodecConfig( 637): query failed after returning 7 values (BAD_INDEX)
05-30 16:55:26.521 D/CCodecConfig( 637): c2 config diff is Dict {
05-30 16:55:26.521 D/CCodecConfig( 637): c2::u32 coded.bitrate.value = 64000
05-30 16:55:26.521 D/CCodecConfig( 637): c2::u32 input.buffers.max-size.value = 8192
05-30 16:55:26.521 D/CCodecConfig( 637): c2::u32 input.delay.value = 0
05-30 16:55:26.521 D/CCodecConfig( 637): string input.media-type.value = "audio/mpeg"
05-30 16:55:26.521 D/CCodecConfig( 637): string output.media-type.value = "audio/raw"
05-30 16:55:26.521 D/CCodecConfig( 637): c2::u32 raw.channel-count.value = 2
05-30 16:55:26.521 D/CCodecConfig( 637): c2::u32 raw.sample-rate.value = 44100
05-30 16:55:26.521 D/CCodecConfig( 637): }
05-30 16:55:26.523 I/NU-AmNuPlayerDecoder( 637): [#4] mComponentName c2.android.mp3.decoder
05-30 16:55:26.523 I/NU-AmNuPlayerRenderer( 637): [#4] audio source format 0x1
05-30 16:55:26.523 I/NU-AmNuPlayerDecoder( 637): sampleRate:16000
05-30 16:55:26.523 I/NU-AmNuPlayerDecoder( 637): [#4] is_passthrough_enable:0
05-30 16:55:26.523 I/NU-AmNuPlayerDecoder( 637): channel-count=1
05-30 16:55:26.523 I/NU-AmNuPlayerDecoder( 637): sample-rate=16000
05-30 16:55:26.523 I/NU-AmNuPlayerDecoder( 637): is_passthrough_enable=0
05-30 16:55:26.523 I/NU-AmNuPlayerDecoder( 637): extradata-size=0
05-30 16:55:26.523 I/MediaCodec( 637): MediaCodec will operate in async mode
05-30 16:55:26.523 D/MediaCodec( 637): flushMediametrics
05-30 16:55:26.523 D/CCodec ( 637): [c2.android.mp3.decoder] buffers are bound to CCodec for this session
05-30 16:55:26.523 D/CCodecConfig( 637): no c2 equivalents for durationUs
05-30 16:55:26.523 D/CCodecConfig( 637): no c2 equivalents for encoder-delay
05-30 16:55:26.523 D/CCodecConfig( 637): no c2 equivalents for encoder-padding
05-30 16:55:26.523 D/CCodecConfig( 637): no c2 equivalents for is_passthrough_enable
05-30 16:55:26.523 D/CCodecConfig( 637): no c2 equivalents for flags
05-30 16:55:26.524 D/CCodecConfig( 637): c2 config diff is c2::u32 coded.bitrate.value = 48000
05-30 16:55:26.524 D/CCodecConfig( 637): c2::u32 raw.channel-count.value = 1
05-30 16:55:26.524 D/CCodecConfig( 637): c2::u32 raw.sample-rate.value = 16000
05-30 16:55:26.525 W/Codec2Client( 637): query -- param skipped: index = 1107298332.
05-30 16:55:26.525 D/CCodec ( 637): encoding statistics level = 0
05-30 16:55:26.525 D/CCodec ( 637): setup formats input: AMessage(what = 0x00000000) = {
05-30 16:55:26.525 D/CCodec ( 637): int32_t bitrate = 48000
05-30 16:55:26.525 D/CCodec ( 637): int32_t channel-count = 1
05-30 16:55:26.525 D/CCodec ( 637): int32_t max-input-size = 8192
05-30 16:55:26.525 D/CCodec ( 637): string mime = "audio/mpeg"
05-30 16:55:26.525 D/CCodec ( 637): int32_t sample-rate = 16000
05-30 16:55:26.525 D/CCodec ( 637): }
05-30 16:55:26.525 D/CCodec ( 637): setup formats output: AMessage(what = 0x00000000) = {
05-30 16:55:26.525 D/CCodec ( 637): int32_t channel-count = 1
05-30 16:55:26.525 D/CCodec ( 637): string mime = "audio/raw"
05-30 16:55:26.525 D/CCodec ( 637): int32_t sample-rate = 16000
05-30 16:55:26.525 D/CCodec ( 637): int32_t encoder-delay = 576
05-30 16:55:26.525 D/CCodec ( 637): int32_t encoder-padding = 852
05-30 16:55:26.525 D/CCodec ( 637): int32_t android._config-pcm-encoding = 2
05-30 16:55:26.525 D/CCodec ( 637): }
05-30 16:55:26.525 I/CCodecConfig( 637): query failed after returning 7 values (BAD_INDEX)
05-30 16:55:26.525 D/MediaCodec( 637): keep callback message for reclaim
05-30 16:55:26.526 W/Codec2Client( 637): query -- param skipped: index = 1342179345.
05-30 16:55:26.526 W/Codec2Client( 637): query -- param skipped: index = 2415921170.
05-30 16:55:26.527 D/CCodecBufferChannel( 637): [c2.android.mp3.decoder#736] Created input block pool with allocatorID 16 => poolID 21 - OK (0)
05-30 16:55:26.529 I/CCodecBufferChannel( 637): [c2.android.mp3.decoder#736] Created output block pool with allocatorID 16 => poolID 30 - OK
05-30 16:55:26.529 D/CCodecBufferChannel( 637): [c2.android.mp3.decoder#736] Configured output block pool ids 30 => OK
05-30 16:55:26.529 I/C2VendorComponentStore( 510): setDmaBufUsage 5
05-30 16:55:26.531 D/SimpleC2Component( 642): Using output block pool with poolID 30 => got 30 - 0
05-30 16:55:26.531 D/NuPlayerDecoderBase( 637): [#4] [KPI] startup, mediacodec config time spent: 35767
05-30 16:55:26.531 I/NU-AmNuPlayerDecoder( 637): [#4] [c2.android.mp3.decoder] First CB_INPUT_AVAILABLE received.
05-30 16:55:26.531 I/NU-AmNuPlayerDecoder( 637): [#4] [c2.android.mp3.decoder] First Input Buffer Queued to Codec
05-30 16:55:26.534 I/C2VendorComponentStore( 510): setDmaBufUsage 5
05-30 16:55:26.534 I/C2SoftMp3Dec( 642): Reconfiguring decoder: 0->16000 Hz, 0->1 channels
05-30 16:55:26.538 I/NU-AmNuPlayerDecoder( 637): [#4] handleOutputFormatChange format: AMessage(what = 0x00000000) = {
05-30 16:55:26.538 I/NU-AmNuPlayerDecoder( 637): int32_t channel-count = 1
05-30 16:55:26.538 I/NU-AmNuPlayerDecoder( 637): string mime = "audio/raw"
05-30 16:55:26.538 I/NU-AmNuPlayerDecoder( 637): int32_t sample-rate = 16000
05-30 16:55:26.538 I/NU-AmNuPlayerDecoder( 637): int32_t encoder-delay = 576
05-30 16:55:26.538 I/NU-AmNuPlayerDecoder( 637): int32_t encoder-padding = 852
05-30 16:55:26.538 I/NU-AmNuPlayerDecoder( 637): int32_t android._config-pcm-encoding = 2
05-30 16:55:26.538 I/NU-AmNuPlayerDecoder( 637): }
05-30 16:55:26.538 V/NU-AmNuPlayerRenderer( 637): [#4] openAudioSink: offloadOnly(0) offloadingAudio(0)
05-30 16:55:26.538 V/NU-AmNuPlayerRenderer( 637): [#4] track of type does not publish channel mask, use channel count:1 instead.
05-30 16:55:26.538 V/NU-AmNuPlayerRenderer( 637): [#4] openAudioSink channelMask:0x1
05-30 16:55:26.538 I/NU-AmNuPlayerDecoder( 637): [#4] [c2.android.mp3.decoder] First CB_OUTPUT_AVAILABLE received. input buffer queued: 4
05-30 16:55:26.538 V/NU-AmNuPlayerRenderer( 637): [#4] openAudioSink: open AudioSink in NON-offload mode
05-30 16:55:26.538 I/NU-AmNuPlayerDecoder( 637): [#4] [c2.android.mp3.decoder] First Out Buffer Queued to Render. timeUs:0
05-30 16:55:26.539 D/xm_audio( 504): adev_get_parameters
05-30 16:55:26.540 I/NU-AmNuPlayerRenderer( 637): is_force_direct 0
05-30 16:55:26.540 D/NU-AmNuPlayerRenderer( 637): [#4] audio sink close from [onOpenAudioSink,5624]
05-30 16:55:26.544 I/audio_hw_hal_primary( 504): [audiohal_get_latency:1333] io 13: out:0xe83440c0 frames:1152 rate:48000 whole_latency:24 alsa_latency:24
05-30 16:55:26.545 D/AudioFlinger( 555): Client defaulted notificationFrames to 4092 for frameCount 8184
05-30 16:55:26.546 I/audio_hw_hal_primary( 504): [audiohal_get_latency:1333] io 13: out:0xe83440c0 frames:1024 rate:48000 whole_latency:21 alsa_latency:21
05-30 16:55:26.549 D/NU-AmNuPlayerRenderer( 637): [#4] audio sink open from [onOpenAudioSink,5693]
