05-30 17:32:30.741 D/CompatibilityChangeReporter( 710): Compat change id reported: 170503758; UID 10044; state: DISABLED
05-30 17:32:30.744 D/ApplicationLoaders( 2676): Returning zygote-cached class loader: /system/framework/android.test.base.jar
05-30 17:32:30.744 D/ApplicationLoaders( 2676): Returning zygote-cached class loader: /system/framework/android.hidl.manager-V1.0-java.jar
05-30 17:32:30.744 D/ApplicationLoaders( 2676): Returning zygote-cached class loader: /system/framework/android.hidl.base-V1.0-java.jar
05-30 17:32:30.752 E/raop ( 2163): httpd_stop running 0 joined 1
05-30 17:32:30.753 D/nativeloader( 2676): Configuring clns-shared-4 for other apk /system/app/dangbei-screencast/dangbei-screencast.apk. target_sdk_version=28, uses_libraries=, library_path=/system/app/dangbei-screencast/lib/arm:/system/app/dangbei-screencast/dangbei-screencast.apk!/lib/armeabi-v7a:/system/lib:/system_ext/lib, permitted_path=/data:/mnt/expand:/data/user/0/com.dangbei.screencast:/system/app/dangbei-screencast:/system/lib:/system_ext/lib
05-30 17:32:30.780 V/GraphicsEnvironment( 2676): Currently set values for:
05-30 17:32:30.780 V/GraphicsEnvironment( 2676): angle_gl_driver_selection_pkgs=[]
05-30 17:32:30.780 V/GraphicsEnvironment( 2676): angle_gl_driver_selection_values=[]
05-30 17:32:30.780 V/GraphicsEnvironment( 2676): ANGLE GameManagerService for com.dangbei.screencast: false
05-30 17:32:30.780 V/GraphicsEnvironment( 2676): com.dangbei.screencast is not listed in per-application setting
05-30 17:32:30.780 V/GraphicsEnvironment( 2676): Neither updatable production driver nor prerelease driver is supported.
05-30 17:32:30.784 I/MultiDex( 2676): VM with version 2.1.0 has multidex support
05-30 17:32:30.784 I/MultiDex( 2676): Installing application
05-30 17:32:30.784 I/MultiDex( 2676): VM has multidex support, MultiDex support library is disabled.
05-30 17:32:30.785 D/CompatibilityChangeReporter( 2676): Compat change id reported: 247079863; UID 10044; state: DISABLED
05-30 17:32:30.788 I/efs.base( 2163): wa upload succ, HttpResponse {succ=true, code=200, data='暂不支持该服务', extra={req_url=https://errlog.umeng.com/api/crashsdk/logcollect}}
05-30 17:32:30.793 D/CompatibilityChangeReporter( 710): Compat change id reported: 161145287; UID 10044; state: DISABLED
05-30 17:32:30.811 I/encast:bg_guard( 2676): type=1400 audit(0.0:1079): avc: denied { read } for name="address" dev="sysfs" ino=22127 scontext=u:r:untrusted_app_27:s0:c44,c256,c512,c768 tcontext=u:object_r:sysfs_net:s0 tclass=file permissive=1 app=com.dangbei.screencast
05-30 17:32:30.821 I/crashsdk( 2676): version unique build id: 6230cced
05-30 17:32:30.811 I/encast:bg_guard( 2676): type=1400 audit(0.0:1080): avc: denied { open } for path="/sys/devices/virtual/net/dummy0/address" dev="sysfs" ino=22127 scontext=u:r:untrusted_app_27:s0:c44,c256,c512,c768 tcontext=u:object_r:sysfs_net:s0 tclass=file permissive=1 app=com.dangbei.screencast
05-30 17:32:30.826 I/crashsdk( 2676): begin hack android.os.Process
05-30 17:32:30.826 I/crashsdk( 2676): end hack android.os.Process
05-30 17:32:30.811 I/encast:bg_guard( 2676): type=1400 audit(0.0:1081): avc: denied { getattr } for path="/sys/devices/virtual/net/dummy0/address" dev="sysfs" ino=22127 scontext=u:r:untrusted_app_27:s0:c44,c256,c512,c768 tcontext=u:object_r:sysfs_net:s0 tclass=file permissive=1 app=com.dangbei.screencast
05-30 17:32:30.828 D/crashsdk( 2676): Native log stat thread 2727 setup, waiting
05-30 17:32:30.819 I/Thread-3( 2676): type=1400 audit(0.0:1082): avc: denied { read } for name="version" dev="proc" ino=4026532005 scontext=u:r:untrusted_app_27:s0:c44,c256,c512,c768 tcontext=u:object_r:proc_version:s0 tclass=file permissive=1 app=com.dangbei.screencast
05-30 17:32:30.836 I/TDLog ( 2676): setReportUncaughtExceptions: true
05-30 17:32:30.837 E/Application( 2676): onCreate:Version:v2.8.3/20830/883432e
05-30 17:32:30.839 I/Matrix.AnrTracer( 2676): anrTrace, final mAnrBeatTime:400, mAnrBeatRate:400
05-30 17:32:30.842 W/efs.send_log( 2676): tryFileLock start!
05-30 17:32:30.842 E/LaunchManager( 2676): Non main process !
05-30 17:32:30.843 W/System.err( 2676): java.lang.NullPointerException: Attempt to invoke virtual method 'boolean com.efs.sdk.launch.LaunchConfigManager.enableTracer()' on a null object reference
05-30 17:32:30.843 W/System.err( 2676): at com.umeng.umcrash.UMCrash.init(Unknown Source:403)
05-30 17:32:30.843 W/System.err( 2676): at java.lang.reflect.Method.invoke(Native Method)
05-30 17:32:30.843 W/System.err( 2676): at com.umeng.commonsdk.UMConfigure.init(Unknown Source:811)
05-30 17:32:30.843 W/System.err( 2676): at b.f.f.b.a(:4)
05-30 17:32:30.843 W/System.err( 2676): at h.o.a.run(Unknown Source:2)
05-30 17:32:30.847 I/efs.config( 2676): --->>> 删除旧的配置文件 false
05-30 17:32:30.847 I/efs.base( 2676): lt=event`ev_ct=efs_core`ev_ac=pvuv`tm=2025-05-30 17:32:84`dn=6aee369d-97d5-42b8-aaef-4ff281a087ea`ps=com.dangbei.screencast:bg_guard`um_os=android`stime=1748597550700`pid=2676`fr=android`pkg=com.dangbei.screencast`vcode=20830`dsp_w=1920`uid=6aee369d-97d5-42b8-aaef-4ff281a087ea`rom=14`wid=6aee369d-97d5-42b8-aaef-4ff281a087ea`um_app_carrier=`um_access=wifi`um_app_channel=os`um_crash_sdk_version=1.4.0`ctime=1748597550`model=dbbox-a3`lang=zh`net=wifi`brand=amlogic`dsp_h=1080`um_network_type=0`ver=v2.8.3`build_model=DBBOX-A3`w_tm=1748597550`appid=5fc60c21094d637f3130af19`um_umid_header=aid1f46722b5c1259e2d18ce903dbe35a6`sdk=34`tzone=Asia/Shanghai`sdk_ver=1.3.6.umeng
05-30 17:32:30.862 I/crashsdk( 2676): Catcher mask: 5000, 20480
05-30 17:32:30.862 I/crashsdk( 2676): Catcher thread 2704
05-30 17:32:30.862 D/crashsdk( 2676): Register ANR handler ...
05-30 17:32:30.863 I/efs.config( 2676): current config version (-1) is older than another (1735614866)
05-30 17:32:30.863 I/efs.config( 2676): load config from storage and notify observer
05-30 17:32:30.865 I/TDLog ( 2676): TalkingData SDK init...
05-30 17:32:30.865 I/TDLog ( 2676): SDK_VERSION is: Android+TD+V5.0.7 gp Type:Native Build_Num:2141
05-30 17:32:30.865 I/TDLog ( 2676): App ID is: B9D7815EC975466AB1332111FCE62DF5
05-30 17:32:30.865 I/TDLog ( 2676): App Channel is: os
05-30 17:32:30.865 I/TDLog ( 2676): App Custom is:
05-30 17:32:30.865 I/TDLog ( 2676): SDK_OVC is: TDOVC+a3bb7754719798526508b6caad480dd7+SaaS
05-30 17:32:30.867 D/TrafficStats( 2676): tagSocket(131) with statsTag=0xffffffff, statsUid=-1
05-30 17:32:30.868 D/CompatibilityChangeReporter( 710): Compat change id reported: 170668199; UID 10044; state: DISABLED
05-30 17:32:30.868 W/ActivityManager( 710): Foreground service started from background can not have location/camera/microphone access: service com.dangbei.screencast/.startup.GuardService
05-30 17:32:30.868 D/CompatibilityChangeReporter( 710): Compat change id reported: 255038118; UID 10044; state: DISABLED
05-30 17:32:30.869 D/CompatibilityChangeReporter( 710): Compat change id reported: 255042465; UID 10044; state: DISABLED
05-30 17:32:30.870 W/ForegroundServiceTypeLoggerModule( 710): Foreground service start for UID: 10044 does not have any types
05-30 17:32:30.884 E/GuardService( 2676): onStartCommand:
05-30 17:32:30.884 E/GuardService( 2676): onStartCommand: cmd:1
05-30 17:32:30.884 E/GuardService( 2676): result:2
05-30 17:32:30.939 D/TrafficStats( 2676): tagSocket(131) with statsTag=0xffffffff, statsUid=-1
05-30 17:32:31.030 W/Router ( 2163): disable lock:org.fourthline.cling.android.AndroidRouter@1ad8fc5_java.util.concurrent.locks.ReentrantReadWriteLock$WriteLock@126d1a[Unlocked]
05-30 17:32:31.030 I/Router ( 2163): WiFi multicast lock released
05-30 17:32:31.031 I/WifiService( 710): releaseMulticastLock uid=10044
05-30 17:32:31.032 I/Router ( 2163): WiFi lock released
05-30 17:32:31.032 I/WifiService( 710): releaseWifiLock uid=10044
05-30 17:32:31.033 I/WifiHAL ( 520): wifi_set_latency_mode set to 0
05-30 17:32:31.034 D/IpClient.wlan0( 1051): set max DTIM multiplier to 9
05-30 17:32:31.043 D/WifiHAL ( 520): Setting APF program, halHandle = 0xe8642740
05-30 17:32:31.043 I/WifiHAL ( 520): createRequest: APF set program request
05-30 17:32:31.043 D/WifiHAL ( 520): error code -95 mapped to -3
05-30 17:32:31.043 I/WifiHAL ( 520): Request Response failed for APF, result = -3
05-30 17:32:31.043 E/WifiStaIfaceAidlImpl( 710): installApfPacketFilter failed with service-specific exception: android.os.ServiceSpecificException: (code 4)
05-30 17:32:31.044 D/WifiHAL ( 520): Setting DTIM config , halHandle = 0xe8642740 Multiplier = 9
05-30 17:32:31.044 I/WifiHAL ( 520): Successfully configured dtim multiplier 9
05-30 17:32:31.044 D/WifiHAL ( 520): error code -95 mapped to -3
05-30 17:32:31.044 E/WifiStaIfaceAidlImpl( 710): setDtimMultiplier failed with service-specific exception: android.os.ServiceSpecificException: (code 4)
05-30 17:32:31.054 I/JettyServletContainer( 2163): No more connectors, stopping Jetty server
05-30 17:32:31.054 I/JettyServletContainer( 2163): Stopping Jetty server...
05-30 17:32:31.055 E/JettyServletContainer( 2163): error:java.net.SocketException: Socket closed
05-30 17:32:31.055 W/System.err( 2163): java.net.SocketException: Socket closed
05-30 17:32:31.055 W/System.err( 2163): at java.net.PlainSocketImpl.socketAccept(PlainSocketImpl.java:213)
05-30 17:32:31.055 W/System.err( 2163): at java.net.AbstractPlainSocketImpl.accept(AbstractPlainSocketImpl.java:451)
05-30 17:32:31.055 W/System.err( 2163): at java.net.ServerSocket.implAccept(ServerSocket.java:569)
05-30 17:32:31.055 W/System.err( 2163): at java.net.ServerSocket.accept(ServerSocket.java:537)
05-30 17:32:31.055 W/System.err( 2163): at l.c.a.f.w.a.accept(Unknown Source:2)
05-30 17:32:31.056 W/System.err( 2163): at org.fourthline.cling.transport.impl.jetty.JettyServletContainer$2.accept(Unknown Source:1)
05-30 17:32:31.056 W/System.err( 2163): at l.c.a.f.a$a.run(Unknown Source:113)
05-30 17:32:31.056 W/System.err( 2163): at java.util.concurrent.ThreadPoolExecutor.runWorker(ThreadPoolExecutor.java:1145)
05-30 17:32:31.056 W/System.err( 2163): at java.util.concurrent.ThreadPoolExecutor$Worker.run(ThreadPoolExecutor.java:644)
05-30 17:32:31.056 W/System.err( 2163): at java.lang.Thread.run(Thread.java:1012)
05-30 17:32:31.056 W/System.err( 2163): 2025-05-30 17:32:31.055:INFO:lcaf.p:Graceful shutdown l.c.a.g.d{/upnp,null}
05-30 17:32:31.078 W/BatteryExternalStatsWorker( 710): error reading modem stats:ERROR_PHONE_NOT_AVAILABLE
05-30 17:32:31.079 W/BatteryExternalStatsWorker( 710): error reading Bluetooth stats: 11
05-30 17:32:31.100 D/TrafficStats( 2676): tagSocket(131) with statsTag=0xffffffff, statsUid=-1
05-30 17:32:31.114 I/ThermalService( 976): CPU temperatures: [51.2]
05-30 17:32:31.321 W/efs.info.manager( 2676): network change: wifi
05-30 17:32:31.673 I/WifiHAL ( 520): call wifi_get_link_stats handler
05-30 17:32:31.673 I/WifiHAL ( 520): Creating message to get link statistics; iface = 16
05-30 17:32:31.673 D/WifiHAL ( 520): error code -95 mapped to -3
05-30 17:32:31.673 E/WifiStaIfaceAidlImpl( 710): getLinkLayerStats failed with service-specific exception: android.os.ServiceSpecificException: (code 4)
05-30 17:32:32.057 W/System.err( 2163): 2025-05-30 17:32:32.056:INFO:lcafx.c:stopped l.c.a.g.d{/upnp,null}
05-30 17:32:32.058 W/Router ( 2163): disable unlock:org.fourthline.cling.android.AndroidRouter@1ad8fc5
05-30 17:32:32.059 W/UpnpServiceImpl( 2163): <<< UPnP service shutdown completed
05-30 17:32:32.696 I/crashsdk( 2163): android_os_Process_sendSignal. PID: 2163 SIG: 9
05-30 17:32:32.696 I/crashsdk( 2163): onKillProcess. SIG: 9
05-30 17:32:32.698 I/crashsdk( 2163): Kill PID: 2163 (com.dangbei.screencast) by pid: 2163 (com.dangbei.screencast) tid: 2163 (main)
05-30 17:32:32.698 I/crashsdk( 2163): SIG: 9, fg: false, exiting: false, main process: true, time: 20250530173232
05-30 17:32:32.698 I/crashsdk( 2163): State in disk: 'b'
05-30 17:32:32.698 I/crashsdk( 2163): at android.os.Process.sendSignal(Native Method)
05-30 17:32:32.698 I/crashsdk( 2163): at android.os.Process.killProcess(Process.java:1315)
05-30 17:32:32.698 I/crashsdk( 2163): at com.dangbei.screencast.startup.JumpService$i.run(:2)
05-30 17:32:32.698 I/crashsdk( 2163): at android.os.Handler.handleCallback(Handler.java:958)
05-30 17:32:32.698 I/crashsdk( 2163): at android.os.Handler.dispatchMessage(Handler.java:99)
05-30 17:32:32.698 I/crashsdk( 2163): at android.os.Looper.loopOnce(Looper.java:205)
05-30 17:32:32.698 I/crashsdk( 2163): at android.os.Looper.loop(Looper.java:294)
05-30 17:32:32.698 I/crashsdk( 2163): at android.app.ActivityThread.main(ActivityThread.java:8255)
05-30 17:32:32.698 I/crashsdk( 2163): at java.lang.reflect.Method.invoke(Native Method)
05-30 17:32:32.698 I/crashsdk( 2163): at com.android.internal.os.RuntimeInit$MethodAndArgsCaller.run(RuntimeInit.java:552)
05-30 17:32:32.698 I/crashsdk( 2163): at com.android.internal.os.ZygoteInit.main(ZygoteInit.java:978)
05-30 17:32:32.699 I/Process ( 2163): Sending signal. PID: 2163 SIG: 9
05-30 17:32:32.736 W/efs.send_log( 2386): tryFileLock sendlock sucess! processname: com.huawei.connection
05-30 17:32:32.742 I/ActivityManager( 710): Process com.dangbei.screencast (pid 2163) has died: prcp FGS
05-30 17:32:32.743 I/libprocessgroup( 710): Successfully killed process cgroup uid 10044 pid 2163 in 0ms
05-30 17:32:32.744 I/Zygote ( 465): Process 2163 exited due to signal 9 (Killed)
05-30 17:32:32.744 D/CompatibilityChangeReporter( 710): Compat change id reported: 261072174; UID 10044; state: DISABLED
05-30 17:32:32.745 D/NearFieldManagerService( 2386): onDestroy, enter.
05-30 17:32:32.745 I/NearFieldManagerService( 2386): killCurrentProcess.
05-30 17:32:32.745 I/crashsdk( 2386): android_os_Process_sendSignal. PID: 2386 SIG: 9
05-30 17:32:32.745 W/ActivityManager( 710): Scheduling restart of crashed service com.dangbei.screencast/.huaweicast.service.HuaweiCastService in 1000ms for start-requested
05-30 17:32:32.745 I/crashsdk( 2386): onKillProcess. SIG: 9
05-30 17:32:32.745 W/ActivityManager( 710): Scheduling restart of crashed service com.dangbei.screencast/.startup.StartupService in 10999ms for start-requested
05-30 17:32:32.746 I/crashsdk( 2386): Kill PID: 2386 (com.huawei.connection) by pid: 2386 (com.huawei.connection) tid: 2386 (main)
05-30 17:32:32.746 I/crashsdk( 2386): SIG: 9, fg: false, exiting: false, main process: false, time: 20250530173232
05-30 17:32:32.746 I/crashsdk( 2386): State in disk: 'b'
05-30 17:32:32.746 I/crashsdk( 2386): at android.os.Process.sendSignal(Native Method)
05-30 17:32:32.746 I/crashsdk( 2386): at android.os.Process.killProcess(Process.java:1315)
05-30 17:32:32.746 I/crashsdk( 2386): at com.huawei.connection.service.NearFieldManagerService.c(Unknown Source:11)
05-30 17:32:32.746 I/crashsdk( 2386): at com.huawei.connection.service.NearFieldManagerService.onDestroy(Unknown Source:10)
05-30 17:32:32.746 I/crashsdk( 2386): at android.app.ActivityThread.handleStopService(ActivityThread.java:4896)
05-30 17:32:32.746 I/crashsdk( 2386): at android.app.ActivityThread.-$$Nest$mhandleStopService(Unknown Source:0)
05-30 17:32:32.746 I/crashsdk( 2386): at android.app.ActivityThread$H.handleMessage(ActivityThread.java:2326)
05-30 17:32:32.746 I/crashsdk( 2386): at android.os.Handler.dispatchMessage(Handler.java:106)
05-30 17:32:32.746 I/crashsdk( 2386): at android.os.Looper.loopOnce(Looper.java:205)
05-30 17:32:32.746 I/crashsdk( 2386): at android.os.Looper.loop(Looper.java:294)
05-30 17:32:32.746 I/crashsdk( 2386): at android.app.ActivityThread.main(ActivityThread.java:8255)
05-30 17:32:32.746 I/crashsdk( 2386): at java.lang.reflect.Method.invoke(Native Method)
05-30 17:32:32.746 I/crashsdk( 2386): at com.android.internal.os.RuntimeInit$MethodAndArgsCaller.run(RuntimeInit.java:552)
05-30 17:32:32.746 I/crashsdk( 2386): at com.android.internal.os.ZygoteInit.main(ZygoteInit.java:978)
05-30 17:32:32.747 I/Process ( 2386): Sending signal. PID: 2386 SIG: 9
05-30 17:32:32.776 W/efs.send_log( 2676): tryFileLock sendlock sucess! processname: com.dangbei.screencast:bg_guard
05-30 17:32:32.777 I/ActivityManager( 710): Process com.huawei.connection (pid 2386) has died: fg SVC
05-30 17:32:32.778 I/libprocessgroup( 710): Successfully killed process cgroup uid 10044 pid 2386 in 0ms
05-30 17:32:32.778 I/Zygote ( 465): Process 2386 exited due to signal 9 (Killed)
05-30 17:32:33.117 I/ThermalService( 976): CPU temperatures: [50.600002]
05-30 17:32:33.746 D/CompatibilityChangeReporter( 710): Compat change id reported: 135634846; UID 10044; state: DISABLED
05-30 17:32:33.748 D/CompatibilityChangeReporter( 710): Compat change id reported: 143937733; UID 10044; state: DISABLED
05-30 17:32:33.762 D/Zygote ( 465): Forked child process 2757
05-30 17:32:33.763 I/ActivityManager( 710): Start proc 2757:com.dangbei.screencast/u0a44 for service {com.dangbei.screencast/com.dangbei.screencast.huaweicast.service.HuaweiCastService}
05-30 17:32:33.771 I/Zygote ( 2757): seccomp disabled by setenforce 0
05-30 17:32:33.777 I/gbei.screencast( 2757): Using CollectorTypeCC GC.
05-30 17:32:33.783 E/gbei.screencast( 2757): Not starting debugger since process cannot load the jdwp agent.
05-30 17:32:33.797 D/CompatibilityChangeReporter( 2757): Compat change id reported: 171979766; UID 10044; state: DISABLED
05-30 17:32:33.797 D/CompatibilityChangeReporter( 2757): Compat change id reported: 242716250; UID 10044; state: DISABLED
05-30 17:32:33.802 D/ApplicationLoaders( 2757): Returning zygote-cached class loader: /system/framework/android.test.base.jar
05-30 17:32:33.802 D/ApplicationLoaders( 2757): Returning zygote-cached class loader: /system/framework/android.hidl.manager-V1.0-java.jar
05-30 17:32:33.802 D/ApplicationLoaders( 2757): Returning zygote-cached class loader: /system/framework/android.hidl.base-V1.0-java.jar
05-30 17:32:33.810 D/nativeloader( 2757): Configuring clns-shared-4 for other apk /system/app/dangbei-screencast/dangbei-screencast.apk. target_sdk_version=28, uses_libraries=, library_path=/system/app/dangbei-screencast/lib/arm:/system/app/dangbei-screencast/dangbei-screencast.apk!/lib/armeabi-v7a:/system/lib:/system_ext/lib, permitted_path=/data:/mnt/expand:/data/user/0/com.dangbei.screencast:/system/app/dangbei-screencast:/system/lib:/system_ext/lib
05-30 17:32:33.836 D/TrafficStats( 2676): tagSocket(142) with statsTag=0xffffffff, statsUid=-1
05-30 17:32:33.837 V/GraphicsEnvironment( 2757): Currently set values for:
05-30 17:32:33.837 V/GraphicsEnvironment( 2757): angle_gl_driver_selection_pkgs=[]
05-30 17:32:33.837 V/GraphicsEnvironment( 2757): angle_gl_driver_selection_values=[]
05-30 17:32:33.838 V/GraphicsEnvironment( 2757): ANGLE GameManagerService for com.dangbei.screencast: false
05-30 17:32:33.838 V/GraphicsEnvironment( 2757): com.dangbei.screencast is not listed in per-application setting
05-30 17:32:33.838 V/GraphicsEnvironment( 2757): Neither updatable production driver nor prerelease driver is supported.
05-30 17:32:33.842 I/MultiDex( 2757): VM with version 2.1.0 has multidex support
05-30 17:32:33.843 I/MultiDex( 2757): Installing application
05-30 17:32:33.843 I/MultiDex( 2757): VM has multidex support, MultiDex support library is disabled.
05-30 17:32:33.843 E/PartsInfoProvider( 2757): onCreate:
05-30 17:32:33.845 E/ServiceUtils( 2757): start main service
05-30 17:32:33.847 E/ServiceUtils( 2757): start main service
05-30 17:32:33.854 D/AndroidAutoSize( 2757): designWidthInDp = 1920, designHeightInDp = 1080, screenWidth = 1920, screenHeight = 1080
05-30 17:32:33.855 D/AndroidAutoSize( 2757): initDensity = 1.5, initScaledDensity = 1.5
05-30 17:32:33.864 D/CompatibilityChangeReporter( 2757): Compat change id reported: 247079863; UID 10044; state: DISABLED
05-30 17:32:33.894 I/crashsdk( 2757): version unique build id: 6230cced
05-30 17:32:33.895 D/crashsdk( 2757): Native log stat thread 2788 setup, waiting
05-30 17:32:33.891 I/Thread-4( 2757): type=1400 audit(0.0:1091): avc: denied { read } for name="version" dev="proc" ino=4026532005 scontext=u:r:untrusted_app_27:s0:c44,c256,c512,c768 tcontext=u:object_r:proc_version:s0 tclass=file permissive=1 app=com.dangbei.screencast
05-30 17:32:33.898 I/crashsdk( 2757): begin hack android.os.Process
05-30 17:32:33.898 I/crashsdk( 2757): end hack android.os.Process
05-30 17:32:33.891 I/Thread-4( 2757): type=1400 audit(0.0:1092): avc: denied { open } for path="/proc/version" dev="proc" ino=4026532005 scontext=u:r:untrusted_app_27:s0:c44,c256,c512,c768 tcontext=u:object_r:proc_version:s0 tclass=file permissive=1 app=com.dangbei.screencast
05-30 17:32:33.891 I/Thread-4( 2757): type=1400 audit(0.0:1093): avc: denied { getattr } for path="/proc/version" dev="proc" ino=4026532005 scontext=u:r:untrusted_app_27:s0:c44,c256,c512,c768 tcontext=u:object_r:proc_version:s0 tclass=file permissive=1 app=com.dangbei.screencast
05-30 17:32:33.905 I/TDLog ( 2757): setReportUncaughtExceptions: true
05-30 17:32:33.906 E/Application( 2757): onCreate:Version:v2.8.3/20830/883432e
05-30 17:32:33.915 I/Matrix.AnrTracer( 2757): anrTrace, final mAnrBeatTime:400, mAnrBeatRate:400
05-30 17:32:33.916 I/TDLog ( 2757): TalkingData SDK init...
05-30 17:32:33.916 I/TDLog ( 2757): SDK_VERSION is: Android+TD+V5.0.7 gp Type:Native Build_Num:2141
05-30 17:32:33.916 I/TDLog ( 2757): App ID is: B9D7815EC975466AB1332111FCE62DF5
05-30 17:32:33.916 I/TDLog ( 2757): App Channel is: os
05-30 17:32:33.916 I/TDLog ( 2757): App Custom is:
05-30 17:32:33.916 I/TDLog ( 2757): SDK_OVC is: TDOVC+a3bb7754719798526508b6caad480dd7+SaaS
05-30 17:32:33.919 W/efs.send_log( 2757): tryFileLock start!
05-30 17:32:33.924 I/efs.config( 2757): --->>> 删除旧的配置文件 false
05-30 17:32:33.924 I/efs.base( 2757): lt=event`ev_ct=efs_core`ev_ac=pvuv`tm=2025-05-30 17:32:92`dn=6aee369d-97d5-42b8-aaef-4ff281a087ea`ps=com.dangbei.screencast`um_os=android`stime=1748597553751`pid=2757`fr=android`pkg=com.dangbei.screencast`vcode=20830`dsp_w=1920`uid=6aee369d-97d5-42b8-aaef-4ff281a087ea`rom=14`wid=6aee369d-97d5-42b8-aaef-4ff281a087ea`um_app_carrier=`um_access=wifi`um_app_channel=os`um_crash_sdk_version=1.4.0`ctime=1748597553`model=dbbox-a3`lang=zh`net=wifi`brand=amlogic`dsp_h=1080`um_network_type=0`ver=v2.8.3`build_model=DBBOX-A3`w_tm=1748597553`appid=5fc60c21094d637f3130af19`um_umid_header=aid1f46722b5c1259e2d18ce903dbe35a6`sdk=34`tzone=Asia/Shanghai`sdk_ver=1.3.6.umeng
05-30 17:32:33.938 D/LaunchConfigManager( 2757): check in allready
05-30 17:32:33.938 I/crashsdk( 2757): Catcher mask: 5000, 20480
05-30 17:32:33.938 I/crashsdk( 2757): Catcher thread 2762
05-30 17:32:33.938 D/crashsdk( 2757): Register ANR handler ...
05-30 17:32:33.938 I/LaunchTrace( 2757): begin sendLaunchCache
05-30 17:32:33.939 I/efs.config( 2757): current config version (-1) is older than another (1735614866)
05-30 17:32:33.939 I/efs.config( 2757): load config from storage and notify observer
05-30 17:32:33.939 E/HuaweiCastService( 2757): onCreate called().
05-30 17:32:33.942 E/PlayerClient( 2757): registerCallback com.dangbei.screencast.huaweicast.service.HuaweiCastService$a@715813a
05-30 17:32:33.942 D/PlayerClient( 2757): registerCallback true
05-30 17:32:33.942 D/PlayerClient( 2757): init.
05-30 17:32:33.943 W/KIT_FWK_a( 2757): KitFwk is not installed, pls do not use related interfaces.
05-30 17:32:33.943 W/KIT_FWK_a( 2757): KitFwk is not installed, pls do not use related interfaces.
05-30 17:32:33.943 E/PlayerClient( 2757): bind player service by aar.
05-30 17:32:33.947 D/PlayerClient( 2757): bind player sink service true
05-30 17:32:33.950 W/ActivityManager( 710): Foreground service started from background can not have location/camera/microphone access: service com.dangbei.screencast/.huaweicast.service.HuaweiCastService
05-30 17:32:33.951 E/HuaweiCastService( 2757): startForeground!
05-30 17:32:33.978 W/ActivityManager( 710): Foreground service started from background can not have location/camera/microphone access: service com.dangbei.screencast/.startup.StartupService
05-30 17:32:33.978 I/ActivityManager( 710): Background started FGS: Allowed [callingPackage: com.dangbei.screencast; callingUid: 10044; uidState: BTOP; uidBFSL: [BFSL]; intent: Intent { act=com.dangbei.screencast.STARTUP pkg=com.dangbei.screencast }; code:PROC_STATE_BTOP; tempAllowListReason:; targetSdkVersion:28; callerTargetSdkVersion:28; startForegroundCount:1; bindFromPackage:null: isBindService:true]
05-30 17:32:33.991 E/raop ( 2757): *********************AirplayBroadcastServer+++++++++
05-30 17:32:33.993 D/CompatibilityChangeReporter( 2757): Compat change id reported: 270306772; UID 10044; state: DISABLED
05-30 17:32:33.995 D/CompatibilityChangeReporter( 2757): Compat change id reported: 235355681; UID 10044; state: DISABLED
05-30 17:32:34.002 D/TrafficStats( 2757): tagSocket(150) with statsTag=0xffffffff, statsUid=-1
05-30 17:32:34.012 E/H264FrameQueue( 2757): H264FrameQueue: mFullQueueCount:200
05-30 17:32:34.018 D/wenhc ( 1464): getScreenInfo uri = content://com.dangbei.screencast.parts.info/screen_cast
05-30 17:32:34.021 W/System.err( 2757): java.lang.NullPointerException: Attempt to invoke virtual method 'byte[] java.net.NetworkInterface.getHardwareAddress()' on a null object reference
05-30 17:32:34.021 W/System.err( 2757): at b.f.f.y.g.b(Unknown Source:11)
05-30 17:32:34.021 W/System.err( 2757): at b.d.a.a.p.c0(Unknown Source:2)
05-30 17:32:34.021 W/System.err( 2757): at com.dangbei.screencast.startup.StartupService.onCreate(:5)
05-30 17:32:34.022 W/System.err( 2757): at android.app.ActivityThread.handleCreateService(ActivityThread.java:4696)
05-30 17:32:34.022 W/System.err( 2757): at android.app.ActivityThread.-$$Nest$mhandleCreateService(Unknown Source:0)
05-30 17:32:34.022 W/System.err( 2757): at android.app.ActivityThread$H.handleMessage(ActivityThread.java:2293)
05-30 17:32:34.022 W/System.err( 2757): at android.os.Handler.dispatchMessage(Handler.java:106)
05-30 17:32:34.022 W/System.err( 2757): at android.os.Looper.loopOnce(Looper.java:205)
05-30 17:32:34.022 W/System.err( 2757): at android.os.Looper.loop(Looper.java:294)
05-30 17:32:34.022 W/System.err( 2757): at android.app.ActivityThread.main(ActivityThread.java:8255)
05-30 17:32:34.022 W/System.err( 2757): at java.lang.reflect.Method.invoke(Native Method)
05-30 17:32:34.022 W/System.err( 2757): at com.android.internal.os.RuntimeInit$MethodAndArgsCaller.run(RuntimeInit.java:552)
05-30 17:32:34.022 W/System.err( 2757): at com.android.internal.os.ZygoteInit.main(ZygoteInit.java:978)
05-30 17:32:34.030 D/HiSight-SinkService( 2757): onCreate.
05-30 17:32:34.031 D/HiSight-ConnectionManager( 2757): start ConnectionManager
05-30 17:32:34.032 D/HiSight-SinkService( 2757): onBind.
05-30 17:32:34.036 E/HuaweiCastService( 2757): onStartCommand in 0
05-30 17:32:34.036 I/MobclickAgent( 2757): module init:azioc
05-30 17:32:34.038 D/PlayerClient( 2757): service connected.
05-30 17:32:34.038 D/HiSight-SinkService( 2757): ITaskBinder registerCallback: true
05-30 17:32:34.038 D/HiSight-HiSightManager( 2757): ITaskBinder registerCallback.
05-30 17:32:34.038 D/HiSight-CallbackManager( 2757): addNewCallback. com.dangbei.screencast.huaweicast.service.HuaweiCastService$a@715813a
05-30 17:32:34.039 E/HuaweiCastService( 2757): eventId: 4001
05-30 17:32:34.039 E/HuaweiCastService( 2757): mPlayerClient is null.
05-30 17:32:34.039 D/HiSight-HiSightManager( 2757): check capability vbr range not setting, using default value
05-30 17:32:34.039 E/HuaweiCastService( 2757): mPlayerClient is null.
05-30 17:32:34.040 D/HiSight-SinkService( 2757): setAuthMode
05-30 17:32:34.040 W/HiSight-ConnectionManager( 2757): mSinkId is empty
05-30 17:32:34.040 I/WifiService( 710): acquireMulticastLock uid=10044
05-30 17:32:34.041 I/WifiService( 710): acquireMulticastLock uid=10044
05-30 17:32:34.042 D/IpClient.wlan0( 1051): set max DTIM multiplier to 1
05-30 17:32:34.043 D/WifiHAL ( 520): Setting APF program, halHandle = 0xe8642740
05-30 17:32:34.043 I/WifiHAL ( 520): createRequest: APF set program request
05-30 17:32:34.044 D/WifiHAL ( 520): error code -95 mapped to -3
05-30 17:32:34.044 I/WifiHAL ( 520): Request Response failed for APF, result = -3
05-30 17:32:34.044 E/WifiStaIfaceAidlImpl( 710): installApfPacketFilter failed with service-specific exception: android.os.ServiceSpecificException: (code 4)
05-30 17:32:34.044 D/WifiHAL ( 520): Setting DTIM config , halHandle = 0xe8642740 Multiplier = 1
05-30 17:32:34.044 I/WifiHAL ( 520): Successfully configured dtim multiplier 1
05-30 17:32:34.044 D/WifiHAL ( 520): error code -95 mapped to -3
05-30 17:32:34.045 E/WifiStaIfaceAidlImpl( 710): setDtimMultiplier failed with service-specific exception: android.os.ServiceSpecificException: (code 4)
05-30 17:32:34.062 D/TrafficStats( 2757): tagSocket(160) with statsTag=0xffffffff, statsUid=-1
05-30 17:32:34.073 W/TelephonyPermissions( 710): reportAccessDeniedToReadIdentifiers:com.dangbei.screencast:getSerial:-1
05-30 17:32:34.396 E/StartupService( 2757): onConnected:
05-30 17:32:34.419 I/gbei.screencast( 2757): type=1400 audit(0.0:1094): avc: denied { open } for path="/dev/__properties__/u:object_r:serialno_prop:s0" dev="tmpfs" ino=323 scontext=u:r:untrusted_app_27:s0:c44,c256,c512,c768 tcontext=u:object_r:serialno_prop:s0 tclass=file permissive=1 app=com.dangbei.screencast
05-30 17:32:34.428 W/System.err( 2757): java.lang.NullPointerException: Attempt to invoke virtual method 'byte[] java.net.NetworkInterface.getHardwareAddress()' on a null object reference
05-30 17:32:34.428 W/System.err( 2757): at b.f.f.y.g.b(Unknown Source:11)
05-30 17:32:34.429 W/System.err( 2757): at b.d.a.a.p.c0(Unknown Source:2)
05-30 17:32:34.429 W/System.err( 2757): at b.f.f.w.b.(:16)
05-30 17:32:34.429 W/System.err( 2757): at com.dangbei.screencast.startup.StartupService.w(:2)
05-30 17:32:34.429 W/System.err( 2757): at b.f.f.h.g.b.run(:6)
05-30 17:32:34.429 W/System.err( 2757): at b.d.a.a.n.a(Unknown Source:10)
05-30 17:32:34.429 W/System.err( 2757): at b.f.f.h.g.j.onReceive(Unknown Source:20)
05-30 17:32:34.429 W/System.err( 2757): at android.app.LoadedApk$ReceiverDispatcher$Args.lambda$getRunnable$0(LoadedApk.java:1811)
05-30 17:32:34.429 W/System.err( 2757): at android.app.LoadedApk$ReceiverDispatcher$Args.$r8$lambda$gDuJqgxY6Zb-ifyeubKeivTLAwk(Unknown Source:0)
05-30 17:32:34.429 W/System.err( 2757): at android.app.LoadedApk$ReceiverDispatcher$Args$$ExternalSyntheticLambda0.run(Unknown Source:2)
05-30 17:32:34.429 W/System.err( 2757): at android.os.Handler.handleCallback(Handler.java:958)
05-30 17:32:34.429 W/System.err( 2757): at android.os.Handler.dispatchMessage(Handler.java:99)
05-30 17:32:34.429 W/System.err( 2757): at android.os.Looper.loopOnce(Looper.java:205)
05-30 17:32:34.429 W/System.err( 2757): at android.os.Looper.loop(Looper.java:294)
05-30 17:32:34.429 W/System.err( 2757): at android.app.ActivityThread.main(ActivityThread.java:8255)
05-30 17:32:34.429 W/System.err( 2757): at java.lang.reflect.Method.invoke(Native Method)
05-30 17:32:34.429 W/System.err( 2757): at com.android.internal.os.RuntimeInit$MethodAndArgsCaller.run(RuntimeInit.java:552)
05-30 17:32:34.429 W/System.err( 2757): at com.android.internal.os.ZygoteInit.main(ZygoteInit.java:978)
05-30 17:32:34.419 I/gbei.screencast( 2757): type=1400 audit(0.0:1095): avc: denied { getattr } for path="/dev/__properties__/u:object_r:serialno_prop:s0" dev="tmpfs" ino=323 scontext=u:r:untrusted_app_27:s0:c44,c256,c512,c768 tcontext=u:object_r:serialno_prop:s0 tclass=file permissive=1 app=com.dangbei.screencast
05-30 17:32:34.455 W/efs.info.manager( 2757): network change: wifi
05-30 17:32:34.473 D/TrafficStats( 2757): tagSocket(150) with statsTag=0xffffffff, statsUid=-1
05-30 17:32:34.677 I/WifiHAL ( 520): call wifi_get_link_stats handler
05-30 17:32:34.678 I/WifiHAL ( 520): Creating message to get link statistics; iface = 16
05-30 17:32:34.678 D/WifiHAL ( 520): error code -95 mapped to -3
05-30 17:32:34.678 E/WifiStaIfaceAidlImpl( 710): getLinkLayerStats failed with service-specific exception: android.os.ServiceSpecificException: (code 4)
05-30 17:32:35.120 I/ThermalService( 976): CPU temperatures: [50.500004]
05-30 17:32:35.857 I/efs.config( 2676): No update is required, less than 8h since the last update
05-30 17:32:35.883 W/TelephonyPermissions( 710): reportAccessDeniedToReadIdentifiers:com.dangbei.screencast:getSerial:-1
05-30 17:32:35.932 V/NFC ( 2676): this device does not have NFC support
05-30 17:32:36.019 I/ip ( 2847): type=1400 audit(0.0:1102): avc: denied { bind } for scontext=u:r:untrusted_app_27:s0:c44,c256,c512,c768 tcontext=u:r:untrusted_app_27:s0:c44,c256,c512,c768 tclass=netlink_route_socket permissive=1 app=com.dangbei.screencast
05-30 17:32:36.019 I/ip ( 2847): type=1400 audit(0.0:1103): avc: denied { nlmsg_readpriv } for scontext=u:r:untrusted_app_27:s0:c44,c256,c512,c768 tcontext=u:r:untrusted_app_27:s0:c44,c256,c512,c768 tclass=netlink_route_socket permissive=1 app=com.dangbei.screencast
05-30 17:32:36.019 W/ip ( 2847): type=1400 audit(0.0:1104): avc: granted { nlmsg_getneigh } for scontext=u:r:untrusted_app_27:s0:c44,c256,c512,c768 tcontext=u:r:untrusted_app_27:s0:c44,c256,c512,c768 tclass=netlink_route_socket app=com.dangbei.screencast
05-30 17:32:36.907 D/TrafficStats( 2757): tagSocket(157) with statsTag=0xffffffff, statsUid=-1
05-30 17:32:37.122 I/ThermalService( 976): CPU temperatures: [50.7]
05-30 17:32:37.682 I/WifiHAL ( 520): call wifi_get_link_stats handler
05-30 17:32:37.682 I/WifiHAL ( 520): Creating message to get link statistics; iface = 16
05-30 17:32:37.682 D/WifiHAL ( 520): error code -95 mapped to -3
05-30 17:32:37.682 E/WifiStaIfaceAidlImpl( 710): getLinkLayerStats failed with service-specific exception: android.os.ServiceSpecificException: (code 4)
05-30 17:32:37.885 E/GuardService( 2676): startMainRunnable:
05-30 17:32:37.887 D/OomAdjuster( 710): Not killing cached processes
05-30 17:32:38.936 W/TelephonyPermissions( 710): reportAccessDeniedToReadIdentifiers:com.dangbei.screencast:getSerial:-1
05-30 17:32:38.981 V/NFC ( 2757): this device does not have NFC support
05-30 17:32:39.001 I/WifiService( 710): releaseMulticastLock uid=10044
05-30 17:32:39.002 I/WifiService( 710): releaseMulticastLock uid=10044
05-30 17:32:38.999 I/gbei.screencast( 2757): type=1400 audit(0.0:1105): avc: denied { write } for name="property_service" dev="tmpfs" ino=411 scontext=u:r:untrusted_app_27:s0:c44,c256,c512,c768 tcontext=u:object_r:property_socket:s0 tclass=sock_file permissive=1 app=com.dangbei.screencast
05-30 17:32:39.006 D/IpClient.wlan0( 1051): set max DTIM multiplier to 9
05-30 17:32:39.007 D/WifiHAL ( 520): Setting APF program, halHandle = 0xe8642740
05-30 17:32:39.007 I/WifiHAL ( 520): createRequest: APF set program request
05-30 17:32:39.007 D/WifiHAL ( 520): error code -95 mapped to -3
05-30 17:32:39.007 I/WifiHAL ( 520): Request Response failed for APF, result = -3
05-30 17:32:39.008 E/WifiStaIfaceAidlImpl( 710): installApfPacketFilter failed with service-specific exception: android.os.ServiceSpecificException: (code 4)
05-30 17:32:39.008 D/WifiHAL ( 520): Setting DTIM config , halHandle = 0xe8642740 Multiplier = 9
05-30 17:32:39.008 I/WifiHAL ( 520): Successfully configured dtim multiplier 9
05-30 17:32:39.008 D/WifiHAL ( 520): error code -95 mapped to -3
05-30 17:32:39.008 E/WifiStaIfaceAidlImpl( 710): setDtimMultiplier failed with service-specific exception: android.os.ServiceSpecificException: (code 4)
05-30 17:32:38.999 I/gbei.screencast( 2757): type=1400 audit(0.0:1106): avc: denied { connectto } for path="/dev/socket/property_service" scontext=u:r:untrusted_app_27:s0:c44,c256,c512,c768 tcontext=u:r:init:s0 tclass=unix_stream_socket permissive=1 app=com.dangbei.screencast
05-30 17:32:39.023 D/HiSight-SinkService( 2757): setDiscoverable true
05-30 17:32:39.024 D/wenhc ( 1464): getScreenInfo uri = content://com.dangbei.screencast.parts.info/screen_cast
05-30 17:32:39.024 D/NearFieldManager( 2757): init.
05-30 17:32:39.025 D/NearFieldManager( 2757): try check dmsdp
05-30 17:32:39.039 D/NearFieldManager( 2757): package not exist
05-30 17:32:39.042 D/CompatibilityChangeReporter( 710): Compat change id reported: 135634846; UID 10044; state: DISABLED
05-30 17:32:39.044 D/CompatibilityChangeReporter( 710): Compat change id reported: 143937733; UID 10044; state: DISABLED
05-30 17:32:39.045 D/NearFieldManager( 2757): bind nearfield service true
05-30 17:32:39.045 D/NearFieldManager( 2757): registerCallback true
05-30 17:32:39.046 D/HiSight-Discovery( 2757): set deviceInfo type:46
05-30 17:32:39.046 D/HiSight-Discovery( 2757): startAdvertise 1
05-30 17:32:39.057 D/Zygote ( 465): Forked child process 2858
05-30 17:32:39.058 I/ActivityManager( 710): Start proc 2858:com.huawei.connection/u0a44 for service {com.dangbei.screencast/com.huawei.connection.service.NearFieldManagerService}
05-30 17:32:39.063 I/Zygote ( 2858): seccomp disabled by setenforce 0
05-30 17:32:39.071 I/awei.connection( 2858): Using CollectorTypeCC GC.
05-30 17:32:39.076 E/awei.connection( 2858): Not starting debugger since process cannot load the jdwp agent.
05-30 17:32:39.088 D/CompatibilityChangeReporter( 2858): Compat change id reported: 171979766; UID 10044; state: DISABLED
05-30 17:32:39.089 D/CompatibilityChangeReporter( 2858): Compat change id reported: 242716250; UID 10044; state: DISABLED
05-30 17:32:39.093 D/ApplicationLoaders( 2858): Returning zygote-cached class loader: /system/framework/android.test.base.jar
05-30 17:32:39.093 D/ApplicationLoaders( 2858): Returning zygote-cached class loader: /system/framework/android.hidl.manager-V1.0-java.jar
05-30 17:32:39.093 D/ApplicationLoaders( 2858): Returning zygote-cached class loader: /system/framework/android.hidl.base-V1.0-java.jar
05-30 17:32:39.103 D/nativeloader( 2858): Configuring clns-shared-4 for other apk /system/app/dangbei-screencast/dangbei-screencast.apk. target_sdk_version=28, uses_libraries=, library_path=/system/app/dangbei-screencast/lib/arm:/system/app/dangbei-screencast/dangbei-screencast.apk!/lib/armeabi-v7a:/system/lib:/system_ext/lib, permitted_path=/data:/mnt/expand:/data/user/0/com.dangbei.screencast:/system/app/dangbei-screencast:/system/lib:/system_ext/lib
05-30 17:32:39.125 I/ThermalService( 976): CPU temperatures: [51.4]
05-30 17:32:39.136 V/GraphicsEnvironment( 2858): Currently set values for:
05-30 17:32:39.136 V/GraphicsEnvironment( 2858): angle_gl_driver_selection_pkgs=[]
05-30 17:32:39.136 V/GraphicsEnvironment( 2858): angle_gl_driver_selection_values=[]
05-30 17:32:39.137 V/GraphicsEnvironment( 2858): ANGLE GameManagerService for com.dangbei.screencast: false
05-30 17:32:39.137 V/GraphicsEnvironment( 2858): com.dangbei.screencast is not listed in per-application setting
05-30 17:32:39.137 V/GraphicsEnvironment( 2858): Neither updatable production driver nor prerelease driver is supported.
05-30 17:32:39.140 I/MultiDex( 2858): VM with version 2.1.0 has multidex support
05-30 17:32:39.141 I/MultiDex( 2858): Installing application
05-30 17:32:39.141 I/MultiDex( 2858): VM has multidex support, MultiDex support library is disabled.
05-30 17:32:39.142 D/CompatibilityChangeReporter( 2858): Compat change id reported: 247079863; UID 10044; state: DISABLED
05-30 17:32:39.175 I/awei.connection( 2858): type=1400 audit(0.0:1107): avc: denied { search } for name="net" dev="sysfs" ino=12345 scontext=u:r:untrusted_app_27:s0:c44,c256,c512,c768 tcontext=u:object_r:sysfs_net:s0 tclass=dir permissive=1 app=com.dangbei.screencast
05-30 17:32:39.182 I/crashsdk( 2858): version unique build id: 6230cced
05-30 17:32:39.182 I/crashsdk( 2858): version unique build id: 6230cced
05-30 17:32:39.183 D/crashsdk( 2858): Native log stat thread 2886 setup, waiting
05-30 17:32:39.175 I/awei.connection( 2858): type=1400 audit(0.0:1108): avc: denied { read } for name="address" dev="sysfs" ino=22127 scontext=u:r:untrusted_app_27:s0:c44,c256,c512,c768 tcontext=u:object_r:sysfs_net:s0 tclass=file permissive=1 app=com.dangbei.screencast
05-30 17:32:39.185 I/crashsdk( 2858): begin hack android.os.Process
05-30 17:32:39.186 I/crashsdk( 2858): end hack android.os.Process
05-30 17:32:39.175 I/awei.connection( 2858): type=1400 audit(0.0:1109): avc: denied { open } for path="/sys/devices/virtual/net/dummy0/address" dev="sysfs" ino=22127 scontext=u:r:untrusted_app_27:s0:c44,c256,c512,c768 tcontext=u:object_r:sysfs_net:s0 tclass=file permissive=1 app=com.dangbei.screencast
05-30 17:32:39.175 I/awei.connection( 2858): type=1400 audit(0.0:1110): avc: denied { getattr } for path="/sys/devices/virtual/net/dummy0/address" dev="sysfs" ino=22127 scontext=u:r:untrusted_app_27:s0:c44,c256,c512,c768 tcontext=u:object_r:sysfs_net:s0 tclass=file permissive=1 app=com.dangbei.screencast
05-30 17:32:39.201 W/efs.send_log( 2858): tryFileLock start!
05-30 17:32:39.204 I/efs.config( 2858): --->>> 删除旧的配置文件 false
05-30 17:32:39.205 I/efs.base( 2858): lt=event`ev_ct=efs_core`ev_ac=pvuv`tm=2025-05-30 17:32:20`dn=6aee369d-97d5-42b8-aaef-4ff281a087ea`ps=com.huawei.connection`um_os=android`stime=1748597559064`pid=2858`fr=android`pkg=com.dangbei.screencast`vcode=20830`dsp_w=1920`uid=6aee369d-97d5-42b8-aaef-4ff281a087ea`rom=14`wid=6aee369d-97d5-42b8-aaef-4ff281a087ea`um_app_carrier=`um_access=wifi`um_app_channel=os`um_crash_sdk_version=1.4.0`ctime=1748597559`model=dbbox-a3`lang=zh`net=wifi`brand=amlogic`dsp_h=1080`um_network_type=0`ver=v2.8.3`build_model=DBBOX-A3`w_tm=1748597559`appid=5fc60c21094d637f3130af19`um_umid_header=aid1f46722b5c1259e2d18ce903dbe35a6`sdk=34`tzone=Asia/Shanghai`sdk_ver=1.3.6.umeng
05-30 17:32:39.206 I/Matrix.AnrTracer( 2858): anrTrace, final mAnrBeatTime:400, mAnrBeatRate:400
05-30 17:32:39.208 I/efs.config( 2858): current config version (-1) is older than another (1735614866)
05-30 17:32:39.209 I/efs.config( 2858): load config from storage and notify observer
05-30 17:32:39.209 I/TDLog ( 2858): setReportUncaughtExceptions: true
05-30 17:32:39.209 E/Application( 2858): onCreate:Version:v2.8.3/20830/883432e
05-30 17:32:39.226 I/crashsdk( 2858): Catcher mask: 5000, 20480
05-30 17:32:39.226 E/LaunchManager( 2858): Non main process !
05-30 17:32:39.226 I/crashsdk( 2858): Catcher thread 2863
05-30 17:32:39.226 D/crashsdk( 2858): Register ANR handler ...
05-30 17:32:39.226 W/System.err( 2858): java.lang.NullPointerException: Attempt to invoke virtual method 'boolean com.efs.sdk.launch.LaunchConfigManager.enableTracer()' on a null object reference
05-30 17:32:39.226 W/System.err( 2858): at com.umeng.umcrash.UMCrash.init(Unknown Source:403)
05-30 17:32:39.226 W/System.err( 2858): at java.lang.reflect.Method.invoke(Native Method)
05-30 17:32:39.226 W/System.err( 2858): at com.umeng.commonsdk.UMConfigure.init(Unknown Source:811)
05-30 17:32:39.226 W/System.err( 2858): at b.f.f.b.a(:4)
05-30 17:32:39.226 W/System.err( 2858): at h.o.a.run(Unknown Source:2)
05-30 17:32:39.227 D/NearFieldManagerService( 2858): NearFieldManagerService.
05-30 17:32:39.227 D/NearFieldManagerService( 2858): onCreate, enter.
05-30 17:32:39.228 I/NearFieldManagerService( 2858): onBind, enter.
05-30 17:32:39.228 D/NearFieldManagerService( 2858): initService
05-30 17:32:39.228 D/NearFieldManagerService( 2858): NearField starting...
05-30 17:32:39.228 D/NearFieldUtils( 2858): checkSystemProperty in
05-30 17:32:39.228 D/NearFieldUtils( 2858): checkSystemProperty: systemProperties:
05-30 17:32:39.228 E/NearFieldUtils( 2858): validProperty: priority is null
05-30 17:32:39.232 D/NearFieldManager( 2757): service connected.
05-30 17:32:39.233 D/HiSight-Discovery( 2757): eventId: 4001
05-30 17:32:39.233 D/HiSight-Discovery( 2757): msg 4001
05-30 17:32:39.233 D/HiSight-Discovery( 2757): bind success, status Ready
05-30 17:32:39.233 D/HiSight-Discovery( 2757): startAdvertise 2
05-30 17:32:39.233 D/HiSight-Discovery( 2757): stopAdvertise.
05-30 17:32:39.233 D/HiSight-Discovery( 2757): nearFieldStartListen deviceType 46
05-30 17:32:39.234 I/NearFieldManagerImpl( 2858): setDeviceInfo, sDeviceId changes
05-30 17:32:39.235 I/NearFieldManagerImpl( 2858): setDeviceInfo, sDeviceName changes
05-30 17:32:39.235 D/NearFieldManagerImpl( 2858): setServiceData, sServiceData=[], serviceData=[32]
05-30 17:32:39.235 E/NearFieldManager( 2757): setIdnNetworkPriority: networkPortPriority is empty
05-30 17:32:39.236 D/NearFieldManager( 2757): StartListen moduleId: CastPlusDiscoveryModule
05-30 17:32:39.236 I/TDLog ( 2858): TalkingData SDK init...
05-30 17:32:39.236 I/TDLog ( 2858): SDK_VERSION is: Android+TD+V5.0.7 gp Type:Native Build_Num:2141
05-30 17:32:39.236 I/TDLog ( 2858): App ID is: B9D7815EC975466AB1332111FCE62DF5
05-30 17:32:39.236 I/TDLog ( 2858): App Channel is: os
05-30 17:32:39.236 I/TDLog ( 2858): App Custom is:
05-30 17:32:39.236 I/TDLog ( 2858): SDK_OVC is: TDOVC+a3bb7754719798526508b6caad480dd7+SaaS
05-30 17:32:39.236 D/NearFieldManagerImpl( 2858): startListen: moduleId: CastPlusDiscoveryModule
05-30 17:32:39.237 D/NearFieldUtils( 2858): getPreferredIpAddress exec
05-30 17:32:39.237 D/NearFieldUtils( 2858): getPreferredIpAddress by custom priority
05-30 17:32:39.237 D/NearFieldUtils( 2858): getIpByInterfaceSetting customIdnNetworkPriority:[]
05-30 17:32:39.237 D/NearFieldUtils( 2858): getPreferredIpAddress by default priority
05-30 17:32:39.255 D/TrafficStats( 2858): tagSocket(137) with statsTag=0xffffffff, statsUid=-1
05-30 17:32:39.256 D/NearFieldUtils( 2858): to get wlan0 ip address
05-30 17:32:39.257 D/NearFieldUtils( 2858): get wlan0 IP succeed.
05-30 17:32:39.257 D/NearFieldManagerImpl( 2858): sDeviceType: 46
05-30 17:32:39.257 D/NearFieldManagerImpl( 2858): registerDevice() is called.
05-30 17:32:39.257 E/NearFieldManagerUtilsNative( 2858): Begin System.loadLibrary()
05-30 17:32:39.265 I/HicomNfTimerManager( 2858): epoll fd:135 create success
05-30 17:32:39.266 I/HicomNfTimerManager( 2858): epoll add fd:138--->135 success
05-30 17:32:39.266 I/HicomNfTimerManager( 2858): time fd:138 add to epoll success
05-30 17:32:39.269 D/nStackXDFinder( 2858): NSTACKX_Init:[146] :nstack ctrl creat epollfd 139
05-30 17:32:39.270 I/nStackXDFinder( 2858): InitDefaultInterfaceName:[779] :InitDefaultInterfaceName exec
05-30 17:32:39.270 D/nStackXCoAP( 2858): CoapServerInit:[174] :CoapServerInit is called
05-30 17:32:39.270 E/nStackXDFinder( 2858): GetLocalIp:[401] :GetLocalIp exec
05-30 17:32:39.270 E/nStackXDFinder( 2858): GetLocalIp:[407] :GetLocalIp, ifInfo is null
05-30 17:32:39.270 I/HicomNfMainCtrlManager( 2858): NSTACKX_RegisterDevice is called
05-30 17:32:39.270 D/NearFieldManagerImpl( 2858): Register device success.
05-30 17:32:39.270 I/NearFieldManagerImpl( 2858): serviceName is castPlus
05-30 17:32:39.270 D/NearFieldManagerImpl( 2858): registerCapability() called with: capabilityBitmapNum = 1, capabilityBitmap = [8]
05-30 17:32:39.271 I/HicomNf_java_to_c( 2858): registerCapability, capabilityBitmapNum: 1
05-30 17:32:39.271 I/HicomNfMainCtrlManager( 2858): RegisterCapability: 1, 8
05-30 17:32:39.271 D/NearFieldManagerImpl( 2858): Register capability succeed with capabilityBitmapNum = 1, capabilityBitmap = [8]
05-30 17:32:39.271 D/NearFieldManagerImpl( 2858): registerServiceData() called with: serviceData = 32
05-30 17:32:39.271 D/NearFieldManagerImpl( 2858): registerModule() called with: packageModuleName = com.huawei.connection+CastPlusDiscoveryModule
05-30 17:32:39.271 I/HicomNf_java_to_c( 2858): registerModule, moduleName: com.huawei.connection+CastPlusDiscoveryModule
05-30 17:32:39.271 I/HicomNfMainCtrlManager( 2858): Enter RegisterModule
05-30 17:32:39.271 I/HicomNfRegManager( 2858): RegisterModule OK, add module name com.huawei.connection+CastPlusDiscoveryModule
05-30 17:32:39.272 I/Hisight-DeviceListManager( 2757): init DeviceListManager.
05-30 17:32:39.275 D/Hisight-DeviceListManager( 2757): get old secret key
05-30 17:32:39.276 D/TrafficStats( 2858): tagSocket(149) with statsTag=0xffffffff, statsUid=-1
05-30 17:32:39.276 I/nStackXDFinder( 2858): UpdateLocalNetworkInterface:[472] :UpdateLocalNetworkInterface exec,initerfaceName:wlan0
05-30 17:32:39.276 E/nStackXDFinder( 2858): GetLocalIp:[401] :GetLocalIp exec
05-30 17:32:39.276 E/nStackXDFinder( 2858): GetLocalIp:[407] :GetLocalIp, ifInfo is null
05-30 17:32:39.276 I/nStackXDFinder( 2858): UpdateLocalNetworkInterface:[498] :UpdateLocalNetworkInterface copy ip value in default process
05-30 17:32:39.276 E/nStackXDFinder( 2858): GetLocalIp:[401] :GetLocalIp exec
05-30 17:32:39.276 D/nStackXCoAP( 2858): CoapServerInit:[174] :CoapServerInit is called
05-30 17:32:39.276 E/nStackXDFinder( 2858): GetLocalIp:[401] :GetLocalIp exec
05-30 17:32:39.277 I/nStackXUtil( 2858): BindToDevice:[352] :BindToDevice exec
05-30 17:32:39.277 I/nStackXUtil( 2858): GetInterfaceByPriority:[279] :GetInterfaceByPriority exec
05-30 17:32:39.277 I/nStackXUtil( 2858): GetInterfaceByDefault:[309] :GetInterfaceByDefault exec
05-30 17:32:39.277 I/nStackXUtil( 2858): GetInterfaceByDefault:[316] :GetInterfaceByDefault, ndevice name: lo
05-30 17:32:39.277 I/nStackXUtil( 2858): GetInterfaceByDefault:[316] :GetInterfaceByDefault, ndevice name: wlan0
05-30 17:32:39.278 I/nStackXUtil( 2858): BindToDevice:[374] :BindToDevice, Bind localAddr name: wlan0
05-30 17:32:39.278 I/nStackXUtil( 2858): BindToDeviceInner:[191] :binding interface wlan0 success
05-30 17:32:39.278 D/nStackXCoAP( 2858): CoapInitResources:[744] :CoapInitResources g_wlanOrEthContext update
05-30 17:32:39.278 I/nStackXDFinder( 2858): RegisterServiceData:[728] :RegisterServiceData, serviceData=[32]
05-30 17:32:39.281 E/Hisight-ConnectAuthCallBack( 2757): readSecureFile failed, no such file
05-30 17:32:39.281 W/Hisight-DeviceListManager( 2757): deviceRecords is empty
05-30 17:32:39.281 W/Hisight-DeviceListManager( 2757): occur error, clear all the list
05-30 17:32:39.281 D/Hisight-HiChainAuthControl( 2757): start HiChainAuthControl
05-30 17:32:39.284 I/ConnectAuthJNI( 2757): JNI_OnLoad begin load
05-30 17:32:39.284 I/ConnectAuthJNI( 2757): RegisterNativeMethod begin
05-30 17:32:39.284 I/ConnectAuthJNI( 2757): RegisterNativeMethod end
05-30 17:32:39.284 I/ConnectAuthJNI( 2757): RegisterNativeMethod 1004 methodLen=10
05-30 17:32:39.284 I/ConnectAuthJNI( 2757): RegisterNativeMethod 1007 RegisterNatives=0
