--------- beginning of system
01-01 08:00:04.721 I/vold ( 247): Vold 3.0 (the awakening) firing up
01-01 08:00:04.722 D/vold ( 247): Detected support for: ext4 f2fs vfat
01-01 08:00:04.746 D/vold ( 247): VoldNativeService::start() completed OK
01-01 08:00:05.470 I/vold ( 247): Using AIDL version of IBootControl
01-01 08:00:05.531 I/keystore2( 282): system/security/keystore2/src/keystore2_main.rs:61 - Keystore2 is starting.
01-01 08:00:05.531 I/keystore2( 282): system/security/keystore2/src/keystore2_main.rs:67 - Setting up sqlite logging for keystore2
01-01 08:00:05.537 D/vold ( 247): fscrypt_mount_metadata_encrypted: /data encrypt: 0 format: 0 with null block device: /dev/block/by-name/userdata and zoned device:
01-01 08:00:05.537 D/vold ( 247): metadata_key_dir/key: /metadata/vold/metadata_encryption/key
01-01 08:00:05.539 W/keystore2( 282): system/security/keystore2/src/metrics_store.rs:577 - In update_keystore_crash_sysprop: Failed to read the existing system property due to: system/security/keystore2/src/metrics_store.rs:608: Property not set..Therefore, keystore crashes will not be logged.
01-01 08:00:05.542 D/vold ( 247): Key exists, using: /metadata/vold/metadata_encryption/key
01-01 08:00:05.544 I/keystore2( 282): system/security/keystore2/src/keystore2_main.rs:97 - Starting thread pool now.
01-01 08:00:05.549 I/keystore2( 282): system/security/keystore2/src/globals.rs:256 - KeyMint device is current version (Some(300)) for security level: r#TRUSTED_ENVIRONMENT
01-01 08:00:05.560 I/keystore2( 282): system/security/keystore2/src/shared_secret_negotiation.rs:47 - Shared secret negotiation concluded successfully.
01-01 08:00:05.567 D/vold ( 247): Mounting metadata-encrypted filesystem:/data
01-01 08:00:05.568 I/keystore2( 282): system/security/keystore2/src/keystore2_main.rs:152 - Successfully registered Keystore 2.0 service.
01-01 08:00:05.568 I/keystore2( 282): system/security/keystore2/src/keystore2_main.rs:154 - Joining thread pool now.
01-01 08:00:05.570 I/vold ( 247): [libfs_mgr] Running /system/bin/fsck.f2fs -a -c 10000 --debug-cache /dev/block/dm-50
01-01 08:00:05.583 I/keystore2( 282): system/security/keystore2/src/shared_secret_negotiation.rs:294 - No StrongBox Keymint available, so no RoT transfer
01-01 08:00:05.901 I/vold ( 247): [libfs_mgr] __mount(source=/dev/block/dm-50,target=/data,type=f2fs)=0: Success
01-01 08:00:05.901 D/vold ( 247): Mounted /data
01-01 08:00:05.950 I/Checkpoint( 247): cp_prepareCheckpoint called
01-01 08:00:05.976 I/vold ( 247): fscrypt_initialize_systemwide_keys
01-01 08:00:05.977 D/vold ( 247): Key exists, using: /data/unencrypted/key
01-01 08:00:05.984 D/vold ( 247): Installed fscrypt key with ref bfa2742705aa23e60a76c12cde3ca26a to /data
01-01 08:00:05.984 D/vold ( 247): Added fscrypt-provisioning key for bfa2742705aa23e60a76c12cde3ca26a to session keyring
01-01 08:00:05.986 I/vold ( 247): Wrote system DE key reference to:/data/unencrypted/ref
01-01 08:00:05.986 D/vold ( 247): Generating standard storage key
01-01 08:00:05.986 D/vold ( 247): Installed fscrypt key with ref 739e9aec10f8d4c46b9712c3752fb7a9 to /data
01-01 08:00:05.986 D/vold ( 247): Added fscrypt-provisioning key for 739e9aec10f8d4c46b9712c3752fb7a9 to session keyring
01-01 08:00:05.987 I/vold ( 247): Wrote per boot key reference to:/data/unencrypted/per_boot_ref
01-01 08:00:06.025 I/incfs ( 247): Initial API level of the device: 34
01-01 08:00:06.025 I/incfs ( 247): ro.incremental.enable: yes
01-01 08:00:06.025 I/incfs ( 247): isFsAvailable: true
01-01 08:00:06.025 I/incfs ( 247): isFsAvailable: true
01-01 08:00:06.025 I/incfs ( 247): IncFs_Features: v2
01-01 08:00:06.027 I/keystore2( 282): system/security/keystore2/src/maintenance.rs:206 - In early_boot_ended.
01-01 08:00:06.041 I/keystore2( 282): system/security/keystore2/src/globals.rs:66 - Touching Keystore 2.0 database for this first time since boot.
01-01 08:00:06.041 I/keystore2( 282): system/security/keystore2/src/globals.rs:68 - Calling cleanup leftovers.
01-01 08:00:06.041 I/keystore2( 282): system/security/keystore2/src/boot_level_keys.rs:57 - ro.keystore.boot_level_key.strategy not set, inferring from installed KM instances
01-01 08:00:06.041 I/keystore2( 282): system/security/keystore2/src/boot_level_keys.rs:115 - In get_level_zero_key: security_level=r#SOFTWARE, deny_later_strategy=EarlyBootOnly
01-01 08:00:06.047 I/keystore2( 282): system/security/keystore2/src/super_key.rs:293 - Starting boot level watcher.
01-01 08:00:06.047 I/keystore2( 282): system/security/keystore2/src/maintenance.rs:187 - Call to earlyBootEnded succeeded for security level TRUSTED_ENVIRONMENT.
01-01 08:00:06.047 I/keystore2( 282): system/security/keystore2/src/super_key.rs:325 - Read keystore.boot_level value 30
01-01 08:00:06.048 I/keystore2( 282): system/security/keystore2/src/super_key.rs:325 - Read keystore.boot_level value 30
01-01 08:00:06.049 E/keystore2( 282): system/security/keystore2/src/maintenance.rs:192 - Call to earlyBootEnded failed for security level STRONGBOX: system/security/keystore2/src/maintenance.rs:167: getting keymint device.
01-01 08:00:06.049 E/keystore2( 282): system/security/keystore2/src/error.rs:180 - system/security/keystore2/src/maintenance.rs:167: getting keymint device
01-01 08:00:06.049 E/keystore2( 282):
01-01 08:00:06.049 E/keystore2( 282): Caused by:
01-01 08:00:06.049 E/keystore2( 282): 0: system/security/keystore2/src/globals.rs:335: Cannot connect to Keymint
01-01 08:00:06.049 E/keystore2( 282): 1: system/security/keystore2/src/globals.rs:246: Trying to get Legacy wrapper.
01-01 08:00:06.049 E/keystore2( 282): 2: Error::Km(r#HARDWARE_TYPE_UNAVAILABLE)
01-01 08:00:06.050 E/vold ( 247): keystore2 Keystore earlyBootEnded returned service specific error: -68
01-01 08:00:06.282 V/BootAnimation( 251): Surface size has been limited to [1920x1080] from [3840x2160]
01-01 08:00:06.428 V/BootAnimation( 251): Surface size has been limited to [1920x1080] from [3840x2160]
01-01 08:00:06.429 D/BootAnimation( 251): resizeSurface BLASTBufferQueue to 1920 1080.
01-01 08:00:06.554 D/BootAnimation( 251): BootAnimation::threadLoop
01-01 08:00:06.555 D/BootAnimation( 251): bootVideoProp=50, mConfig=0, mVol=50, mMute=0
01-01 08:00:06.576 D/BootAnimation( 251): BootAnimationShownTiming start time: 6576ms
01-01 08:00:06.836 D/vold ( 247): fscrypt_init_user0
01-01 08:00:06.836 D/vold ( 247): Preparing: /data/misc/vold/user_keys
01-01 08:00:06.842 D/vold ( 247): Preparing: /data/misc/vold/user_keys/ce
01-01 08:00:06.843 D/vold ( 247): Preparing: /data/misc/vold/user_keys/de
01-01 08:00:06.850 D/vold ( 247): Installed fscrypt key with ref f50089b97ceef05a5e4ec6acbda40857 to /data
01-01 08:00:06.850 D/vold ( 247): Added fscrypt-provisioning key for f50089b97ceef05a5e4ec6acbda40857 to session keyring
01-01 08:00:06.850 D/vold ( 247): Installed de key for user 0
01-01 08:00:06.851 D/vold ( 247): Preparing: /data/data
01-01 08:00:06.852 D/vold ( 247): Preparing: /data/user/0
01-01 08:00:06.853 D/vold ( 247): Preparing: /data/media/obb
01-01 08:00:06.853 D/vold ( 247): fscrypt_prepare_user_storage for volume null, user 0, serial 0, flags 1
01-01 08:00:06.853 D/vold ( 247): Preparing: /data/system/users/0
01-01 08:00:06.854 D/vold ( 247): Preparing: /data/misc/profiles/cur/0
01-01 08:00:06.855 D/vold ( 247): Preparing: /data/system_de/0
01-01 08:00:06.856 I/vold ( 247): Verified that /data/system_de/0 has the encryption policy f50089b97ceef05a5e4ec6acbda40857 v2 modes 1/4 flags 0xa
01-01 08:00:06.856 D/vold ( 247): Preparing: /data/vendor_de/0
01-01 08:00:06.857 I/vold ( 247): Verified that /data/vendor_de/0 has the encryption policy f50089b97ceef05a5e4ec6acbda40857 v2 modes 1/4 flags 0xa
01-01 08:00:06.857 D/vold ( 247): Preparing: /data/misc_de/0
01-01 08:00:06.858 I/vold ( 247): Verified that /data/misc_de/0 has the encryption policy f50089b97ceef05a5e4ec6acbda40857 v2 modes 1/4 flags 0xa
01-01 08:00:06.858 D/vold ( 247): Preparing: /data/user_de/0
01-01 08:00:06.859 I/vold ( 247): Verified that /data/user_de/0 has the encryption policy f50089b97ceef05a5e4ec6acbda40857 v2 modes 1/4 flags 0xa
01-01 08:00:06.859 D/vold ( 247): /system/bin/vold_prepare_subdirs
01-01 08:00:06.859 D/vold ( 247): prepare
01-01 08:00:06.859 D/vold ( 247):
01-01 08:00:06.859 D/vold ( 247): 0
01-01 08:00:06.859 D/vold ( 247): 1
01-01 08:00:06.927 D/vold ( 247): Detected support for FS_IOC_ADD_ENCRYPTION_KEY
01-01 08:00:07.057 I/odsign ( 444): Trying to retrieve existing HMAC key...
01-01 08:00:07.059 I/odsign ( 444): Trying to retrieve existing keystore key...
01-01 08:00:07.065 I/odsign ( 444): Verified public key signature.
01-01 08:00:07.066 I/odsign ( 444): Initialized Keystore key.
01-01 08:00:07.067 I/odsign ( 444): Found and verified existing public key certificate: /data/misc/odsign/key.cert
01-01 08:00:07.194 I/odrefresh( 445): ART APEX version 340090000
01-01 08:00:07.320 I/odrefresh( 445): Boot images on /system OK (arm)
01-01 08:00:07.325 I/odrefresh( 445): system_server artifacts on /system OK
01-01 08:00:07.339 I/odsign ( 444): /data/misc/odsign/odsign.info.signature matches.
01-01 08:00:07.339 I/odsign ( 444): Loaded /data/misc/odsign/odsign.info
01-01 08:00:07.340 I/odsign ( 444): All root hashes match.
01-01 08:00:07.340 I/odsign ( 444): odrefresh said artifacts are VALID
01-01 08:00:07.340 I/odsign ( 444): On-device signing done.
01-01 08:00:07.340 I/odsign ( 444): Metrics report is empty
01-01 08:00:07.363 I/keystore2( 282): system/security/keystore2/src/super_key.rs:330 - keystore.boot_level 1000000000 hits maximum 1000000000, finishing.
01-01 08:00:08.409 I/android.hardware.wifi-service.droidlogic( 520): Wifi Hal is booting up...
01-01 08:00:08.417 I/android.hardware.wifi-service.droidlogic( 520): Joining RPC thread pool
01-01 08:00:08.724 I/gsid ( 577): no DSU: No such file or directory
01-01 08:00:09.141 I/installd( 625): installd firing up
01-01 08:00:09.281 I/wificond( 638): wificond is starting up...
01-01 08:00:09.304 E/HidlServiceManagement( 638): Service android.system.wifi.keystore@1.0::IKeystore/default must be in VINTF manifest in order to register/get.
01-01 08:00:09.304 I/wificond( 638): Did not register wifi keystore HIDL HAL service: -2147483648
01-01 08:00:09.435 W/storaged( 636): health: invalid battery status
01-01 08:00:12.120 D/SystemServerTiming( 710): InitBeforeStartServices
01-01 08:00:12.124 I/SystemServer( 710): Entered the Android system server!
01-01 08:00:12.413 I/SystemServerInitThreadPool( 710): Creating instance with 4 threads
01-01 08:00:12.980 D/SystemServerTiming( 710): StartServices
01-01 08:00:12.980 D/SystemServerTiming( 710): startBootstrapServices
01-01 08:00:12.980 D/SystemServerTiming( 710): ArtModuleServiceInitializer
01-01 08:00:12.981 D/SystemServerTiming( 710): StartWatchdog
01-01 08:00:12.987 I/SystemServer( 710): Reading configuration...
01-01 08:00:12.987 D/SystemServerTiming( 710): ReadingSystemConfig
01-01 08:00:12.987 D/SystemServerTiming( 710): PlatformCompat
01-01 08:00:12.987 D/SystemServerTimingAsync( 710): InitThreadPoolExec:ReadingSystemConfig
01-01 08:00:12.988 D/CompatConfig( 710): Found a config file: /system/etc/compatconfig/TeleService-platform-compat-config.xml
01-01 08:00:12.991 I/SystemConfig( 710): Reading permissions from /system/etc/sysconfig/framework-sysconfig.xml
01-01 08:00:12.991 D/CompatConfig( 710): Adding: com.android.server.compat.config.Change@209ac5d
01-01 08:00:12.991 D/CompatConfig( 710): Adding: com.android.server.compat.config.Change@d90e9d2
01-01 08:00:12.991 D/CompatConfig( 710): Adding: com.android.server.compat.config.Change@85dbaa3
01-01 08:00:12.991 D/CompatConfig( 710): Adding: com.android.server.compat.config.Change@bd851a0
01-01 08:00:12.991 D/CompatConfig( 710): Adding: com.android.server.compat.config.Change@5b9b159
01-01 08:00:12.991 D/CompatConfig( 710): Adding: com.android.server.compat.config.Change@7efd11e
01-01 08:00:12.993 D/CompatConfig( 710): Found a config file: /system/etc/compatconfig/calendar-provider-compat-config.xml
01-01 08:00:12.994 I/SystemConfig( 710): Reading permissions from /system/etc/sysconfig/hiddenapi-package-whitelist.xml
01-01 08:00:12.994 D/CompatConfig( 710): Adding: com.android.server.compat.config.Change@ccb0a15
01-01 08:00:12.995 D/CompatConfig( 710): Found a config file: /system/etc/compatconfig/contacts-provider-platform-compat-config.xml
01-01 08:00:12.995 I/SystemConfig( 710): Reading permissions from /system/etc/sysconfig/initial-package-stopped-states.xml
01-01 08:00:12.996 D/CompatConfig( 710): Found a config file: /system/etc/compatconfig/documents-ui-compat-config.xml
01-01 08:00:12.996 I/SystemConfig( 710): Reading permissions from /system/etc/sysconfig/preinstalled-packages-asl-files.xml
01-01 08:00:12.996 D/CompatConfig( 710): Adding: com.android.server.compat.config.Change@316e5f6
01-01 08:00:12.997 I/SystemConfig( 710): Reading permissions from /system/etc/sysconfig/preinstalled-packages-com.android.providers.media.module.xml
01-01 08:00:12.998 I/SystemConfig( 710): Reading permissions from /system/etc/sysconfig/preinstalled-packages-platform.xml
01-01 08:00:12.998 D/CompatConfig( 710): Found a config file: /system/etc/compatconfig/framework-platform-compat-config.xml
01-01 08:00:13.000 I/SystemConfig( 710): Reading permissions from /system/etc/permissions/android.hardware.bluetooth.xml
01-01 08:00:13.001 I/SystemConfig( 710): Reading permissions from /system/etc/permissions/android.hardware.bluetooth_le.xml
01-01 08:00:13.002 I/SystemConfig( 710): Reading permissions from /system/etc/permissions/android.software.webview.xml
01-01 08:00:13.002 I/SystemConfig( 710): Reading permissions from /system/etc/permissions/android.test.base.xml
01-01 08:00:13.003 I/SystemConfig( 710): Reading permissions from /system/etc/permissions/android.test.mock.xml
01-01 08:00:13.003 D/CompatConfig( 710): Adding: com.android.server.compat.config.Change@b39c4ef
01-01 08:00:13.003 D/CompatConfig( 710): Adding: com.android.server.compat.config.Change@173dbfc
01-01 08:00:13.003 D/CompatConfig( 710): Adding: com.android.server.compat.config.Change@c43a285
01-01 08:00:13.003 D/CompatConfig( 710): Adding: com.android.server.compat.config.Change@c2ee8da
01-01 08:00:13.003 D/CompatConfig( 710): Adding: com.android.server.compat.config.Change@d87c10b
01-01 08:00:13.003 D/CompatConfig( 710): Adding: com.android.server.compat.config.Change@920bbe8
01-01 08:00:13.003 D/CompatConfig( 710): Adding: com.android.server.compat.config.Change@9a0e201
01-01 08:00:13.003 D/CompatConfig( 710): Adding: com.android.server.compat.config.Change@c22b8a6
01-01 08:00:13.003 D/CompatConfig( 710): Adding: com.android.server.compat.config.Change@56f62e7
01-01 08:00:13.003 D/CompatConfig( 710): Adding: com.android.server.compat.config.Change@639ae94
01-01 08:00:13.003 D/CompatConfig( 710): Adding: com.android.server.compat.config.Change@4389d3d
01-01 08:00:13.003 D/CompatConfig( 710): Adding: com.android.server.compat.config.Change@631b932
01-01 08:00:13.003 D/CompatConfig( 710): Adding: com.android.server.compat.config.Change@8454683
01-01 08:00:13.003 D/CompatConfig( 710): Adding: com.android.server.compat.config.Change@d4d2000
01-01 08:00:13.003 D/CompatConfig( 710): Adding: com.android.server.compat.config.Change@996d039
01-01 08:00:13.003 D/CompatConfig( 710): Adding: com.android.server.compat.config.Change@dbe367e
01-01 08:00:13.003 D/CompatConfig( 710): Adding: com.android.server.compat.config.Change@20bc7df
01-01 08:00:13.003 D/CompatConfig( 710): Adding: com.android.server.compat.config.Change@b643c2c
01-01 08:00:13.003 D/CompatConfig( 710): Adding: com.android.server.compat.config.Change@a0b36f5
01-01 08:00:13.003 D/CompatConfig( 710): Adding: com.android.server.compat.config.Change@8033c8a
01-01 08:00:13.003 D/CompatConfig( 710): Adding: com.android.server.compat.config.Change@28f02fb
01-01 08:00:13.003 D/CompatConfig( 710): Adding: com.android.server.compat.config.Change@2eeef18
01-01 08:00:13.003 D/CompatConfig( 710): Adding: com.android.server.compat.config.Change@1254d71
01-01 08:00:13.003 D/CompatConfig( 710): Adding: com.android.server.compat.config.Change@e09756
01-01 08:00:13.004 D/CompatConfig( 710): Adding: com.android.server.compat.config.Change@40d3d7
01-01 08:00:13.004 D/CompatConfig( 710): Adding: com.android.server.compat.config.Change@b6fe4c4
01-01 08:00:13.004 D/CompatConfig( 710): Adding: com.android.server.compat.config.Change@9f04fad
01-01 08:00:13.004 D/CompatConfig( 710): Adding: com.android.server.compat.config.Change@66d2e2
01-01 08:00:13.004 D/CompatConfig( 710): Adding: com.android.server.compat.config.Change@cd4d673
01-01 08:00:13.004 D/CompatConfig( 710): Adding: com.android.server.compat.config.Change@fe88930
01-01 08:00:13.004 D/CompatConfig( 710): Adding: com.android.server.compat.config.Change@aef39a9
01-01 08:00:13.004 D/CompatConfig( 710): Adding: com.android.server.compat.config.Change@d233b2e
01-01 08:00:13.004 D/CompatConfig( 710): Adding: com.android.server.compat.config.Change@79c66cf
01-01 08:00:13.004 D/CompatConfig( 710): Adding: com.android.server.compat.config.Change@805085c
01-01 08:00:13.004 D/CompatConfig( 710): Adding: com.android.server.compat.config.Change@5d8c765
01-01 08:00:13.004 D/CompatConfig( 710): Adding: com.android.server.compat.config.Change@72bdc3a
01-01 08:00:13.004 D/CompatConfig( 710): Adding: com.android.server.compat.config.Change@9a2a0eb
01-01 08:00:13.004 D/CompatConfig( 710): Adding: com.android.server.compat.config.Change@8084e48
01-01 08:00:13.004 D/CompatConfig( 710): Adding: com.android.server.compat.config.Change@71374e1
01-01 08:00:13.004 D/CompatConfig( 710): Adding: com.android.server.compat.config.Change@78860c7
01-01 08:00:13.004 D/CompatConfig( 710): Adding: com.android.server.compat.config.Change@37806f4
01-01 08:00:13.004 D/CompatConfig( 710): Adding: com.android.server.compat.config.Change@f17e1d
01-01 08:00:13.004 D/CompatConfig( 710): Adding: com.android.server.compat.config.Change@2adb892
01-01 08:00:13.004 I/SystemConfig( 710): Reading permissions from /system/etc/permissions/android.test.runner.xml
01-01 08:00:13.004 D/CompatConfig( 710): Adding: com.android.server.compat.config.Change@5204263
01-01 08:00:13.004 D/CompatConfig( 710): Adding: com.android.server.compat.config.Change@e889e60
01-01 08:00:13.004 D/CompatConfig( 710): Adding: com.android.server.compat.config.Change@eacdf19
01-01 08:00:13.004 D/CompatConfig( 710): Adding: com.android.server.compat.config.Change@1eacbde
01-01 08:00:13.004 D/CompatConfig( 710): Adding: com.android.server.compat.config.Change@6caa1bf
01-01 08:00:13.004 D/CompatConfig( 710): Adding: com.android.server.compat.config.Change@a49408c
01-01 08:00:13.004 D/CompatConfig( 710): Adding: com.android.server.compat.config.Change@b2353d5
01-01 08:00:13.004 D/CompatConfig( 710): Adding: com.android.server.compat.config.Change@d53c7ea
01-01 08:00:13.004 D/CompatConfig( 710): Adding: com.android.server.compat.config.Change@c919adb
01-01 08:00:13.004 D/CompatConfig( 710): Adding: com.android.server.compat.config.Change@78fd978
01-01 08:00:13.004 D/CompatConfig( 710): Adding: com.android.server.compat.config.Change@7525851
01-01 08:00:13.004 D/CompatConfig( 710): Adding: com.android.server.compat.config.Change@49e78b6
01-01 08:00:13.004 D/CompatConfig( 710): Adding: com.android.server.compat.config.Change@30509b7
01-01 08:00:13.004 D/CompatConfig( 710): Adding: com.android.server.compat.config.Change@ca51524
01-01 08:00:13.004 D/CompatConfig( 710): Adding: com.android.server.compat.config.Change@c93288d
01-01 08:00:13.004 D/CompatConfig( 710): Adding: com.android.server.compat.config.Change@b116a42
01-01 08:00:13.004 D/CompatConfig( 710): Adding: com.android.server.compat.config.Change@5d68a53
01-01 08:00:13.004 D/CompatConfig( 710): Adding: com.android.server.compat.config.Change@9b05f90
01-01 08:00:13.004 D/CompatConfig( 710): Adding: com.android.server.compat.config.Change@696c089
01-01 08:00:13.004 D/CompatConfig( 710): Adding: com.android.server.compat.config.Change@fcfe88e
01-01 08:00:13.004 D/CompatConfig( 710): Adding: com.android.server.compat.config.Change@3578af
01-01 08:00:13.004 D/CompatConfig( 710): Adding: com.android.server.compat.config.Change@7e3e4bc
01-01 08:00:13.004 D/CompatConfig( 710): Adding: com.android.server.compat.config.Change@121dc45
01-01 08:00:13.004 D/CompatConfig( 710): Adding: com.android.server.compat.config.Change@ee5ff9a
01-01 08:00:13.004 D/CompatConfig( 710): Adding: com.android.server.compat.config.Change@6eaf0cb
01-01 08:00:13.004 D/CompatConfig( 710): Adding: com.android.server.compat.config.Change@f6890a8
01-01 08:00:13.004 D/CompatConfig( 710): Adding: com.android.server.compat.config.Change@588f7c1
01-01 08:00:13.004 D/CompatConfig( 710): Adding: com.android.server.compat.config.Change@7147b66
01-01 08:00:13.004 D/CompatConfig( 710): Adding: com.android.server.compat.config.Change@835cea7
01-01 08:00:13.005 D/CompatConfig( 710): Adding: com.android.server.compat.config.Change@a0f54
01-01 08:00:13.005 D/CompatConfig( 710): Adding: com.android.server.compat.config.Change@3ec4efd
01-01 08:00:13.005 D/CompatConfig( 710): Adding: com.android.server.compat.config.Change@5ce7f2
01-01 08:00:13.005 D/CompatConfig( 710): Adding: com.android.server.compat.config.Change@d66ae43
01-01 08:00:13.005 D/CompatConfig( 710): Adding: com.android.server.compat.config.Change@8a2ccc0
01-01 08:00:13.005 D/CompatConfig( 710): Adding: com.android.server.compat.config.Change@433ddf9
01-01 08:00:13.005 D/CompatConfig( 710): Adding: com.android.server.compat.config.Change@f4d913e
01-01 08:00:13.005 D/CompatConfig( 710): Adding: com.android.server.compat.config.Change@a3beb9f
01-01 08:00:13.005 D/CompatConfig( 710): Adding: com.android.server.compat.config.Change@acb60b5
01-01 08:00:13.005 D/CompatConfig( 710): Adding: com.android.server.compat.config.Change@10d834a
01-01 08:00:13.005 D/CompatConfig( 710): Adding: com.android.server.compat.config.Change@5fda2bb
01-01 08:00:13.005 D/CompatConfig( 710): Adding: com.android.server.compat.config.Change@c3573d8
01-01 08:00:13.005 D/CompatConfig( 710): Adding: com.android.server.compat.config.Change@d1e5331
01-01 08:00:13.005 D/CompatConfig( 710): Adding: com.android.server.compat.config.Change@c288a16
01-01 08:00:13.005 I/SystemConfig( 710): Reading permissions from /system/etc/permissions/com.android.adservices.sdksandbox.xml
01-01 08:00:13.005 D/CompatConfig( 710): Adding: com.android.server.compat.config.Change@a59af97
01-01 08:00:13.005 D/CompatConfig( 710): Adding: com.android.server.compat.config.Change@179f584
01-01 08:00:13.005 D/CompatConfig( 710): Adding: com.android.server.compat.config.Change@1d3f16d
01-01 08:00:13.005 D/CompatConfig( 710): Adding: com.android.server.compat.config.Change@21b31a2
01-01 08:00:13.005 D/CompatConfig( 710): Adding: com.android.server.compat.config.Change@3ffae33
01-01 08:00:13.005 D/CompatConfig( 710): Adding: com.android.server.compat.config.Change@962e5f0
01-01 08:00:13.005 D/CompatConfig( 710): Adding: com.android.server.compat.config.Change@8cb3769
01-01 08:00:13.005 D/CompatConfig( 710): Adding: com.android.server.compat.config.Change@d9ec5ee
01-01 08:00:13.005 D/CompatConfig( 710): Adding: com.android.server.compat.config.Change@fcfa8f
01-01 08:00:13.005 D/CompatConfig( 710): Adding: com.android.server.compat.config.Change@9a8711c
01-01 08:00:13.005 D/CompatConfig( 710): Adding: com.android.server.compat.config.Change@6d6e125
01-01 08:00:13.005 D/CompatConfig( 710): Adding: com.android.server.compat.config.Change@9b552fa
01-01 08:00:13.005 D/CompatConfig( 710): Adding: com.android.server.compat.config.Change@8d8b0ab
01-01 08:00:13.005 D/CompatConfig( 710): Adding: com.android.server.compat.config.Change@9598308
01-01 08:00:13.005 D/CompatConfig( 710): Adding: com.android.server.compat.config.Change@1396aa1
01-01 08:00:13.005 D/CompatConfig( 710): Adding: com.android.server.compat.config.Change@d75a4c6
01-01 08:00:13.005 D/CompatConfig( 710): Adding: com.android.server.compat.config.Change@a6fac87
01-01 08:00:13.005 D/CompatConfig( 710): Adding: com.android.server.compat.config.Change@f87c7b4
01-01 08:00:13.005 D/CompatConfig( 710): Adding: com.android.server.compat.config.Change@4e10fdd
01-01 08:00:13.007 I/SystemConfig( 710): Reading permissions from /system/etc/permissions/com.android.future.usb.accessory.xml
01-01 08:00:13.007 D/CompatConfig( 710): Adding: com.android.server.compat.config.Change@b908a23
01-01 08:00:13.007 D/CompatConfig( 710): Adding: com.android.server.compat.config.Change@b3ab20
01-01 08:00:13.007 D/CompatConfig( 710): Adding: com.android.server.compat.config.Change@563ccd9
01-01 08:00:13.007 D/CompatConfig( 710): Adding: com.android.server.compat.config.Change@cbe869e
01-01 08:00:13.007 D/CompatConfig( 710): Adding: com.android.server.compat.config.Change@657a57f
01-01 08:00:13.007 D/CompatConfig( 710): Adding: com.android.server.compat.config.Change@6f8594c
01-01 08:00:13.007 D/CompatConfig( 710): Adding: com.android.server.compat.config.Change@fbb5d95
01-01 08:00:13.007 D/CompatConfig( 710): Adding: com.android.server.compat.config.Change@f886eaa
01-01 08:00:13.007 D/CompatConfig( 710): Adding: com.android.server.compat.config.Change@4b1a9b
01-01 08:00:13.007 D/CompatConfig( 710): Adding: com.android.server.compat.config.Change@f7be38
01-01 08:00:13.007 D/CompatConfig( 710): Adding: com.android.server.compat.config.Change@cc13e11
01-01 08:00:13.007 D/CompatConfig( 710): Adding: com.android.server.compat.config.Change@156cb76
01-01 08:00:13.007 D/CompatConfig( 710): Adding: com.android.server.compat.config.Change@736c577
01-01 08:00:13.007 D/CompatConfig( 710): Adding: com.android.server.compat.config.Change@38685e4
01-01 08:00:13.007 D/CompatConfig( 710): Adding: com.android.server.compat.config.Change@f6aaa4d
01-01 08:00:13.007 D/CompatConfig( 710): Adding: com.android.server.compat.config.Change@4dc2902
01-01 08:00:13.007 D/CompatConfig( 710): Adding: com.android.server.compat.config.Change@fc84213
01-01 08:00:13.007 D/CompatConfig( 710): Adding: com.android.server.compat.config.Change@a181c50
01-01 08:00:13.007 D/CompatConfig( 710): Adding: com.android.server.compat.config.Change@ac49e49
01-01 08:00:13.007 D/CompatConfig( 710): Adding: com.android.server.compat.config.Change@367d34e
01-01 08:00:13.007 D/CompatConfig( 710): Adding: com.android.server.compat.config.Change@1eaec6f
01-01 08:00:13.007 D/CompatConfig( 710): Adding: com.android.server.compat.config.Change@1eaad7c
01-01 08:00:13.007 D/CompatConfig( 710): Adding: com.android.server.compat.config.Change@bafd605
01-01 08:00:13.008 D/CompatConfig( 710): Found a config file: /system/etc/compatconfig/icu4j-platform-compat-config.xml
01-01 08:00:13.008 I/SystemConfig( 710): Reading permissions from /system/etc/permissions/com.android.intentresolver.xml
01-01 08:00:13.008 D/CompatConfig( 710): Adding: com.android.server.compat.config.Change@bf32568
01-01 08:00:13.009 D/CompatConfig( 710): Found a config file: /system/etc/compatconfig/services-platform-compat-config.xml
01-01 08:00:13.010 I/SystemConfig( 710): Reading permissions from /system/etc/permissions/com.android.location.provider.xml
01-01 08:00:13.010 I/SystemConfig( 710): Reading permissions from /system/etc/permissions/com.android.media.remotedisplay.xml
01-01 08:00:13.011 I/SystemConfig( 710): Reading permissions from /system/etc/permissions/com.android.media.tv.remoteprovider.xml
01-01 08:00:13.012 I/SystemConfig( 710): Reading permissions from /system/etc/permissions/com.android.mediadrm.signer.xml
01-01 08:00:13.012 D/CompatConfig( 710): Adding: com.android.server.compat.config.Change@b4d6b2
01-01 08:00:13.012 D/CompatConfig( 710): Adding: com.android.server.compat.config.Change@615d603
01-01 08:00:13.012 D/CompatConfig( 710): Adding: com.android.server.compat.config.Change@7d33980
01-01 08:00:13.013 D/CompatConfig( 710): Adding: com.android.server.compat.config.Change@974abb9
01-01 08:00:13.013 D/CompatConfig( 710): Adding: com.android.server.compat.config.Change@d15abfe
01-01 08:00:13.013 D/CompatConfig( 710): Adding: com.android.server.compat.config.Change@115cf5f
01-01 08:00:13.013 D/CompatConfig( 710): Adding: com.android.server.compat.config.Change@df26dac
01-01 08:00:13.013 D/CompatConfig( 710): Adding: com.android.server.compat.config.Change@cab4a75
01-01 08:00:13.013 D/CompatConfig( 710): Adding: com.android.server.compat.config.Change@11c8a0a
01-01 08:00:13.013 D/CompatConfig( 710): Adding: com.android.server.compat.config.Change@8f2027b
01-01 08:00:13.013 D/CompatConfig( 710): Adding: com.android.server.compat.config.Change@1eeb898
01-01 08:00:13.013 D/CompatConfig( 710): Adding: com.android.server.compat.config.Change@c7318f1
01-01 08:00:13.013 D/CompatConfig( 710): Adding: com.android.server.compat.config.Change@a013cd6
01-01 08:00:13.013 D/CompatConfig( 710): Adding: com.android.server.compat.config.Change@6944b57
01-01 08:00:13.013 D/CompatConfig( 710): Adding: com.android.server.compat.config.Change@862c644
01-01 08:00:13.013 D/CompatConfig( 710): Adding: com.android.server.compat.config.Change@70f532d
01-01 08:00:13.013 D/CompatConfig( 710): Adding: com.android.server.compat.config.Change@eac5062
01-01 08:00:13.013 D/CompatConfig( 710): Adding: com.android.server.compat.config.Change@da845f3
01-01 08:00:13.013 D/CompatConfig( 710): Adding: com.android.server.compat.config.Change@2e802b0
01-01 08:00:13.013 D/CompatConfig( 710): Adding: com.android.server.compat.config.Change@1baf529
01-01 08:00:13.013 D/CompatConfig( 710): Adding: com.android.server.compat.config.Change@a0310ae
01-01 08:00:13.013 D/CompatConfig( 710): Adding: com.android.server.compat.config.Change@6f74e4f
01-01 08:00:13.013 D/CompatConfig( 710): Adding: com.android.server.compat.config.Change@14299dc
01-01 08:00:13.013 D/CompatConfig( 710): Adding: com.android.server.compat.config.Change@64bae5
01-01 08:00:13.013 D/CompatConfig( 710): Adding: com.android.server.compat.config.Change@df389ba
01-01 08:00:13.013 D/CompatConfig( 710): Adding: com.android.server.compat.config.Change@484806b
01-01 08:00:13.013 D/CompatConfig( 710): Adding: com.android.server.compat.config.Change@94d77c8
01-01 08:00:13.013 D/CompatConfig( 710): Adding: com.android.server.compat.config.Change@d2b2061
01-01 08:00:13.013 D/CompatConfig( 710): Adding: com.android.server.compat.config.Change@b408786
01-01 08:00:13.013 D/CompatConfig( 710): Adding: com.android.server.compat.config.Change@b68b847
01-01 08:00:13.013 D/CompatConfig( 710): Adding: com.android.server.compat.config.Change@1a64874
01-01 08:00:13.013 D/CompatConfig( 710): Adding: com.android.server.compat.config.Change@b98619d
01-01 08:00:13.013 D/CompatConfig( 710): Adding: com.android.server.compat.config.Change@a0d9612
01-01 08:00:13.013 D/CompatConfig( 710): Adding: com.android.server.compat.config.Change@f6e91e3
01-01 08:00:13.013 D/CompatConfig( 710): Adding: com.android.server.compat.config.Change@b1977e0
01-01 08:00:13.013 D/CompatConfig( 710): Adding: com.android.server.compat.config.Change@39e7a99
01-01 08:00:13.013 D/CompatConfig( 710): Adding: com.android.server.compat.config.Change@f2b015e
01-01 08:00:13.013 D/CompatConfig( 710): Adding: com.android.server.compat.config.Change@c6e693f
01-01 08:00:13.013 D/CompatConfig( 710): Adding: com.android.server.compat.config.Change@4ce320c
01-01 08:00:13.013 D/CompatConfig( 710): Adding: com.android.server.compat.config.Change@532755
01-01 08:00:13.013 D/CompatConfig( 710): Adding: com.android.server.compat.config.Change@a21d56a
01-01 08:00:13.013 D/CompatConfig( 710): Adding: com.android.server.compat.config.Change@96a5a5b
01-01 08:00:13.013 D/CompatConfig( 710): Adding: com.android.server.compat.config.Change@73262f8
01-01 08:00:13.013 D/CompatConfig( 710): Adding: com.android.server.compat.config.Change@e6be3d1
01-01 08:00:13.013 D/CompatConfig( 710): Adding: com.android.server.compat.config.Change@7ffde36
01-01 08:00:13.013 D/CompatConfig( 710): Adding: com.android.server.compat.config.Change@16a4137
01-01 08:00:13.013 D/CompatConfig( 710): Adding: com.android.server.compat.config.Change@1a6b6a4
01-01 08:00:13.013 D/CompatConfig( 710): Adding: com.android.server.compat.config.Change@679ec0d
01-01 08:00:13.013 D/CompatConfig( 710): Adding: com.android.server.compat.config.Change@6e3a7c2
01-01 08:00:13.013 D/CompatConfig( 710): Adding: com.android.server.compat.config.Change@e17b9d3
01-01 08:00:13.013 D/CompatConfig( 710): Adding: com.android.server.compat.config.Change@6ea9910
01-01 08:00:13.013 D/CompatConfig( 710): Adding: com.android.server.compat.config.Change@ee63c09
01-01 08:00:13.013 D/CompatConfig( 710): Adding: com.android.server.compat.config.Change@6487e0e
01-01 08:00:13.013 D/CompatConfig( 710): Adding: com.android.server.compat.config.Change@1a202f
01-01 08:00:13.014 D/CompatConfig( 710): Adding: com.android.server.compat.config.Change@448363c
01-01 08:00:13.014 D/CompatConfig( 710): Adding: com.android.server.compat.config.Change@1ad8fc5
01-01 08:00:13.014 D/CompatConfig( 710): Adding: com.android.server.compat.config.Change@126d1a
01-01 08:00:13.014 D/CompatConfig( 710): Adding: com.android.server.compat.config.Change@132904b
01-01 08:00:13.014 D/CompatConfig( 710): Adding: com.android.server.compat.config.Change@f807a28
01-01 08:00:13.014 D/CompatConfig( 710): Adding: com.android.server.compat.config.Change@1dc6341
01-01 08:00:13.014 D/CompatConfig( 710): Adding: com.android.server.compat.config.Change@65a40e6
01-01 08:00:13.014 D/CompatConfig( 710): Adding: com.android.server.compat.config.Change@c17e627
01-01 08:00:13.014 D/CompatConfig( 710): Adding: com.android.server.compat.config.Change@77710d4
01-01 08:00:13.014 D/CompatConfig( 710): Adding: com.android.server.compat.config.Change@ccaf27d
01-01 08:00:13.014 D/CompatConfig( 710): Adding: com.android.server.compat.config.Change@1f98572
01-01 08:00:13.014 D/CompatConfig( 710): Adding: com.android.server.compat.config.Change@612bdc3
01-01 08:00:13.014 D/CompatConfig( 710): Adding: com.android.server.compat.config.Change@39e6640
01-01 08:00:13.014 D/CompatConfig( 710): Adding: com.android.server.compat.config.Change@3193979
01-01 08:00:13.014 D/CompatConfig( 710): Adding: com.android.server.compat.config.Change@dd686be
01-01 08:00:13.014 D/CompatConfig( 710): Adding: com.android.server.compat.config.Change@659731f
01-01 08:00:13.014 D/CompatConfig( 710): Adding: com.android.server.compat.config.Change@e23a66c
01-01 08:00:13.014 D/CompatConfig( 710): Adding: com.android.server.compat.config.Change@56af435
01-01 08:00:13.014 D/CompatConfig( 710): Adding: com.android.server.compat.config.Change@72c223b
01-01 08:00:13.014 D/CompatConfig( 710): Adding: com.android.server.compat.config.Change@4dabd58
01-01 08:00:13.014 D/CompatConfig( 710): Adding: com.android.server.compat.config.Change@e39eb1
01-01 08:00:13.014 D/CompatConfig( 710): Adding: com.android.server.compat.config.Change@92aaf96
01-01 08:00:13.014 D/CompatConfig( 710): Adding: com.android.server.compat.config.Change@cb0a717
01-01 08:00:13.014 D/CompatConfig( 710): Adding: com.android.server.compat.config.Change@cea5704
01-01 08:00:13.014 D/CompatConfig( 710): Adding: com.android.server.compat.config.Change@76274ed
01-01 08:00:13.014 I/SystemConfig( 710): Reading permissions from /system/etc/permissions/com.android.networkstack.xml
01-01 08:00:13.014 D/CompatConfig( 710): Adding: com.android.server.compat.config.Change@da2f22
01-01 08:00:13.014 D/CompatConfig( 710): Adding: com.android.server.compat.config.Change@d8e9db3
01-01 08:00:13.014 D/CompatConfig( 710): Adding: com.android.server.compat.config.Change@537df70
01-01 08:00:13.014 D/CompatConfig( 710): Adding: com.android.server.compat.config.Change@f7e72e9
01-01 08:00:13.014 D/CompatConfig( 710): Adding: com.android.server.compat.config.Change@9101b6e
01-01 08:00:13.014 D/CompatConfig( 710): Adding: com.android.server.compat.config.Change@94b620f
01-01 08:00:13.014 D/CompatConfig( 710): Adding: com.android.server.compat.config.Change@393829c
01-01 08:00:13.014 D/CompatConfig( 710): Adding: com.android.server.compat.config.Change@84254a5
01-01 08:00:13.014 D/CompatConfig( 710): Adding: com.android.server.compat.config.Change@6a6807a
01-01 08:00:13.015 I/SystemConfig( 710): Reading permissions from /system/etc/permissions/javax.obex.xml
01-01 08:00:13.016 D/CompatConfig( 710): No directory /system/system_ext/etc/compatconfig, skipping
01-01 08:00:13.016 D/ApexManagerTiming( 710): getActiveApexInfos_noCache
01-01 08:00:13.016 I/SystemConfig( 710): Reading permissions from /system/etc/permissions/org.apache.http.legacy.xml
01-01 08:00:13.018 I/SystemConfig( 710): Reading permissions from /system/etc/permissions/privapp-permissions-oranth.xml
01-01 08:00:13.025 I/SystemConfig( 710): Reading permissions from /system/etc/permissions/privapp-permissions-platform.xml
01-01 08:00:13.034 I/SystemConfig( 710): Reading permissions from /system/etc/permissions/privapp_allowlist_com.android.adservices.api.xml
01-01 08:00:13.034 D/CompatConfig( 710): No directory /apex/com.android.adservices/etc/compatconfig, skipping
01-01 08:00:13.035 D/CompatConfig( 710): No directory /apex/com.android.devicelock/etc/compatconfig, skipping
01-01 08:00:13.035 D/CompatConfig( 710): No directory /apex/com.android.adbd/etc/compatconfig, skipping
01-01 08:00:13.035 I/SystemConfig( 710): Reading permissions from /system/etc/permissions/privapp_allowlist_com.android.providers.media.module.xml
01-01 08:00:13.036 D/CompatConfig( 710): Found a config file: /apex/com.android.art/etc/compatconfig/libcore-platform-compat-config.xml
01-01 08:00:13.036 I/SystemConfig( 710): Reading permissions from /system/etc/permissions/tv_core_hardware.xml
01-01 08:00:13.037 I/SystemConfig( 710): Reading permissions from /system/etc/permissions/platform.xml
01-01 08:00:13.037 D/CompatConfig( 710): Adding: com.android.server.compat.config.Change@ae18739
01-01 08:00:13.037 D/CompatConfig( 710): Adding: com.android.server.compat.config.Change@850217e
01-01 08:00:13.037 D/CompatConfig( 710): Adding: com.android.server.compat.config.Change@9c6d6df
01-01 08:00:13.037 D/CompatConfig( 710): Adding: com.android.server.compat.config.Change@e9b9f2c
01-01 08:00:13.038 D/CompatConfig( 710): Adding: com.android.server.compat.config.Change@aca5df5
01-01 08:00:13.038 D/CompatConfig( 710): Adding: com.android.server.compat.config.Change@148d78a
01-01 08:00:13.038 D/CompatConfig( 710): Adding: com.android.server.compat.config.Change@c6c01fb
01-01 08:00:13.038 D/CompatConfig( 710): Adding: com.android.server.compat.config.Change@5b98218
01-01 08:00:13.038 D/CompatConfig( 710): Adding: com.android.server.compat.config.Change@c2fe471
01-01 08:00:13.038 D/CompatConfig( 710): Adding: com.android.server.compat.config.Change@864e256
01-01 08:00:13.038 D/CompatConfig( 710): Adding: com.android.server.compat.config.Change@46ec2d7
01-01 08:00:13.038 D/CompatConfig( 710): No directory /apex/com.android.healthfitness/etc/compatconfig, skipping
01-01 08:00:13.039 D/CompatConfig( 710): No directory /apex/com.android.scheduling/etc/compatconfig, skipping
01-01 08:00:13.039 D/CompatConfig( 710): Found a config file: /apex/com.android.mediaprovider/etc/compatconfig/media-provider-platform-compat-config.xml
01-01 08:00:13.041 D/CompatConfig( 710): Adding: com.android.server.compat.config.Change@8d56ad
01-01 08:00:13.041 D/CompatConfig( 710): Adding: com.android.server.compat.config.Change@364cde2
01-01 08:00:13.041 D/CompatConfig( 710): Adding: com.android.server.compat.config.Change@772b573
01-01 08:00:13.041 D/CompatConfig( 710): Adding: com.android.server.compat.config.Change@9127c30
01-01 08:00:13.041 D/CompatConfig( 710): Adding: com.android.server.compat.config.Change@bd5b0a9
01-01 08:00:13.041 D/CompatConfig( 710): Adding: com.android.server.compat.config.Change@185e62e
01-01 08:00:13.041 D/CompatConfig( 710): Adding: com.android.server.compat.config.Change@7b935cf
01-01 08:00:13.043 I/SystemConfig( 710): Reading permissions from /vendor/etc/permissions/android.hardware.audio.output.xml
01-01 08:00:13.043 D/CompatConfig( 710): Found a config file: /apex/com.android.tethering/etc/compatconfig/connectivity-platform-compat-config.xml
01-01 08:00:13.044 I/SystemConfig( 710): Reading permissions from /vendor/etc/permissions/android.hardware.bluetooth.xml
01-01 08:00:13.044 D/CompatConfig( 710): Adding: com.android.server.compat.config.Change@3d5feb
01-01 08:00:13.044 D/CompatConfig( 710): Adding: com.android.server.compat.config.Change@81da148
01-01 08:00:13.044 D/CompatConfig( 710): Adding: com.android.server.compat.config.Change@171cbe1
01-01 08:00:13.044 D/CompatConfig( 710): Adding: com.android.server.compat.config.Change@a988d06
01-01 08:00:13.045 I/SystemConfig( 710): Reading permissions from /vendor/etc/permissions/android.hardware.bluetooth_le.xml
01-01 08:00:13.045 D/CompatConfig( 710): No directory /apex/com.android.apex.cts.shim/etc/compatconfig, skipping
01-01 08:00:13.046 D/CompatConfig( 710): No directory /apex/com.android.os.statsd/etc/compatconfig, skipping
01-01 08:00:13.046 D/CompatConfig( 710): No directory /apex/com.android.virt/etc/compatconfig, skipping
01-01 08:00:13.046 D/CompatConfig( 710): No directory /apex/com.android.appsearch/etc/compatconfig, skipping
01-01 08:00:13.046 D/CompatConfig( 710): No directory /apex/com.amlogic.mediaextractor/etc/compatconfig, skipping
01-01 08:00:13.046 D/CompatConfig( 710): No directory /apex/com.android.media/etc/compatconfig, skipping
01-01 08:00:13.046 D/CompatConfig( 710): No directory /apex/com.android.vndk.v34/etc/compatconfig, skipping
01-01 08:00:13.047 I/SystemConfig( 710): Reading permissions from /vendor/etc/permissions/android.hardware.camera.external.xml
01-01 08:00:13.047 D/CompatConfig( 710): No directory /apex/com.android.conscrypt/etc/compatconfig, skipping
01-01 08:00:13.048 D/CompatConfig( 710): No directory /apex/com.android.configinfrastructure/etc/compatconfig, skipping
01-01 08:00:13.048 D/CompatConfig( 710): No directory /apex/com.android.sdkext/etc/compatconfig, skipping
01-01 08:00:13.048 D/CompatConfig( 710): No directory /apex/com.android.permission/etc/compatconfig, skipping
01-01 08:00:13.048 I/SystemConfig( 710): Reading permissions from /vendor/etc/permissions/android.hardware.ethernet.xml
01-01 08:00:13.048 D/CompatConfig( 710): No directory /apex/com.android.media.swcodec/etc/compatconfig, skipping
01-01 08:00:13.048 D/CompatConfig( 710): No directory /apex/com.android.tzdata/etc/compatconfig, skipping
01-01 08:00:13.048 D/CompatConfig( 710): No directory /apex/com.android.runtime/etc/compatconfig, skipping
01-01 08:00:13.049 D/CompatConfig( 710): No directory /apex/com.android.uwb/etc/compatconfig, skipping
01-01 08:00:13.049 D/CompatConfig( 710): No directory /apex/com.android.i18n/etc/compatconfig, skipping
01-01 08:00:13.049 D/CompatConfig( 710): No directory /apex/com.android.ondevicepersonalization/etc/compatconfig, skipping
01-01 08:00:13.049 I/SystemConfig( 710): Reading permissions from /vendor/etc/permissions/android.hardware.gamepad.xml
01-01 08:00:13.050 D/CompatConfig( 710): Found a config file: /apex/com.android.wifi/etc/compatconfig/wifi-compat-config.xml
01-01 08:00:13.050 I/SystemConfig( 710): Reading permissions from /vendor/etc/permissions/android.hardware.hardware_keystore.xml
01-01 08:00:13.051 D/CompatConfig( 710): Adding: com.android.server.compat.config.Change@d9f1619
01-01 08:00:13.051 D/CompatConfig( 710): Adding: com.android.server.compat.config.Change@5ce36de
01-01 08:00:13.051 D/CompatConfig( 710): Adding: com.android.server.compat.config.Change@6ee238c
01-01 08:00:13.051 I/SystemConfig( 710): Reading permissions from /vendor/etc/permissions/android.hardware.hdmi.cec.xml
01-01 08:00:13.052 I/SystemConfig( 710): Reading permissions from /vendor/etc/permissions/android.hardware.keystore.app_attest_key.xml
01-01 08:00:13.052 D/CompatConfig( 710): No directory /apex/com.android.resolv/etc/compatconfig, skipping
01-01 08:00:13.052 D/CompatConfig( 710): No directory /apex/com.android.ipsec/etc/compatconfig, skipping
01-01 08:00:13.052 D/CompatConfig( 710): No directory /apex/com.google.android.widevine/etc/compatconfig, skipping
01-01 08:00:13.053 D/CompatConfig( 710): No directory /apex/com.android.rkpd/etc/compatconfig, skipping
01-01 08:00:13.053 D/CompatConfig( 710): No directory /apex/com.android.neuralnetworks/etc/compatconfig, skipping
01-01 08:00:13.053 I/SystemConfig( 710): Reading permissions from /vendor/etc/permissions/android.hardware.location.xml
01-01 08:00:13.053 D/CompatConfig( 710): No directory /apex/com.android.extservices/etc/compatconfig, skipping
01-01 08:00:13.053 D/CompatConfig( 710): Found a config file: /apex/com.android.btservices/etc/compatconfig/bluetoothapk-platform-compat-config.xml
01-01 08:00:13.053 I/SystemConfig( 710): Reading permissions from /vendor/etc/permissions/android.hardware.opengles.aep.xml
01-01 08:00:13.054 D/CompatConfig( 710): Adding: com.android.server.compat.config.Change@d746f51
01-01 08:00:13.054 I/SystemConfig( 710): Reading permissions from /vendor/etc/permissions/android.hardware.usb.host.xml
01-01 08:00:13.054 D/CompatConfig( 710): Found a config file: /apex/com.android.btservices/etc/compatconfig/bluetooth-compat-config.xml
01-01 08:00:13.055 I/SystemConfig( 710): Reading permissions from /vendor/etc/permissions/android.hardware.vulkan.compute.xml
01-01 08:00:13.056 D/CompatConfig( 710): Adding: com.android.server.compat.config.Change@83faf8d
01-01 08:00:13.056 D/CompatConfig( 710): Found a config file: /apex/com.android.btservices/etc/compatconfig/framework-bluetooth-compat-config.xml
01-01 08:00:13.057 I/SystemConfig( 710): Reading permissions from /vendor/etc/permissions/android.hardware.vulkan.level.xml
01-01 08:00:13.057 D/CompatConfig( 710): Adding: com.android.server.compat.config.Change@8cfd290
01-01 08:00:13.058 I/SystemConfig( 710): Reading permissions from /vendor/etc/permissions/android.hardware.vulkan.version.xml
01-01 08:00:13.059 I/SystemConfig( 710): Reading permissions from /vendor/etc/permissions/android.hardware.wifi.direct.xml
01-01 08:00:13.060 D/SystemServerTiming( 710): StartFileIntegrityService
01-01 08:00:13.060 I/SystemServiceManager( 710): Starting com.android.server.security.FileIntegrityService
01-01 08:00:13.061 I/SystemConfig( 710): Reading permissions from /vendor/etc/permissions/android.hardware.wifi.passpoint.xml
01-01 08:00:13.061 I/SystemConfig( 710): Reading permissions from /vendor/etc/permissions/android.hardware.wifi.xml
01-01 08:00:13.062 I/SystemConfig( 710): Reading permissions from /vendor/etc/permissions/android.software.app_widgets.xml
01-01 08:00:13.062 D/SystemServerTiming( 710): StartInstaller
01-01 08:00:13.063 I/SystemServiceManager( 710): Starting com.android.server.pm.Installer
01-01 08:00:13.063 I/SystemConfig( 710): Reading permissions from /vendor/etc/permissions/android.software.backup.xml
01-01 08:00:13.064 I/SystemConfig( 710): Reading permissions from /vendor/etc/permissions/android.software.cant_save_state.xml
01-01 08:00:13.065 I/SystemConfig( 710): Reading permissions from /vendor/etc/permissions/android.software.farfield.xml
01-01 08:00:13.066 I/SystemConfig( 710): Reading permissions from /vendor/etc/permissions/android.software.ipsec_tunnels.xml
01-01 08:00:13.067 I/SystemConfig( 710): Reading permissions from /vendor/etc/permissions/android.software.opengles.deqp.level-2023-03-01.xml
01-01 08:00:13.068 I/SystemConfig( 710): Reading permissions from /vendor/etc/permissions/android.software.verified_boot.xml
01-01 08:00:13.068 D/SystemServerTiming( 710): DeviceIdentifiersPolicyService
01-01 08:00:13.068 I/SystemServiceManager( 710): Starting com.android.server.os.DeviceIdentifiersPolicyService
01-01 08:00:13.069 D/SystemServerTiming( 710): StartFeatureFlagsService
01-01 08:00:13.069 I/SystemConfig( 710): Reading permissions from /vendor/etc/permissions/android.software.vulkan.deqp.level-2023-03-01.xml
01-01 08:00:13.069 I/SystemServiceManager( 710): Starting com.android.server.flags.FeatureFlagsService
01-01 08:00:13.069 D/FeatureFlagsService( 710): Started Feature Flag Service
01-01 08:00:13.070 I/SystemConfig( 710): Reading permissions from /vendor/etc/permissions/aosp_excluded_hardware.xml
01-01 08:00:13.070 D/SystemConfig( 710): Removed unavailable feature android.hardware.location.network
01-01 08:00:13.072 D/SystemServerTiming( 710): UriGrantsManagerService
01-01 08:00:13.073 I/SystemServiceManager( 710): Starting com.android.server.uri.UriGrantsManagerService$Lifecycle
01-01 08:00:13.073 I/SystemConfig( 710): Reading permissions from /vendor/etc/permissions/com.droidlogic.appinstaller.xml
01-01 08:00:13.075 D/SystemServerTiming( 710): StartPowerStatsService
01-01 08:00:13.075 I/SystemServiceManager( 710): Starting com.android.server.powerstats.PowerStatsService
01-01 08:00:13.075 I/SystemConfig( 710): Reading permissions from /vendor/etc/permissions/com.google.android.feature.SILENT_OTA.xml
01-01 08:00:13.076 I/SystemConfig( 710): Reading permissions from /vendor/etc/permissions/droidlogic.jasplayer.xml
01-01 08:00:13.078 I/SystemConfig( 710): Reading permissions from /vendor/etc/permissions/droidlogic.jniasplayer.xml
01-01 08:00:13.079 I/SystemConfig( 710): Reading permissions from /vendor/etc/permissions/droidlogic.software.core.xml
01-01 08:00:13.080 W/SystemConfig( 710): name is required for in START_TAG (empty) @27:35 in java.io.FileReader@471a1bb
01-01 08:00:13.080 D/SystemServerTiming( 710): StartIStatsService
01-01 08:00:13.080 I/SystemConfig( 710): Reading permissions from /vendor/etc/permissions/droidlogic.tv.software.core.xml
01-01 08:00:13.081 I/SystemConfig( 710): Ignore shared library droidlogic.tv.software.core: /vendor/framework/droidlogic.tv.software.core.jar does not exist
01-01 08:00:13.082 I/SystemConfig( 710): Reading permissions from /vendor/etc/permissions/prime.xml
01-01 08:00:13.082 D/SystemServerTiming( 710): MemtrackProxyService
