05-30 14:03:28.262 D/BluetoothA2dp( 710): Proxy object connected
05-30 14:03:28.264 D/vold_prepare_subdirs( 1379): Setting up mode 711 uid 0 gid 0 context u:object_r:apex_module_data_file:s0 on path: /data/misc_ce/0/apexdata
05-30 14:03:28.268 D/BluetoothHearingAid( 710): Proxy object connected
05-30 14:03:28.268 D/BluetoothHearingAid( 710): Proxy object connected
05-30 14:03:28.269 D/vold_prepare_subdirs( 1379): Setting up mode 771 uid 0 gid 1000 context u:object_r:apex_module_data_file:s0 on path: /data/misc_ce/0/apexdata/com.android.tethering
05-30 14:03:28.270 D/xm_audio( 477): adev_get_parameters
05-30 14:03:28.271 D/BluetoothHearingAid( 710): Proxy object connected
05-30 14:03:28.271 D/BluetoothAdapter( 710): getActiveDevices(profile= HEARING_AID)
05-30 14:03:28.272 D/BluetoothA2dp( 710): Proxy object connected
05-30 14:03:28.272 D/BluetoothA2dp( 710): Proxy object connected
05-30 14:03:28.273 D/xm_audio( 477): adev_get_parameters
05-30 14:03:28.274 I/BluetoothAdapterService( 1090): getActiveDevices: Hearing Aid devices: Left[null] - Right[null]
05-30 14:03:28.276 D/vold_prepare_subdirs( 1379): Setting up mode 771 uid 0 gid 1000 context u:object_r:apex_system_server_data_file:s0 on path: /data/misc_ce/0/apexdata/com.android.permission
05-30 14:03:28.278 D/BluetoothAdapter( 710): getActiveDevices(profile= A2DP)
05-30 14:03:28.278 D/vold_prepare_subdirs( 1379): Setting up mode 771 uid 0 gid 1000 context u:object_r:apex_module_data_file:s0 on path: /data/misc_ce/0/apexdata/com.android.scheduling
05-30 14:03:28.279 D/BluetoothHeadset( 710): Proxy object connected
05-30 14:03:28.281 D/vold_prepare_subdirs( 1379): Setting up mode 771 uid 0 gid 1000 context u:object_r:apex_module_data_file:s0 on path: /data/misc_ce/0/apexdata/com.android.ondevicepersonalization
05-30 14:03:28.281 D/xm_audio( 477): adev_get_parameters
05-30 14:03:28.281 D/nativeloader( 1380): Configuring clns-shared-4 for other apk /system/framework/org.apache.http.legacy.jar. target_sdk_version=34, uses_libraries=ALL, library_path=/apex/com.android.devicelock/priv-app/DeviceLockController@UD2A.240505.001.W1/lib/arm:/system/lib:/system_ext/lib, permitted_path=/data:/mnt/expand:/data/user/0/com.android.devicelockcontroller:/apex/com.android.devicelock/priv-app/DeviceLockController@UD2A.240505.001.W1:/system/lib:/system_ext/lib
05-30 14:03:28.282 D/BluetoothHearingAid( 962): Proxy object connected
05-30 14:03:28.283 D/vold_prepare_subdirs( 1379): Setting up mode 771 uid 0 gid 1000 context u:object_r:apex_module_data_file:s0 on path: /data/misc_ce/0/apexdata/com.android.media.swcodec
05-30 14:03:28.286 D/vold_prepare_subdirs( 1379): Setting up mode 771 uid 0 gid 1000 context u:object_r:apex_module_data_file:s0 on path: /data/misc_ce/0/apexdata/com.android.neuralnetworks
05-30 14:03:28.287 D/xm_audio( 477): adev_get_parameters
05-30 14:03:28.289 D/vold_prepare_subdirs( 1379): Setting up mode 771 uid 0 gid 1000 context u:object_r:apex_module_data_file:s0 on path: /data/misc_ce/0/apexdata/com.android.resolv
05-30 14:03:28.291 I/BluetoothAdapterService( 1090): getActiveDevices: A2dp device: null
05-30 14:03:28.293 D/xm_audio( 477): adev_get_parameters
05-30 14:03:28.295 D/xm_audio( 477): adev_get_parameters
05-30 14:03:28.295 D/vold_prepare_subdirs( 1379): Setting up mode 771 uid 0 gid 1000 context u:object_r:apex_module_data_file:s0 on path: /data/misc_ce/0/apexdata/com.android.extservices
05-30 14:03:28.301 D/BluetoothAdapter( 710): getActiveDevices(profile= HEADSET)
05-30 14:03:28.302 D/xm_audio( 477): adev_get_parameters
05-30 14:03:28.303 D/xm_audio( 477): adev_get_parameters
05-30 14:03:28.304 I/BluetoothAdapterService( 1090): getActiveDevices: Headset device: null
05-30 14:03:28.304 D/vold_prepare_subdirs( 1379): Setting up mode 771 uid 0 gid 1000 context u:object_r:apex_module_data_file:s0 on path: /data/misc_ce/0/apexdata/com.android.mediaprovider
05-30 14:03:28.305 I/AS.BtHelper( 710): onSetBtScoActiveDevice: (null) -> (null)
05-30 14:03:28.305 D/nativeloader( 1380): Configuring clns-shared-5 for other apk /apex/com.android.devicelock/priv-app/DeviceLockController@UD2A.240505.001.W1/DeviceLockController.apk. target_sdk_version=34, uses_libraries=, library_path=/apex/com.android.devicelock/priv-app/DeviceLockController@UD2A.240505.001.W1/lib/arm:/system/lib:/system_ext/lib, permitted_path=/data:/mnt/expand:/data/user/0/com.android.devicelockcontroller:/apex/com.android.devicelock/priv-app/DeviceLockController@UD2A.240505.001.W1:/system/lib:/system_ext/lib
05-30 14:03:28.307 D/nativeloader( 1380): InitApexLibraries:
05-30 14:03:28.307 D/nativeloader( 1380): com_android_adservices: libhpke_jni.so:libtflite_support_classifiers_native.so
05-30 14:03:28.307 D/nativeloader( 1380): com_android_appsearch: libicing.so
05-30 14:03:28.307 D/nativeloader( 1380): com_android_art: libartservice.so
05-30 14:03:28.307 D/nativeloader( 1380): com_android_btservices: libbluetooth_jni.so
05-30 14:03:28.307 D/nativeloader( 1380): com_android_conscrypt: libjavacrypto.so
05-30 14:03:28.307 D/nativeloader( 1380): com_android_extservices: libhpke_jni.so:libtflite_support_classifiers_native.so
05-30 14:03:28.307 D/nativeloader( 1380): com_android_os_statsd: libstats_jni.so
05-30 14:03:28.307 D/nativeloader( 1380): com_android_tethering: libandroid_net_connectivity_com_android_net_module_util_jni.so:libcronet.114.0.5735.84.so:libframework-connectivity-jni.so:libframework-connectivity-tiramisu-jni.so:libservice-connectivity.so
05-30 14:03:28.307 D/nativeloader( 1380): com_android_uwb: libuwb_uci_jni_rust.so
05-30 14:03:28.307 D/nativeloader( 1380): com_android_virt: libvirtualizationservice_jni.so:libvirtualmachine_jni.so
05-30 14:03:28.310 D/vold_prepare_subdirs( 1379): Setting up mode 771 uid 0 gid 1000 context u:object_r:apex_module_data_file:s0 on path: /data/misc_ce/0/apexdata/com.android.configinfrastructure
05-30 14:03:28.312 D/xm_audio( 477): adev_get_parameters
05-30 14:03:28.314 D/xm_audio( 477): adev_get_parameters
05-30 14:03:28.318 D/vold_prepare_subdirs( 1379): Setting up mode 771 uid 0 gid 1000 context u:object_r:apex_system_server_data_file:s0 on path: /data/misc_ce/0/apexdata/com.android.uwb
05-30 14:03:28.320 D/xm_audio( 477): adev_get_parameters
05-30 14:03:28.320 I/adbd ( 1395): type=1400 audit(0.0:694): avc: denied { read } for name="u:object_r:vendor_default_prop:s0" dev="tmpfs" ino=377 scontext=u:r:adbd:s0 tcontext=u:object_r:vendor_default_prop:s0 tclass=file permissive=1
05-30 14:03:28.326 I/adbd ( 1395): persist.adb.watchdog set to ''
05-30 14:03:28.326 I/adbd ( 1395): persist.sys.test_harness set to ''
05-30 14:03:28.326 I/adbd ( 1395): adb watchdog timeout set to 600 seconds
05-30 14:03:28.327 I/adbd ( 1395): Waiting for persist.adb.tls_server.enable=1
05-30 14:03:28.327 I/adbd ( 1395): Setup mdns on port= 5555
05-30 14:03:28.330 I/bootstat( 1397): Service started: /system/bin/bootstat --record_boot_complete --record_boot_reason --record_time_since_factory_reset -l
05-30 14:03:28.330 I/adbd ( 1395): adbd listening on tcp:5555
05-30 14:03:28.330 E/perfetto( 1400): perfetto_cmd.cc:385 Could not open /data/misc/perfetto-configs/stopboottracetrigger.pbtxt (errno: 2, No such file or directory)
05-30 14:03:28.331 I/adbd ( 1395): adbd listening on vsock:5555
05-30 14:03:28.331 I/adbd ( 1395): adbd started
05-30 14:03:28.333 D/xm_audio( 477): adev_get_parameters
05-30 14:03:28.320 I/adbd ( 1395): type=1400 audit(0.0:695): avc: denied { open } for path="/dev/__properties__/u:object_r:vendor_default_prop:s0" dev="tmpfs" ino=377 scontext=u:r:adbd:s0 tcontext=u:object_r:vendor_default_prop:s0 tclass=file permissive=1
05-30 14:03:28.335 W/bootstat( 1397): LogBootEvents, atomInfo not defined for events:last_boot_time_utc,build_date,ro.boottime.init.cold_boot_wait,boot_reason,system_boot_reason,time_since_last_boot
05-30 14:03:28.338 D/vold_prepare_subdirs( 1379): Setting up mode 771 uid 0 gid 1000 context u:object_r:apex_module_data_file:s0 on path: /data/misc_ce/0/apexdata/com.android.ipsec
05-30 14:03:28.320 I/adbd ( 1395): type=1400 audit(0.0:696): avc: denied { getattr } for path="/dev/__properties__/u:object_r:vendor_default_prop:s0" dev="tmpfs" ino=377 scontext=u:r:adbd:s0 tcontext=u:object_r:vendor_default_prop:s0 tclass=file permissive=1
05-30 14:03:28.339 D/vold_prepare_subdirs( 1379): Setting up mode 771 uid 0 gid 1000 context u:object_r:apex_system_server_data_file:s0 on path: /data/misc_ce/0/apexdata/com.android.wifi
05-30 14:03:28.320 I/adbd ( 1395): type=1400 audit(0.0:697): avc: denied { map } for path="/dev/__properties__/u:object_r:vendor_default_prop:s0" dev="tmpfs" ino=377 scontext=u:r:adbd:s0 tcontext=u:object_r:vendor_default_prop:s0 tclass=file permissive=1
05-30 14:03:28.320 I/adbd ( 1395): type=1400 audit(0.0:698): avc: denied { setcurrent } for scontext=u:r:adbd:s0 tcontext=u:r:adbd:s0 tclass=process permissive=1
05-30 14:03:28.320 I/adbd ( 1395): type=1400 audit(0.0:699): avc: denied { dyntransition } for scontext=u:r:adbd:s0 tcontext=u:r:su:s0 tclass=process permissive=1
05-30 14:03:28.324 I/adbd ( 1395): type=1400 audit(0.0:700): avc: denied { open } for path="/dev/__properties__/u:object_r:test_harness_prop:s0" dev="tmpfs" ino=349 scontext=u:r:su:s0 tcontext=u:object_r:test_harness_prop:s0 tclass=file permissive=1
05-30 14:03:28.324 I/adbd ( 1395): type=1400 audit(0.0:701): avc: denied { getattr } for path="/dev/__properties__/u:object_r:test_harness_prop:s0" dev="tmpfs" ino=349 scontext=u:r:su:s0 tcontext=u:object_r:test_harness_prop:s0 tclass=file permissive=1
05-30 14:03:28.324 I/adbd ( 1395): type=1400 audit(0.0:702): avc: denied { map } for path="/dev/__properties__/u:object_r:test_harness_prop:s0" dev="tmpfs" ino=349 scontext=u:r:su:s0 tcontext=u:object_r:test_harness_prop:s0 tclass=file permissive=1
05-30 14:03:28.324 I/adbd ( 1395): type=1400 audit(0.0:703): avc: denied { getattr } for path="/dev/socket/adbd" scontext=u:r:su:s0 tcontext=u:r:adbd:s0 tclass=unix_stream_socket permissive=1
05-30 14:03:28.324 I/adbd ( 1395): type=1400 audit(0.0:704): avc: denied { listen } for path="/dev/socket/adbd" scontext=u:r:su:s0 tcontext=u:r:adbd:s0 tclass=unix_stream_socket permissive=1
05-30 14:03:28.324 I/adbd ( 1395): type=1400 audit(0.0:705): avc: denied { dac_read_search } for capability=2 scontext=u:r:su:s0 tcontext=u:r:su:s0 tclass=capability permissive=1
05-30 14:03:28.324 I/adbd ( 1395): type=1400 audit(0.0:706): avc: denied { search } for name="/" dev="functionfs" ino=24114 scontext=u:r:su:s0 tcontext=u:object_r:functionfs:s0 tclass=dir permissive=1
05-30 14:03:28.324 I/adbd ( 1395): type=1400 audit(0.0:707): avc: denied { read } for name="u:object_r:system_prop:s0" dev="tmpfs" ino=342 scontext=u:r:su:s0 tcontext=u:object_r:system_prop:s0 tclass=file permissive=1
05-30 14:03:28.324 I/adbd ( 1395): type=1400 audit(0.0:708): avc: denied { open } for path="/dev/__properties__/u:object_r:system_prop:s0" dev="tmpfs" ino=342 scontext=u:r:su:s0 tcontext=u:object_r:system_prop:s0 tclass=file permissive=1
05-30 14:03:28.324 I/adbd ( 1395): type=1400 audit(0.0:709): avc: denied { getattr } for path="/dev/__properties__/u:object_r:system_prop:s0" dev="tmpfs" ino=342 scontext=u:r:su:s0 tcontext=u:object_r:system_prop:s0 tclass=file permissive=1
05-30 14:03:28.324 I/adbd ( 1395): type=1400 audit(0.0:710): avc: denied { map } for path="/dev/__properties__/u:object_r:system_prop:s0" dev="tmpfs" ino=342 scontext=u:r:su:s0 tcontext=u:object_r:system_prop:s0 tclass=file permissive=1
05-30 14:03:28.324 I/adbd ( 1395): type=1400 audit(0.0:711): avc: denied { open } for path="/dev/__properties__/u:object_r:adbd_config_prop:s0" dev="tmpfs" ino=105 scontext=u:r:su:s0 tcontext=u:object_r:adbd_config_prop:s0 tclass=file permissive=1
05-30 14:03:28.324 I/adbd ( 1395): type=1400 audit(0.0:712): avc: denied { getattr } for path="/dev/__properties__/u:object_r:adbd_config_prop:s0" dev="tmpfs" ino=105 scontext=u:r:su:s0 tcontext=u:object_r:adbd_config_prop:s0 tclass=file permissive=1
05-30 14:03:28.324 I/adbd ( 1395): type=1400 audit(0.0:713): avc: denied { map } for path="/dev/__properties__/u:object_r:adbd_config_prop:s0" dev="tmpfs" ino=105 scontext=u:r:su:s0 tcontext=u:object_r:adbd_config_prop:s0 tclass=file permissive=1
05-30 14:03:28.324 I/adbd ( 1395): type=1400 audit(0.0:714): avc: denied { open } for path="/dev/__properties__/u:object_r:system_adbd_prop:s0" dev="tmpfs" ino=338 scontext=u:r:su:s0 tcontext=u:object_r:system_adbd_prop:s0 tclass=file permissive=1
05-30 14:03:28.324 I/adbd ( 1395): type=1400 audit(0.0:715): avc: denied { getattr } for path="/dev/__properties__/u:object_r:system_adbd_prop:s0" dev="tmpfs" ino=338 scontext=u:r:su:s0 tcontext=u:object_r:system_adbd_prop:s0 tclass=file permissive=1
05-30 14:03:28.324 I/adbd ( 1395): type=1400 audit(0.0:716): avc: denied { map } for path="/dev/__properties__/u:object_r:system_adbd_prop:s0" dev="tmpfs" ino=338 scontext=u:r:su:s0 tcontext=u:object_r:system_adbd_prop:s0 tclass=file permissive=1
05-30 14:03:28.340 D/xm_audio( 477): adev_get_parameters
05-30 14:03:28.324 I/adbd ( 1395): type=1400 audit(0.0:717): avc: denied { open } for path="/dev/__properties__/u:object_r:adbd_prop:s0" dev="tmpfs" ino=106 scontext=u:r:su:s0 tcontext=u:object_r:adbd_prop:s0 tclass=file permissive=1
05-30 14:03:28.324 I//apex/com.android.adbd/bin/adbd( 1395): type=1400 audit(0.0:718): avc: denied { dac_override } for comm=75736220666673206F70656E capability=1 scontext=u:r:su:s0 tcontext=u:r:su:s0 tclass=capability permissive=1
05-30 14:03:28.324 I//apex/com.android.adbd/bin/adbd( 1395): type=1400 audit(0.0:719): avc: denied { read write } for comm=75736220666673206F70656E name="ep0" dev="functionfs" ino=24115 scontext=u:r:su:s0 tcontext=u:object_r:functionfs:s0 tclass=file permissive=1
05-30 14:03:28.324 I//apex/com.android.adbd/bin/adbd( 1395): type=1400 audit(0.0:720): avc: denied { open } for comm=75736220666673206F70656E path="/dev/usb-ffs/adb/ep0" dev="functionfs" ino=24115 scontext=u:r:su:s0 tcontext=u:object_r:functionfs:s0 tclass=file permissive=1
05-30 14:03:28.324 I//apex/com.android.adbd/bin/adbd( 1395): type=1400 audit(0.0:721): avc: denied { write } for comm=75736220666673206F70656E name="property_service" dev="tmpfs" ino=411 scontext=u:r:su:s0 tcontext=u:object_r:property_socket:s0 tclass=sock_file permissive=1
05-30 14:03:28.324 I//apex/com.android.adbd/bin/adbd( 1395): type=1400 audit(0.0:722): avc: denied { connectto } for comm=75736220666673206F70656E path="/dev/socket/property_service" scontext=u:r:su:s0 tcontext=u:r:init:s0 tclass=unix_stream_socket permissive=1
05-30 14:03:28.324 I//system/bin/init( 1): type=1107 audit(0.0:723): uid=0 auid=4294967295 ses=4294967295 subj=u:r:init:s0 msg='avc: denied { set } for property=sys.usb.ffs.ready pid=1395 uid=0 gid=0 scontext=u:r:su:s0 tcontext=u:object_r:ffs_control_prop:s0 tclass=property_service permissive=1'
05-30 14:03:28.328 I//apex/com.android.adbd/bin/adbd( 1395): type=1400 audit(0.0:724): avc: denied { use } for comm=75736220666673206F70656E path="socket:[29612]" dev="sockfs" ino=29612 scontext=u:r:su:s0 tcontext=u:r:adbd:s0 tclass=fd permissive=1
05-30 14:03:28.328 I//apex/com.android.adbd/bin/adbd( 1395): type=1400 audit(0.0:725): avc: denied { write } for comm=75736220666673206F70656E path="socket:[29612]" dev="sockfs" ino=29612 scontext=u:r:su:s0 tcontext=u:r:adbd:s0 tclass=unix_stream_socket permissive=1
05-30 14:03:28.328 I/adbd ( 1395): type=1400 audit(0.0:726): avc: denied { getattr } for path="/dev/__properties__/u:object_r:adbd_prop:s0" dev="tmpfs" ino=106 scontext=u:r:su:s0 tcontext=u:object_r:adbd_prop:s0 tclass=file permissive=1
05-30 14:03:28.328 I/adbd ( 1395): type=1400 audit(0.0:727): avc: denied { map } for path="/dev/__properties__/u:object_r:adbd_prop:s0" dev="tmpfs" ino=106 scontext=u:r:su:s0 tcontext=u:object_r:adbd_prop:s0 tclass=file permissive=1
05-30 14:03:28.328 I/adbd ( 1395): type=1400 audit(0.0:728): avc: denied { read } for path="socket:[29613]" dev="sockfs" ino=29613 scontext=u:r:su:s0 tcontext=u:r:adbd:s0 tclass=unix_stream_socket permissive=1
05-30 14:03:28.328 I//apex/com.android.adbd/bin/adbd( 1395): type=1400 audit(0.0:729): avc: denied { create } for comm=73657276657220736F636B6574 scontext=u:r:su:s0 tcontext=u:r:su:s0 tclass=tcp_socket permissive=1
05-30 14:03:28.328 I//apex/com.android.adbd/bin/adbd( 1395): type=1400 audit(0.0:730): avc: denied { setopt } for comm=73657276657220736F636B6574 scontext=u:r:su:s0 tcontext=u:r:su:s0 tclass=tcp_socket permissive=1
05-30 14:03:28.328 I//apex/com.android.adbd/bin/adbd( 1395): type=1400 audit(0.0:731): avc: denied { bind } for comm=73657276657220736F636B6574 scontext=u:r:su:s0 tcontext=u:r:su:s0 tclass=tcp_socket permissive=1
05-30 14:03:28.328 I//apex/com.android.adbd/bin/adbd( 1395): type=1400 audit(0.0:732): avc: denied { name_bind } for comm=73657276657220736F636B6574 src=5555 scontext=u:r:su:s0 tcontext=u:object_r:port:s0 tclass=tcp_socket permissive=1
05-30 14:03:28.328 I//apex/com.android.adbd/bin/adbd( 1395): type=1400 audit(0.0:733): avc: denied { create } for comm=73657276657220736F636B6574 scontext=u:r:su:s0 tcontext=u:r:su:s0 tclass=vsock_socket permissive=1
05-30 14:03:28.328 I//apex/com.android.adbd/bin/adbd( 1395): type=1400 audit(0.0:734): avc: denied { bind } for comm=73657276657220736F636B6574 scontext=u:r:su:s0 tcontext=u:r:su:s0 tclass=vsock_socket permissive=1
05-30 14:03:28.328 I//apex/com.android.adbd/bin/adbd( 1395): type=1400 audit(0.0:735): avc: denied { listen } for comm=73657276657220736F636B6574 scontext=u:r:su:s0 tcontext=u:r:su:s0 tclass=vsock_socket permissive=1
05-30 14:03:28.342 D/xm_audio( 477): adev_get_parameters
05-30 14:03:28.342 D/vold_prepare_subdirs( 1379): Setting up mode 771 uid 0 gid 1000 context u:object_r:apex_module_data_file:s0 on path: /data/misc_ce/0/apexdata/com.android.adbd
05-30 14:03:28.345 D/vold_prepare_subdirs( 1379): Setting up mode 771 uid 0 gid 1000 context u:object_r:apex_module_data_file:s0 on path: /data/misc_ce/0/apexdata/com.android.conscrypt
05-30 14:03:28.328 I//apex/com.android.adbd/bin/adbd( 1395): type=1400 audit(0.0:736): avc: denied { accept } for comm=73657276657220736F636B6574 scontext=u:r:su:s0 tcontext=u:r:su:s0 tclass=vsock_socket permissive=1
05-30 14:03:28.332 I//apex/com.android.adbd/bin/adbd( 1395): type=1400 audit(0.0:737): avc: denied { node_bind } for comm=73657276657220736F636B6574 src=5555 scontext=u:r:su:s0 tcontext=u:object_r:node:s0 tclass=tcp_socket permissive=1
05-30 14:03:28.332 I//apex/com.android.adbd/bin/adbd( 1395): type=1400 audit(0.0:738): avc: denied { listen } for comm=73657276657220736F636B6574 lport=5555 scontext=u:r:su:s0 tcontext=u:r:su:s0 tclass=tcp_socket permissive=1
05-30 14:03:28.332 I//apex/com.android.adbd/bin/adbd( 1395): type=1400 audit(0.0:739): avc: denied { accept } for comm=73657276657220736F636B6574 lport=5555 scontext=u:r:su:s0 tcontext=u:r:su:s0 tclass=tcp_socket permissive=1
05-30 14:03:28.332 I/adbd ( 1395): type=1400 audit(0.0:740): avc: denied { open } for path="/dev/__properties__/u:object_r:init_service_status_private_prop:s0" dev="tmpfs" ino=252 scontext=u:r:su:s0 tcontext=u:object_r:init_service_status_private_prop:s0 tclass=file permissive=1
05-30 14:03:28.332 I/adbd ( 1395): type=1400 audit(0.0:741): avc: denied { getattr } for path="/dev/__properties__/u:object_r:init_service_status_private_prop:s0" dev="tmpfs" ino=252 scontext=u:r:su:s0 tcontext=u:object_r:init_service_status_private_prop:s0 tclass=file permissive=1
05-30 14:03:28.347 W/NotificationHistory( 710): Attempted to add notif for locked/gone/disabled user 0
05-30 14:03:28.347 D/vold_prepare_subdirs( 1379): Setting up mode 771 uid 0 gid 1000 context u:object_r:apex_module_data_file:s0 on path: /data/misc_ce/0/apexdata/com.android.art
05-30 14:03:28.348 D/xm_audio( 477): adev_get_parameters
05-30 14:03:28.351 D/xm_audio( 477): adev_get_parameters
05-30 14:03:28.351 D/vold_prepare_subdirs( 1379): Setting up mode 771 uid 0 gid 1000 context u:object_r:apex_system_server_data_file:s0 on path: /data/misc_ce/0/apexdata/com.android.appsearch
05-30 14:03:28.355 D/vold_prepare_subdirs( 1379): Setting up mode 771 uid 0 gid 1000 context u:object_r:apex_module_data_file:s0 on path: /data/misc_ce/0/apexdata/com.android.media
05-30 14:03:28.357 D/vold_prepare_subdirs( 1379): Setting up mode 771 uid 0 gid 1000 context u:object_r:apex_module_data_file:s0 on path: /data/misc_ce/0/apexdata/com.android.adservices
05-30 14:03:28.357 D/xm_audio( 477): adev_get_parameters
05-30 14:03:28.358 D/xm_audio( 477): adev_get_parameters
05-30 14:03:28.359 D/vold_prepare_subdirs( 1379): Setting up mode 771 uid 0 gid 1000 context u:object_r:apex_module_data_file:s0 on path: /data/misc_ce/0/apexdata/com.google.android.widevine
05-30 14:03:28.360 D/vold_prepare_subdirs( 1379): Setting up mode 771 uid 0 gid 1000 context u:object_r:apex_module_data_file:s0 on path: /data/misc_ce/0/apexdata/com.android.sdkext
05-30 14:03:28.362 D/vold_prepare_subdirs( 1379): Setting up mode 771 uid 0 gid 1000 context u:object_r:apex_module_data_file:s0 on path: /data/misc_ce/0/apexdata/com.android.os.statsd
05-30 14:03:28.364 D/vold_prepare_subdirs( 1379): Setting up mode 771 uid 0 gid 1000 context u:object_r:apex_module_data_file:s0 on path: /data/misc_ce/0/apexdata/com.android.virt
05-30 14:03:28.365 D/xm_audio( 477): adev_get_parameters
05-30 14:03:28.366 D/vold_prepare_subdirs( 1379): Setting up mode 771 uid 0 gid 1000 context u:object_r:apex_module_data_file:s0 on path: /data/misc_ce/0/apexdata/com.android.rkpd
05-30 14:03:28.366 D/xm_audio( 477): adev_get_parameters
05-30 14:03:28.370 D/vold_prepare_subdirs( 1379): Setting up mode 771 uid 0 gid 1000 context u:object_r:apex_module_data_file:s0 on path: /data/misc_ce/0/apexdata/com.android.btservices
05-30 14:03:28.372 V/GraphicsEnvironment( 1380): Currently set values for:
05-30 14:03:28.372 V/GraphicsEnvironment( 1380): angle_gl_driver_selection_pkgs=[]
05-30 14:03:28.372 V/GraphicsEnvironment( 1380): angle_gl_driver_selection_values=[]
05-30 14:03:28.372 D/xm_audio( 477): adev_get_parameters
05-30 14:03:28.372 D/vold_prepare_subdirs( 1379): Setting up mode 771 uid 0 gid 1000 context u:object_r:apex_module_data_file:s0 on path: /data/misc_ce/0/apexdata/com.amlogic.mediaextractor
05-30 14:03:28.374 V/GraphicsEnvironment( 1380): ANGLE GameManagerService for com.android.devicelockcontroller: false
05-30 14:03:28.374 V/GraphicsEnvironment( 1380): com.android.devicelockcontroller is not listed in per-application setting
05-30 14:03:28.374 D/xm_audio( 477): adev_get_parameters
05-30 14:03:28.374 V/GraphicsEnvironment( 1380): Neither updatable production driver nor prerelease driver is supported.
05-30 14:03:28.374 D/vold_prepare_subdirs( 1379): Setting up mode 771 uid 0 gid 1000 context u:object_r:apex_module_data_file:s0 on path: /data/misc_ce/0/apexdata/com.android.apex.cts.shim
05-30 14:03:28.379 D/xm_audio( 477): adev_get_parameters
05-30 14:03:28.380 D/vold_prepare_subdirs( 1379): Setting up mode 771 uid 0 gid 1000 context u:object_r:apex_module_data_file:s0 on path: /data/misc_ce/0/apexdata/com.android.healthfitness
05-30 14:03:28.381 D/xm_audio( 477): adev_get_parameters
05-30 14:03:28.383 D/vold_prepare_subdirs( 1379): Setting up mode 771 uid 0 gid 1000 context u:object_r:apex_module_data_file:s0 on path: /data/misc_ce/0/apexdata/com.android.devicelock
05-30 14:03:28.386 D/vold_prepare_subdirs( 1379): Setting up mode 771 uid 0 gid 1000 context u:object_r:apex_module_data_file:s0 on path: /data/misc_ce/0/apexdata/com.android.runtime
05-30 14:03:28.387 D/xm_audio( 477): adev_get_parameters
05-30 14:03:28.389 D/vold_prepare_subdirs( 1379): Setting up mode 771 uid 0 gid 1000 context u:object_r:apex_module_data_file:s0 on path: /data/misc_ce/0/apexdata/com.android.i18n
05-30 14:03:28.389 D/xm_audio( 477): adev_get_parameters
05-30 14:03:28.392 I/DeviceLockControllerApplication( 1380): onCreate
05-30 14:03:28.392 D/vold_prepare_subdirs( 1379): Setting up mode 771 uid 0 gid 1000 context u:object_r:apex_module_data_file:s0 on path: /data/misc_ce/0/apexdata/com.android.vndk.v34
05-30 14:03:28.395 D/vold_prepare_subdirs( 1379): Setting up mode 771 uid 0 gid 1000 context u:object_r:apex_module_data_file:s0 on path: /data/misc_ce/0/apexdata/com.android.tzdata
05-30 14:03:28.395 D/xm_audio( 477): adev_get_parameters
05-30 14:03:28.396 D/vold_prepare_subdirs( 1379): Setting up mode 771 uid 0 gid 1000 context u:object_r:apex_module_data_file:s0 on path: /data/misc_ce/0/apexdata/sharedlibs
05-30 14:03:28.396 D/xm_audio( 477): adev_get_parameters
05-30 14:03:28.397 I/DeviceStateControllerImpl( 1380): Starting state is 0
05-30 14:03:28.399 D/vold_prepare_subdirs( 1379): Setting up mode 770 uid 1000 gid 2001 context u:object_r:checkin_data_file:s0:c512,c768 on path: /data/misc_ce/0/checkin
05-30 14:03:28.401 I/UserRestrictionsPolicyHandler( 1380): Build type DEBUG = false
05-30 14:03:28.401 D/xm_audio( 477): adev_get_parameters
05-30 14:03:28.401 D/vold_prepare_subdirs( 1379): Setting up mode 700 uid 1000 gid 1000 context u:object_r:backup_data_file:s0 on path: /data/system_ce/0/backup
05-30 14:03:28.402 D/vold_prepare_subdirs( 1379): Setting up mode 700 uid 1000 gid 1000 context u:object_r:backup_data_file:s0 on path: /data/system_ce/0/backup_stage
05-30 14:03:28.403 D/xm_audio( 477): adev_get_parameters
05-30 14:03:28.404 D/vold_prepare_subdirs( 1379): Setting up mode 700 uid 1000 gid 1000 context u:object_r:face_vendor_data_file:s0 on path: /data/vendor_ce/0/facedata
05-30 14:03:28.406 D/CompatibilityChangeReporter( 1380): Compat change id reported: 183155436; UID 10058; state: ENABLED
05-30 14:03:28.409 D/xm_audio( 477): adev_get_parameters
05-30 14:03:28.409 V/UserDataPreparer( 710): Found /data/user/0 with serial number 0
05-30 14:03:28.409 V/UserDataPreparer( 710): Found /data/system_ce/0 with serial number 0
05-30 14:03:28.410 D/xm_audio( 477): adev_get_parameters
05-30 14:03:28.410 D/UserDataPreparer( 710): Setting property: sys.user.0.ce_available=true
05-30 14:03:28.412 D/SystemServerTiming( 710): reconcileAppsData-0
05-30 14:03:28.412 V/PackageManager( 710): reconcileAppsData for null u0 0x2 migrateAppData=false
05-30 14:03:28.415 W/PackageManager( 710): Skipping preparing app data for com.android.configinfrastructure
05-30 14:03:28.415 W/PackageManager( 710): Skipping preparing app data for com.android.appsearch
05-30 14:03:28.415 W/PackageManager( 710): Skipping preparing app data for com.android.adservices
05-30 14:03:28.415 W/PackageManager( 710): Skipping preparing app data for com.android.scheduling
05-30 14:03:28.415 W/PackageManager( 710): Skipping preparing app data for com.google.android.widevine.nonupdatable
05-30 14:03:28.415 W/PackageManager( 710): Skipping preparing app data for com.android.permission
05-30 14:03:28.415 W/PackageManager( 710): Skipping preparing app data for com.android.art
05-30 14:03:28.415 W/PackageManager( 710): Skipping preparing app data for com.android.uwb
05-30 14:03:28.415 W/PackageManager( 710): Skipping preparing app data for com.android.tethering
05-30 14:03:28.415 W/PackageManager( 710): Skipping preparing app data for com.android.btservices
05-30 14:03:28.415 W/PackageManager( 710): Skipping preparing app data for com.android.media.swcodec
05-30 14:03:28.415 W/PackageManager( 710): Skipping preparing app data for com.android.conscrypt
05-30 14:03:28.416 W/PackageManager( 710): Skipping preparing app data for com.android.adbd
05-30 14:03:28.416 W/PackageManager( 710): Skipping preparing app data for com.android.i18n
05-30 14:03:28.416 W/PackageManager( 710): Skipping preparing app data for com.android.rkpd
05-30 14:03:28.416 W/PackageManager( 710): Skipping preparing app data for com.android.virt
05-30 14:03:28.416 W/PackageManager( 710): Skipping preparing app data for com.android.wifi
05-30 14:03:28.416 W/PackageManager( 710): Skipping preparing app data for com.android.runtime
05-30 14:03:28.416 W/PackageManager( 710): Skipping preparing app data for com.android.devicelock
05-30 14:03:28.416 W/PackageManager( 710): Skipping preparing app data for com.android.apex.cts.shim
05-30 14:03:28.416 W/PackageManager( 710): Skipping preparing app data for com.android.neuralnetworks
05-30 14:03:28.416 W/PackageManager( 710): Skipping preparing app data for com.android.healthfitness
05-30 14:03:28.416 W/PackageManager( 710): Skipping preparing app data for com.android.resolv
05-30 14:03:28.416 W/PackageManager( 710): Skipping preparing app data for com.android.sdkext
05-30 14:03:28.416 W/PackageManager( 710): Skipping preparing app data for com.android.tzdata
05-30 14:03:28.416 W/PackageManager( 710): Skipping preparing app data for com.android.vndk.v34
05-30 14:03:28.416 W/PackageManager( 710): Skipping preparing app data for com.android.os.statsd
05-30 14:03:28.416 W/PackageManager( 710): Skipping preparing app data for com.android.extservices
05-30 14:03:28.416 W/PackageManager( 710): Skipping preparing app data for com.amlogic.mediaextractor
05-30 14:03:28.416 W/PackageManager( 710): Skipping preparing app data for com.android.ipsec
05-30 14:03:28.416 W/PackageManager( 710): Skipping preparing app data for com.android.media
05-30 14:03:28.416 W/PackageManager( 710): Skipping preparing app data for com.android.sdksandbox
05-30 14:03:28.417 W/PackageManager( 710): Skipping preparing app data for com.android.mediaprovider
05-30 14:03:28.417 W/PackageManager( 710): Skipping preparing app data for com.android.ondevicepersonalization
05-30 14:03:28.418 D/CompatibilityChangeReporter( 710): Compat change id reported: 261072174; UID 10058; state: ENABLED
05-30 14:03:28.423 D/xm_audio( 477): adev_get_parameters
05-30 14:03:28.424 D/xm_audio( 477): adev_get_parameters
05-30 14:03:28.429 D/xm_audio( 477): adev_get_parameters
05-30 14:03:28.432 I/DlcClient( 1380): Binding com.android.devicelockcontroller/.storage.SetupParametersService
05-30 14:03:28.432 D/xm_audio( 477): adev_get_parameters
05-30 14:03:28.436 I/DeviceLockControllerApplication( 1380): Policies enforced
05-30 14:03:28.437 D/xm_audio( 477): adev_get_parameters
05-30 14:03:28.438 E/AggregateFuture( 1380): Got more than one input Future failure. Logging failures after the first
05-30 14:03:28.438 E/AggregateFuture( 1380): java.lang.IllegalStateException: Setup parameters does not exist!
05-30 14:03:28.438 E/AggregateFuture( 1380): at com.android.devicelockcontroller.policy.UserRestrictionsPolicyHandler.lambda$retrieveLockModeRestrictions$3(UserRestrictionsPolicyHandler.java:138)
05-30 14:03:28.438 E/AggregateFuture( 1380): at com.android.devicelockcontroller.policy.UserRestrictionsPolicyHandler.$r8$lambda$K4dazaAj4roA8BauvRaHZASMq6E(UserRestrictionsPolicyHandler.java:0)
05-30 14:03:28.438 E/AggregateFuture( 1380): at com.android.devicelockcontroller.policy.UserRestrictionsPolicyHandler$$ExternalSyntheticLambda4.call(R8$$SyntheticClass:0)
05-30 14:03:28.438 E/AggregateFuture( 1380): at com.google.common.util.concurrent.CombinedFuture$CallableInterruptibleTask.runInterruptibly(CombinedFuture.java:196)
05-30 14:03:28.438 E/AggregateFuture( 1380): at com.google.common.util.concurrent.InterruptibleTask.run(InterruptibleTask.java:74)
05-30 14:03:28.438 E/AggregateFuture( 1380): at android.os.Handler.handleCallback(Handler.java:958)
05-30 14:03:28.438 E/AggregateFuture( 1380): at android.os.Handler.dispatchMessage(Handler.java:99)
05-30 14:03:28.438 E/AggregateFuture( 1380): at android.os.Looper.loopOnce(Looper.java:205)
05-30 14:03:28.438 E/AggregateFuture( 1380): at android.os.Looper.loop(Looper.java:294)
05-30 14:03:28.438 E/AggregateFuture( 1380): at android.app.ActivityThread.main(ActivityThread.java:8255)
05-30 14:03:28.438 E/AggregateFuture( 1380): at java.lang.reflect.Method.invoke(Native Method)
05-30 14:03:28.438 E/AggregateFuture( 1380): at com.android.internal.os.RuntimeInit$MethodAndArgsCaller.run(RuntimeInit.java:552)
05-30 14:03:28.438 E/AggregateFuture( 1380): at com.android.internal.os.ZygoteInit.main(ZygoteInit.java:978)
05-30 14:03:28.439 D/xm_audio( 477): adev_get_parameters
05-30 14:03:28.443 D/xm_audio( 477): adev_get_parameters
05-30 14:03:28.444 D/xm_audio( 477): adev_get_parameters
05-30 14:03:28.445 I/DevicePolicyEngine( 710): Couldn't find any receivers that handle ACTION_DEVICE_POLICY_SET_RESULT in package com.android.devicelockcontroller
05-30 14:03:28.446 D/DevicePolicyEngine( 710): Writing device policies to file.
05-30 14:03:28.446 D/DevicePolicyEngine( 710): Writing to /data/system/device_policy_state.xml
05-30 14:03:28.448 I/vol.Events( 962): writeEvent external_ringer_mode_changed normal
05-30 14:03:28.449 I/vol.Events( 962): writeEvent zen_mode_config_changed [disallowAlarms=false disallowMedia=false disallowSystem=true disallowRinger=false]
05-30 14:03:28.453 D/xm_audio( 477): adev_get_parameters
05-30 14:03:28.455 D/xm_audio( 477): socket_thread start
05-30 14:03:28.455 D/xm_audio( 477): create socket g_is_running4
05-30 14:03:28.455 D/xm_audio( 477): create socket g_is_running5
05-30 14:03:28.455 E/xm_audio( 477): socket connect fail fd
05-30 14:03:28.455 E/xm_audio( 477): Error no: 111,Connection refused
05-30 14:03:28.455 E/xm_audio( 477): close cret:0
05-30 14:03:28.458 D/xm_audio( 477): adev_get_parameters
05-30 14:03:28.462 D/xm_audio( 477): adev_get_parameters
05-30 14:03:28.466 D/xm_audio( 477): adev_get_parameters
05-30 14:03:28.470 D/xm_audio( 477): adev_get_parameters
05-30 14:03:28.474 D/xm_audio( 477): adev_get_parameters
05-30 14:03:28.477 D/xm_audio( 477): adev_get_parameters
05-30 14:03:28.481 D/xm_audio( 477): adev_get_parameters
05-30 14:03:28.484 D/xm_audio( 477): adev_get_parameters
05-30 14:03:28.487 D/xm_audio( 477): adev_get_parameters
05-30 14:03:28.492 D/xm_audio( 477): adev_get_parameters
05-30 14:03:28.494 D/AudioService( 710): Master mono false
05-30 14:03:28.495 D/AudioService( 710): Master balance 0.000000
05-30 14:03:28.496 D/AudioService( 710): Master mono false
05-30 14:03:28.496 D/AudioService( 710): Master balance 0.000000
05-30 14:03:28.545 V/PackageManager( 710): reconcileAppsData finished 142 packages
05-30 14:03:28.545 I/ActivityManager( 710): User 0 state changed from RUNNING_LOCKED to RUNNING_UNLOCKING
05-30 14:03:28.546 D/ActivityManager( 710): Unlocking user 0 progress 20
05-30 14:03:28.546 W/Looper ( 710): Slow dispatch took 400ms android.fg h=android.os.Handler c=com.android.server.am.UserController$$ExternalSyntheticLambda2@3c25f4f m=0
05-30 14:03:28.546 D/SystemServerTimingAsync( 710): ssm.UnlockingUser-0
05-30 14:03:28.546 I/SystemServiceManager( 710): Calling onUnlockingUser 0
05-30 14:03:28.546 W/Looper ( 710): Slow delivery took 406ms android.fg h=android.os.Handler c=com.android.server.am.UserController$$ExternalSyntheticLambda9@8e6d6dc m=0
05-30 14:03:28.546 D/SystemServerTimingAsync( 710): ssm.onUnlockingUser-0_com.android.server.security.FileIntegrityService
05-30 14:03:28.546 D/SystemServerTimingAsync( 710): ssm.onUnlockingUser-0_com.android.server.pm.Installer
05-30 14:03:28.546 D/SystemServerTimingAsync( 710): ssm.onUnlockingUser-0_com.android.server.os.DeviceIdentifiersPolicyService
05-30 14:03:28.546 D/SystemServerTimingAsync( 710): ssm.onUnlockingUser-0_com.android.server.flags.FeatureFlagsService
05-30 14:03:28.546 D/SystemServerTimingAsync( 710): ssm.onUnlockingUser-0_com.android.server.uri.UriGrantsManagerService$Lifecycle
05-30 14:03:28.546 D/SystemServerTimingAsync( 710): ssm.onUnlockingUser-0_com.android.server.powerstats.PowerStatsService
05-30 14:03:28.546 D/SystemServerTimingAsync( 710): ssm.onUnlockingUser-0_com.android.server.permission.access.AccessCheckingService
05-30 14:03:28.546 D/SystemServerTimingAsync( 710): ssm.onUnlockingUser-0_com.android.server.wm.ActivityTaskManagerService$Lifecycle
05-30 14:03:28.546 D/SystemServerTimingAsync( 710): ssm.onUnlockingUser-0_com.android.server.am.ActivityManagerService$Lifecycle
05-30 14:03:28.546 D/SystemServerTimingAsync( 710): ssm.onUnlockingUser-0_com.android.server.pm.DataLoaderManagerService
05-30 14:03:28.546 D/SystemServerTimingAsync( 710): ssm.onUnlockingUser-0_com.android.server.power.PowerManagerService
05-30 14:03:28.546 D/SystemServerTimingAsync( 710): ssm.onUnlockingUser-0_com.android.server.power.ThermalManagerService
05-30 14:03:28.546 D/SystemServerTimingAsync( 710): ssm.onUnlockingUser-0_com.android.server.power.hint.HintManagerService
05-30 14:03:28.546 D/SystemServerTimingAsync( 710): ssm.onUnlockingUser-0_com.android.server.recoverysystem.RecoverySystemService$Lifecycle
05-30 14:03:28.546 D/SystemServerTimingAsync( 710): ssm.onUnlockingUser-0_com.android.server.lights.LightsService
05-30 14:03:28.546 D/SystemServerTimingAsync( 710): ssm.onUnlockingUser-0_com.android.server.display.DisplayManagerService
05-30 14:03:28.547 D/SystemServerTimingAsync( 710): ssm.onUnlockingUser-0_com.android.server.pm.verify.domain.DomainVerificationService
05-30 14:03:28.547 D/SystemServerTimingAsync( 710): ssm.onUnlockingUser-0_com.android.server.pm.PackageInstallerService$Lifecycle
05-30 14:03:28.547 D/SystemServerTimingAsync( 710): ssm.onUnlockingUser-0_com.android.server.pm.UserManagerService$LifeCycle
05-30 14:03:28.547 D/SystemServerTimingAsync( 710): ssm.onUnlockingUser-0_com.android.server.om.OverlayManagerService
05-30 14:03:28.547 D/SystemServerTimingAsync( 710): ssm.onUnlockingUser-0_com.android.server.resources.ResourcesManagerService
05-30 14:03:28.547 D/SystemServerTimingAsync( 710): ssm.onUnlockingUser-0_com.android.server.sensorprivacy.SensorPrivacyService
05-30 14:03:28.547 D/SystemServerTimingAsync( 710): ssm.onUnlockingUser-0_com.android.server.sensors.SensorService
05-30 14:03:28.547 D/SystemServerTimingAsync( 710): ssm.onUnlockingUser-0_com.android.server.SystemConfigService
05-30 14:03:28.547 D/SystemServerTimingAsync( 710): ssm.onUnlockingUser-0_com.android.server.BatteryService
05-30 14:03:28.547 D/SystemServerTimingAsync( 710): ssm.onUnlockingUser-0_com.android.server.usage.UsageStatsService
05-30 14:03:28.547 D/SystemServerTimingAsync( 710): ssm.onUnlockingUser-0_com.android.server.webkit.WebViewUpdateService
05-30 14:03:28.547 D/SystemServerTimingAsync( 710): ssm.onUnlockingUser-0_com.android.server.CachedDeviceStateService
05-30 14:03:28.547 D/SystemServerTimingAsync( 710): ssm.onUnlockingUser-0_com.android.server.BinderCallsStatsService$LifeCycle
05-30 14:03:28.547 D/SystemServerTimingAsync( 710): ssm.onUnlockingUser-0_com.android.server.LooperStatsService$Lifecycle
05-30 14:03:28.547 D/SystemServerTimingAsync( 710): ssm.onUnlockingUser-0_com.android.server.rollback.RollbackManagerService
05-30 14:03:28.547 I/BroadcastQueue( 710): BOOT_COMPLETED_BROADCAST_COMPLETION_LATENCY_REPORTED action:android.intent.action.LOCKED_BOOT_COMPLETED dispatchLatency:54 completeLatency:452 dispatchRealLatency:54 completeRealLatency:452 receiversSize:4 userId:0 userType:android.os.usertype.full.SYSTEM
05-30 14:03:28.547 D/SystemServerTimingAsync( 710): ssm.onUnlockingUser-0_com.android.server.os.NativeTombstoneManagerService
05-30 14:03:28.547 D/SystemServerTimingAsync( 710): ssm.onUnlockingUser-0_com.android.server.os.BugreportManagerService
05-30 14:03:28.547 D/SystemServerTimingAsync( 710): ssm.onUnlockingUser-0_com.android.server.gpu.GpuService
05-30 14:03:28.547 D/SystemServerTimingAsync( 710): ssm.onUnlockingUser-0_com.android.server.security.rkp.RemoteProvisioningService
05-30 14:03:28.547 D/SystemServerTimingAsync( 710): ssm.onUnlockingUser-0_com.android.server.security.KeyChainSystemService
05-30 14:03:28.547 D/SystemServerTimingAsync( 710): ssm.onUnlockingUser-0_com.android.server.BinaryTransparencyService
05-30 14:03:28.547 D/SystemServerTimingAsync( 710): ssm.onUnlockingUser-0_com.android.server.accounts.AccountManagerService$Lifecycle
05-30 14:03:28.547 W/Looper ( 710): Drained
05-30 14:03:28.547 D/SystemServerTimingAsync( 710): ssm.onUnlockingUser-0_com.android.server.content.ContentService$Lifecycle
05-30 14:03:28.548 D/SystemServerTimingAsync( 710): ssm.onUnlockingUser-0_com.android.server.deviceconfig.DeviceConfigInit$Lifecycle
05-30 14:03:28.548 D/SystemServerTimingAsync( 710): ssm.onUnlockingUser-0_com.android.server.DropBoxManagerService
05-30 14:03:28.548 D/SystemServerTimingAsync( 710): ssm.onUnlockingUser-0_com.android.role.RoleService
05-30 14:03:28.548 D/SystemServerTimingAsync( 710): ssm.onUnlockingUser-0_com.android.server.vibrator.VibratorManagerService$Lifecycle
05-30 14:03:28.548 D/SystemServerTimingAsync( 710): ssm.onUnlockingUser-0_com.android.server.tare.InternalResourceService
05-30 14:03:28.548 D/SystemServerTimingAsync( 710): ssm.onUnlockingUser-0_com.android.server.alarm.AlarmManagerService
05-30 14:03:28.548 D/SystemServerTimingAsync( 710): ssm.onUnlockingUser-0_com.android.server.devicestate.DeviceStateManagerService
05-30 14:03:28.548 D/SystemServerTimingAsync( 710): ssm.onUnlockingUser-0_com.android.server.camera.CameraServiceProxy
05-30 14:03:28.548 D/SystemServerTimingAsync( 710): ssm.onUnlockingUser-0_com.android.server.bluetooth.BluetoothService
05-30 14:03:28.548 D/BluetoothManagerService( 710): User UserHandle{0} unlocked
05-30 14:03:28.548 D/SystemServerTimingAsync( 710): ssm.onUnlockingUser-0_com.android.server.connectivity.IpConnectivityMetrics
05-30 14:03:28.548 D/SystemServerTimingAsync( 710): ssm.onUnlockingUser-0_com.android.server.net.watchlist.NetworkWatchlistService$Lifecycle
05-30 14:03:28.548 D/SystemServerTimingAsync( 710): ssm.onUnlockingUser-0_com.android.server.PinnerService
05-30 14:03:28.548 D/SystemServerTimingAsync( 710): ssm.onUnlockingUser-0_com.android.server.integrity.AppIntegrityManagerService
05-30 14:03:28.548 D/BluetoothManagerService( 710): MESSAGE_USER_UNLOCKED
05-30 14:03:28.548 D/SystemServerTimingAsync( 710): ssm.onUnlockingUser-0_com.android.server.logcat.LogcatManagerService
05-30 14:03:28.548 D/SystemServerTimingAsync( 710): ssm.onUnlockingUser-0_com.android.server.inputmethod.InputMethodManagerService$Lifecycle
05-30 14:03:28.548 D/SystemServerTimingAsync( 710): ssm.onUnlockingUser-0_com.android.server.accessibility.AccessibilityManagerService$Lifecycle
05-30 14:03:28.548 D/SystemServerTimingAsync( 710): ssm.onUnlockingUser-0_com.android.server.StorageManagerService$Lifecycle
05-30 14:03:28.548 D/StorageManagerService( 710): onUnlockUser 0
05-30 14:03:28.548 I/StorageSessionController( 710): On user unlock 0
05-30 14:03:28.548 I/StorageSessionController( 710): Initialialising...
05-30 14:03:28.550 I/vold ( 247): onUserStarted: 0
05-30 14:03:28.552 D/SystemServerTimingAsync( 710): ssm.onUnlockingUser-0_com.android.server.usage.StorageStatsService$Lifecycle
05-30 14:03:28.552 D/SystemServerTimingAsync( 710): ssm.onUnlockingUser-0_com.android.server.UiModeManagerService
05-30 14:03:28.552 D/SystemServerTimingAsync( 710): ssm.onUnlockingUser-0_com.android.server.locales.LocaleManagerService
05-30 14:03:28.552 D/SystemServerTimingAsync( 710): ssm.onUnlockingUser-0_com.android.server.grammaticalinflection.GrammaticalInflectionService
05-30 14:03:28.552 D/SystemServerTimingAsync( 710): ssm.onUnlockingUser-0_com.android.server.apphibernation.AppHibernationService
05-30 14:03:28.552 D/SystemServerTimingAsync( 710): ssm.onUnlockingUser-0_com.android.server.locksettings.LockSettingsService$Lifecycle
05-30 14:03:28.553 D/SystemServerTimingAsync( 710): ssm.onUnlockingUser-0_com.android.server.PersistentDataBlockService
05-30 14:03:28.553 D/SystemServerTimingAsync( 710): ssm.onUnlockingUser-0_com.android.server.testharness.TestHarnessModeService
05-30 14:03:28.553 D/SystemServerTimingAsync( 710): ssm.onUnlockingUser-0_com.android.server.oemlock.OemLockService
05-30 14:03:28.553 D/SystemServerTimingAsync( 710): ssm.onUnlockingUser-0_com.android.server.DeviceIdleController
05-30 14:03:28.553 D/SystemServerTimingAsync( 710): ssm.onUnlockingUser-0_com.android.server.devicepolicy.DevicePolicyManagerService$Lifecycle
05-30 14:03:28.553 D/SystemServerTimingAsync( 710): ssm.onUnlockingUser-0_com.android.server.texttospeech.TextToSpeechManagerService
05-30 14:03:28.554 D/SystemServerTimingAsync( 710): ssm.onUnlockingUser-0_com.android.server.ambientcontext.AmbientContextManagerService
05-30 14:03:28.554 I/AmbientContextManagerService( 710): serviceNames sent in newServiceListLocked is null, or empty
05-30 14:03:28.554 D/SystemServerTimingAsync( 710): ssm.onUnlockingUser-0_com.android.server.wearable.WearableSensingManagerService
05-30 14:03:28.554 D/WearableSensingManagerService( 710): onServiceRemoved
05-30 14:03:28.554 D/WearableSensingManagerPerUserService( 710): Trying to cancel the remote request. Reason: Service destroyed.
05-30 14:03:28.554 D/SystemServerTimingAsync( 710): ssm.onUnlockingUser-0_com.android.server.speech.SpeechRecognitionManagerService
05-30 14:03:28.554 D/SystemServerTimingAsync( 710): ssm.onUnlockingUser-0_com.android.server.searchui.SearchUiManagerService
05-30 14:03:28.555 D/SystemServerTimingAsync( 710): ssm.onUnlockingUser-0_com.android.server.smartspace.SmartspaceManagerService
05-30 14:03:28.555 D/SystemServerTimingAsync( 710): ssm.onUnlockingUser-0_com.android.server.graphics.fonts.FontManagerService$Lifecycle
05-30 14:03:28.555 D/SystemServerTimingAsync( 710): ssm.onUnlockingUser-0_com.android.server.textservices.TextServicesManagerService$Lifecycle
05-30 14:03:28.555 W/TextServicesManagerService( 710): no available spell checker services found
05-30 14:03:28.555 D/SystemServerTimingAsync( 710): ssm.onUnlockingUser-0_com.android.server.textclassifier.TextClassificationManagerService$Lifecycle
05-30 14:03:28.556 D/SystemServerTimingAsync( 710): ssm.onUnlockingUser-0_com.android.server.NetworkScoreService$Lifecycle
05-30 14:03:28.556 D/SystemServerTimingAsync( 710): ssm.onUnlockingUser-0_com.android.server.NetworkStatsServiceInitializer
05-30 14:03:28.556 D/SystemServerTimingAsync( 710): ssm.onUnlockingUser-0_com.android.server.wifi.WifiService
05-30 14:03:28.556 D/WifiService( 710): Handle user unlock 0
05-30 14:03:28.556 D/SystemServerTimingAsync( 710): ssm.onUnlockingUser-0_com.android.server.wifi.scanner.WifiScanningService
05-30 14:03:28.556 D/SystemServerTimingAsync( 710): ssm.onUnlockingUser-0_com.android.server.wifi.p2p.WifiP2pService
05-30 14:03:28.556 D/SystemServerTimingAsync( 710): ssm.onUnlockingUser-0_com.android.server.ConnectivityServiceInitializer
05-30 14:03:28.556 D/SystemServerTimingAsync( 710): ssm.onUnlockingUser-0_com.android.server.notification.NotificationManagerService
05-30 14:03:28.556 D/SystemServerTimingAsync( 710): ssm.onUnlockingUser-0_com.android.server.storage.DeviceStorageMonitorService
05-30 14:03:28.556 D/SystemServerTimingAsync( 710): ssm.onUnlockingUser-0_com.android.server.timedetector.TimeDetectorService$Lifecycle
05-30 14:03:28.556 D/SystemServerTimingAsync( 710): ssm.onUnlockingUser-0_com.android.server.location.LocationManagerService$Lifecycle
05-30 14:03:28.556 D/SystemServerTimingAsync( 710): ssm.onUnlockingUser-0_com.android.server.timezonedetector.TimeZoneDetectorService$Lifecycle
05-30 14:03:28.556 D/SystemServerTimingAsync( 710): ssm.onUnlockingUser-0_com.android.server.location.altitude.AltitudeService$Lifecycle
05-30 14:03:28.556 D/SystemServerTimingAsync( 710): ssm.onUnlockingUser-0_com.android.server.timezonedetector.location.LocationTimeZoneManagerService$Lifecycle
05-30 14:03:28.556 D/SystemServerTimingAsync( 710): ssm.onUnlockingUser-0_com.android.server.search.SearchManagerService$Lifecycle
05-30 14:03:28.557 D/SystemServerTimingAsync( 710): ssm.onUnlockingUser-0_com.android.server.wallpaper.WallpaperManagerService$Lifecycle
05-30 14:03:28.557 D/SystemServerTimingAsync( 710): ssm.onUnlockingUser-0_com.android.server.wallpapereffectsgeneration.WallpaperEffectsGenerationManagerService
05-30 14:03:28.557 I/HibernationStateDiskStore( 710): No hibernation file on disk for file /data/system_ce/0/hibernation/states
05-30 14:03:28.558 D/SystemServerTimingAsync( 710): ssm.onUnlockingUser-0_com.android.server.audio.AudioService$Lifecycle
05-30 14:03:28.558 D/SystemServerTimingAsync( 710): ssm.onUnlockingUser-0_com.android.server.soundtrigger_middleware.SoundTriggerMiddlewareService$Lifecycle
05-30 14:03:28.558 D/SystemServerTimingAsync( 710): ssm.onUnlockingUser-0_com.android.server.adb.AdbService$Lifecycle
05-30 14:03:28.558 D/SystemServerTimingAsync( 710): ssm.onUnlockingUser-0_com.android.server.usb.UsbService$Lifecycle
05-30 14:03:28.560 V/StorageManagerService( 710): Found primary storage at VolumeInfo{emulated;0}:
05-30 14:03:28.560 V/StorageManagerService( 710): type=EMULATED diskId=null partGuid= mountFlags=0 mountUserId=0
05-30 14:03:28.560 V/StorageManagerService( 710): state=UNMOUNTED
05-30 14:03:28.560 V/StorageManagerService( 710): fsType=null fsUuid=null fsLabel=null
05-30 14:03:28.560 V/StorageManagerService( 710): path=null internalPath=null
05-30 14:03:28.561 D/SystemServerTimingAsync( 710): ssm.onUnlockingUser-0_com.android.server.twilight.TwilightService
05-30 14:03:28.561 I/StorageManagerService( 710): Mounting volume VolumeInfo{emulated;0}:
05-30 14:03:28.561 I/StorageManagerService( 710): type=EMULATED diskId=null partGuid= mountFlags=PRIMARY|VISIBLE_FOR_WRITE
05-30 14:03:28.561 I/StorageManagerService( 710): mountUserId=0 state=UNMOUNTED
05-30 14:03:28.561 I/StorageManagerService( 710): fsType=null fsUuid=null fsLabel=null
05-30 14:03:28.561 I/StorageManagerService( 710): path=null internalPath=null
05-30 14:03:28.561 D/CompatibilityChangeReporter( 710): Compat change id reported: 289878283; UID 1000; state: ENABLED
05-30 14:03:28.561 D/SystemServerTimingAsync( 710): ssm.onUnlockingUser-0_com.android.server.display.color.ColorDisplayService
05-30 14:03:28.561 D/SystemServerTimingAsync( 710): ssm.onUnlockingUser-0_com.android.server.job.JobSchedulerService
05-30 14:03:28.561 D/SystemServerTimingAsync( 710): ssm.onUnlockingUser-0_com.android.server.soundtrigger.SoundTriggerService
05-30 14:03:28.561 D/SystemServerTimingAsync( 710): ssm.onUnlockingUser-0_com.android.server.trust.TrustManagerService
