05-30 14:03:30.718 V/WindowManagerShell( 962): loadAnimation: anim=android.view.animation.AlphaAnimation@eb8b1d7 animAttr=0x13 type=CLOSE isEntrance=false
05-30 14:03:30.718 D/CoreBackPreview( 710): Window{e3d9ca1 u0 com.android.tv.settings/com.android.tv.settings.system.FallbackHome}: Setting back callback null
05-30 14:03:30.719 V/WindowManagerShell( 962): loadAnimation: anim=android.view.animation.AlphaAnimation@a65dad animAttr=0x12 type=CLOSE isEntrance=true
05-30 14:03:30.724 V/WindowManagerShell( 962): animated by com.android.wm.shell.transition.DefaultTransitionHandler@2a500fb
05-30 14:03:30.733 I/ActivityTaskManager( 710): Displayed com.dangbei.leard.leradlauncher/com.dangbei.launcher.home.LauncherActivity for user 0: +2s33ms
05-30 14:03:30.743 D/CompatibilityChangeReporter( 710): Compat change id reported: 168419799; UID 10074; state: DISABLED
05-30 14:03:30.744 D/CompatibilityChangeReporter( 710): Compat change id reported: 273564678; UID 10074; state: DISABLED
05-30 14:03:30.748 W/InputManager-JNI( 710): Input channel object 'e3d9ca1 com.android.tv.settings/com.android.tv.settings.system.FallbackHome (client)' was disposed without first being removed with the input manager!
05-30 14:03:30.749 D/CompatibilityChangeReporter( 710): Compat change id reported: 265195908; UID 10074; state: ENABLED
05-30 14:03:30.749 D/XHttpObservable( 1686): handleRequest: start https://tyapi.qun7.com/v1/voice/getsoundshowmsg ,,, isCache = false
05-30 14:03:30.758 V/WindowManager( 710): Sent Transition #1 createdAt=05-30 14:03:28.643 via request=TransitionRequestInfo { type = 2, triggerTask = TaskInfo{userId=0 taskId=3 displayId=0 isRunning=false baseIntent=Intent { act=android.intent.action.MAIN cat=[android.intent.category.HOME] flg=0x10800100 cmp=com.android.tv.settings/.system.FallbackHome } baseActivity=null topActivity=null origActivity=null realActivity=ComponentInfo{com.android.tv.settings/com.android.tv.settings.system.FallbackHome} numActivities=0 lastActiveTime=21636 supportsMultiWindow=true resizeMode=0 isResizeable=false minWidth=-1 minHeight=-1 defaultMinSize=220 token=WCT{RemoteToken{3df6a6f Task{8d363bf #3 type=home A=1000:com.android.tv.settings}}} topActivityType=2 pictureInPictureParams=null shouldDockBigOverlays=false launchIntoPipHostTaskId=-1 lastParentTaskIdBeforePip=-1 displayCutoutSafeInsets=null topActivityInfo=null launchCookies=[] positionInParent=Point(0, 0) parentTaskId=-1 isFocused=true isVisible=true isVisibleRequested=true isSleeping=false topActivityInSizeCompat=false topActivityEligibleForLetterboxEducation= false isLetterboxDoubleTapEnabled= false topActivityEligibleForUserAspectRatioButton= false topActivityBoundsLetterboxed= false isFromLetterboxDoubleTap= false topActivityLetterboxVerticalPosition= -1 topActivityLetterboxHorizontalPosition= -1 topActivityLetterboxWidth=-1 topActivityLetterboxHeight=-1 isUserFullscreenOverrideEnabled=false isTopActivityTransparent=false locusId=null displayAreaFeatureId=1 cameraCompatControlState=hidden}, remoteTransition = null, displayChange = null, flags = 0 }
05-30 14:03:30.758 V/WindowManager( 710): startWCT=WindowContainerTransaction { changes = {} hops = [] errorCallbackToken=null taskFragmentOrganizer=null }
05-30 14:03:30.764 V/WindowManager( 710): info={id=1 t=CLOSE f=0x0 trk=0 r=[0@Point(0, 0)] c=[{WCT{RemoteToken{968537c Task{fb52efd #4 type=home A=1000:com.dangbei.leard.leradlauncher}}} m=OPEN f=MOVE_TO_TOP leash=Surface(name=Task=4)/@0x1cd6be4 sb=Rect(0, 0 - 1920, 1080) eb=Rect(0, 0 - 1920, 1080) d=0},{WCT{RemoteToken{3df6a6f Task{8d363bf #3 type=home A=1000:com.android.tv.settings}}} m=CLOSE f=SHOW_WALLPAPER leash=Surface(name=Task=3)/@0x4518377 sb=Rect(0, 0 - 1920, 1080) eb=Rect(0, 0 - 1920, 1080) d=0}]}
05-30 14:03:30.770 E/hq ( 1464): USBReceiver:::USBReceiver onReceive: action=android.intent.action.MEDIA_MOUNTED
05-30 14:03:30.773 D/View ( 1464):
05-30 14:03:30.775 D/View ( 1464):
05-30 14:03:30.775 D/View ( 1464):
05-30 14:03:30.777 D/XHttpObservable( 1686): handleRequest: start https://tyapi.qun7.com/v1/voice/getResponseControlPage ,,, isCache = false
05-30 14:03:30.778 D/View ( 1464):
05-30 14:03:30.779 D/CompatibilityChangeReporter( 710): Compat change id reported: 214016041; UID 1000; state: ENABLED
05-30 14:03:30.779 D/CompatibilityChangeReporter( 710): Compat change id reported: 214016041; UID 1000; state: DISABLED
05-30 14:03:30.779 D/View ( 1464):
05-30 14:03:30.780 D/View ( 1464):
05-30 14:03:30.781 I/ImeTracker( 710): com.dangbei.leard.leradlauncher:7490974c: onRequestHide at ORIGIN_SERVER_HIDE_INPUT reason HIDE_UNSPECIFIED_WINDOW
05-30 14:03:30.781 D/View ( 1464):
05-30 14:03:30.781 I/ImeTracker( 710): com.dangbei.leard.leradlauncher:7490974c: onCancelled at PHASE_SERVER_SHOULD_HIDE
05-30 14:03:30.782 D/View ( 1464):
05-30 14:03:30.782 D/View ( 1464):
05-30 14:03:30.783 D/View ( 1464):
05-30 14:03:30.784 D/View ( 1464):
05-30 14:03:30.784 D/CompatibilityChangeReporter( 1840): Compat change id reported: 171979766; UID 10074; state: ENABLED
05-30 14:03:30.784 D/CompatibilityChangeReporter( 1840): Compat change id reported: 242716250; UID 10074; state: ENABLED
05-30 14:03:30.784 D/View ( 1464):
05-30 14:03:30.785 D/View ( 1464):
05-30 14:03:30.785 D/View ( 1464):
05-30 14:03:30.786 D/View ( 1464):
05-30 14:03:30.788 D/CompatibilityChangeReporter( 710): Compat change id reported: 135634846; UID 10039; state: DISABLED
05-30 14:03:30.788 D/View ( 1464):
05-30 14:03:30.789 D/CompatibilityChangeReporter( 710): Compat change id reported: 170503758; UID 10074; state: ENABLED
05-30 14:03:30.789 D/View ( 1464):
05-30 14:03:30.790 D/CompatibilityChangeReporter( 710): Compat change id reported: 143937733; UID 10039; state: DISABLED
05-30 14:03:30.791 D/View ( 1464):
05-30 14:03:30.792 D/View ( 1464):
05-30 14:03:30.792 D/View ( 1464):
05-30 14:03:30.793 D/View ( 1464):
05-30 14:03:30.793 D/View ( 1464):
05-30 14:03:30.794 D/View ( 1464):
05-30 14:03:30.794 D/View ( 1464):
05-30 14:03:30.794 D/View ( 1464):
05-30 14:03:30.795 D/View ( 1464):
05-30 14:03:30.795 D/View ( 1464):
05-30 14:03:30.796 D/View ( 1464):
05-30 14:03:30.796 D/View ( 1464):
05-30 14:03:30.798 D/View ( 1464):
05-30 14:03:30.801 D/View ( 1464):
05-30 14:03:30.801 D/View ( 1464):
05-30 14:03:30.802 D/CompatibilityChangeReporter( 710): Compat change id reported: 265195908; UID 10039; state: ENABLED
05-30 14:03:30.802 D/View ( 1464):
05-30 14:03:30.805 D/View ( 1464):
05-30 14:03:30.805 D/View ( 1464):
05-30 14:03:30.810 D/View ( 1464):
05-30 14:03:30.811 D/View ( 1464):
05-30 14:03:30.811 D/View ( 1464):
05-30 14:03:30.812 D/View ( 1464):
05-30 14:03:30.812 D/View ( 1464):
05-30 14:03:30.813 D/View ( 1464):
05-30 14:03:30.813 D/View ( 1464):
05-30 14:03:30.814 D/View ( 1464):
05-30 14:03:30.817 E/hq ( 1464): CrashHandler:::图片加载异常 message=Failed to load resource
05-30 14:03:30.817 E/hq ( 1464): There was 1 root cause:
05-30 14:03:30.817 E/hq ( 1464): java.net.UnknownHostException(Unable to resolve host "zmimg.dangbei.net": No address associated with hostname)
05-30 14:03:30.817 E/hq ( 1464): call GlideException#logRootCauses(String) for more detail
05-30 14:03:30.817 E/hq ( 1464): model=https://zmimg.dangbei.net/operatecenter/20250409/dnzt0bxpw57bl.png
05-30 14:03:30.817 E/hq ( 1464): target=Target for: android.widget.ImageView{484806b V.ED..... ......ID 0,0-320,180}
05-30 14:03:30.819 D/View ( 1464):
05-30 14:03:30.819 D/View ( 1464):
05-30 14:03:30.822 D/nativeloader( 1840): Configuring clns-shared-4 for other apk /system/framework/org.apache.http.legacy.jar. target_sdk_version=34, uses_libraries=ALL, library_path=/apex/com.android.permission/priv-app/PermissionController@UD2A.240505.001.W1/lib/arm:/system/lib:/system_ext/lib, permitted_path=/data:/mnt/expand:/data/user_de/0/com.android.permissioncontroller:/apex/com.android.permission/priv-app/PermissionController@UD2A.240505.001.W1:/system/lib:/system_ext/lib
05-30 14:03:30.822 D/Zygote ( 465): Forked child process 1877
05-30 14:03:30.823 I/ActivityManager( 710): Start proc 1877:com.sohu.inputmethod.sogou.tv/u0a39 for service {com.sohu.inputmethod.sogou.tv/com.sohu.inputmethod.sogou.tv.SogouIME}
05-30 14:03:30.825 D/View ( 1464):
05-30 14:03:30.825 D/View ( 1464):
05-30 14:03:30.826 D/View ( 1464):
05-30 14:03:30.826 D/View ( 1464):
05-30 14:03:30.827 E/hq ( 1464): CrashHandler:::图片加载异常 message=Failed to load resource
05-30 14:03:30.827 E/hq ( 1464): There was 1 root cause:
05-30 14:03:30.827 E/hq ( 1464): java.net.UnknownHostException(Unable to resolve host "zmimg.dangbei.net": No address associated with hostname)
05-30 14:03:30.827 E/hq ( 1464): call GlideException#logRootCauses(String) for more detail
05-30 14:03:30.827 E/hq ( 1464): model=https://zmimg.dangbei.net/operatecenter/20250409/akbzqw6uzl72m.png
05-30 14:03:30.827 E/hq ( 1464): target=Target for: android.widget.ImageView{1a64874 V.ED..... ......ID 0,0-320,180}
05-30 14:03:30.827 D/View ( 1464):
05-30 14:03:30.829 E/hq ( 1464): CrashHandler:::图片加载异常 message=Failed to load resource
05-30 14:03:30.829 E/hq ( 1464): There was 1 root cause:
05-30 14:03:30.829 E/hq ( 1464): java.net.UnknownHostException(Unable to resolve host "zmimg.dangbei.net": No address associated with hostname)
05-30 14:03:30.829 E/hq ( 1464): call GlideException#logRootCauses(String) for more detail
05-30 14:03:30.829 E/hq ( 1464): model=https://zmimg.dangbei.net/operatecenter/20250409/8ll30dtxsojev.png
05-30 14:03:30.829 E/hq ( 1464): target=Target for: android.widget.ImageView{a0d9612 V.ED..... ......ID 0,0-320,180}
05-30 14:03:30.832 D/View ( 1464):
05-30 14:03:30.832 D/View ( 1464):
05-30 14:03:30.833 E/hq ( 1464): CrashHandler:::图片加载异常 message=Failed to load resource
05-30 14:03:30.833 E/hq ( 1464): There was 1 root cause:
05-30 14:03:30.833 E/hq ( 1464): java.net.UnknownHostException(Unable to resolve host "zmimg.dangbei.net": No address associated with hostname)
05-30 14:03:30.833 E/hq ( 1464): call GlideException#logRootCauses(String) for more detail
05-30 14:03:30.833 E/hq ( 1464): model=https://zmimg.dangbei.net/operatecenter/20250409/lcnftoihpkndf.png
05-30 14:03:30.833 E/hq ( 1464): target=Target for: android.widget.ImageView{b98619d V.ED..... ......ID 0,0-320,180}
05-30 14:03:30.833 D/View ( 1464):
05-30 14:03:30.834 D/View ( 1464):
05-30 14:03:30.835 D/View ( 1464):
05-30 14:03:30.835 D/View ( 1464):
05-30 14:03:30.836 D/View ( 1464):
05-30 14:03:30.837 D/View ( 1464):
05-30 14:03:30.839 E/hq ( 1464): CrashHandler:::图片加载异常 message=Failed to load resource
05-30 14:03:30.839 E/hq ( 1464): There was 1 root cause:
05-30 14:03:30.839 E/hq ( 1464): java.net.UnknownHostException(Unable to resolve host "zmimg.dangbei.net": No address associated with hostname)
05-30 14:03:30.839 E/hq ( 1464): call GlideException#logRootCauses(String) for more detail
05-30 14:03:30.839 E/hq ( 1464): model=https://zmimg.dangbei.net/operatecenter/20250423/gd5e9y05atkfi.png
05-30 14:03:30.839 E/hq ( 1464): target=Target for: android.widget.ImageView{1baf529 V.ED..... ......ID 0,0-320,180}
05-30 14:03:30.842 D/View ( 1464):
05-30 14:03:30.842 E/hq ( 1464): CrashHandler:::图片加载异常 message=Failed to load resource
05-30 14:03:30.842 E/hq ( 1464): There was 1 root cause:
05-30 14:03:30.842 E/hq ( 1464): java.net.UnknownHostException(Unable to resolve host "zmimg.dangbei.net": No address associated with hostname)
05-30 14:03:30.842 E/hq ( 1464): call GlideException#logRootCauses(String) for more detail
05-30 14:03:30.842 E/hq ( 1464): model=https://zmimg.dangbei.net/operatecenter/20250411/h9tn543dqurlj.png
05-30 14:03:30.842 E/hq ( 1464): target=Target for: android.widget.ImageView{b1977e0 V.ED..... ......ID 0,0-320,180}
05-30 14:03:30.842 D/View ( 1464):
05-30 14:03:30.842 D/View ( 1464):
05-30 14:03:30.843 I/Zygote ( 1877): seccomp disabled by setenforce 0
05-30 14:03:30.843 D/View ( 1464):
05-30 14:03:30.844 D/View ( 1464):
05-30 14:03:30.844 D/View ( 1464):
05-30 14:03:30.844 W/SoundPool( 1686): Use of stream types is deprecated for operations other than volume control
05-30 14:03:30.844 W/SoundPool( 1686): See the documentation of SoundPool() for what to use instead with android.media.AudioAttributes to qualify your playback use case
05-30 14:03:30.845 D/View ( 1464):
05-30 14:03:30.845 D/View ( 1464):
05-30 14:03:30.849 D/View ( 1464):
05-30 14:03:30.850 D/View ( 1464):
05-30 14:03:30.850 D/View ( 1464):
05-30 14:03:30.851 D/View ( 1464):
05-30 14:03:30.851 D/View ( 1464):
05-30 14:03:30.852 D/View ( 1464):
05-30 14:03:30.852 D/View ( 1464):
05-30 14:03:30.853 D/View ( 1464):
05-30 14:03:30.854 D/View ( 1464):
05-30 14:03:30.854 D/RockyVoice( 1686): RestartReceiver onReceive
05-30 14:03:30.858 D/View ( 1464):
05-30 14:03:30.858 I/method.sogou.tv( 1877): Using CollectorTypeCC GC.
05-30 14:03:30.858 D/View ( 1464):
05-30 14:03:30.858 D/View ( 1464):
05-30 14:03:30.859 D/View ( 1464):
05-30 14:03:30.859 D/OomAdjuster( 710): Not killing cached processes
05-30 14:03:30.859 D/View ( 1464):
05-30 14:03:30.860 D/View ( 1464):
05-30 14:03:30.860 D/View ( 1464):
05-30 14:03:30.861 D/RockyReceiver( 1686): action: android.net.wifi.WIFI_STATE_CHANGED
05-30 14:03:30.862 D/View ( 1464):
05-30 14:03:30.862 D/View ( 1464):
05-30 14:03:30.863 D/View ( 1464):
05-30 14:03:30.863 D/View ( 1464):
05-30 14:03:30.864 D/View ( 1464):
05-30 14:03:30.866 E/method.sogou.tv( 1877): Not starting debugger since process cannot load the jdwp agent.
05-30 14:03:30.874 D/View ( 1464):
05-30 14:03:30.874 D/View ( 1464):
05-30 14:03:30.875 D/View ( 1464):
05-30 14:03:30.875 D/View ( 1464):
05-30 14:03:30.877 D/View ( 1464):
05-30 14:03:30.879 D/View ( 1464):
05-30 14:03:30.880 D/CompatibilityChangeReporter( 710): Compat change id reported: 168419799; UID 10039; state: DISABLED
05-30 14:03:30.880 D/View ( 1464):
05-30 14:03:30.880 D/CompatibilityChangeReporter( 710): Compat change id reported: 273564678; UID 10039; state: DISABLED
05-30 14:03:30.880 D/View ( 1464):
05-30 14:03:30.881 D/View ( 1464):
05-30 14:03:30.881 D/View ( 1464):
05-30 14:03:30.882 D/View ( 1464):
05-30 14:03:30.882 D/View ( 1464):
05-30 14:03:30.883 D/View ( 1464):
05-30 14:03:30.884 D/View ( 1464):
05-30 14:03:30.886 D/View ( 1464):
05-30 14:03:30.887 D/View ( 1464):
05-30 14:03:30.889 D/View ( 1464):
05-30 14:03:30.889 D/View ( 1464):
05-30 14:03:30.890 D/View ( 1464):
05-30 14:03:30.890 D/View ( 1464):
05-30 14:03:30.892 E/hq ( 1464): NetWorkStateReceiver:::NetWorkStateReceiver onReceive: 网络变化广播 >>>> intent.action=android.net.wifi.SCAN_RESULTS
05-30 14:03:30.895 D/View ( 1464):
05-30 14:03:30.896 I/WifiHAL ( 520): call wifi_get_link_stats handler
05-30 14:03:30.896 I/WifiHAL ( 520): Creating message to get link statistics; iface = 16
05-30 14:03:30.896 D/WifiHAL ( 520): error code -95 mapped to -3
05-30 14:03:30.900 E/WifiStaIfaceAidlImpl( 710): getLinkLayerStats failed with service-specific exception: android.os.ServiceSpecificException: (code 4)
05-30 14:03:30.909 D/CompatibilityChangeReporter( 1877): Compat change id reported: 171979766; UID 10039; state: DISABLED
05-30 14:03:30.909 D/CompatibilityChangeReporter( 1877): Compat change id reported: 242716250; UID 10039; state: DISABLED
05-30 14:03:30.911 D/View ( 1464):
05-30 14:03:30.912 D/View ( 1464):
05-30 14:03:30.912 D/nativeloader( 1840): Configuring clns-shared-5 for other apk /apex/com.android.permission/priv-app/PermissionController@UD2A.240505.001.W1/PermissionController.apk. target_sdk_version=34, uses_libraries=, library_path=/apex/com.android.permission/priv-app/PermissionController@UD2A.240505.001.W1/lib/arm:/system/lib:/system_ext/lib, permitted_path=/data:/mnt/expand:/data/user_de/0/com.android.permissioncontroller:/apex/com.android.permission/priv-app/PermissionController@UD2A.240505.001.W1:/system/lib:/system_ext/lib
05-30 14:03:30.913 D/View ( 1464):
05-30 14:03:30.913 D/CompatibilityChangeReporter( 710): Compat change id reported: 170503758; UID 10039; state: DISABLED
05-30 14:03:30.914 D/View ( 1464):
05-30 14:03:30.915 D/View ( 1464):
05-30 14:03:30.916 D/View ( 1464):
05-30 14:03:30.916 D/View ( 1464):
05-30 14:03:30.918 D/View ( 1464):
05-30 14:03:30.919 D/View ( 1464):
05-30 14:03:30.920 D/View ( 1464):
05-30 14:03:30.922 D/View ( 1464):
05-30 14:03:30.923 D/View ( 1464):
05-30 14:03:30.924 D/ApplicationLoaders( 1877): Returning zygote-cached class loader: /system/framework/android.test.base.jar
05-30 14:03:30.924 D/View ( 1464):
05-30 14:03:30.924 D/ApplicationLoaders( 1877): Returning zygote-cached class loader: /system/framework/android.hidl.manager-V1.0-java.jar
05-30 14:03:30.924 D/ApplicationLoaders( 1877): Returning zygote-cached class loader: /system/framework/android.hidl.base-V1.0-java.jar
05-30 14:03:30.925 D/View ( 1464):
05-30 14:03:30.925 D/View ( 1464):
05-30 14:03:30.926 D/View ( 1464):
05-30 14:03:30.926 D/View ( 1464):
05-30 14:03:30.927 D/View ( 1464):
05-30 14:03:30.928 D/View ( 1464):
05-30 14:03:30.928 D/nativeloader( 1840): InitApexLibraries:
05-30 14:03:30.928 D/nativeloader( 1840): com_android_adservices: libhpke_jni.so:libtflite_support_classifiers_native.so
05-30 14:03:30.928 D/nativeloader( 1840): com_android_appsearch: libicing.so
05-30 14:03:30.928 D/nativeloader( 1840): com_android_art: libartservice.so
05-30 14:03:30.928 D/nativeloader( 1840): com_android_btservices: libbluetooth_jni.so
05-30 14:03:30.928 D/nativeloader( 1840): com_android_conscrypt: libjavacrypto.so
05-30 14:03:30.928 D/nativeloader( 1840): com_android_extservices: libhpke_jni.so:libtflite_support_classifiers_native.so
05-30 14:03:30.928 D/nativeloader( 1840): com_android_os_statsd: libstats_jni.so
05-30 14:03:30.928 D/nativeloader( 1840): com_android_tethering: libandroid_net_connectivity_com_android_net_module_util_jni.so:libcronet.114.0.5735.84.so:libframework-connectivity-jni.so:libframework-connectivity-tiramisu-jni.so:libservice-connectivity.so
05-30 14:03:30.928 D/nativeloader( 1840): com_android_uwb: libuwb_uci_jni_rust.so
05-30 14:03:30.928 D/nativeloader( 1840): com_android_virt: libvirtualizationservice_jni.so:libvirtualmachine_jni.so
05-30 14:03:30.929 D/View ( 1464):
05-30 14:03:30.930 D/View ( 1464):
05-30 14:03:30.931 D/View ( 1464):
05-30 14:03:30.932 D/View ( 1464):
05-30 14:03:30.933 D/View ( 1464):
05-30 14:03:30.934 D/View ( 1464):
05-30 14:03:30.934 D/View ( 1464):
05-30 14:03:30.935 D/View ( 1464):
05-30 14:03:30.936 D/View ( 1464):
05-30 14:03:30.939 D/View ( 1464):
05-30 14:03:30.942 D/View ( 1464):
05-30 14:03:30.942 D/View ( 1464):
05-30 14:03:30.943 D/View ( 1464):
05-30 14:03:30.943 D/View ( 1464):
05-30 14:03:30.944 D/View ( 1464):
05-30 14:03:30.944 D/View ( 1464):
05-30 14:03:30.945 D/View ( 1464):
05-30 14:03:30.945 D/View ( 1464):
05-30 14:03:30.946 D/View ( 1464):
05-30 14:03:30.947 D/View ( 1464):
05-30 14:03:30.947 D/View ( 1464):
05-30 14:03:30.948 D/View ( 1464):
05-30 14:03:30.948 D/View ( 1464):
05-30 14:03:30.949 D/View ( 1464):
05-30 14:03:30.949 D/View ( 1464):
05-30 14:03:30.950 D/View ( 1464):
05-30 14:03:30.950 D/View ( 1464):
05-30 14:03:30.951 D/View ( 1464):
05-30 14:03:30.951 D/View ( 1464):
05-30 14:03:30.952 D/View ( 1464):
05-30 14:03:30.952 D/View ( 1464):
05-30 14:03:30.953 D/View ( 1464):
05-30 14:03:30.954 D/View ( 1464):
05-30 14:03:30.954 D/View ( 1464):
05-30 14:03:30.955 D/View ( 1464):
05-30 14:03:30.955 D/View ( 1464):
05-30 14:03:30.956 D/View ( 1464):
05-30 14:03:30.956 D/View ( 1464):
05-30 14:03:30.957 D/View ( 1464):
05-30 14:03:30.958 D/View ( 1464):
05-30 14:03:30.958 D/View ( 1464):
05-30 14:03:30.959 D/View ( 1464):
05-30 14:03:30.962 D/CompatibilityChangeReporter( 710): Compat change id reported: 261072174; UID 1000; state: DISABLED
05-30 14:03:30.985 D/nativeloader( 1877): Configuring clns-shared-4 for other apk /system/app/com.sohu.inputmethod.sogou.tv/com.sohu.inputmethod.sogou.tv.apk. target_sdk_version=28, uses_libraries=, library_path=/system/app/com.sohu.inputmethod.sogou.tv/lib/arm:/system/app/com.sohu.inputmethod.sogou.tv/com.sohu.inputmethod.sogou.tv.apk!/lib/armeabi-v7a:/system/lib:/system_ext/lib, permitted_path=/data:/mnt/expand:/data/user_de/0/com.sohu.inputmethod.sogou.tv:/system/app/com.sohu.inputmethod.sogou.tv:/system/lib:/system_ext/lib
05-30 14:03:30.993 D/View ( 1464):
05-30 14:03:30.994 D/View ( 1464):
05-30 14:03:30.994 D/View ( 1464):
05-30 14:03:30.994 D/View ( 1464):
05-30 14:03:30.995 D/View ( 1464):
05-30 14:03:30.995 D/View ( 1464):
05-30 14:03:30.996 D/View ( 1464):
05-30 14:03:30.996 D/View ( 1464):
05-30 14:03:30.996 D/View ( 1464):
05-30 14:03:30.996 D/View ( 1464):
05-30 14:03:30.997 D/View ( 1464):
05-30 14:03:30.997 D/View ( 1464):
05-30 14:03:30.997 D/View ( 1464):
05-30 14:03:30.997 D/View ( 1464):
05-30 14:03:30.998 D/View ( 1464):
05-30 14:03:30.998 D/View ( 1464):
05-30 14:03:30.998 D/View ( 1464):
05-30 14:03:30.998 D/View ( 1464):
05-30 14:03:30.999 D/View ( 1464):
05-30 14:03:30.999 D/View ( 1464):
05-30 14:03:30.999 D/View ( 1464):
05-30 14:03:31.000 D/View ( 1464):
05-30 14:03:31.000 D/View ( 1464):
05-30 14:03:31.001 D/View ( 1464):
05-30 14:03:31.001 D/View ( 1464):
05-30 14:03:31.001 D/View ( 1464):
05-30 14:03:31.002 D/View ( 1464):
05-30 14:03:31.002 D/View ( 1464):
05-30 14:03:31.002 D/View ( 1464):
05-30 14:03:31.002 D/View ( 1464):
05-30 14:03:31.003 D/View ( 1464):
05-30 14:03:31.003 D/View ( 1464):
05-30 14:03:31.003 D/View ( 1464):
05-30 14:03:31.003 D/View ( 1464):
05-30 14:03:31.004 D/View ( 1464):
05-30 14:03:31.004 D/View ( 1464):
05-30 14:03:31.007 D/View ( 1464):
05-30 14:03:31.007 D/View ( 1464):
05-30 14:03:31.007 D/View ( 1464):
05-30 14:03:31.007 D/View ( 1464):
05-30 14:03:31.009 D/View ( 1464):
05-30 14:03:31.010 D/View ( 1464):
05-30 14:03:31.010 D/View ( 1464):
05-30 14:03:31.010 D/View ( 1464):
05-30 14:03:31.011 D/View ( 1464):
05-30 14:03:31.011 D/View ( 1464):
05-30 14:03:31.012 D/View ( 1464):
05-30 14:03:31.012 D/View ( 1464):
05-30 14:03:31.013 D/View ( 1464):
05-30 14:03:31.013 D/View ( 1464):
05-30 14:03:31.014 D/View ( 1464):
05-30 14:03:31.014 D/View ( 1464):
05-30 14:03:31.014 D/View ( 1464):
05-30 14:03:31.014 D/View ( 1464):
05-30 14:03:31.015 D/View ( 1464):
05-30 14:03:31.015 D/View ( 1464):
05-30 14:03:31.015 D/View ( 1464):
05-30 14:03:31.016 D/View ( 1464):
05-30 14:03:31.016 D/View ( 1464):
05-30 14:03:31.016 D/View ( 1464):
05-30 14:03:31.017 D/View ( 1464):
05-30 14:03:31.018 D/View ( 1464):
05-30 14:03:31.018 D/View ( 1464):
05-30 14:03:31.018 D/View ( 1464):
05-30 14:03:31.019 D/View ( 1464):
05-30 14:03:31.020 D/View ( 1464):
05-30 14:03:31.020 D/View ( 1464):
05-30 14:03:31.020 D/View ( 1464):
05-30 14:03:31.021 D/View ( 1464):
05-30 14:03:31.022 D/View ( 1464):
05-30 14:03:31.023 D/View ( 1464):
05-30 14:03:31.023 D/View ( 1464):
05-30 14:03:31.023 D/View ( 1464):
05-30 14:03:31.023 D/View ( 1464):
05-30 14:03:31.024 D/View ( 1464):
05-30 14:03:31.024 D/View ( 1464):
05-30 14:03:31.024 D/View ( 1464):
05-30 14:03:31.025 D/View ( 1464):
05-30 14:03:31.025 D/View ( 1464):
05-30 14:03:31.025 D/View ( 1464):
05-30 14:03:31.026 D/View ( 1464):
05-30 14:03:31.026 D/View ( 1464):
05-30 14:03:31.027 D/View ( 1464):
05-30 14:03:31.027 D/View ( 1464):
05-30 14:03:31.027 D/View ( 1464):
05-30 14:03:31.027 D/View ( 1464):
05-30 14:03:31.028 D/View ( 1464):
05-30 14:03:31.028 D/View ( 1464):
05-30 14:03:31.028 D/View ( 1464):
05-30 14:03:31.029 D/View ( 1464):
05-30 14:03:31.030 D/View ( 1464):
05-30 14:03:31.030 D/View ( 1464):
05-30 14:03:31.030 D/View ( 1464):
05-30 14:03:31.031 D/View ( 1464):
05-30 14:03:31.031 D/View ( 1464):
05-30 14:03:31.031 D/View ( 1464):
05-30 14:03:31.032 D/View ( 1464):
05-30 14:03:31.032 D/View ( 1464):
05-30 14:03:31.032 D/View ( 1464):
05-30 14:03:31.033 D/View ( 1464):
05-30 14:03:31.034 D/View ( 1464):
05-30 14:03:31.034 D/View ( 1464):
05-30 14:03:31.034 D/View ( 1464):
05-30 14:03:31.035 D/View ( 1464):
05-30 14:03:31.035 D/View ( 1464):
05-30 14:03:31.035 D/View ( 1464):
05-30 14:03:31.036 D/View ( 1464):
05-30 14:03:31.036 D/View ( 1464):
05-30 14:03:31.037 D/View ( 1464):
05-30 14:03:31.037 D/View ( 1464):
05-30 14:03:31.037 D/View ( 1464):
05-30 14:03:31.040 D/View ( 1464):
05-30 14:03:31.041 D/View ( 1464):
05-30 14:03:31.041 D/View ( 1464):
05-30 14:03:31.043 D/View ( 1464):
05-30 14:03:31.043 D/View ( 1464):
05-30 14:03:31.044 D/View ( 1464):
05-30 14:03:31.045 D/View ( 1464):
05-30 14:03:31.045 D/View ( 1464):
05-30 14:03:31.045 D/View ( 1464):
05-30 14:03:31.046 D/View ( 1464):
05-30 14:03:31.046 D/View ( 1464):
05-30 14:03:31.047 D/View ( 1464):
05-30 14:03:31.047 D/View ( 1464):
05-30 14:03:31.048 D/View ( 1464):
05-30 14:03:31.048 D/View ( 1464):
05-30 14:03:31.048 D/View ( 1464):
05-30 14:03:31.049 D/View ( 1464):
05-30 14:03:31.049 D/View ( 1464):
05-30 14:03:31.049 D/View ( 1464):
05-30 14:03:31.050 D/View ( 1464):
05-30 14:03:31.050 D/View ( 1464):
05-30 14:03:31.051 D/View ( 1464):
05-30 14:03:31.051 D/View ( 1464):
05-30 14:03:31.052 D/View ( 1464):
05-30 14:03:31.053 V/GraphicsEnvironment( 1877): Currently set values for:
05-30 14:03:31.053 V/GraphicsEnvironment( 1877): angle_gl_driver_selection_pkgs=[]
05-30 14:03:31.053 V/GraphicsEnvironment( 1877): angle_gl_driver_selection_values=[]
05-30 14:03:31.053 D/View ( 1464):
05-30 14:03:31.053 D/View ( 1464):
05-30 14:03:31.054 D/View ( 1464):
05-30 14:03:31.056 V/GraphicsEnvironment( 1877): ANGLE GameManagerService for com.sohu.inputmethod.sogou.tv: false
05-30 14:03:31.056 V/GraphicsEnvironment( 1877): com.sohu.inputmethod.sogou.tv is not listed in per-application setting
05-30 14:03:31.056 V/GraphicsEnvironment( 1877): Neither updatable production driver nor prerelease driver is supported.
05-30 14:03:31.057 D/View ( 1464):
05-30 14:03:31.058 D/View ( 1464):
05-30 14:03:31.058 D/View ( 1464):
05-30 14:03:31.059 D/View ( 1464):
05-30 14:03:31.059 D/View ( 1464):
05-30 14:03:31.059 D/View ( 1464):
05-30 14:03:31.060 D/View ( 1464):
05-30 14:03:31.060 D/View ( 1464):
05-30 14:03:31.061 D/View ( 1464):
05-30 14:03:31.061 D/View ( 1464):
05-30 14:03:31.061 D/View ( 1464):
05-30 14:03:31.061 D/View ( 1464):
05-30 14:03:31.062 D/View ( 1464):
05-30 14:03:31.062 D/View ( 1464):
05-30 14:03:31.062 D/View ( 1464):
05-30 14:03:31.063 D/View ( 1464):
05-30 14:03:31.063 D/View ( 1464):
05-30 14:03:31.063 D/View ( 1464):
05-30 14:03:31.063 D/View ( 1464):
05-30 14:03:31.064 D/View ( 1464):
05-30 14:03:31.064 D/View ( 1464):
05-30 14:03:31.064 D/View ( 1464):
05-30 14:03:31.064 D/View ( 1464):
05-30 14:03:31.065 D/View ( 1464):
05-30 14:03:31.065 D/View ( 1464):
05-30 14:03:31.065 D/View ( 1464):
05-30 14:03:31.065 W/eventbuscore( 1464): post Event:com.dangbei.leard.base.entity.event.NetWifiRssiEvent
05-30 14:03:31.065 D/View ( 1464):
05-30 14:03:31.066 D/View ( 1464):
05-30 14:03:31.067 D/WifiScoreReport( 710): setShouldReduceNetworkScore=false mNetworkAgent is null? true
05-30 14:03:31.067 D/WifiClientModeImpl[19965:wlan0]( 710): CMD_START_CONNECT my state DisconnectedState nid=0 roam=false
05-30 14:03:31.070 D/View ( 1464):
05-30 14:03:31.071 D/View ( 1464):
05-30 14:03:31.074 D/View ( 1464):
05-30 14:03:31.075 D/View ( 1464):
05-30 14:03:31.075 D/View ( 1464):
05-30 14:03:31.076 D/View ( 1464):
05-30 14:03:31.076 D/View ( 1464):
05-30 14:03:31.076 D/View ( 1464):
05-30 14:03:31.077 D/View ( 1464):
05-30 14:03:31.077 D/View ( 1464):
05-30 14:03:31.077 I/MultiDex( 1877): VM with version 2.1.0 has multidex support
05-30 14:03:31.077 I/MultiDex( 1877): Installing application
05-30 14:03:31.077 I/MultiDex( 1877): VM has multidex support, MultiDex support library is disabled.
05-30 14:03:31.077 D/View ( 1464):
05-30 14:03:31.077 E/ccc ( 1430): cccccc etnaService addListener com.dangbei.lerad.etna.aidl.IEtnaAidlListener$Stub$Proxy@3093c9c com.dangbei.leard.leradlauncher
05-30 14:03:31.078 E/hq ( 1464): Etna:::etnaClient connectState=true
05-30 14:03:31.078 E/getHdmiStatus( 1464): sourceInputStatus=null mEtnaAdapter=com.dangbei.launcher.etna.EtnaAdapter@6ea9910
05-30 14:03:31.078 D/View ( 1464):
05-30 14:03:31.079 D/View ( 1464):
05-30 14:03:31.081 W/LastMileLogger( 710): Failed to open free_buffer pseudo-file: /sys/kernel/debug/tracing/instances/wifi/free_buffer: open failed: ENOENT (No such file or directory)
05-30 14:03:31.081 W/LastMileLogger( 710): Failed to arm fail-safe.
05-30 14:03:31.082 I/wpa_supplicant( 1190): wpa_driver_nl80211_driver_cmd: wifi vendor: aml_w2_s
05-30 14:03:31.082 I/wpa_supplicant( 1190): wpa_driver_nl80211_driver_cmd: wlan0: private command: MACADDR
05-30 14:03:31.083 E/hq ( 1464): USBReceiver:::USBReceiver onReceive: list=1
05-30 14:03:31.085 W/wificond( 638): Scan is not started. Ignore abort request
05-30 14:03:31.085 D/SupplicantStaIfaceHalAidlImpl( 710): connectToNetwork "DB-machines5G"WPA_PSK, actualSsid=null
05-30 14:03:31.086 D/SupplicantStaIfaceHalAidlImpl( 710): Selecting supplicant SSID "DB-machines5G"
05-30 14:03:31.092 D/View ( 1464):
05-30 14:03:31.093 D/View ( 1464):
05-30 14:03:31.094 D/View ( 1464):
05-30 14:03:31.100 D/View ( 1464):
05-30 14:03:31.101 D/View ( 1464):
05-30 14:03:31.101 D/View ( 1464):
05-30 14:03:31.102 D/View ( 1464):
05-30 14:03:31.102 D/View ( 1464):
05-30 14:03:31.102 D/View ( 1464):
05-30 14:03:31.102 D/View ( 1464):
05-30 14:03:31.104 I/SupplicantStaNetworkHalAidlImpl( 710): Successfully set SSID
05-30 14:03:31.106 D/SupplicantStaNetworkHalAidlImpl( 710): The target security params: Security Parameters:
05-30 14:03:31.106 D/SupplicantStaNetworkHalAidlImpl( 710): Type: 2
05-30 14:03:31.106 D/SupplicantStaNetworkHalAidlImpl( 710): Enabled: true
05-30 14:03:31.106 D/SupplicantStaNetworkHalAidlImpl( 710): KeyMgmt: WPA_PSK
05-30 14:03:31.106 D/SupplicantStaNetworkHalAidlImpl( 710): Protocols: WPA RSN
05-30 14:03:31.106 D/SupplicantStaNetworkHalAidlImpl( 710): AuthAlgorithms:
05-30 14:03:31.106 D/SupplicantStaNetworkHalAidlImpl( 710): PairwiseCiphers: TKIP CCMP
05-30 14:03:31.106 D/SupplicantStaNetworkHalAidlImpl( 710): GroupCiphers: WEP40 WEP104 TKIP CCMP
05-30 14:03:31.106 D/SupplicantStaNetworkHalAidlImpl( 710): GroupMgmtCiphers:
05-30 14:03:31.106 D/SupplicantStaNetworkHalAidlImpl( 710): SuiteBCiphers:
05-30 14:03:31.106 D/SupplicantStaNetworkHalAidlImpl( 710): RequirePmf: false
05-30 14:03:31.106 D/SupplicantStaNetworkHalAidlImpl( 710): IsAddedByAutoUpgrade: false
05-30 14:03:31.106 D/SupplicantStaNetworkHalAidlImpl( 710): IsSaeH2eOnlyMode: false
05-30 14:03:31.106 D/SupplicantStaNetworkHalAidlImpl( 710): IsSaePkOnlyMode: false
05-30 14:03:31.103 D/View ( 1464):
05-30 14:03:31.110 D/View ( 1464):
05-30 14:03:31.114 D/View ( 1464):
05-30 14:03:31.114 D/View ( 1464):
05-30 14:03:31.115 D/View ( 1464):
05-30 14:03:31.115 D/View ( 1464):
05-30 14:03:31.119 D/View ( 1464):
05-30 14:03:31.120 D/View ( 1464):
05-30 14:03:31.123 D/View ( 1464):
05-30 14:03:31.124 D/View ( 1464):
05-30 14:03:31.124 D/View ( 1464):
05-30 14:03:31.124 D/View ( 1464):
05-30 14:03:31.125 D/View ( 1464):
05-30 14:03:31.125 D/View ( 1464):
05-30 14:03:31.125 D/View ( 1464):
05-30 14:03:31.126 D/View ( 1464):
05-30 14:03:31.126 D/View ( 1464):
05-30 14:03:31.126 D/View ( 1464):
05-30 14:03:31.126 D/View ( 1464):
05-30 14:03:31.127 D/View ( 1464):
05-30 14:03:31.127 D/View ( 1464):
05-30 14:03:31.127 D/View ( 1464):
05-30 14:03:31.127 D/View ( 1464):
05-30 14:03:31.128 D/View ( 1464):
05-30 14:03:31.128 D/View ( 1464):
05-30 14:03:31.128 D/View ( 1464):
05-30 14:03:31.128 D/View ( 1464):
05-30 14:03:31.129 D/View ( 1464):
05-30 14:03:31.130 D/View ( 1464):
05-30 14:03:31.130 D/View ( 1464):
05-30 14:03:31.131 D/View ( 1464):
05-30 14:03:31.132 D/View ( 1464):
05-30 14:03:31.133 D/View ( 1464):
05-30 14:03:31.134 D/View ( 1464):
05-30 14:03:31.138 D/View ( 1464):
05-30 14:03:31.139 V/WindowManagerShell( 962): Transition animation finished (aborted=false), notifying core (#1)android.os.BinderProxy@645cea6@0
05-30 14:03:31.139 D/View ( 1464):
05-30 14:03:31.139 D/View ( 1464):
05-30 14:03:31.139 D/View ( 1464):
05-30 14:03:31.143 E/SogouIME( 1877): setupInputSurface
05-30 14:03:31.143 V/WindowManager( 710): Finish Transition #1: created at
05-30 14:03:28.643 collect-started=0.136ms request-sent=0.678ms started=9.156ms ready=440.888ms sent=2053.053ms finished=2497.567ms
05-30 14:03:31.145 D/View ( 1464):
05-30 14:03:31.145 D/View ( 1464):
05-30 14:03:31.145 D/View ( 1464):
05-30 14:03:31.146 D/View ( 1464):
05-30 14:03:31.146 D/View ( 1464):
05-30 14:03:31.146 D/View ( 1464):
05-30 14:03:31.146 D/View ( 1464):
05-30 14:03:31.147 D/View ( 1464):
05-30 14:03:31.147 D/View ( 1464):
05-30 14:03:31.148 D/View ( 1464):
05-30 14:03:31.148 D/View ( 1464):
05-30 14:03:31.148 V/GraphicsEnvironment( 1840): Currently set values for:
05-30 14:03:31.148 V/GraphicsEnvironment( 1840): angle_gl_driver_selection_pkgs=[]
05-30 14:03:31.148 V/GraphicsEnvironment( 1840): angle_gl_driver_selection_values=[]
05-30 14:03:31.149 D/View ( 1464):
05-30 14:03:31.151 D/View ( 1464):
05-30 14:03:31.151 D/View ( 1464):
05-30 14:03:31.151 V/WindowManagerShell( 962): Track 0 became idle
05-30 14:03:31.151 D/View ( 1464):
05-30 14:03:31.151 V/GraphicsEnvironment( 1840): ANGLE GameManagerService for com.android.permissioncontroller: false
05-30 14:03:31.152 V/WindowManagerShell( 962): All active transition animations finished
05-30 14:03:31.152 D/View ( 1464):
05-30 14:03:31.152 V/GraphicsEnvironment( 1840): com.android.permissioncontroller is not listed in per-application setting
05-30 14:03:31.152 D/View ( 1464):
05-30 14:03:31.152 D/View ( 1464):
05-30 14:03:31.152 V/GraphicsEnvironment( 1840): Neither updatable production driver nor prerelease driver is supported.
05-30 14:03:31.169 D/View ( 1464):
05-30 14:03:31.170 D/View ( 1464):
05-30 14:03:31.170 D/View ( 1464):
05-30 14:03:31.171 D/View ( 1464):
05-30 14:03:31.171 D/View ( 1464):
05-30 14:03:31.171 D/View ( 1464):
05-30 14:03:31.172 D/WifiCountryCode( 710): evaluateAllCmmStateAndApplyIfAllReady: {ConcreteClientModeManager{id=16764 iface=wlan0 role=ROLE_CLIENT_PRIMARY}=false}
05-30 14:03:31.172 D/WifiClientModeImpl[19965:wlan0]( 710): Start Connecting Watchdog 1
05-30 14:03:31.172 D/View ( 1464):
05-30 14:03:31.173 D/View ( 1464):
05-30 14:03:31.173 I/wpa_supplicant( 1190): wlan0: Trying to associate with 58:c7:ac:78:f0:10 (SSID='DB-machines5G' freq=5745 MHz)
05-30 14:03:31.173 I/wpa_supplicant( 1190): assoc key_mgmt 0x2 network key_mgmt 0x142
05-30 14:03:31.173 D/View ( 1464):
05-30 14:03:31.174 D/View ( 1464):
05-30 14:03:31.174 D/View ( 1464):
05-30 14:03:31.174 D/View ( 1464):
05-30 14:03:31.175 D/View ( 1464):
05-30 14:03:31.175 D/View ( 1464):
05-30 14:03:31.175 D/View ( 1464):
05-30 14:03:31.175 D/View ( 1464):
05-30 14:03:31.176 D/View ( 1464):
05-30 14:03:31.176 D/View ( 1464):
05-30 14:03:31.176 D/View ( 1464):
05-30 14:03:31.177 D/View ( 1464):
05-30 14:03:31.177 W/ContextImpl( 710): Calling a method in the system process without a qualified user: android.app.ContextImpl.sendStickyBroadcast:1626 com.android.server.wifi.ClientModeImpl.sendNetworkChangeBroadcast:3008 com.android.server.wifi.ClientModeImpl.lambda$sendNetworkChangeBroadcastWithCurrentState$14:2985 com.android.server.wifi.ClientModeImpl.$r8$lambda$q-j88Pjw4gROgoJFr8wBlBVbuJI:0 com.android.server.wifi.ClientModeImpl$$ExternalSyntheticLambda4.send:0
05-30 14:03:31.177 D/View ( 1464):
05-30 14:03:31.177 D/View ( 1464):
05-30 14:03:31.177 D/View ( 1464):
05-30 14:03:31.178 D/View ( 1464):
05-30 14:03:31.178 I/WifiClientModeImpl[19965:wlan0]( 710): Update current security type to 2
05-30 14:03:31.178 D/View ( 1464):
05-30 14:03:31.179 D/View ( 1464):
05-30 14:03:31.179 D/View ( 1464):
05-30 14:03:31.179 D/View ( 1464):
05-30 14:03:31.179 D/View ( 1464):
05-30 14:03:31.180 D/View ( 1464):
05-30 14:03:31.180 D/View ( 1464):
05-30 14:03:31.180 D/View ( 1464):
05-30 14:03:31.181 D/RockyReceiver( 1686): action: android.net.wifi.STATE_CHANGE
05-30 14:03:31.182 D/View ( 1464):
05-30 14:03:31.182 D/View ( 1464):
05-30 14:03:31.185 D/View ( 1464):
05-30 14:03:31.189 D/View ( 1464):
05-30 14:03:31.189 D/View ( 1464):
05-30 14:03:31.189 D/View ( 1464):
05-30 14:03:31.190 D/View ( 1464):
05-30 14:03:31.190 D/View ( 1464):
05-30 14:03:31.191 D/View ( 1464):
05-30 14:03:31.191 D/View ( 1464):
05-30 14:03:31.191 D/View ( 1464):
05-30 14:03:31.191 D/View ( 1464):
05-30 14:03:31.192 E/hq ( 1464): AdHelper:::启动延迟检查,支持广告的最长播放时间:25000 isLoadAd=false
05-30 14:03:31.192 D/View ( 1464):
05-30 14:03:31.192 D/OsInitLaunch( 1464): send cache: launchAd, playAd, start, null
05-30 14:03:31.193 D/View ( 1464):
05-30 14:03:31.193 D/View ( 1464):
05-30 14:03:31.193 I/dangbei ad sdk( 1464): ADSDK::play splash ad
05-30 14:03:31.194 E/hq ( 1464): AdHelper:::notFetchAd: main
05-30 14:03:31.194 E/hq ( 1464): AdHelper:::onComplete:main
05-30 14:03:31.194 D/View ( 1464):
05-30 14:03:31.194 E/hq ( 1464): AdHelper:::adFinish: com.dangbei.launcher.home.callback.LauncherCallback$onAttach$1$1@1a202f
05-30 14:03:31.194 D/View ( 1464):
05-30 14:03:31.194 D/View ( 1464):
05-30 14:03:31.194 D/View ( 1464):
05-30 14:03:31.194 E/hq ( 1464): LauncherCallback:::onDetach
05-30 14:03:31.195 D/View ( 1464):
05-30 14:03:31.195 D/View ( 1464):
05-30 14:03:31.195 E/hq ( 1464): AdHelper:::handleFinishAd: true
05-30 14:03:31.195 D/View ( 1464):
05-30 14:03:31.195 D/View ( 1464):
05-30 14:03:31.196 D/View ( 1464):
05-30 14:03:31.196 D/View ( 1464):
05-30 14:03:31.196 D/View ( 1464):
05-30 14:03:31.199 E/hq ( 1464): 当小贝:::显示消息type=SIMPLE_TEXT ,data.isShowInCur=false ,delay=60000 ,message.mandatoryMessage=null , message=null
05-30 14:03:31.199 E/hq ( 1464): 当小贝:::当前显示了消息,不显示新消息
05-30 14:03:31.204 D/OsInitLaunch( 1464): send cache: launchAd, playAd, complete, null
05-30 14:03:31.209 D/View ( 1464):
05-30 14:03:31.210 D/View ( 1464):
05-30 14:03:31.210 D/View ( 1464):
05-30 14:03:31.211 I/ImeTracker( 1464): com.dangbei.leard.leradlauncher:c99a5327: onRequestHide at ORIGIN_CLIENT_HIDE_SOFT_INPUT reason HIDE_SOFT_INPUT
05-30 14:03:31.212 E/hq ( 1464): ErrorCoroutineExceptionHandler:::runTry error:java.net.UnknownHostException: Unable to resolve host "ottdbui-tyapiqun7.yysh.mgtv.com": No address associated with hostname from=requestMessageDialog
05-30 14:03:31.212 D/View ( 1464):
05-30 14:03:31.213 D/View ( 1464):
05-30 14:03:31.213 D/View ( 1464):
05-30 14:03:31.214 D/View ( 1464):
05-30 14:03:31.214 D/View ( 1464):
05-30 14:03:31.214 D/View ( 1464):
05-30 14:03:31.215 D/View ( 1464):
05-30 14:03:31.218 I/ImeTracker( 710): com.dangbei.leard.leradlauncher:c99a5327: onCancelled at PHASE_SERVER_SHOULD_HIDE
05-30 14:03:31.221 D/View ( 1464):
05-30 14:03:31.221 D/View ( 1464):
05-30 14:03:31.225 D/View ( 1464):
05-30 14:03:31.226 D/View ( 1464):
05-30 14:03:31.229 D/View ( 1464):
05-30 14:03:31.232 D/View ( 1464):
05-30 14:03:31.233 D/View ( 1464):
05-30 14:03:31.236 D/View ( 1464):
05-30 14:03:31.236 D/View ( 1464):
05-30 14:03:31.236 D/View ( 1464):
05-30 14:03:31.238 D/View ( 1464):
05-30 14:03:31.238 D/View ( 1464):
05-30 14:03:31.239 D/View ( 1464):
05-30 14:03:31.239 D/View ( 1464):
05-30 14:03:31.239 D/View ( 1464):
05-30 14:03:31.239 D/View ( 1464):
05-30 14:03:31.240 D/View ( 1464):
05-30 14:03:31.240 D/View ( 1464):
05-30 14:03:31.242 D/View ( 1464):
05-30 14:03:31.243 D/View ( 1464):
05-30 14:03:31.243 D/View ( 1464):
05-30 14:03:31.243 D/View ( 1464):
05-30 14:03:31.244 D/View ( 1464):
05-30 14:03:31.244 D/View ( 1464):
05-30 14:03:31.244 D/View ( 1464):
05-30 14:03:31.244 D/View ( 1464):
05-30 14:03:31.245 D/View ( 1464):
05-30 14:03:31.245 D/View ( 1464):
05-30 14:03:31.246 D/View ( 1464):
05-30 14:03:31.246 D/View ( 1464):
05-30 14:03:31.246 D/View ( 1464):
05-30 14:03:31.246 D/View ( 1464):
05-30 14:03:31.247 D/View ( 1464):
05-30 14:03:31.247 D/View ( 1464):
05-30 14:03:31.247 D/View ( 1464):
05-30 14:03:31.248 D/View ( 1464):
05-30 14:03:31.248 D/View ( 1464):
05-30 14:03:31.248 D/View ( 1464):
05-30 14:03:31.248 D/View ( 1464):
05-30 14:03:31.248 D/View ( 1464):
05-30 14:03:31.249 D/View ( 1464):
05-30 14:03:31.249 D/View ( 1464):
05-30 14:03:31.250 D/View ( 1464):
05-30 14:03:31.250 D/View ( 1464):
05-30 14:03:31.250 D/View ( 1464):
05-30 14:03:31.251 D/View ( 1464):
05-30 14:03:31.251 D/View ( 1464):
05-30 14:03:31.252 D/View ( 1464):
05-30 14:03:31.252 D/View ( 1464):
05-30 14:03:31.252 D/View ( 1464):
05-30 14:03:31.252 D/View ( 1464):
05-30 14:03:31.252 D/View ( 1464):
05-30 14:03:31.253 D/View ( 1464):
05-30 14:03:31.255 D/View ( 1464):
05-30 14:03:31.256 D/View ( 1464):
05-30 14:03:31.257 D/View ( 1464):
05-30 14:03:31.257 D/View ( 1464):
05-30 14:03:31.263 I/carui ( 1840): CarUi plugin is disabled
05-30 14:03:31.296 D/View ( 1464):
05-30 14:03:31.297 D/View ( 1464):
05-30 14:03:31.297 D/View ( 1464):
05-30 14:03:31.297 D/View ( 1464):
05-30 14:03:31.298 D/View ( 1464):
05-30 14:03:31.298 D/View ( 1464):
05-30 14:03:31.298 D/View ( 1464):
05-30 14:03:31.298 D/View ( 1464):
05-30 14:03:31.299 D/View ( 1464):
05-30 14:03:31.300 D/View ( 1464):
05-30 14:03:31.301 D/View ( 1464):
05-30 14:03:31.301 D/View ( 1464):
05-30 14:03:31.301 D/View ( 1464):
05-30 14:03:31.301 D/View ( 1464):
05-30 14:03:31.302 D/View ( 1464):
05-30 14:03:31.302 D/View ( 1464):
05-30 14:03:31.302 D/View ( 1464):
05-30 14:03:31.302 D/View ( 1464):
05-30 14:03:31.303 D/View ( 1464):
05-30 14:03:31.303 D/View ( 1464):
05-30 14:03:31.303 D/View ( 1464):
05-30 14:03:31.303 D/View ( 1464):
05-30 14:03:31.304 D/View ( 1464):
05-30 14:03:31.304 D/View ( 1464):
05-30 14:03:31.306 D/View ( 1464):
05-30 14:03:31.307 D/View ( 1464):
05-30 14:03:31.307 D/View ( 1464):
05-30 14:03:31.307 D/View ( 1464):
05-30 14:03:31.307 D/View ( 1464):
05-30 14:03:31.318 I/DefaultIMS( 1877): DefaultIMS::onCreate()
05-30 14:03:31.318 I/DefaultIMS( 1877): DefaultIMS::onCreate() finish
05-30 14:03:31.337 D/CompatibilityChangeReporter( 1877): Compat change id reported: 237531167; UID 10039; state: DISABLED
05-30 14:03:31.338 W/OpenGLRenderer( 1877): Unknown dataspace 0
05-30 14:03:31.346 W/WindowManager( 710): [addWindow] title:InputMethod
05-30 14:03:31.348 W/Role ( 1840): Cannot get ApplicationInfo for default holder: com.android.messaging
05-30 14:03:31.356 D/CoreBackPreview( 710): Window{e395cc1 u0 InputMethod}: Setting back callback OnBackInvokedCallbackInfo{mCallback=android.window.IOnBackInvokedCallback$Stub$Proxy@3ccf8f2, mPriority=0, mIsAnimationCallback=false}
05-30 14:03:31.369 D/CompatibilityChangeReporter( 710): Compat change id reported: 161145287; UID 10039; state: DISABLED
05-30 14:03:31.370 I/DefaultIMS( 1877): onInitializeInterface:
05-30 14:03:31.385 D/CompatibilityChangeReporter( 710): Compat change id reported: 135634846; UID 10016; state: DISABLED
05-30 14:03:31.385 D/CompatibilityChangeReporter( 710): Compat change id reported: 177438394; UID 10016; state: DISABLED
05-30 14:03:31.386 D/CompatibilityChangeReporter( 710): Compat change id reported: 135772972; UID 10016; state: DISABLED
05-30 14:03:31.386 D/CompatibilityChangeReporter( 710): Compat change id reported: 135754954; UID 10016; state: ENABLED
05-30 14:03:31.387 D/CompatibilityChangeReporter( 710): Compat change id reported: 143937733; UID 10016; state: ENABLED
05-30 14:03:31.401 D/Zygote ( 465): Forked child process 1923
05-30 14:03:31.402 I/ActivityManager( 710): Start proc 1923:com.android.providers.calendar/u0a16 for broadcast {com.android.providers.calendar/com.android.providers.calendar.CalendarReceiver}
05-30 14:03:31.411 I/Zygote ( 1923): seccomp disabled by setenforce 0
05-30 14:03:31.419 I/viders.calendar( 1923): Using CollectorTypeCC GC.
05-30 14:03:31.420 I/rainbow_flow( 601): type=1400 audit(0.0:817): avc: denied { ioctl } for path="/dev/spidev1.0" dev="tmpfs" ino=534 ioctlcmd=0x6b00 scontext=u:r:init:s0 tcontext=u:object_r:device:s0 tclass=chr_file permissive=1
05-30 14:03:31.429 E/viders.calendar( 1923): Not starting debugger since process cannot load the jdwp agent.
05-30 14:03:31.434 D/CompatibilityChangeReporter( 1840): Compat change id reported: 194532703; UID 10074; state: ENABLED
05-30 14:03:31.434 D/CompatibilityChangeReporter( 1840): Compat change id reported: 253665015; UID 10074; state: ENABLED
05-30 14:03:31.436 D/CompatibilityChangeReporter( 710): Compat change id reported: 253665015; UID 10074; state: ENABLED
05-30 14:03:31.437 D/CompatibilityChangeReporter( 710): Compat change id reported: 194532703; UID 10074; state: ENABLED
05-30 14:03:31.440 D/CompatibilityChangeReporter( 710): Compat change id reported: 168419799; UID 10016; state: DISABLED
05-30 14:03:31.440 D/CompatibilityChangeReporter( 710): Compat change id reported: 273564678; UID 10016; state: DISABLED
05-30 14:03:31.446 D/CompatibilityChangeReporter( 710): Compat change id reported: 265195908; UID 10016; state: ENABLED
05-30 14:03:31.452 I/UsbFfs-monitor( 1395): type=1400 audit(0.0:818): avc: denied { use } for path="anon_inode:[eventfd]" dev="anon_inodefs" ino=10217 scontext=u:r:su:s0 tcontext=u:r:adbd:s0 tclass=fd permissive=1
05-30 14:03:31.456 I/adbd ( 1395): type=1400 audit(0.0:819): avc: denied { write } for path="socket:[29612]" dev="sockfs" ino=29612 scontext=u:r:su:s0 tcontext=u:r:adbd:s0 tclass=unix_stream_socket permissive=1
05-30 14:03:31.456 I/adbd ( 1395): type=1400 audit(0.0:820): avc: denied { read } for path="socket:[29613]" dev="sockfs" ino=29613 scontext=u:r:su:s0 tcontext=u:r:adbd:s0 tclass=unix_stream_socket permissive=1
05-30 14:03:31.451 I/InputModelManager( 1877): mLanguageId+0 mInputType=0mChInputType=2
05-30 14:03:31.452 I/nw ( 1877): loadKeyData: loadLanguageInfoSuccess ? true
05-30 14:03:31.452 I/InputModelManager( 1877): getCurrentLanguageBean inputMode languageId:0
05-30 14:03:31.452 I/nw ( 1877): onChanged: languageResStatusBean=Language load status:
05-30 14:03:31.452 I/nw ( 1877): {}
05-30 14:03:31.452 D/CompatibilityChangeReporter( 1923): Compat change id reported: 171979766; UID 10016; state: ENABLED
05-30 14:03:31.453 D/CompatibilityChangeReporter( 1923): Compat change id reported: 242716250; UID 10016; state: ENABLED
05-30 14:03:31.458 D/xm_audio( 477): socket_thread start
05-30 14:03:31.464 I/InputModelManager( 1877): getCurrentLanguageBean inputMode languageId:0
05-30 14:03:31.475 I/LanguageResManager( 1877): prepareResource onSuccess:
05-30 14:03:31.476 I/LanguageResManager( 1877): prepareResource onSuccess:
05-30 14:03:31.478 D/InputSurface( 1877): initView:
05-30 14:03:31.478 I/MainPresenter( 1877): initView:
05-30 14:03:31.479 D/MainLayer( 1877): initView:
05-30 14:03:31.479 D/BodyAreaPresenter( 1877): initView:
05-30 14:03:31.487 D/xm_audio( 477): create socket g_is_running4
05-30 14:03:31.487 D/xm_audio( 477): create socket g_is_running5
05-30 14:03:31.487 E/xm_audio( 477): socket connect fail fd
05-30 14:03:31.487 E/xm_audio( 477): Error no: 111,Connection refused
05-30 14:03:31.487 E/xm_audio( 477): close cret:0
05-30 14:03:31.490 D/BufferPoolAccessor2.0( 710): bufferpool2 0xba74ed88 : 0(0 size) total buffers - 0(0 size) used buffers - 0/7 (recycle/alloc) - 6/18 (fetch/transfer)
05-30 14:03:31.490 D/BufferPoolAccessor2.0( 710): evictor expired: 1, evicted: 1
05-30 14:03:31.491 D/CompatibilityChangeReporter( 710): Compat change id reported: 170503758; UID 10016; state: ENABLED
05-30 14:03:31.492 D/BufferPoolAccessor2.0( 639): bufferpool2 0xe99405c8 : 0(0 size) total buffers - 0(0 size) used buffers - 4/7 (recycle/alloc) - 3/6 (fetch/transfer)
05-30 14:03:31.492 D/BufferPoolAccessor2.0( 639): evictor expired: 1, evicted: 1
05-30 14:03:31.511 I/DefaultIMS( 1877): DefaultIMS::onInitializeInterface() finish
05-30 14:03:31.514 D/CompatibilityChangeReporter( 1877): Compat change id reported: 160794467; UID 10039; state: DISABLED
05-30 14:03:31.512 I//apex/com.android.adbd/bin/adbd( 1395): type=1400 audit(0.0:821): avc: denied { dac_read_search } for comm=75736220666673206F70656E capability=2 scontext=u:r:su:s0 tcontext=u:r:su:s0 tclass=capability permissive=1
05-30 14:03:31.518 I/MediaProvider( 1439): Scanned external_primary due to REASON_MOUNTED, found 46 items in 498ms, 0 inserts 6 updates 0 deletes
05-30 14:03:31.522 I/DefaultIMS( 1877): onStartInput attribute=android.view.inputmethod.EditorInfo@ea8b541 restarting=false inputType: 0
05-30 14:03:31.522 I/MediaProvider( 1439): End Intent { act=com.android.providers.media.action.SCAN_VOLUME (has extras) }
05-30 14:03:31.524 I/MediaProvider( 1439): Begin Intent { act=android.intent.action.MEDIA_MOUNTED dat=file:///... flg=0x5000010 cmp=com.android.providers.media.module/com.android.providers.media.MediaService (has extras) }
05-30 14:03:31.524 I/MediaProvider( 1439): Volume MediaVolume name: [external_primary] id: [emulated;0] user: [UserHandle{0}] path: [/storage/emulated/0] externallyManaged: [false] mPublicVolume: [false] already attached
05-30 14:03:31.524 I/MediaProvider( 1439): End Intent { act=android.intent.action.MEDIA_MOUNTED dat=file:///... flg=0x5000010 cmp=com.android.providers.media.module/com.android.providers.media.MediaService (has extras) }
05-30 14:03:31.526 I/nw ( 1877): onChanged: languageResStatusBean=Language load status:
05-30 14:03:31.526 I/nw ( 1877): {zh=3}
05-30 14:03:31.526 I/DefaultIMS( 1877): initializedCallback: time tag1=1748585011526
05-30 14:03:31.526 I/nw ( 1877): initializeInputSession: inputMode=languageID=0
05-30 14:03:31.526 I/nw ( 1877): scriptID=2
05-30 14:03:31.526 I/nw ( 1877): layoutID=2
05-30 14:03:31.527 I/KeyEventTransfer( 1877): languageID=0
05-30 14:03:31.527 I/KeyEventTransfer( 1877): scriptID=2
05-30 14:03:31.527 I/KeyEventTransfer( 1877): layoutID=2
05-30 14:03:31.544 I/HibernationPolicy( 1840): scheduleHibernationJob with frequency 1296000000ms and threshold 7776000000ms
05-30 14:03:31.568 E/hq ( 1464): ErrorCoroutineExceptionHandler:::runTry error:java.net.UnknownHostException: Unable to resolve host "ottdbui-tyapiqun7.yysh.mgtv.com": No address associated with hostname from=requestUserAgreement
05-30 14:03:31.572 E/UserProtocolInterceptorImpl( 1464): isAgree: 20210615 20210615 true
