05-30 17:32:58.718 I/WifiHAL ( 520): call wifi_get_link_stats handler
05-30 17:32:58.718 I/WifiHAL ( 520): Creating message to get link statistics; iface = 16
05-30 17:32:58.718 D/WifiHAL ( 520): error code -95 mapped to -3
05-30 17:32:58.718 E/WifiStaIfaceAidlImpl( 710): getLinkLayerStats failed with service-specific exception: android.os.ServiceSpecificException: (code 4)
05-30 17:32:59.154 I/ThermalService( 976): CPU temperatures: [50.2]
05-30 17:33:00.684 D/OomAdjuster( 710): Not killing cached processes
05-30 17:33:01.156 I/ThermalService( 976): CPU temperatures: [50.100002]
05-30 17:33:01.725 I/WifiHAL ( 520): call wifi_get_link_stats handler
05-30 17:33:01.725 I/WifiHAL ( 520): Creating message to get link statistics; iface = 16
05-30 17:33:01.726 D/WifiHAL ( 520): error code -95 mapped to -3
05-30 17:33:01.726 E/WifiStaIfaceAidlImpl( 710): getLinkLayerStats failed with service-specific exception: android.os.ServiceSpecificException: (code 4)
05-30 17:33:03.159 I/ThermalService( 976): CPU temperatures: [50.000004]
05-30 17:33:04.730 I/WifiHAL ( 520): call wifi_get_link_stats handler
05-30 17:33:04.730 I/WifiHAL ( 520): Creating message to get link statistics; iface = 16
05-30 17:33:04.730 D/WifiHAL ( 520): error code -95 mapped to -3
05-30 17:33:04.730 E/WifiStaIfaceAidlImpl( 710): getLinkLayerStats failed with service-specific exception: android.os.ServiceSpecificException: (code 4)
05-30 17:33:05.162 I/ThermalService( 976): CPU temperatures: [50.000004]
05-30 17:33:06.137 D/nStackXCoAP( 2858): IsInSameNetwork:[276] :IsInSameNetwork exec
05-30 17:33:06.137 I/nStackXDFinder( 2858): GetLocalInterfaceDetail:[461] :GetLocalInterfaceDetail in
05-30 17:33:06.137 E/nStackXCoAP( 2858): IsInSameNetwork:[281] :IsInSameNetwork: not priority process
05-30 17:33:06.137 D/nStackXCoAP( 2858): ParseServiceDiscover:[330] :new device join
05-30 17:33:06.137 I/nStackXDFinder( 2858): NotifyDeviceListChanged:[540] :notify callback: device list changed callback is null
05-30 17:33:06.137 E/nStackXDFinder( 2858): GetLocalIp:[401] :GetLocalIp exec
05-30 17:33:06.215 D/nStackXCoAP( 2858): CoapMessageHandler:[133] :2.01
05-30 17:33:06.251 D/nStackXCoAP( 2858): IsInSameNetwork:[276] :IsInSameNetwork exec
05-30 17:33:06.251 I/nStackXDFinder( 2858): GetLocalInterfaceDetail:[461] :GetLocalInterfaceDetail in
05-30 17:33:06.251 E/nStackXCoAP( 2858): IsInSameNetwork:[281] :IsInSameNetwork: not priority process
05-30 17:33:06.251 D/nStackXCoAP( 2858): ParseServiceDiscover:[330] :new device join
05-30 17:33:06.252 E/nStackXDFinder( 2858): GetLocalIp:[401] :GetLocalIp exec
05-30 17:33:06.285 D/nStackXCoAP( 2858): CoapMessageHandler:[133] :2.01
05-30 17:33:06.543 D/nStackXCoAP( 2858): IsInSameNetwork:[276] :IsInSameNetwork exec
05-30 17:33:06.543 I/nStackXDFinder( 2858): GetLocalInterfaceDetail:[461] :GetLocalInterfaceDetail in
05-30 17:33:06.543 E/nStackXCoAP( 2858): IsInSameNetwork:[281] :IsInSameNetwork: not priority process
05-30 17:33:06.543 D/nStackXCoAP( 2858): ParseServiceDiscover:[330] :new device join
05-30 17:33:06.543 E/nStackXDFinder( 2858): GetLocalIp:[401] :GetLocalIp exec
05-30 17:33:06.595 D/nStackXCoAP( 2858): CoapMessageHandler:[133] :2.01
05-30 17:33:06.828 D/nStackXCoAP( 2858): IsInSameNetwork:[276] :IsInSameNetwork exec
05-30 17:33:06.828 I/nStackXDFinder( 2858): GetLocalInterfaceDetail:[461] :GetLocalInterfaceDetail in
05-30 17:33:06.828 E/nStackXCoAP( 2858): IsInSameNetwork:[281] :IsInSameNetwork: not priority process
05-30 17:33:06.828 D/nStackXCoAP( 2858): ParseServiceDiscover:[330] :new device join
05-30 17:33:06.828 E/nStackXDFinder( 2858): GetLocalIp:[401] :GetLocalIp exec
05-30 17:33:06.956 D/nStackXCoAP( 2858): IsInSameNetwork:[276] :IsInSameNetwork exec
05-30 17:33:06.956 I/nStackXDFinder( 2858): GetLocalInterfaceDetail:[461] :GetLocalInterfaceDetail in
05-30 17:33:06.956 E/nStackXCoAP( 2858): IsInSameNetwork:[281] :IsInSameNetwork: not priority process
05-30 17:33:06.956 D/nStackXCoAP( 2858): ParseServiceDiscover:[330] :new device join
05-30 17:33:06.956 E/nStackXDFinder( 2858): GetLocalIp:[401] :GetLocalIp exec
05-30 17:33:07.003 D/nStackXCoAP( 2858): CoapMessageHandler:[133] :2.01
05-30 17:33:07.007 D/TrafficStats( 2757): tagSocket(221) with statsTag=0xffffffff, statsUid=-1
05-30 17:33:07.118 D/nStackXCoAP( 2858): IsInSameNetwork:[276] :IsInSameNetwork exec
05-30 17:33:07.118 I/nStackXDFinder( 2858): GetLocalInterfaceDetail:[461] :GetLocalInterfaceDetail in
05-30 17:33:07.118 E/nStackXCoAP( 2858): IsInSameNetwork:[281] :IsInSameNetwork: not priority process
05-30 17:33:07.118 D/nStackXCoAP( 2858): ParseServiceDiscover:[330] :new device join
05-30 17:33:07.118 E/nStackXDFinder( 2858): GetLocalIp:[401] :GetLocalIp exec
05-30 17:33:07.166 I/ThermalService( 976): CPU temperatures: [50.2]
05-30 17:33:07.196 D/nStackXCoAP( 2858): CoapMessageHandler:[133] :2.01
05-30 17:33:07.241 D/nStackXCoAP( 2858): CoapMessageHandler:[133] :2.01
05-30 17:33:07.409 D/nStackXCoAP( 2858): IsInSameNetwork:[276] :IsInSameNetwork exec
05-30 17:33:07.409 I/nStackXDFinder( 2858): GetLocalInterfaceDetail:[461] :GetLocalInterfaceDetail in
05-30 17:33:07.409 E/nStackXCoAP( 2858): IsInSameNetwork:[281] :IsInSameNetwork: not priority process
05-30 17:33:07.409 D/nStackXCoAP( 2858): ParseServiceDiscover:[330] :new device join
05-30 17:33:07.410 E/nStackXDFinder( 2858): GetLocalIp:[401] :GetLocalIp exec
05-30 17:33:07.418 D/nStackXCoAP( 2858): CoapMessageHandler:[133] :2.01
05-30 17:33:07.700 D/nStackXCoAP( 2858): IsInSameNetwork:[276] :IsInSameNetwork exec
05-30 17:33:07.700 I/nStackXDFinder( 2858): GetLocalInterfaceDetail:[461] :GetLocalInterfaceDetail in
05-30 17:33:07.700 E/nStackXCoAP( 2858): IsInSameNetwork:[281] :IsInSameNetwork: not priority process
05-30 17:33:07.700 D/nStackXCoAP( 2858): ParseServiceDiscover:[330] :new device join
05-30 17:33:07.700 E/nStackXDFinder( 2858): GetLocalIp:[401] :GetLocalIp exec
05-30 17:33:07.737 I/WifiHAL ( 520): call wifi_get_link_stats handler
05-30 17:33:07.737 I/WifiHAL ( 520): Creating message to get link statistics; iface = 16
05-30 17:33:07.738 D/WifiHAL ( 520): error code -95 mapped to -3
05-30 17:33:07.738 E/WifiStaIfaceAidlImpl( 710): getLinkLayerStats failed with service-specific exception: android.os.ServiceSpecificException: (code 4)
05-30 17:33:07.746 D/InstantWifi( 710): Receive Wifi is connected, freq = 5745 and currentNetworkId : 0, wifiinfo = SSID: , BSSID: 02:00:00:00:00:00, MAC: 02:00:00:00:00:00, IP: /192.168.3.222, Security type: 2, Supplicant state: COMPLETED, Wi-Fi standard: 6, RSSI: -55, Link speed: 1200Mbps, Tx Link speed: 1200Mbps, Max Supported Tx Link speed: 1200Mbps, Rx Link speed: 6Mbps, Max Supported Rx Link speed: 1200Mbps, Frequency: 5745MHz, Net ID: -1, Metered hint: false, score: 60, isUsable: true, CarrierMerged: false, SubscriptionId: -1, IsPrimary: 1, Trusted: true, Restricted: false, Ephemeral: false, OEM paid: false, OEM private: false, OSU AP: false, FQDN: , Provider friendly name: , Requesting package name: MLO Information: , Is TID-To-Link negotiation supported by the AP: false, AP MLD Address: , AP MLO Link Id: , AP MLO Affiliated links:
05-30 17:33:07.781 D/nStackXCoAP( 2858): IsInSameNetwork:[276] :IsInSameNetwork exec
05-30 17:33:07.781 I/nStackXDFinder( 2858): GetLocalInterfaceDetail:[461] :GetLocalInterfaceDetail in
05-30 17:33:07.781 E/nStackXCoAP( 2858): IsInSameNetwork:[281] :IsInSameNetwork: not priority process
05-30 17:33:07.781 D/nStackXCoAP( 2858): ParseServiceDiscover:[330] :new device join
05-30 17:33:07.781 E/nStackXDFinder( 2858): GetLocalIp:[401] :GetLocalIp exec
05-30 17:33:07.823 D/nStackXCoAP( 2858): CoapMessageHandler:[133] :2.01
05-30 17:33:07.824 D/nStackXCoAP( 2858): CoapMessageHandler:[133] :2.01
05-30 17:33:08.080 D/nStackXCoAP( 2858): IsInSameNetwork:[276] :IsInSameNetwork exec
05-30 17:33:08.080 I/nStackXDFinder( 2858): GetLocalInterfaceDetail:[461] :GetLocalInterfaceDetail in
05-30 17:33:08.080 E/nStackXCoAP( 2858): IsInSameNetwork:[281] :IsInSameNetwork: not priority process
05-30 17:33:08.080 D/nStackXCoAP( 2858): ParseServiceDiscover:[330] :new device join
05-30 17:33:08.080 E/nStackXDFinder( 2858): GetLocalIp:[401] :GetLocalIp exec
05-30 17:33:08.320 D/nStackXCoAP( 2858): IsInSameNetwork:[276] :IsInSameNetwork exec
05-30 17:33:08.320 I/nStackXDFinder( 2858): GetLocalInterfaceDetail:[461] :GetLocalInterfaceDetail in
05-30 17:33:08.320 E/nStackXCoAP( 2858): IsInSameNetwork:[281] :IsInSameNetwork: not priority process
05-30 17:33:08.320 D/nStackXCoAP( 2858): ParseServiceDiscover:[330] :new device join
05-30 17:33:08.320 E/nStackXDFinder( 2858): GetLocalIp:[401] :GetLocalIp exec
05-30 17:33:08.340 D/nStackXCoAP( 2858): CoapMessageHandler:[133] :2.01
05-30 17:33:08.341 D/nStackXCoAP( 2858): CoapMessageHandler:[133] :2.01
05-30 17:33:08.485 D/nStackXCoAP( 2858): IsInSameNetwork:[276] :IsInSameNetwork exec
05-30 17:33:08.486 I/nStackXDFinder( 2858): GetLocalInterfaceDetail:[461] :GetLocalInterfaceDetail in
05-30 17:33:08.486 E/nStackXCoAP( 2858): IsInSameNetwork:[281] :IsInSameNetwork: not priority process
05-30 17:33:08.486 D/nStackXCoAP( 2858): ParseServiceDiscover:[330] :new device join
05-30 17:33:08.486 E/nStackXDFinder( 2858): GetLocalIp:[401] :GetLocalIp exec
05-30 17:33:08.572 D/nStackXCoAP( 2858): CoapMessageHandler:[133] :2.01
05-30 17:33:08.603 D/nStackXCoAP( 2858): IsInSameNetwork:[276] :IsInSameNetwork exec
05-30 17:33:08.603 I/nStackXDFinder( 2858): GetLocalInterfaceDetail:[461] :GetLocalInterfaceDetail in
05-30 17:33:08.603 E/nStackXCoAP( 2858): IsInSameNetwork:[281] :IsInSameNetwork: not priority process
05-30 17:33:08.603 D/nStackXCoAP( 2858): ParseServiceDiscover:[330] :new device join
05-30 17:33:08.603 E/nStackXDFinder( 2858): GetLocalIp:[401] :GetLocalIp exec
05-30 17:33:08.623 D/nStackXCoAP( 2858): CoapMessageHandler:[133] :2.01
05-30 17:33:08.791 D/nStackXCoAP( 2858): IsInSameNetwork:[276] :IsInSameNetwork exec
05-30 17:33:08.791 I/nStackXDFinder( 2858): GetLocalInterfaceDetail:[461] :GetLocalInterfaceDetail in
05-30 17:33:08.791 E/nStackXCoAP( 2858): IsInSameNetwork:[281] :IsInSameNetwork: not priority process
05-30 17:33:08.791 D/nStackXCoAP( 2858): ParseServiceDiscover:[330] :new device join
05-30 17:33:08.791 E/nStackXDFinder( 2858): GetLocalIp:[401] :GetLocalIp exec
05-30 17:33:09.068 D/nStackXCoAP( 2858): CoapMessageHandler:[133] :2.01
05-30 17:33:09.150 D/nStackXCoAP( 2858): IsInSameNetwork:[276] :IsInSameNetwork exec
05-30 17:33:09.150 I/nStackXDFinder( 2858): GetLocalInterfaceDetail:[461] :GetLocalInterfaceDetail in
05-30 17:33:09.150 E/nStackXCoAP( 2858): IsInSameNetwork:[281] :IsInSameNetwork: not priority process
05-30 17:33:09.150 D/nStackXCoAP( 2858): ParseServiceDiscover:[330] :new device join
05-30 17:33:09.150 E/nStackXDFinder( 2858): GetLocalIp:[401] :GetLocalIp exec
05-30 17:33:09.155 D/nStackXCoAP( 2858): IsInSameNetwork:[276] :IsInSameNetwork exec
05-30 17:33:09.155 I/nStackXDFinder( 2858): GetLocalInterfaceDetail:[461] :GetLocalInterfaceDetail in
05-30 17:33:09.155 E/nStackXCoAP( 2858): IsInSameNetwork:[281] :IsInSameNetwork: not priority process
05-30 17:33:09.155 D/nStackXCoAP( 2858): ParseServiceDiscover:[330] :new device join
05-30 17:33:09.155 E/nStackXDFinder( 2858): GetLocalIp:[401] :GetLocalIp exec
05-30 17:33:09.161 D/nStackXCoAP( 2858): CoapMessageHandler:[133] :2.01
05-30 17:33:09.169 I/ThermalService( 976): CPU temperatures: [50.2]
05-30 17:33:09.176 D/nStackXCoAP( 2858): CoapMessageHandler:[133] :2.01
05-30 17:33:09.200 D/nStackXCoAP( 2858): IsInSameNetwork:[276] :IsInSameNetwork exec
05-30 17:33:09.200 I/nStackXDFinder( 2858): GetLocalInterfaceDetail:[461] :GetLocalInterfaceDetail in
05-30 17:33:09.200 E/nStackXCoAP( 2858): IsInSameNetwork:[281] :IsInSameNetwork: not priority process
05-30 17:33:09.200 D/nStackXCoAP( 2858): ParseServiceDiscover:[330] :new device join
05-30 17:33:09.200 E/nStackXDFinder( 2858): GetLocalIp:[401] :GetLocalIp exec
05-30 17:33:09.428 D/TrafficStats( 2757): tagSocket(221) with statsTag=0xffffffff, statsUid=-1
05-30 17:33:09.438 D/nStackXCoAP( 2858): CoapMessageHandler:[133] :2.01
05-30 17:33:09.525 D/nStackXCoAP( 2858): IsInSameNetwork:[276] :IsInSameNetwork exec
05-30 17:33:09.525 I/nStackXDFinder( 2858): GetLocalInterfaceDetail:[461] :GetLocalInterfaceDetail in
05-30 17:33:09.525 E/nStackXCoAP( 2858): IsInSameNetwork:[281] :IsInSameNetwork: not priority process
05-30 17:33:09.525 D/nStackXCoAP( 2858): ParseServiceDiscover:[330] :new device join
05-30 17:33:09.525 E/nStackXDFinder( 2858): GetLocalIp:[401] :GetLocalIp exec
05-30 17:33:09.595 D/nStackXCoAP( 2858): CoapMessageHandler:[133] :2.01
05-30 17:33:09.609 D/nStackXCoAP( 2858): IsInSameNetwork:[276] :IsInSameNetwork exec
05-30 17:33:09.609 I/nStackXDFinder( 2858): GetLocalInterfaceDetail:[461] :GetLocalInterfaceDetail in
05-30 17:33:09.609 E/nStackXCoAP( 2858): IsInSameNetwork:[281] :IsInSameNetwork: not priority process
05-30 17:33:09.609 D/nStackXCoAP( 2858): ParseServiceDiscover:[330] :new device join
05-30 17:33:09.609 E/nStackXDFinder( 2858): GetLocalIp:[401] :GetLocalIp exec
05-30 17:33:09.627 D/nStackXCoAP( 2858): CoapMessageHandler:[133] :2.01
05-30 17:33:09.735 D/nStackXCoAP( 2858): IsInSameNetwork:[276] :IsInSameNetwork exec
05-30 17:33:09.735 I/nStackXDFinder( 2858): GetLocalInterfaceDetail:[461] :GetLocalInterfaceDetail in
05-30 17:33:09.735 E/nStackXCoAP( 2858): IsInSameNetwork:[281] :IsInSameNetwork: not priority process
05-30 17:33:09.735 D/nStackXCoAP( 2858): ParseServiceDiscover:[330] :new device join
05-30 17:33:09.735 E/nStackXDFinder( 2858): GetLocalIp:[401] :GetLocalIp exec
05-30 17:33:09.766 D/nStackXCoAP( 2858): CoapMessageHandler:[133] :2.01
05-30 17:33:09.920 D/nStackXCoAP( 2858): IsInSameNetwork:[276] :IsInSameNetwork exec
05-30 17:33:09.921 I/nStackXDFinder( 2858): GetLocalInterfaceDetail:[461] :GetLocalInterfaceDetail in
05-30 17:33:09.921 E/nStackXCoAP( 2858): IsInSameNetwork:[281] :IsInSameNetwork: not priority process
05-30 17:33:09.921 D/nStackXCoAP( 2858): ParseServiceDiscover:[330] :new device join
05-30 17:33:09.921 E/nStackXDFinder( 2858): GetLocalIp:[401] :GetLocalIp exec
05-30 17:33:09.979 D/nStackXCoAP( 2858): CoapMessageHandler:[133] :2.01
05-30 17:33:10.030 D/nStackXCoAP( 2858): IsInSameNetwork:[276] :IsInSameNetwork exec
05-30 17:33:10.030 I/nStackXDFinder( 2858): GetLocalInterfaceDetail:[461] :GetLocalInterfaceDetail in
05-30 17:33:10.030 E/nStackXCoAP( 2858): IsInSameNetwork:[281] :IsInSameNetwork: not priority process
05-30 17:33:10.030 D/nStackXCoAP( 2858): ParseServiceDiscover:[330] :new device join
05-30 17:33:10.030 E/nStackXDFinder( 2858): GetLocalIp:[401] :GetLocalIp exec
05-30 17:33:10.084 D/nStackXCoAP( 2858): CoapMessageHandler:[133] :2.01
05-30 17:33:10.132 D/nStackXCoAP( 2858): IsInSameNetwork:[276] :IsInSameNetwork exec
05-30 17:33:10.132 I/nStackXDFinder( 2858): GetLocalInterfaceDetail:[461] :GetLocalInterfaceDetail in
05-30 17:33:10.132 E/nStackXCoAP( 2858): IsInSameNetwork:[281] :IsInSameNetwork: not priority process
05-30 17:33:10.132 D/nStackXCoAP( 2858): ParseServiceDiscover:[330] :new device join
05-30 17:33:10.132 E/nStackXDFinder( 2858): GetLocalIp:[401] :GetLocalIp exec
05-30 17:33:10.159 D/nStackXCoAP( 2858): CoapMessageHandler:[133] :2.01
05-30 17:33:10.326 D/nStackXCoAP( 2858): IsInSameNetwork:[276] :IsInSameNetwork exec
05-30 17:33:10.326 I/nStackXDFinder( 2858): GetLocalInterfaceDetail:[461] :GetLocalInterfaceDetail in
05-30 17:33:10.326 E/nStackXCoAP( 2858): IsInSameNetwork:[281] :IsInSameNetwork: not priority process
05-30 17:33:10.326 D/nStackXCoAP( 2858): ParseServiceDiscover:[330] :new device join
05-30 17:33:10.326 E/nStackXDFinder( 2858): GetLocalIp:[401] :GetLocalIp exec
05-30 17:33:10.377 D/nStackXCoAP( 2858): CoapMessageHandler:[133] :2.01
05-30 17:33:10.432 D/nStackXCoAP( 2858): IsInSameNetwork:[276] :IsInSameNetwork exec
05-30 17:33:10.432 I/nStackXDFinder( 2858): GetLocalInterfaceDetail:[461] :GetLocalInterfaceDetail in
05-30 17:33:10.432 E/nStackXCoAP( 2858): IsInSameNetwork:[281] :IsInSameNetwork: not priority process
05-30 17:33:10.432 D/nStackXCoAP( 2858): ParseServiceDiscover:[330] :new device join
05-30 17:33:10.432 E/nStackXDFinder( 2858): GetLocalIp:[401] :GetLocalIp exec
05-30 17:33:10.449 D/nStackXCoAP( 2858): CoapMessageHandler:[133] :2.01
05-30 17:33:10.553 D/nStackXCoAP( 2858): IsInSameNetwork:[276] :IsInSameNetwork exec
05-30 17:33:10.553 I/nStackXDFinder( 2858): GetLocalInterfaceDetail:[461] :GetLocalInterfaceDetail in
05-30 17:33:10.553 E/nStackXCoAP( 2858): IsInSameNetwork:[281] :IsInSameNetwork: not priority process
05-30 17:33:10.553 D/nStackXCoAP( 2858): ParseServiceDiscover:[330] :new device join
05-30 17:33:10.553 E/nStackXDFinder( 2858): GetLocalIp:[401] :GetLocalIp exec
05-30 17:33:10.596 D/nStackXCoAP( 2858): CoapMessageHandler:[133] :2.01
05-30 17:33:10.741 D/nStackXCoAP( 2858): IsInSameNetwork:[276] :IsInSameNetwork exec
05-30 17:33:10.741 I/nStackXDFinder( 2858): GetLocalInterfaceDetail:[461] :GetLocalInterfaceDetail in
05-30 17:33:10.741 E/nStackXCoAP( 2858): IsInSameNetwork:[281] :IsInSameNetwork: not priority process
05-30 17:33:10.741 D/nStackXCoAP( 2858): ParseServiceDiscover:[330] :new device join
05-30 17:33:10.741 E/nStackXDFinder( 2858): GetLocalIp:[401] :GetLocalIp exec
05-30 17:33:10.744 I/WifiHAL ( 520): call wifi_get_link_stats handler
05-30 17:33:10.744 I/WifiHAL ( 520): Creating message to get link statistics; iface = 16
05-30 17:33:10.744 D/WifiHAL ( 520): error code -95 mapped to -3
05-30 17:33:10.745 E/WifiStaIfaceAidlImpl( 710): getLinkLayerStats failed with service-specific exception: android.os.ServiceSpecificException: (code 4)
05-30 17:33:10.755 D/InstantWifi( 710): Receive Wifi is connected, freq = 5745 and currentNetworkId : 0, wifiinfo = SSID: , BSSID: 02:00:00:00:00:00, MAC: 02:00:00:00:00:00, IP: /192.168.3.222, Security type: 2, Supplicant state: COMPLETED, Wi-Fi standard: 6, RSSI: -56, Link speed: 1200Mbps, Tx Link speed: 1200Mbps, Max Supported Tx Link speed: 1200Mbps, Rx Link speed: 6Mbps, Max Supported Rx Link speed: 1200Mbps, Frequency: 5745MHz, Net ID: -1, Metered hint: false, score: 60, isUsable: true, CarrierMerged: false, SubscriptionId: -1, IsPrimary: 1, Trusted: true, Restricted: false, Ephemeral: false, OEM paid: false, OEM private: false, OSU AP: false, FQDN: , Provider friendly name: , Requesting package name: MLO Information: , Is TID-To-Link negotiation supported by the AP: false, AP MLD Address: , AP MLO Link Id: , AP MLO Affiliated links:
05-30 17:33:10.825 D/nStackXCoAP( 2858): CoapMessageHandler:[133] :2.01
05-30 17:33:10.852 D/nStackXCoAP( 2858): IsInSameNetwork:[276] :IsInSameNetwork exec
05-30 17:33:10.852 I/nStackXDFinder( 2858): GetLocalInterfaceDetail:[461] :GetLocalInterfaceDetail in
05-30 17:33:10.852 E/nStackXCoAP( 2858): IsInSameNetwork:[281] :IsInSameNetwork: not priority process
05-30 17:33:10.852 D/nStackXCoAP( 2858): ParseServiceDiscover:[330] :new device join
05-30 17:33:10.852 E/nStackXDFinder( 2858): GetLocalIp:[401] :GetLocalIp exec
05-30 17:33:11.079 D/nStackXCoAP( 2858): IsInSameNetwork:[276] :IsInSameNetwork exec
05-30 17:33:11.079 I/nStackXDFinder( 2858): GetLocalInterfaceDetail:[461] :GetLocalInterfaceDetail in
05-30 17:33:11.079 E/nStackXCoAP( 2858): IsInSameNetwork:[281] :IsInSameNetwork: not priority process
05-30 17:33:11.079 D/nStackXCoAP( 2858): ParseServiceDiscover:[330] :new device join
05-30 17:33:11.079 E/nStackXDFinder( 2858): GetLocalIp:[401] :GetLocalIp exec
05-30 17:33:11.172 I/ThermalService( 976): CPU temperatures: [50.100002]
05-30 17:33:11.202 D/nStackXCoAP( 2858): CoapMessageHandler:[133] :2.01
05-30 17:33:11.215 D/nStackXCoAP( 2858): CoapMessageHandler:[133] :2.01
05-30 17:33:13.174 I/ThermalService( 976): CPU temperatures: [50.100002]
05-30 17:33:13.754 I/WifiHAL ( 520): call wifi_get_link_stats handler
05-30 17:33:13.754 I/WifiHAL ( 520): Creating message to get link statistics; iface = 16
05-30 17:33:13.754 D/WifiHAL ( 520): error code -95 mapped to -3
05-30 17:33:13.754 E/WifiStaIfaceAidlImpl( 710): getLinkLayerStats failed with service-specific exception: android.os.ServiceSpecificException: (code 4)
05-30 17:33:15.178 I/ThermalService( 976): CPU temperatures: [50.000004]
05-30 17:33:16.761 I/WifiHAL ( 520): call wifi_get_link_stats handler
05-30 17:33:16.761 I/WifiHAL ( 520): Creating message to get link statistics; iface = 16
05-30 17:33:16.761 D/WifiHAL ( 520): error code -95 mapped to -3
05-30 17:33:16.762 E/WifiStaIfaceAidlImpl( 710): getLinkLayerStats failed with service-specific exception: android.os.ServiceSpecificException: (code 4)
05-30 17:33:17.181 I/ThermalService( 976): CPU temperatures: [50.000004]
05-30 17:33:19.183 I/ThermalService( 976): CPU temperatures: [49.9]
05-30 17:33:19.768 I/WifiHAL ( 520): call wifi_get_link_stats handler
05-30 17:33:19.768 I/WifiHAL ( 520): Creating message to get link statistics; iface = 16
05-30 17:33:19.769 D/WifiHAL ( 520): error code -95 mapped to -3
05-30 17:33:19.769 E/WifiStaIfaceAidlImpl( 710): getLinkLayerStats failed with service-specific exception: android.os.ServiceSpecificException: (code 4)
05-30 17:33:21.186 I/ThermalService( 976): CPU temperatures: [50.000004]
05-30 17:33:22.773 I/WifiHAL ( 520): call wifi_get_link_stats handler
05-30 17:33:22.774 I/WifiHAL ( 520): Creating message to get link statistics; iface = 16
05-30 17:33:22.774 D/WifiHAL ( 520): error code -95 mapped to -3
05-30 17:33:22.774 E/WifiStaIfaceAidlImpl( 710): getLinkLayerStats failed with service-specific exception: android.os.ServiceSpecificException: (code 4)
05-30 17:33:23.189 I/ThermalService( 976): CPU temperatures: [50.000004]
05-30 17:33:24.718 I/WifiService( 710): startScan uid=1000
05-30 17:33:24.721 E/ccc ( 2556): cccccc i will start scan
05-30 17:33:24.730 D/InstantWifi( 710): Drop, size: 1
05-30 17:33:25.192 I/ThermalService( 976): CPU temperatures: [50.000004]
05-30 17:33:25.779 I/WifiHAL ( 520): call wifi_get_link_stats handler
05-30 17:33:25.779 I/WifiHAL ( 520): Creating message to get link statistics; iface = 16
05-30 17:33:25.779 D/WifiHAL ( 520): error code -95 mapped to -3
05-30 17:33:25.779 E/WifiStaIfaceAidlImpl( 710): getLinkLayerStats failed with service-specific exception: android.os.ServiceSpecificException: (code 4)
05-30 17:33:27.195 I/ThermalService( 976): CPU temperatures: [50.000004]
05-30 17:33:27.414 D/WifiNl80211Manager( 710): Scan result ready event
05-30 17:33:27.414 D/WifiNative( 710): Scan result ready event
05-30 17:33:27.435 D/WificondScannerImpl( 710): Filtering out 2 scan results.
05-30 17:33:27.485 E/ccc ( 2556): cccccc SCAN_RESULTS_AVAILABLE_ACTION hhhh
05-30 17:33:27.487 E/hq ( 1464): NetWorkStateReceiver:::NetWorkStateReceiver onReceive: 网络变化广播 >>>> intent.action=android.net.wifi.SCAN_RESULTS
05-30 17:33:27.499 I/WifiHAL ( 520): call wifi_get_link_stats handler
05-30 17:33:27.500 I/WifiHAL ( 520): Creating message to get link statistics; iface = 16
05-30 17:33:27.500 D/WifiHAL ( 520): error code -95 mapped to -3
05-30 17:33:27.500 E/WifiStaIfaceAidlImpl( 710): getLinkLayerStats failed with service-specific exception: android.os.ServiceSpecificException: (code 4)
05-30 17:33:27.520 W/eventbuscore( 1464): post Event:com.dangbei.leard.base.entity.event.NetWifiRssiEvent
05-30 17:33:27.521 E/ccc ( 2556): cccccc result is not empty call back
05-30 17:33:27.521 E/ccc ( 2556): cccccc 666666666666666
05-30 17:33:27.538 E/ccc ( 2556): cccccc sort 2 59
05-30 17:33:27.568 W/System ( 710): A resource failed to call close.
05-30 17:33:28.784 I/WifiHAL ( 520): call wifi_get_link_stats handler
05-30 17:33:28.784 I/WifiHAL ( 520): Creating message to get link statistics; iface = 16
05-30 17:33:28.784 D/WifiHAL ( 520): error code -95 mapped to -3
05-30 17:33:28.785 E/WifiStaIfaceAidlImpl( 710): getLinkLayerStats failed with service-specific exception: android.os.ServiceSpecificException: (code 4)
05-30 17:33:29.198 I/ThermalService( 976): CPU temperatures: [50.000004]
05-30 17:33:30.086 I/audio_hw_hal_alsamgr( 477): alsa format =0x1 delay frames =768 total frames=6603520
05-30 17:33:31.201 I/ThermalService( 976): CPU temperatures: [49.9]
05-30 17:33:31.790 I/WifiHAL ( 520): call wifi_get_link_stats handler
05-30 17:33:31.791 I/WifiHAL ( 520): Creating message to get link statistics; iface = 16
05-30 17:33:31.791 D/WifiHAL ( 520): error code -95 mapped to -3
05-30 17:33:31.791 E/WifiStaIfaceAidlImpl( 710): getLinkLayerStats failed with service-specific exception: android.os.ServiceSpecificException: (code 4)
05-30 17:33:32.843 D/XM_HIDREAD( 1944): poll ret=1, event=1
05-30 17:33:32.844 D/XM_HIDREAD( 1944): [9 bytes]:01 00 00 52 00 00 00 00 00
05-30 17:33:32.847 I/SogouIME( 1877): onKeyDown: keyoCode=19
05-30 17:33:32.847 I/DefaultIMS( 1877): onKeyDown: keyoCode=19
05-30 17:33:32.990 D/XM_HIDREAD( 1944): poll ret=1, event=1
05-30 17:33:32.990 D/XM_HIDREAD( 1944): [9 bytes]:01 00 00 00 00 00 00 00 00
05-30 17:33:32.992 I/SogouIME( 1877): onKeyUp: keyoCode=19
05-30 17:33:32.992 I/DefaultIMS( 1877): onKeyUp: keyoCode=19
05-30 17:33:33.205 I/ThermalService( 976): CPU temperatures: [50.100002]
05-30 17:33:33.654 D/XM_HIDREAD( 1944): poll ret=1, event=1
05-30 17:33:33.654 D/XM_HIDREAD( 1944): [9 bytes]:01 00 00 51 00 00 00 00 00
05-30 17:33:33.656 I/SogouIME( 1877): onKeyDown: keyoCode=20
05-30 17:33:33.656 I/DefaultIMS( 1877): onKeyDown: keyoCode=20
05-30 17:33:33.766 D/XM_HIDREAD( 1944): poll ret=1, event=1
05-30 17:33:33.766 D/XM_HIDREAD( 1944): [9 bytes]:01 00 00 00 00 00 00 00 00
05-30 17:33:33.769 I/SogouIME( 1877): onKeyUp: keyoCode=20
05-30 17:33:33.769 I/DefaultIMS( 1877): onKeyUp: keyoCode=20
05-30 17:33:33.867 E/ccc ( 1430): cccccc led current is 100 标准
05-30 17:33:33.867 E/ccc ( 1430): cccccc led current is null
05-30 17:33:33.870 D/BluetoothAdapterService( 1090): cancelDiscovery
05-30 17:33:33.870 I/bt_btif_dm( 1090): packages/modules/Bluetooth/system/btif/src/btif_dm.cc:2470 btif_dm_cancel_discovery: Cancel search
05-30 17:33:33.870 I/bluetooth( 1090): packages/modules/Bluetooth/system/bta/dm/bta_dm_main.cc:96 bta_dm_search_sm_execute: state:BTA_DM_SEARCH_IDLE, event:BTA_DM_API_SEARCH_CANCEL_EVT[0x201]
05-30 17:33:34.022 W/BatteryExternalStatsWorker( 710): error reading Bluetooth stats: 11
05-30 17:33:34.455 D/TrafficStats( 2757): tagSocket(134) with statsTag=0xffffffff, statsUid=-1
05-30 17:33:34.798 I/WifiHAL ( 520): call wifi_get_link_stats handler
05-30 17:33:34.798 I/WifiHAL ( 520): Creating message to get link statistics; iface = 16
05-30 17:33:34.798 D/WifiHAL ( 520): error code -95 mapped to -3
05-30 17:33:34.798 E/WifiStaIfaceAidlImpl( 710): getLinkLayerStats failed with service-specific exception: android.os.ServiceSpecificException: (code 4)
05-30 17:33:34.902 I/efs.base( 2757): wa upload succ, HttpResponse {succ=true, code=200, data='暂不支持该服务', extra={req_url=https://errlog.umeng.com/api/crashsdk/logcollect}}
05-30 17:33:35.206 I/ThermalService( 976): CPU temperatures: [50.100002]
05-30 17:33:36.005 W/resolv ( 464): SSL_connect write error 0, mark 0xf0064: Try again
05-30 17:33:36.005 W/resolv ( 464): SSL_connect write error 0, mark 0xf0064: Try again
05-30 17:33:36.005 W/resolv ( 464): TLS Handshake failed
05-30 17:33:36.005 W/resolv ( 464): TLS Handshake failed
05-30 17:33:36.005 W/resolv ( 464): query failed
05-30 17:33:36.005 W/resolv ( 464): query failed
05-30 17:33:36.006 W/resolv ( 464): validateDnsTlsServer returned 0 for 202.96.128.166
05-30 17:33:36.006 W/resolv ( 464): validateDnsTlsServer returned 0 for 202.96.134.133
05-30 17:33:36.006 W/resolv ( 464): Validation failed
05-30 17:33:36.007 W/resolv ( 464): Validation failed
05-30 17:33:36.300 D/TrafficStats( 2757): tagSocket(134) with statsTag=0xffffffff, statsUid=-1
05-30 17:33:37.210 I/ThermalService( 976): CPU temperatures: [50.000004]
05-30 17:33:37.805 I/WifiHAL ( 520): call wifi_get_link_stats handler
05-30 17:33:37.805 I/WifiHAL ( 520): Creating message to get link statistics; iface = 16
05-30 17:33:37.805 D/WifiHAL ( 520): error code -95 mapped to -3
05-30 17:33:37.806 E/WifiStaIfaceAidlImpl( 710): getLinkLayerStats failed with service-specific exception: android.os.ServiceSpecificException: (code 4)
05-30 17:33:37.941 D/TrafficStats( 2757): tagSocket(134) with statsTag=0xffffffff, statsUid=-1
05-30 17:33:39.213 I/ThermalService( 976): CPU temperatures: [50.000004]
05-30 17:33:40.810 I/WifiHAL ( 520): call wifi_get_link_stats handler
05-30 17:33:40.810 I/WifiHAL ( 520): Creating message to get link statistics; iface = 16
05-30 17:33:40.810 D/WifiHAL ( 520): error code -95 mapped to -3
05-30 17:33:40.810 E/WifiStaIfaceAidlImpl( 710): getLinkLayerStats failed with service-specific exception: android.os.ServiceSpecificException: (code 4)
05-30 17:33:41.216 I/ThermalService( 976): CPU temperatures: [49.9]
05-30 17:33:43.218 I/ThermalService( 976): CPU temperatures: [50.000004]
05-30 17:33:43.816 I/WifiHAL ( 520): call wifi_get_link_stats handler
05-30 17:33:43.817 I/WifiHAL ( 520): Creating message to get link statistics; iface = 16
05-30 17:33:43.817 D/WifiHAL ( 520): error code -95 mapped to -3
05-30 17:33:43.817 E/WifiStaIfaceAidlImpl( 710): getLinkLayerStats failed with service-specific exception: android.os.ServiceSpecificException: (code 4)
05-30 17:33:44.002 D/TrafficStats( 2757): tagSocket(134) with statsTag=0xffffffff, statsUid=-1
05-30 17:33:44.909 D/TrafficStats( 2757): tagSocket(226) with statsTag=0xffffffff, statsUid=-1
05-30 17:33:45.168 I/efs.base( 2757): wa upload succ, HttpResponse {succ=true, code=200, data='暂不支持该服务', extra={req_url=https://errlog.umeng.com/api/crashsdk/logcollect}}
05-30 17:33:45.222 I/ThermalService( 976): CPU temperatures: [49.9]
05-30 17:33:46.822 I/WifiHAL ( 520): call wifi_get_link_stats handler
05-30 17:33:46.822 I/WifiHAL ( 520): Creating message to get link statistics; iface = 16
05-30 17:33:46.822 D/WifiHAL ( 520): error code -95 mapped to -3
05-30 17:33:46.822 E/WifiStaIfaceAidlImpl( 710): getLinkLayerStats failed with service-specific exception: android.os.ServiceSpecificException: (code 4)
05-30 17:33:47.225 I/ThermalService( 976): CPU temperatures: [49.9]
05-30 17:33:48.068 D/TrafficStats( 2757): tagSocket(134) with statsTag=0xffffffff, statsUid=-1
05-30 17:33:49.228 I/ThermalService( 976): CPU temperatures: [49.9]
05-30 17:33:49.593 D/OomAdjuster( 710): Not killing cached processes
05-30 17:33:49.596 D/bbb ( 1557): onStartCommand begin !!!!!!! data分区剩余 54418MB
05-30 17:33:49.825 I/WifiHAL ( 520): call wifi_get_link_stats handler
05-30 17:33:49.826 I/WifiHAL ( 520): Creating message to get link statistics; iface = 16
05-30 17:33:49.826 D/WifiHAL ( 520): error code -95 mapped to -3
05-30 17:33:49.826 E/WifiStaIfaceAidlImpl( 710): getLinkLayerStats failed with service-specific exception: android.os.ServiceSpecificException: (code 4)
05-30 17:33:51.230 I/ThermalService( 976): CPU temperatures: [49.9]
05-30 17:33:52.830 I/WifiHAL ( 520): call wifi_get_link_stats handler
05-30 17:33:52.830 I/WifiHAL ( 520): Creating message to get link statistics; iface = 16
05-30 17:33:52.830 D/WifiHAL ( 520): error code -95 mapped to -3
05-30 17:33:52.830 E/WifiStaIfaceAidlImpl( 710): getLinkLayerStats failed with service-specific exception: android.os.ServiceSpecificException: (code 4)
05-30 17:33:53.234 I/ThermalService( 976): CPU temperatures: [49.9]
05-30 17:33:53.379 I/sh ( 3041): type=1400 audit(0.0:1149): avc: denied { write search } for name="tmp" dev="dm-50" ino=98 scontext=u:r:su:s0 tcontext=u:object_r:shell_data_file:s0 tclass=dir permissive=1
05-30 17:33:53.379 I/sh ( 3041): type=1400 audit(0.0:1150): avc: denied { getattr } for path="/data/local/tmp" dev="dm-50" ino=98 scontext=u:r:su:s0 tcontext=u:object_r:shell_data_file:s0 tclass=dir permissive=1
05-30 17:33:53.379 I/sh ( 3041): type=1400 audit(0.0:1151): avc: denied { getattr } for path="/system/bin/logcat" dev="dm-8" ino=19087719 scontext=u:r:su:s0 tcontext=u:object_r:logcat_exec:s0 tclass=file permissive=1
05-30 17:33:53.379 I/sh ( 3041): type=1400 audit(0.0:1152): avc: denied { execute } for name="logcat" dev="dm-8" ino=19087719 scontext=u:r:su:s0 tcontext=u:object_r:logcat_exec:s0 tclass=file permissive=1
05-30 17:33:53.379 I/sh ( 3041): type=1400 audit(0.0:1153): avc: denied { read open } for path="/system/bin/logcat" dev="dm-8" ino=19087719 scontext=u:r:su:s0 tcontext=u:object_r:logcat_exec:s0 tclass=file permissive=1
05-30 17:33:53.379 I/sh ( 3041): type=1400 audit(0.0:1154): avc: denied { execute_no_trans } for path="/system/bin/logcat" dev="dm-8" ino=19087719 scontext=u:r:su:s0 tcontext=u:object_r:logcat_exec:s0 tclass=file permissive=1
05-30 17:33:53.379 I/logcat ( 3041): type=1400 audit(0.0:1155): avc: denied { map } for path="/system/bin/logcat" dev="dm-8" ino=19087719 scontext=u:r:su:s0 tcontext=u:object_r:logcat_exec:s0 tclass=file permissive=1
05-30 17:33:55.237 I/ThermalService( 976): CPU temperatures: [50.2]
05-30 17:33:55.834 I/WifiHAL ( 520): call wifi_get_link_stats handler
05-30 17:33:55.834 I/WifiHAL ( 520): Creating message to get link statistics; iface = 16
05-30 17:33:55.834 D/WifiHAL ( 520): error code -95 mapped to -3
05-30 17:33:55.834 E/WifiStaIfaceAidlImpl( 710): getLinkLayerStats failed with service-specific exception: android.os.ServiceSpecificException: (code 4)
05-30 17:33:56.976 D/XM_HIDREAD( 1944): poll ret=1, event=1
05-30 17:33:56.976 D/XM_HIDREAD( 1944): [9 bytes]:01 00 00 50 00 00 00 00 00
05-30 17:33:56.979 I/SogouIME( 1877): onKeyDown: keyoCode=21
05-30 17:33:56.979 I/DefaultIMS( 1877): onKeyDown: keyoCode=21
05-30 17:33:57.112 D/XM_HIDREAD( 1944): poll ret=1, event=1
05-30 17:33:57.112 D/XM_HIDREAD( 1944): [9 bytes]:01 00 00 00 00 00 00 00 00
05-30 17:33:57.114 I/SogouIME( 1877): onKeyUp: keyoCode=21
05-30 17:33:57.114 I/DefaultIMS( 1877): onKeyUp: keyoCode=21
05-30 17:33:57.241 I/ThermalService( 976): CPU temperatures: [50.300003]
05-30 17:33:57.515 D/XM_HIDREAD( 1944): poll ret=1, event=1
05-30 17:33:57.515 D/XM_HIDREAD( 1944): [9 bytes]:01 00 00 51 00 00 00 00 00
05-30 17:33:57.518 I/SogouIME( 1877): onKeyDown: keyoCode=20
05-30 17:33:57.518 I/DefaultIMS( 1877): onKeyDown: keyoCode=20
05-30 17:33:57.542 I/WifiService( 710): startScan uid=1000
05-30 17:33:57.546 E/ccc ( 2556): cccccc i will start scan
05-30 17:33:57.553 D/InstantWifi( 710): Drop, size: 1
05-30 17:33:57.554 D/WifiNl80211Manager( 710): Scan result ready event
05-30 17:33:57.555 D/WifiNative( 710): Scan result ready event
05-30 17:33:57.557 D/WificondScannerImpl( 710): Filtering out 1 scan results.
05-30 17:33:57.560 I/WifiHAL ( 520): call wifi_get_link_stats handler
05-30 17:33:57.560 I/WifiHAL ( 520): Creating message to get link statistics; iface = 16
05-30 17:33:57.560 D/WifiHAL ( 520): error code -95 mapped to -3
05-30 17:33:57.560 E/WifiStaIfaceAidlImpl( 710): getLinkLayerStats failed with service-specific exception: android.os.ServiceSpecificException: (code 4)
05-30 17:33:57.561 E/hq ( 1464): NetWorkStateReceiver:::NetWorkStateReceiver onReceive: 网络变化广播 >>>> intent.action=android.net.wifi.SCAN_RESULTS
05-30 17:33:57.564 W/eventbuscore( 1464): post Event:com.dangbei.leard.base.entity.event.NetWifiRssiEvent
05-30 17:33:57.565 E/ccc ( 2556): cccccc SCAN_RESULTS_AVAILABLE_ACTION hhhh
05-30 17:33:57.566 W/ScanResultUtil( 710): Empty or null ScanResult list
05-30 17:33:57.566 W/WifiService( 710): Attempt to retrieve WifiConfiguration with invalid scanResult List
05-30 17:33:57.566 E/ccc ( 2556): cccccc result is empty start scan
05-30 17:33:57.567 I/WifiService( 710): startScan uid=1000
05-30 17:33:57.567 W/ScanResultUtil( 710): Empty or null ScanResult list
05-30 17:33:57.567 E/WifiService( 710): Attempt to retrieve passpoint with invalid scanResult List
05-30 17:33:57.567 W/ScanResultUtil( 710): Empty or null ScanResult list
05-30 17:33:57.567 W/WifiService( 710): Attempt to retrieve OsuProviders with invalid scanResult List
05-30 17:33:57.576 D/InstantWifi( 710): Drop, size: 1
05-30 17:33:57.628 D/XM_HIDREAD( 1944): poll ret=1, event=1
05-30 17:33:57.628 D/XM_HIDREAD( 1944): [9 bytes]:01 00 00 00 00 00 00 00 00
05-30 17:33:57.630 I/SogouIME( 1877): onKeyUp: keyoCode=20
05-30 17:33:57.630 I/DefaultIMS( 1877): onKeyUp: keyoCode=20
05-30 17:33:57.864 D/XM_HIDREAD( 1944): poll ret=1, event=1
05-30 17:33:57.864 D/XM_HIDREAD( 1944): [9 bytes]:01 00 00 28 00 00 00 00 00
05-30 17:33:57.867 I/SogouIME( 1877): onKeyDown: keyoCode=23
05-30 17:33:57.867 I/DefaultIMS( 1877): onKeyDown: keyoCode=23
05-30 17:33:58.010 D/XM_HIDREAD( 1944): poll ret=1, event=1
05-30 17:33:58.010 D/XM_HIDREAD( 1944): [9 bytes]:01 00 00 00 00 00 00 00 00
05-30 17:33:58.013 I/SogouIME( 1877): onKeyUp: keyoCode=23
05-30 17:33:58.013 I/DefaultIMS( 1877): onKeyUp: keyoCode=23
05-30 17:33:58.753 D/XM_HIDREAD( 1944): poll ret=1, event=1
05-30 17:33:58.753 D/XM_HIDREAD( 1944): [9 bytes]:01 00 00 28 00 00 00 00 00
05-30 17:33:58.756 I/SogouIME( 1877): onKeyDown: keyoCode=23
05-30 17:33:58.756 I/DefaultIMS( 1877): onKeyDown: keyoCode=23
05-30 17:33:58.839 I/WifiHAL ( 520): call wifi_get_link_stats handler
05-30 17:33:58.839 I/WifiHAL ( 520): Creating message to get link statistics; iface = 16
05-30 17:33:58.839 D/WifiHAL ( 520): error code -95 mapped to -3
05-30 17:33:58.840 E/WifiStaIfaceAidlImpl( 710): getLinkLayerStats failed with service-specific exception: android.os.ServiceSpecificException: (code 4)
05-30 17:33:58.849 D/InstantWifi( 710): Receive Wifi is connected, freq = 5745 and currentNetworkId : 0, wifiinfo = SSID: , BSSID: 02:00:00:00:00:00, MAC: 02:00:00:00:00:00, IP: /192.168.3.222, Security type: 2, Supplicant state: COMPLETED, Wi-Fi standard: 6, RSSI: -55, Link speed: 1200Mbps, Tx Link speed: 1200Mbps, Max Supported Tx Link speed: 1200Mbps, Rx Link speed: 6Mbps, Max Supported Rx Link speed: 1200Mbps, Frequency: 5745MHz, Net ID: -1, Metered hint: false, score: 60, isUsable: true, CarrierMerged: false, SubscriptionId: -1, IsPrimary: 1, Trusted: true, Restricted: false, Ephemeral: false, OEM paid: false, OEM private: false, OSU AP: false, FQDN: , Provider friendly name: , Requesting package name: MLO Information: , Is TID-To-Link negotiation supported by the AP: false, AP MLD Address: , AP MLO Link Id: , AP MLO Affiliated links:
05-30 17:33:58.899 D/XM_HIDREAD( 1944): poll ret=1, event=1
05-30 17:33:58.899 D/XM_HIDREAD( 1944): [9 bytes]:01 00 00 00 00 00 00 00 00
05-30 17:33:58.902 I/SogouIME( 1877): onKeyUp: keyoCode=23
05-30 17:33:58.902 I/DefaultIMS( 1877): onKeyUp: keyoCode=23
05-30 17:33:59.243 I/ThermalService( 976): CPU temperatures: [50.300003]
05-30 17:33:59.529 D/XM_HIDREAD( 1944): poll ret=1, event=1
05-30 17:33:59.529 D/XM_HIDREAD( 1944): [9 bytes]:01 00 00 51 00 00 00 00 00
05-30 17:33:59.537 W/AudioFlinger( 542): createTrack_l(): mismatch between requested flags (00000004) and output flags (00000002)
05-30 17:33:59.540 I/audio_hw_hal_primary( 477): [audiohal_get_latency:1333] io 13: out:0xe8a00e70 frames:1664 rate:48000 whole_latency:34 alsa_latency:34
05-30 17:33:59.554 I/audio_hw_hal_primary( 477): [register_audio_patch:8215] Patch 3:id:3 mix(io:13)->dev_0[OUT_HDMI(id:22)] found, register the same patch, do nothing.
05-30 17:33:59.554 I/audio_hw_hal_primary( 477): [adev_create_audio_patch:8316] Patch 3: MIX->DEVICE, num_src:1 num_sink:1 patch_src:INVAL
05-30 17:33:59.554 I/audio_hw_hal_primary( 477): [adev_create_audio_patch:8320] sink[0]: OUT_HDMI(id:22)
05-30 17:33:59.554 I/audio_hw_hal_primary( 477): [adev_create_audio_patch:8377] Patch 3: mix(io:13) -> dev[OUT_HDMI(id:22)]
05-30 17:33:59.554 I/audio_hw_hal_primary( 477): [adev_create_audio_patch:8445] dev=0xe8ac0010 cur_out_device=0x400
05-30 17:33:59.555 D/UEventObserver( 976): change@/devices/platform/auge_sound/sound/card0/controlC0ACTION=changeDEVPATH=/devices/platform/auge_sound/sound/card0/controlC0SUBSYSTEM=soundAUDIO_FORMAT=0MAJOR=116MINOR=13DEVNAME=snd/controlC0SEQNUM=3573
05-30 17:33:59.551 I/xm_hidread( 1944): type=1400 audit(0.0:1157): avc: denied { read } for scontext=u:r:init:s0 tcontext=u:r:init:s0 tclass=netlink_kobject_uevent_socket permissive=1
05-30 17:33:59.564 D/audioserver( 542): logFgsApiBegin: FGS Logger Transaction failed, -129
05-30 17:33:59.566 I/audio_hw_hal_primary( 477): out_update_source_metadata_v7() line 2013 usage:1 content_type:2
05-30 17:33:59.567 I/SogouIME( 1877): onKeyDown: keyoCode=20
05-30 17:33:59.567 I/DefaultIMS( 1877): onKeyDown: keyoCode=20
05-30 17:33:59.568 D/audio_hw_hal_ms12v2( 477): set_dolby_ms12_continuous_state audio_continuous_standby_set status 0
05-30 17:33:59.568 D/audio_hw_hal_continuous_standby( 477): audio_continuous_standby_set, type 0, params 0
05-30 17:33:59.568 I/audio_hw_hal_ms12common( 477): aml_set_ms12_scheduler_state ms12_scheduler_state:0, sch_state:0 SCHEDULER_RUNNING is sent to ms12
05-30 17:33:59.568 I/audio_hw_hal_primary( 477): [mixer_aux_buffer_write:7017] io 13: out:0xe8a00e70 usecase:PCM_NORMAL standby to unstandby
05-30 17:33:59.568 E/audio_hw_hal_virtualbuf( 477): ms12 system input underrun happens read=156709138825 write=3541333278 diff=153167805547
05-30 17:33:59.578 W/AudioFlinger( 542): createTrack_l(): mismatch between requested flags (00000004) and output flags (00000002)
05-30 17:33:59.580 I/audio_hw_hal_primary( 477): [audiohal_get_latency:1333] io 13: out:0xe8a00e70 frames:1280 rate:48000 whole_latency:26 alsa_latency:26
05-30 17:33:59.631 I/audio_hw_hal_primary( 477): [register_audio_patch:8215] Patch 3:id:3 mix(io:13)->dev_0[OUT_HDMI(id:22)] found, register the same patch, do nothing.
05-30 17:33:59.631 I/audio_hw_hal_primary( 477): [adev_create_audio_patch:8316] Patch 3: MIX->DEVICE, num_src:1 num_sink:1 patch_src:INVAL
05-30 17:33:59.631 I/audio_hw_hal_primary( 477): [adev_create_audio_patch:8320] sink[0]: OUT_HDMI(id:22)
05-30 17:33:59.631 I/audio_hw_hal_primary( 477): [adev_create_audio_patch:8377] Patch 3: mix(io:13) -> dev[OUT_HDMI(id:22)]
05-30 17:33:59.632 D/UEventObserver( 976): change@/devices/platform/auge_sound/sound/card0/controlC0ACTION=changeDEVPATH=/devices/platform/auge_sound/sound/card0/controlC0SUBSYSTEM=soundAUDIO_FORMAT=0MAJOR=116MINOR=13DEVNAME=snd/controlC0SEQNUM=3574
05-30 17:33:59.632 I/audio_hw_hal_primary( 477): [adev_create_audio_patch:8445] dev=0xe8ac0010 cur_out_device=0x400
05-30 17:33:59.632 D/audioserver( 542): logFgsApiEnd: FGS Logger Transaction failed, -129
05-30 17:33:59.633 D/audioserver( 542): logFgsApiBegin: FGS Logger Transaction failed, -129
05-30 17:33:59.634 I/audio_hw_hal_stream( 477): aml_stream_out_info_print: out:0xe8a00e70, stream_type:pcm, sync_mode:non tunnel, input_size:688128 bytes
05-30 17:33:59.634 I/audio_hw_hal_stream( 477): aml_stream_out_info_print: last_time:24057 ms (sec:24, nsec:57488094), last_position:3447 ms (165456), cur_time:177332 ms (sec:177, nsec:332191166), cur_position:3495 ms (167760)
05-30 17:33:59.634 I/audio_hw_hal_stream( 477): aml_stream_out_info_print: time_gap:153275 ms (thr:100 ms), position_gap:48 ms, delay:89 ms, jitter: Position gap is behind system time gap by 153227 ms (thr:100 ms)
05-30 17:33:59.634 I/audio_hw_hal_primary( 477): out_update_source_metadata_v7() line 2013 usage:1 content_type:2
05-30 17:33:59.638 D/audioserver( 542): logFgsApiBegin: FGS Logger Transaction failed, -129
05-30 17:33:59.664 D/XM_HIDREAD( 1944): poll ret=1, event=1
05-30 17:33:59.664 D/XM_HIDREAD( 1944): [9 bytes]:01 00 00 00 00 00 00 00 00
05-30 17:33:59.666 I/SogouIME( 1877): onKeyUp: keyoCode=20
05-30 17:33:59.666 I/DefaultIMS( 1877): onKeyUp: keyoCode=20
05-30 17:33:59.671 I/audio_hw_hal_primary( 477): out_update_source_metadata_v7() line 2013 usage:1 content_type:2
05-30 17:33:59.711 I/audio_hw_hal_primary( 477): [audiohal_get_latency:1333] io 13: out:0xe8a00e70 frames:1152 rate:48000 whole_latency:24 alsa_latency:24
05-30 17:33:59.751 I/audio_hw_hal_primary( 477): [audiohal_get_latency:1333] io 13: out:0xe8a00e70 frames:1280 rate:48000 whole_latency:26 alsa_latency:26
05-30 17:33:59.754 D/XM_HIDREAD( 1944): poll ret=1, event=1
05-30 17:33:59.754 D/XM_HIDREAD( 1944): [9 bytes]:01 00 00 51 00 00 00 00 00
05-30 17:33:59.757 I/SogouIME( 1877): onKeyDown: keyoCode=20
05-30 17:33:59.758 I/DefaultIMS( 1877): onKeyDown: keyoCode=20
05-30 17:33:59.766 W/AudioFlinger( 542): createTrack_l(): mismatch between requested flags (00000004) and output flags (00000002)
05-30 17:33:59.769 I/audio_hw_hal_primary( 477): [audiohal_get_latency:1333] io 13: out:0xe8a00e70 frames:1152 rate:48000 whole_latency:24 alsa_latency:24
05-30 17:33:59.771 D/audioserver( 542): logFgsApiBegin: FGS Logger Transaction failed, -129
05-30 17:33:59.792 I/audio_hw_hal_primary( 477): [audiohal_get_latency:1333] io 13: out:0xe8a00e70 frames:1024 rate:48000 whole_latency:21 alsa_latency:21
05-30 17:33:59.793 I/audio_hw_hal_primary( 477): out_update_source_metadata_v7() line 2013 usage:13 content_type:4
05-30 17:33:59.831 I/audio_hw_hal_primary( 477): [audiohal_get_latency:1333] io 13: out:0xe8a00e70 frames:1280 rate:48000 whole_latency:26 alsa_latency:26
05-30 17:33:59.856 D/XM_HIDREAD( 1944): poll ret=1, event=1
05-30 17:33:59.856 D/XM_HIDREAD( 1944): [9 bytes]:01 00 00 00 00 00 00 00 00
05-30 17:33:59.858 I/SogouIME( 1877): onKeyUp: keyoCode=20
05-30 17:33:59.858 I/DefaultIMS( 1877): onKeyUp: keyoCode=20
05-30 17:33:59.872 I/audio_hw_hal_primary( 477): [audiohal_get_latency:1333] io 13: out:0xe8a00e70 frames:1024 rate:48000 whole_latency:21 alsa_latency:21
05-30 17:33:59.912 I/audio_hw_hal_primary( 477): [audiohal_get_latency:1333] io 13: out:0xe8a00e70 frames:1152 rate:48000 whole_latency:24 alsa_latency:24
05-30 17:33:59.912 I/audio_hw_hal_primary( 477): [audiohal_get_latency:1333] io 13: out:0xe8a00e70 frames:1152 rate:48000 whole_latency:24 alsa_latency:24
05-30 17:33:59.912 D/audioserver( 542): logFgsApiEnd: FGS Logger Transaction failed, -129
05-30 17:33:59.914 I/audio_hw_hal_primary( 477): out_update_source_metadata_v7() line 2013 usage:13 content_type:4
05-30 17:33:59.934 D/XM_HIDREAD( 1944): poll ret=1, event=1
05-30 17:33:59.934 D/XM_HIDREAD( 1944): [9 bytes]:01 00 00 51 00 00 00 00 00
05-30 17:33:59.937 I/SogouIME( 1877): onKeyDown: keyoCode=20
05-30 17:33:59.937 I/DefaultIMS( 1877): onKeyDown: keyoCode=20
05-30 17:34:00.002 I/audio_hw_hal_alsamgr( 477): alsa format =0x1 delay frames =896 total frames=8038400
05-30 17:34:00.070 D/XM_HIDREAD( 1944): poll ret=1, event=1
05-30 17:34:00.070 D/XM_HIDREAD( 1944): [9 bytes]:01 00 00 00 00 00 00 00 00
05-30 17:34:00.072 I/SogouIME( 1877): onKeyUp: keyoCode=20
05-30 17:34:00.072 I/DefaultIMS( 1877): onKeyUp: keyoCode=20
05-30 17:34:00.072 I/audio_hw_hal_primary( 477): [audiohal_get_latency:1333] io 13: out:0xe8a00e70 frames:1152 rate:48000 whole_latency:24 alsa_latency:24
05-30 17:34:00.112 I/audio_hw_hal_primary( 477): [audiohal_get_latency:1333] io 13: out:0xe8a00e70 frames:1024 rate:48000 whole_latency:21 alsa_latency:21
05-30 17:34:00.113 I/audio_hw_hal_primary( 477): [audiohal_get_latency:1333] io 13: out:0xe8a00e70 frames:1024 rate:48000 whole_latency:21 alsa_latency:21
05-30 17:34:00.135 I/audio_hw_hal_primary( 477): [audiohal_get_latency:1333] io 13: out:0xe8a00e70 frames:1280 rate:48000 whole_latency:26 alsa_latency:26
05-30 17:34:00.135 I/audio_hw_hal_primary( 477): [audiohal_get_latency:1333] io 13: out:0xe8a00e70 frames:1280 rate:48000 whole_latency:26 alsa_latency:26
05-30 17:34:00.151 I/audio_hw_hal_primary( 477): [audiohal_get_latency:1333] io 13: out:0xe8a00e70 frames:1280 rate:48000 whole_latency:26 alsa_latency:26
05-30 17:34:00.152 I/audio_hw_hal_primary( 477): [audiohal_get_latency:1333] io 13: out:0xe8a00e70 frames:1152 rate:48000 whole_latency:24 alsa_latency:24
05-30 17:34:00.159 D/XM_HIDREAD( 1944): poll ret=1, event=1
05-30 17:34:00.160 D/XM_HIDREAD( 1944): [9 bytes]:01 00 00 51 00 00 00 00 00
05-30 17:34:00.161 I/audio_hw_hal_primary( 477): [audiohal_get_latency:1333] io 13: out:0xe8a00e70 frames:1280 rate:48000 whole_latency:26 alsa_latency:26
05-30 17:34:00.162 I/SogouIME( 1877): onKeyDown: keyoCode=20
05-30 17:34:00.162 I/DefaultIMS( 1877): onKeyDown: keyoCode=20
05-30 17:34:00.192 I/audio_hw_hal_primary( 477): [audiohal_get_latency:1333] io 13: out:0xe8a00e70 frames:1024 rate:48000 whole_latency:21 alsa_latency:21
05-30 17:34:00.233 I/audio_hw_hal_primary( 477): [audiohal_get_latency:1333] io 13: out:0xe8a00e70 frames:1152 rate:48000 whole_latency:24 alsa_latency:24
05-30 17:34:00.234 D/audioserver( 542): logFgsApiEnd: FGS Logger Transaction failed, -129
05-30 17:34:00.235 I/audio_hw_hal_primary( 477): out_update_source_metadata_v7() line 2013 usage:1 content_type:2
05-30 17:34:00.238 D/XM_HIDREAD( 1944): poll ret=1, event=1
05-30 17:34:00.238 D/XM_HIDREAD( 1944): [9 bytes]:01 00 00 00 00 00 00 00 00
05-30 17:34:00.241 I/SogouIME( 1877): onKeyUp: keyoCode=20
05-30 17:34:00.241 I/DefaultIMS( 1877): onKeyUp: keyoCode=20
05-30 17:34:00.254 D/WifiNl80211Manager( 710): Scan result ready event
05-30 17:34:00.254 D/WifiNative( 710): Scan result ready event
05-30 17:34:00.313 I/audio_hw_hal_primary( 477): [audiohal_get_latency:1333] io 13: out:0xe8a00e70 frames:1152 rate:48000 whole_latency:24 alsa_latency:24
05-30 17:34:00.315 E/ccc ( 2556): cccccc SCAN_RESULTS_AVAILABLE_ACTION hhhh
05-30 17:34:00.315 E/hq ( 1464): NetWorkStateReceiver:::NetWorkStateReceiver onReceive: 网络变化广播 >>>> intent.action=android.net.wifi.SCAN_RESULTS
05-30 17:34:00.321 I/WifiHAL ( 520): call wifi_get_link_stats handler
05-30 17:34:00.321 I/WifiHAL ( 520): Creating message to get link statistics; iface = 16
05-30 17:34:00.321 D/WifiHAL ( 520): error code -95 mapped to -3
05-30 17:34:00.322 E/WifiStaIfaceAidlImpl( 710): getLinkLayerStats failed with service-specific exception: android.os.ServiceSpecificException: (code 4)
05-30 17:34:00.332 W/eventbuscore( 1464): post Event:com.dangbei.leard.base.entity.event.NetWifiRssiEvent
05-30 17:34:00.335 I/audio_hw_hal_primary( 477): [audiohal_get_latency:1333] io 13: out:0xe8a00e70 frames:1152 rate:48000 whole_latency:24 alsa_latency:24
05-30 17:34:00.344 E/ccc ( 2556): cccccc result is not empty call back
05-30 17:34:00.344 E/ccc ( 2556): cccccc 666666666666666
