05-30 14:03:49.318 I/bluetooth( 1090): packages/modules/Bluetooth/system/stack/gatt/gatt_api.cc:1374 GATT_StartIf: Invoking callback with connection id 6
05-30 14:03:49.318 I/bt_bta_gattc( 1090): packages/modules/Bluetooth/system/bta/gatt/bta_gattc_act.cc:1304 bta_gattc_conn_cback: Connected client_if:6 addr:xx:xx:xx:xx:c0:53, transport:BT_TRANSPORT_LE reason:GATT_CONN_OK
05-30 14:03:49.318 E/bta_gattc_main( 1090): packages/modules/Bluetooth/system/bta/gatt/bta_gattc_main.cc:395 bta_gattc_hdl_event: Ignore unknown conn ID: 6
05-30 14:03:49.319 D/BluetoothGatt( 1430): onClientRegistered() - status=0 clientIf=6
05-30 14:03:49.319 E/RCInfo ( 1430): vid:000d
05-30 14:03:49.319 E/RCInfo ( 1430): pid:3838
05-30 14:03:49.316 I/binder:1430_2( 1430): type=1400 audit(0.0:1039): avc: denied { read } for name="devices" dev="proc" ino=4026531982 scontext=u:r:system_app:s0 tcontext=u:object_r:proc:s0 tclass=file permissive=1
05-30 14:03:49.316 I/binder:1430_2( 1430): type=1400 audit(0.0:1040): avc: denied { open } for path="/proc/bus/input/devices" dev="proc" ino=4026531982 scontext=u:r:system_app:s0 tcontext=u:object_r:proc:s0 tclass=file permissive=1
05-30 14:03:49.325 I/bt_btif_gattc( 1090): packages/modules/Bluetooth/system/btif/src/btif_gatt_client.cc:340 btif_gattc_open_impl: Transport=2, device type=2, address type =0, phy=1
05-30 14:03:49.326 I/bluetooth( 1090): packages/modules/Bluetooth/system/stack/gatt/gatt_main.cc:405 gatt_update_app_use_link_flag: disable link idle timer for xx:xx:xx:xx:c0:53
05-30 14:03:49.326 I/bt_stack( 1090): [INFO:l2c_api.cc(1607)] L2CA_MarkLeLinkAsActivesetting link to e4:bb:d3:57:c0:53 as active
05-30 14:03:49.326 I/bluetooth( 1090): packages/modules/Bluetooth/system/stack/gatt/gatt_api.cc:1206 GATT_SetIdleTimeout: idle_timeout=65535, is_active=1, status=1 (1-OK 0-not performed)
05-30 14:03:49.326 D/BtGatt.GattService( 1090): onConnected() - adding permit for address=E4:BB:D3:57:C0:53
05-30 14:03:49.326 D/BluetoothGatt( 1430): onClientConnectionState() - status=0 clientIf=6 device=E4:BB:D3:57:C0:53
05-30 14:03:49.326 D/BluetoothGatt( 1430): connect() - device: E4:BB:D3:57:C0:53, auto: true
05-30 14:03:49.326 D/BluetoothGatt( 1430): discoverServices() - device: E4:BB:D3:57:C0:53
05-30 14:03:49.326 D/BluetoothGatt( 1430): registerApp()
05-30 14:03:49.327 D/BluetoothGatt( 1430): registerApp() - UUID=e90d5282-f695-4477-b0c0-b2738b4688fb
05-30 14:03:49.316 I/binder:1430_2( 1430): type=1400 audit(0.0:1041): avc: denied { getattr } for path="/proc/bus/input/devices" dev="proc" ino=4026531982 scontext=u:r:system_app:s0 tcontext=u:object_r:proc:s0 tclass=file permissive=1
05-30 14:03:49.328 I/bt_bta_gattc( 1090): packages/modules/Bluetooth/system/bta/gatt/bta_gattc_cache.cc:1035 bta_gattc_get_gatt_db: bta_gattc_get_gatt_db
05-30 14:03:49.330 I/bluetooth( 1090): packages/modules/Bluetooth/system/stack/gatt/gatt_api.cc:1257 GATT_Register: Allocated name:GattClient uuid:aa0f9bf2-abda-8631-b1f3-fb67d379db66 gatt_if:7 eatt_support:0
05-30 14:03:49.330 I/bluetooth( 1090): packages/modules/Bluetooth/system/stack/gatt/gatt_api.cc:1371 GATT_StartIf: GATT interface 7 already has connected device xx:xx:xx:xx:c0:53
05-30 14:03:49.330 I/bluetooth( 1090): packages/modules/Bluetooth/system/stack/gatt/gatt_api.cc:1374 GATT_StartIf: Invoking callback with connection id 7
05-30 14:03:49.330 I/bt_bta_gattc( 1090): packages/modules/Bluetooth/system/bta/gatt/bta_gattc_act.cc:1304 bta_gattc_conn_cback: Connected client_if:7 addr:xx:xx:xx:xx:c0:53, transport:BT_TRANSPORT_LE reason:GATT_CONN_OK
05-30 14:03:49.330 E/bta_gattc_main( 1090): packages/modules/Bluetooth/system/bta/gatt/bta_gattc_main.cc:395 bta_gattc_hdl_event: Ignore unknown conn ID: 7
05-30 14:03:49.331 D/BluetoothGatt( 1430): onSearchComplete() = Device=E4:BB:D3:57:C0:53 Status=0
05-30 14:03:49.331 D/BluetoothGatt( 1430): onClientRegistered() - status=0 clientIf=7
05-30 14:03:49.333 I/bt_btif_gattc( 1090): packages/modules/Bluetooth/system/btif/src/btif_gatt_client.cc:340 btif_gattc_open_impl: Transport=2, device type=2, address type =0, phy=1
05-30 14:03:49.333 I/bluetooth( 1090): packages/modules/Bluetooth/system/stack/gatt/gatt_main.cc:405 gatt_update_app_use_link_flag: disable link idle timer for xx:xx:xx:xx:c0:53
05-30 14:03:49.333 I/bt_stack( 1090): [INFO:l2c_api.cc(1607)] L2CA_MarkLeLinkAsActivesetting link to e4:bb:d3:57:c0:53 as active
05-30 14:03:49.333 I/bluetooth( 1090): packages/modules/Bluetooth/system/stack/gatt/gatt_api.cc:1206 GATT_SetIdleTimeout: idle_timeout=65535, is_active=1, status=1 (1-OK 0-not performed)
05-30 14:03:49.333 D/BtGatt.GattService( 1090): onConnected() - adding permit for address=E4:BB:D3:57:C0:53
05-30 14:03:49.334 D/BluetoothGatt( 1430): onClientConnectionState() - status=0 clientIf=7 device=E4:BB:D3:57:C0:53
05-30 14:03:49.334 D/BluetoothGatt( 1430): discoverServices() - device: E4:BB:D3:57:C0:53
05-30 14:03:49.337 I/bt_bta_gattc( 1090): packages/modules/Bluetooth/system/bta/gatt/bta_gattc_cache.cc:1035 bta_gattc_get_gatt_db: bta_gattc_get_gatt_db
05-30 14:03:49.338 D/TrafficStats( 2163): tagSocket(223) with statsTag=0xffffffff, statsUid=-1
05-30 14:03:49.339 D/BluetoothGatt( 1430): onSearchComplete() = Device=E4:BB:D3:57:C0:53 Status=0
05-30 14:03:49.343 D/CompatibilityChangeReporter( 2556): Compat change id reported: 210923482; UID 1000; state: DISABLED
05-30 14:03:49.343 D/CompatibilityChangeReporter( 2556): Compat change id reported: 37756858; UID 1000; state: ENABLED
05-30 14:03:49.352 I/cling--ap-2( 2163): type=1400 audit(0.0:1042): avc: denied { search } for name="net" dev="sysfs" ino=12345 scontext=u:r:untrusted_app_27:s0:c44,c256,c512,c768 tcontext=u:object_r:sysfs_net:s0 tclass=dir permissive=1 app=com.dangbei.screencast
05-30 14:03:49.395 I/System.out( 2556): DiskLruCache /data/user/0/com.dangbei.haqusetting/cache/image_manager_disk_cache is corrupt: null, removing
05-30 14:03:49.432 D/ConnectivityService( 710): requestNetwork for uid/pid:1000/2556 activeRequest: null callbackRequest: 53 [NetworkRequest [ REQUEST id=54, [ Capabilities: INTERNET&NOT_RESTRICTED&TRUSTED&NOT_VCN_MANAGED Uid: 1000 RequestorUid: 1000 RequestorPkg: com.dangbei.haqusetting UnderlyingNetworks: Null] ]] callback flags: 0 order: 2147483647
05-30 14:03:49.434 D/WifiNetworkFactory( 710): got request NetworkRequest [ REQUEST id=54, [ Capabilities: INTERNET&NOT_RESTRICTED&TRUSTED&NOT_VCN_MANAGED Uid: 1000 RequestorUid: 1000 RequestorPkg: com.dangbei.haqusetting UnderlyingNetworks: Null] ]
05-30 14:03:49.434 D/ConnectivityService( 710): NetReassign [54 : null → 100] [c 1] [a 0] [i 1]
05-30 14:03:49.434 D/UntrustedWifiNetworkFactory( 710): got request NetworkRequest [ REQUEST id=54, [ Capabilities: INTERNET&NOT_RESTRICTED&TRUSTED&NOT_VCN_MANAGED Uid: 1000 RequestorUid: 1000 RequestorPkg: com.dangbei.haqusetting UnderlyingNetworks: Null] ]
05-30 14:03:49.434 D/OemPaidWifiNetworkFactory( 710): got request NetworkRequest [ REQUEST id=54, [ Capabilities: INTERNET&NOT_RESTRICTED&TRUSTED&NOT_VCN_MANAGED Uid: 1000 RequestorUid: 1000 RequestorPkg: com.dangbei.haqusetting UnderlyingNetworks: Null] ]
05-30 14:03:49.434 D/MultiInternetWifiNetworkFactory( 710): got request NetworkRequest [ REQUEST id=54, [ Capabilities: INTERNET&NOT_RESTRICTED&TRUSTED&NOT_VCN_MANAGED Uid: 1000 RequestorUid: 1000 RequestorPkg: com.dangbei.haqusetting UnderlyingNetworks: Null] ]
05-30 14:03:49.438 I/DefaultIMS( 1877): onStartInput attribute=android.view.inputmethod.EditorInfo@c320040 restarting=false inputType: 0
05-30 14:03:49.460 I/keystore2( 282): system/security/keystore2/src/watchdog.rs:319 - Watchdog thread idle -> terminating. Have a great day.
05-30 14:03:49.492 I/UsbFfs-monitor( 1395): type=1400 audit(0.0:1043): avc: denied { use } for path="anon_inode:[eventfd]" dev="anon_inodefs" ino=10217 scontext=u:r:su:s0 tcontext=u:r:adbd:s0 tclass=fd permissive=1
05-30 14:03:49.492 I/adbd ( 1395): type=1400 audit(0.0:1044): avc: denied { write } for path="socket:[29612]" dev="sockfs" ino=29612 scontext=u:r:su:s0 tcontext=u:r:adbd:s0 tclass=unix_stream_socket permissive=1
05-30 14:03:49.522 V/WindowManagerShell( 962): Transition animation finished (aborted=false), notifying core (#2)android.os.BinderProxy@69c099f@0
05-30 14:03:49.525 V/WindowManager( 710): Finish Transition #2: created at
05-30 14:03:48.703 collect-started=0.141ms request-sent=11.979ms started=15.756ms ready=195.111ms sent=405.361ms finished=819.86ms
05-30 14:03:49.526 V/WindowManagerShell( 962): Track 0 became idle
05-30 14:03:49.526 V/WindowManagerShell( 962): All active transition animations finished
05-30 14:03:49.546 D/BufferPoolAccessor2.0( 710): bufferpool2 0xba76e7c8 : 0(0 size) total buffers - 0(0 size) used buffers - 2/7 (recycle/alloc) - 9/42 (fetch/transfer)
05-30 14:03:49.546 D/BufferPoolAccessor2.0( 710): evictor expired: 1, evicted: 1
05-30 14:03:49.547 D/BufferPoolAccessor2.0( 639): evictor expired: 3, evicted: 0
05-30 14:03:49.576 D/XM_HIDREAD( 1944): poll ret=1, event=1
05-30 14:03:49.577 D/XM_HIDREAD( 1944): [9 bytes]:01 00 00 51 00 00 00 00 00
05-30 14:03:49.579 I/SogouIME( 1877): onKeyDown: keyoCode=20
05-30 14:03:49.580 I/DefaultIMS( 1877): onKeyDown: keyoCode=20
05-30 14:03:49.622 E/ccc ( 1430): cccccc hhhhhhhhhh RC version is DB-15B-H5-R0111
05-30 14:03:49.624 E/RCInfo ( 1430): vid:000d
05-30 14:03:49.624 E/RCInfo ( 1430): pid:3838
05-30 14:03:49.625 E/RCInfo ( 1430): vid:000d
05-30 14:03:49.625 E/RCInfo ( 1430): pid:3838
05-30 14:03:49.627 E/ccc ( 1430): cccccc 实时获取遥控器版本 DB-15B-H5-R0111
05-30 14:03:49.711 D/XM_HIDREAD( 1944): poll ret=1, event=1
05-30 14:03:49.711 D/XM_HIDREAD( 1944): [9 bytes]:01 00 00 00 00 00 00 00 00
05-30 14:03:49.713 I/SogouIME( 1877): onKeyUp: keyoCode=20
05-30 14:03:49.713 I/DefaultIMS( 1877): onKeyUp: keyoCode=20
05-30 14:03:49.819 I/WifiService( 710): startScan uid=1000
05-30 14:03:49.821 E/ccc ( 2556): cccccc i will start scan
05-30 14:03:49.828 D/InstantWifi( 710): Drop, size: 1
05-30 14:03:49.832 D/WifiNl80211Manager( 710): Scan result ready event
05-30 14:03:49.832 D/WifiNative( 710): Scan result ready event
05-30 14:03:49.832 E/ccc ( 2556): cccccc 222222222222222222
05-30 14:03:49.846 D/WificondScannerImpl( 710): Filtering out 57 scan results.
05-30 14:03:49.847 E/ccc ( 2556): cccccc sort 2 57
05-30 14:03:49.848 I/WifiHAL ( 520): call wifi_get_link_stats handler
05-30 14:03:49.848 I/WifiHAL ( 520): Creating message to get link statistics; iface = 16
05-30 14:03:49.848 D/WifiHAL ( 520): error code -95 mapped to -3
05-30 14:03:49.850 E/WifiStaIfaceAidlImpl( 710): getLinkLayerStats failed with service-specific exception: android.os.ServiceSpecificException: (code 4)
05-30 14:03:49.851 E/ccc ( 2556): cccccc 4444444444444444444 CONNECTED
05-30 14:03:49.854 W/ScanResultUtil( 710): Empty or null ScanResult list
05-30 14:03:49.854 W/WifiService( 710): Attempt to retrieve WifiConfiguration with invalid scanResult List
05-30 14:03:49.855 E/hq ( 1464): NetWorkStateReceiver:::NetWorkStateReceiver onReceive: 网络变化广播 >>>> intent.action=android.net.wifi.SCAN_RESULTS
05-30 14:03:49.855 W/ScanResultUtil( 710): Empty or null ScanResult list
05-30 14:03:49.855 E/WifiService( 710): Attempt to retrieve passpoint with invalid scanResult List
05-30 14:03:49.857 W/eventbuscore( 1464): post Event:com.dangbei.leard.base.entity.event.NetWifiRssiEvent
05-30 14:03:49.857 E/ccc ( 2556): cccccc sort 2 0
05-30 14:03:49.858 E/ccc ( 2556): cccccc scanResult size is zero reset
05-30 14:03:49.859 W/ScanResultUtil( 710): Empty or null ScanResult list
05-30 14:03:49.859 W/WifiService( 710): Attempt to retrieve OsuProviders with invalid scanResult List
05-30 14:03:49.908 E/ccc ( 2556): cccccc SCAN_RESULTS_AVAILABLE_ACTION hhhh
05-30 14:03:49.910 E/ccc ( 2556): cccccc result is empty start scan
05-30 14:03:49.910 I/WifiService( 710): startScan uid=1000
05-30 14:03:49.914 D/XM_HIDREAD( 1944): poll ret=1, event=1
05-30 14:03:49.915 D/XM_HIDREAD( 1944): [9 bytes]:01 00 00 51 00 00 00 00 00
05-30 14:03:49.922 D/InstantWifi( 710): Drop, size: 1
05-30 14:03:49.931 I/SogouIME( 1877): onKeyDown: keyoCode=20
05-30 14:03:49.931 I/DefaultIMS( 1877): onKeyDown: keyoCode=20
05-30 14:03:49.932 D/OpenGLRenderer( 2556): --- Failed to create image decoder with message 'unimplemented'
05-30 14:03:49.936 D/OpenGLRenderer( 2556): --- Failed to create image decoder with message 'unimplemented'
05-30 14:03:49.938 D/OpenGLRenderer( 2556): --- Failed to create image decoder with message 'unimplemented'
05-30 14:03:49.940 D/OpenGLRenderer( 2556): --- Failed to create image decoder with message 'unimplemented'
05-30 14:03:49.941 D/OpenGLRenderer( 2556): --- Failed to create image decoder with message 'unimplemented'
05-30 14:03:49.942 D/OpenGLRenderer( 2556): --- Failed to create image decoder with message 'unimplemented'
05-30 14:03:49.947 I/DefaultIMS( 1877): onStartInput attribute=android.view.inputmethod.EditorInfo@eddcb79 restarting=false inputType: 0
05-30 14:03:50.038 D/XM_HIDREAD( 1944): poll ret=1, event=1
05-30 14:03:50.038 D/XM_HIDREAD( 1944): [9 bytes]:01 00 00 00 00 00 00 00 00
05-30 14:03:50.056 I/SogouIME( 1877): onKeyUp: keyoCode=20
05-30 14:03:50.056 I/DefaultIMS( 1877): onKeyUp: keyoCode=20
05-30 14:03:50.170 D/CompatibilityChangeReporter( 2556): Compat change id reported: 263076149; UID 1000; state: DISABLED
05-30 14:03:50.226 I/WifiHAL ( 520): call wifi_get_link_stats handler
05-30 14:03:50.226 I/WifiHAL ( 520): Creating message to get link statistics; iface = 16
05-30 14:03:50.227 D/WifiHAL ( 520): error code -95 mapped to -3
05-30 14:03:50.227 E/WifiStaIfaceAidlImpl( 710): getLinkLayerStats failed with service-specific exception: android.os.ServiceSpecificException: (code 4)
05-30 14:03:50.546 D/BufferPoolAccessor2.0( 710): bufferpool2 0xba749b68 : 0(0 size) total buffers - 0(0 size) used buffers - 2/7 (recycle/alloc) - 5/60 (fetch/transfer)
05-30 14:03:50.546 D/BufferPoolAccessor2.0( 710): bufferpool2 0xba74b788 : 0(0 size) total buffers - 0(0 size) used buffers - 2/7 (recycle/alloc) - 5/50 (fetch/transfer)
05-30 14:03:50.546 D/BufferPoolAccessor2.0( 710): evictor expired: 8, evicted: 2
05-30 14:03:50.547 D/BufferPoolAccessor2.0( 639): bufferpool2 0xe9942e48 : 0(0 size) total buffers - 0(0 size) used buffers - 21/23 (recycle/alloc) - 2/22 (fetch/transfer)
05-30 14:03:50.547 D/BufferPoolAccessor2.0( 639): bufferpool2 0xe99416a8 : 0(0 size) total buffers - 0(0 size) used buffers - 25/28 (recycle/alloc) - 3/27 (fetch/transfer)
05-30 14:03:50.547 D/BufferPoolAccessor2.0( 639): bufferpool2 0xe9940388 : 0(0 size) total buffers - 0(0 size) used buffers - 14/19 (recycle/alloc) - 6/18 (fetch/transfer)
05-30 14:03:50.547 D/BufferPoolAccessor2.0( 639): evictor expired: 6, evicted: 3
05-30 14:03:50.584 I//apex/com.android.adbd/bin/adbd( 1395): type=1400 audit(0.0:1049): avc: denied { write } for comm=75736220666673206F70656E name="property_service" dev="tmpfs" ino=411 scontext=u:r:su:s0 tcontext=u:object_r:property_socket:s0 tclass=sock_file permissive=1
05-30 14:03:50.690 I/ThermalService( 976): CPU temperatures: [52.800003]
05-30 14:03:50.773 W/id.ext.services( 1149): ApkAssets: Deleting an ApkAssets object ' and /system/app/dangbei-screencast/dangbei-screencast.apk' with 1 weak references
05-30 14:03:50.873 W/System.err( 1464): java.net.SocketException: Socket is closed
05-30 14:03:50.873 W/System.err( 1464): at com.android.org.conscrypt.AbstractConscryptSocket.checkOpen(AbstractConscryptSocket.java:584)
05-30 14:03:50.874 W/System.err( 1464): at com.android.org.conscrypt.ConscryptEngineSocket.startHandshake(ConscryptEngineSocket.java:196)
05-30 14:03:50.874 W/System.err( 1464): at com.android.org.conscrypt.ConscryptEngineSocket.waitForHandshake(ConscryptEngineSocket.java:609)
05-30 14:03:50.874 W/System.err( 1464): at com.android.org.conscrypt.ConscryptEngineSocket.-$$Nest$mwaitForHandshake(Unknown Source:0)
05-30 14:03:50.874 W/System.err( 1464): at com.android.org.conscrypt.ConscryptEngineSocket$SSLInputStream.read(ConscryptEngineSocket.java:833)
05-30 14:03:50.874 W/System.err( 1464): at okio.InputStreamSource.read(SourceFile:46)
05-30 14:03:50.874 W/System.err( 1464): at okio.AsyncTimeout$source$1.read(SourceFile:13)
05-30 14:03:50.874 W/System.err( 1464): at okio.RealBufferedSource.read(SourceFile:7)
05-30 14:03:50.874 W/System.err( 1464): at okhttp3.internal.http1.Http1ExchangeCodec$AbstractSource.read(SourceFile:12)
05-30 14:03:50.874 W/System.err( 1464): at okhttp3.internal.http1.Http1ExchangeCodec$FixedLengthSource.read(SourceFile:38)
05-30 14:03:50.874 W/System.err( 1464): at okhttp3.internal.connection.Exchange$ResponseBodySource.read(SourceFile:16)
05-30 14:03:50.874 W/System.err( 1464): at okio.RealBufferedSource$inputStream$1.read(SourceFile:18)
05-30 14:03:50.874 W/System.err( 1464): at java.io.FilterInputStream.read(FilterInputStream.java:133)
05-30 14:03:50.874 W/System.err( 1464): at com.bumptech.glide.util.ContentLengthInputStream.read(SourceFile:5)
05-30 14:03:50.874 W/System.err( 1464): at com.bumptech.glide.load.resource.bitmap.RecyclableBufferedInputStream.C(SourceFile:75)
05-30 14:03:50.874 W/System.err( 1464): at com.bumptech.glide.load.resource.bitmap.RecyclableBufferedInputStream.read(SourceFile:23)
05-30 14:03:50.874 W/System.err( 1464): at com.bumptech.glide.load.resource.bitmap.RecyclableBufferedInputStream.C(SourceFile:75)
05-30 14:03:50.874 W/System.err( 1464): at com.bumptech.glide.load.resource.bitmap.RecyclableBufferedInputStream.read(SourceFile:23)
05-30 14:03:50.874 W/System.err( 1464): at com.bumptech.glide.util.ExceptionPassthroughInputStream.read(SourceFile:7)
05-30 14:03:50.874 W/System.err( 1464): at java.io.FilterInputStream.read(FilterInputStream.java:133)
05-30 14:03:50.874 W/System.err( 1464): at com.bumptech.glide.util.MarkEnforcingInputStream.read(SourceFile:5)
05-30 14:03:50.874 W/System.err( 1464): at com.bumptech.glide.load.resource.bitmap.RecyclableBufferedInputStream.C(SourceFile:75)
05-30 14:03:50.874 W/System.err( 1464): at com.bumptech.glide.load.resource.bitmap.RecyclableBufferedInputStream.read(SourceFile:23)
05-30 14:03:50.874 W/System.err( 1464): at android.graphics.BitmapFactory.nativeDecodeStream(Native Method)
05-30 14:03:50.874 W/System.err( 1464): at android.graphics.BitmapFactory.decodeStreamInternal(BitmapFactory.java:803)
05-30 14:03:50.874 W/System.err( 1464): at android.graphics.BitmapFactory.decodeStream(BitmapFactory.java:778)
05-30 14:03:50.874 W/System.err( 1464): at com.bumptech.glide.load.resource.bitmap.ImageReader$InputStreamImageReader.b(Unknown Source:7)
05-30 14:03:50.875 W/System.err( 1464): at com.bumptech.glide.load.resource.bitmap.Downsampler.l(SourceFile:26)
05-30 14:03:50.875 W/System.err( 1464): at com.bumptech.glide.load.resource.bitmap.Downsampler.p(SourceFile:4)
05-30 14:03:50.875 W/System.err( 1464): at com.bumptech.glide.load.resource.bitmap.Downsampler.k(SourceFile:17)
05-30 14:03:50.875 W/System.err( 1464): at com.bumptech.glide.load.resource.bitmap.Downsampler.e(SourceFile:96)
05-30 14:03:50.875 W/System.err( 1464): at com.bumptech.glide.load.resource.bitmap.Downsampler.g(Unknown Source:14)
05-30 14:03:50.875 W/System.err( 1464): at com.bumptech.glide.load.resource.bitmap.StreamBitmapDecoder.c(SourceFile:39)
05-30 14:03:50.875 W/System.err( 1464): at com.bumptech.glide.load.resource.bitmap.StreamBitmapDecoder.b(Unknown Source:2)
05-30 14:03:50.875 W/System.err( 1464): at com.bumptech.glide.load.resource.bitmap.BitmapDrawableDecoder.b(SourceFile:3)
05-30 14:03:50.875 W/System.err( 1464): at com.bumptech.glide.load.engine.DecodePath.c(SourceFile:33)
05-30 14:03:50.875 W/System.err( 1464): at com.bumptech.glide.load.engine.DecodePath.b(SourceFile:19)
05-30 14:03:50.875 W/System.err( 1464): at com.bumptech.glide.load.engine.DecodePath.a(SourceFile:1)
05-30 14:03:50.875 W/System.err( 1464): at com.bumptech.glide.load.engine.LoadPath.c(SourceFile:32)
05-30 14:03:50.875 W/System.err( 1464): at com.bumptech.glide.load.engine.LoadPath.b(SourceFile:20)
05-30 14:03:50.875 W/System.err( 1464): at com.bumptech.glide.load.engine.DecodeJob.A(SourceFile:26)
05-30 14:03:50.875 W/System.err( 1464): at com.bumptech.glide.load.engine.DecodeJob.h(SourceFile:11)
05-30 14:03:50.875 W/System.err( 1464): at com.bumptech.glide.load.engine.DecodeJob.g(SourceFile:12)
05-30 14:03:50.875 W/System.err( 1464): at com.bumptech.glide.load.engine.DecodeJob.i(SourceFile:59)
05-30 14:03:50.875 W/System.err( 1464): at com.bumptech.glide.load.engine.DecodeJob.d(SourceFile:46)
05-30 14:03:50.875 W/System.err( 1464): at com.bumptech.glide.load.engine.g.e(SourceFile:211)
05-30 14:03:50.875 W/System.err( 1464): at com.bumptech.glide.load.engine.g.b(SourceFile:11)
05-30 14:03:50.875 W/System.err( 1464): at com.bumptech.glide.load.engine.DecodeJob.z(SourceFile:24)
05-30 14:03:50.875 W/System.err( 1464): at com.bumptech.glide.load.engine.DecodeJob.B(SourceFile:45)
05-30 14:03:50.875 W/System.err( 1464): at com.bumptech.glide.load.engine.DecodeJob.run(SourceFile:27)
05-30 14:03:50.875 W/System.err( 1464): at java.util.concurrent.ThreadPoolExecutor.runWorker(ThreadPoolExecutor.java:1145)
05-30 14:03:50.875 W/System.err( 1464): at java.util.concurrent.ThreadPoolExecutor$Worker.run(ThreadPoolExecutor.java:644)
05-30 14:03:50.875 W/System.err( 1464): at com.bumptech.glide.load.engine.executor.GlideExecutor$c$a.run(SourceFile:29)
05-30 14:03:50.875 W/System.err( 1464): at java.lang.Thread.run(Thread.java:1012)
05-30 14:03:50.875 W/System.err( 1464): at com.bumptech.glide.load.engine.executor.GlideExecutor$b$a.run(SourceFile:6)
05-30 14:03:50.875 D/OpenGLRenderer( 1464): ---- read threw an exception
05-30 14:03:50.875 D/OpenGLRenderer( 1464): --- Failed to create image decoder with message 'unimplemented'
05-30 14:03:50.877 W/System.err( 1464): java.net.SocketException: Socket is closed
05-30 14:03:50.877 W/System.err( 1464): at com.android.org.conscrypt.AbstractConscryptSocket.checkOpen(AbstractConscryptSocket.java:584)
05-30 14:03:50.877 W/System.err( 1464): at com.android.org.conscrypt.ConscryptEngineSocket.startHandshake(ConscryptEngineSocket.java:196)
05-30 14:03:50.877 W/System.err( 1464): at com.android.org.conscrypt.ConscryptEngineSocket.waitForHandshake(ConscryptEngineSocket.java:609)
05-30 14:03:50.877 W/System.err( 1464): at com.android.org.conscrypt.ConscryptEngineSocket.-$$Nest$mwaitForHandshake(Unknown Source:0)
05-30 14:03:50.877 W/System.err( 1464): at com.android.org.conscrypt.ConscryptEngineSocket$SSLInputStream.read(ConscryptEngineSocket.java:833)
05-30 14:03:50.877 W/System.err( 1464): at okio.InputStreamSource.read(SourceFile:46)
05-30 14:03:50.877 W/System.err( 1464): at okio.AsyncTimeout$source$1.read(SourceFile:13)
05-30 14:03:50.878 W/System.err( 1464): at okio.RealBufferedSource.read(SourceFile:7)
05-30 14:03:50.878 W/System.err( 1464): at okhttp3.internal.http1.Http1ExchangeCodec$AbstractSource.read(SourceFile:12)
05-30 14:03:50.878 W/System.err( 1464): at okhttp3.internal.http1.Http1ExchangeCodec$FixedLengthSource.read(SourceFile:38)
05-30 14:03:50.878 W/System.err( 1464): at okhttp3.internal.connection.Exchange$ResponseBodySource.read(SourceFile:16)
05-30 14:03:50.878 W/System.err( 1464): at okio.RealBufferedSource$inputStream$1.read(SourceFile:18)
05-30 14:03:50.878 W/System.err( 1464): at java.io.FilterInputStream.read(FilterInputStream.java:133)
05-30 14:03:50.878 W/System.err( 1464): at com.bumptech.glide.util.ContentLengthInputStream.read(SourceFile:5)
05-30 14:03:50.878 W/System.err( 1464): at com.bumptech.glide.load.resource.bitmap.RecyclableBufferedInputStream.C(SourceFile:75)
05-30 14:03:50.878 W/System.err( 1464): at com.bumptech.glide.load.resource.bitmap.RecyclableBufferedInputStream.read(SourceFile:23)
05-30 14:03:50.878 W/System.err( 1464): at com.bumptech.glide.load.resource.bitmap.RecyclableBufferedInputStream.C(SourceFile:75)
05-30 14:03:50.878 W/System.err( 1464): at com.bumptech.glide.load.resource.bitmap.RecyclableBufferedInputStream.read(SourceFile:23)
05-30 14:03:50.878 W/System.err( 1464): at com.bumptech.glide.util.ExceptionPassthroughInputStream.read(SourceFile:7)
05-30 14:03:50.878 W/System.err( 1464): at java.io.FilterInputStream.read(FilterInputStream.java:133)
05-30 14:03:50.878 W/System.err( 1464): at com.bumptech.glide.util.MarkEnforcingInputStream.read(SourceFile:5)
05-30 14:03:50.878 W/System.err( 1464): at com.bumptech.glide.load.resource.bitmap.RecyclableBufferedInputStream.C(SourceFile:75)
05-30 14:03:50.878 W/System.err( 1464): at com.bumptech.glide.load.resource.bitmap.RecyclableBufferedInputStream.read(SourceFile:23)
05-30 14:03:50.878 W/System.err( 1464): at android.graphics.BitmapFactory.nativeDecodeStream(Native Method)
05-30 14:03:50.878 W/System.err( 1464): at android.graphics.BitmapFactory.decodeStreamInternal(BitmapFactory.java:803)
05-30 14:03:50.878 W/System.err( 1464): at android.graphics.BitmapFactory.decodeStream(BitmapFactory.java:778)
05-30 14:03:50.878 W/System.err( 1464): at com.bumptech.glide.load.resource.bitmap.ImageReader$InputStreamImageReader.b(Unknown Source:7)
05-30 14:03:50.878 W/System.err( 1464): at com.bumptech.glide.load.resource.bitmap.Downsampler.l(SourceFile:26)
05-30 14:03:50.878 W/System.err( 1464): at com.bumptech.glide.load.resource.bitmap.Downsampler.p(SourceFile:4)
05-30 14:03:50.878 W/System.err( 1464): at com.bumptech.glide.load.resource.bitmap.Downsampler.k(SourceFile:17)
05-30 14:03:50.878 W/System.err( 1464): at com.bumptech.glide.load.resource.bitmap.Downsampler.e(SourceFile:96)
05-30 14:03:50.878 W/System.err( 1464): at com.bumptech.glide.load.resource.bitmap.Downsampler.g(Unknown Source:14)
05-30 14:03:50.878 W/System.err( 1464): at com.bumptech.glide.load.resource.bitmap.StreamBitmapDecoder.c(SourceFile:39)
05-30 14:03:50.878 W/System.err( 1464): at com.bumptech.glide.load.resource.bitmap.StreamBitmapDecoder.b(Unknown Source:2)
05-30 14:03:50.878 W/System.err( 1464): at com.bumptech.glide.load.engine.DecodePath.c(SourceFile:33)
05-30 14:03:50.878 W/System.err( 1464): at com.bumptech.glide.load.engine.DecodePath.b(SourceFile:19)
05-30 14:03:50.878 W/System.err( 1464): at com.bumptech.glide.load.engine.DecodePath.a(SourceFile:1)
05-30 14:03:50.878 W/System.err( 1464): at com.bumptech.glide.load.engine.LoadPath.c(SourceFile:32)
05-30 14:03:50.878 W/System.err( 1464): at com.bumptech.glide.load.engine.LoadPath.b(SourceFile:20)
05-30 14:03:50.878 W/System.err( 1464): at com.bumptech.glide.load.engine.DecodeJob.A(SourceFile:26)
05-30 14:03:50.878 W/System.err( 1464): at com.bumptech.glide.load.engine.DecodeJob.h(SourceFile:11)
05-30 14:03:50.878 W/System.err( 1464): at com.bumptech.glide.load.engine.DecodeJob.g(SourceFile:12)
05-30 14:03:50.878 W/System.err( 1464): at com.bumptech.glide.load.engine.DecodeJob.i(SourceFile:59)
05-30 14:03:50.878 W/System.err( 1464): at com.bumptech.glide.load.engine.DecodeJob.d(SourceFile:46)
05-30 14:03:50.878 W/System.err( 1464): at com.bumptech.glide.load.engine.g.e(SourceFile:211)
05-30 14:03:50.878 W/System.err( 1464): at com.bumptech.glide.load.engine.g.b(SourceFile:11)
05-30 14:03:50.878 W/System.err( 1464): at com.bumptech.glide.load.engine.DecodeJob.z(SourceFile:24)
05-30 14:03:50.879 W/System.err( 1464): at com.bumptech.glide.load.engine.DecodeJob.B(SourceFile:45)
05-30 14:03:50.879 W/System.err( 1464): at com.bumptech.glide.load.engine.DecodeJob.run(SourceFile:27)
05-30 14:03:50.879 W/System.err( 1464): at java.util.concurrent.ThreadPoolExecutor.runWorker(ThreadPoolExecutor.java:1145)
05-30 14:03:50.879 W/System.err( 1464): at java.util.concurrent.ThreadPoolExecutor$Worker.run(ThreadPoolExecutor.java:644)
05-30 14:03:50.879 W/System.err( 1464): at com.bumptech.glide.load.engine.executor.GlideExecutor$c$a.run(SourceFile:29)
05-30 14:03:50.879 W/System.err( 1464): at java.lang.Thread.run(Thread.java:1012)
05-30 14:03:50.879 W/System.err( 1464): at com.bumptech.glide.load.engine.executor.GlideExecutor$b$a.run(SourceFile:6)
05-30 14:03:50.879 D/OpenGLRenderer( 1464): ---- read threw an exception
05-30 14:03:50.879 D/OpenGLRenderer( 1464): --- Failed to create image decoder with message 'unimplemented'
05-30 14:03:50.880 W/System.err( 1464): java.net.SocketException: Socket is closed
05-30 14:03:50.880 W/System.err( 1464): at com.android.org.conscrypt.AbstractConscryptSocket.checkOpen(AbstractConscryptSocket.java:584)
05-30 14:03:50.881 W/System.err( 1464): at com.android.org.conscrypt.ConscryptEngineSocket.startHandshake(ConscryptEngineSocket.java:196)
05-30 14:03:50.881 W/System.err( 1464): at com.android.org.conscrypt.ConscryptEngineSocket.waitForHandshake(ConscryptEngineSocket.java:609)
05-30 14:03:50.881 W/System.err( 1464): at com.android.org.conscrypt.ConscryptEngineSocket.-$$Nest$mwaitForHandshake(Unknown Source:0)
05-30 14:03:50.881 W/System.err( 1464): at com.android.org.conscrypt.ConscryptEngineSocket$SSLInputStream.read(ConscryptEngineSocket.java:833)
05-30 14:03:50.881 W/System.err( 1464): at okio.InputStreamSource.read(SourceFile:46)
05-30 14:03:50.881 W/System.err( 1464): at okio.AsyncTimeout$source$1.read(SourceFile:13)
05-30 14:03:50.881 W/System.err( 1464): at okio.RealBufferedSource.read(SourceFile:7)
05-30 14:03:50.881 W/System.err( 1464): at okhttp3.internal.http1.Http1ExchangeCodec$AbstractSource.read(SourceFile:12)
05-30 14:03:50.881 W/System.err( 1464): at okhttp3.internal.http1.Http1ExchangeCodec$FixedLengthSource.read(SourceFile:38)
05-30 14:03:50.881 W/System.err( 1464): at okhttp3.internal.connection.Exchange$ResponseBodySource.read(SourceFile:16)
05-30 14:03:50.881 W/System.err( 1464): at okio.RealBufferedSource$inputStream$1.read(SourceFile:18)
05-30 14:03:50.881 W/System.err( 1464): at java.io.FilterInputStream.read(FilterInputStream.java:133)
05-30 14:03:50.881 W/System.err( 1464): at com.bumptech.glide.util.ContentLengthInputStream.read(SourceFile:5)
05-30 14:03:50.881 W/System.err( 1464): at com.bumptech.glide.load.resource.bitmap.RecyclableBufferedInputStream.C(SourceFile:75)
05-30 14:03:50.881 W/System.err( 1464): at com.bumptech.glide.load.resource.bitmap.RecyclableBufferedInputStream.read(SourceFile:23)
05-30 14:03:50.881 W/System.err( 1464): at com.bumptech.glide.load.resource.bitmap.RecyclableBufferedInputStream.C(SourceFile:75)
05-30 14:03:50.881 W/System.err( 1464): at com.bumptech.glide.load.resource.bitmap.RecyclableBufferedInputStream.read(SourceFile:23)
05-30 14:03:50.881 W/System.err( 1464): at com.bumptech.glide.util.ExceptionPassthroughInputStream.read(SourceFile:7)
05-30 14:03:50.881 W/System.err( 1464): at java.io.FilterInputStream.read(FilterInputStream.java:133)
05-30 14:03:50.881 W/System.err( 1464): at com.bumptech.glide.util.MarkEnforcingInputStream.read(SourceFile:5)
05-30 14:03:50.881 W/System.err( 1464): at com.bumptech.glide.load.resource.bitmap.RecyclableBufferedInputStream.C(SourceFile:75)
05-30 14:03:50.881 W/System.err( 1464): at com.bumptech.glide.load.resource.bitmap.RecyclableBufferedInputStream.read(SourceFile:23)
05-30 14:03:50.881 W/System.err( 1464): at android.graphics.BitmapFactory.nativeDecodeStream(Native Method)
05-30 14:03:50.881 W/System.err( 1464): at android.graphics.BitmapFactory.decodeStreamInternal(BitmapFactory.java:803)
05-30 14:03:50.881 W/System.err( 1464): at android.graphics.BitmapFactory.decodeStream(BitmapFactory.java:778)
05-30 14:03:50.881 W/System.err( 1464): at com.bumptech.glide.load.resource.bitmap.ImageReader$InputStreamImageReader.b(Unknown Source:7)
05-30 14:03:50.881 W/System.err( 1464): at com.bumptech.glide.load.resource.bitmap.Downsampler.l(SourceFile:26)
05-30 14:03:50.881 W/System.err( 1464): at com.bumptech.glide.load.resource.bitmap.Downsampler.p(SourceFile:4)
05-30 14:03:50.881 W/System.err( 1464): at com.bumptech.glide.load.resource.bitmap.Downsampler.k(SourceFile:17)
05-30 14:03:50.881 W/System.err( 1464): at com.bumptech.glide.load.resource.bitmap.Downsampler.e(SourceFile:96)
05-30 14:03:50.881 W/System.err( 1464): at com.bumptech.glide.load.resource.bitmap.Downsampler.g(Unknown Source:14)
05-30 14:03:50.881 W/System.err( 1464): at com.bumptech.glide.load.resource.bitmap.StreamBitmapDecoder.c(SourceFile:39)
05-30 14:03:50.881 W/System.err( 1464): at com.bumptech.glide.load.resource.bitmap.StreamBitmapDecoder.b(Unknown Source:2)
05-30 14:03:50.881 W/System.err( 1464): at com.bumptech.glide.load.resource.bitmap.BitmapDrawableDecoder.b(SourceFile:3)
05-30 14:03:50.881 W/System.err( 1464): at com.bumptech.glide.load.engine.DecodePath.c(SourceFile:33)
05-30 14:03:50.882 W/System.err( 1464): at com.bumptech.glide.load.engine.DecodePath.b(SourceFile:19)
05-30 14:03:50.882 W/System.err( 1464): at com.bumptech.glide.load.engine.DecodePath.a(SourceFile:1)
05-30 14:03:50.882 W/System.err( 1464): at com.bumptech.glide.load.engine.LoadPath.c(SourceFile:32)
05-30 14:03:50.882 W/System.err( 1464): at com.bumptech.glide.load.engine.LoadPath.b(SourceFile:20)
05-30 14:03:50.882 W/System.err( 1464): at com.bumptech.glide.load.engine.DecodeJob.A(SourceFile:26)
05-30 14:03:50.882 W/System.err( 1464): at com.bumptech.glide.load.engine.DecodeJob.h(SourceFile:11)
05-30 14:03:50.882 W/System.err( 1464): at com.bumptech.glide.load.engine.DecodeJob.g(SourceFile:12)
05-30 14:03:50.882 W/System.err( 1464): at com.bumptech.glide.load.engine.DecodeJob.i(SourceFile:59)
05-30 14:03:50.882 W/System.err( 1464): at com.bumptech.glide.load.engine.DecodeJob.d(SourceFile:46)
05-30 14:03:50.882 W/System.err( 1464): at com.bumptech.glide.load.engine.g.e(SourceFile:211)
05-30 14:03:50.882 W/System.err( 1464): at com.bumptech.glide.load.engine.g.b(SourceFile:11)
05-30 14:03:50.882 W/System.err( 1464): at com.bumptech.glide.load.engine.DecodeJob.z(SourceFile:24)
05-30 14:03:50.882 W/System.err( 1464): at com.bumptech.glide.load.engine.DecodeJob.B(SourceFile:45)
05-30 14:03:50.882 W/System.err( 1464): at com.bumptech.glide.load.engine.DecodeJob.run(SourceFile:27)
05-30 14:03:50.882 W/System.err( 1464): at java.util.concurrent.ThreadPoolExecutor.runWorker(ThreadPoolExecutor.java:1145)
05-30 14:03:50.882 W/System.err( 1464): at java.util.concurrent.ThreadPoolExecutor$Worker.run(ThreadPoolExecutor.java:644)
05-30 14:03:50.882 W/System.err( 1464): at com.bumptech.glide.load.engine.executor.GlideExecutor$c$a.run(SourceFile:29)
05-30 14:03:50.882 W/System.err( 1464): at java.lang.Thread.run(Thread.java:1012)
05-30 14:03:50.882 W/System.err( 1464): at com.bumptech.glide.load.engine.executor.GlideExecutor$b$a.run(SourceFile:6)
05-30 14:03:50.882 D/OpenGLRenderer( 1464): ---- read threw an exception
05-30 14:03:50.882 D/OpenGLRenderer( 1464): --- Failed to create image decoder with message 'unimplemented'
05-30 14:03:50.884 E/hq ( 1464): CrashHandler:::图片加载异常 message=Failed to load resource
05-30 14:03:50.884 E/hq ( 1464): There were 4 root causes:
05-30 14:03:50.884 E/hq ( 1464): java.net.SocketException(Socket is closed)
05-30 14:03:50.884 E/hq ( 1464): java.net.SocketException(Socket is closed)
05-30 14:03:50.884 E/hq ( 1464): java.net.SocketException(Socket is closed)
05-30 14:03:50.884 E/hq ( 1464): java.net.SocketException(Socket is closed)
05-30 14:03:50.884 E/hq ( 1464): call GlideException#logRootCauses(String) for more detail
05-30 14:03:50.884 E/hq ( 1464): model=https://zmimg.dangbei.net/operatecenter/20250409/lcnftoihpkndf.png
05-30 14:03:50.884 E/hq ( 1464): target=Target for: android.widget.ImageView{a0d9612 V.ED..... ........ 0,0-320,180}
05-30 14:03:50.992 I/cling--ap-3( 2163): type=1400 audit(0.0:1050): avc: denied { read } for name="address" dev="sysfs" ino=22127 scontext=u:r:untrusted_app_27:s0:c44,c256,c512,c768 tcontext=u:object_r:sysfs_net:s0 tclass=file permissive=1 app=com.dangbei.screencast
05-30 14:03:50.992 I/cling--ap-3( 2163): type=1400 audit(0.0:1051): avc: denied { open } for path="/sys/devices/virtual/net/dummy0/address" dev="sysfs" ino=22127 scontext=u:r:untrusted_app_27:s0:c44,c256,c512,c768 tcontext=u:object_r:sysfs_net:s0 tclass=file permissive=1 app=com.dangbei.screencast
05-30 14:03:50.992 I/cling--ap-3( 2163): type=1400 audit(0.0:1052): avc: denied { getattr } for path="/sys/devices/virtual/net/dummy0/address" dev="sysfs" ino=22127 scontext=u:r:untrusted_app_27:s0:c44,c256,c512,c768 tcontext=u:object_r:sysfs_net:s0 tclass=file permissive=1 app=com.dangbei.screencast
05-30 14:03:51.017 D/XM_HIDREAD( 1944): poll ret=1, event=1
05-30 14:03:51.017 D/XM_HIDREAD( 1944): [9 bytes]:01 00 00 51 00 00 00 00 00
05-30 14:03:51.019 I/SogouIME( 1877): onKeyDown: keyoCode=20
05-30 14:03:51.019 I/DefaultIMS( 1877): onKeyDown: keyoCode=20
05-30 14:03:51.152 D/XM_HIDREAD( 1944): poll ret=1, event=1
05-30 14:03:51.152 D/XM_HIDREAD( 1944): [9 bytes]:01 00 00 00 00 00 00 00 00
05-30 14:03:51.154 I/SogouIME( 1877): onKeyUp: keyoCode=20
05-30 14:03:51.154 I/DefaultIMS( 1877): onKeyUp: keyoCode=20
05-30 14:03:51.249 I/DroidAudioManager.J( 1430): getService get IDroidAudio service success. ^_^
05-30 14:03:51.250 I/DroidAudio( 244): [registerClient:120] pid:1430, uid:1000
05-30 14:03:51.250 I/DroidAudio( 244): [registerClient:130] client:0xee3439dc, uid:1000 pid:1430, client cout:2
05-30 14:03:51.256 I/binder:1430_5( 1430): type=1400 audit(0.0:1053): avc: denied { open } for path="/dev/__properties__/u:object_r:vendor_default_prop:s0" dev="tmpfs" ino=377 scontext=u:r:system_app:s0 tcontext=u:object_r:vendor_default_prop:s0 tclass=file permissive=1
05-30 14:03:51.258 E/ccc ( 1430): cccccc led current is 100 标准
05-30 14:03:51.259 E/ccc ( 1430): cccccc led current is null
05-30 14:03:51.263 D/BluetoothAdapterService( 1090): cancelDiscovery
05-30 14:03:51.263 I/bt_btif_dm( 1090): packages/modules/Bluetooth/system/btif/src/btif_dm.cc:2470 btif_dm_cancel_discovery: Cancel search
05-30 14:03:51.263 I/bluetooth( 1090): packages/modules/Bluetooth/system/bta/dm/bta_dm_main.cc:96 bta_dm_search_sm_execute: state:BTA_DM_SEARCH_IDLE, event:BTA_DM_API_SEARCH_CANCEL_EVT[0x201]
05-30 14:03:51.269 E/ccc ( 1430): cccccc led current is 100 标准
05-30 14:03:51.269 E/ccc ( 1430): cccccc led current is null
05-30 14:03:51.724 E/TaskPersister( 710): File error accessing recents directory (directory doesn't exist?).
05-30 14:03:51.750 W/bei.lerad.rocky( 1686): ApkAssets: Deleting an ApkAssets object ' and /system/app/dangbei-feedback/dangbei-feedback.apk' with 1 weak references
05-30 14:03:51.751 W/bei.lerad.rocky( 1686): ApkAssets: Deleting an ApkAssets object ' and /apex/com.android.uwb/priv-app/ServiceUwbResources@UD2A.240505.001.W1/ServiceUwbResources.apk' with 1 weak references
05-30 14:03:51.751 W/bei.lerad.rocky( 1686): ApkAssets: Deleting an ApkAssets object ' and /apex/com.android.adservices/priv-app/AdServicesApk@UD2A.240505.001.W1/AdServicesApk.apk' with 1 weak references
05-30 14:03:51.751 W/bei.lerad.rocky( 1686): ApkAssets: Deleting an ApkAssets object ' and /system/priv-app/DynamicSystemInstallationService/DynamicSystemInstallationService.apk' with 1 weak references
05-30 14:03:51.752 W/bei.lerad.rocky( 1686): ApkAssets: Deleting an ApkAssets object ' and /apex/com.android.healthfitness/priv-app/HealthConnectController@UD2A.240505.001.W1/HealthConnectController.apk' with 1 weak references
05-30 14:03:51.752 W/bei.lerad.rocky( 1686): ApkAssets: Deleting an ApkAssets object ' and /system/priv-app/CalendarProvider/CalendarProvider.apk' with 1 weak references
05-30 14:03:51.752 W/bei.lerad.rocky( 1686): ApkAssets: Deleting an ApkAssets object ' and /system_ext/priv-app/TvSettings/TvSettings.apk' with 1 weak references
05-30 14:03:51.752 W/bei.lerad.rocky( 1686): ApkAssets: Deleting an ApkAssets object ' and /system/app/dangbei-steward/dangbei-steward.apk' with 1 weak references
05-30 14:03:51.753 W/bei.lerad.rocky( 1686): ApkAssets: Deleting an ApkAssets object ' and /system/app/com.sohu.inputmethod.sogou.tv/com.sohu.inputmethod.sogou.tv.apk' with 1 weak references
05-30 14:03:51.753 W/bei.lerad.rocky( 1686): ApkAssets: Deleting an ApkAssets object ' and /system/priv-app/ExternalStorageProvider/ExternalStorageProvider.apk' with 1 weak references
05-30 14:03:51.753 W/bei.lerad.rocky( 1686): ApkAssets: Deleting an ApkAssets object ' and /system/app/HTMLViewer/HTMLViewer.apk' with 1 weak references
05-30 14:03:51.758 W/bei.lerad.rocky( 1686): ApkAssets: Deleting an ApkAssets object ' and /system/app/CompanionDeviceManager/CompanionDeviceManager.apk' with 1 weak references
05-30 14:03:51.758 W/bei.lerad.rocky( 1686): ApkAssets: Deleting an ApkAssets object ' and /system/priv-app/DownloadProvider/DownloadProvider.apk' with 1 weak references
05-30 14:03:51.758 W/bei.lerad.rocky( 1686): ApkAssets: Deleting an ApkAssets object ' and /system/priv-app/TvProvider/TvProvider.apk' with 1 weak references
05-30 14:03:51.758 W/bei.lerad.rocky( 1686): ApkAssets: Deleting an ApkAssets object '/product/overlay/TvProviderOverlay.apk' with 1 weak references
05-30 14:03:51.758 W/bei.lerad.rocky( 1686): ApkAssets: Deleting an ApkAssets object ' and /product/app/DLNA/DLNA.apk' with 1 weak references
05-30 14:03:51.758 W/bei.lerad.rocky( 1686): ApkAssets: Deleting an ApkAssets object ' and /system_ext/priv-app/droidlogic-res/droidlogic-res.apk' with 1 weak references
05-30 14:03:51.759 W/bei.lerad.rocky( 1686): ApkAssets: Deleting an ApkAssets object ' and /system_ext/priv-app/DroidTvSettings/DroidTvSettings.apk' with 1 weak references
05-30 14:03:51.759 W/bei.lerad.rocky( 1686): ApkAssets: Deleting an ApkAssets object ' and /system/app/LedCtrl/LedCtrl.apk' with 1 weak references
05-30 14:03:51.759 W/bei.lerad.rocky( 1686): ApkAssets: Deleting an ApkAssets object ' and /system/app/dangbei-media-player/dangbei-media-player.apk' with 1 weak references
05-30 14:03:51.760 W/bei.lerad.rocky( 1686): ApkAssets: Deleting an ApkAssets object ' and /system/app/PacProcessor/PacProcessor.apk' with 1 weak references
05-30 14:03:51.760 W/bei.lerad.rocky( 1686): ApkAssets: Deleting an ApkAssets object ' and /apex/com.android.permission/priv-app/SafetyCenterResources@UD2A.240505.001.W1/SafetyCenterResources.apk' with 1 weak references
05-30 14:03:51.760 W/bei.lerad.rocky( 1686): ApkAssets: Deleting an ApkAssets object ' and /system/priv-app/NetworkStackNext/NetworkStackNext.apk' with 1 weak references
05-30 14:03:51.760 W/bei.lerad.rocky( 1686): ApkAssets: Deleting an ApkAssets object '/product/overlay/TvNetworkStackOverlay.apk' with 1 weak references
05-30 14:03:51.760 W/bei.lerad.rocky( 1686): ApkAssets: Deleting an ApkAssets object ' and /apex/com.android.tethering/priv-app/ServiceConnectivityResources@UD2A.240505.001.W1/ServiceConnectivityResources.apk' with 1 weak references
05-30 14:03:51.760 W/bei.lerad.rocky( 1686): ApkAssets: Deleting an ApkAssets object ' and /product/app/ModuleMetadata/ModuleMetadata.apk' with 1 weak references
05-30 14:03:51.760 W/bei.lerad.rocky( 1686): ApkAssets: Deleting an ApkAssets object ' and /system/app/CertInstaller/CertInstaller.apk' with 1 weak references
05-30 14:03:51.761 W/bei.lerad.rocky( 1686): ApkAssets: Deleting an ApkAssets object ' and /system/framework/framework-res.apk' with 1 weak references
05-30 14:03:51.761 W/bei.lerad.rocky( 1686): ApkAssets: Deleting an ApkAssets object ' and /product/app/Camera2/Camera2.apk' with 1 weak references
05-30 14:03:51.762 W/bei.lerad.rocky( 1686): ApkAssets: Deleting an ApkAssets object ' and /system/priv-app/MtpService/MtpService.apk' with 1 weak references
05-30 14:03:51.762 W/bei.lerad.rocky( 1686): ApkAssets: Deleting an ApkAssets object ' and /system/priv-app/StatementService/StatementService.apk' with 1 weak references
05-30 14:03:51.762 W/bei.lerad.rocky( 1686): ApkAssets: Deleting an ApkAssets object ' and /system/app/dangbei-screencast/dangbei-screencast.apk' with 1 weak references
05-30 14:03:51.762 W/bei.lerad.rocky( 1686): ApkAssets: Deleting an ApkAssets object ' and /product/priv-app/SettingsIntelligence/SettingsIntelligence.apk' with 1 weak references
05-30 14:03:51.763 W/bei.lerad.rocky( 1686): ApkAssets: Deleting an ApkAssets object ' and /system/app/dangbei-launcher/dangbei-launcher.apk' with 1 weak references
05-30 14:03:51.763 W/bei.lerad.rocky( 1686): ApkAssets: Deleting an ApkAssets object ' and /system/app/PrintSpooler/PrintSpooler.apk' with 1 weak references
05-30 14:03:51.763 W/bei.lerad.rocky( 1686): ApkAssets: Deleting an ApkAssets object ' and /system/app/BasicDreams/BasicDreams.apk' with 1 weak references
05-30 14:03:51.763 W/bei.lerad.rocky( 1686): ApkAssets: Deleting an ApkAssets object ' and /system/priv-app/InputDevices/InputDevices.apk' with 1 weak references
05-30 14:03:51.763 W/bei.lerad.rocky( 1686): ApkAssets: Deleting an ApkAssets object ' and /apex/com.android.rkpd/priv-app/rkpdapp@UD2A.240505.001.W1/rkpdapp.apk' with 1 weak references
05-30 14:03:51.763 W/bei.lerad.rocky( 1686): ApkAssets: Deleting an ApkAssets object ' and /system/app/InputMacSn/InputMacSn.apk' with 1 weak references
05-30 14:03:51.764 W/bei.lerad.rocky( 1686): ApkAssets: Deleting an ApkAssets object ' and /system/priv-app/MusicFX/MusicFX.apk' with 1 weak references
05-30 14:03:51.764 W/bei.lerad.rocky( 1686): ApkAssets: Deleting an ApkAssets object ' and /system/priv-app/dangbei-boot-guide/dangbei-boot-guide.apk' with 1 weak references
05-30 14:03:51.764 W/bei.lerad.rocky( 1686): ApkAssets: Deleting an ApkAssets object ' and /system/app/ExtShared/ExtShared.apk' with 1 weak references
05-30 14:03:51.764 W/bei.lerad.rocky( 1686): ApkAssets: Deleting an ApkAssets object ' and /system/app/KeyChain/KeyChain.apk' with 1 weak references
05-30 14:03:51.764 W/bei.lerad.rocky( 1686): ApkAssets: Deleting an ApkAssets object ' and /apex/com.android.extservices/priv-app/ExtServices@UD2A.240505.001.W1/ExtServices.apk' with 1 weak references
05-30 14:03:51.764 W/bei.lerad.rocky( 1686): ApkAssets: Deleting an ApkAssets object ' and /apex/com.android.wifi/priv-app/ServiceWifiResources@UD2A.240505.001.W1/ServiceWifiResources.apk' with 1 weak references
05-30 14:03:51.765 W/bei.lerad.rocky( 1686): ApkAssets: Deleting an ApkAssets object '/product/overlay/TvWifiOverlay.apk' with 1 weak references
05-30 14:03:51.765 W/bei.lerad.rocky( 1686): ApkAssets: Deleting an ApkAssets object '/product/overlay/WiFiTetheringOverlay.apk' with 1 weak references
05-30 14:03:51.765 W/bei.lerad.rocky( 1686): ApkAssets: Deleting an ApkAssets object ' and /system/app/CameraExtensionsProxy/CameraExtensionsProxy.apk' with 1 weak references
05-30 14:03:51.765 W/bei.lerad.rocky( 1686): ApkAssets: Deleting an ApkAssets object ' and /system_ext/priv-app/MicToggleProvider/MicToggleProvider.apk' with 1 weak references
05-30 14:03:51.765 W/bei.lerad.rocky( 1686): ApkAssets: Deleting an ApkAssets object ' and /system/priv-app/PackageInstaller_tv/PackageInstaller_tv.apk' with 1 weak references
05-30 14:03:51.765 W/bei.lerad.rocky( 1686): ApkAssets: Deleting an ApkAssets object ' and /system/app/FactoryTest_oranth/FactoryTest_oranth.apk' with 1 weak references
05-30 14:03:51.766 W/bei.lerad.rocky( 1686): ApkAssets: Deleting an ApkAssets object ' and /system/priv-app/ProxyHandler/ProxyHandler.apk' with 1 weak references
05-30 14:03:51.766 W/bei.lerad.rocky( 1686): ApkAssets: Deleting an ApkAssets object ' and /system/priv-app/IntentResolver/IntentResolver.apk' with 1 weak references
05-30 14:03:51.766 W/bei.lerad.rocky( 1686): ApkAssets: Deleting an ApkAssets object ' and /system/priv-app/ManagedProvisioning/ManagedProvisioning.apk' with 1 weak references
05-30 14:03:51.766 W/bei.lerad.rocky( 1686): ApkAssets: Deleting an ApkAssets object ' and /system/app/UsbOpenFT/UsbOpenFT.apk' with 1 weak references
05-30 14:03:51.766 W/bei.lerad.rocky( 1686): ApkAssets: Deleting an ApkAssets object ' and /system/priv-app/SoundPicker/SoundPicker.apk' with 1 weak references
05-30 14:03:51.766 W/bei.lerad.rocky( 1686): ApkAssets: Deleting an ApkAssets object ' and /system/app/dangbei-etna-service/dangbei-etna-service.apk' with 1 weak references
05-30 14:03:51.767 W/bei.lerad.rocky( 1686): ApkAssets: Deleting an ApkAssets object ' and /product/app/Miracast/Miracast.apk' with 1 weak references
05-30 14:03:51.767 W/bei.lerad.rocky( 1686): ApkAssets: Deleting an ApkAssets object ' and /system/app/dangbei-file-manager/dangbei-file-manager.apk' with 1 weak references
05-30 14:03:51.767 W/bei.lerad.rocky( 1686): ApkAssets: Deleting an ApkAssets object ' and /system/app/PowerUI/PowerUI.apk' with 1 weak references
05-30 14:03:51.767 W/bei.lerad.rocky( 1686): ApkAssets: Deleting an ApkAssets object ' and /system/app/dangbei-screensaver/dangbei-screensaver.apk' with 1 weak references
05-30 14:03:51.767 W/bei.lerad.rocky( 1686): ApkAssets: Deleting an ApkAssets object ' and /product/app/Music/Music.apk' with 1 weak references
05-30 14:03:51.768 W/bei.lerad.rocky( 1686): ApkAssets: Deleting an ApkAssets object ' and /system/priv-app/Shell/Shell.apk' with 1 weak references
05-30 14:03:51.768 W/bei.lerad.rocky( 1686): ApkAssets: Deleting an ApkAssets object ' and /system/priv-app/UserDictionaryProvider/UserDictionaryProvider.apk' with 1 weak references
05-30 14:03:51.768 W/bei.lerad.rocky( 1686): ApkAssets: Deleting an ApkAssets object ' and /apex/com.android.mediaprovider/priv-app/MediaProvider@UD2A.240505.001.W1/MediaProvider.apk' with 1 weak references
05-30 14:03:51.768 W/bei.lerad.rocky( 1686): ApkAssets: Deleting an ApkAssets object ' and /system/app/Low_storage_dialog/Low_storage_dialog.apk' with 1 weak references
05-30 14:03:51.768 W/bei.lerad.rocky( 1686): ApkAssets: Deleting an ApkAssets object ' and /apex/com.android.wifi/app/OsuLogin@UD2A.240505.001.W1/OsuLogin.apk' with 1 weak references
05-30 14:03:51.768 W/bei.lerad.rocky( 1686): ApkAssets: Deleting an ApkAssets object ' and /system/priv-app/FusedLocation/FusedLocation.apk' with 1 weak references
05-30 14:03:51.769 W/bei.lerad.rocky( 1686): ApkAssets: Deleting an ApkAssets object ' and /product/app/DeskClock/DeskClock.apk' with 1 weak references
05-30 14:03:51.769 W/bei.lerad.rocky( 1686): ApkAssets: Deleting an ApkAssets object ' and /system_ext/priv-app/TvSystemUI/TvSystemUI.apk' with 1 weak references
