05-30 14:03:27.976 I/a2dp_codec( 1090): packages/modules/Bluetooth/system/stack/a2dp/a2dp_codec_config.cc:116 createCodec: AAC
05-30 14:03:27.976 I/a2dp_codec( 1090): packages/modules/Bluetooth/system/stack/a2dp/a2dp_codec_config.cc:642 init: init: updated AAC codec priority to 2001
05-30 14:03:27.976 I/a2dp_codec( 1090): packages/modules/Bluetooth/system/stack/a2dp/a2dp_codec_config.cc:116 createCodec: aptX
05-30 14:03:27.976 I/a2dp_codec( 1090): packages/modules/Bluetooth/system/stack/a2dp/a2dp_codec_config.cc:642 init: init: updated aptX codec priority to 3001
05-30 14:03:27.976 I/a2dp_codec( 1090): packages/modules/Bluetooth/system/stack/a2dp/a2dp_codec_config.cc:116 createCodec: aptX-HD
05-30 14:03:27.976 I/a2dp_codec( 1090): packages/modules/Bluetooth/system/stack/a2dp/a2dp_codec_config.cc:642 init: init: updated aptX-HD codec priority to 4001
05-30 14:03:27.976 I/a2dp_codec( 1090): packages/modules/Bluetooth/system/stack/a2dp/a2dp_codec_config.cc:116 createCodec: LDAC
05-30 14:03:27.976 I/a2dp_codec( 1090): packages/modules/Bluetooth/system/stack/a2dp/a2dp_codec_config.cc:642 init: init: updated LDAC codec priority to 5001
05-30 14:03:27.976 I/a2dp_codec( 1090): packages/modules/Bluetooth/system/stack/a2dp/a2dp_codec_config.cc:116 createCodec: LC3 not implemented
05-30 14:03:27.976 I/a2dp_codec( 1090): packages/modules/Bluetooth/system/stack/a2dp/a2dp_codec_config.cc:633 init: init: OPUS codec disabled, updated priority to -1
05-30 14:03:27.976 I/a2dp_codec( 1090): packages/modules/Bluetooth/system/stack/a2dp/a2dp_codec_config.cc:116 createCodec: Opus
05-30 14:03:27.976 I/a2dp_codec( 1090): packages/modules/Bluetooth/system/stack/a2dp/a2dp_codec_config.cc:642 init: init: updated Opus codec priority to -1
05-30 14:03:27.976 I/a2dp_codec( 1090): packages/modules/Bluetooth/system/stack/a2dp/a2dp_codec_config.cc:116 createCodec: SBC SINK
05-30 14:03:27.976 I/a2dp_codec( 1090): packages/modules/Bluetooth/system/stack/a2dp/a2dp_codec_config.cc:116 createCodec: AAC SINK
05-30 14:03:27.976 I/a2dp_codec( 1090): packages/modules/Bluetooth/system/stack/a2dp/a2dp_codec_config.cc:116 createCodec: LDAC SINK
05-30 14:03:27.976 I/a2dp_vendor_ldac_decoder( 1090): packages/modules/Bluetooth/system/stack/a2dp/a2dp_vendor_ldac_decoder.cc:130 A2DP_VendorLoadDecoderLdac: A2DP_VendorLoadDecoderLdac: cannot open LDAC decoder library libldacBT_bco.so: dlopen failed: library "libldacBT_bco.so" not found
05-30 14:03:27.976 E/a2dp_vendor_ldac( 1090): packages/modules/Bluetooth/system/stack/a2dp/a2dp_vendor_ldac.cc:1422 init: init: cannot load the decoder
05-30 14:03:27.976 I/a2dp_codec( 1090): packages/modules/Bluetooth/system/stack/a2dp/a2dp_codec_config.cc:116 createCodec: Opus SINK
05-30 14:03:27.976 I/a2dp_codec( 1090): packages/modules/Bluetooth/system/stack/a2dp/a2dp_codec_config.cc:667 init: init: initialized Source codec LDAC
05-30 14:03:27.976 I/a2dp_codec( 1090): packages/modules/Bluetooth/system/stack/a2dp/a2dp_codec_config.cc:667 init: init: initialized Source codec aptX-HD
05-30 14:03:27.976 I/a2dp_codec( 1090): packages/modules/Bluetooth/system/stack/a2dp/a2dp_codec_config.cc:667 init: init: initialized Source codec aptX
05-30 14:03:27.976 I/a2dp_codec( 1090): packages/modules/Bluetooth/system/stack/a2dp/a2dp_codec_config.cc:667 init: init: initialized Source codec AAC
05-30 14:03:27.976 I/a2dp_codec( 1090): packages/modules/Bluetooth/system/stack/a2dp/a2dp_codec_config.cc:667 init: init: initialized Source codec SBC
05-30 14:03:27.976 I/a2dp_codec( 1090): packages/modules/Bluetooth/system/stack/a2dp/a2dp_codec_config.cc:674 init: init: initialized Sink codec Opus SINK
05-30 14:03:27.976 I/a2dp_codec( 1090): packages/modules/Bluetooth/system/stack/a2dp/a2dp_codec_config.cc:674 init: init: initialized Sink codec AAC SINK
05-30 14:03:27.976 I/a2dp_codec( 1090): packages/modules/Bluetooth/system/stack/a2dp/a2dp_codec_config.cc:674 init: init: initialized Sink codec SBC SINK
05-30 14:03:27.976 I/a2dp_codec( 1090): packages/modules/Bluetooth/system/stack/a2dp/a2dp_codec_config.cc:601 init: init
05-30 14:03:27.977 I/a2dp_codec( 1090): packages/modules/Bluetooth/system/stack/a2dp/a2dp_codec_config.cc:116 createCodec: SBC
05-30 14:03:27.977 I/a2dp_codec( 1090): packages/modules/Bluetooth/system/stack/a2dp/a2dp_codec_config.cc:642 init: init: updated SBC codec priority to 1001
05-30 14:03:27.977 I/a2dp_codec( 1090): packages/modules/Bluetooth/system/stack/a2dp/a2dp_codec_config.cc:116 createCodec: AAC
05-30 14:03:27.977 I/a2dp_codec( 1090): packages/modules/Bluetooth/system/stack/a2dp/a2dp_codec_config.cc:642 init: init: updated AAC codec priority to 2001
05-30 14:03:27.977 I/a2dp_codec( 1090): packages/modules/Bluetooth/system/stack/a2dp/a2dp_codec_config.cc:116 createCodec: aptX
05-30 14:03:27.977 I/a2dp_codec( 1090): packages/modules/Bluetooth/system/stack/a2dp/a2dp_codec_config.cc:642 init: init: updated aptX codec priority to 3001
05-30 14:03:27.977 I/a2dp_codec( 1090): packages/modules/Bluetooth/system/stack/a2dp/a2dp_codec_config.cc:116 createCodec: aptX-HD
05-30 14:03:27.977 I/a2dp_codec( 1090): packages/modules/Bluetooth/system/stack/a2dp/a2dp_codec_config.cc:642 init: init: updated aptX-HD codec priority to 4001
05-30 14:03:27.977 I/a2dp_codec( 1090): packages/modules/Bluetooth/system/stack/a2dp/a2dp_codec_config.cc:116 createCodec: LDAC
05-30 14:03:27.977 I/a2dp_codec( 1090): packages/modules/Bluetooth/system/stack/a2dp/a2dp_codec_config.cc:642 init: init: updated LDAC codec priority to 5001
05-30 14:03:27.977 I/a2dp_codec( 1090): packages/modules/Bluetooth/system/stack/a2dp/a2dp_codec_config.cc:116 createCodec: LC3 not implemented
05-30 14:03:27.977 I/a2dp_codec( 1090): packages/modules/Bluetooth/system/stack/a2dp/a2dp_codec_config.cc:633 init: init: OPUS codec disabled, updated priority to -1
05-30 14:03:27.977 I/a2dp_codec( 1090): packages/modules/Bluetooth/system/stack/a2dp/a2dp_codec_config.cc:116 createCodec: Opus
05-30 14:03:27.977 I/a2dp_codec( 1090): packages/modules/Bluetooth/system/stack/a2dp/a2dp_codec_config.cc:642 init: init: updated Opus codec priority to -1
05-30 14:03:27.977 I/a2dp_codec( 1090): packages/modules/Bluetooth/system/stack/a2dp/a2dp_codec_config.cc:116 createCodec: SBC SINK
05-30 14:03:27.977 I/a2dp_codec( 1090): packages/modules/Bluetooth/system/stack/a2dp/a2dp_codec_config.cc:116 createCodec: AAC SINK
05-30 14:03:27.977 I/a2dp_codec( 1090): packages/modules/Bluetooth/system/stack/a2dp/a2dp_codec_config.cc:116 createCodec: LDAC SINK
05-30 14:03:27.977 I/a2dp_vendor_ldac_decoder( 1090): packages/modules/Bluetooth/system/stack/a2dp/a2dp_vendor_ldac_decoder.cc:130 A2DP_VendorLoadDecoderLdac: A2DP_VendorLoadDecoderLdac: cannot open LDAC decoder library libldacBT_bco.so: dlopen failed: library "libldacBT_bco.so" not found
05-30 14:03:27.977 E/a2dp_vendor_ldac( 1090): packages/modules/Bluetooth/system/stack/a2dp/a2dp_vendor_ldac.cc:1422 init: init: cannot load the decoder
05-30 14:03:27.977 I/a2dp_codec( 1090): packages/modules/Bluetooth/system/stack/a2dp/a2dp_codec_config.cc:116 createCodec: Opus SINK
05-30 14:03:27.977 I/a2dp_codec( 1090): packages/modules/Bluetooth/system/stack/a2dp/a2dp_codec_config.cc:667 init: init: initialized Source codec LDAC
05-30 14:03:27.977 I/a2dp_codec( 1090): packages/modules/Bluetooth/system/stack/a2dp/a2dp_codec_config.cc:667 init: init: initialized Source codec aptX-HD
05-30 14:03:27.977 I/a2dp_codec( 1090): packages/modules/Bluetooth/system/stack/a2dp/a2dp_codec_config.cc:667 init: init: initialized Source codec aptX
05-30 14:03:27.977 I/a2dp_codec( 1090): packages/modules/Bluetooth/system/stack/a2dp/a2dp_codec_config.cc:667 init: init: initialized Source codec AAC
05-30 14:03:27.977 I/a2dp_codec( 1090): packages/modules/Bluetooth/system/stack/a2dp/a2dp_codec_config.cc:667 init: init: initialized Source codec SBC
05-30 14:03:27.977 I/a2dp_codec( 1090): packages/modules/Bluetooth/system/stack/a2dp/a2dp_codec_config.cc:674 init: init: initialized Sink codec Opus SINK
05-30 14:03:27.977 I/a2dp_codec( 1090): packages/modules/Bluetooth/system/stack/a2dp/a2dp_codec_config.cc:674 init: init: initialized Sink codec AAC SINK
05-30 14:03:27.977 I/a2dp_codec( 1090): packages/modules/Bluetooth/system/stack/a2dp/a2dp_codec_config.cc:674 init: init: initialized Sink codec SBC SINK
05-30 14:03:27.977 I/a2dp_codec( 1090): packages/modules/Bluetooth/system/stack/a2dp/a2dp_codec_config.cc:601 init: init
05-30 14:03:27.977 I/a2dp_codec( 1090): packages/modules/Bluetooth/system/stack/a2dp/a2dp_codec_config.cc:116 createCodec: SBC
05-30 14:03:27.977 I/a2dp_codec( 1090): packages/modules/Bluetooth/system/stack/a2dp/a2dp_codec_config.cc:642 init: init: updated SBC codec priority to 1001
05-30 14:03:27.977 I/a2dp_codec( 1090): packages/modules/Bluetooth/system/stack/a2dp/a2dp_codec_config.cc:116 createCodec: AAC
05-30 14:03:27.977 I/a2dp_codec( 1090): packages/modules/Bluetooth/system/stack/a2dp/a2dp_codec_config.cc:642 init: init: updated AAC codec priority to 2001
05-30 14:03:27.977 I/a2dp_codec( 1090): packages/modules/Bluetooth/system/stack/a2dp/a2dp_codec_config.cc:116 createCodec: aptX
05-30 14:03:27.977 I/a2dp_codec( 1090): packages/modules/Bluetooth/system/stack/a2dp/a2dp_codec_config.cc:642 init: init: updated aptX codec priority to 3001
05-30 14:03:27.977 I/a2dp_codec( 1090): packages/modules/Bluetooth/system/stack/a2dp/a2dp_codec_config.cc:116 createCodec: aptX-HD
05-30 14:03:27.977 I/a2dp_codec( 1090): packages/modules/Bluetooth/system/stack/a2dp/a2dp_codec_config.cc:642 init: init: updated aptX-HD codec priority to 4001
05-30 14:03:27.977 I/a2dp_codec( 1090): packages/modules/Bluetooth/system/stack/a2dp/a2dp_codec_config.cc:116 createCodec: LDAC
05-30 14:03:27.977 I/a2dp_codec( 1090): packages/modules/Bluetooth/system/stack/a2dp/a2dp_codec_config.cc:642 init: init: updated LDAC codec priority to 5001
05-30 14:03:27.977 I/a2dp_codec( 1090): packages/modules/Bluetooth/system/stack/a2dp/a2dp_codec_config.cc:116 createCodec: LC3 not implemented
05-30 14:03:27.977 I/a2dp_codec( 1090): packages/modules/Bluetooth/system/stack/a2dp/a2dp_codec_config.cc:633 init: init: OPUS codec disabled, updated priority to -1
05-30 14:03:27.977 I/a2dp_codec( 1090): packages/modules/Bluetooth/system/stack/a2dp/a2dp_codec_config.cc:116 createCodec: Opus
05-30 14:03:27.977 I/a2dp_codec( 1090): packages/modules/Bluetooth/system/stack/a2dp/a2dp_codec_config.cc:642 init: init: updated Opus codec priority to -1
05-30 14:03:27.977 I/a2dp_codec( 1090): packages/modules/Bluetooth/system/stack/a2dp/a2dp_codec_config.cc:116 createCodec: SBC SINK
05-30 14:03:27.977 I/a2dp_codec( 1090): packages/modules/Bluetooth/system/stack/a2dp/a2dp_codec_config.cc:116 createCodec: AAC SINK
05-30 14:03:27.977 I/a2dp_codec( 1090): packages/modules/Bluetooth/system/stack/a2dp/a2dp_codec_config.cc:116 createCodec: LDAC SINK
05-30 14:03:27.978 I/a2dp_vendor_ldac_decoder( 1090): packages/modules/Bluetooth/system/stack/a2dp/a2dp_vendor_ldac_decoder.cc:130 A2DP_VendorLoadDecoderLdac: A2DP_VendorLoadDecoderLdac: cannot open LDAC decoder library libldacBT_bco.so: dlopen failed: library "libldacBT_bco.so" not found
05-30 14:03:27.978 E/a2dp_vendor_ldac( 1090): packages/modules/Bluetooth/system/stack/a2dp/a2dp_vendor_ldac.cc:1422 init: init: cannot load the decoder
05-30 14:03:27.978 I/a2dp_codec( 1090): packages/modules/Bluetooth/system/stack/a2dp/a2dp_codec_config.cc:116 createCodec: Opus SINK
05-30 14:03:27.978 I/a2dp_codec( 1090): packages/modules/Bluetooth/system/stack/a2dp/a2dp_codec_config.cc:667 init: init: initialized Source codec LDAC
05-30 14:03:27.978 I/a2dp_codec( 1090): packages/modules/Bluetooth/system/stack/a2dp/a2dp_codec_config.cc:667 init: init: initialized Source codec aptX-HD
05-30 14:03:27.978 I/a2dp_codec( 1090): packages/modules/Bluetooth/system/stack/a2dp/a2dp_codec_config.cc:667 init: init: initialized Source codec aptX
05-30 14:03:27.978 I/a2dp_codec( 1090): packages/modules/Bluetooth/system/stack/a2dp/a2dp_codec_config.cc:667 init: init: initialized Source codec AAC
05-30 14:03:27.978 I/a2dp_codec( 1090): packages/modules/Bluetooth/system/stack/a2dp/a2dp_codec_config.cc:667 init: init: initialized Source codec SBC
05-30 14:03:27.978 I/a2dp_codec( 1090): packages/modules/Bluetooth/system/stack/a2dp/a2dp_codec_config.cc:674 init: init: initialized Sink codec Opus SINK
05-30 14:03:27.978 I/a2dp_codec( 1090): packages/modules/Bluetooth/system/stack/a2dp/a2dp_codec_config.cc:674 init: init: initialized Sink codec AAC SINK
05-30 14:03:27.978 I/a2dp_codec( 1090): packages/modules/Bluetooth/system/stack/a2dp/a2dp_codec_config.cc:674 init: init: initialized Sink codec SBC SINK
05-30 14:03:27.978 I/a2dp_codec( 1090): packages/modules/Bluetooth/system/stack/a2dp/a2dp_codec_config.cc:601 init: init
05-30 14:03:27.978 I/a2dp_codec( 1090): packages/modules/Bluetooth/system/stack/a2dp/a2dp_codec_config.cc:116 createCodec: SBC
05-30 14:03:27.978 I/a2dp_codec( 1090): packages/modules/Bluetooth/system/stack/a2dp/a2dp_codec_config.cc:642 init: init: updated SBC codec priority to 1001
05-30 14:03:27.978 I/a2dp_codec( 1090): packages/modules/Bluetooth/system/stack/a2dp/a2dp_codec_config.cc:116 createCodec: AAC
05-30 14:03:27.978 I/a2dp_codec( 1090): packages/modules/Bluetooth/system/stack/a2dp/a2dp_codec_config.cc:642 init: init: updated AAC codec priority to 2001
05-30 14:03:27.978 I/a2dp_codec( 1090): packages/modules/Bluetooth/system/stack/a2dp/a2dp_codec_config.cc:116 createCodec: aptX
05-30 14:03:27.979 I/a2dp_codec( 1090): packages/modules/Bluetooth/system/stack/a2dp/a2dp_codec_config.cc:642 init: init: updated aptX codec priority to 3001
05-30 14:03:27.979 I/a2dp_codec( 1090): packages/modules/Bluetooth/system/stack/a2dp/a2dp_codec_config.cc:116 createCodec: aptX-HD
05-30 14:03:27.979 I/a2dp_codec( 1090): packages/modules/Bluetooth/system/stack/a2dp/a2dp_codec_config.cc:642 init: init: updated aptX-HD codec priority to 4001
05-30 14:03:27.979 I/a2dp_codec( 1090): packages/modules/Bluetooth/system/stack/a2dp/a2dp_codec_config.cc:116 createCodec: LDAC
05-30 14:03:27.979 I/a2dp_codec( 1090): packages/modules/Bluetooth/system/stack/a2dp/a2dp_codec_config.cc:642 init: init: updated LDAC codec priority to 5001
05-30 14:03:27.979 I/a2dp_codec( 1090): packages/modules/Bluetooth/system/stack/a2dp/a2dp_codec_config.cc:116 createCodec: LC3 not implemented
05-30 14:03:27.979 I/a2dp_codec( 1090): packages/modules/Bluetooth/system/stack/a2dp/a2dp_codec_config.cc:633 init: init: OPUS codec disabled, updated priority to -1
05-30 14:03:27.979 I/a2dp_codec( 1090): packages/modules/Bluetooth/system/stack/a2dp/a2dp_codec_config.cc:116 createCodec: Opus
05-30 14:03:27.979 I/a2dp_codec( 1090): packages/modules/Bluetooth/system/stack/a2dp/a2dp_codec_config.cc:642 init: init: updated Opus codec priority to -1
05-30 14:03:27.979 I/a2dp_codec( 1090): packages/modules/Bluetooth/system/stack/a2dp/a2dp_codec_config.cc:116 createCodec: SBC SINK
05-30 14:03:27.979 I/a2dp_codec( 1090): packages/modules/Bluetooth/system/stack/a2dp/a2dp_codec_config.cc:116 createCodec: AAC SINK
05-30 14:03:27.979 I/a2dp_codec( 1090): packages/modules/Bluetooth/system/stack/a2dp/a2dp_codec_config.cc:116 createCodec: LDAC SINK
05-30 14:03:27.979 I/SurfaceFlinger( 263): Boot is finished (16740 ms)
05-30 14:03:27.979 I/a2dp_vendor_ldac_decoder( 1090): packages/modules/Bluetooth/system/stack/a2dp/a2dp_vendor_ldac_decoder.cc:130 A2DP_VendorLoadDecoderLdac: A2DP_VendorLoadDecoderLdac: cannot open LDAC decoder library libldacBT_bco.so: dlopen failed: library "libldacBT_bco.so" not found
05-30 14:03:27.980 E/a2dp_vendor_ldac( 1090): packages/modules/Bluetooth/system/stack/a2dp/a2dp_vendor_ldac.cc:1422 init: init: cannot load the decoder
05-30 14:03:27.980 I/a2dp_codec( 1090): packages/modules/Bluetooth/system/stack/a2dp/a2dp_codec_config.cc:116 createCodec: Opus SINK
05-30 14:03:27.980 I/a2dp_codec( 1090): packages/modules/Bluetooth/system/stack/a2dp/a2dp_codec_config.cc:667 init: init: initialized Source codec LDAC
05-30 14:03:27.980 I/a2dp_codec( 1090): packages/modules/Bluetooth/system/stack/a2dp/a2dp_codec_config.cc:667 init: init: initialized Source codec aptX-HD
05-30 14:03:27.980 I/a2dp_codec( 1090): packages/modules/Bluetooth/system/stack/a2dp/a2dp_codec_config.cc:667 init: init: initialized Source codec aptX
05-30 14:03:27.980 I/a2dp_codec( 1090): packages/modules/Bluetooth/system/stack/a2dp/a2dp_codec_config.cc:667 init: init: initialized Source codec AAC
05-30 14:03:27.980 I/a2dp_codec( 1090): packages/modules/Bluetooth/system/stack/a2dp/a2dp_codec_config.cc:667 init: init: initialized Source codec SBC
05-30 14:03:27.980 I/a2dp_codec( 1090): packages/modules/Bluetooth/system/stack/a2dp/a2dp_codec_config.cc:674 init: init: initialized Sink codec Opus SINK
05-30 14:03:27.980 I/a2dp_codec( 1090): packages/modules/Bluetooth/system/stack/a2dp/a2dp_codec_config.cc:674 init: init: initialized Sink codec AAC SINK
05-30 14:03:27.980 I/a2dp_codec( 1090): packages/modules/Bluetooth/system/stack/a2dp/a2dp_codec_config.cc:674 init: init: initialized Sink codec SBC SINK
05-30 14:03:27.980 I/a2dp_codec( 1090): packages/modules/Bluetooth/system/stack/a2dp/a2dp_codec_config.cc:601 init: init
05-30 14:03:27.980 I/a2dp_codec( 1090): packages/modules/Bluetooth/system/stack/a2dp/a2dp_codec_config.cc:116 createCodec: SBC
05-30 14:03:27.980 I/a2dp_codec( 1090): packages/modules/Bluetooth/system/stack/a2dp/a2dp_codec_config.cc:642 init: init: updated SBC codec priority to 1001
05-30 14:03:27.980 I/a2dp_codec( 1090): packages/modules/Bluetooth/system/stack/a2dp/a2dp_codec_config.cc:116 createCodec: AAC
05-30 14:03:27.980 I/a2dp_codec( 1090): packages/modules/Bluetooth/system/stack/a2dp/a2dp_codec_config.cc:642 init: init: updated AAC codec priority to 2001
05-30 14:03:27.980 I/a2dp_codec( 1090): packages/modules/Bluetooth/system/stack/a2dp/a2dp_codec_config.cc:116 createCodec: aptX
05-30 14:03:27.980 I/a2dp_codec( 1090): packages/modules/Bluetooth/system/stack/a2dp/a2dp_codec_config.cc:642 init: init: updated aptX codec priority to 3001
05-30 14:03:27.980 I/a2dp_codec( 1090): packages/modules/Bluetooth/system/stack/a2dp/a2dp_codec_config.cc:116 createCodec: aptX-HD
05-30 14:03:27.980 I/a2dp_codec( 1090): packages/modules/Bluetooth/system/stack/a2dp/a2dp_codec_config.cc:642 init: init: updated aptX-HD codec priority to 4001
05-30 14:03:27.980 I/a2dp_codec( 1090): packages/modules/Bluetooth/system/stack/a2dp/a2dp_codec_config.cc:116 createCodec: LDAC
05-30 14:03:27.980 I/a2dp_codec( 1090): packages/modules/Bluetooth/system/stack/a2dp/a2dp_codec_config.cc:642 init: init: updated LDAC codec priority to 5001
05-30 14:03:27.980 I/a2dp_codec( 1090): packages/modules/Bluetooth/system/stack/a2dp/a2dp_codec_config.cc:116 createCodec: LC3 not implemented
05-30 14:03:27.980 I/a2dp_codec( 1090): packages/modules/Bluetooth/system/stack/a2dp/a2dp_codec_config.cc:633 init: init: OPUS codec disabled, updated priority to -1
05-30 14:03:27.980 I/a2dp_codec( 1090): packages/modules/Bluetooth/system/stack/a2dp/a2dp_codec_config.cc:116 createCodec: Opus
05-30 14:03:27.980 I/a2dp_codec( 1090): packages/modules/Bluetooth/system/stack/a2dp/a2dp_codec_config.cc:642 init: init: updated Opus codec priority to -1
05-30 14:03:27.980 I/a2dp_codec( 1090): packages/modules/Bluetooth/system/stack/a2dp/a2dp_codec_config.cc:116 createCodec: SBC SINK
05-30 14:03:27.980 I/a2dp_codec( 1090): packages/modules/Bluetooth/system/stack/a2dp/a2dp_codec_config.cc:116 createCodec: AAC SINK
05-30 14:03:27.980 I/a2dp_codec( 1090): packages/modules/Bluetooth/system/stack/a2dp/a2dp_codec_config.cc:116 createCodec: LDAC SINK
05-30 14:03:27.981 I/a2dp_vendor_ldac_decoder( 1090): packages/modules/Bluetooth/system/stack/a2dp/a2dp_vendor_ldac_decoder.cc:130 A2DP_VendorLoadDecoderLdac: A2DP_VendorLoadDecoderLdac: cannot open LDAC decoder library libldacBT_bco.so: dlopen failed: library "libldacBT_bco.so" not found
05-30 14:03:27.981 E/a2dp_vendor_ldac( 1090): packages/modules/Bluetooth/system/stack/a2dp/a2dp_vendor_ldac.cc:1422 init: init: cannot load the decoder
05-30 14:03:27.981 I/a2dp_codec( 1090): packages/modules/Bluetooth/system/stack/a2dp/a2dp_codec_config.cc:116 createCodec: Opus SINK
05-30 14:03:27.981 I/a2dp_codec( 1090): packages/modules/Bluetooth/system/stack/a2dp/a2dp_codec_config.cc:667 init: init: initialized Source codec LDAC
05-30 14:03:27.981 I/a2dp_codec( 1090): packages/modules/Bluetooth/system/stack/a2dp/a2dp_codec_config.cc:667 init: init: initialized Source codec aptX-HD
05-30 14:03:27.981 I/a2dp_codec( 1090): packages/modules/Bluetooth/system/stack/a2dp/a2dp_codec_config.cc:667 init: init: initialized Source codec aptX
05-30 14:03:27.981 I/a2dp_codec( 1090): packages/modules/Bluetooth/system/stack/a2dp/a2dp_codec_config.cc:667 init: init: initialized Source codec AAC
05-30 14:03:27.981 I/a2dp_codec( 1090): packages/modules/Bluetooth/system/stack/a2dp/a2dp_codec_config.cc:667 init: init: initialized Source codec SBC
05-30 14:03:27.981 I/a2dp_codec( 1090): packages/modules/Bluetooth/system/stack/a2dp/a2dp_codec_config.cc:674 init: init: initialized Sink codec Opus SINK
05-30 14:03:27.981 I/a2dp_codec( 1090): packages/modules/Bluetooth/system/stack/a2dp/a2dp_codec_config.cc:674 init: init: initialized Sink codec AAC SINK
05-30 14:03:27.981 I/a2dp_codec( 1090): packages/modules/Bluetooth/system/stack/a2dp/a2dp_codec_config.cc:674 init: init: initialized Sink codec SBC SINK
05-30 14:03:27.981 I/bt_btif_a2dp_source( 1090): packages/modules/Bluetooth/system/btif/src/btif_a2dp_source.cc:331 btif_a2dp_source_init: btif_a2dp_source_init
05-30 14:03:27.981 I/bt_stack( 1090): [INFO:message_loop_thread.cc(184)] Run: message loop starting for thread bt_a2dp_source_worker_thread
05-30 14:03:27.981 I/bt_btif_a2dp_source( 1090): packages/modules/Bluetooth/system/btif/src/btif_a2dp_source.cc:341 btif_a2dp_source_init_delayed: btif_a2dp_source_init_delayed
05-30 14:03:27.982 I/bt_bta_av( 1090): packages/modules/Bluetooth/system/bta/av/bta_av_main.cc:431 bta_av_api_register: bta_av_api_register: AVRCP version used for sdp: "avrcp15"
05-30 14:03:27.982 I/bt_l2cap( 1090): packages/modules/Bluetooth/system/stack/l2cap/l2c_api.cc:172 L2CA_Register: L2CAP Registered service classic PSM: 0x0019
05-30 14:03:27.982 I/bt_l2cap( 1090): packages/modules/Bluetooth/system/stack/l2cap/l2c_api.cc:172 L2CA_Register: L2CAP Registered service classic PSM: 0x0017
05-30 14:03:27.982 I/bt_l2cap( 1090): packages/modules/Bluetooth/system/stack/l2cap/l2c_api.cc:172 L2CA_Register: L2CAP Registered service classic PSM: 0x001b
05-30 14:03:27.982 I/bt_bta_dm( 1090): packages/modules/Bluetooth/system/bta/dm/bta_dm_act.cc:3456 bta_dm_eir_update_uuid: EIR Adding UUID=0x110A into extended inquiry response
05-30 14:03:27.982 I/bt_bta_dm( 1090): packages/modules/Bluetooth/system/bta/dm/bta_dm_act.cc:3155 bta_dm_set_eir: Generating extended inquiry response packet EIR
05-30 14:03:27.982 I/bt_bta_av( 1090): packages/modules/Bluetooth/system/bta/av/bta_av_act.cc:305 bta_av_rc_create: Skipping RC creation for the old AVRCP profile
05-30 14:03:27.982 I/bt_btif_storage( 1090): packages/modules/Bluetooth/system/btif/src/btif_storage.cc:653 btif_storage_get_adapter_property: btif_storage_get_adapter_property service_mask:0x20000008
05-30 14:03:27.982 I/bt_bta_av( 1090): packages/modules/Bluetooth/system/bta/av/bta_av_main.cc:431 bta_av_api_register: bta_av_api_register: AVRCP version used for sdp: "avrcp15"
05-30 14:03:27.982 I/bt_bta_av( 1090): packages/modules/Bluetooth/system/bta/av/bta_av_main.cc:431 bta_av_api_register: bta_av_api_register: AVRCP version used for sdp: "avrcp15"
05-30 14:03:27.982 D/A2dpService( 1090): A2DP offload flag set to false
05-30 14:03:27.982 I/bt_bta_av( 1090): packages/modules/Bluetooth/system/bta/av/bta_av_main.cc:431 bta_av_api_register: bta_av_api_register: AVRCP version used for sdp: "avrcp15"
05-30 14:03:27.982 I/bt_bta_av( 1090): packages/modules/Bluetooth/system/bta/av/bta_av_main.cc:431 bta_av_api_register: bta_av_api_register: AVRCP version used for sdp: "avrcp15"
05-30 14:03:27.982 I/bt_bta_av( 1090): packages/modules/Bluetooth/system/bta/av/bta_av_main.cc:431 bta_av_api_register: bta_av_api_register: AVRCP version used for sdp: "avrcp15"
05-30 14:03:27.983 D/xm_audio( 477): adev_get_parameters
05-30 14:03:27.986 D/SurfaceFlinger( 263): Power hint is disabled
05-30 14:03:27.987 D/xm_audio( 477): adev_get_parameters
05-30 14:03:27.987 D/A2dpService( 1090): setA2dpService(): set to: com.android.bluetooth.a2dp.A2dpService@a1d2ed2
05-30 14:03:27.988 D/ActivityAttributionService( 1090): notifyActivityAttributionInfo UID=1002 packageName=com.android.bluetooth deviceAddress=no_active_device_address
05-30 14:03:27.988 I/bt_btif ( 1090): packages/modules/Bluetooth/system/btif/src/bluetooth.cc:829 get_profile_interface: get_profile_interface: id = activity_attribution
05-30 14:03:27.988 D/ActivityManagerTiming( 710): FinishBooting
05-30 14:03:27.988 W/Zygote ( 465): forkRepeatedly terminated due to non-simple command
05-30 14:03:27.988 D/Zygote ( 465): mbuffer starts with 1 , nice name is , mEnd = 19, mNext = 19, mLinesLeft = 0, mFd = 5
05-30 14:03:27.991 I/ActivityManager( 710): About to commit checkpoint
05-30 14:03:27.992 I/SystemServiceManager( 710): Starting phase 1000
05-30 14:03:27.992 D/ActivityManagerTiming( 710): OnBootPhase_1000
05-30 14:03:27.992 D/ActivityManagerTiming( 710): OnBootPhase_1000_com.android.server.security.FileIntegrityService
05-30 14:03:27.992 D/ActivityManagerTiming( 710): OnBootPhase_1000_com.android.server.pm.Installer
05-30 14:03:27.992 D/ActivityManagerTiming( 710): OnBootPhase_1000_com.android.server.os.DeviceIdentifiersPolicyService
05-30 14:03:27.992 D/ActivityManagerTiming( 710): OnBootPhase_1000_com.android.server.flags.FeatureFlagsService
05-30 14:03:27.992 D/ActivityManagerTiming( 710): OnBootPhase_1000_com.android.server.uri.UriGrantsManagerService$Lifecycle
05-30 14:03:27.992 D/ActivityManagerTiming( 710): OnBootPhase_1000_com.android.server.powerstats.PowerStatsService
05-30 14:03:27.992 E/PowerStatsService( 710): Failed to start PowerStatsService loggers
05-30 14:03:27.992 D/ActivityManagerTiming( 710): OnBootPhase_1000_com.android.server.permission.access.AccessCheckingService
05-30 14:03:27.992 D/ActivityManagerTiming( 710): OnBootPhase_1000_com.android.server.wm.ActivityTaskManagerService$Lifecycle
05-30 14:03:27.992 D/ActivityManagerTiming( 710): OnBootPhase_1000_com.android.server.am.ActivityManagerService$Lifecycle
05-30 14:03:27.992 D/ActivityManagerTiming( 710): OnBootPhase_1000_com.android.server.pm.DataLoaderManagerService
05-30 14:03:27.992 D/ActivityManagerTiming( 710): OnBootPhase_1000_com.android.server.power.PowerManagerService
05-30 14:03:27.992 I/AvrcpTargetService( 1090): Starting the AVRCP Target Service
05-30 14:03:27.993 D/ActivityManagerTiming( 710): OnBootPhase_1000_com.android.server.power.ThermalManagerService
05-30 14:03:27.993 I/DisplayBrightnessStrategySelector( 710): Changing the DisplayBrightnessStrategy from OverrideBrightnessStrategy toInvalidBrightnessStrategy for display 0
05-30 14:03:27.994 D/ActivityManagerTiming( 710): OnBootPhase_1000_com.android.server.power.hint.HintManagerService
05-30 14:03:27.994 V/DisplayPowerController2[0]( 710): Brightness [0.39763778] reason changing to: 'manual', previous reason: 'override'.
05-30 14:03:27.994 I/DisplayPowerController2[0]( 710): BrightnessEvent: disp=0, physDisp=local:4616277992360486155, brt=0.39763778, initBrt=0.39763778, rcmdBrt=NaN, preBrt=NaN, lux=0.0, preLux=0.0, hbmMax=1.0, hbmMode=off, rbcStrength=0, thrmMax=1.0, powerFactor=1.0, wasShortTermModelActive=false, flags=, reason=manual, autoBrightness=false, strategy=InvalidBrightnessStrategy
05-30 14:03:27.994 D/ActivityManagerTiming( 710): OnBootPhase_1000_com.android.server.recoverysystem.RecoverySystemService$Lifecycle
05-30 14:03:27.994 D/ActivityManagerTiming( 710): OnBootPhase_1000_com.android.server.lights.LightsService
05-30 14:03:27.994 D/ActivityManagerTiming( 710): OnBootPhase_1000_com.android.server.display.DisplayManagerService
05-30 14:03:27.995 V/MediaPlayerList( 1090): Creating MediaPlayerList
05-30 14:03:27.995 I/LogicalDisplayMapper( 710): Requesting Transition to state: 0, from state=-1, interactive=true, mBootCompleted=true
05-30 14:03:27.995 I/LogicalDisplayMapper( 710): Applying layout: [{dispId: 0(ON), displayGroupName: , addr: {port=11, model=0x401050603f19a5}, mThermalBrightnessThrottlingMapId: null, mRefreshRateZoneId: null, mLeadDisplayId: -1, mLeadDisplayAddress: null, mThermalRefreshRateThrottlingMapId: null}], Previous layout: [{dispId: 0(ON), displayGroupName: , addr: {port=11, model=0x401050603f19a5}, mThermalBrightnessThrottlingMapId: null, mRefreshRateZoneId: null, mLeadDisplayId: -1, mLeadDisplayAddress: null, mThermalRefreshRateThrottlingMapId: null}]
05-30 14:03:27.995 D/ActivityManagerTiming( 710): OnBootPhase_1000_com.android.server.pm.verify.domain.DomainVerificationService
05-30 14:03:27.995 D/ActivityManagerTiming( 710): OnBootPhase_1000_com.android.server.pm.PackageInstallerService$Lifecycle
05-30 14:03:27.995 D/ActivityManagerTiming( 710): OnBootPhase_1000_com.android.server.pm.UserManagerService$LifeCycle
05-30 14:03:27.995 D/ActivityManagerTiming( 710): OnBootPhase_1000_com.android.server.om.OverlayManagerService
05-30 14:03:27.995 D/ActivityManagerTiming( 710): OnBootPhase_1000_com.android.server.resources.ResourcesManagerService
05-30 14:03:27.995 D/ActivityManagerTiming( 710): OnBootPhase_1000_com.android.server.sensorprivacy.SensorPrivacyService
05-30 14:03:27.995 D/ActivityManagerTiming( 710): OnBootPhase_1000_com.android.server.sensors.SensorService
05-30 14:03:27.995 D/ActivityManagerTiming( 710): OnBootPhase_1000_com.android.server.SystemConfigService
05-30 14:03:27.995 D/ActivityManagerTiming( 710): OnBootPhase_1000_com.android.server.BatteryService
05-30 14:03:27.995 D/ActivityManagerTiming( 710): OnBootPhase_1000_com.android.server.usage.UsageStatsService
05-30 14:03:27.996 D/ActivityManagerTiming( 710): OnBootPhase_1000_com.android.server.webkit.WebViewUpdateService
05-30 14:03:27.996 D/ActivityManagerTiming( 710): OnBootPhase_1000_com.android.server.CachedDeviceStateService
05-30 14:03:27.996 D/ActivityManagerTiming( 710): OnBootPhase_1000_com.android.server.BinderCallsStatsService$LifeCycle
05-30 14:03:27.996 D/ActivityManagerTiming( 710): OnBootPhase_1000_com.android.server.LooperStatsService$Lifecycle
05-30 14:03:27.996 D/ActivityManagerTiming( 710): OnBootPhase_1000_com.android.server.rollback.RollbackManagerService
05-30 14:03:27.997 D/xm_audio( 477): adev_get_parameters
05-30 14:03:27.998 D/ActivityManagerTiming( 710): OnBootPhase_1000_com.android.server.os.NativeTombstoneManagerService
05-30 14:03:27.998 D/ActivityManagerTiming( 710): OnBootPhase_1000_com.android.server.os.BugreportManagerService
05-30 14:03:27.998 D/ActivityManagerTiming( 710): OnBootPhase_1000_com.android.server.gpu.GpuService
05-30 14:03:27.998 D/ActivityManagerTiming( 710): OnBootPhase_1000_com.android.server.security.rkp.RemoteProvisioningService
05-30 14:03:27.998 D/ActivityManagerTiming( 710): OnBootPhase_1000_com.android.server.security.KeyChainSystemService
05-30 14:03:27.998 D/ActivityManagerTiming( 710): OnBootPhase_1000_com.android.server.BinaryTransparencyService
05-30 14:03:27.998 I/TransparencyService( 710): Boot completed. Getting VBMeta Digest.
05-30 14:03:27.998 D/TransparencyService( 710): VBMeta Digest: c8117efe3935fd70d0a72f8856568e037153c86b0dc46a0f5244de999894ebc3
05-30 14:03:27.998 I/TransparencyService( 710): Boot completed. Collecting biometric system properties.
05-30 14:03:27.999 I/TransparencyService( 710): Scheduling measurements to be taken.
05-30 14:03:27.999 I/TransparencyService( 710): Scheduling binary content-digest computation job
05-30 14:03:27.999 D/MediaSessionService( 710): The MediaKeyEventSessionChangedListener (android.os.BinderProxy@16c9cf8) is added by com.android.bluetooth
05-30 14:03:28.000 D/CompatibilityChangeReporter( 710): Compat change id reported: 253665015; UID 1000; state: ENABLED
05-30 14:03:28.000 I/AvrcpTargetJni( 1090): classInitNative: AvrcpTargetJni initialized!
05-30 14:03:28.000 D/AvrcpTargetJni( 1090): initNative
05-30 14:03:28.000 D/CompatibilityChangeReporter( 710): Compat change id reported: 253665015; UID 1000; state: DISABLED
05-30 14:03:28.000 I/bt_stack( 1090): [INFO:avrcp_service.cc(375)] AVRCP Target Service started
05-30 14:03:28.000 I/bt_bta_dm( 1090): packages/modules/Bluetooth/system/bta/dm/bta_dm_act.cc:3456 bta_dm_eir_update_uuid: EIR Adding UUID=0x110C into extended inquiry response
05-30 14:03:28.000 I/bt_bta_dm( 1090): packages/modules/Bluetooth/system/bta/dm/bta_dm_act.cc:3155 bta_dm_set_eir: Generating extended inquiry response packet EIR
05-30 14:03:28.001 I/bt_bta_dm( 1090): packages/modules/Bluetooth/system/bta/dm/bta_dm_act.cc:3456 bta_dm_eir_update_uuid: EIR Adding UUID=0x110E into extended inquiry response
05-30 14:03:28.001 I/bt_bta_dm( 1090): packages/modules/Bluetooth/system/bta/dm/bta_dm_act.cc:3155 bta_dm_set_eir: Generating extended inquiry response packet EIR
05-30 14:03:28.001 I/bt_stack( 1090): [INFO:connection_handler.cc(200)] Connect to device ff:ff:ff:ff:ff:ff
05-30 14:03:28.001 I/bt_stack( 1090): [INFO:connection_handler.cc(222)] virtual bool bluetooth::avrcp::ConnectionHandler::AvrcpConnect(bool, const RawAddress &): handle=0000 status= 000000
05-30 14:03:28.001 D/xm_audio( 477): adev_get_parameters
05-30 14:03:28.002 D/RollbackManager( 710): mRollbackLifetimeDurationInMillis=1209600000
05-30 14:03:28.002 D/AppStandbyController( 710): Loaded headless system app cache in 5 ms: appIdleEnabled=true
05-30 14:03:28.005 D/CompatibilityChangeReporter( 710): Compat change id reported: 194532703; UID 1000; state: ENABLED
05-30 14:03:28.005 D/CompatibilityChangeReporter( 710): Compat change id reported: 194532703; UID 1000; state: DISABLED
05-30 14:03:28.007 D/TransparencyService( 710): Job 1740526926 to measure binaries was scheduled successfully.
05-30 14:03:28.007 D/TransparencyService( 710): Registering APK & Non-Staged APEX updates...
05-30 14:03:28.008 D/TransparencyService( 710): Registering APEX updates...
05-30 14:03:28.010 D/ActivityManagerTiming( 710): OnBootPhase_1000_com.android.server.accounts.AccountManagerService$Lifecycle
05-30 14:03:28.010 D/ActivityManagerTiming( 710): OnBootPhase_1000_com.android.server.content.ContentService$Lifecycle
05-30 14:03:28.010 D/ActivityManagerTiming( 710): OnBootPhase_1000_com.android.server.deviceconfig.DeviceConfigInit$Lifecycle
05-30 14:03:28.010 D/ActivityManagerTiming( 710): OnBootPhase_1000_com.android.server.DropBoxManagerService
05-30 14:03:28.010 D/ActivityManagerTiming( 710): OnBootPhase_1000_com.android.role.RoleService
05-30 14:03:28.010 D/ActivityManagerTiming( 710): OnBootPhase_1000_com.android.server.vibrator.VibratorManagerService$Lifecycle
05-30 14:03:28.010 D/ActivityManagerTiming( 710): OnBootPhase_1000_com.android.server.tare.InternalResourceService
05-30 14:03:28.010 D/ActivityManagerTiming( 710): OnBootPhase_1000_com.android.server.alarm.AlarmManagerService
05-30 14:03:28.010 D/ActivityManagerTiming( 710): OnBootPhase_1000_com.android.server.devicestate.DeviceStateManagerService
05-30 14:03:28.010 D/ActivityManagerTiming( 710): OnBootPhase_1000_com.android.server.camera.CameraServiceProxy
05-30 14:03:28.011 D/ActivityManagerTiming( 710): OnBootPhase_1000_com.android.server.bluetooth.BluetoothService
05-30 14:03:28.011 D/ActivityManagerTiming( 710): OnBootPhase_1000_com.android.server.connectivity.IpConnectivityMetrics
05-30 14:03:28.011 D/ActivityManagerTiming( 710): OnBootPhase_1000_com.android.server.net.watchlist.NetworkWatchlistService$Lifecycle
05-30 14:03:28.011 D/ActivityManagerTiming( 710): OnBootPhase_1000_com.android.server.PinnerService
05-30 14:03:28.011 D/ActivityManagerTiming( 710): OnBootPhase_1000_com.android.server.integrity.AppIntegrityManagerService
05-30 14:03:28.011 D/ActivityManagerTiming( 710): OnBootPhase_1000_com.android.server.logcat.LogcatManagerService
05-30 14:03:28.011 D/ActivityManagerTiming( 710): OnBootPhase_1000_com.android.server.inputmethod.InputMethodManagerService$Lifecycle
05-30 14:03:28.011 D/ActivityManagerTiming( 710): OnBootPhase_1000_com.android.server.accessibility.AccessibilityManagerService$Lifecycle
05-30 14:03:28.012 D/ActivityManagerTiming( 710): OnBootPhase_1000_com.android.server.StorageManagerService$Lifecycle
05-30 14:03:28.012 D/ActivityManagerTiming( 710): OnBootPhase_1000_com.android.server.usage.StorageStatsService$Lifecycle
05-30 14:03:28.012 D/ActivityManagerTiming( 710): OnBootPhase_1000_com.android.server.UiModeManagerService
05-30 14:03:28.012 D/ActivityManagerTiming( 710): OnBootPhase_1000_com.android.server.locales.LocaleManagerService
05-30 14:03:28.012 D/ActivityManagerTiming( 710): OnBootPhase_1000_com.android.server.grammaticalinflection.GrammaticalInflectionService
05-30 14:03:28.012 D/ActivityManagerTiming( 710): OnBootPhase_1000_com.android.server.apphibernation.AppHibernationService
05-30 14:03:28.012 D/StorageManagerService( 710): Thinking about reset, mBootCompleted=true, mDaemonConnected=true
05-30 14:03:28.012 I/StorageSessionController( 710): Started resetting external storage service...
05-30 14:03:28.012 I/StorageSessionController( 710): Finished resetting external storage service
05-30 14:03:28.012 I/StorageManagerService( 710): Resetting vold...
05-30 14:03:28.013 I/HibernationStateDiskStore( 710): No hibernation file on disk for file /data/system/hibernation/states
05-30 14:03:28.013 D/ActivityManagerTiming( 710): OnBootPhase_1000_com.android.server.locksettings.LockSettingsService$Lifecycle
05-30 14:03:28.013 I/StorageManagerService( 710): Reset vold
05-30 14:03:28.013 D/ActivityManagerTiming( 710): OnBootPhase_1000_com.android.server.PersistentDataBlockService
05-30 14:03:28.013 D/ActivityManagerTiming( 710): OnBootPhase_1000_com.android.server.testharness.TestHarnessModeService
05-30 14:03:28.013 D/TestHarnessModeService( 710): Completing Test Harness Mode setup.
05-30 14:03:28.013 I/vold ( 247): onUserAdded: 0
05-30 14:03:28.014 E/AvrcpTargetService( 1090): Please use AVRCP version 1.6 to enable cover art
05-30 14:03:28.016 D/CompatibilityChangeReporter( 710): Compat change id reported: 218533173; UID 10069; state: ENABLED
05-30 14:03:28.016 D/CompatibilityChangeReporter( 710): Compat change id reported: 262645982; UID 10069; state: ENABLED
05-30 14:03:28.017 D/xm_audio( 477): adev_get_parameters
05-30 14:03:28.017 D/ActivityAttributionService( 1090): notifyActivityAttributionInfo UID=1002 packageName=com.android.bluetooth deviceAddress=no_active_device_address
05-30 14:03:28.017 I/bt_btif ( 1090): packages/modules/Bluetooth/system/btif/src/bluetooth.cc:829 get_profile_interface: get_profile_interface: id = activity_attribution
05-30 14:03:28.018 D/ActiveDeviceManager( 1090): handleAdapterStateChanged: currentState=11
05-30 14:03:28.019 I/HeadsetService( 1090): create()
05-30 14:03:28.021 D/xm_audio( 477): adev_get_parameters
05-30 14:03:28.022 I/HeadsetService( 1090): start()
05-30 14:03:28.028 I/BluetoothHeadsetServiceJni( 1090): classInitNative: succeeds
05-30 14:03:28.028 W/HeadsetClientService( 1090): getHeadsetClientService(): service is null
05-30 14:03:28.029 I/bt_btif ( 1090): packages/modules/Bluetooth/system/btif/src/bluetooth.cc:829 get_profile_interface: get_profile_interface: id = handsfree
05-30 14:03:28.029 I/bt_stack( 1090): [INFO:btif_hf.cc(1626)] GetInterface
05-30 14:03:28.029 I/bt_btif_hf( 1090): packages/modules/Bluetooth/system/btif/src/btif_hf.cc:1590 ExecuteService: service starts to: Initialize
05-30 14:03:28.029 I/bt_btif_storage( 1090): packages/modules/Bluetooth/system/btif/src/btif_storage.cc:653 btif_storage_get_adapter_property: btif_storage_get_adapter_property service_mask:0x20000048
05-30 14:03:28.029 I/bluetooth( 1090): packages/modules/Bluetooth/system/bta/ag/bta_ag_main.cc:405 bta_ag_api_enable: AG api enable
05-30 14:03:28.029 I/bluetooth( 1090): packages/modules/Bluetooth/system/bta/ag/bta_ag_sdp.cc:146 bta_ag_add_record: features: 135023
05-30 14:03:28.029 I/bt_bta_dm( 1090): packages/modules/Bluetooth/system/bta/dm/bta_dm_act.cc:3456 bta_dm_eir_update_uuid: EIR Adding UUID=0x1112 into extended inquiry response
05-30 14:03:28.029 I/bt_bta_dm( 1090): packages/modules/Bluetooth/system/bta/dm/bta_dm_act.cc:3155 bta_dm_set_eir: Generating extended inquiry response packet EIR
05-30 14:03:28.029 I/bluetooth( 1090): packages/modules/Bluetooth/system/bta/ag/bta_ag_sdp.cc:146 bta_ag_add_record: features: 135023
05-30 14:03:28.029 I/bt_bta_dm( 1090): packages/modules/Bluetooth/system/bta/dm/bta_dm_act.cc:3456 bta_dm_eir_update_uuid: EIR Adding UUID=0x111F into extended inquiry response
05-30 14:03:28.029 I/bt_bta_dm( 1090): packages/modules/Bluetooth/system/bta/dm/bta_dm_act.cc:3155 bta_dm_set_eir: Generating extended inquiry response packet EIR
05-30 14:03:28.029 I/bt_stack( 1090): [INFO:port_api.cc(220)] RFCOMM_CreateConnectionWithSecurity: bd_addr=ff:ff:ff:ff:ff:ff, scn=2, is_server=1, mtu=256, uuid=0x1112, dlci=4, signal_state=0x0b, p_port=0xc00e03b0
05-30 14:03:28.029 I/bt_stack( 1090): [INFO:port_api.cc(220)] RFCOMM_CreateConnectionWithSecurity: bd_addr=ff:ff:ff:ff:ff:ff, scn=3, is_server=1, mtu=256, uuid=0x111f, dlci=6, signal_state=0x0b, p_port=0xc00e0438
05-30 14:03:28.029 I/bt_stack( 1090): [INFO:btif_hf.cc(318)] btif_hf_upstreams_evt: AG enable/disable event 0
05-30 14:03:28.029 I/bt_stack( 1090): [INFO:port_api.cc(220)] RFCOMM_CreateConnectionWithSecurity: bd_addr=ff:ff:ff:ff:ff:ff, scn=2, is_server=1, mtu=256, uuid=0x1112, dlci=4, signal_state=0x0b, p_port=0xc00e04c0
05-30 14:03:28.029 I/bt_stack( 1090): [INFO:port_api.cc(220)] RFCOMM_CreateConnectionWithSecurity: bd_addr=ff:ff:ff:ff:ff:ff, scn=3, is_server=1, mtu=256, uuid=0x111f, dlci=6, signal_state=0x0b, p_port=0xc00e0548
05-30 14:03:28.030 I/bt_stack( 1090): [INFO:port_api.cc(220)] RFCOMM_CreateConnectionWithSecurity: bd_addr=ff:ff:ff:ff:ff:ff, scn=2, is_server=1, mtu=256, uuid=0x1112, dlci=4, signal_state=0x0b, p_port=0xc00e05d0
05-30 14:03:28.030 I/bt_stack( 1090): [INFO:port_api.cc(220)] RFCOMM_CreateConnectionWithSecurity: bd_addr=ff:ff:ff:ff:ff:ff, scn=3, is_server=1, mtu=256, uuid=0x111f, dlci=6, signal_state=0x0b, p_port=0xc00e0658
05-30 14:03:28.030 I/bt_stack( 1090): [INFO:port_api.cc(220)] RFCOMM_CreateConnectionWithSecurity: bd_addr=ff:ff:ff:ff:ff:ff, scn=2, is_server=1, mtu=256, uuid=0x1112, dlci=4, signal_state=0x0b, p_port=0xc00e06e0
05-30 14:03:28.030 I/bt_stack( 1090): [INFO:port_api.cc(220)] RFCOMM_CreateConnectionWithSecurity: bd_addr=ff:ff:ff:ff:ff:ff, scn=3, is_server=1, mtu=256, uuid=0x111f, dlci=6, signal_state=0x0b, p_port=0xc00e0768
05-30 14:03:28.030 I/bt_stack( 1090): [INFO:port_api.cc(220)] RFCOMM_CreateConnectionWithSecurity: bd_addr=ff:ff:ff:ff:ff:ff, scn=2, is_server=1, mtu=256, uuid=0x1112, dlci=4, signal_state=0x0b, p_port=0xc00e07f0
05-30 14:03:28.030 I/bt_stack( 1090): [INFO:port_api.cc(220)] RFCOMM_CreateConnectionWithSecurity: bd_addr=ff:ff:ff:ff:ff:ff, scn=3, is_server=1, mtu=256, uuid=0x111f, dlci=6, signal_state=0x0b, p_port=0xc00e0878
05-30 14:03:28.030 I/bt_stack( 1090): [INFO:port_api.cc(220)] RFCOMM_CreateConnectionWithSecurity: bd_addr=ff:ff:ff:ff:ff:ff, scn=2, is_server=1, mtu=256, uuid=0x1112, dlci=4, signal_state=0x0b, p_port=0xc00e0900
05-30 14:03:28.030 I/bt_stack( 1090): [INFO:port_api.cc(220)] RFCOMM_CreateConnectionWithSecurity: bd_addr=ff:ff:ff:ff:ff:ff, scn=3, is_server=1, mtu=256, uuid=0x111f, dlci=6, signal_state=0x0b, p_port=0xc00e0988
05-30 14:03:28.032 D/ActivityAttributionService( 1090): notifyActivityAttributionInfo UID=1002 packageName=com.android.bluetooth deviceAddress=no_active_device_address
05-30 14:03:28.032 I/bt_btif ( 1090): packages/modules/Bluetooth/system/btif/src/bluetooth.cc:829 get_profile_interface: get_profile_interface: id = activity_attribution
05-30 14:03:28.033 D/HearingAidService( 1090): create()
05-30 14:03:28.035 D/xm_audio( 477): adev_get_parameters
05-30 14:03:28.036 D/HearingAidService( 1090): start()
05-30 14:03:28.036 I/bt_stack( 1090): [INFO:com_android_bluetooth_hearing_aid.cpp(97)] classInitNative: succeeds
05-30 14:03:28.038 D/xm_audio( 477): adev_get_parameters
05-30 14:03:28.038 D/HearingAidService( 1090): setHearingAidService(): set to: com.android.bluetooth.hearingaid.HearingAidService@b8c75ef
05-30 14:03:28.038 I/bt_btif ( 1090): packages/modules/Bluetooth/system/btif/src/bluetooth.cc:829 get_profile_interface: get_profile_interface: id = hearing_aid
05-30 14:03:28.039 D/ActivityAttributionService( 1090): notifyActivityAttributionInfo UID=1002 packageName=com.android.bluetooth deviceAddress=no_active_device_address
05-30 14:03:28.039 I/bt_btif ( 1090): packages/modules/Bluetooth/system/btif/src/bluetooth.cc:829 get_profile_interface: get_profile_interface: id = activity_attribution
05-30 14:03:28.039 I/bt_stack( 1090): [INFO:hearing_aid_software_encoding_aidl.cc(182)] init
05-30 14:03:28.043 I/BTAudioProviderFactoryAIDL( 477): getProviderCapabilities - SessionType=HEARING_AID_SOFTWARE_ENCODING_DATAPATH supports 1 codecs
05-30 14:03:28.043 I/bt_stack( 1090): [INFO:client_interface_aidl.cc(124)] FetchAudioProvider: BluetoothAudioHal SessionType=HEARING_AID_SOFTWARE_ENCODING_DATAPATH has 1 AudioCapabilities
05-30 14:03:28.043 I/BTAudioProviderFactoryAIDL( 477): openProvider - SessionType=HEARING_AID_SOFTWARE_ENCODING_DATAPATH
05-30 14:03:28.044 I/BTAudioProviderHearingAid( 477): HearingAidAudioProvider - size of audio buffer 3584 byte(s)
05-30 14:03:28.044 I/bt_stack( 1090): [INFO:client_interface_aidl.cc(143)] IBluetoothAudioProvidersFactory::openProvider() returned 0xee7a4910 (remote)
05-30 14:03:28.045 I/bluetooth( 1090): packages/modules/Bluetooth/system/stack/gatt/gatt_api.cc:1257 GATT_Register: Allocated name:GattClient uuid:941c4382-926e-e0fb-1a6f-7ef866f03416 gatt_if:4 eatt_support:0
05-30 14:03:28.045 I/bt_btif ( 1090): packages/modules/Bluetooth/system/btif/src/bluetooth.cc:829 get_profile_interface: get_profile_interface: id = hidhost
05-30 14:03:28.045 I/bt_btif_storage( 1090): packages/modules/Bluetooth/system/btif/src/btif_storage.cc:653 btif_storage_get_adapter_property: btif_storage_get_adapter_property service_mask:0x20100048
05-30 14:03:28.045 I/bt_l2cap( 1090): packages/modules/Bluetooth/system/stack/l2cap/l2c_api.cc:172 L2CA_Register: L2CAP Registered service classic PSM: 0x0011
05-30 14:03:28.045 I/bt_l2cap( 1090): packages/modules/Bluetooth/system/stack/l2cap/l2c_api.cc:172 L2CA_Register: L2CAP Registered service classic PSM: 0x0013
05-30 14:03:28.045 I/bluetooth( 1090): packages/modules/Bluetooth/system/stack/gatt/gatt_api.cc:1257 GATT_Register: Allocated name:GattClient uuid:e807f772-fec5-1ded-f707-77fcb725293b gatt_if:5 eatt_support:0
05-30 14:03:28.045 W/bt_stack( 1090): [WARNING:btif_hh.cc(467)] Added device xx:xx:xx:xx:c0:53
05-30 14:03:28.045 W/bt_btif ( 1090): packages/modules/Bluetooth/system/main/bte_logmsg.cc:108 LogMsg: BTA_HH_ADD_DEV_EVT: status = 0, handle = 16
05-30 14:03:28.045 I/bt_bta_gattc( 1090): packages/modules/Bluetooth/system/bta/gatt/bta_gattc_act.cc:429 bta_gattc_init_bk_conn: Not a connected remote device yet
05-30 14:03:28.045 I/bluetooth( 1090): packages/modules/Bluetooth/system/gd/hci/le_address_manager.cc:178 register_client: Client registered
05-30 14:03:28.045 I/bluetooth( 1090): packages/modules/Bluetooth/system/gd/hci/le_address_manager.cc:265 ack_pause: Client already in paused state
05-30 14:03:28.048 I/bluetooth( 1090): packages/modules/Bluetooth/system/gd/hci/le_address_manager.cc:596 OnCommandComplete: Received command complete with op_code LE_ADD_DEVICE_TO_FILTER_ACCEPT_LIST
05-30 14:03:28.048 I/bluetooth( 1090): packages/modules/Bluetooth/system/gd/hci/le_address_manager.cc:294 resume_registered_clients: Resuming registered clients
05-30 14:03:28.049 D/ActivityManagerTiming( 710): OnBootPhase_1000_com.android.server.oemlock.OemLockService
05-30 14:03:28.049 D/ActivityManagerTiming( 710): OnBootPhase_1000_com.android.server.DeviceIdleController
05-30 14:03:28.049 D/ActivityManagerTiming( 710): OnBootPhase_1000_com.android.server.devicepolicy.DevicePolicyManagerService$Lifecycle
05-30 14:03:28.049 D/ActivityManagerTiming( 710): OnBootPhase_1000_com.android.server.texttospeech.TextToSpeechManagerService
05-30 14:03:28.049 D/ActivityManagerTiming( 710): OnBootPhase_1000_com.android.server.ambientcontext.AmbientContextManagerService
05-30 14:03:28.049 D/ActivityManagerTiming( 710): OnBootPhase_1000_com.android.server.wearable.WearableSensingManagerService
05-30 14:03:28.049 D/ActivityManagerTiming( 710): OnBootPhase_1000_com.android.server.speech.SpeechRecognitionManagerService
05-30 14:03:28.049 D/ActivityManagerTiming( 710): OnBootPhase_1000_com.android.server.searchui.SearchUiManagerService
05-30 14:03:28.049 D/ActivityManagerTiming( 710): OnBootPhase_1000_com.android.server.smartspace.SmartspaceManagerService
05-30 14:03:28.049 D/ActivityManagerTiming( 710): OnBootPhase_1000_com.android.server.graphics.fonts.FontManagerService$Lifecycle
05-30 14:03:28.049 D/ActivityManagerTiming( 710): OnBootPhase_1000_com.android.server.textservices.TextServicesManagerService$Lifecycle
05-30 14:03:28.049 D/ActivityManagerTiming( 710): OnBootPhase_1000_com.android.server.textclassifier.TextClassificationManagerService$Lifecycle
05-30 14:03:28.049 D/ActivityManagerTiming( 710): OnBootPhase_1000_com.android.server.NetworkScoreService$Lifecycle
05-30 14:03:28.049 D/ActivityManagerTiming( 710): OnBootPhase_1000_com.android.server.NetworkStatsServiceInitializer
05-30 14:03:28.049 D/ActivityManagerTiming( 710): OnBootPhase_1000_com.android.server.wifi.WifiService
05-30 14:03:28.050 D/ActivityManagerTiming( 710): OnBootPhase_1000_com.android.server.wifi.scanner.WifiScanningService
05-30 14:03:28.050 D/ActivityManagerTiming( 710): OnBootPhase_1000_com.android.server.wifi.p2p.WifiP2pService
