05-30 14:03:30.029 D/ApplicationLoaders( 1686): Returning zygote-cached class loader: /system/framework/android.hidl.base-V1.0-java.jar
05-30 14:03:30.032 D/nativeloader( 1464): InitLlndkLibrariesProduct: libEGL.so:libGLESv1_CM.so:libGLESv2.so:libGLESv3.so:libRS.so:libandroid_net.so:libbinder_ndk.so:libc.so:libcgrouprc.so:libclang_rt.asan-arm-android.so:libcom.android.tethering.connectivity_native.so:libdl.so:libft2.so:liblog.so:libm.so:libmediandk.so:libnativewindow.so:libneuralnetworks.so:libselinux.so:libsync.so:libvndksupport.so:libvulkan.so
05-30 14:03:30.032 D/nativeloader( 1464): Configuring product-clns-5 for unbundled product apk /product/app/webview/webview.apk. target_sdk_version=34, uses_libraries=, library_path=/product/app/webview/lib/arm:/product/app/webview/webview.apk!/lib/armeabi-v7a:/product/lib:/system/product/lib, permitted_path=/data:/mnt/expand:/product/lib:/system/product/lib
05-30 14:03:30.034 D/nativeloader( 1464): InitVndkspLibrariesProduct: android.hardware.common-V2-ndk.so:android.hardware.common.fmq-V1-ndk.so:android.hardware.graphics.allocator-V2-ndk.so:android.hardware.graphics.common-V4-ndk.so:android.hardware.graphics.common@1.0.so:android.hardware.graphics.common@1.1.so:android.hardware.graphics.common@1.2.so:android.hardware.graphics.composer3-V1-ndk.so:android.hardware.graphics.mapper@2.0.so:android.hardware.graphics.mapper@2.1.so:android.hardware.graphics.mapper@3.0.so:android.hardware.graphics.mapper@4.0.so:android.hardware.renderscript@1.0.so:android.hidl.memory.token@1.0.so:android.hidl.memory@1.0-impl.so:android.hidl.memory@1.0.so:android.hidl.safe_union@1.0.so:libRSCpuRef.so:libRSDriver.so:libRS_internal.so:libbase.so:libbcinfo.so:libblas.so:libc++.so:libcompiler_rt.so:libcutils.so:libdmabufheap.so:libgralloctypes.so:libhardware.so:libhidlbase.so:libhidlmemory.so:libion.so:libjsoncpp.so:liblzma.so:libprocessgroup.so:libunwindstack.so:libutils.so:libutilscallstack.so:libz.so
05-30 14:03:30.036 D/CompatibilityChangeReporter( 1634): Compat change id reported: 194532703; UID 10017; state: ENABLED
05-30 14:03:30.040 D/CompatibilityChangeReporter( 1634): Compat change id reported: 253665015; UID 10017; state: ENABLED
05-30 14:03:30.042 D/CompatibilityChangeReporter( 710): Compat change id reported: 253665015; UID 10017; state: ENABLED
05-30 14:03:30.042 D/CompatibilityChangeReporter( 710): Compat change id reported: 194532703; UID 10017; state: ENABLED
05-30 14:03:30.054 D/nativeloader( 1707): Configuring clns-shared-4 for other apk /system/priv-app/DynamicSystemInstallationService/DynamicSystemInstallationService.apk. target_sdk_version=34, uses_libraries=, library_path=/system/priv-app/DynamicSystemInstallationService/lib/arm:/system/priv-app/DynamicSystemInstallationService/DynamicSystemInstallationService.apk!/lib/armeabi-v7a:/system/lib:/system_ext/lib, permitted_path=/data:/mnt/expand:/data/user/0/com.android.dynsystem:/system/priv-app/DynamicSystemInstallationService:/system/lib:/system_ext/lib
05-30 14:03:30.077 I/MobclickAgent( 1464): module init:azio
05-30 14:03:30.079 D/nativeloader( 1686): Configuring clns-shared-4 for other apk /system/app/Rocky/Rocky.apk. target_sdk_version=28, uses_libraries=, library_path=/system/app/Rocky/lib/arm:/system/app/Rocky/Rocky.apk!/lib/armeabi-v7a:/system/lib:/system_ext/lib, permitted_path=/data:/mnt/expand:/data/user/0/com.dangbei.lerad.rocky:/system/app/Rocky:/system/lib:/system_ext/lib
05-30 14:03:30.081 I/cr_WVCFactoryProvider( 1464): Loaded version=116.0.5845.195 minSdkVersion=1 isBundle=false multiprocess=true packageId=2
05-30 14:03:30.093 D/CompatibilityChangeReporter( 1380): Compat change id reported: 160794467; UID 10058; state: ENABLED
05-30 14:03:30.095 V/GraphicsEnvironment( 1707): Currently set values for:
05-30 14:03:30.095 V/GraphicsEnvironment( 1707): angle_gl_driver_selection_pkgs=[]
05-30 14:03:30.095 V/GraphicsEnvironment( 1707): angle_gl_driver_selection_values=[]
05-30 14:03:30.096 V/GraphicsEnvironment( 1707): ANGLE GameManagerService for com.android.dynsystem: false
05-30 14:03:30.096 V/GraphicsEnvironment( 1707): com.android.dynsystem is not listed in per-application setting
05-30 14:03:30.096 V/GraphicsEnvironment( 1707): Neither updatable production driver nor prerelease driver is supported.
05-30 14:03:30.104 I/ActivityManager( 710): com.android.managedprovisioning is exempt from freezer
05-30 14:03:30.104 D/CompatibilityChangeReporter( 710): Compat change id reported: 135634846; UID 10021; state: DISABLED
05-30 14:03:30.105 D/CompatibilityChangeReporter( 710): Compat change id reported: 177438394; UID 10021; state: DISABLED
05-30 14:03:30.105 D/CompatibilityChangeReporter( 710): Compat change id reported: 135772972; UID 10021; state: DISABLED
05-30 14:03:30.105 D/CompatibilityChangeReporter( 710): Compat change id reported: 135754954; UID 10021; state: ENABLED
05-30 14:03:30.106 D/CompatibilityChangeReporter( 710): Compat change id reported: 143937733; UID 10021; state: ENABLED
05-30 14:03:30.107 I/ActivityManager( 710): com.android.dynsystem is exempt from freezer
05-30 14:03:30.108 D/CompatibilityChangeReporter( 710): Compat change id reported: 135634846; UID 1000; state: DISABLED
05-30 14:03:30.121 D/Zygote ( 465): Forked child process 1747
05-30 14:03:30.122 I/ActivityManager( 710): Start proc 1747:com.android.managedprovisioning/u0a21 for broadcast {com.android.managedprovisioning/com.android.managedprovisioning.BootReminder}
05-30 14:03:30.135 I/Zygote ( 1747): seccomp disabled by setenforce 0
05-30 14:03:30.137 D/Zygote ( 465): Forked child process 1749
05-30 14:03:30.138 I/ActivityManager( 710): Start proc 1749:com.android.dynsystem:dynsystem/1000 for service {com.android.dynsystem/com.android.dynsystem.DynamicSystemInstallationService}
05-30 14:03:30.141 I/gedprovisioning( 1747): Using CollectorTypeCC GC.
05-30 14:03:30.144 I/Zygote ( 1749): seccomp disabled by setenforce 0
05-30 14:03:30.147 E/gedprovisioning( 1747): Not starting debugger since process cannot load the jdwp agent.
05-30 14:03:30.148 E/hq ( 1464): LauncherCallback:::onViewCreate
05-30 14:03:30.148 E/hq ( 1464): LauncherCallback:::onAttach
05-30 14:03:30.153 I/ystem:dynsystem( 1749): Using CollectorTypeCC GC.
05-30 14:03:30.158 V/GraphicsEnvironment( 1686): Currently set values for:
05-30 14:03:30.158 V/GraphicsEnvironment( 1686): angle_gl_driver_selection_pkgs=[]
05-30 14:03:30.158 V/GraphicsEnvironment( 1686): angle_gl_driver_selection_values=[]
05-30 14:03:30.159 V/GraphicsEnvironment( 1686): ANGLE GameManagerService for com.dangbei.lerad.rocky: false
05-30 14:03:30.159 V/GraphicsEnvironment( 1686): com.dangbei.lerad.rocky is not listed in per-application setting
05-30 14:03:30.159 V/GraphicsEnvironment( 1686): Neither updatable production driver nor prerelease driver is supported.
05-30 14:03:30.162 D/CompatibilityChangeReporter( 710): Compat change id reported: 168419799; UID 10021; state: DISABLED
05-30 14:03:30.162 D/CompatibilityChangeReporter( 710): Compat change id reported: 273564678; UID 10021; state: DISABLED
05-30 14:03:30.168 D/CompatibilityChangeReporter( 710): Compat change id reported: 265195908; UID 10021; state: ENABLED
05-30 14:03:30.179 E/ystem:dynsystem( 1749): Not starting debugger since process cannot load the jdwp agent.
05-30 14:03:30.180 D/CompatibilityChangeReporter( 1747): Compat change id reported: 171979766; UID 10021; state: ENABLED
05-30 14:03:30.180 D/CompatibilityChangeReporter( 1747): Compat change id reported: 242716250; UID 10021; state: ENABLED
05-30 14:03:30.183 D/CompatibilityChangeReporter( 710): Compat change id reported: 170503758; UID 10021; state: ENABLED
05-30 14:03:30.190 E/hq ( 1464): LauncherCallback:::inspect
05-30 14:03:30.191 D/CompatibilityChangeReporter( 1464): Compat change id reported: 289878283; UID 1000; state: DISABLED
05-30 14:03:30.192 E/hq ( 1464): AdHelper:::后台配置是否展现广告: true
05-30 14:03:30.194 D/OsInitLaunch( 1464): send cache: launchHome, launchMainActivity, null, 1
05-30 14:03:30.198 D/CompatibilityChangeReporter( 1749): Compat change id reported: 171979766; UID 1000; state: ENABLED
05-30 14:03:30.198 D/CompatibilityChangeReporter( 1749): Compat change id reported: 242716250; UID 1000; state: ENABLED
05-30 14:03:30.209 W/gedprovisioning( 1747): ClassLoaderContext shared library size mismatch. Expected=2, found=0 (PCL[]{PCL[/system_ext/framework/androidx.window.extensions.jar*875812793]#PCL[/system_ext/framework/androidx.window.sidecar.jar*2298648165]} | PCL[])
05-30 14:03:30.212 D/CompatibilityChangeReporter( 1464): Compat change id reported: 210923482; UID 1000; state: DISABLED
05-30 14:03:30.212 D/CompatibilityChangeReporter( 1464): Compat change id reported: 37756858; UID 1000; state: ENABLED
05-30 14:03:30.217 D/CompatibilityChangeReporter( 1380): Compat change id reported: 194532703; UID 10058; state: ENABLED
05-30 14:03:30.217 D/CompatibilityChangeReporter( 1380): Compat change id reported: 253665015; UID 10058; state: ENABLED
05-30 14:03:30.217 I/MultiDex( 1686): VM with version 2.1.0 has multidex support
05-30 14:03:30.217 I/MultiDex( 1686): Installing application
05-30 14:03:30.217 I/MultiDex( 1686): VM has multidex support, MultiDex support library is disabled.
05-30 14:03:30.220 D/CompatibilityChangeReporter( 710): Compat change id reported: 271850009; UID 10058; state: ENABLED
05-30 14:03:30.221 D/CompatibilityChangeReporter( 710): Compat change id reported: 253665015; UID 10058; state: ENABLED
05-30 14:03:30.221 D/CompatibilityChangeReporter( 710): Compat change id reported: 194532703; UID 10058; state: ENABLED
05-30 14:03:30.222 D/ConnectivityService( 710): requestNetwork for uid/pid:1000/710 asUid: 10058 activeRequest: null callbackRequest: 38 [NetworkRequest [ REQUEST id=39, [ Capabilities: INTERNET&NOT_RESTRICTED&TRUSTED&NOT_VCN_MANAGED Uid: 10058 RequestorUid: 1000 RequestorPkg: android UnderlyingNetworks: Null] ]] callback flags: 0 order: 2147483647
05-30 14:03:30.225 D/WifiNetworkFactory( 710): got request NetworkRequest [ REQUEST id=39, [ Capabilities: INTERNET&NOT_RESTRICTED&TRUSTED&NOT_VCN_MANAGED Uid: 10058 RequestorUid: 1000 RequestorPkg: android UnderlyingNetworks: Null] ]
05-30 14:03:30.225 D/UntrustedWifiNetworkFactory( 710): got request NetworkRequest [ REQUEST id=39, [ Capabilities: INTERNET&NOT_RESTRICTED&TRUSTED&NOT_VCN_MANAGED Uid: 10058 RequestorUid: 1000 RequestorPkg: android UnderlyingNetworks: Null] ]
05-30 14:03:30.226 D/ConnectivityService( 710): NetReassign [no changes] [c 0] [a 0] [i 1]
05-30 14:03:30.226 D/OemPaidWifiNetworkFactory( 710): got request NetworkRequest [ REQUEST id=39, [ Capabilities: INTERNET&NOT_RESTRICTED&TRUSTED&NOT_VCN_MANAGED Uid: 10058 RequestorUid: 1000 RequestorPkg: android UnderlyingNetworks: Null] ]
05-30 14:03:30.226 D/MultiInternetWifiNetworkFactory( 710): got request NetworkRequest [ REQUEST id=39, [ Capabilities: INTERNET&NOT_RESTRICTED&TRUSTED&NOT_VCN_MANAGED Uid: 10058 RequestorUid: 1000 RequestorPkg: android UnderlyingNetworks: Null] ]
05-30 14:03:30.228 D/nativeloader( 1747): Configuring clns-shared-4 for other apk /system/priv-app/ManagedProvisioning/ManagedProvisioning.apk. target_sdk_version=34, uses_libraries=, library_path=/system/priv-app/ManagedProvisioning/lib/arm:/system/lib:/system_ext/lib, permitted_path=/data:/mnt/expand:/data/user/0/com.android.managedprovisioning:/system/priv-app/ManagedProvisioning:/system/lib:/system_ext/lib
05-30 14:03:30.233 D/ConnectivityService( 710): requestNetwork for uid/pid:10058/1380 activeRequest: null callbackRequest: 40 [NetworkRequest [ REQUEST id=41, [ Capabilities: INTERNET&NOT_RESTRICTED&TRUSTED&NOT_VCN_MANAGED Uid: 10058 RequestorUid: 10058 RequestorPkg: com.android.devicelockcontroller UnderlyingNetworks: Null] ]] callback flags: 0 order: 2147483647
05-30 14:03:30.234 D/nativeloader( 1749): Configuring clns-shared-4 for other apk /system/priv-app/DynamicSystemInstallationService/DynamicSystemInstallationService.apk. target_sdk_version=34, uses_libraries=, library_path=/system/priv-app/DynamicSystemInstallationService/lib/arm:/system/priv-app/DynamicSystemInstallationService/DynamicSystemInstallationService.apk!/lib/armeabi-v7a:/system/lib:/system_ext/lib, permitted_path=/data:/mnt/expand:/data/user/0/com.android.dynsystem:/system/priv-app/DynamicSystemInstallationService:/system/lib:/system_ext/lib
05-30 14:03:30.236 D/ConnectivityService( 710): NetReassign [no changes] [c 0] [a 0] [i 1]
05-30 14:03:30.237 D/WifiNetworkFactory( 710): got request NetworkRequest [ REQUEST id=41, [ Capabilities: INTERNET&NOT_RESTRICTED&TRUSTED&NOT_VCN_MANAGED Uid: 10058 RequestorUid: 10058 RequestorPkg: com.android.devicelockcontroller UnderlyingNetworks: Null] ]
05-30 14:03:30.237 D/UntrustedWifiNetworkFactory( 710): got request NetworkRequest [ REQUEST id=41, [ Capabilities: INTERNET&NOT_RESTRICTED&TRUSTED&NOT_VCN_MANAGED Uid: 10058 RequestorUid: 10058 RequestorPkg: com.android.devicelockcontroller UnderlyingNetworks: Null] ]
05-30 14:03:30.237 D/OemPaidWifiNetworkFactory( 710): got request NetworkRequest [ REQUEST id=41, [ Capabilities: INTERNET&NOT_RESTRICTED&TRUSTED&NOT_VCN_MANAGED Uid: 10058 RequestorUid: 10058 RequestorPkg: com.android.devicelockcontroller UnderlyingNetworks: Null] ]
05-30 14:03:30.237 D/MultiInternetWifiNetworkFactory( 710): got request NetworkRequest [ REQUEST id=41, [ Capabilities: INTERNET&NOT_RESTRICTED&TRUSTED&NOT_VCN_MANAGED Uid: 10058 RequestorUid: 10058 RequestorPkg: com.android.devicelockcontroller UnderlyingNetworks: Null] ]
05-30 14:03:30.245 D/CompatibilityChangeReporter( 1464): Compat change id reported: 263076149; UID 1000; state: DISABLED
05-30 14:03:30.250 D/StatisticParamUtil( 1464): getBluetoothAddressSdk23: error
05-30 14:03:30.260 I/UtilCommon( 1464): bluetoothMac=1C:79:2D:20:62:B6
05-30 14:03:30.260 E/wangli ( 1464): env: 0_false
05-30 14:03:30.269 V/GraphicsEnvironment( 1749): Currently set values for:
05-30 14:03:30.270 V/GraphicsEnvironment( 1749): angle_gl_driver_selection_pkgs=[]
05-30 14:03:30.270 V/GraphicsEnvironment( 1749): angle_gl_driver_selection_values=[]
05-30 14:03:30.271 V/GraphicsEnvironment( 1749): ANGLE GameManagerService for com.android.dynsystem: false
05-30 14:03:30.272 V/GraphicsEnvironment( 1749): com.android.dynsystem is not listed in per-application setting
05-30 14:03:30.272 V/GraphicsEnvironment( 1749): Neither updatable production driver nor prerelease driver is supported.
05-30 14:03:30.272 D/RockyApplication( 1686): init: false
05-30 14:03:30.285 V/GraphicsEnvironment( 1747): Currently set values for:
05-30 14:03:30.285 V/GraphicsEnvironment( 1747): angle_gl_driver_selection_pkgs=[]
05-30 14:03:30.285 V/GraphicsEnvironment( 1747): angle_gl_driver_selection_values=[]
05-30 14:03:30.287 V/GraphicsEnvironment( 1747): ANGLE GameManagerService for com.android.managedprovisioning: false
05-30 14:03:30.287 V/GraphicsEnvironment( 1747): com.android.managedprovisioning is not listed in per-application setting
05-30 14:03:30.288 V/GraphicsEnvironment( 1747): Neither updatable production driver nor prerelease driver is supported.
05-30 14:03:30.293 D/DynamicSystemInstallationService( 1749): onStartCommand(): action=android.os.image.action.NOTIFY_IF_IN_USE
05-30 14:03:30.294 I/DynamicSystemService( 710): isInstalled(): false
05-30 14:03:30.296 I/System.out( 1464): DiskLruCache /data/user/0/com.dangbei.leard.leradlauncher/cache/image_manager_disk_cache is corrupt: null, removing
05-30 14:03:30.311 I/ActivityManager( 710): com.android.packageinstaller is exempt from freezer
05-30 14:03:30.311 D/CompatibilityChangeReporter( 710): Compat change id reported: 135634846; UID 10025; state: DISABLED
05-30 14:03:30.311 D/CompatibilityChangeReporter( 710): Compat change id reported: 177438394; UID 10025; state: DISABLED
05-30 14:03:30.312 D/CompatibilityChangeReporter( 710): Compat change id reported: 135772972; UID 10025; state: DISABLED
05-30 14:03:30.312 D/CompatibilityChangeReporter( 710): Compat change id reported: 135754954; UID 10025; state: ENABLED
05-30 14:03:30.312 D/CompatibilityChangeReporter( 710): Compat change id reported: 143937733; UID 10025; state: ENABLED
05-30 14:03:30.325 D/RockyVoice( 1686): RestartReceiver onReceive
05-30 14:03:30.329 E/getHdmiStatus( 1464): sourceInputStatus=null mEtnaAdapter=null
05-30 14:03:30.343 D/Zygote ( 465): Forked child process 1797
05-30 14:03:30.344 I/ActivityManager( 710): Start proc 1797:com.android.packageinstaller/u0a25 for broadcast {com.android.packageinstaller/com.android.packageinstaller.TemporaryFileManager}
05-30 14:03:30.344 D/RockyManager( 1686): initFarWakeStatus isMainFarSwitch: false
05-30 14:03:30.345 I/RockyManager( 1686): isFarWake: false
05-30 14:03:30.347 D/CompatibilityChangeReporter( 1439): Compat change id reported: 247079863; UID 10068; state: ENABLED
05-30 14:03:30.348 I/vold ( 247): fuse-bpf is enabled because /sys/fs/fuse/features/fuse_bpf reads 'supported'
05-30 14:03:30.348 I/vold ( 247): Setting ro.fuse.bpf.is_running to true
05-30 14:03:30.350 I/vold ( 247): Configuring read_ahead of /mnt/user/0/emulated fuse filesystem to 256kb
05-30 14:03:30.350 I/vold ( 247): Writing 256 to /sys/class/bdi/0:60/read_ahead_kb
05-30 14:03:30.350 I/vold ( 247): Configuring max_ratio of /mnt/user/0/emulated fuse filesystem to 40
05-30 14:03:30.350 I/vold ( 247): Writing 40 to /sys/class/bdi/0:60/max_ratio
05-30 14:03:30.353 I/StorageManagerService( 710): Mounted volume VolumeInfo{emulated;0}:
05-30 14:03:30.353 I/StorageManagerService( 710): type=EMULATED diskId=null partGuid= mountFlags=PRIMARY|VISIBLE_FOR_WRITE
05-30 14:03:30.353 I/StorageManagerService( 710): mountUserId=0 state=MOUNTED
05-30 14:03:30.353 I/StorageManagerService( 710): fsType=null fsUuid=null fsLabel=null
05-30 14:03:30.353 I/StorageManagerService( 710): path=/storage/emulated internalPath=/data/media
05-30 14:03:30.355 I/StorageSessionController( 710): Notifying volume state changed for session with id: emulated;0
05-30 14:03:30.360 V/MediaStore( 1439): Examining volume emulated;0 with name external_primary and state mounted
05-30 14:03:30.361 W/ContextImpl( 1686): Calling a method in the system process without a qualified user: android.app.ContextImpl.startService:1899 android.content.ContextWrapper.startService:825 com.cvte.tv.api.TvApiSDKManager.:177 com.cvte.tv.api.TvApiSDKManager.init:217 com.dangbei.rocky.component.system.SystemControlUtils.initSystemAidl:82
05-30 14:03:30.361 W/ActivityManager( 710): Unable to start service Intent { act=com.cvte.tv.api.TV_API_SERVICE pkg=com.cvte.tv.api.impl } U=0: not found
05-30 14:03:30.363 W/ContextImpl( 1686): Calling a method in the system process without a qualified user: android.app.ContextImpl.bindService:1988 android.content.ContextWrapper.bindService:861 com.cvte.tv.api.TvApiSDKManager.:178 com.cvte.tv.api.TvApiSDKManager.init:217 com.dangbei.rocky.component.system.SystemControlUtils.initSystemAidl:82
05-30 14:03:30.364 W/ActivityManager( 710): Unable to start service Intent { act=com.cvte.tv.api.TV_API_SERVICE pkg=com.cvte.tv.api.impl } U=0: not found
05-30 14:03:30.364 D/TvApiSDKManager( 1686): getTvApi getSystemService = false
05-30 14:03:30.364 D/TvApiSDKManager( 1686): getTvApi startService
05-30 14:03:30.365 W/ContextImpl( 1686): Calling a method in the system process without a qualified user: android.app.ContextImpl.startService:1899 android.content.ContextWrapper.startService:825 com.cvte.tv.api.TvApiSDKManager.getTvApi:361 com.dangbei.rocky.component.system.SystemControlUtils.initSystemAidl:83 com.dangbei.rocky.component.system.SystemComponent.onAttached:38
05-30 14:03:30.372 I/Zygote ( 1797): seccomp disabled by setenforce 0
05-30 14:03:30.380 I/RxCachedThreadS( 1686): type=1400 audit(0.0:794): avc: denied { search } for name="net" dev="sysfs" ino=12345 scontext=u:r:system_app:s0 tcontext=u:object_r:sysfs_net:s0 tclass=dir permissive=1
05-30 14:03:30.396 I/UsbFfs-monitor( 1395): type=1400 audit(0.0:795): avc: denied { use } for path="anon_inode:[eventfd]" dev="anon_inodefs" ino=10217 scontext=u:r:su:s0 tcontext=u:r:adbd:s0 tclass=fd permissive=1
05-30 14:03:30.396 I/adbd ( 1395): type=1400 audit(0.0:796): avc: denied { write } for path="socket:[29612]" dev="sockfs" ino=29612 scontext=u:r:su:s0 tcontext=u:r:adbd:s0 tclass=unix_stream_socket permissive=1
05-30 14:03:30.396 I/adbd ( 1395): type=1400 audit(0.0:797): avc: denied { read } for path="socket:[29613]" dev="sockfs" ino=29613 scontext=u:r:su:s0 tcontext=u:r:adbd:s0 tclass=unix_stream_socket permissive=1
05-30 14:03:30.375 W/ActivityManager( 710): Unable to start service Intent { act=com.cvte.tv.api.TV_API_SERVICE pkg=com.cvte.tv.api.impl } U=0: not found
05-30 14:03:30.378 I/ackageinstaller( 1797): Using CollectorTypeCC GC.
05-30 14:03:30.384 W/ContextImpl( 1686): Calling a method in the system process without a qualified user: android.app.ContextImpl.bindService:1988 android.content.ContextWrapper.bindService:861 com.cvte.tv.api.TvApiSDKManager.getTvApi:362 com.dangbei.rocky.component.system.SystemControlUtils.initSystemAidl:83 com.dangbei.rocky.component.system.SystemComponent.onAttached:38
05-30 14:03:30.384 E/ackageinstaller( 1797): Not starting debugger since process cannot load the jdwp agent.
05-30 14:03:30.386 W/ActivityManager( 710): Unable to start service Intent { act=com.cvte.tv.api.TV_API_SERVICE pkg=com.cvte.tv.api.impl } U=0: not found
05-30 14:03:30.406 I/StorageSessionController( 710): Notifying volume state changed for session with id: emulated;0
05-30 14:03:30.407 W/ContextImpl( 1686): Calling a method in the system process without a qualified user: android.app.ContextImpl.startService:1899 android.content.ContextWrapper.startService:825 com.dangbei.phrike.core.DownloadManager.register:294 com.dangbei.component_appcontrol.phrike.XPhrikeAppCreator.register:47 com.dangbei.component_appcontrol.AppControlComponent.onAttached:65
05-30 14:03:30.410 I/ExternalStorageServiceImpl( 1439): Ignoring volume state for vol:external_primary. State: checking
05-30 14:03:30.422 I/RockyManager( 1686): initSDKDelegate:
05-30 14:03:30.425 V/MediaStore( 1439): Examining volume emulated;0 with name external_primary and state mounted
05-30 14:03:30.430 D/OsInitLaunch( 1464): send cache: mangoAuth, null, AUTH_NO_NETWORK, null
05-30 14:03:30.438 W/System.err( 1464): java.net.UnknownHostException: Unable to resolve host "utoken.umeng.com": No address associated with hostname
05-30 14:03:30.439 W/System.err( 1464): at java.net.Inet6AddressImpl.lookupHostByName(Inet6AddressImpl.java:156)
05-30 14:03:30.439 W/System.err( 1464): at java.net.Inet6AddressImpl.lookupAllHostAddr(Inet6AddressImpl.java:103)
05-30 14:03:30.439 W/System.err( 1464): at java.net.InetAddress.getAllByName(InetAddress.java:1152)
05-30 14:03:30.439 W/System.err( 1464): at com.android.okhttp.Dns$1.lookup(Dns.java:41)
05-30 14:03:30.439 W/System.err( 1464): at com.android.okhttp.internal.http.RouteSelector.resetNextInetSocketAddress(RouteSelector.java:178)
05-30 14:03:30.439 W/System.err( 1464): at com.android.okhttp.internal.http.RouteSelector.nextProxy(RouteSelector.java:144)
05-30 14:03:30.439 W/System.err( 1464): at com.android.okhttp.internal.http.RouteSelector.next(RouteSelector.java:86)
05-30 14:03:30.439 W/System.err( 1464): at com.android.okhttp.internal.http.StreamAllocation.findConnection(StreamAllocation.java:176)
05-30 14:03:30.439 W/System.err( 1464): at com.android.okhttp.internal.http.StreamAllocation.findHealthyConnection(StreamAllocation.java:128)
05-30 14:03:30.439 W/System.err( 1464): at com.android.okhttp.internal.http.StreamAllocation.newStream(StreamAllocation.java:97)
05-30 14:03:30.439 W/System.err( 1464): at com.android.okhttp.internal.http.HttpEngine.connect(HttpEngine.java:289)
05-30 14:03:30.439 W/System.err( 1464): at com.android.okhttp.internal.http.HttpEngine.sendRequest(HttpEngine.java:232)
05-30 14:03:30.439 W/System.err( 1464): at com.android.okhttp.internal.huc.HttpURLConnectionImpl.execute(HttpURLConnectionImpl.java:465)
05-30 14:03:30.439 W/System.err( 1464): at com.android.okhttp.internal.huc.HttpURLConnectionImpl.connect(HttpURLConnectionImpl.java:131)
05-30 14:03:30.439 W/System.err( 1464): at com.android.okhttp.internal.huc.HttpURLConnectionImpl.getOutputStream(HttpURLConnectionImpl.java:262)
05-30 14:03:30.439 W/System.err( 1464): at com.android.okhttp.internal.huc.DelegatingHttpsURLConnection.getOutputStream(DelegatingHttpsURLConnection.java:219)
05-30 14:03:30.439 W/System.err( 1464): at com.android.okhttp.internal.huc.HttpsURLConnectionImpl.getOutputStream(HttpsURLConnectionImpl.java:30)
05-30 14:03:30.439 W/System.err( 1464): at com.umeng.umzid.a.a(SourceFile:80)
05-30 14:03:30.439 W/System.err( 1464): at com.umeng.umzid.ZIDManager.b(SourceFile:298)
05-30 14:03:30.439 W/System.err( 1464): at com.umeng.umzid.ZIDManager$b.run(Unknown Source:4)
05-30 14:03:30.439 W/System.err( 1464): at java.util.concurrent.Executors$RunnableAdapter.call(Executors.java:487)
05-30 14:03:30.439 W/System.err( 1464): at java.util.concurrent.FutureTask.run(FutureTask.java:264)
05-30 14:03:30.439 W/System.err( 1464): at java.util.concurrent.ScheduledThreadPoolExecutor$ScheduledFutureTask.run(ScheduledThreadPoolExecutor.java:307)
05-30 14:03:30.439 W/System.err( 1464): at java.util.concurrent.ThreadPoolExecutor.runWorker(ThreadPoolExecutor.java:1145)
05-30 14:03:30.439 W/System.err( 1464): at java.util.concurrent.ThreadPoolExecutor$Worker.run(ThreadPoolExecutor.java:644)
05-30 14:03:30.439 W/System.err( 1464): at java.lang.Thread.run(Thread.java:1012)
05-30 14:03:30.439 W/System.err( 1464): Caused by: android.system.GaiException: android_getaddrinfo failed: EAI_NODATA (No address associated with hostname)
05-30 14:03:30.439 W/System.err( 1464): at libcore.io.Linux.android_getaddrinfo(Native Method)
05-30 14:03:30.439 W/System.err( 1464): at libcore.io.ForwardingOs.android_getaddrinfo(ForwardingOs.java:133)
05-30 14:03:30.439 W/System.err( 1464): at libcore.io.BlockGuardOs.android_getaddrinfo(BlockGuardOs.java:222)
05-30 14:03:30.439 W/System.err( 1464): at libcore.io.ForwardingOs.android_getaddrinfo(ForwardingOs.java:133)
05-30 14:03:30.439 W/System.err( 1464): at java.net.Inet6AddressImpl.lookupHostByName(Inet6AddressImpl.java:135)
05-30 14:03:30.439 W/System.err( 1464): ... 25 more
05-30 14:03:30.436 I/rainbow_flow( 601): type=1400 audit(0.0:798): avc: denied { ioctl } for path="/dev/spidev1.0" dev="tmpfs" ino=534 ioctlcmd=0x6b00 scontext=u:r:init:s0 tcontext=u:object_r:device:s0 tclass=chr_file permissive=1
05-30 14:03:30.443 I/StorageSessionController( 710): Notifying volume state changed for session with id: emulated;0
05-30 14:03:30.446 D/ConnectivityService( 710): requestNetwork for uid/pid:1000/1464 activeRequest: null callbackRequest: 42 [NetworkRequest [ REQUEST id=43, [ Capabilities: INTERNET&NOT_RESTRICTED&TRUSTED&NOT_VCN_MANAGED Uid: 1000 RequestorUid: 1000 RequestorPkg: com.dangbei.leard.leradlauncher UnderlyingNetworks: Null] ]] callback flags: 0 order: 2147483647
05-30 14:03:30.447 D/WifiNetworkFactory( 710): got request NetworkRequest [ REQUEST id=43, [ Capabilities: INTERNET&NOT_RESTRICTED&TRUSTED&NOT_VCN_MANAGED Uid: 1000 RequestorUid: 1000 RequestorPkg: com.dangbei.leard.leradlauncher UnderlyingNetworks: Null] ]
05-30 14:03:30.447 D/UntrustedWifiNetworkFactory( 710): got request NetworkRequest [ REQUEST id=43, [ Capabilities: INTERNET&NOT_RESTRICTED&TRUSTED&NOT_VCN_MANAGED Uid: 1000 RequestorUid: 1000 RequestorPkg: com.dangbei.leard.leradlauncher UnderlyingNetworks: Null] ]
05-30 14:03:30.447 D/OemPaidWifiNetworkFactory( 710): got request NetworkRequest [ REQUEST id=43, [ Capabilities: INTERNET&NOT_RESTRICTED&TRUSTED&NOT_VCN_MANAGED Uid: 1000 RequestorUid: 1000 RequestorPkg: com.dangbei.leard.leradlauncher UnderlyingNetworks: Null] ]
05-30 14:03:30.447 D/ConnectivityService( 710): NetReassign [no changes] [c 0] [a 0] [i 0]
05-30 14:03:30.447 D/MultiInternetWifiNetworkFactory( 710): got request NetworkRequest [ REQUEST id=43, [ Capabilities: INTERNET&NOT_RESTRICTED&TRUSTED&NOT_VCN_MANAGED Uid: 1000 RequestorUid: 1000 RequestorPkg: com.dangbei.leard.leradlauncher UnderlyingNetworks: Null] ]
05-30 14:03:30.460 E/hq ( 1464): ErrorCoroutineExceptionHandler:::runTry error:java.net.UnknownHostException: Unable to resolve host "ottdbui-tyapiqun7.yysh.mgtv.com": No address associated with hostname from=requestAppBarData_loadData
05-30 14:03:30.472 D/CompatibilityChangeReporter( 1464): Compat change id reported: 237531167; UID 1000; state: DISABLED
05-30 14:03:30.475 W/OpenGLRenderer( 1464): Unknown dataspace 0
05-30 14:03:30.478 D/MobclickAgent( 1464): 延续上一个会话: A4F5BB9023F9096CB6B8CE8040C87827
05-30 14:03:30.480 W/SQLiteLog( 1464): (28) double-quoted string literal: "A4F5BB9023F9096CB6B8CE8040C87827"
05-30 14:03:30.480 W/SQLiteLog( 1464): (28) double-quoted string literal: ""
05-30 14:03:30.480 W/SQLiteLog( 1464): (28) double-quoted string literal: "A4F5BB9023F9096CB6B8CE8040C87827"
05-30 14:03:30.480 W/SQLiteLog( 1464): (28) double-quoted string literal: "-1"
05-30 14:03:30.485 W/WindowManager( 710): [addWindow] title:com.dangbei.leard.leradlauncher/com.dangbei.launcher.home.LauncherActivity
05-30 14:03:30.486 D/CompatibilityChangeReporter( 710): Compat change id reported: 168419799; UID 10025; state: DISABLED
05-30 14:03:30.486 D/CompatibilityChangeReporter( 710): Compat change id reported: 273564678; UID 10025; state: DISABLED
05-30 14:03:30.486 W/ActivityManager( 710): Slow operation: 51ms so far, now at attachApplicationLocked: immediately before bindApplication
05-30 14:03:30.487 D/CompatibilityChangeReporter( 710): Compat change id reported: 168419799; UID 1000; state: DISABLED
05-30 14:03:30.487 D/CompatibilityChangeReporter( 710): Compat change id reported: 273564678; UID 1000; state: DISABLED
05-30 14:03:30.490 W/ActivityManager( 710): Slow operation: 55ms so far, now at attachApplicationLocked: immediately after bindApplication
05-30 14:03:30.491 W/ActivityManager( 710): Slow operation: 55ms so far, now at attachApplicationLocked: after updateLruProcessLocked
05-30 14:03:30.491 W/ActivityManager( 710): Slow operation: 55ms so far, now at attachApplicationLocked: after updateOomAdjLocked
05-30 14:03:30.492 I/Choreographer( 1464): Skipped 62 frames! The application may be doing too much work on its main thread.
05-30 14:03:30.495 D/CompatibilityChangeReporter( 1686): Compat change id reported: 263076149; UID 1000; state: DISABLED
05-30 14:03:30.501 W/System.err( 1686): java.lang.NoSuchMethodException: android.bluetooth.IBluetooth$Stub$Proxy.getAddress []
05-30 14:03:30.505 W/System.err( 1686): at java.lang.Class.getMethod(Class.java:2937)
05-30 14:03:30.505 W/System.err( 1686): at java.lang.Class.getMethod(Class.java:2449)
05-30 14:03:30.505 W/System.err( 1686): at com.dangbei.statistics.UtilCommon.getBluetoothAddressSdk23(UtilCommon.java:363)
05-30 14:03:30.505 W/System.err( 1686): at com.dangbei.statistics.UtilCommon.getBluetoothAddress(UtilCommon.java:333)
05-30 14:03:30.505 W/System.err( 1686): at com.dangbei.statistics.HttpBasicParamsInterceptor.lambda$create$26(HttpBasicParamsInterceptor.java:105)
05-30 14:03:30.505 W/System.err( 1686): at com.dangbei.statistics.-$$Lambda$HttpBasicParamsInterceptor$rmVfygJIBySIPZc0Bf7cpAPG2bY.call(Unknown Source:0)
05-30 14:03:30.505 W/System.err( 1686): at com.dangbei.statistics.library.Helper.callBackSelf(Helper.java:9)
05-30 14:03:30.505 W/System.err( 1686): at com.dangbei.statistics.HttpBasicParamsInterceptor.create(HttpBasicParamsInterceptor.java:105)
05-30 14:03:30.505 W/System.err( 1686): at com.dangbei.statistics.HttpBasicParamsInterceptor.lambda$init$0(HttpBasicParamsInterceptor.java:40)
05-30 14:03:30.505 W/System.err( 1686): at com.dangbei.statistics.-$$Lambda$HttpBasicParamsInterceptor$wo_01s0EQtjtRA0FDaKTO2uOKHM.accept(Unknown Source:2)
05-30 14:03:30.505 W/System.err( 1686): at io.reactivex.internal.operators.single.SingleDoOnSuccess$DoOnSuccess.onSuccess(SingleDoOnSuccess.java:54)
05-30 14:03:30.505 W/System.err( 1686): at io.reactivex.internal.operators.single.SingleObserveOn$ObserveOnSingleObserver.run(SingleObserveOn.java:81)
05-30 14:03:30.505 W/System.err( 1686): at io.reactivex.Scheduler$DisposeTask.run(Scheduler.java:578)
05-30 14:03:30.505 W/System.err( 1686): at io.reactivex.internal.schedulers.ScheduledRunnable.run(ScheduledRunnable.java:66)
05-30 14:03:30.505 W/System.err( 1686): at io.reactivex.internal.schedulers.ScheduledRunnable.call(ScheduledRunnable.java:57)
05-30 14:03:30.505 W/System.err( 1686): at java.util.concurrent.FutureTask.run(FutureTask.java:264)
05-30 14:03:30.505 W/System.err( 1686): at java.util.concurrent.ScheduledThreadPoolExecutor$ScheduledFutureTask.run(ScheduledThreadPoolExecutor.java:307)
05-30 14:03:30.505 W/System.err( 1686): at java.util.concurrent.ThreadPoolExecutor.runWorker(ThreadPoolExecutor.java:1145)
05-30 14:03:30.505 W/System.err( 1686): at java.util.concurrent.ThreadPoolExecutor$Worker.run(ThreadPoolExecutor.java:644)
05-30 14:03:30.505 W/System.err( 1686): at java.lang.Thread.run(Thread.java:1012)
05-30 14:03:30.508 D/CompatibilityChangeReporter( 710): Compat change id reported: 265195908; UID 10025; state: ENABLED
05-30 14:03:30.508 D/CompatibilityChangeReporter( 1797): Compat change id reported: 171979766; UID 10025; state: ENABLED
05-30 14:03:30.509 D/CompatibilityChangeReporter( 1797): Compat change id reported: 242716250; UID 10025; state: ENABLED
05-30 14:03:30.512 I/UtilCommon( 1686): bluetoothMac=1C:79:2D:20:62:B6
05-30 14:03:30.514 D/CompatibilityChangeReporter( 710): Compat change id reported: 170503758; UID 10025; state: ENABLED
05-30 14:03:30.523 D/CoreBackPreview( 710): Window{ba0c73e u0 com.dangbei.leard.leradlauncher/com.dangbei.launcher.home.LauncherActivity}: Setting back callback OnBackInvokedCallbackInfo{mCallback=android.window.IOnBackInvokedCallback$Stub$Proxy@87ef9d8, mPriority=0, mIsAnimationCallback=false}
05-30 14:03:30.537 I/mali ( 1464): Successfully parsed 1 environment variable(s) from /vendor/etc/mali_platform.config.
05-30 14:03:30.538 I/mali ( 1464): Successfully parsed 1 environment variable(s) from /vendor/etc/mali_platform.config.
05-30 14:03:30.547 V/MediaStore( 1439): Examining volume emulated;0 with name external_primary and state mounted
05-30 14:03:30.548 I/MediaProvider( 1439): Begin Intent { act=com.android.providers.media.action.SCAN_VOLUME (has extras) }
05-30 14:03:30.550 I/hwservicemanager( 234): getTransport: Cannot find entry android.hardware.configstore@1.0::ISurfaceFlingerConfigs/default in either framework or device VINTF manifest.
05-30 14:03:30.552 W/System.err( 1686): java.net.UnknownHostException: Unable to resolve host "tyapi.qun7.com": No address associated with hostname
05-30 14:03:30.554 W/System.err( 1686): at java.net.Inet6AddressImpl.lookupHostByName(Inet6AddressImpl.java:156)
05-30 14:03:30.554 W/System.err( 1686): at java.net.Inet6AddressImpl.lookupAllHostAddr(Inet6AddressImpl.java:103)
05-30 14:03:30.554 W/System.err( 1686): at java.net.InetAddress.getAllByName(InetAddress.java:1152)
05-30 14:03:30.554 W/System.err( 1686): at com.android.okhttp.Dns$1.lookup(Dns.java:41)
05-30 14:03:30.554 W/System.err( 1686): at com.android.okhttp.internal.http.RouteSelector.resetNextInetSocketAddress(RouteSelector.java:178)
05-30 14:03:30.554 W/System.err( 1686): at com.android.okhttp.internal.http.RouteSelector.nextProxy(RouteSelector.java:144)
05-30 14:03:30.554 W/System.err( 1686): at com.android.okhttp.internal.http.RouteSelector.next(RouteSelector.java:86)
05-30 14:03:30.554 W/System.err( 1686): at com.android.okhttp.internal.http.StreamAllocation.findConnection(StreamAllocation.java:176)
05-30 14:03:30.554 W/System.err( 1686): at com.android.okhttp.internal.http.StreamAllocation.findHealthyConnection(StreamAllocation.java:128)
05-30 14:03:30.554 W/System.err( 1686): at com.android.okhttp.internal.http.StreamAllocation.newStream(StreamAllocation.java:97)
05-30 14:03:30.554 W/System.err( 1686): at com.android.okhttp.internal.http.HttpEngine.connect(HttpEngine.java:289)
05-30 14:03:30.554 W/System.err( 1686): at com.android.okhttp.internal.http.HttpEngine.sendRequest(HttpEngine.java:232)
05-30 14:03:30.554 W/System.err( 1686): at com.android.okhttp.internal.huc.HttpURLConnectionImpl.execute(HttpURLConnectionImpl.java:465)
05-30 14:03:30.554 W/System.err( 1686): at com.android.okhttp.internal.huc.HttpURLConnectionImpl.getResponse(HttpURLConnectionImpl.java:411)
05-30 14:03:30.554 W/System.err( 1686): at com.android.okhttp.internal.huc.HttpURLConnectionImpl.getResponseCode(HttpURLConnectionImpl.java:542)
05-30 14:03:30.554 W/System.err( 1686): at com.dangbei.statistics.UtilCommon.networkGetIp(UtilCommon.java:826)
05-30 14:03:30.554 W/System.err( 1686): at com.dangbei.statistics.UtilCommon$1.accept(UtilCommon.java:807)
05-30 14:03:30.554 W/System.err( 1686): at com.dangbei.statistics.UtilCommon$1.accept(UtilCommon.java:803)
05-30 14:03:30.554 W/System.err( 1686): at io.reactivex.internal.operators.observable.ObservableDoOnEach$DoOnEachObserver.onNext(ObservableDoOnEach.java:93)
05-30 14:03:30.554 W/System.err( 1686): at io.reactivex.internal.operators.observable.ObservableObserveOn$ObserveOnObserver.drainNormal(ObservableObserveOn.java:201)
05-30 14:03:30.554 W/System.err( 1686): at io.reactivex.internal.operators.observable.ObservableObserveOn$ObserveOnObserver.run(ObservableObserveOn.java:255)
05-30 14:03:30.554 W/System.err( 1686): at io.reactivex.internal.schedulers.ScheduledRunnable.run(ScheduledRunnable.java:66)
05-30 14:03:30.554 W/System.err( 1686): at io.reactivex.internal.schedulers.ScheduledRunnable.call(ScheduledRunnable.java:57)
05-30 14:03:30.554 W/System.err( 1686): at java.util.concurrent.FutureTask.run(FutureTask.java:264)
05-30 14:03:30.554 W/System.err( 1686): at java.util.concurrent.ScheduledThreadPoolExecutor$ScheduledFutureTask.run(ScheduledThreadPoolExecutor.java:307)
05-30 14:03:30.554 W/System.err( 1686): at java.util.concurrent.ThreadPoolExecutor.runWorker(ThreadPoolExecutor.java:1145)
05-30 14:03:30.554 W/System.err( 1686): at java.util.concurrent.ThreadPoolExecutor$Worker.run(ThreadPoolExecutor.java:644)
05-30 14:03:30.554 W/System.err( 1686): at java.lang.Thread.run(Thread.java:1012)
05-30 14:03:30.555 W/System.err( 1686): Caused by: android.system.GaiException: android_getaddrinfo failed: EAI_NODATA (No address associated with hostname)
05-30 14:03:30.555 W/System.err( 1686): at libcore.io.Linux.android_getaddrinfo(Native Method)
05-30 14:03:30.555 W/System.err( 1686): at libcore.io.ForwardingOs.android_getaddrinfo(ForwardingOs.java:133)
05-30 14:03:30.555 W/System.err( 1686): at libcore.io.BlockGuardOs.android_getaddrinfo(BlockGuardOs.java:222)
05-30 14:03:30.555 W/System.err( 1686): at libcore.io.ForwardingOs.android_getaddrinfo(ForwardingOs.java:133)
05-30 14:03:30.555 W/System.err( 1686): at java.net.Inet6AddressImpl.lookupHostByName(Inet6AddressImpl.java:135)
05-30 14:03:30.555 W/System.err( 1686): ... 27 more
05-30 14:03:30.558 W/BroadcastLoopers( 710): Found previously unknown looper Thread[StorageManagerService,5,main]
05-30 14:03:30.559 D/installd( 625): Found quota mount /dev/block/by-name/metadata at /metadata
05-30 14:03:30.559 D/StorageManagerService( 710): Volume emulated;0 broadcasting checking to UserHandle{0}
05-30 14:03:30.559 D/installd( 625): Found quota mount /dev/block/dm-50 at /data
05-30 14:03:30.561 D/installd( 625): Found quota mount /dev/block/dm-50 at /data/user/0
05-30 14:03:30.561 D/installd( 625): Found quota mount /dev/block/dm-50 at /mnt/pass_through/0/emulated
05-30 14:03:30.562 D/installd( 625): Found storage mount /dev/block/dm-50 at /mnt/pass_through/0/emulated
05-30 14:03:30.562 D/installd( 625): Found storage mount at /mnt/pass_through/0/emulated
05-30 14:03:30.563 E/DiskReceiver( 1306): Missing fsUuid, not launching activity.
05-30 14:03:30.565 V/MediaStore( 1439): Examining volume emulated;0 with name external_primary and state mounted
05-30 14:03:30.569 V/MediaStore( 1439): Examining volume emulated;0 with name external_primary and state mounted
05-30 14:03:30.570 I/libusbconfigfs( 519): monitorFfs signalled error
05-30 14:03:30.570 I/usb.gadget.aidl-service.droidlogic( 519): unvote accessory limit current failed
05-30 14:03:30.570 E/UsbDeviceManager( 710): Usb setCurrentUsbFunctionsCb failed ,functions:4 ,status:1 ,transactionId:6
05-30 14:03:30.570 I/usb.gadget.aidl-service.droidlogic( 519): Usb Gadget setcurrent functions called successfully
05-30 14:03:30.570 I/UsbDeviceManager( 710): notifyCurrentFunction request:1 status:1
05-30 14:03:30.576 D/StorageManagerService( 710): Volume emulated;0 broadcasting mounted to UserHandle{0}
05-30 14:03:30.580 E/libEGL ( 1464): cache file has bad mojo
05-30 14:03:30.582 D/nativeloader( 1797): Configuring clns-shared-4 for other apk /system/priv-app/PackageInstaller_tv/PackageInstaller_tv.apk. target_sdk_version=34, uses_libraries=, library_path=/system/priv-app/PackageInstaller_tv/lib/arm:/system/lib:/system_ext/lib, permitted_path=/data:/mnt/expand:/data/user_de/0/com.android.packageinstaller:/system/priv-app/PackageInstaller_tv:/system/lib:/system_ext/lib
05-30 14:03:30.582 I/MesonDisplay( 289): [/mode_policy.c, meson_mode_set_policy, 1177] connector:0 to policy:0
05-30 14:03:30.582 I/MesonDisplay( 289): [/mode_policy.c, is_dv_prefer, 66] not prefer dv, hdr_priority:10000010
05-30 14:03:30.582 I/MesonDisplay( 289): [/mode_policy.c, is_dv_prefer, 66] not prefer dv, hdr_priority:10000010
05-30 14:03:30.582 I/MesonDisplay( 289): [/mode_policy.c, hdr_scene_process, 724] policy:0 is_bestcolorspace:1 state:0
05-30 14:03:30.582 I/MesonDisplay( 289): [/mode_policy_parser.c, is_support_hdmimode, 110] is_support_hdmimode mode: 2160p60hz
05-30 14:03:30.582 I/MesonDisplay( 289): [/mode_policy_parser.c, is_support_hdmimode, 110] is_support_hdmimode mode: 2160p60hz
05-30 14:03:30.582 D/MesonDisplay( 289): meson_write /sys/class/amhdmitx/amhdmitx0/valid_mode, outputmode:2160p60hz420,10bit
05-30 14:03:30.583 D/MesonDisplay( 289): valid mode is true!
05-30 14:03:30.583 I/MesonDisplay( 289): [/mode_policy.c, is_support_4kHDR, 499] is_support_4kHDR mode:[420,10bit], deep color:[2160p60hz]
05-30 14:03:30.583 I/MesonDisplay( 289): [/mode_policy.c, meson_mode_get_policy_output, 1289] final_displaymode:2160p60hz, final_deepcolor:420,10bit, amdv_type:0
05-30 14:03:30.583 I/MesonDisplay( 289): [/mode_policy.c, meson_mode_set_policy, 1177] connector:0 to policy:0
05-30 14:03:30.584 E/OpenGLRenderer( 1464): Unable to match the desired swap behavior.
05-30 14:03:30.585 D/DiskReceiver( 1306): Scanning volume: VolumeInfo{emulated;0}:
05-30 14:03:30.585 D/DiskReceiver( 1306): type=EMULATED diskId=null partGuid= mountFlags=PRIMARY|VISIBLE_FOR_WRITE
05-30 14:03:30.585 D/DiskReceiver( 1306): mountUserId=0 state=MOUNTED
05-30 14:03:30.585 D/DiskReceiver( 1306): fsType=null fsUuid=null fsLabel=null
05-30 14:03:30.585 D/DiskReceiver( 1306): path=/storage/emulated internalPath=/data/media
05-30 14:03:30.592 V/MediaProvider( 1439): onConfigure() for internal.db
05-30 14:03:30.602 V/MediaProvider( 1439): onOpen() for internal.db
05-30 14:03:30.605 V/MediaProvider( 1439): onOpen() finished for internal.db
05-30 14:03:30.614 D/CompatibilityChangeReporter( 710): Compat change id reported: 182734110; UID 10068; state: ENABLED
05-30 14:03:30.631 W/ContextImpl( 710): Calling a method in the system process without a qualified user: android.app.ContextImpl.startService:1899 com.android.server.wm.DisplayPolicy.lambda$focusChangedLw$5:2126 com.android.server.wm.DisplayPolicy.$r8$lambda$Znxk63oh-WzVnzo_WQefN7uxV48:0 com.android.server.wm.DisplayPolicy$$ExternalSyntheticLambda13.run:0 android.os.Handler.handleCallback:958
05-30 14:03:30.633 I/MediaProvider( 1439): Scanned internal due to REASON_MOUNTED, found 4 items in 27ms, 0 inserts 0 updates 0 deletes
05-30 14:03:30.634 D/aaa ( 1487): LedStatusService onStartCommand begin
05-30 14:03:30.635 D/aaa ( 1487): topPkg is -------------- :com.dangbei.leard.leradlauncher
05-30 14:03:30.637 V/GraphicsEnvironment( 1797): Currently set values for:
05-30 14:03:30.637 V/GraphicsEnvironment( 1797): angle_gl_driver_selection_pkgs=[]
05-30 14:03:30.637 V/GraphicsEnvironment( 1797): angle_gl_driver_selection_values=[]
05-30 14:03:30.638 V/GraphicsEnvironment( 1797): ANGLE GameManagerService for com.android.packageinstaller: false
05-30 14:03:30.638 V/GraphicsEnvironment( 1797): com.android.packageinstaller is not listed in per-application setting
05-30 14:03:30.639 V/GraphicsEnvironment( 1797): Neither updatable production driver nor prerelease driver is supported.
05-30 14:03:30.648 E/libEGL ( 1464): cache file has bad mojo
05-30 14:03:30.650 W/ModernMediaScanner( 1439): Failed to visit /oem/media: java.nio.file.NoSuchFileException: /oem/media
05-30 14:03:30.652 I/MediaProvider( 1439): Scanned internal due to REASON_MOUNTED, found 0 items in 3ms, 0 inserts 0 updates 0 deletes
05-30 14:03:30.659 D/CompatibilityChangeReporter( 710): Compat change id reported: 135634846; UID 10074; state: DISABLED
05-30 14:03:30.659 D/CompatibilityChangeReporter( 710): Compat change id reported: 177438394; UID 10074; state: DISABLED
05-30 14:03:30.659 D/CompatibilityChangeReporter( 710): Compat change id reported: 135772972; UID 10074; state: DISABLED
05-30 14:03:30.659 D/CompatibilityChangeReporter( 710): Compat change id reported: 135754954; UID 10074; state: ENABLED
05-30 14:03:30.659 I/ThermalService( 976): CPU temperatures: [56.9]
05-30 14:03:30.660 D/CompatibilityChangeReporter( 710): Compat change id reported: 143937733; UID 10074; state: ENABLED
05-30 14:03:30.677 D/Zygote ( 465): Forked child process 1840
05-30 14:03:30.677 I/ActivityManager( 710): Start proc 1840:com.android.permissioncontroller/u0a74 for broadcast {com.android.permissioncontroller/com.android.permissioncontroller.permission.service.LocationAccessCheck$SetupPeriodicBackgroundLocationAccessCheck}
05-30 14:03:30.684 I/MediaProvider( 1439): Scanned internal due to REASON_MOUNTED, found 10 items in 31ms, 0 inserts 0 updates 0 deletes
05-30 14:03:30.684 I/Zygote ( 1840): seccomp disabled by setenforce 0
05-30 14:03:30.685 I/AiuiEngine( 1686): create aiui agent
05-30 14:03:30.685 D/RockyVoice_AiUiDelegate( 1686): 初始化成功
05-30 14:03:30.686 D/RockyNetMessageUtil( 1686): initTipsList tipEntity = null isRequestTipSuccess = false
05-30 14:03:30.692 E/xxxxxxxxxxxxxxx( 1464): onReceive:mIsHDMIPlugged = true
05-30 14:03:30.691 I/ssioncontroller( 1840): Using CollectorTypeCC GC.
05-30 14:03:30.706 I/OpenGLRenderer( 1464): Davey! duration=1240ms; Flags=1, FrameTimelineVsyncId=806, IntendedVsync=23504235735, Vsync=24538604737, InputEventId=0, HandleInputStart=24547583511, AnimationStart=24547585177, PerformTraversalsStart=24548174927, DrawStart=24639677927, FrameDeadline=23522919068, FrameInterval=24547232052, FrameStartTime=16683371, SyncQueued=24640427636, SyncStart=24640727177, IssueDrawCommandsStart=24643557177, SwapBuffers=24726666261, FrameCompleted=24744724886, DequeueBufferDuration=12443834, QueueBufferDuration=17123125, GpuCompleted=24735468844, SwapBuffersCompleted=24744724886, DisplayPresentTime=0, CommandSubmissionCompleted=24726666261,
05-30 14:03:30.710 E/ssioncontroller( 1840): Not starting debugger since process cannot load the jdwp agent.
05-30 14:03:30.712 D/RockyNetMessageUtil( 1686): initMediaControlPage pageEntity = null isRequestPageControlSuccess = false
05-30 14:03:30.713 D/WifiNl80211Manager( 710): Scan result ready event
05-30 14:03:30.714 D/WifiNative( 710): Scan result ready event
05-30 14:03:30.715 V/WindowManagerShell( 962): onTransitionReady android.os.BinderProxy@645cea6: {id=1 t=CLOSE f=0x0 trk=0 r=[0@Point(0, 0)] c=[{WCT{android.window.IWindowContainerToken$Stub$Proxy@a683e39} m=OPEN f=MOVE_TO_TOP leash=Surface(name=Task=4)/@0xe702f32 sb=Rect(0, 0 - 1920, 1080) eb=Rect(0, 0 - 1920, 1080) d=0},{WCT{android.window.IWindowContainerToken$Stub$Proxy@a6e0c7e} m=CLOSE f=SHOW_WALLPAPER leash=Surface(name=Task=3)/@0x6d18483 sb=Rect(0, 0 - 1920, 1080) eb=Rect(0, 0 - 1920, 1080) d=0}]}
05-30 14:03:30.715 V/WindowManagerShell( 962): Playing animation for (#1)android.os.BinderProxy@645cea6@0
05-30 14:03:30.716 V/WindowManagerShell( 962): try handler com.android.wm.shell.keyguard.KeyguardTransitionHandler@1de5df
05-30 14:03:30.716 V/WindowManagerShell( 962): try handler com.android.wm.shell.pip.tv.TvPipTransition@23f022c
05-30 14:03:30.716 V/WindowManagerShell( 962): try handler com.android.wm.shell.activityembedding.ActivityEmbeddingController@18584f5
05-30 14:03:30.716 V/WindowManagerShell( 962): try handler com.android.wm.shell.transition.RemoteTransitionHandler@eda728a
05-30 14:03:30.716 V/WindowManagerShell( 962): Transition doesn't have explicit remote, search filters for match for {id=1 t=CLOSE f=0x0 trk=0 r=[0@Point(0, 0)] c=[{WCT{android.window.IWindowContainerToken$Stub$Proxy@a683e39} m=OPEN f=MOVE_TO_TOP leash=Surface(name=Task=4)/@0xe702f32 sb=Rect(0, 0 - 1920, 1080) eb=Rect(0, 0 - 1920, 1080) d=0},{WCT{android.window.IWindowContainerToken$Stub$Proxy@a6e0c7e} m=CLOSE f=SHOW_WALLPAPER leash=Surface(name=Task=3)/@0x6d18483 sb=Rect(0, 0 - 1920, 1080) eb=Rect(0, 0 - 1920, 1080) d=0}]}
05-30 14:03:30.716 V/WindowManagerShell( 962): Delegate animation for #1 to null
05-30 14:03:30.716 V/WindowManagerShell( 962): try handler com.android.wm.shell.transition.DefaultTransitionHandler@2a500fb
05-30 14:03:30.716 V/WindowManagerShell( 962): start default transition animation, info = {id=1 t=CLOSE f=0x0 trk=0 r=[0@Point(0, 0)] c=[{WCT{android.window.IWindowContainerToken$Stub$Proxy@a683e39} m=OPEN f=MOVE_TO_TOP leash=Surface(name=Task=4)/@0xe702f32 sb=Rect(0, 0 - 1920, 1080) eb=Rect(0, 0 - 1920, 1080) d=0},{WCT{android.window.IWindowContainerToken$Stub$Proxy@a6e0c7e} m=CLOSE f=SHOW_WALLPAPER leash=Surface(name=Task=3)/@0x6d18483 sb=Rect(0, 0 - 1920, 1080) eb=Rect(0, 0 - 1920, 1080) d=0}]}
05-30 14:03:30.718 W/WindowOnBackDispatcher( 1306): sendCancelIfRunning: isInProgress=falsecallback=android.view.ViewRootImpl$$ExternalSyntheticLambda17@104b0be
