05-30 14:03:29.329 I/MediaApplication( 1439): PhotoPickerSettingsActivity is now disabled.
05-30 14:03:29.337 I/Zygote ( 1578): seccomp disabled by setenforce 0
05-30 14:03:29.340 I/StorageUserConnection( 710): Service: [ComponentInfo{com.android.providers.media.module/com.android.providers.media.fuse.ExternalStorageServiceImpl}] connected. User [0]
05-30 14:03:29.343 I/d.process.acore( 1578): Using CollectorTypeCC GC.
05-30 14:03:29.344 I/ExternalStorageServiceImpl( 1439): Starting session for id: emulated;0
05-30 14:03:29.346 V/FuseDaemonThread( 1439): Waiting 1000ms for FUSE start. Count 4
05-30 14:03:29.350 I/FuseDaemonThread( 1439): Starting thread for emulated;0 ...
05-30 14:03:29.350 E/d.process.acore( 1578): Not starting debugger since process cannot load the jdwp agent.
05-30 14:03:29.350 I/FuseDaemon( 1439): fuse-bpf is enabled because /sys/fs/fuse/features/fuse_bpf reads 'supported'
05-30 14:03:29.350 I/FuseDaemon( 1439): Using FUSE BPF, BPF prog fd fetched
05-30 14:03:29.350 D/CompatibilityChangeReporter( 710): Compat change id reported: 168419799; UID 1000; state: DISABLED
05-30 14:03:29.351 I/FuseDaemon( 1439): Using FUSE passthrough
05-30 14:03:29.351 I/FuseDaemon( 1439): Starting fuse...
05-30 14:03:29.351 D/CompatibilityChangeReporter( 710): Compat change id reported: 273564678; UID 1000; state: DISABLED
05-30 14:03:29.351 D/MediaGrants( 1439): Removed 0 existing media_grants
05-30 14:03:29.352 I/adbd ( 1395): type=1400 audit(0.0:766): avc: denied { write } for name="mdnsd" dev="tmpfs" ino=891 scontext=u:r:su:s0 tcontext=u:object_r:mdnsd_socket:s0 tclass=sock_file permissive=1
05-30 14:03:29.352 I/adbd ( 1395): type=1400 audit(0.0:767): avc: denied { connectto } for path="/dev/socket/mdnsd" scontext=u:r:su:s0 tcontext=u:r:mdnsd:s0 tclass=unix_stream_socket permissive=1
05-30 14:03:29.361 I/adbd ( 1395): adbd mDNS service _adb._tcp registered: 1
05-30 14:03:29.365 D/CompatibilityChangeReporter( 710): Compat change id reported: 168419799; UID 10018; state: DISABLED
05-30 14:03:29.365 D/CompatibilityChangeReporter( 710): Compat change id reported: 273564678; UID 10018; state: DISABLED
05-30 14:03:29.367 D/CompatibilityChangeReporter( 1557): Compat change id reported: 171979766; UID 1000; state: ENABLED
05-30 14:03:29.370 D/CompatibilityChangeReporter( 1557): Compat change id reported: 242716250; UID 1000; state: DISABLED
05-30 14:03:29.370 D/CompatibilityChangeReporter( 710): Compat change id reported: 265195908; UID 10018; state: ENABLED
05-30 14:03:29.375 D/CompatibilityChangeReporter( 1578): Compat change id reported: 171979766; UID 10018; state: ENABLED
05-30 14:03:29.376 D/CompatibilityChangeReporter( 1578): Compat change id reported: 242716250; UID 10018; state: ENABLED
05-30 14:03:29.378 D/CompatibilityChangeReporter( 710): Compat change id reported: 149924527; UID 1000; state: ENABLED
05-30 14:03:29.381 D/CompatibilityChangeReporter( 710): Compat change id reported: 170503758; UID 10018; state: ENABLED
05-30 14:03:29.381 D/CompatibilityChangeReporter( 710): Compat change id reported: 132649864; UID 1000; state: DISABLED
05-30 14:03:29.392 I//apex/com.android.adbd/bin/adbd( 1395): type=1400 audit(0.0:768): avc: denied { dac_read_search } for comm=75736220666673206F70656E capability=2 scontext=u:r:su:s0 tcontext=u:r:su:s0 tclass=capability permissive=1
05-30 14:03:29.392 I//apex/com.android.adbd/bin/adbd( 1395): type=1400 audit(0.0:769): avc: denied { search } for comm=75736220666673206F70656E name="/" dev="functionfs" ino=24114 scontext=u:r:su:s0 tcontext=u:object_r:functionfs:s0 tclass=dir permissive=1
05-30 14:03:29.392 I//apex/com.android.adbd/bin/adbd( 1395): type=1400 audit(0.0:770): avc: denied { dac_override } for comm=75736220666673206F70656E capability=1 scontext=u:r:su:s0 tcontext=u:r:su:s0 tclass=capability permissive=1
05-30 14:03:29.394 E/ccc ( 1430): cccccc etna EtnaApplication init com.dangbei.lerad.etna.haqu.EtnaApplication@b09d5fe
05-30 14:03:29.401 D/nativeloader( 1578): Configuring clns-shared-4 for other apk /system/priv-app/ContactsProvider/ContactsProvider.apk. target_sdk_version=34, uses_libraries=, library_path=/system/priv-app/ContactsProvider/lib/arm:/system/lib:/system_ext/lib, permitted_path=/data:/mnt/expand:/data/user/0/com.android.providers.contacts:/system/priv-app/ContactsProvider:/system/lib:/system_ext/lib
05-30 14:03:29.413 I/MMKV ( 1430): Disable checkProcessMode()
05-30 14:03:29.420 I/MMKV ( 1430): current API level = 34
05-30 14:03:29.420 I/MMKV ( 1430): version v1.2.8 page size:4096
05-30 14:03:29.421 I/MMKV ( 1430): root dir: /data/user/0/com.dangbei.lerad.etna.haqu/files/mmkv
05-30 14:03:29.425 D/nativeloader( 1557): Configuring clns-shared-4 for other apk /system/app/Low_storage_dialog/Low_storage_dialog.apk. target_sdk_version=33, uses_libraries=, library_path=/system/app/Low_storage_dialog/lib/arm:/system/app/Low_storage_dialog/Low_storage_dialog.apk!/lib/armeabi-v7a:/system/lib:/system_ext/lib, permitted_path=/data:/mnt/expand:/data/user/0/com.oranth.storage:/system/app/Low_storage_dialog:/system/lib:/system_ext/lib
05-30 14:03:29.434 V/GraphicsEnvironment( 1578): Currently set values for:
05-30 14:03:29.435 V/GraphicsEnvironment( 1578): angle_gl_driver_selection_pkgs=[]
05-30 14:03:29.435 V/GraphicsEnvironment( 1578): angle_gl_driver_selection_values=[]
05-30 14:03:29.436 V/GraphicsEnvironment( 1578): ANGLE GameManagerService for com.android.providers.contacts: false
05-30 14:03:29.436 V/GraphicsEnvironment( 1578): com.android.providers.contacts is not listed in per-application setting
05-30 14:03:29.436 V/GraphicsEnvironment( 1578): Neither updatable production driver nor prerelease driver is supported.
05-30 14:03:29.456 D/nativeloader( 1578): Configuring clns-shared-5 for other apk /system/priv-app/UserDictionaryProvider/UserDictionaryProvider.apk. target_sdk_version=34, uses_libraries=, library_path=/system/priv-app/UserDictionaryProvider/lib/arm:/system/lib:/system_ext/lib, permitted_path=/data:/mnt/expand:/data/user/0/com.android.providers.userdictionary:/system/priv-app/UserDictionaryProvider:/system/lib:/system_ext/lib
05-30 14:03:29.457 I/FrameWorkHelper( 1464): userHttps:
05-30 14:03:29.459 V/GraphicsEnvironment( 1557): Currently set values for:
05-30 14:03:29.460 V/GraphicsEnvironment( 1557): angle_gl_driver_selection_pkgs=[]
05-30 14:03:29.460 V/GraphicsEnvironment( 1557): angle_gl_driver_selection_values=[]
05-30 14:03:29.467 V/GraphicsEnvironment( 1557): ANGLE GameManagerService for com.oranth.storage: false
05-30 14:03:29.468 V/GraphicsEnvironment( 1557): com.oranth.storage is not listed in per-application setting
05-30 14:03:29.468 V/GraphicsEnvironment( 1557): Neither updatable production driver nor prerelease driver is supported.
05-30 14:03:29.472 I/ContactsPerf( 1578): VoicemailContentProvider.onCreate start
05-30 14:03:29.477 E/ccc ( 1430): cccccc ota-path is cache/recovery/
05-30 14:03:29.479 D/CompatibilityChangeReporter( 710): Compat change id reported: 161145287; UID 10018; state: ENABLED
05-30 14:03:29.484 W/ContextImpl( 1430): Calling a method in the system process without a qualified user: android.app.ContextImpl.startService:1899 android.content.ContextWrapper.startService:825 com.dangbei.lerad.etna.core.EtnaManager.startService:64 com.dangbei.lerad.etna.core.EtnaManager.init:39 com.dangbei.lerad.etna.haqu.EtnaApplication.init:87
05-30 14:03:29.485 I/ContactsPerf( 1578): VoicemailContentProvider.onCreate finish
05-30 14:03:29.491 I/PhoneAccountHandleMigrationUtils_CallLogDatabaseHelper( 1578): updatePhoneAccountHandleMigrationPendingStatus false
05-30 14:03:29.492 W/ContextImpl( 1430): Calling a method in the system process without a qualified user: android.app.ContextImpl.startService:1899 android.content.ContextWrapper.startService:825 com.dangbei.andes.CoreService$Companion.start:29 com.dangbei.lerad.etna.haqu.EtnaApplication.init:88 com.dangbei.lerad.etna.haqu.EtnaApplication.onCreate:59
05-30 14:03:29.506 I/PhoneAccountHandleMigrationUtils_CallLogDatabaseHelper( 1578): updatePhoneAccountHandleMigrationPendingStatus false
05-30 14:03:29.514 I/android_os_HwBinder( 1430): HwBinder: Starting thread pool for getting: vendor.amlogic.hardware.systemcontrol@1.1::ISystemControl/default
05-30 14:03:29.519 V/MesonDisplayServer( 289): GetDisplayMode:2160p60hz
05-30 14:03:29.523 D/HDMI ( 710): Process pid:1430 is calling addHotplugEventListener
05-30 14:03:29.524 D/hdmicecd( 500): [HdmiCecControl]:isConnected, port:0, connected:yes
05-30 14:03:29.524 D/hdmiconnection( 500): isConnected:1
05-30 14:03:29.526 V/MesonDisplayServer( 289): GetDisplayMode:2160p60hz
05-30 14:03:29.526 I/SystemControl( 321): [/Ubootenv.cpp, get, 336] [ubootenv] get key:2160p_x envValue: 0
05-30 14:03:29.526 I/SystemControl( 321): [/Ubootenv.cpp, get, 336] [ubootenv] get key:2160p_y envValue: 0
05-30 14:03:29.526 I/SystemControl( 321): [/Ubootenv.cpp, get, 336] [ubootenv] get key:2160p_w envValue: 3840
05-30 14:03:29.526 I/SystemControl( 321): [/Ubootenv.cpp, get, 336] [ubootenv] get key:2160p_h envValue: 2160
05-30 14:03:29.526 I/SystemControl( 321): [/DisplayMode.cpp, getPosition, 2201] getPosition curMode:2160p60hz position[0]:0 position[1]:0 position[2]:3840 position[3]:2160
05-30 14:03:29.526 I/SystemControl( 321): get position x:0 y:0 w:3840 h:2160
05-30 14:03:29.528 V/MesonDisplayServer( 289): GetDisplayMode:2160p60hz
05-30 14:03:29.532 I/DroidAudioManager.J( 1430): construction DroidAudioManager
05-30 14:03:29.537 D/CompatibilityChangeReporter( 710): Compat change id reported: 161145287; UID 1000; state: ENABLED
05-30 14:03:29.537 D/CompatibilityChangeReporter( 710): Compat change id reported: 161145287; UID 1000; state: DISABLED
05-30 14:03:29.540 D/CompatibilityChangeReporter( 1578): Compat change id reported: 183155436; UID 10018; state: ENABLED
05-30 14:03:29.546 W/ContextImpl( 1430): Calling a method in the system process without a qualified user: android.app.ContextImpl.bindService:1988 android.content.ContextWrapper.bindService:861 com.dangbei.lerad.etna.lib.client.EtnaClient.bindServer:138 com.dangbei.lerad.etna.lib.client.EtnaClient.access$600:29 com.dangbei.lerad.etna.lib.client.EtnaClient$3.call:205
05-30 14:03:29.548 D/ConnectivityService( 710): NetReassign [no changes] [c 0] [a 0] [i 1]
05-30 14:03:29.550 D/ConnectivityService( 710): NetReassign [no changes] [c 0] [a 0] [i 0]
05-30 14:03:29.551 D/CountryDetector( 710): The first listener is added
05-30 14:03:29.551 I/ContactsDatabaseHelper( 1578): updateUseStrictPhoneNumberComparison: CN
05-30 14:03:29.554 I/aaa ( 1557): low stroage service is start !!!
05-30 14:03:29.555 D/CompatibilityChangeReporter( 1578): Compat change id reported: 3400644; UID 10018; state: ENABLED
05-30 14:03:29.556 I/CallLogProvider( 1578): syncEntriesFrom: fromUserId=0, srcIsShadow=true, forAllUsers=false; previousTimeStamp=0, newTimeStamp=0, entries=0
05-30 14:03:29.556 W/ContextImpl( 1557): Calling a method in the system process without a qualified user: android.app.ContextImpl.startService:1899 android.content.ContextWrapper.startService:825 android.content.ContextWrapper.startService:825 com.oranth.storage.BootCompletedReceiver.onReceive:15 android.app.ActivityThread.handleReceiver:4494
05-30 14:03:29.561 W/ContextImpl( 1430): Calling a method in the system process without a qualified user: android.app.ContextImpl.bindService:1988 android.content.ContextWrapper.bindService:861 com.dangbei.lerad.etna.lib.client.EtnaClient.bindServer:138 com.dangbei.lerad.etna.lib.client.EtnaClient.access$600:29 com.dangbei.lerad.etna.lib.client.EtnaClient$3.call:205
05-30 14:03:29.563 I/CallLogProvider( 1578): delete uid/pid=10018/1578, uri=content://call_log_shadow/calls, numChanged=0
05-30 14:03:29.564 I/CallLogProvider( 1578): Syncing call composer pics -- source user=0, isShadow=true, forAllUser=false
05-30 14:03:29.565 I/CallLogProvider( 1578): Fetching list of Uris to sync
05-30 14:03:29.566 I/CallLogProvider( 1578): Will sync following Uris:[]
05-30 14:03:29.569 I/CallLogProvider( 1578): Syncing call composer pics -- got []
05-30 14:03:29.570 I/ContactsDatabaseHelper( 1578): updateUseStrictPhoneNumberComparison: CN
05-30 14:03:29.571 D/FastPairService( 710): onReceive: ACTION_BOOT_COMPLETED.
05-30 14:03:29.571 I/BootComplete( 976): action: android.intent.action.BOOT_COMPLETED
05-30 14:03:29.572 V/FastPairService( 710): invalidateScan: scan is disabled
05-30 14:03:29.572 E/NearbyManager( 710): Cannot stop scan with this callback because it is never registered.
05-30 14:03:29.575 E/BootReceiver( 710): Could not open /sys/kernel/tracing/instances/bootreceiver/trace_pipe
05-30 14:03:29.575 E/BootReceiver( 710): android.system.ErrnoException: open failed: ENOENT (No such file or directory)
05-30 14:03:29.575 E/BootReceiver( 710): at libcore.io.Linux.open(Native Method)
05-30 14:03:29.575 E/BootReceiver( 710): at libcore.io.ForwardingOs.open(ForwardingOs.java:563)
05-30 14:03:29.575 E/BootReceiver( 710): at libcore.io.BlockGuardOs.open(BlockGuardOs.java:274)
05-30 14:03:29.575 E/BootReceiver( 710): at android.system.Os.open(Os.java:494)
05-30 14:03:29.575 E/BootReceiver( 710): at com.android.server.BootReceiver.onReceive(BootReceiver.java:164)
05-30 14:03:29.575 E/BootReceiver( 710): at android.app.ActivityThread.handleReceiver(ActivityThread.java:4494)
05-30 14:03:29.575 E/BootReceiver( 710): at android.app.ActivityThread.-$$Nest$mhandleReceiver(Unknown Source:0)
05-30 14:03:29.575 E/BootReceiver( 710): at android.app.ActivityThread$H.handleMessage(ActivityThread.java:2285)
05-30 14:03:29.575 E/BootReceiver( 710): at android.os.Handler.dispatchMessage(Handler.java:106)
05-30 14:03:29.575 E/BootReceiver( 710): at android.os.Looper.loopOnce(Looper.java:205)
05-30 14:03:29.575 E/BootReceiver( 710): at android.os.Looper.loop(Looper.java:294)
05-30 14:03:29.575 E/BootReceiver( 710): at com.android.server.SystemServer.run(SystemServer.java:982)
05-30 14:03:29.575 E/BootReceiver( 710): at com.android.server.SystemServer.main(SystemServer.java:668)
05-30 14:03:29.575 E/BootReceiver( 710): at java.lang.reflect.Method.invoke(Native Method)
05-30 14:03:29.575 E/BootReceiver( 710): at com.android.internal.os.RuntimeInit$MethodAndArgsCaller.run(RuntimeInit.java:552)
05-30 14:03:29.575 E/BootReceiver( 710): at com.android.internal.os.ZygoteInit.main(ZygoteInit.java:956)
05-30 14:03:29.579 D/bbb ( 1557): onCreate()
05-30 14:03:29.584 D/CompatibilityChangeReporter( 1557): Compat change id reported: 160794467; UID 1000; state: ENABLED
05-30 14:03:29.585 I/UsbCameraManager( 976): number of camera: 0
05-30 14:03:29.585 I/UsbCameraManager( 976): bootReady disable all camera activities
05-30 14:03:29.587 I/RecoverySystem( 710): No recovery log file
05-30 14:03:29.589 I/update_engine( 641): [INFO:cleanup_previous_update_action.cc(130)] Stopping/suspending/completing CleanupPreviousUpdateAction
05-30 14:03:29.591 E/SystemControl( 321): [/SysWrite.cpp, writeSys, 280] writeSysFs, open /sys/class/tv/policy_fr_auto fail.
05-30 14:03:29.591 I/DropBoxManagerService( 710): add tag=SYSTEM_BOOT isTagEnabled=true flags=0x2
05-30 14:03:29.593 I/update_engine( 641): [INFO:cleanup_previous_update_action.cc(135)] CleanupPreviousUpdateAction cancelled pending task ID 8
05-30 14:03:29.593 I/BootComplete( 976): wakeup_key_event:0x0
05-30 14:03:29.594 W/ContextImpl( 976): Calling a method in the system process without a qualified user: android.app.ContextImpl.startService:1899 android.content.ContextWrapper.startService:825 android.content.ContextWrapper.startService:825 com.droidlogic.BootComplete.onReceive:116 android.app.ActivityThread.handleReceiver:4494
05-30 14:03:29.597 W/ContextImpl( 976): Calling a method in the system process without a qualified user: android.app.ContextImpl.startForegroundService:1905 android.content.ContextWrapper.startForegroundService:830 android.content.ContextWrapper.startForegroundService:830 com.droidlogic.BootComplete.onReceive:125 android.app.ActivityThread.handleReceiver:4494
05-30 14:03:29.595 I/BootReceiver( 710): Copying audit failures to DropBox
05-30 14:03:29.598 W/ActivityManager( 710): Unable to start service Intent { cmp=com.android.tv.mdnsoffloadcmd/.MdnsOffloadCmdService } U=0: not found
05-30 14:03:29.599 W/ContextImpl( 976): Calling a method in the system process without a qualified user: android.app.ContextImpl.startService:1899 android.content.ContextWrapper.startService:825 android.content.ContextWrapper.startService:825 com.droidlogic.BootComplete.onReceive:127 android.app.ActivityThread.handleReceiver:4494
05-30 14:03:29.600 I/update_engine( 641): [INFO:action_processor.cc(61)] ActionProcessor: aborted CleanupPreviousUpdateAction
05-30 14:03:29.602 I/BootReceiver( 710): Checking for fsck errors
05-30 14:03:29.602 D/bbb ( 1557): onStartCommand begin !!!!!!! data分区剩余 54422MB
05-30 14:03:29.602 W/ContextImpl( 976): Calling a method in the system process without a qualified user: android.app.ContextImpl.startService:1899 android.content.ContextWrapper.startService:825 android.content.ContextWrapper.startService:825 com.droidlogic.BootComplete.onReceive:128 android.app.ActivityThread.handleReceiver:4494
05-30 14:03:29.603 I/BootReceiver( 710): fs_stat, partition:param stat:0x1001b
05-30 14:03:29.603 I/BootReceiver( 710): fs_stat, partition:tee stat:0xb
05-30 14:03:29.603 I/BootReceiver( 710): fs_stat, partition:factory stat:0x0
05-30 14:03:29.603 I/BootReceiver( 710): fs_stat, partition:userdata stat:0x0
05-30 14:03:29.606 I/update_engine( 641): [INFO:cleanup_previous_update_action.cc(130)] Stopping/suspending/completing CleanupPreviousUpdateAction
05-30 14:03:29.607 D/CompatibilityChangeReporter( 710): Compat change id reported: 171306433; UID 1000; state: ENABLED
05-30 14:03:29.607 D/CompatibilityChangeReporter( 710): Compat change id reported: 218533173; UID 1000; state: ENABLED
05-30 14:03:29.611 D/BootComplete( 976): onChange developerOptionsEnabled=true
05-30 14:03:29.611 W/ContextImpl( 976): Calling a method in the system process without a qualified user: android.app.ContextImpl.startService:1899 android.content.ContextWrapper.startService:825 android.content.ContextWrapper.startService:825 com.droidlogic.BootComplete$2.onChange:274 com.droidlogic.BootComplete.updateDeveloperOptionsWatcher:283
05-30 14:03:29.612 I/update_engine( 641): [INFO:update_attempter_android.cc(836)] Clearing update complete marker.
05-30 14:03:29.612 D/CompatibilityChangeReporter( 710): Compat change id reported: 135634846; UID 10017; state: DISABLED
05-30 14:03:29.613 D/CompatibilityChangeReporter( 710): Compat change id reported: 177438394; UID 10017; state: DISABLED
05-30 14:03:29.613 D/CompatibilityChangeReporter( 710): Compat change id reported: 135772972; UID 10017; state: DISABLED
05-30 14:03:29.613 D/CompatibilityChangeReporter( 710): Compat change id reported: 135754954; UID 10017; state: ENABLED
05-30 14:03:29.614 I/update_engine( 641): [INFO:update_attempter_android.cc(731)] Terminating cleanup previous update.
05-30 14:03:29.614 D/CompatibilityChangeReporter( 710): Compat change id reported: 143937733; UID 10017; state: ENABLED
05-30 14:03:29.615 D/ContactsDatabaseHelper( 1578): WAL enabled for contacts2.db: true
05-30 14:03:29.622 I/SystemControl( 321): [/Ubootenv.cpp, get, 345] [ubootenv] search end and not find env:cc_enable
05-30 14:03:29.623 I/BootComplete( 976): usb_status_cc:detach, usb_cc_enable:0
05-30 14:03:29.623 W/ContextImpl( 976): Calling a method in the system process without a qualified user: android.app.ContextImpl.startService:1899 android.content.ContextWrapper.startService:825 android.content.ContextWrapper.startService:825 com.droidlogic.BootComplete.onReceive:173 android.app.ActivityThread.handleReceiver:4494
05-30 14:03:29.625 E/ccc ( 1430): cccccc 好的 真正的cancel 了
05-30 14:03:29.626 I/update_engine( 641): [INFO:update_attempter_android.cc(425)] Attempting to reset state from UPDATE_STATUS_IDLE to UpdateStatus::IDLE
05-30 14:03:29.627 I/BootComplete( 976): No need to listen low power policy change
05-30 14:03:29.627 I/PhoneAccountHandleMigrationUtils_ContactsDatabaseHelper( 1578): updatePhoneAccountHandleMigrationPendingStatus false
05-30 14:03:29.628 D/HdmiCecService( 976): onCreate
05-30 14:03:29.629 D/HdmiCecService( 976): VendorCommandHandler initialized
05-30 14:03:29.629 I/ActivityManager( 710): com.droidlogic.mictoggle is exempt from freezer
05-30 14:03:29.630 D/CompatibilityChangeReporter( 710): Compat change id reported: 135634846; UID 1000; state: DISABLED
05-30 14:03:29.635 D/Zygote ( 465): Forked child process 1634
05-30 14:03:29.636 I/ActivityManager( 710): Start proc 1634:android.process.media/u0a17 for content provider {com.android.providers.downloads/com.android.providers.downloads.DownloadProvider}
05-30 14:03:29.637 D/HdmiCecService( 976): registerVendorCommandListener
05-30 14:03:29.639 D/HDMI ( 710): addVendorCommandListener 1877008
05-30 14:03:29.641 I/HdmiCecService( 976): Netflix feature is not supported
05-30 14:03:29.642 I/update_engine( 641): [INFO:update_attempter_android.cc(440)] Cleaning up reserved space for compressed APEX (if any)
05-30 14:03:29.651 E/ShutdownService( 976): Larson: bt module = true
05-30 14:03:29.655 D/Zygote ( 465): Forked child process 1636
05-30 14:03:29.655 I/ActivityManager( 710): Start proc 1636:com.droidlogic.mictoggle/1000 for broadcast {com.droidlogic.mictoggle/com.droidlogic.mictoggle.AssistantMicMuteReceiver}
05-30 14:03:29.655 I/Zygote ( 1634): seccomp disabled by setenforce 0
05-30 14:03:29.660 I/Zygote ( 1636): seccomp disabled by setenforce 0
05-30 14:03:29.662 I/d.process.media( 1634): Using CollectorTypeCC GC.
05-30 14:03:29.661 I/update_engine( 641): [INFO:update_attempter_android.cc(836)] Clearing update complete marker.
05-30 14:03:29.666 I/logic.mictoggle( 1636): Using CollectorTypeCC GC.
05-30 14:03:29.672 E/d.process.media( 1634): Not starting debugger since process cannot load the jdwp agent.
05-30 14:03:29.673 E/logic.mictoggle( 1636): Not starting debugger since process cannot load the jdwp agent.
05-30 14:03:29.674 I/update_engine( 641): [INFO:dynamic_partition_control_android.cc(1310)] ResetUpdate resetting update state and deleting snapshots.
05-30 14:03:29.683 D/CompatibilityChangeReporter( 710): Compat change id reported: 168419799; UID 10017; state: DISABLED
05-30 14:03:29.684 D/CompatibilityChangeReporter( 710): Compat change id reported: 273564678; UID 10017; state: DISABLED
05-30 14:03:29.687 D/CompatibilityChangeReporter( 710): Compat change id reported: 265195908; UID 10017; state: ENABLED
05-30 14:03:29.689 D/CompatibilityChangeReporter( 1634): Compat change id reported: 171979766; UID 10017; state: ENABLED
05-30 14:03:29.689 D/CompatibilityChangeReporter( 1634): Compat change id reported: 242716250; UID 10017; state: ENABLED
05-30 14:03:29.691 D/CompatibilityChangeReporter( 710): Compat change id reported: 168419799; UID 1000; state: DISABLED
05-30 14:03:29.692 D/CompatibilityChangeReporter( 710): Compat change id reported: 273564678; UID 1000; state: DISABLED
05-30 14:03:29.694 D/FrameRateService( 976): [AIPQservice] onCreate sys_value= 0
05-30 14:03:29.694 D/CompatibilityChangeReporter( 710): Compat change id reported: 170503758; UID 10017; state: ENABLED
05-30 14:03:29.696 D/FrameRateService( 976): [FrameRateService] onStartCommand
05-30 14:03:29.714 D/nativeloader( 1634): Configuring clns-shared-4 for other apk /system/priv-app/DownloadProvider/DownloadProvider.apk. target_sdk_version=34, uses_libraries=, library_path=/system/priv-app/DownloadProvider/lib/arm:/system/lib:/system_ext/lib, permitted_path=/data:/mnt/expand:/data/user/0/com.android.providers.downloads:/system/priv-app/DownloadProvider:/system/lib:/system_ext/lib
05-30 14:03:29.723 D/CompatibilityChangeReporter( 1636): Compat change id reported: 171979766; UID 1000; state: ENABLED
05-30 14:03:29.723 D/CompatibilityChangeReporter( 1636): Compat change id reported: 242716250; UID 1000; state: ENABLED
05-30 14:03:29.736 I/ContactLocale( 1578): AddressBook Labels [[zh_CN]]: […, A, B, C, D, E, F, G, H, I, J, K, L, M, N, O, P, Q, R, S, T, U, V, W, X, Y, Z, Α, Β, Γ, Δ, Ε, Ζ, Η, Θ, Ι, Κ, Λ, Μ, Ν, Ξ, Ο, Π, Ρ, Σ, Τ, Υ, Φ, Χ, Ψ, Ω, …, А, Б, В, Г, Д, Ђ, Е, Є, Ж, З, И, І, Й, Ј, К, Л, Љ, М, Н, Њ, О, П, Р, С, Т, Ћ, У, Ф, Х, Ц, Ч, Џ, Ш, Щ, Ю, Я, …, א, ב, ג, ד, ה, ו, ז, ח, ט, י, כ, ל, מ, נ, ס, ע, פ, צ, ק, ר, ש, ת, …, ا, ب, ت, ث, ج, ح, خ, د, ذ, ر, ز, س, ش, ص, ض, ط, ظ, ع, غ, ف, ق, ك, ل, م, ن, ه, و, ي, …, ก, ข, ฃ, ค, ฅ, ฆ, ง, จ, ฉ, ช, ซ, ฌ, ญ, ฎ, ฏ, ฐ, ฑ, ฒ, ณ, ด, ต, ถ, ท, ธ, น, บ, ป, ผ, ฝ, พ, ฟ, ภ, ม, ย, ร, ฤ, ล, ฦ, ว, ศ, ษ, ส, ห, ฬ, อ, ฮ, …, ㄱ, ㄴ, ㄷ, ㄹ, ㅁ, ㅂ, ㅅ, ㅇ, ㅈ, ㅊ, ㅋ, ㅌ, ㅍ, ㅎ, …, あ, か, さ, た, な, は, ま, や, ら, わ, #, …]
05-30 14:03:29.739 D/nativeloader( 1636): Configuring clns-shared-4 for other apk /vendor/framework/droidlogic.software.core.jar. target_sdk_version=34, uses_libraries=ALL, library_path=/system_ext/priv-app/MicToggleProvider/lib/arm:/system_ext/priv-app/MicToggleProvider/MicToggleProvider.apk!/lib/armeabi-v7a:/system/lib:/system_ext/lib, permitted_path=/data:/mnt/expand:/data/user/0/com.droidlogic.mictoggle:/system_ext/priv-app/MicToggleProvider:/system/lib:/system_ext/lib
05-30 14:03:29.746 V/GraphicsEnvironment( 1634): Currently set values for:
05-30 14:03:29.746 V/GraphicsEnvironment( 1634): angle_gl_driver_selection_pkgs=[]
05-30 14:03:29.746 V/GraphicsEnvironment( 1634): angle_gl_driver_selection_values=[]
05-30 14:03:29.747 V/GraphicsEnvironment( 1634): ANGLE GameManagerService for com.android.providers.downloads: false
05-30 14:03:29.747 V/GraphicsEnvironment( 1634): com.android.providers.downloads is not listed in per-application setting
05-30 14:03:29.747 V/GraphicsEnvironment( 1634): Neither updatable production driver nor prerelease driver is supported.
05-30 14:03:29.752 D/nativeloader( 1636): Configuring clns-shared-5 for other apk /system_ext/priv-app/MicToggleProvider/MicToggleProvider.apk. target_sdk_version=34, uses_libraries=, library_path=/system_ext/priv-app/MicToggleProvider/lib/arm:/system_ext/priv-app/MicToggleProvider/MicToggleProvider.apk!/lib/armeabi-v7a:/system/lib:/system_ext/lib, permitted_path=/data:/mnt/expand:/data/user/0/com.droidlogic.mictoggle:/system_ext/priv-app/MicToggleProvider:/system/lib:/system_ext/lib
05-30 14:03:29.765 I/update_engine( 641): [INFO:delta_performer.cc(1387)] Resetting recorded hash for prepared partitions.
05-30 14:03:29.768 E/update_engine( 641): [ERROR:snapshot.cpp(2929)] Read state file failed: No such file or directory
05-30 14:03:29.779 D/nativeloader( 1634): Configuring clns-shared-5 for other apk /system/priv-app/MtpService/MtpService.apk. target_sdk_version=34, uses_libraries=, library_path=/system/priv-app/MtpService/lib/arm:/system/lib:/system_ext/lib, permitted_path=/data:/mnt/expand:/data/user/0/com.android.mtp:/system/priv-app/MtpService:/system/lib:/system_ext/lib
05-30 14:03:29.783 D/ContactsDatabaseHelper( 1578): WAL enabled for profile.db: false
05-30 14:03:29.783 E/ccc ( 1430): cccccc 只是做下reset 哈
05-30 14:03:29.786 V/GraphicsEnvironment( 1636): Currently set values for:
05-30 14:03:29.786 V/GraphicsEnvironment( 1636): angle_gl_driver_selection_pkgs=[]
05-30 14:03:29.786 V/GraphicsEnvironment( 1636): angle_gl_driver_selection_values=[]
05-30 14:03:29.787 V/GraphicsEnvironment( 1636): ANGLE GameManagerService for com.droidlogic.mictoggle: false
05-30 14:03:29.787 V/GraphicsEnvironment( 1636): com.droidlogic.mictoggle is not listed in per-application setting
05-30 14:03:29.787 V/GraphicsEnvironment( 1636): Neither updatable production driver nor prerelease driver is supported.
05-30 14:03:29.788 I/MMKV ( 1430): loading [mmkv.default] with 551 actual size, file size 4096, InterProcess 0, meta info version:3
05-30 14:03:29.788 I/MMKV ( 1430): loading [mmkv.default] with crc 3685149859 sequence 1 version 3
05-30 14:03:29.788 I/MMKV ( 1430): loaded [mmkv.default] with 9 key-values
05-30 14:03:29.791 E/ccc ( 1430): cccccc updateHelper 通知更新
05-30 14:03:29.791 E/ccc ( 1430): cccccc updateHelper 通知更新
05-30 14:03:29.792 E/ccc ( 1430): cccccc updateHelper 通知更新
05-30 14:03:29.800 D/CompatibilityChangeReporter( 1430): Compat change id reported: 263076149; UID 1000; state: DISABLED
05-30 14:03:29.810 I/android_os_HwBinder( 1636): HwBinder: Starting thread pool for getting: vendor.amlogic.hardware.systemcontrol@1.1::ISystemControl/default
05-30 14:03:29.816 D/AssistantMicMuteProvider( 1636): getMicToggleState:[0]: name = bluetooth status = 1 [1]: name = mute status = 1
05-30 14:03:29.816 D/AssistantMicMuteProvider( 1636): mic_state:1
05-30 14:03:29.814 W/Searchables( 710): No global search activity found
05-30 14:03:29.818 D/CompatibilityChangeReporter( 710): Compat change id reported: 261072174; UID 1000; state: DISABLED
05-30 14:03:29.818 D/WallpaperManagerService( 710): Wallpaper_selinux_restorecon-0
05-30 14:03:29.821 E/ccc ( 1430): cccccc hdmi plug reset
05-30 14:03:29.822 E/ccc ( 1430): cccccc etna-service onCreate
05-30 14:03:29.824 W/ContextImpl( 1430): Calling a method in the system process without a qualified user: android.app.ContextImpl.sendBroadcast:1220 android.content.ContextWrapper.sendBroadcast:504 com.dangbei.lerad.etna.core.EtnaManager.sendRebootBroadcast:82 com.dangbei.lerad.etna.core.EtnaService.onStartCommand:89 android.app.ActivityThread.handleServiceArgs:4866
05-30 14:03:29.826 E/ccc ( 1430): cccccc etna-service onStartCommand
05-30 14:03:29.843 W/ContextImpl( 1636): Calling a method in the system process without a qualified user: android.app.ContextImpl.startService:1899 android.content.ContextWrapper.startService:825 android.content.ContextWrapper.startService:825 com.droidlogic.mictoggle.AssistantMicMuteReceiver.onReceive:48 android.app.ActivityThread.handleReceiver:4494
05-30 14:03:29.844 D/CompatibilityChangeReporter( 710): Compat change id reported: 261072174; UID 1000; state: ENABLED
05-30 14:03:29.847 E/CoreService( 1430): onStartCommand
05-30 14:03:29.851 E/ccc ( 1430): cccccc etnaService addListener com.dangbei.lerad.etna.lib.client.EtnaServerListener@556e06c com.dangbei.etna.update
05-30 14:03:29.851 E/ccc ( 1430): cccccc UpdateHelper onServerConnected
05-30 14:03:29.852 E/ccc ( 1430): cccccc etnaService addListener com.dangbei.lerad.etna.lib.client.EtnaServerListener@de6a635 com.dangbei.etna.setting
05-30 14:03:29.852 E/ccc ( 1430): cccccc SettingHelper onServerConnected
05-30 14:03:29.855 W/ContextImpl( 1430): Calling a method in the system process without a qualified user: android.app.ContextImpl.bindService:1988 android.content.ContextWrapper.bindService:861 com.dangbei.lerad.etna.lib.client.EtnaClient.bindServer:138 com.dangbei.lerad.etna.lib.client.EtnaClient.access$600:29 com.dangbei.lerad.etna.lib.client.EtnaClient$3.call:205
05-30 14:03:29.855 E/hq ( 1464): USBReceiver:::USBReceiver onReceive: list=1
05-30 14:03:29.858 D/hq ( 1464): NetWorkStateReceiver:::检查网络,并且持续更新 isConnect=false
05-30 14:03:29.863 E/ccc ( 1430): cccccc etnaService addListener com.dangbei.lerad.etna.lib.client.EtnaServerListener@5079758 com.dangbei.etna.setting
05-30 14:03:29.863 E/ccc ( 1430): cccccc SettingHelper onServerConnected
05-30 14:03:29.864 E/DispatcherManager( 1464): publishMode=DBBOX-A3 piDispatcher=com.dangbei.launcher.dispatcher.function.BOXAXDispatcher@9398827
05-30 14:03:29.865 I/hq ( 1464): 当前的服务模式是,serviceMode=0
05-30 14:03:29.867 E/ccc ( 1430): cccccc sendCycleCheckBootGuideStatusMessage
05-30 14:03:29.873 W/ContextImpl( 1430): Calling a method in the system process without a qualified user: android.app.ContextImpl.startService:1899 android.content.ContextWrapper.startService:825 com.dangbei.etna.setting.core.SettingHelper.startRocky:267 com.dangbei.etna.setting.core.SettingHelper.sendCycleCheckBootGuideStatusMessage:214 com.dangbei.etna.setting.core.SettingHelper.startLoop:203
05-30 14:03:29.874 W/ContextImpl( 1430): Calling a method in the system process without a qualified user: android.app.ContextImpl.bindService:1988 android.content.ContextWrapper.bindService:861 com.dangbei.lerad.etna.lib.client.EtnaClient.bindServer:138 com.dangbei.lerad.etna.lib.client.EtnaClient.access$600:29 com.dangbei.lerad.etna.lib.client.EtnaClient$3.call:205
05-30 14:03:29.877 I/AiPqReceiver( 976): start AiPqService
05-30 14:03:29.878 W/ContextImpl( 976): Calling a method in the system process without a qualified user: android.app.ContextImpl.startService:1899 android.content.ContextWrapper.startService:825 android.content.ContextWrapper.startService:825 com.droidlogic.AiPqReceiver.onReceive:31 android.app.ActivityThread.handleReceiver:4494
05-30 14:03:29.879 D/CompatibilityChangeReporter( 710): Compat change id reported: 253665015; UID 1000; state: ENABLED
05-30 14:03:29.879 D/CompatibilityChangeReporter( 710): Compat change id reported: 253665015; UID 1000; state: DISABLED
05-30 14:03:29.881 D/CompatibilityChangeReporter( 710): Compat change id reported: 194532703; UID 1000; state: ENABLED
05-30 14:03:29.881 D/CompatibilityChangeReporter( 710): Compat change id reported: 194532703; UID 1000; state: DISABLED
05-30 14:03:29.886 W/ContextImpl( 1306): Calling a method in the system process without a qualified user: android.app.ContextImpl.startForegroundService:1905 android.content.ContextWrapper.startForegroundService:830 android.content.ContextWrapper.startForegroundService:830 com.android.tv.settings.BootReceiver.onReceive:58 android.app.ActivityThread.handleReceiver:4494
05-30 14:03:29.887 D/HDMI ( 710): receive android.intent.action.BOOT_COMPLETED
05-30 14:03:29.887 I/HDMI ( 710): Receive boot completed broadcast
05-30 14:03:29.887 W/ActivityManager( 710): Unable to start service Intent { act=android.intent.action.BOOT_COMPLETED flg=0x89000010 cmp=com.android.tv.settings/.BootReceiver (has extras) } U=0: not found
05-30 14:03:29.889 V/Settings_BootBroadcastReceiver( 1306): com.google.android.tv.remote.service启动成功
05-30 14:03:29.889 I/extservices( 1149): BootCompletedReceiver received BOOT_COMPLETED broadcast (f): Amlogic/ross/Dangbei:14/UD2A.240505.001.W1/eng.server.20250530.140804:user/release-keys
05-30 14:03:29.892 I/ActivityManager( 710): com.dangbei.lerad.rocky is exempt from freezer
05-30 14:03:29.893 D/CompatibilityChangeReporter( 710): Compat change id reported: 135634846; UID 1000; state: DISABLED
05-30 14:03:29.893 I/AiPqService( 976): [AIPQservice] onCreate
05-30 14:03:29.893 E/hq ( 1464): 检查user:::switchDao id=-1
05-30 14:03:29.893 I/SysControlManager( 976): run getAipqTable
05-30 14:03:29.895 I/SystemControl( 321): [/SystemControlService.cpp, readAiPqTable, 2082] readAiPqTable:run readAiPqTable
05-30 14:03:29.895 E/SystemControl( 321): [/SysTokenizer.cpp, open, 62] Error opening file 'vendor/etc/scenes_data.txt', No such file or directory.
05-30 14:03:29.896 E/SystemControl( 321): [/SystemControlService.cpp, readAiPqTable, 2085] Error -2 opening aipq config file vendor/etc/scenes_data.txt.
05-30 14:03:29.896 D/AIPQ_TABLE( 976): getAipqTable value:
05-30 14:03:29.897 D/AiPqService( 976): scenesval--><--
05-30 14:03:29.898 I/ActivityManager( 710): com.android.dynsystem is exempt from freezer
05-30 14:03:29.898 I/CheckInBootCompletedReceiver( 1380): Received boot completed intent
05-30 14:03:29.900 E/ccc ( 1430): cccccc etnaService addListener com.dangbei.lerad.etna.lib.client.EtnaServerListener@e7ec917 com.dangbei.etna.update
05-30 14:03:29.900 E/ccc ( 1430): cccccc UpdateHelper onServerConnected
05-30 14:03:29.901 D/extservices( 1149): BootCompletedReceiver not enabled in config, exiting
05-30 14:03:29.901 E/ccc ( 1430): cccccc sendCycleCheckBroadcast
05-30 14:03:29.901 W/ContextImpl( 1430): Calling a method in the system process without a qualified user: android.app.ContextImpl.sendBroadcast:1220 android.content.ContextWrapper.sendBroadcast:504 com.dangbei.etna.setting.core.SettingHelper.sendCycleToProjector:257 com.dangbei.etna.setting.core.SettingHelper.sendCycleCheckBroadcast:226 com.dangbei.etna.setting.core.SettingHelper.sendCycleCheckBootGuideStatusMessage:215
05-30 14:03:29.904 W/ContextImpl( 1430): Calling a method in the system process without a qualified user: android.app.ContextImpl.sendBroadcast:1220 android.content.ContextWrapper.sendBroadcast:504 com.dangbei.etna.setting.core.SettingHelper.sendCycleToVoice:242 com.dangbei.etna.setting.core.SettingHelper.sendCycleCheckBroadcast:227 com.dangbei.etna.setting.core.SettingHelper.sendCycleCheckBootGuideStatusMessage:215
05-30 14:03:29.908 D/AiPqService( 976): [AIPQservice] onCreate sys_value= 0
05-30 14:03:29.908 V/ContactsProvider( 1578): 0 Dangling Contacts have been cleaned up.
05-30 14:03:29.909 D/AiPqService( 976): [AIPQservice] onStartCommand
05-30 14:03:29.910 W/ContextImpl( 1430): Calling a method in the system process without a qualified user: android.app.ContextImpl.bindService:1988 android.content.ContextWrapper.bindService:861 com.dangbei.lerad.etna.lib.client.EtnaClient.bindServer:138 com.dangbei.lerad.etna.lib.client.EtnaClient.access$600:29 com.dangbei.lerad.etna.lib.client.EtnaClient$3.call:205
05-30 14:03:29.912 D/nativeloader( 1634): Configuring clns-shared-6 for other apk /system/priv-app/MediaProviderLegacy/MediaProviderLegacy.apk. target_sdk_version=34, uses_libraries=, library_path=/system/priv-app/MediaProviderLegacy/lib/arm:/system/lib:/system_ext/lib, permitted_path=/data:/mnt/expand:/data/user/0/com.android.providers.media:/system/priv-app/MediaProviderLegacy:/system/lib:/system_ext/lib
05-30 14:03:29.916 D/CompatibilityChangeReporter( 710): Compat change id reported: 171306433; UID 1000; state: ENABLED
05-30 14:03:29.916 D/Zygote ( 465): Forked child process 1686
05-30 14:03:29.920 E/hq ( 1464): 检查user:::更新前的信息: null
05-30 14:03:29.920 E/hq ( 1464): 更新后的信息: Users{userId=-1, nickName='游客', avatarUrl='null', wxToken='null', vip='null', mobile='null', sex=null, description='null', city='null', province='null', country='null', launcherMode=null, token='null', token='null'}
05-30 14:03:29.920 E/ccc ( 1430): cccccc sendCycleCheckBootGuideStatusMessage
05-30 14:03:29.921 W/ContextImpl( 1430): Calling a method in the system process without a qualified user: android.app.ContextImpl.startService:1899 android.content.ContextWrapper.startService:825 com.dangbei.etna.setting.core.SettingHelper.startRocky:267 com.dangbei.etna.setting.core.SettingHelper.sendCycleCheckBootGuideStatusMessage:214 com.dangbei.etna.setting.core.SettingHelper.startLoop:203
05-30 14:03:29.924 D/AdHelper( 1464): ad server environment is official? false
05-30 14:03:29.925 D/AdHelper( 1464): ad server environment is official? false
05-30 14:03:29.925 D/AdHelper( 1464): ad server environment is official? false
05-30 14:03:29.925 D/AdHelper( 1464): ad server environment is official? false
05-30 14:03:29.925 I/Zygote ( 1686): seccomp disabled by setenforce 0
05-30 14:03:29.925 I/DlcClient( 1380): Binding com.android.devicelockcontroller/.storage.GlobalParametersService
05-30 14:03:29.926 I/ActivityManager( 710): Start proc 1686:com.dangbei.lerad.rocky/1000 for service {com.dangbei.lerad.rocky/com.dangbei.rocky.RockyService}
05-30 14:03:29.927 E/ccc ( 1430): cccccc sendCycleCheckBroadcast
05-30 14:03:29.927 W/ContextImpl( 1430): Calling a method in the system process without a qualified user: android.app.ContextImpl.sendBroadcast:1220 android.content.ContextWrapper.sendBroadcast:504 com.dangbei.etna.setting.core.SettingHelper.sendCycleToProjector:257 com.dangbei.etna.setting.core.SettingHelper.sendCycleCheckBroadcast:226 com.dangbei.etna.setting.core.SettingHelper.sendCycleCheckBootGuideStatusMessage:215
05-30 14:03:29.928 D/CompatibilityChangeReporter( 1439): Compat change id reported: 194532703; UID 10068; state: ENABLED
05-30 14:03:29.928 D/CompatibilityChangeReporter( 1439): Compat change id reported: 253665015; UID 10068; state: ENABLED
05-30 14:03:29.930 D/CompatibilityChangeReporter( 710): Compat change id reported: 253665015; UID 10068; state: ENABLED
05-30 14:03:29.931 D/CompatibilityChangeReporter( 710): Compat change id reported: 194532703; UID 10068; state: ENABLED
05-30 14:03:29.932 I/bei.lerad.rocky( 1686): Using CollectorTypeCC GC.
05-30 14:03:29.933 E/ccc ( 1430): cccccc etnaService addListener com.dangbei.lerad.etna.lib.client.EtnaServerListener@96266ed com.dangbei.lerad.etna.haqu.andes
05-30 14:03:29.939 D/CompatibilityChangeReporter( 1430): Compat change id reported: 270306772; UID 1000; state: DISABLED
05-30 14:03:29.939 I/DeviceCheckInHelper( 1380): enqueueDeviceCheckInWork with delay: PT0S
05-30 14:03:29.939 D/AdHelper( 1464): AdHelper init: end
05-30 14:03:29.941 D/audio_hw_hal_primary( 477): [out_standby_new:5767] io 13: out:0xe8a00e70 usecase:PCM_NORMAL
05-30 14:03:29.941 I/audio_hw_hal_primary( 477): [do_output_standby_l:5663] io 13: out:0xe8a00e70, stream usecase:PCM_NORMAL, continuous:1
05-30 14:03:29.941 I/audio_hw_hal_primary( 477): [usecase_change_validate_l:7436] ++ io 13: out:0xe8a00e70 dev masks:0x1 is_standby:1 out usecase:PCM_NORMAL
05-30 14:03:29.941 I/audio_hw_hal_ms12common( 477): aml_set_ms12_scheduler_state ms12_scheduler_state:1, sch_state:1 SCHEDULER_STANDBY is sent to ms12
05-30 14:03:29.941 I/audio_hw_hal_primary( 477): [usecase_change_validate_l:7477] -- dev masks:0 is_standby:1 out usecase PCM_NORMAL
05-30 14:03:29.941 D/audio_hw_hal_primary( 477): [out_standby_new:5790] io 13: out:0xe8a00e70 usecase:PCM_NORMAL exit
05-30 14:03:29.941 D/CompatibilityChangeReporter( 1430): Compat change id reported: 235355681; UID 1000; state: DISABLED
05-30 14:03:29.941 W/ContextImpl( 1430): Calling a method in the system process without a qualified user: android.app.ContextImpl.sendBroadcast:1220 android.content.ContextWrapper.sendBroadcast:504 com.dangbei.etna.setting.core.SettingHelper.sendCycleToVoice:242 com.dangbei.etna.setting.core.SettingHelper.sendCycleCheckBroadcast:227 com.dangbei.etna.setting.core.SettingHelper.sendCycleCheckBootGuideStatusMessage:215
05-30 14:03:29.945 E/bei.lerad.rocky( 1686): Not starting debugger since process cannot load the jdwp agent.
05-30 14:03:29.945 E/xxxxxxxxxxxxxxx( 1464): onConfigurationChanged2===>{1.0 ?mcc0mnc [zh_CN] ldltr sw720dp w1280dp h720dp 240dpi xlrg long land television -touch qwerty/v/v dpad/v winConfig={ mBounds=Rect(0, 0 - 1920, 1080) mAppBounds=Rect(0, 0 - 1920, 1080) mMaxBounds=Rect(0, 0 - 1920, 1080) mDisplayRotation=ROTATION_0 mWindowingMode=fullscreen mDisplayWindowingMode=fullscreen mActivityType=undefined mAlwaysOnTop=undefined mRotation=ROTATION_0} s.6 fontWeightAdjustment=0}
05-30 14:03:29.947 E/memInfo.totalMem( 1464): memInfo.totalMem=3856015360 1073741824
05-30 14:03:29.958 D/Zygote ( 465): Forked child process 1707
05-30 14:03:29.959 W/ActivityManager( 710): Slow operation: 61ms so far, now at startProcess: returned from zygote!
05-30 14:03:29.959 W/ActivityManager( 710): Slow operation: 62ms so far, now at startProcess: done updating battery stats
05-30 14:03:29.959 W/ActivityManager( 710): Slow operation: 62ms so far, now at startProcess: building log message
05-30 14:03:29.959 I/ActivityManager( 710): Start proc 1707:com.android.dynsystem/1000 for broadcast {com.android.dynsystem/com.android.dynsystem.BootCompletedReceiver}
05-30 14:03:29.959 W/ActivityManager( 710): Slow operation: 62ms so far, now at startProcess: starting to update pids map
05-30 14:03:29.959 W/ActivityManager( 710): Slow operation: 62ms so far, now at startProcess: done updating pids map
05-30 14:03:29.961 E/MDnsDS ( 464): Failed to start: Service already running
05-30 14:03:29.963 E/MDnsManager( 710): Start mdns failed.
05-30 14:03:29.963 E/MDnsManager( 710): android.os.ServiceSpecificException: Device or resource busy (code 16)
05-30 14:03:29.963 E/MDnsManager( 710): at android.os.Parcel.createExceptionOrNull(Parcel.java:3071)
05-30 14:03:29.963 E/MDnsManager( 710): at android.os.Parcel.createException(Parcel.java:3041)
05-30 14:03:29.963 E/MDnsManager( 710): at android.os.Parcel.readException(Parcel.java:3024)
05-30 14:03:29.963 E/MDnsManager( 710): at android.os.Parcel.readException(Parcel.java:2966)
05-30 14:03:29.963 E/MDnsManager( 710): at android.net.connectivity.android.net.mdns.aidl.IMDns$Stub$Proxy.startDaemon(IMDns.java:216)
05-30 14:03:29.963 E/MDnsManager( 710): at android.net.connectivity.android.net.nsd.MDnsManager.startDaemon(MDnsManager.java:53)
05-30 14:03:29.963 E/MDnsManager( 710): at android.net.connectivity.com.android.server.NsdService$NsdStateMachine.maybeStartDaemon(NsdService.java:332)
05-30 14:03:29.963 E/MDnsManager( 710): at android.net.connectivity.com.android.server.NsdService$NsdStateMachine.-$$Nest$mmaybeStartDaemon(NsdService.java:0)
05-30 14:03:29.963 E/MDnsManager( 710): at android.net.connectivity.com.android.server.NsdService$NsdStateMachine$DefaultState.processMessage(NsdService.java:486)
05-30 14:03:29.963 E/MDnsManager( 710): at android.net.connectivity.com.android.internal.util.StateMachine$SmHandler.processMsg(StateMachine.java:993)
05-30 14:03:29.963 E/MDnsManager( 710): at android.net.connectivity.com.android.internal.util.StateMachine$SmHandler.handleMessage(StateMachine.java:810)
05-30 14:03:29.963 E/MDnsManager( 710): at android.os.Handler.dispatchMessage(Handler.java:106)
05-30 14:03:29.963 E/MDnsManager( 710): at android.os.Looper.loopOnce(Looper.java:205)
05-30 14:03:29.963 E/MDnsManager( 710): at android.os.Looper.loop(Looper.java:294)
05-30 14:03:29.963 E/MDnsManager( 710): at android.os.HandlerThread.run(HandlerThread.java:67)
05-30 14:03:29.966 D/getEthernetMacAddr( 1464): getEthernetMacAddr use eth0
05-30 14:03:29.969 I/Zygote ( 1707): seccomp disabled by setenforce 0
05-30 14:03:29.973 I/droid.dynsystem( 1707): Using CollectorTypeCC GC.
05-30 14:03:29.977 D/WanCommander( 1430): handleConnection:
05-30 14:03:29.977 D/WM-PackageManagerHelper( 1380): androidx.work.impl.background.systemjob.SystemJobService enabled
05-30 14:03:29.977 D/WM-Schedulers( 1380): Created SystemJobScheduler and enabled SystemJobService
05-30 14:03:29.979 D/CompatibilityChangeReporter( 710): Compat change id reported: 161145287; UID 10017; state: ENABLED
05-30 14:03:29.981 E/droid.dynsystem( 1707): Not starting debugger since process cannot load the jdwp agent.
05-30 14:03:29.982 E/EtnaListener( 1430): onServerConnected
05-30 14:03:29.996 D/CompatibilityChangeReporter( 710): Compat change id reported: 168419799; UID 1000; state: DISABLED
05-30 14:03:29.996 W/System.err( 1464): com.umeng.analytics.pro.dh: Required field 'version' was not found in serialized data! Struct: com.umeng.commonsdk.statistics.proto.d$a@360b1cb
05-30 14:03:29.996 W/System.err( 1464): at com.umeng.commonsdk.statistics.proto.d$a.a(SourceFile:10)
05-30 14:03:29.996 W/System.err( 1464): at com.umeng.commonsdk.statistics.proto.d$a.b(SourceFile:1)
05-30 14:03:29.996 W/System.err( 1464): at com.umeng.commonsdk.statistics.proto.d.read(Unknown Source:16)
05-30 14:03:29.996 W/System.err( 1464): at com.umeng.analytics.pro.ck.a(SourceFile:2)
05-30 14:03:29.996 W/System.err( 1464): at com.umeng.commonsdk.statistics.idtracking.ImprintHandler.e(SourceFile:39)
05-30 14:03:29.997 W/System.err( 1464): at com.umeng.commonsdk.statistics.idtracking.ImprintHandler.onFileLock(SourceFile:6)
05-30 14:03:29.997 D/CompatibilityChangeReporter( 710): Compat change id reported: 273564678; UID 1000; state: DISABLED
05-30 14:03:29.997 W/System.err( 1464): at com.umeng.commonsdk.utils.FileLockUtil.doFileOperateion(SourceFile:19)
05-30 14:03:29.997 W/System.err( 1464): at com.umeng.commonsdk.statistics.idtracking.ImprintHandler.getImprintService(SourceFile:40)
05-30 14:03:29.997 W/System.err( 1464): at com.umeng.commonsdk.framework.UMEnvelopeBuild.imprintProperty(Unknown Source:7)
05-30 14:03:29.997 W/System.err( 1464): at com.umeng.commonsdk.utils.c.(SourceFile:37)
05-30 14:03:29.997 W/System.err( 1464): at com.umeng.commonsdk.UMConfigure.init(SourceFile:12)
05-30 14:03:29.997 W/System.err( 1464): at com.dangbei.statistics.StaticsHelp.init$lambda$0(SourceFile:43)
05-30 14:03:29.997 W/System.err( 1464): at com.dangbei.statistics.StaticsHelp.b(Unknown Source:0)
05-30 14:03:29.997 W/System.err( 1464): at le.d.run(Unknown Source:2)
05-30 14:03:29.997 W/System.err( 1464): at android.os.Handler.handleCallback(Handler.java:958)
05-30 14:03:29.997 W/System.err( 1464): at android.os.Handler.dispatchMessage(Handler.java:99)
05-30 14:03:29.997 W/System.err( 1464): at android.os.Looper.loopOnce(Looper.java:205)
05-30 14:03:29.997 W/System.err( 1464): at android.os.Looper.loop(Looper.java:294)
05-30 14:03:29.997 W/System.err( 1464): at android.os.HandlerThread.run(HandlerThread.java:67)
05-30 14:03:29.999 D/CompatibilityChangeReporter( 710): Compat change id reported: 197654537; UID 1000; state: DISABLED
05-30 14:03:30.002 D/libdolbyms12( 477): continuous underrun 2
05-30 14:03:30.007 D/CompatibilityChangeReporter( 710): Compat change id reported: 168419799; UID 1000; state: DISABLED
05-30 14:03:30.007 D/CompatibilityChangeReporter( 1707): Compat change id reported: 171979766; UID 1000; state: ENABLED
05-30 14:03:30.007 D/CompatibilityChangeReporter( 1707): Compat change id reported: 242716250; UID 1000; state: ENABLED
05-30 14:03:30.007 D/CompatibilityChangeReporter( 710): Compat change id reported: 273564678; UID 1000; state: DISABLED
05-30 14:03:30.009 D/ConnectivityService( 710): NetReassign [no changes] [c 0] [a 0] [i 0]
05-30 14:03:30.014 D/OsInitLaunch( 1464): send cache: homeCreate, null, null, null
05-30 14:03:30.014 D/CompatibilityChangeReporter( 1686): Compat change id reported: 171979766; UID 1000; state: DISABLED
05-30 14:03:30.014 D/CompatibilityChangeReporter( 1686): Compat change id reported: 242716250; UID 1000; state: DISABLED
05-30 14:03:30.024 I/WebViewFactory( 1464): Loading com.android.webview version 116.0.5845.195 (code 584519500)
05-30 14:03:30.029 D/ApplicationLoaders( 1686): Returning zygote-cached class loader: /system/framework/android.test.base.jar
05-30 14:03:30.029 D/ApplicationLoaders( 1686): Returning zygote-cached class loader: /system/framework/android.hidl.manager-V1.0-java.jar
