05-30 14:03:33.628 D/SystemServerTimingAsync( 710): ssm.onCompletedEventUser-0_{|Unlocked|}_com.android.server.pm.UserManagerService$LifeCycle
05-30 14:03:33.628 D/SystemServerTimingAsync( 710): ssm.onCompletedEventUser-0_{|Unlocked|}_com.android.server.om.OverlayManagerService
05-30 14:03:33.628 D/SystemServerTimingAsync( 710): ssm.onCompletedEventUser-0_{|Unlocked|}_com.android.server.resources.ResourcesManagerService
05-30 14:03:33.628 D/SystemServerTimingAsync( 710): ssm.onCompletedEventUser-0_{|Unlocked|}_com.android.server.sensorprivacy.SensorPrivacyService
05-30 14:03:33.628 D/SystemServerTimingAsync( 710): ssm.onCompletedEventUser-0_{|Unlocked|}_com.android.server.sensors.SensorService
05-30 14:03:33.628 D/SystemServerTimingAsync( 710): ssm.onCompletedEventUser-0_{|Unlocked|}_com.android.server.SystemConfigService
05-30 14:03:33.628 D/SystemServerTimingAsync( 710): ssm.onCompletedEventUser-0_{|Unlocked|}_com.android.server.BatteryService
05-30 14:03:33.628 D/SystemServerTimingAsync( 710): ssm.onCompletedEventUser-0_{|Unlocked|}_com.android.server.usage.UsageStatsService
05-30 14:03:33.628 D/SystemServerTimingAsync( 710): ssm.onCompletedEventUser-0_{|Unlocked|}_com.android.server.webkit.WebViewUpdateService
05-30 14:03:33.628 D/SystemServerTimingAsync( 710): ssm.onCompletedEventUser-0_{|Unlocked|}_com.android.server.CachedDeviceStateService
05-30 14:03:33.628 D/SystemServerTimingAsync( 710): ssm.onCompletedEventUser-0_{|Unlocked|}_com.android.server.BinderCallsStatsService$LifeCycle
05-30 14:03:33.628 D/SystemServerTimingAsync( 710): ssm.onCompletedEventUser-0_{|Unlocked|}_com.android.server.LooperStatsService$Lifecycle
05-30 14:03:33.628 D/SystemServerTimingAsync( 710): ssm.onCompletedEventUser-0_{|Unlocked|}_com.android.server.rollback.RollbackManagerService
05-30 14:03:33.628 D/SystemServerTimingAsync( 710): ssm.onCompletedEventUser-0_{|Unlocked|}_com.android.server.os.NativeTombstoneManagerService
05-30 14:03:33.628 D/SystemServerTimingAsync( 710): ssm.onCompletedEventUser-0_{|Unlocked|}_com.android.server.os.BugreportManagerService
05-30 14:03:33.629 D/SystemServerTimingAsync( 710): ssm.onCompletedEventUser-0_{|Unlocked|}_com.android.server.gpu.GpuService
05-30 14:03:33.629 D/SystemServerTimingAsync( 710): ssm.onCompletedEventUser-0_{|Unlocked|}_com.android.server.security.rkp.RemoteProvisioningService
05-30 14:03:33.629 D/SystemServerTimingAsync( 710): ssm.onCompletedEventUser-0_{|Unlocked|}_com.android.server.security.KeyChainSystemService
05-30 14:03:33.629 D/SystemServerTimingAsync( 710): ssm.onCompletedEventUser-0_{|Unlocked|}_com.android.server.BinaryTransparencyService
05-30 14:03:33.629 D/SystemServerTimingAsync( 710): ssm.onCompletedEventUser-0_{|Unlocked|}_com.android.server.accounts.AccountManagerService$Lifecycle
05-30 14:03:33.629 D/SystemServerTimingAsync( 710): ssm.onCompletedEventUser-0_{|Unlocked|}_com.android.server.content.ContentService$Lifecycle
05-30 14:03:33.629 D/SystemServerTimingAsync( 710): ssm.onCompletedEventUser-0_{|Unlocked|}_com.android.server.deviceconfig.DeviceConfigInit$Lifecycle
05-30 14:03:33.629 D/SystemServerTimingAsync( 710): ssm.onCompletedEventUser-0_{|Unlocked|}_com.android.server.DropBoxManagerService
05-30 14:03:33.629 D/SystemServerTimingAsync( 710): ssm.onCompletedEventUser-0_{|Unlocked|}_com.android.role.RoleService
05-30 14:03:33.629 D/SystemServerTimingAsync( 710): ssm.onCompletedEventUser-0_{|Unlocked|}_com.android.server.vibrator.VibratorManagerService$Lifecycle
05-30 14:03:33.629 D/SystemServerTimingAsync( 710): ssm.onCompletedEventUser-0_{|Unlocked|}_com.android.server.tare.InternalResourceService
05-30 14:03:33.629 D/SystemServerTimingAsync( 710): ssm.onCompletedEventUser-0_{|Unlocked|}_com.android.server.alarm.AlarmManagerService
05-30 14:03:33.629 D/SystemServerTimingAsync( 710): ssm.onCompletedEventUser-0_{|Unlocked|}_com.android.server.devicestate.DeviceStateManagerService
05-30 14:03:33.629 D/SystemServerTimingAsync( 710): ssm.onCompletedEventUser-0_{|Unlocked|}_com.android.server.camera.CameraServiceProxy
05-30 14:03:33.629 D/SystemServerTimingAsync( 710): ssm.onCompletedEventUser-0_{|Unlocked|}_com.android.server.bluetooth.BluetoothService
05-30 14:03:33.629 D/SystemServerTimingAsync( 710): ssm.onCompletedEventUser-0_{|Unlocked|}_com.android.server.connectivity.IpConnectivityMetrics
05-30 14:03:33.629 D/SystemServerTimingAsync( 710): ssm.onCompletedEventUser-0_{|Unlocked|}_com.android.server.net.watchlist.NetworkWatchlistService$Lifecycle
05-30 14:03:33.629 D/SystemServerTimingAsync( 710): ssm.onCompletedEventUser-0_{|Unlocked|}_com.android.server.PinnerService
05-30 14:03:33.629 D/SystemServerTimingAsync( 710): ssm.onCompletedEventUser-0_{|Unlocked|}_com.android.server.integrity.AppIntegrityManagerService
05-30 14:03:33.637 D/SystemServerTimingAsync( 710): ssm.onCompletedEventUser-0_{|Unlocked|}_com.android.server.pm.Installer
05-30 14:03:33.637 D/SystemServerTimingAsync( 710): ssm.onCompletedEventUser-0_{|Unlocked|}_com.android.server.logcat.LogcatManagerService
05-30 14:03:33.637 D/SystemServerTimingAsync( 710): ssm.onCompletedEventUser-0_{|Unlocked|}_com.android.server.inputmethod.InputMethodManagerService$Lifecycle
05-30 14:03:33.637 D/SystemServerTimingAsync( 710): ssm.onCompletedEventUser-0_{|Unlocked|}_com.android.server.accessibility.AccessibilityManagerService$Lifecycle
05-30 14:03:33.637 D/SystemServerTimingAsync( 710): ssm.onCompletedEventUser-0_{|Unlocked|}_com.android.server.StorageManagerService$Lifecycle
05-30 14:03:33.637 D/SystemServerTimingAsync( 710): ssm.onCompletedEventUser-0_{|Unlocked|}_com.android.server.usage.StorageStatsService$Lifecycle
05-30 14:03:33.637 D/SystemServerTimingAsync( 710): ssm.onCompletedEventUser-0_{|Unlocked|}_com.android.server.UiModeManagerService
05-30 14:03:33.637 D/SystemServerTimingAsync( 710): ssm.onCompletedEventUser-0_{|Unlocked|}_com.android.server.locales.LocaleManagerService
05-30 14:03:33.637 D/SystemServerTimingAsync( 710): ssm.onCompletedEventUser-0_{|Unlocked|}_com.android.server.grammaticalinflection.GrammaticalInflectionService
05-30 14:03:33.637 D/SystemServerTimingAsync( 710): ssm.onCompletedEventUser-0_{|Unlocked|}_com.android.server.apphibernation.AppHibernationService
05-30 14:03:33.637 D/SystemServerTimingAsync( 710): ssm.onCompletedEventUser-0_{|Unlocked|}_com.android.server.locksettings.LockSettingsService$Lifecycle
05-30 14:03:33.637 D/SystemServerTimingAsync( 710): ssm.onCompletedEventUser-0_{|Unlocked|}_com.android.server.PersistentDataBlockService
05-30 14:03:33.637 D/SystemServerTimingAsync( 710): ssm.onCompletedEventUser-0_{|Unlocked|}_com.android.server.testharness.TestHarnessModeService
05-30 14:03:33.637 D/SystemServerTimingAsync( 710): ssm.onCompletedEventUser-0_{|Unlocked|}_com.android.server.oemlock.OemLockService
05-30 14:03:33.637 D/SystemServerTimingAsync( 710): ssm.onCompletedEventUser-0_{|Unlocked|}_com.android.server.DeviceIdleController
05-30 14:03:33.637 D/SystemServerTimingAsync( 710): ssm.onCompletedEventUser-0_{|Unlocked|}_com.android.server.devicepolicy.DevicePolicyManagerService$Lifecycle
05-30 14:03:33.637 D/SystemServerTimingAsync( 710): ssm.onCompletedEventUser-0_{|Unlocked|}_com.android.server.texttospeech.TextToSpeechManagerService
05-30 14:03:33.637 D/SystemServerTimingAsync( 710): ssm.onCompletedEventUser-0_{|Unlocked|}_com.android.server.ambientcontext.AmbientContextManagerService
05-30 14:03:33.637 D/SystemServerTimingAsync( 710): ssm.onCompletedEventUser-0_{|Unlocked|}_com.android.server.wearable.WearableSensingManagerService
05-30 14:03:33.637 D/SystemServerTimingAsync( 710): ssm.onCompletedEventUser-0_{|Unlocked|}_com.android.server.speech.SpeechRecognitionManagerService
05-30 14:03:33.637 D/SystemServerTimingAsync( 710): ssm.onCompletedEventUser-0_{|Unlocked|}_com.android.server.searchui.SearchUiManagerService
05-30 14:03:33.637 D/SystemServerTimingAsync( 710): ssm.onCompletedEventUser-0_{|Unlocked|}_com.android.server.os.DeviceIdentifiersPolicyService
05-30 14:03:33.637 D/SystemServerTimingAsync( 710): ssm.onCompletedEventUser-0_{|Unlocked|}_com.android.server.graphics.fonts.FontManagerService$Lifecycle
05-30 14:03:33.637 D/SystemServerTimingAsync( 710): ssm.onCompletedEventUser-0_{|Unlocked|}_com.android.server.textservices.TextServicesManagerService$Lifecycle
05-30 14:03:33.637 D/SystemServerTimingAsync( 710): ssm.onCompletedEventUser-0_{|Unlocked|}_com.android.server.textclassifier.TextClassificationManagerService$Lifecycle
05-30 14:03:33.637 D/SystemServerTimingAsync( 710): ssm.onCompletedEventUser-0_{|Unlocked|}_com.android.server.NetworkScoreService$Lifecycle
05-30 14:03:33.637 D/SystemServerTimingAsync( 710): ssm.onCompletedEventUser-0_{|Unlocked|}_com.android.server.NetworkStatsServiceInitializer
05-30 14:03:33.637 D/SystemServerTimingAsync( 710): ssm.onCompletedEventUser-0_{|Unlocked|}_com.android.server.wifi.WifiService
05-30 14:03:33.637 D/SystemServerTimingAsync( 710): ssm.onCompletedEventUser-0_{|Unlocked|}_com.android.server.wifi.scanner.WifiScanningService
05-30 14:03:33.637 D/SystemServerTimingAsync( 710): ssm.onCompletedEventUser-0_{|Unlocked|}_com.android.server.wifi.p2p.WifiP2pService
05-30 14:03:33.637 D/SystemServerTimingAsync( 710): ssm.onCompletedEventUser-0_{|Unlocked|}_com.android.server.ConnectivityServiceInitializer
05-30 14:03:33.638 D/SystemServerTimingAsync( 710): ssm.onCompletedEventUser-0_{|Unlocked|}_com.android.server.notification.NotificationManagerService
05-30 14:03:33.638 D/SystemServerTimingAsync( 710): ssm.onCompletedEventUser-0_{|Unlocked|}_com.android.server.storage.DeviceStorageMonitorService
05-30 14:03:33.638 D/SystemServerTimingAsync( 710): ssm.onCompletedEventUser-0_{|Unlocked|}_com.android.server.timedetector.TimeDetectorService$Lifecycle
05-30 14:03:33.638 D/SystemServerTimingAsync( 710): ssm.onCompletedEventUser-0_{|Unlocked|}_com.android.server.location.LocationManagerService$Lifecycle
05-30 14:03:33.638 D/SystemServerTimingAsync( 710): ssm.onCompletedEventUser-0_{|Unlocked|}_com.android.server.timezonedetector.TimeZoneDetectorService$Lifecycle
05-30 14:03:33.638 D/SystemServerTimingAsync( 710): ssm.onCompletedEventUser-0_{|Unlocked|}_com.android.server.location.altitude.AltitudeService$Lifecycle
05-30 14:03:33.638 D/SystemServerTimingAsync( 710): ssm.onCompletedEventUser-0_{|Unlocked|}_com.android.server.timezonedetector.location.LocationTimeZoneManagerService$Lifecycle
05-30 14:03:33.638 D/SystemServerTimingAsync( 710): ssm.onCompletedEventUser-0_{|Unlocked|}_com.android.server.search.SearchManagerService$Lifecycle
05-30 14:03:33.638 D/SystemServerTimingAsync( 710): ssm.onCompletedEventUser-0_{|Unlocked|}_com.android.server.wallpaper.WallpaperManagerService$Lifecycle
05-30 14:03:33.638 D/SystemServerTimingAsync( 710): ssm.onCompletedEventUser-0_{|Unlocked|}_com.android.server.wallpapereffectsgeneration.WallpaperEffectsGenerationManagerService
05-30 14:03:33.638 D/SystemServerTimingAsync( 710): ssm.onCompletedEventUser-0_{|Unlocked|}_com.android.server.audio.AudioService$Lifecycle
05-30 14:03:33.638 D/SystemServerTimingAsync( 710): ssm.onCompletedEventUser-0_{|Unlocked|}_com.android.server.soundtrigger_middleware.SoundTriggerMiddlewareService$Lifecycle
05-30 14:03:33.638 D/SystemServerTimingAsync( 710): ssm.onCompletedEventUser-0_{|Unlocked|}_com.android.server.adb.AdbService$Lifecycle
05-30 14:03:33.638 D/SystemServerTimingAsync( 710): ssm.onCompletedEventUser-0_{|Unlocked|}_com.android.server.twilight.TwilightService
05-30 14:03:33.638 D/SystemServerTimingAsync( 710): ssm.onCompletedEventUser-0_{|Unlocked|}_com.android.server.display.color.ColorDisplayService
05-30 14:03:33.638 D/SystemServerTimingAsync( 710): ssm.onCompletedEventUser-0_{|Unlocked|}_com.android.server.job.JobSchedulerService
05-30 14:03:33.638 D/SystemServerTimingAsync( 710): ssm.onCompletedEventUser-0_{|Unlocked|}_com.android.server.soundtrigger.SoundTriggerService
05-30 14:03:33.638 D/SystemServerTimingAsync( 710): ssm.onCompletedEventUser-0_{|Unlocked|}_com.android.server.smartspace.SmartspaceManagerService
05-30 14:03:33.639 D/SystemServerTimingAsync( 710): ssm.onCompletedEventUser-0_{|Unlocked|}_com.android.server.trust.TrustManagerService
05-30 14:03:33.639 D/SystemServerTimingAsync( 710): ssm.onCompletedEventUser-0_{|Unlocked|}_com.android.server.backup.BackupManagerService$Lifecycle
05-30 14:03:33.639 D/SystemServerTimingAsync( 710): ssm.onCompletedEventUser-0_{|Unlocked|}_com.android.server.appwidget.AppWidgetService
05-30 14:03:33.639 D/SystemServerTimingAsync( 710): ssm.onCompletedEventUser-0_{|Unlocked|}_com.android.server.voiceinteraction.VoiceInteractionManagerService
05-30 14:03:33.639 D/SystemServerTimingAsync( 710): ssm.onCompletedEventUser-0_{|Unlocked|}_com.android.server.GestureLauncherService
05-30 14:03:33.639 D/SystemServerTimingAsync( 710): ssm.onCompletedEventUser-0_{|Unlocked|}_com.android.server.SensorNotificationService
05-30 14:03:33.639 D/SystemServerTimingAsync( 710): ssm.onCompletedEventUser-0_{|Unlocked|}_com.android.server.emergency.EmergencyAffordanceService
05-30 14:03:33.639 D/SystemServerTimingAsync( 710): ssm.onCompletedEventUser-0_{|Unlocked|}_com.android.server.blob.BlobStoreManagerService
05-30 14:03:33.639 D/SystemServerTimingAsync( 710): ssm.onCompletedEventUser-0_{|Unlocked|}_com.android.server.dreams.DreamManagerService
05-30 14:03:33.639 D/SystemServerTimingAsync( 710): ssm.onCompletedEventUser-0_{|Unlocked|}_com.android.server.security.AttestationVerificationManagerService
05-30 14:03:33.639 D/SystemServerTimingAsync( 710): ssm.onCompletedEventUser-0_{|Unlocked|}_com.android.server.restrictions.RestrictionsManagerService
05-30 14:03:33.639 D/SystemServerTimingAsync( 710): ssm.onCompletedEventUser-0_{|Unlocked|}_com.android.server.media.MediaSessionService
05-30 14:03:33.639 D/SystemServerTimingAsync( 710): ssm.onCompletedEventUser-0_{|Unlocked|}_com.android.server.hdmi.HdmiControlService
05-30 14:03:33.639 D/SystemServerTimingAsync( 710): ssm.onCompletedEventUser-0_{|Unlocked|}_com.android.server.tv.interactive.TvInteractiveAppManagerService
05-30 14:03:33.639 D/SystemServerTimingAsync( 710): ssm.onCompletedEventUser-0_{|Unlocked|}_com.android.server.tv.TvInputManagerService
05-30 14:03:33.639 D/SystemServerTimingAsync( 710): ssm.onCompletedEventUser-0_{|Unlocked|}_com.android.server.usb.UsbService$Lifecycle
05-30 14:03:33.639 D/SystemServerTimingAsync( 710): ssm.onCompletedEventUser-0_{|Unlocked|}_com.android.server.biometrics.BiometricService
05-30 14:03:33.639 D/SystemServerTimingAsync( 710): ssm.onCompletedEventUser-0_{|Unlocked|}_com.android.server.tv.TvRemoteService
05-30 14:03:33.639 D/SystemServerTimingAsync( 710): ssm.onCompletedEventUser-0_{|Unlocked|}_com.android.server.biometrics.AuthService
05-30 14:03:33.639 D/SystemServerTimingAsync( 710): ssm.onCompletedEventUser-0_{|Unlocked|}_com.android.server.pm.ShortcutService$Lifecycle
05-30 14:03:33.639 D/SystemServerTimingAsync( 710): ssm.onCompletedEventUser-0_{|Unlocked|}_com.android.server.pm.CrossProfileAppsService
05-30 14:03:33.639 D/SystemServerTimingAsync( 710): ssm.onCompletedEventUser-0_{|Unlocked|}_com.android.server.pm.LauncherAppsService
05-30 14:03:33.639 D/SystemServerTimingAsync( 710): ssm.onCompletedEventUser-0_{|Unlocked|}_com.android.server.people.PeopleService
05-30 14:03:33.639 D/SystemServerTimingAsync( 710): ssm.onCompletedEventUser-0_{|Unlocked|}_com.android.server.media.metrics.MediaMetricsManagerService
05-30 14:03:33.639 D/SystemServerTimingAsync( 710): ssm.onCompletedEventUser-0_{|Unlocked|}_com.android.server.media.MediaResourceMonitorService
05-30 14:03:33.639 D/SystemServerTimingAsync( 710): ssm.onCompletedEventUser-0_{|Unlocked|}_com.android.server.pm.BackgroundInstallControlService
05-30 14:03:33.639 D/SystemServerTimingAsync( 710): ssm.onCompletedEventUser-0_{|Unlocked|}_com.android.server.media.projection.MediaProjectionManagerService
05-30 14:03:33.639 D/SystemServerTimingAsync( 710): ssm.onCompletedEventUser-0_{|Unlocked|}_com.android.server.slice.SliceManagerService$Lifecycle
05-30 14:03:33.639 D/SystemServerTimingAsync( 710): ssm.onCompletedEventUser-0_{|Unlocked|}_com.android.server.scheduling.RebootReadinessManagerService$Lifecycle
05-30 14:03:33.639 D/SystemServerTimingAsync( 710): ssm.onCompletedEventUser-0_{|Unlocked|}_com.android.server.stats.StatsCompanion$Lifecycle
05-30 14:03:33.639 D/SystemServerTimingAsync( 710): ssm.onCompletedEventUser-0_{|Unlocked|}_com.android.server.stats.pull.StatsPullAtomService
05-30 14:03:33.639 D/SystemServerTimingAsync( 710): ssm.onCompletedEventUser-0_{|Unlocked|}_com.android.server.stats.bootstrap.StatsBootstrapAtomService$Lifecycle
05-30 14:03:33.639 D/SystemServerTimingAsync( 710): ssm.onCompletedEventUser-0_{|Unlocked|}_com.android.server.incident.IncidentCompanionService
05-30 14:03:33.640 D/SystemServerTimingAsync( 710): ssm.onCompletedEventUser-0_{|Unlocked|}_com.android.server.adservices.AdServicesManagerService$Lifecycle
05-30 14:03:33.640 D/SystemServerTimingAsync( 710): ssm.onCompletedEventUser-0_{|Unlocked|}_com.android.server.ondevicepersonalization.OnDevicePersonalizationSystemService$Lifecycle
05-30 14:03:33.640 D/SystemServerTimingAsync( 710): ssm.onCompletedEventUser-0_{|Unlocked|}_com.android.server.sdksandbox.SdkSandboxManagerService$Lifecycle
05-30 14:03:33.640 D/SystemServerTimingAsync( 710): ssm.onCompletedEventUser-0_{|Unlocked|}_com.android.server.autofill.AutofillManagerService
05-30 14:03:33.640 D/SystemServerTimingAsync( 710): ssm.onCompletedEventUser-0_{|Unlocked|}_com.android.server.clipboard.ClipboardService
05-30 14:03:33.640 D/SystemServerTimingAsync( 710): ssm.onCompletedEventUser-0_{|Unlocked|}_com.android.server.policy.PermissionPolicyService
05-30 14:03:33.640 D/SystemServerTimingAsync( 710): ssm.onCompletedEventUser-0_{|Unlocked|}_com.android.server.pm.StagingManager$Lifecycle
05-30 14:03:33.640 D/SystemServerTimingAsync( 710): ssm.onCompletedEventUser-0_{|Unlocked|}_com.android.server.app.GameManagerService$Lifecycle
05-30 14:03:33.640 D/SystemServerTimingAsync( 710): ssm.onCompletedEventUser-0_{|Unlocked|}_com.android.safetycenter.SafetyCenterService
05-30 14:03:33.640 D/SystemServerTimingAsync( 710): ssm.onCompletedEventUser-0_{|Unlocked|}_com.android.server.appsearch.AppSearchModule$Lifecycle
05-30 14:03:33.640 D/SystemServerTimingAsync( 710): ssm.onCompletedEventUser-0_{|Unlocked|}_com.android.server.media.MediaCommunicationService
05-30 14:03:33.640 D/SystemServerTimingAsync( 710): ssm.onCompletedEventUser-0_{|Unlocked|}_com.android.server.compat.overrides.AppCompatOverridesService$Lifecycle
05-30 14:03:33.640 D/SystemServerTimingAsync( 710): ssm.onCompletedEventUser-0_{|Unlocked|}_com.android.server.healthconnect.HealthConnectManagerService
05-30 14:03:33.640 D/SystemServerTimingAsync( 710): ssm.onCompletedEventUser-0_{|Unlocked|}_com.android.server.devicelock.DeviceLockService
05-30 14:03:33.641 D/SystemServerTimingAsync( 710): ssm.onCompletedEventUser-0_{|Unlocked|}_com.android.server.appbinding.AppBindingService$Lifecycle
05-30 14:03:33.642 D/SystemServerTimingAsync( 710): ssm.onCompletedEventUser-0_{|Unlocked|}_com.android.server.tracing.TracingServiceProxy
05-30 14:03:33.642 D/RockyManager( 1686): switchWakeIsAllow isQuitBootGuide: true isBtMode: false
05-30 14:03:33.642 D/RockyManager( 1686): switchWakeIsAllow isAllowFarWake: true
05-30 14:03:33.681 I/crashsdk( 2163): version unique build id: 6230cced
05-30 14:03:33.700 I/crashsdk( 2163): begin hack android.os.Process
05-30 14:03:33.700 I/crashsdk( 2163): end hack android.os.Process
05-30 14:03:33.710 W/ndroid.systemui( 962): Cleared Reference was only reachable from finalizer (only reported once)
05-30 14:03:33.711 D/crashsdk( 2163): Native log stat thread 2249 setup, waiting
05-30 14:03:33.468 I/rgb_led_ctl( 2199): type=1400 audit(0.0:927): avc: denied { write } for name="spidev1.0" dev="tmpfs" ino=534 scontext=u:r:init:s0 tcontext=u:object_r:device:s0 tclass=chr_file permissive=1
05-30 14:03:33.468 I/rgb_led_ctl( 2199): type=1400 audit(0.0:928): avc: denied { open } for path="/dev/spidev1.0" dev="tmpfs" ino=534 scontext=u:r:init:s0 tcontext=u:object_r:device:s0 tclass=chr_file permissive=1
05-30 14:03:33.468 I/rgb_led_ctl( 2199): type=1400 audit(0.0:929): avc: denied { ioctl } for path="/dev/spidev1.0" dev="tmpfs" ino=534 ioctlcmd=0x6b01 scontext=u:r:init:s0 tcontext=u:object_r:device:s0 tclass=chr_file permissive=1
05-30 14:03:33.568 I/led_switch.sh( 2201): type=1400 audit(0.0:930): avc: denied { write } for name="led_swith.txt" dev="dm-50" ino=349 scontext=u:r:init:s0 tcontext=u:object_r:shell_data_file:s0 tclass=file permissive=1 bug=b/77873135
05-30 14:03:33.736 I/TDLog ( 2163): setReportUncaughtExceptions: true
05-30 14:03:33.737 I/ndroid.systemui( 962): Background concurrent copying GC freed 133921(5063KB) AllocSpace objects, 12(304KB) LOS objects, 49% free, 5180KB/10MB, paused 113us,82us total 612.039ms
05-30 14:03:33.739 E/Application( 2163): onCreate:Version:v2.8.3/20830/883432e
05-30 14:03:33.747 W/System ( 962): A resource failed to call release.
05-30 14:03:33.748 W/System ( 962): A resource failed to call release.
05-30 14:03:33.748 W/System ( 962): A resource failed to call release.
05-30 14:03:33.751 D/CompatibilityChangeReporter( 962): Compat change id reported: 186082280; UID 10052; state: ENABLED
05-30 14:03:33.568 I/led_switch.sh( 2201): type=1400 audit(0.0:931): avc: denied { open } for path="/data/local/tmp/led_swith.txt" dev="dm-50" ino=349 scontext=u:r:init:s0 tcontext=u:object_r:shell_data_file:s0 tclass=file permissive=1 bug=b/77873135
05-30 14:03:33.759 I/Matrix.AnrTracer( 2163): anrTrace, final mAnrBeatTime:400, mAnrBeatRate:400
05-30 14:03:33.771 D/CompatibilityChangeReporter( 710): Compat change id reported: 135634846; UID 10019; state: DISABLED
05-30 14:03:33.771 D/CompatibilityChangeReporter( 710): Compat change id reported: 177438394; UID 10019; state: DISABLED
05-30 14:03:33.771 D/CompatibilityChangeReporter( 710): Compat change id reported: 135772972; UID 10019; state: DISABLED
05-30 14:03:33.771 D/CompatibilityChangeReporter( 710): Compat change id reported: 135754954; UID 10019; state: ENABLED
05-30 14:03:33.772 D/CompatibilityChangeReporter( 710): Compat change id reported: 143937733; UID 10019; state: ENABLED
05-30 14:03:33.778 W/OverlayManager( 710): service 'idmap' died
05-30 14:03:33.783 W/Looper ( 962): Slow delivery took 1036ms SysUiBg h=android.net.ConnectivityManager$CallbackHandler c=null m=2
05-30 14:03:33.791 D/LaunchConfigManager( 2163): check in allready
05-30 14:03:33.794 I/crashsdk( 2163): Catcher mask: 5000, 20480
05-30 14:03:33.795 I/crashsdk( 2163): Catcher thread 2172
05-30 14:03:33.795 D/crashsdk( 2163): Register ANR handler ...
05-30 14:03:33.800 I/okhttp.OkHttpClient( 1430): <-- 200 OK http://tymsgapi.qun7.com/v1/core/appupdate (587ms, unknown-length body)
05-30 14:03:33.818 D/Zygote ( 465): Forked child process 2267
05-30 14:03:33.818 I/ActivityManager( 710): Start proc 2267:com.android.externalstorage/u0a19 for broadcast {com.android.externalstorage/com.android.externalstorage.MountReceiver}
05-30 14:03:33.827 I/TDLog ( 2163): TalkingData SDK init...
05-30 14:03:33.827 I/TDLog ( 2163): SDK_VERSION is: Android+TD+V5.0.7 gp Type:Native Build_Num:2141
05-30 14:03:33.827 I/TDLog ( 2163): App ID is: B9D7815EC975466AB1332111FCE62DF5
05-30 14:03:33.827 I/TDLog ( 2163): App Channel is: os
05-30 14:03:33.827 I/TDLog ( 2163): App Custom is:
05-30 14:03:33.827 I/TDLog ( 2163): SDK_OVC is: TDOVC+a3bb7754719798526508b6caad480dd7+SaaS
05-30 14:03:33.829 I/Zygote ( 2267): seccomp disabled by setenforce 0
05-30 14:03:33.832 I/ActivityManager( 710): Background started FGS: Allowed [callingPackage: com.dangbei.screencast; callingUid: 10044; uidState: CEM ; uidBFSL: n/a; intent: Intent { act=com.dangbei.screencast.STARTUP pkg=com.dangbei.screencast }; code:SYSTEM_ALERT_WINDOW_PERMISSION; tempAllowListReason:; targetSdkVersion:28; callerTargetSdkVersion:28; startForegroundCount:0; bindFromPackage:null: isBindService:false]
05-30 14:03:33.832 I/d.leradlauncher( 1464): NativeAlloc concurrent copying GC freed 390945(42MB) AllocSpace objects, 71(11MB) LOS objects, 49% free, 13MB/27MB, paused 548us,143us total 535.004ms
05-30 14:03:33.838 I/LaunchTrace( 2163): begin sendLaunchCache
05-30 14:03:33.842 I/externalstorage( 2267): Using CollectorTypeCC GC.
05-30 14:03:33.847 E/externalstorage( 2267): Not starting debugger since process cannot load the jdwp agent.
05-30 14:03:33.860 D/CompatibilityChangeReporter( 710): Compat change id reported: 168419799; UID 10019; state: DISABLED
05-30 14:03:33.860 D/CompatibilityChangeReporter( 710): Compat change id reported: 273564678; UID 10019; state: DISABLED
05-30 14:03:33.865 D/CompatibilityChangeReporter( 710): Compat change id reported: 265195908; UID 10019; state: ENABLED
05-30 14:03:33.875 D/CompatibilityChangeReporter( 710): Compat change id reported: 170668199; UID 10044; state: DISABLED
05-30 14:03:33.875 D/CompatibilityChangeReporter( 2084): Compat change id reported: 160794467; UID 10027; state: DISABLED
05-30 14:03:33.875 W/ActivityManager( 710): Foreground service started from background can not have location/camera/microphone access: service com.dangbei.screencast/.startup.StartupService
05-30 14:03:33.876 D/CompatibilityChangeReporter( 710): Compat change id reported: 255038118; UID 10044; state: DISABLED
05-30 14:03:33.877 D/CompatibilityChangeReporter( 710): Compat change id reported: 255042465; UID 10044; state: DISABLED
05-30 14:03:33.879 W/ForegroundServiceTypeLoggerModule( 710): Foreground service start for UID: 10044 does not have any types
05-30 14:03:33.880 I/ActivityManager( 710): Deferring FGS notification in legacy app com.dangbei.screencast/u0a44 : Notification(channel=channel_record shortcut=null contentView=null vibrate=null sound=null defaults=0x0 flags=0x60 color=0x00000000 category=transport vis=PUBLIC)
05-30 14:03:33.883 W/efs.send_log( 2163): tryFileLock start!
05-30 14:03:33.891 I/efs.base( 2163): lt=event`ev_ct=efs_core`ev_ac=pvuv`tm=2025-05-30 14:03:88`dn=6aee369d-97d5-42b8-aaef-4ff281a087ea`ps=com.dangbei.screencast`um_os=android`stime=1748585013531`pid=2163`fr=android`pkg=com.dangbei.screencast`vcode=20830`dsp_w=1920`uid=6aee369d-97d5-42b8-aaef-4ff281a087ea`rom=14`wid=6aee369d-97d5-42b8-aaef-4ff281a087ea`um_app_carrier=`um_access=wifi`um_app_channel=os`um_crash_sdk_version=1.4.0`ctime=1748585013`model=dbbox-a3`lang=zh`net=wifi`brand=amlogic`dsp_h=1080`um_network_type=0`ver=v2.8.3`build_model=DBBOX-A3`w_tm=1748585013`appid=5fc60c21094d637f3130af19`um_umid_header=aid1f46722b5c1259e2d18ce903dbe35a6`sdk=34`tzone=Asia/Shanghai`sdk_ver=1.3.6.umeng
05-30 14:03:33.896 D/CompatibilityChangeReporter( 2267): Compat change id reported: 171979766; UID 10019; state: ENABLED
05-30 14:03:33.898 D/CompatibilityChangeReporter( 2267): Compat change id reported: 242716250; UID 10019; state: ENABLED
05-30 14:03:33.902 D/CompatibilityChangeReporter( 710): Compat change id reported: 170503758; UID 10019; state: ENABLED
05-30 14:03:33.904 I/efs.config( 2163): --->>> 删除旧的配置文件 false
05-30 14:03:33.905 W/efs.send_log( 2163): tryFileLock sendlock sucess! processname: com.dangbei.screencast
05-30 14:03:33.942 D/nativeloader( 2267): Configuring clns-shared-4 for other apk /system/priv-app/ExternalStorageProvider/ExternalStorageProvider.apk. target_sdk_version=34, uses_libraries=, library_path=/system/priv-app/ExternalStorageProvider/lib/arm:/system/lib:/system_ext/lib, permitted_path=/data:/mnt/expand:/data/user/0/com.android.externalstorage:/system/priv-app/ExternalStorageProvider:/system/lib:/system_ext/lib
05-30 14:03:33.945 D/CompatibilityChangeReporter( 2084): Compat change id reported: 194532703; UID 10027; state: DISABLED
05-30 14:03:33.945 D/CompatibilityChangeReporter( 2084): Compat change id reported: 253665015; UID 10027; state: DISABLED
05-30 14:03:33.949 I/efs.config( 2163): current config version (-1) is older than another (1735614866)
05-30 14:03:33.950 I/efs.config( 2163): load config from storage and notify observer
05-30 14:03:33.962 D/CompatibilityChangeReporter( 710): Compat change id reported: 271850009; UID 10027; state: DISABLED
05-30 14:03:33.967 D/AppManager( 1464): checkLocalAppsIsValid: success
05-30 14:03:33.970 D/CompatibilityChangeReporter( 710): Compat change id reported: 253665015; UID 10027; state: DISABLED
05-30 14:03:33.970 D/CompatibilityChangeReporter( 710): Compat change id reported: 194532703; UID 10027; state: DISABLED
05-30 14:03:33.984 D/TrafficStats( 1686): tagSocket(186) with statsTag=0xffffffff, statsUid=-1
05-30 14:03:33.988 D/TrafficStats( 1686): tagSocket(184) with statsTag=0xffffffff, statsUid=-1
05-30 14:03:33.994 D/ConnectivityService( 710): requestNetwork for uid/pid:1000/710 asUid: 10027 activeRequest: null callbackRequest: 49 [NetworkRequest [ REQUEST id=50, [ Capabilities: INTERNET&NOT_RESTRICTED&TRUSTED&NOT_VCN_MANAGED Uid: 10027 RequestorUid: 1000 RequestorPkg: android UnderlyingNetworks: Null] ]] callback flags: 0 order: 2147483647
05-30 14:03:33.998 D/TrafficStats( 1464): tagSocket(127) with statsTag=0xffffffff, statsUid=-1
05-30 14:03:33.999 D/WifiNetworkFactory( 710): got request NetworkRequest [ REQUEST id=50, [ Capabilities: INTERNET&NOT_RESTRICTED&TRUSTED&NOT_VCN_MANAGED Uid: 10027 RequestorUid: 1000 RequestorPkg: android UnderlyingNetworks: Null] ]
05-30 14:03:33.999 D/UntrustedWifiNetworkFactory( 710): got request NetworkRequest [ REQUEST id=50, [ Capabilities: INTERNET&NOT_RESTRICTED&TRUSTED&NOT_VCN_MANAGED Uid: 10027 RequestorUid: 1000 RequestorPkg: android UnderlyingNetworks: Null] ]
05-30 14:03:34.002 D/TrafficStats( 1464): tagSocket(178) with statsTag=0xffffffff, statsUid=-1
05-30 14:03:34.002 D/OemPaidWifiNetworkFactory( 710): got request NetworkRequest [ REQUEST id=50, [ Capabilities: INTERNET&NOT_RESTRICTED&TRUSTED&NOT_VCN_MANAGED Uid: 10027 RequestorUid: 1000 RequestorPkg: android UnderlyingNetworks: Null] ]
05-30 14:03:34.003 D/MultiInternetWifiNetworkFactory( 710): got request NetworkRequest [ REQUEST id=50, [ Capabilities: INTERNET&NOT_RESTRICTED&TRUSTED&NOT_VCN_MANAGED Uid: 10027 RequestorUid: 1000 RequestorPkg: android UnderlyingNetworks: Null] ]
05-30 14:03:34.003 D/ConnectivityService( 710): NetReassign [50 : null → 100] [c 0] [a 0] [i 4]
05-30 14:03:34.003 D/TrafficStats( 1464): tagSocket(128) with statsTag=0xffffffff, statsUid=-1
05-30 14:03:34.004 D/TrafficStats( 1464): tagSocket(203) with statsTag=0xffffffff, statsUid=-1
05-30 14:03:34.004 D/TrafficStats( 1464): tagSocket(207) with statsTag=0xffffffff, statsUid=-1
05-30 14:03:34.017 I/BroadcastQueue( 710): BOOT_COMPLETED_BROADCAST_COMPLETION_LATENCY_REPORTED action:android.intent.action.BOOT_COMPLETED dispatchLatency:-22659 completeLatency:5412 dispatchRealLatency:-22659 completeRealLatency:5412 receiversSize:39 userId:0 userType:android.os.usertype.full.SYSTEM
05-30 14:03:34.021 I/ActivityManager( 710): Finished processing BOOT_COMPLETED for u0
05-30 14:03:34.030 E/raop ( 2163): *********************AirplayBroadcastServer+++++++++
05-30 14:03:34.037 D/CompatibilityChangeReporter( 2163): Compat change id reported: 270306772; UID 10044; state: DISABLED
05-30 14:03:34.040 D/CompatibilityChangeReporter( 2163): Compat change id reported: 235355681; UID 10044; state: DISABLED
05-30 14:03:34.043 I/serviceDiscovery( 710): [MdnsAdvertiser.wlan0] Probing finished for service 2
05-30 14:03:34.045 D/LanCommander( 1430): com.dangbei.andes.bean.RegistrationData@ca51524----------------onServiceRegistered
05-30 14:03:34.050 V/GraphicsEnvironment( 2267): Currently set values for:
05-30 14:03:34.050 V/GraphicsEnvironment( 2267): angle_gl_driver_selection_pkgs=[]
05-30 14:03:34.050 V/GraphicsEnvironment( 2267): angle_gl_driver_selection_values=[]
05-30 14:03:34.051 V/GraphicsEnvironment( 2267): ANGLE GameManagerService for com.android.externalstorage: false
05-30 14:03:34.051 V/GraphicsEnvironment( 2267): com.android.externalstorage is not listed in per-application setting
05-30 14:03:34.051 V/GraphicsEnvironment( 2267): Neither updatable production driver nor prerelease driver is supported.
05-30 14:03:34.069 I/ActivityManager( 710): Background started FGS: Allowed [callingPackage: com.dangbei.screencast; callingUid: 10044; uidState: FGS ; uidBFSL: [BFSL]; intent: Intent { cmp=com.dangbei.screencast/.huaweicast.service.HuaweiCastService }; code:PROC_STATE_FGS; tempAllowListReason:; targetSdkVersion:28; callerTargetSdkVersion:28; startForegroundCount:0; bindFromPackage:null: isBindService:false]
05-30 14:03:34.073 E/H264FrameQueue( 2163): H264FrameQueue: mFullQueueCount:200
05-30 14:03:34.076 D/ExternalStorage( 2267): After updating volumes, found 1 active roots
05-30 14:03:34.081 D/wenhc ( 1464): getScreenInfo uri = content://com.dangbei.screencast.parts.info/screen_cast
05-30 14:03:34.089 I/ActivityManager( 710): com.oranth.usbopenft is exempt from freezer
05-30 14:03:34.089 D/CompatibilityChangeReporter( 710): Compat change id reported: 135634846; UID 1000; state: DISABLED
05-30 14:03:34.090 W/System.err( 2163): java.lang.NullPointerException: Attempt to invoke virtual method 'byte[] java.net.NetworkInterface.getHardwareAddress()' on a null object reference
05-30 14:03:34.091 W/System.err( 2163): at b.f.f.y.g.b(Unknown Source:11)
05-30 14:03:34.091 W/System.err( 2163): at b.d.a.a.p.c0(Unknown Source:2)
05-30 14:03:34.091 W/System.err( 2163): at com.dangbei.screencast.startup.StartupService.onCreate(:5)
05-30 14:03:34.091 W/System.err( 2163): at android.app.ActivityThread.handleCreateService(ActivityThread.java:4696)
05-30 14:03:34.091 D/ExternalStorage( 2267): After updating volumes, found 1 active roots
05-30 14:03:34.091 W/System.err( 2163): at android.app.ActivityThread.-$$Nest$mhandleCreateService(Unknown Source:0)
05-30 14:03:34.091 W/System.err( 2163): at android.app.ActivityThread$H.handleMessage(ActivityThread.java:2293)
05-30 14:03:34.091 W/System.err( 2163): at android.os.Handler.dispatchMessage(Handler.java:106)
05-30 14:03:34.091 W/System.err( 2163): at android.os.Looper.loopOnce(Looper.java:205)
05-30 14:03:34.091 W/System.err( 2163): at android.os.Looper.loop(Looper.java:294)
05-30 14:03:34.091 W/System.err( 2163): at android.app.ActivityThread.main(ActivityThread.java:8255)
05-30 14:03:34.091 W/System.err( 2163): at java.lang.reflect.Method.invoke(Native Method)
05-30 14:03:34.091 W/System.err( 2163): at com.android.internal.os.RuntimeInit$MethodAndArgsCaller.run(RuntimeInit.java:552)
05-30 14:03:34.091 W/System.err( 2163): at com.android.internal.os.ZygoteInit.main(ZygoteInit.java:978)
05-30 14:03:34.105 D/ExternalStorage( 2267): After updating volumes, found 1 active roots
05-30 14:03:34.108 D/Zygote ( 465): Forked child process 2312
05-30 14:03:34.114 I/ActivityManager( 710): Start proc 2312:com.oranth.usbopenft/1000 for broadcast {com.oranth.usbopenft/com.oranth.usbopenft.UsbReceiver}
05-30 14:03:34.114 I/Zygote ( 2312): seccomp disabled by setenforce 0
05-30 14:03:34.121 I/ranth.usbopenft( 2312): Using CollectorTypeCC GC.
05-30 14:03:34.128 E/HuaweiCastService( 2163): onCreate called().
05-30 14:03:34.132 E/ranth.usbopenft( 2312): Not starting debugger since process cannot load the jdwp agent.
05-30 14:03:34.134 D/TrafficStats( 2163): tagSocket(151) with statsTag=0xffffffff, statsUid=-1
05-30 14:03:34.136 D/ConnectivityService( 710): requestNetwork for uid/pid:10027/2084 activeRequest: null callbackRequest: 51 [NetworkRequest [ REQUEST id=52, [ Capabilities: INTERNET&NOT_RESTRICTED&TRUSTED&NOT_VCN_MANAGED Uid: 10027 RequestorUid: 10027 RequestorPkg: com.android.statementservice UnderlyingNetworks: Null] ]] callback flags: 0 order: 2147483647
05-30 14:03:34.138 D/ConnectivityService( 710): NetReassign [52 : null → 100] [c 0] [a 0] [i 1]
05-30 14:03:34.138 D/WifiNetworkFactory( 710): got request NetworkRequest [ REQUEST id=52, [ Capabilities: INTERNET&NOT_RESTRICTED&TRUSTED&NOT_VCN_MANAGED Uid: 10027 RequestorUid: 10027 RequestorPkg: com.android.statementservice UnderlyingNetworks: Null] ]
05-30 14:03:34.139 D/UntrustedWifiNetworkFactory( 710): got request NetworkRequest [ REQUEST id=52, [ Capabilities: INTERNET&NOT_RESTRICTED&TRUSTED&NOT_VCN_MANAGED Uid: 10027 RequestorUid: 10027 RequestorPkg: com.android.statementservice UnderlyingNetworks: Null] ]
05-30 14:03:34.139 D/OemPaidWifiNetworkFactory( 710): got request NetworkRequest [ REQUEST id=52, [ Capabilities: INTERNET&NOT_RESTRICTED&TRUSTED&NOT_VCN_MANAGED Uid: 10027 RequestorUid: 10027 RequestorPkg: com.android.statementservice UnderlyingNetworks: Null] ]
05-30 14:03:34.139 D/MultiInternetWifiNetworkFactory( 710): got request NetworkRequest [ REQUEST id=52, [ Capabilities: INTERNET&NOT_RESTRICTED&TRUSTED&NOT_VCN_MANAGED Uid: 10027 RequestorUid: 10027 RequestorPkg: com.android.statementservice UnderlyingNetworks: Null] ]
05-30 14:03:34.140 I/MobclickAgent( 2163): module init:azioc
05-30 14:03:34.142 D/CompatibilityChangeReporter( 710): Compat change id reported: 168419799; UID 1000; state: DISABLED
05-30 14:03:34.143 D/CompatibilityChangeReporter( 710): Compat change id reported: 273564678; UID 1000; state: DISABLED
05-30 14:03:34.143 I/WifiService( 710): acquireMulticastLock uid=10044
05-30 14:03:34.145 E/PlayerClient( 2163): registerCallback com.dangbei.screencast.huaweicast.service.HuaweiCastService$a@30c07fd
05-30 14:03:34.145 D/PlayerClient( 2163): registerCallback true
05-30 14:03:34.145 D/PlayerClient( 2163): init.
05-30 14:03:34.147 D/CompatibilityChangeReporter( 2312): Compat change id reported: 171979766; UID 1000; state: ENABLED
05-30 14:03:34.147 D/CompatibilityChangeReporter( 2312): Compat change id reported: 242716250; UID 1000; state: ENABLED
05-30 14:03:34.148 D/WifiHAL ( 520): Setting APF program, halHandle = 0xe8642740
05-30 14:03:34.148 I/WifiHAL ( 520): createRequest: APF set program request
05-30 14:03:34.148 D/WifiHAL ( 520): error code -95 mapped to -3
05-30 14:03:34.148 I/WifiHAL ( 520): Request Response failed for APF, result = -3
05-30 14:03:34.148 E/WifiStaIfaceAidlImpl( 710): installApfPacketFilter failed with service-specific exception: android.os.ServiceSpecificException: (code 4)
05-30 14:03:34.148 W/KIT_FWK_a( 2163): KitFwk is not installed, pls do not use related interfaces.
05-30 14:03:34.149 W/KIT_FWK_a( 2163): KitFwk is not installed, pls do not use related interfaces.
05-30 14:03:34.150 E/PlayerClient( 2163): bind player service by aar.
05-30 14:03:34.152 D/CompatibilityChangeReporter( 710): Compat change id reported: 261072174; UID 10044; state: DISABLED
05-30 14:03:34.154 D/CompatibilityChangeReporter( 2084): Compat change id reported: 263076149; UID 10027; state: DISABLED
05-30 14:03:34.157 I/WifiService( 710): acquireMulticastLock uid=10044
05-30 14:03:34.163 D/PlayerClient( 2163): bind player sink service true
05-30 14:03:34.166 D/nativeloader( 2312): Configuring clns-shared-4 for other apk /system/app/UsbOpenFT/UsbOpenFT.apk. target_sdk_version=35, uses_libraries=, library_path=/system/app/UsbOpenFT/lib/arm:/system/app/UsbOpenFT/UsbOpenFT.apk!/lib/armeabi-v7a:/system/lib:/system_ext/lib, permitted_path=/data:/mnt/expand:/data/user/0/com.oranth.usbopenft:/system/app/UsbOpenFT:/system/lib:/system_ext/lib
05-30 14:03:34.174 W/ActivityManager( 710): Foreground service started from background can not have location/camera/microphone access: service com.dangbei.screencast/.huaweicast.service.HuaweiCastService
05-30 14:03:34.175 W/ForegroundServiceTypeLoggerModule( 710): Foreground service start for UID: 10044 does not have any types
05-30 14:03:34.176 E/HuaweiCastService( 2163): startForeground!
05-30 14:03:34.179 E/HuaweiCastService( 2163): onStartCommand in 0
05-30 14:03:34.184 I/WM-WorkerWrapper( 2084): Worker result SUCCESS for Work [ id=21dfa27a-9983-40e0-8a99-a590776f22a8, tags={ com.android.statementservice.domain.worker.RetryRequestWorker } ]
05-30 14:03:34.202 E/StartupService( 2163): onConnected:
05-30 14:03:34.206 V/GraphicsEnvironment( 2312): Currently set values for:
05-30 14:03:34.206 V/GraphicsEnvironment( 2312): angle_gl_driver_selection_pkgs=[]
05-30 14:03:34.206 V/GraphicsEnvironment( 2312): angle_gl_driver_selection_values=[]
05-30 14:03:34.206 V/GraphicsEnvironment( 2312): ANGLE GameManagerService for com.oranth.usbopenft: false
05-30 14:03:34.207 V/GraphicsEnvironment( 2312): com.oranth.usbopenft is not listed in per-application setting
05-30 14:03:34.207 V/GraphicsEnvironment( 2312): Neither updatable production driver nor prerelease driver is supported.
05-30 14:03:34.226 W/TelephonyPermissions( 710): reportAccessDeniedToReadIdentifiers:com.dangbei.screencast:getSerial:-1
05-30 14:03:34.239 W/System.err( 2163): java.lang.NullPointerException: Attempt to invoke virtual method 'byte[] java.net.NetworkInterface.getHardwareAddress()' on a null object reference
05-30 14:03:34.239 W/System.err( 2163): at b.f.f.y.g.b(Unknown Source:11)
05-30 14:03:34.239 W/System.err( 2163): at b.d.a.a.p.c0(Unknown Source:2)
05-30 14:03:34.239 W/System.err( 2163): at b.f.f.w.b.(:16)
05-30 14:03:34.239 W/System.err( 2163): at com.dangbei.screencast.startup.StartupService.w(:2)
05-30 14:03:34.239 W/System.err( 2163): at b.f.f.h.g.b.run(:6)
05-30 14:03:34.239 W/System.err( 2163): at b.d.a.a.n.a(Unknown Source:10)
05-30 14:03:34.239 W/System.err( 2163): at b.f.f.h.g.j.onReceive(Unknown Source:20)
05-30 14:03:34.239 W/System.err( 2163): at android.app.LoadedApk$ReceiverDispatcher$Args.lambda$getRunnable$0(LoadedApk.java:1811)
05-30 14:03:34.239 W/System.err( 2163): at android.app.LoadedApk$ReceiverDispatcher$Args.$r8$lambda$gDuJqgxY6Zb-ifyeubKeivTLAwk(Unknown Source:0)
05-30 14:03:34.239 W/System.err( 2163): at android.app.LoadedApk$ReceiverDispatcher$Args$$ExternalSyntheticLambda0.run(Unknown Source:2)
05-30 14:03:34.239 W/System.err( 2163): at android.os.Handler.handleCallback(Handler.java:958)
05-30 14:03:34.239 W/System.err( 2163): at android.os.Handler.dispatchMessage(Handler.java:99)
05-30 14:03:34.239 W/System.err( 2163): at android.os.Looper.loopOnce(Looper.java:205)
05-30 14:03:34.239 W/System.err( 2163): at android.os.Looper.loop(Looper.java:294)
05-30 14:03:34.239 W/System.err( 2163): at android.app.ActivityThread.main(ActivityThread.java:8255)
05-30 14:03:34.239 W/System.err( 2163): at java.lang.reflect.Method.invoke(Native Method)
05-30 14:03:34.239 W/System.err( 2163): at com.android.internal.os.RuntimeInit$MethodAndArgsCaller.run(RuntimeInit.java:552)
05-30 14:03:34.239 W/System.err( 2163): at com.android.internal.os.ZygoteInit.main(ZygoteInit.java:978)
05-30 14:03:34.252 E/hq ( 1464): ErrorCoroutineExceptionHandler:::runTry error:com.dangbei.leard.base.proider.error.EmptyApiException: 数据为空 from=requestMessageDialog from=requestMessageDialog
05-30 14:03:34.259 W/efs.info.manager( 2163): network change: wifi
05-30 14:03:34.262 D/HiSight-SinkService( 2163): onCreate.
05-30 14:03:34.262 D/HiSight-ConnectionManager( 2163): start ConnectionManager
05-30 14:03:34.264 D/HiSight-SinkService( 2163): onBind.
05-30 14:03:34.266 D/PlayerClient( 2163): service connected.
05-30 14:03:34.266 D/HiSight-SinkService( 2163): ITaskBinder registerCallback: true
05-30 14:03:34.266 D/HiSight-HiSightManager( 2163): ITaskBinder registerCallback.
05-30 14:03:34.267 D/HiSight-CallbackManager( 2163): addNewCallback. com.dangbei.screencast.huaweicast.service.HuaweiCastService$a@30c07fd
05-30 14:03:34.267 E/HuaweiCastService( 2163): eventId: 4001
05-30 14:03:34.267 E/HuaweiCastService( 2163): mPlayerClient is null.
05-30 14:03:34.267 D/HiSight-HiSightManager( 2163): check capability vbr range not setting, using default value
05-30 14:03:34.268 E/HuaweiCastService( 2163): mPlayerClient is null.
05-30 14:03:34.268 D/HiSight-SinkService( 2163): setAuthMode
05-30 14:03:34.268 W/HiSight-ConnectionManager( 2163): mSinkId is empty
05-30 14:03:34.354 E/hq ( 1464): WeatherRefresh:::请求网络地址后,更新的地理位置为:101280601
05-30 14:03:34.355 E/hq ( 1464): WeatherRefresh:::请求网络地址后,更新的地理位置为:101280601
05-30 14:03:34.487 D/xm_audio( 477): socket_thread start
05-30 14:03:34.488 D/xm_audio( 477): create socket g_is_running4
05-30 14:03:34.488 D/xm_audio( 477): create socket g_is_running5
05-30 14:03:34.488 E/xm_audio( 477): so socket connect suc
05-30 14:03:34.488 D/XM_HIDREAD( 1944): Client connected.
05-30 14:03:34.488 D/XM_HIDREAD( 1944): accept before.
05-30 14:03:34.488 D/xm_audio( 477): data_thread start
05-30 14:03:34.488 D/XM_HIDREAD( 1944): handle_client start.
05-30 14:03:34.550 D/TrafficStats( 2163): tagSocket(157) with statsTag=0xffffffff, statsUid=-1
05-30 14:03:34.667 I/ThermalService( 976): CPU temperatures: [54.500004]
05-30 14:03:34.868 I/UsbFfs-monitor( 1395): type=1400 audit(0.0:981): avc: denied { use } for path="anon_inode:[eventfd]" dev="anon_inodefs" ino=10217 scontext=u:r:su:s0 tcontext=u:r:adbd:s0 tclass=fd permissive=1
05-30 14:03:34.868 I/adbd ( 1395): type=1400 audit(0.0:982): avc: denied { write } for path="socket:[29612]" dev="sockfs" ino=29612 scontext=u:r:su:s0 tcontext=u:r:adbd:s0 tclass=unix_stream_socket permissive=1
05-30 14:03:34.868 I/adbd ( 1395): type=1400 audit(0.0:983): avc: denied { read } for path="socket:[29613]" dev="sockfs" ino=29613 scontext=u:r:su:s0 tcontext=u:r:adbd:s0 tclass=unix_stream_socket permissive=1
05-30 14:03:34.916 I//apex/com.android.adbd/bin/adbd( 1395): type=1400 audit(0.0:984): avc: denied { dac_read_search } for comm=75736220666673206F70656E capability=2 scontext=u:r:su:s0 tcontext=u:r:su:s0 tclass=capability permissive=1
05-30 14:03:34.916 I//apex/com.android.adbd/bin/adbd( 1395): type=1400 audit(0.0:985): avc: denied { search } for comm=75736220666673206F70656E name="/" dev="functionfs" ino=24114 scontext=u:r:su:s0 tcontext=u:object_r:functionfs:s0 tclass=dir permissive=1
05-30 14:03:34.925 W/Looper ( 962): Drained
05-30 14:03:35.045 I/okhttp.OkHttpClient( 1430): <-- 200 OK http://tyapi.qun7.com/v1/core/launcherota (1866ms, unknown-length body)
05-30 14:03:35.048 E/ccc ( 1430): cccccc launcher ota response is BaseResponse{message='success', data=UpgradeInfoEntity{contentLength=0, versionName='', versionCode=0, remark='', list=[]}, code=0}
05-30 14:03:35.049 W/System.err( 1430): java.lang.IndexOutOfBoundsException: Index 0 out of bounds for length 0
05-30 14:03:35.049 W/System.err( 1430): at jdk.internal.util.Preconditions.outOfBounds(Preconditions.java:64)
05-30 14:03:35.049 W/System.err( 1430): at jdk.internal.util.Preconditions.outOfBoundsCheckIndex(Preconditions.java:70)
05-30 14:03:35.049 W/System.err( 1430): at jdk.internal.util.Preconditions.checkIndex(Preconditions.java:266)
05-30 14:03:35.049 W/System.err( 1430): at java.util.Objects.checkIndex(Objects.java:359)
05-30 14:03:35.049 W/System.err( 1430): at java.util.ArrayList.get(ArrayList.java:434)
05-30 14:03:35.049 W/System.err( 1430): at com.dangbei.etna.update.launcher.LauncherUpdateHelper$requestLauncherUpdateInfo$1$2.invoke(LauncherUpdateHelper.kt:198)
05-30 14:03:35.049 W/System.err( 1430): at com.dangbei.etna.update.launcher.LauncherUpdateHelper$requestLauncherUpdateInfo$1$2.invoke(LauncherUpdateHelper.kt:189)
05-30 14:03:35.049 W/System.err( 1430): at com.etna.haqu.support.ext.FlowExtKt$safeCollect$3.emit(FlowExt.kt:52)
05-30 14:03:35.049 W/System.err( 1430): at kotlinx.coroutines.flow.FlowKt__ErrorsKt$catchImpl$2.emit(Errors.kt:158)
05-30 14:03:35.049 W/System.err( 1430): at kotlinx.coroutines.flow.FlowKt__ChannelsKt.emitAllImpl$FlowKt__ChannelsKt(Channels.kt:62)
05-30 14:03:35.049 W/System.err( 1430): at kotlinx.coroutines.flow.FlowKt__ChannelsKt.access$emitAllImpl$FlowKt__ChannelsKt(Channels.kt:1)
05-30 14:03:35.049 W/System.err( 1430): at kotlinx.coroutines.flow.FlowKt__ChannelsKt$emitAllImpl$1.invokeSuspend(Unknown Source:14)
05-30 14:03:35.049 W/System.err( 1430): at kotlin.coroutines.jvm.internal.BaseContinuationImpl.resumeWith(ContinuationImpl.kt:33)
05-30 14:03:35.049 W/System.err( 1430): at kotlinx.coroutines.DispatchedTask.run(DispatchedTask.kt:106)
05-30 14:03:35.049 W/System.err( 1430): at android.os.Handler.handleCallback(Handler.java:958)
05-30 14:03:35.049 W/System.err( 1430): at android.os.Handler.dispatchMessage(Handler.java:99)
05-30 14:03:35.049 W/System.err( 1430): at android.os.Looper.loopOnce(Looper.java:205)
05-30 14:03:35.049 W/System.err( 1430): at android.os.Looper.loop(Looper.java:294)
05-30 14:03:35.049 W/System.err( 1430): at android.app.ActivityThread.main(ActivityThread.java:8255)
05-30 14:03:35.049 W/System.err( 1430): at java.lang.reflect.Method.invoke(Native Method)
05-30 14:03:35.049 W/System.err( 1430): at com.android.internal.os.RuntimeInit$MethodAndArgsCaller.run(RuntimeInit.java:552)
05-30 14:03:35.050 W/System.err( 1430): at com.android.internal.os.ZygoteInit.main(ZygoteInit.java:978)
05-30 14:03:35.051 E/ccc ( 1430): cccccc com.dangbei.haqusetting not connect
05-30 14:03:35.051 E/ccc ( 1430): cccccc updateHelper 通知更新
05-30 14:03:35.113 D/TrafficStats( 1464): tagSocket(213) with statsTag=0xffffffff, statsUid=-1
05-30 14:03:35.119 D/TrafficStats( 1464): tagSocket(226) with statsTag=0xffffffff, statsUid=-1
05-30 14:03:35.130 D/TrafficStats( 1464): tagSocket(226) with statsTag=0xffffffff, statsUid=-1
05-30 14:03:35.133 D/TrafficStats( 1464): tagSocket(228) with statsTag=0xffffffff, statsUid=-1
05-30 14:03:35.141 D/TrafficStats( 1464): tagSocket(209) with statsTag=0xffffffff, statsUid=-1
05-30 14:03:35.194 I/WifiHAL ( 520): call wifi_get_link_stats handler
05-30 14:03:35.194 I/WifiHAL ( 520): Creating message to get link statistics; iface = 16
05-30 14:03:35.194 D/WifiHAL ( 520): error code -95 mapped to -3
05-30 14:03:35.194 E/WifiStaIfaceAidlImpl( 710): getLinkLayerStats failed with service-specific exception: android.os.ServiceSpecificException: (code 4)
