05-30 14:03:31.588 D/nativeloader( 1923): Configuring clns-shared-4 for other apk /system/priv-app/CalendarProvider/CalendarProvider.apk. target_sdk_version=34, uses_libraries=, library_path=/system/priv-app/CalendarProvider/lib/arm:/system/lib:/system_ext/lib, permitted_path=/data:/mnt/expand:/data/user/0/com.android.providers.calendar:/system/priv-app/CalendarProvider:/system/lib:/system_ext/lib
05-30 14:03:31.607 E/UserProtocolInterceptorImpl( 1464): version===>0
05-30 14:03:31.610 I/HibernationPolicy( 1840): user 0 is a profileowner. Running hibernation job.
05-30 14:03:31.612 V/GraphicsEnvironment( 1923): Currently set values for:
05-30 14:03:31.612 V/GraphicsEnvironment( 1923): angle_gl_driver_selection_pkgs=[]
05-30 14:03:31.612 V/GraphicsEnvironment( 1923): angle_gl_driver_selection_values=[]
05-30 14:03:31.613 V/GraphicsEnvironment( 1923): ANGLE GameManagerService for com.android.providers.calendar: false
05-30 14:03:31.613 V/GraphicsEnvironment( 1923): com.android.providers.calendar is not listed in per-application setting
05-30 14:03:31.613 V/GraphicsEnvironment( 1923): Neither updatable production driver nor prerelease driver is supported.
05-30 14:03:31.615 D/CompatibilityChangeReporter( 710): Compat change id reported: 149924527; UID 10039; state: ENABLED
05-30 14:03:31.616 D/CompatibilityChangeReporter( 710): Compat change id reported: 132649864; UID 10039; state: DISABLED
05-30 14:03:31.635 I/HibernationPolicy( 1840): Job already scheduled.
05-30 14:03:31.651 D/CompatibilityChangeReporter( 710): Compat change id reported: 161145287; UID 10016; state: ENABLED
05-30 14:03:31.652 I/CalendarProvider2( 1923): Created com.android.providers.calendar.CalendarAlarmManager@c5ba7ac(com.android.providers.calendar.CalendarProvider2@b24fc75)
05-30 14:03:31.660 D/CompatibilityChangeReporter( 710): Compat change id reported: 135634846; UID 10026; state: DISABLED
05-30 14:03:31.660 D/CompatibilityChangeReporter( 710): Compat change id reported: 177438394; UID 10026; state: DISABLED
05-30 14:03:31.660 D/CompatibilityChangeReporter( 710): Compat change id reported: 135772972; UID 10026; state: DISABLED
05-30 14:03:31.660 D/CompatibilityChangeReporter( 710): Compat change id reported: 135754954; UID 10026; state: ENABLED
05-30 14:03:31.661 D/CompatibilityChangeReporter( 710): Compat change id reported: 143937733; UID 10026; state: ENABLED
05-30 14:03:31.670 D/XM_HIDREAD( 1944): hidread running 0429 d06.
05-30 14:03:31.670 D/XM_HIDREAD( 1944): pFileName:hidraw0
05-30 14:03:31.670 D/XM_HIDREAD( 1944): pFilePathName:/sys/class/hidraw/hidraw0
05-30 14:03:31.671 D/XM_HIDREAD( 1944): pHidrawName:hidraw0,hidrawPathName:/dev/hidraw0
05-30 14:03:31.671 D/XM_HIDREAD( 1944): ready open:/dev/hidraw0
05-30 14:03:31.671 D/XM_HIDREAD( 1944): open:/dev/hidraw0 resultFD:5
05-30 14:03:31.671 D/XM_HIDREAD( 1944): 1 ready ioctl hidrawFD 5
05-30 14:03:31.673 D/XM_HIDREAD( 1944): 2 ready ioctl hidrawFD 5
05-30 14:03:31.673 D/XM_HIDREAD( 1944): 3 ready ioctl hidrawFD 5
05-30 14:03:31.673 D/XM_HIDREAD( 1944): 4 ready ioctl hidrawFD 5
05-30 14:03:31.673 D/XM_HIDREAD( 1944): ioctl hidrawFD HIDIOCGRDESC ret 0
05-30 14:03:31.673 D/XM_HIDREAD( 1944): dinfo.vendor:10874,dinfo.product:38295
05-30 14:03:31.673 E/XM_HIDREAD( 1944): : /dev/hidraw0
05-30 14:03:31.673 D/XM_HIDREAD( 1944): pFileName:hidraw1
05-30 14:03:31.673 D/XM_HIDREAD( 1944): pFilePathName:/sys/class/hidraw/hidraw1
05-30 14:03:31.674 D/XM_HIDREAD( 1944): pHidrawName:hidraw1,hidrawPathName:/dev/hidraw1
05-30 14:03:31.674 D/XM_HIDREAD( 1944): ready open:/dev/hidraw1
05-30 14:03:31.674 D/XM_HIDREAD( 1944): open:/dev/hidraw1 resultFD:6
05-30 14:03:31.674 D/XM_HIDREAD( 1944): 1 ready ioctl hidrawFD 6
05-30 14:03:31.674 D/XM_HIDREAD( 1944): 2 ready ioctl hidrawFD 6
05-30 14:03:31.674 D/XM_HIDREAD( 1944): 3 ready ioctl hidrawFD 6
05-30 14:03:31.674 D/XM_HIDREAD( 1944): 4 ready ioctl hidrawFD 6
05-30 14:03:31.674 D/XM_HIDREAD( 1944): ioctl hidrawFD HIDIOCGRDESC ret 0
05-30 14:03:31.674 D/XM_HIDREAD( 1944): dinfo.vendor:10874,dinfo.product:38295
05-30 14:03:31.674 E/XM_HIDREAD( 1944): : /dev/hidraw1
05-30 14:03:31.674 D/XM_HIDREAD( 1944): addr_len_t:26,addr_len:26
05-30 14:03:31.674 D/XM_HIDREAD( 1944): server_socket:4
05-30 14:03:31.674 D/XM_HIDREAD( 1944): pthread_join listen_thread before
05-30 14:03:31.674 D/XM_HIDREAD( 1944): >> start monitor uevent ...
05-30 14:03:31.674 D/XM_HIDREAD( 1944): listener_thread has start 4.
05-30 14:03:31.674 D/XM_HIDREAD( 1944): accept before.
05-30 14:03:31.680 D/CompatibilityChangeReporter( 1923): Compat change id reported: 160794467; UID 10016; state: ENABLED
05-30 14:03:31.698 I/ActivityManager( 710): com.android.localtransport is exempt from freezer
05-30 14:03:31.699 D/CompatibilityChangeReporter( 710): Compat change id reported: 135634846; UID 1000; state: DISABLED
05-30 14:03:31.715 I/Tethering( 1051): adding IpServer for: wlan0
05-30 14:03:31.716 I/wpa_supplicant( 1190): assoc key_mgmt 0x2 network key_mgmt 0x142
05-30 14:03:31.717 I/wpa_supplicant( 1190): wlan0: Associated with 58:c7:ac:78:f0:10
05-30 14:03:31.717 I/wpa_supplicant( 1190): wlan0: CTRL-EVENT-SUBNET-STATUS-UPDATE status=0
05-30 14:03:31.721 I/WifiService( 710): updateInterfaceIpState uid=1073
05-30 14:03:31.723 I/WifiClientModeImpl[19965:wlan0]( 710): Update current security type to 2
05-30 14:03:31.725 D/WifiService( 710): updateInterfaceIpState: ifaceName=wlan0 mode=-1 previous LOHS mode= -1
05-30 14:03:31.741 D/CompatibilityChangeReporter( 1923): Compat change id reported: 183155436; UID 10016; state: ENABLED
05-30 14:03:31.748 D/CompatibilityChangeReporter( 710): Compat change id reported: 171306433; UID 10016; state: ENABLED
05-30 14:03:31.749 D/CompatibilityChangeReporter( 710): Compat change id reported: 218533173; UID 10016; state: ENABLED
05-30 14:03:31.762 D/Zygote ( 465): Forked child process 1977
05-30 14:03:31.763 W/ActivityManager( 710): Slow operation: 103ms so far, now at startProcess: returned from zygote!
05-30 14:03:31.763 W/ActivityManager( 710): Slow operation: 104ms so far, now at startProcess: done updating battery stats
05-30 14:03:31.763 W/ActivityManager( 710): Slow operation: 104ms so far, now at startProcess: building log message
05-30 14:03:31.763 I/ActivityManager( 710): Start proc 1977:com.android.providers.tv/u0a26 for broadcast {com.android.providers.tv/com.android.providers.tv.BootCompletedReceiver}
05-30 14:03:31.763 W/ActivityManager( 710): Slow operation: 104ms so far, now at startProcess: starting to update pids map
05-30 14:03:31.764 W/ActivityManager( 710): Slow operation: 104ms so far, now at startProcess: done updating pids map
05-30 14:03:31.764 W/ActivityManager( 710): Slow operation: 66ms so far, now at startProcess: asking zygote to start proc
05-30 14:03:31.773 V/SafetyCenterBackgroundR( 1840): Received a android.intent.action.BOOT_COMPLETED broadcast, but safety center is currently disabled. Cancelling any existing job.
05-30 14:03:31.779 D/SafetyLabelChangesJobService( 1840): Received broadcast with intent action 'android.intent.action.BOOT_COMPLETED'
05-30 14:03:31.779 I/SafetyLabelChangesJobService( 1840): onReceive: Safety label change notifications are not enabled.
05-30 14:03:31.800 I/Zygote ( 1977): seccomp disabled by setenforce 0
05-30 14:03:31.806 I/id.providers.tv( 1977): Using CollectorTypeCC GC.
05-30 14:03:31.812 E/hq ( 1464): CrashHandler:::图片加载异常 message=Failed to load resource
05-30 14:03:31.812 E/hq ( 1464): There was 1 root cause:
05-30 14:03:31.812 E/hq ( 1464): java.net.UnknownHostException(Unable to resolve host "zmimg.dangbei.net": No address associated with hostname)
05-30 14:03:31.812 E/hq ( 1464): call GlideException#logRootCauses(String) for more detail
05-30 14:03:31.812 E/hq ( 1464): model=https://zmimg.dangbei.net/operatecenter/20250423/6f038gmuy5kl1.png
05-30 14:03:31.812 E/hq ( 1464): target=Target for: android.widget.ImageView{e124991 V.ED..... ........ 0,0-76,76}
05-30 14:03:31.812 E/id.providers.tv( 1977): Not starting debugger since process cannot load the jdwp agent.
05-30 14:03:31.817 E/hq ( 1464): CrashHandler:::图片加载异常 message=Failed to load resource
05-30 14:03:31.817 E/hq ( 1464): There was 1 root cause:
05-30 14:03:31.817 E/hq ( 1464): java.net.UnknownHostException(Unable to resolve host "zmimg.dangbei.net": No address associated with hostname)
05-30 14:03:31.817 E/hq ( 1464): call GlideException#logRootCauses(String) for more detail
05-30 14:03:31.817 E/hq ( 1464): model=https://zmimg.dangbei.net/operatecenter/20250423/hy6t1i86lbf72.png
05-30 14:03:31.817 E/hq ( 1464): target=Target for: android.widget.ImageView{484f193 V.ED..... ........ 0,0-76,76}
05-30 14:03:31.821 D/Zygote ( 465): Forked child process 1990
05-30 14:03:31.822 W/ActivityManager( 710): Slow operation: 124ms so far, now at startProcess: returned from zygote!
05-30 14:03:31.822 W/ActivityManager( 710): Slow operation: 125ms so far, now at startProcess: done updating battery stats
05-30 14:03:31.822 W/ActivityManager( 710): Slow operation: 125ms so far, now at startProcess: building log message
05-30 14:03:31.822 I/ActivityManager( 710): Start proc 1990:com.android.localtransport/1000 for service {com.android.localtransport/com.android.localtransport.LocalTransportService}
05-30 14:03:31.822 W/ActivityManager( 710): Slow operation: 125ms so far, now at startProcess: starting to update pids map
05-30 14:03:31.822 W/ActivityManager( 710): Slow operation: 125ms so far, now at startProcess: done updating pids map
05-30 14:03:31.823 E/hq ( 1464): CrashHandler:::图片加载异常 message=Failed to load resource
05-30 14:03:31.823 E/hq ( 1464): There was 1 root cause:
05-30 14:03:31.823 E/hq ( 1464): java.net.UnknownHostException(Unable to resolve host "zmimg.dangbei.net": No address associated with hostname)
05-30 14:03:31.823 E/hq ( 1464): call GlideException#logRootCauses(String) for more detail
05-30 14:03:31.823 E/hq ( 1464): model=https://zmimg.dangbei.net/operatecenter/20250423/xv34i36gu0h8u.png
05-30 14:03:31.823 E/hq ( 1464): target=Target for: android.widget.ImageView{8db0985 V.ED..... ........ 0,0-76,76}
05-30 14:03:31.824 E/hq ( 1464): CrashHandler:::图片加载异常 message=Failed to load resource
05-30 14:03:31.824 E/hq ( 1464): There was 1 root cause:
05-30 14:03:31.824 E/hq ( 1464): java.net.UnknownHostException(Unable to resolve host "zmimg.dangbei.net": No address associated with hostname)
05-30 14:03:31.824 E/hq ( 1464): call GlideException#logRootCauses(String) for more detail
05-30 14:03:31.824 E/hq ( 1464): model=https://zmimg.dangbei.net/operatecenter/20250423/ulhuthp3jtbkd.png
05-30 14:03:31.824 E/hq ( 1464): target=Target for: android.widget.ImageView{ae18739 V.ED..... ........ 0,0-76,76}
05-30 14:03:31.826 E/hq ( 1464): CrashHandler:::图片加载异常 message=Failed to load resource
05-30 14:03:31.826 E/hq ( 1464): There was 1 root cause:
05-30 14:03:31.826 E/hq ( 1464): java.net.UnknownHostException(Unable to resolve host "zmimg.dangbei.net": No address associated with hostname)
05-30 14:03:31.826 E/hq ( 1464): call GlideException#logRootCauses(String) for more detail
05-30 14:03:31.826 E/hq ( 1464): model=https://zmimg.dangbei.net/operatecenter/20250423/jfrvoes2qix5m.png
05-30 14:03:31.826 E/hq ( 1464): target=Target for: android.widget.ImageView{cb391e7 V.ED..... ........ 0,0-76,76}
05-30 14:03:31.863 I/Zygote ( 1990): seccomp disabled by setenforce 0
05-30 14:03:31.863 D/hq ( 1464): NetWorkStateReceiver:::检查网络,并且持续更新 isConnect=false
05-30 14:03:31.869 I/.localtransport( 1990): Using CollectorTypeCC GC.
05-30 14:03:31.869 D/CompatibilityChangeReporter( 710): Compat change id reported: 168419799; UID 10026; state: DISABLED
05-30 14:03:31.869 D/CompatibilityChangeReporter( 710): Compat change id reported: 273564678; UID 10026; state: DISABLED
05-30 14:03:31.875 E/.localtransport( 1990): Not starting debugger since process cannot load the jdwp agent.
05-30 14:03:31.891 D/CompatibilityChangeReporter( 710): Compat change id reported: 265195908; UID 10026; state: ENABLED
05-30 14:03:31.891 D/CompatibilityChangeReporter( 1977): Compat change id reported: 171979766; UID 10026; state: ENABLED
05-30 14:03:31.892 D/CompatibilityChangeReporter( 1977): Compat change id reported: 242716250; UID 10026; state: ENABLED
05-30 14:03:31.894 D/CompatibilityChangeReporter( 1990): Compat change id reported: 171979766; UID 1000; state: ENABLED
05-30 14:03:31.895 D/CompatibilityChangeReporter( 1990): Compat change id reported: 242716250; UID 1000; state: ENABLED
05-30 14:03:31.902 I/PermissionEventCleanupJobService( 1840): Job already scheduled.
05-30 14:03:31.908 I/chromium( 1877): [0530/140331:INFO:config_service.cc(227)] Load config buffer. err_code = 3, err_msg = Line: 1, column: 1, Unexpected token.
05-30 14:03:31.918 D/nativeloader( 1990): Configuring clns-shared-4 for other apk /system/priv-app/LocalTransport/LocalTransport.apk. target_sdk_version=34, uses_libraries=, library_path=/system/priv-app/LocalTransport/lib/arm:/system/priv-app/LocalTransport/LocalTransport.apk!/lib/armeabi-v7a:/system/lib:/system_ext/lib, permitted_path=/data:/mnt/expand:/data/user/0/com.android.localtransport:/system/priv-app/LocalTransport:/system/lib:/system_ext/lib
05-30 14:03:31.939 D/CompatibilityChangeReporter( 710): Compat change id reported: 170503758; UID 10026; state: ENABLED
05-30 14:03:31.947 D/PermissionStorageTimeChangeReceiver( 1840): systemTimeSnapshot set to 1748585011947
05-30 14:03:31.961 D/PermissionStorageTimeChangeReceiver( 1840): realtimeSnapshot set to 26002
05-30 14:03:31.973 D/CompatibilityChangeReporter( 710): Compat change id reported: 143231523; UID 10016; state: DISABLED
05-30 14:03:31.989 I/CHInputSession( 1877): set engine mode: 2 layout: 2
05-30 14:03:31.996 V/GraphicsEnvironment( 1990): Currently set values for:
05-30 14:03:31.997 V/GraphicsEnvironment( 1990): angle_gl_driver_selection_pkgs=[]
05-30 14:03:31.997 V/GraphicsEnvironment( 1990): angle_gl_driver_selection_values=[]
05-30 14:03:31.998 V/GraphicsEnvironment( 1990): ANGLE GameManagerService for com.android.localtransport: false
05-30 14:03:31.998 V/GraphicsEnvironment( 1990): com.android.localtransport is not listed in per-application setting
05-30 14:03:31.998 V/GraphicsEnvironment( 1990): Neither updatable production driver nor prerelease driver is supported.
05-30 14:03:32.000 D/nativeloader( 1977): Configuring clns-shared-4 for other apk /system/priv-app/TvProvider/TvProvider.apk. target_sdk_version=34, uses_libraries=, library_path=/system/priv-app/TvProvider/lib/arm:/system/lib:/system_ext/lib, permitted_path=/data:/mnt/expand:/data/user_de/0/com.android.providers.tv:/system/priv-app/TvProvider:/system/lib:/system_ext/lib
05-30 14:03:32.000 D/CHJNIDefault( 1877): setInputMode value=-1
05-30 14:03:32.000 I/InputContext( 1877): onChanged: candidateWords=[]
05-30 14:03:32.001 I/InputContext( 1877): onChanged: candidateWordInfo.size=0 global offset: 0pausedCandidateData = false
05-30 14:03:32.001 I/InputContext( 1877): onChanged: composing=null
05-30 14:03:32.001 I/InputContext( 1877): onChanged: forCompose=false
05-30 14:03:32.003 I/nw ( 1877): onChanged: input mode:languageID=0
05-30 14:03:32.003 I/nw ( 1877): scriptID=2
05-30 14:03:32.003 I/nw ( 1877): layoutID=2
05-30 14:03:32.004 I/DefaultIMS( 1877): onStartInput attribute=android.view.inputmethod.EditorInfo@a250ad4 restarting=false inputType: 0
05-30 14:03:32.015 V/GraphicsEnvironment( 1977): Currently set values for:
05-30 14:03:32.015 V/GraphicsEnvironment( 1977): angle_gl_driver_selection_pkgs=[]
05-30 14:03:32.015 V/GraphicsEnvironment( 1977): angle_gl_driver_selection_values=[]
05-30 14:03:32.016 V/GraphicsEnvironment( 1977): ANGLE GameManagerService for com.android.providers.tv: false
05-30 14:03:32.016 V/GraphicsEnvironment( 1977): com.android.providers.tv is not listed in per-application setting
05-30 14:03:32.016 V/GraphicsEnvironment( 1977): Neither updatable production driver nor prerelease driver is supported.
05-30 14:03:32.022 D/CompatibilityChangeReporter( 1977): Compat change id reported: 160794467; UID 10026; state: ENABLED
05-30 14:03:32.026 I/wpa_supplicant( 1190): wlan0: WPA: RX message 1 of 4-Way Handshake from 58:c7:ac:78:f0:10 (ver=2)
05-30 14:03:32.026 I/wpa_supplicant( 1190): assoc key_mgmt 0x2 network key_mgmt 0x142
05-30 14:03:32.026 I/wpa_supplicant( 1190): wlan0: WPA: Sending EAPOL-Key 2/4
05-30 14:03:32.027 I/TransportConnection( 710): LocalTransportService#0: Notifying [TransportManager.registerTransport()] transport = BackupTransportClient
05-30 14:03:32.029 W/ContextImpl( 710): Calling a method in the system process without a qualified user: android.app.ContextImpl.sendStickyBroadcast:1626 com.android.server.wifi.ClientModeImpl.sendNetworkChangeBroadcast:3008 com.android.server.wifi.ClientModeImpl.lambda$sendNetworkChangeBroadcastWithCurrentState$14:2985 com.android.server.wifi.ClientModeImpl.$r8$lambda$q-j88Pjw4gROgoJFr8wBlBVbuJI:0 com.android.server.wifi.ClientModeImpl$$ExternalSyntheticLambda4.send:0
05-30 14:03:32.031 I/WifiClientModeImpl[19965:wlan0]( 710): Update current security type to 2
05-30 14:03:32.034 I/wpa_supplicant( 1190): wlan0: RSN: RX message 3 of 4-Way Handshake from 58:c7:ac:78:f0:10 (ver=2)
05-30 14:03:32.034 I/wpa_supplicant( 1190): wlan0: WPA: Sending EAPOL-Key 4/4
05-30 14:03:32.035 D/RockyReceiver( 1686): action: android.net.wifi.STATE_CHANGE
05-30 14:03:32.039 D/BackupTransportManager( 710): [UserID:0] Transport com.android.localtransport/.LocalTransportService registered
05-30 14:03:32.040 D/BackupManagerService( 710): [UserID:0] Transport com.android.localtransport/.LocalTransport registered 3360ms after first request (delay = 3000ms)
05-30 14:03:32.044 D/CompatibilityChangeReporter( 710): Compat change id reported: 135634846; UID 10071; state: DISABLED
05-30 14:03:32.045 D/CompatibilityChangeReporter( 710): Compat change id reported: 177438394; UID 10071; state: DISABLED
05-30 14:03:32.045 D/CompatibilityChangeReporter( 710): Compat change id reported: 135772972; UID 10071; state: DISABLED
05-30 14:03:32.045 D/CompatibilityChangeReporter( 710): Compat change id reported: 135754954; UID 10071; state: ENABLED
05-30 14:03:32.046 D/CompatibilityChangeReporter( 710): Compat change id reported: 143937733; UID 10071; state: ENABLED
05-30 14:03:32.062 I/wpa_supplicant( 1190): assoc key_mgmt 0x2 network key_mgmt 0x142
05-30 14:03:32.066 I/WifiClientModeImpl[19965:wlan0]( 710): Update current security type to 2
05-30 14:03:32.067 E/hq ( 1464): CrashHandler:::图片加载异常 message=Failed to load resource
05-30 14:03:32.067 E/hq ( 1464): There was 1 root cause:
05-30 14:03:32.067 E/hq ( 1464): java.net.UnknownHostException(Unable to resolve host "zmimg.dangbei.net": No address associated with hostname)
05-30 14:03:32.067 E/hq ( 1464): call GlideException#logRootCauses(String) for more detail
05-30 14:03:32.067 E/hq ( 1464): model=https://zmimg.dangbei.net/operatecenter/20250423/0opqiz3hsc1s3.png
05-30 14:03:32.067 E/hq ( 1464): target=Target for: android.widget.ImageView{c6c01fb V.ED..... ........ 0,0-76,76}
05-30 14:03:32.070 I/BackupManagerService( 710): [UserID:0] Found 2 stale backup journal(s), scheduling.
05-30 14:03:32.069 E/hq ( 1464): CrashHandler:::图片加载异常 message=Failed to load resource
05-30 14:03:32.069 E/hq ( 1464): There was 1 root cause:
05-30 14:03:32.069 E/hq ( 1464): java.net.UnknownHostException(Unable to resolve host "zmimg.dangbei.net": No address associated with hostname)
05-30 14:03:32.069 E/hq ( 1464): call GlideException#logRootCauses(String) for more detail
05-30 14:03:32.069 E/hq ( 1464): model=https://zmimg.dangbei.net/operatecenter/20250529/h3aenytb4dx49.jpg
05-30 14:03:32.069 E/hq ( 1464): target=Target for: com.dangbei.palaemon.layout.DBImageView{d1fec78 V.ED..... ........ 0,0-410,580}
05-30 14:03:32.073 V/BackupManagerConstants( 710): getKeyValueBackupIntervalMilliseconds(...) returns 14400000
05-30 14:03:32.073 V/BackupManagerConstants( 710): getKeyValueBackupFuzzMilliseconds(...) returns 600000
05-30 14:03:32.073 V/BackupManagerConstants( 710): getKeyValueBackupRequiredNetworkType(...) returns 1
05-30 14:03:32.073 V/BackupManagerConstants( 710): getKeyValueBackupRequireCharging(...) returns true
05-30 14:03:32.073 V/KeyValueBackupJob( 710): Scheduling k/v pass in 246 minutes
05-30 14:03:32.074 D/CompatibilityChangeReporter( 710): Compat change id reported: 271850009; UID 1000; state: ENABLED
05-30 14:03:32.074 D/CompatibilityChangeReporter( 710): Compat change id reported: 271850009; UID 1000; state: DISABLED
05-30 14:03:32.075 I/wpa_supplicant( 1190): wlan0: WPA: Key negotiation completed with 58:c7:ac:78:f0:10 [PTK=CCMP GTK=TKIP]
05-30 14:03:32.075 I/wpa_supplicant( 1190): wlan0: CTRL-EVENT-CONNECTED - Connection to 58:c7:ac:78:f0:10 completed [id=0 id_str=%7B%22configKey%22%3A%22%5C%22DB-machines5G%5C%22WPA_PSK%22%2C%22creatorUid%22%3A%2210029%22%7D]
05-30 14:03:32.075 I/wpa_supplicant( 1190): assoc key_mgmt 0x2 network key_mgmt 0x142
05-30 14:03:32.078 I/BackupManagerService( 710): [UserID:0] Stale backup journals: Scheduled 5 package(s) total
05-30 14:03:32.078 I/WifiClientModeImpl[19965:wlan0]( 710): Update current security type to 2 from network connection event.
05-30 14:03:32.103 E/hq ( 1464): CrashHandler:::图片加载异常 message=Failed to load resource
05-30 14:03:32.103 E/hq ( 1464): There was 1 root cause:
05-30 14:03:32.103 E/hq ( 1464): java.net.UnknownHostException(Unable to resolve host "zmimg.dangbei.net": No address associated with hostname)
05-30 14:03:32.103 E/hq ( 1464): call GlideException#logRootCauses(String) for more detail
05-30 14:03:32.103 E/hq ( 1464): model=https://zmimg.dangbei.net/operatecenter/20250524/9200jrh9ghe77.jpg
05-30 14:03:32.103 E/hq ( 1464): target=Target for: com.dangbei.palaemon.layout.DBImageView{d746f51 V.ED..... ........ 0,0-410,270}
05-30 14:03:32.104 E/hq ( 1464): CrashHandler:::图片加载异常 message=Failed to load resource
05-30 14:03:32.104 E/hq ( 1464): There was 1 root cause:
05-30 14:03:32.104 E/hq ( 1464): java.net.UnknownHostException(Unable to resolve host "zmimg.dangbei.net": No address associated with hostname)
05-30 14:03:32.104 E/hq ( 1464): call GlideException#logRootCauses(String) for more detail
05-30 14:03:32.104 E/hq ( 1464): model=https://zmimg.dangbei.net/operatecenter/20250528/zkx3kmbo078q4.jpg
05-30 14:03:32.104 E/hq ( 1464): target=Target for: com.dangbei.palaemon.layout.DBImageView{e2443b6 V.ED..... ........ 0,0-410,270}
05-30 14:03:32.105 I/audio_hw_hal_alsamgr( 477): alsa format =0x1 delay frames =1024 total frames=768000
05-30 14:03:32.105 E/hq ( 1464): CrashHandler:::图片加载异常 message=Failed to load resource
05-30 14:03:32.105 E/hq ( 1464): There was 1 root cause:
05-30 14:03:32.105 E/hq ( 1464): java.net.UnknownHostException(Unable to resolve host "zmimg.dangbei.net": No address associated with hostname)
05-30 14:03:32.105 E/hq ( 1464): call GlideException#logRootCauses(String) for more detail
05-30 14:03:32.105 E/hq ( 1464): model=https://zmimg.dangbei.net/operatecenter/20250513/leuegssoiawq4.jpg
05-30 14:03:32.105 E/hq ( 1464): target=Target for: com.dangbei.palaemon.layout.DBImageView{6d678b7 V.ED..... ........ 0,0-410,270}
05-30 14:03:32.106 E/hq ( 1464): CrashHandler:::图片加载异常 message=Failed to load resource
05-30 14:03:32.106 E/hq ( 1464): There was 1 root cause:
05-30 14:03:32.106 E/hq ( 1464): java.net.UnknownHostException(Unable to resolve host "zmimg.dangbei.net": No address associated with hostname)
05-30 14:03:32.106 E/hq ( 1464): call GlideException#logRootCauses(String) for more detail
05-30 14:03:32.106 E/hq ( 1464): model=https://zmimg.dangbei.net/operatecenter/20250425/qcfivb4duwu21.png
05-30 14:03:32.106 E/hq ( 1464): target=Target for: com.dangbei.palaemon.layout.DBImageView{6a35824 V.ED..... ........ 0,0-410,270}
05-30 14:03:32.107 E/hq ( 1464): CrashHandler:::图片加载异常 message=Failed to load resource
05-30 14:03:32.107 E/hq ( 1464): There was 1 root cause:
05-30 14:03:32.107 E/hq ( 1464): java.net.UnknownHostException(Unable to resolve host "zmimg.dangbei.net": No address associated with hostname)
05-30 14:03:32.107 E/hq ( 1464): call GlideException#logRootCauses(String) for more detail
05-30 14:03:32.107 E/hq ( 1464): model=https://zmimg.dangbei.net/operatecenter/20250523/70dsri9j142wm.jpg
05-30 14:03:32.107 E/hq ( 1464): target=Target for: com.dangbei.palaemon.layout.DBImageView{83faf8d V.ED..... ........ 0,0-410,270}
05-30 14:03:32.111 I/wpa_supplicant( 1190): wpa_driver_nl80211_driver_cmd: wifi vendor: aml_w2_s
05-30 14:03:32.111 I/wpa_supplicant( 1190): wpa_driver_nl80211_driver_cmd: wlan0: private command: MACADDR
05-30 14:03:32.114 D/Zygote ( 465): Forked child process 2025
05-30 14:03:32.114 W/ContextImpl( 710): Calling a method in the system process without a qualified user: android.app.ContextImpl.sendStickyBroadcast:1626 com.android.server.wifi.ClientModeImpl.sendNetworkChangeBroadcast:3008 com.android.server.wifi.ClientModeImpl.lambda$sendNetworkChangeBroadcastWithCurrentState$14:2985 com.android.server.wifi.ClientModeImpl.$r8$lambda$q-j88Pjw4gROgoJFr8wBlBVbuJI:0 com.android.server.wifi.ClientModeImpl$$ExternalSyntheticLambda4.send:0
05-30 14:03:32.114 W/ActivityManager( 710): Slow operation: 71ms so far, now at startProcess: returned from zygote!
05-30 14:03:32.115 W/ActivityManager( 710): Slow operation: 71ms so far, now at startProcess: done updating battery stats
05-30 14:03:32.115 W/ActivityManager( 710): Slow operation: 71ms so far, now at startProcess: building log message
05-30 14:03:32.115 I/ActivityManager( 710): Start proc 2025:com.android.rkpdapp/u0a71 for broadcast {com.android.rkpdapp/com.android.rkpdapp.BootReceiver}
05-30 14:03:32.115 W/ActivityManager( 710): Slow operation: 71ms so far, now at startProcess: starting to update pids map
05-30 14:03:32.115 W/ActivityManager( 710): Slow operation: 71ms so far, now at startProcess: done updating pids map
05-30 14:03:32.121 I/ConnectivityService( 710): Update score for net 100 : +IS_UNMETERED
05-30 14:03:32.121 D/RockyReceiver( 1686): action: android.net.wifi.STATE_CHANGE
05-30 14:03:32.122 D/ConnectivityService( 710): registerNetworkAgent NetworkAgentInfo{network{100} handle{432902426637} ni{WIFI CONNECTING extra: } created=2025-05-30T06:03:32.121Z Score(Policies : IS_UNMETERED ; KeepConnected : 0) lp{{LinkAddresses: [ ] DnsAddresses: [ ] Domains: null MTU: 0 Routes: [ ]}} nc{[ Transports: WIFI Capabilities: NOT_METERED&INTERNET&NOT_RESTRICTED&TRUSTED&NOT_VPN&NOT_ROAMING&NOT_CONGESTED&NOT_SUSPENDED&NOT_VCN_MANAGED LinkUpBandwidth>=1200000Kbps LinkDnBandwidth>=1200000Kbps Specifier: TransportInfo: , Provider friendly name: , Requesting package name: "DB-machines5G"wpa2-pskMLO Information: , Is TID-To-Link negotiation supported by the AP: false, AP MLD Address: , AP MLO Link Id: , AP MLO Affiliated links: > AllowedUids: <{10029}> OwnerUid: 10029 AdminUids: [10029] SSID: "DB-machines5G" UnderlyingNetworks: Null]} factorySerialNumber=4}
05-30 14:03:32.128 W/ContextImpl( 710): Calling a method in the system process without a qualified user: android.app.ContextImpl.sendStickyBroadcast:1626 com.android.server.wifi.ClientModeImpl.sendNetworkChangeBroadcast:3008 com.android.server.wifi.ClientModeImpl.lambda$sendNetworkChangeBroadcastWithCurrentState$14:2985 com.android.server.wifi.ClientModeImpl.$r8$lambda$q-j88Pjw4gROgoJFr8wBlBVbuJI:0 com.android.server.wifi.ClientModeImpl$$ExternalSyntheticLambda4.send:0
05-30 14:03:32.132 D/RockyReceiver( 1686): action: android.net.wifi.STATE_CHANGE
05-30 14:03:32.133 I/wpa_supplicant( 1190): wpa_driver_nl80211_driver_cmd: wifi vendor: aml_w2_s
05-30 14:03:32.133 I/wpa_supplicant( 1190): wpa_driver_nl80211_driver_cmd: wlan0: private command: BTCOEXMODE 2
05-30 14:03:32.135 D/CompatibilityChangeReporter( 1051): Compat change id reported: 186082280; UID 1073; state: ENABLED
05-30 14:03:32.135 I/Zygote ( 2025): seccomp disabled by setenforce 0
05-30 14:03:32.143 I/android.rkpdapp( 2025): Using CollectorTypeCC GC.
05-30 14:03:32.145 D/CompatibilityChangeReporter( 710): Compat change id reported: 171306433; UID 1073; state: ENABLED
05-30 14:03:32.146 I/WifiHAL ( 520): call wifi_get_link_stats handler
05-30 14:03:32.147 I/WifiHAL ( 520): Creating message to get link statistics; iface = 16
05-30 14:03:32.147 D/WifiHAL ( 520): error code -95 mapped to -3
05-30 14:03:32.147 E/WifiStaIfaceAidlImpl( 710): getLinkLayerStats failed with service-specific exception: android.os.ServiceSpecificException: (code 4)
05-30 14:03:32.149 E/android.rkpdapp( 2025): Not starting debugger since process cannot load the jdwp agent.
05-30 14:03:32.155 I/WifiClientModeImpl[19965:wlan0]( 710): Update current security type to 2
05-30 14:03:32.164 D/CompatibilityChangeReporter( 710): Compat change id reported: 168419799; UID 10071; state: DISABLED
05-30 14:03:32.164 D/CompatibilityChangeReporter( 710): Compat change id reported: 273564678; UID 10071; state: DISABLED
05-30 14:03:32.168 I/WifiHAL ( 520): call wifi_get_link_stats handler
05-30 14:03:32.168 I/WifiHAL ( 520): Creating message to get link statistics; iface = 16
05-30 14:03:32.168 D/WifiHAL ( 520): error code -95 mapped to -3
05-30 14:03:32.175 D/CompatibilityChangeReporter( 2025): Compat change id reported: 171979766; UID 10071; state: ENABLED
05-30 14:03:32.175 D/CompatibilityChangeReporter( 2025): Compat change id reported: 242716250; UID 10071; state: ENABLED
05-30 14:03:32.181 D/ConnectivityService( 710): [100 WIFI] EVENT_NETWORK_INFO_CHANGED, going from CONNECTING to CONNECTING
05-30 14:03:32.181 D/CompatibilityChangeReporter( 710): Compat change id reported: 265195908; UID 10071; state: ENABLED
05-30 14:03:32.183 D/CompatibilityChangeReporter( 710): Compat change id reported: 170503758; UID 10071; state: ENABLED
05-30 14:03:32.184 E/WifiStaIfaceAidlImpl( 710): getLinkLayerStats failed with service-specific exception: android.os.ServiceSpecificException: (code 4)
05-30 14:03:32.186 D/NetworkMonitor/100( 1051): checkAndRenewResourceConfig: update captive portal https urls to [https://www.google.com/generate_204]
05-30 14:03:32.187 D/NetworkMonitor/100( 1051): checkAndRenewResourceConfig: update captive portal http urls to [http://connectivitycheck.gstatic.com/generate_204]
05-30 14:03:32.192 D/NetworkMonitor/100( 1051): checkAndRenewResourceConfig: update captive portal fallback urls to[http://www.google.com/gen_204, http://play.googleapis.com/generate_204]
05-30 14:03:32.194 D/NetworkMonitor( 1051): Starting on network 100 with capport HTTPS URL [https://www.google.com/generate_204] and HTTP URL [http://connectivitycheck.gstatic.com/generate_204]
05-30 14:03:32.197 I/ConnectivityService( 710): Update score for net 100 : +TRANSPORT_PRIMARY
05-30 14:03:32.197 D/WifiHAL ( 520): Setting APF program, halHandle = 0xe8642740
05-30 14:03:32.198 I/WifiHAL ( 520): createRequest: APF set program request
05-30 14:03:32.198 D/WifiHAL ( 520): error code -95 mapped to -3
05-30 14:03:32.198 I/WifiHAL ( 520): Request Response failed for APF, result = -3
05-30 14:03:32.198 D/ConnectivityService( 710): NetReassign [no changes] [c 0] [a 0] [i 2]
05-30 14:03:32.199 E/WifiStaIfaceAidlImpl( 710): installApfPacketFilter failed with service-specific exception: android.os.ServiceSpecificException: (code 4)
05-30 14:03:32.204 D/ConnectivityService( 710): NetReassign [no changes] [c 0] [a 0] [i 0]
05-30 14:03:32.213 D/WifiHAL ( 520): Setting APF program, halHandle = 0xe8642740
05-30 14:03:32.213 I/WifiHAL ( 520): createRequest: APF set program request
05-30 14:03:32.213 D/WifiHAL ( 520): error code -95 mapped to -3
05-30 14:03:32.213 I/WifiHAL ( 520): Request Response failed for APF, result = -3
05-30 14:03:32.213 E/WifiStaIfaceAidlImpl( 710): installApfPacketFilter failed with service-specific exception: android.os.ServiceSpecificException: (code 4)
05-30 14:03:32.226 D/nativeloader( 2025): Configuring clns-shared-4 for other apk /apex/com.android.rkpd/priv-app/rkpdapp@UD2A.240505.001.W1/rkpdapp.apk. target_sdk_version=34, uses_libraries=, library_path=/apex/com.android.rkpd/priv-app/rkpdapp@UD2A.240505.001.W1/lib/arm:/system/lib:/system_ext/lib, permitted_path=/data:/mnt/expand:/data/user/0/com.android.rkpdapp:/apex/com.android.rkpd/priv-app/rkpdapp@UD2A.240505.001.W1:/system/lib:/system_ext/lib
05-30 14:03:32.228 D/nativeloader( 2025): InitApexLibraries:
05-30 14:03:32.228 D/nativeloader( 2025): com_android_adservices: libhpke_jni.so:libtflite_support_classifiers_native.so
05-30 14:03:32.228 D/nativeloader( 2025): com_android_appsearch: libicing.so
05-30 14:03:32.228 D/nativeloader( 2025): com_android_art: libartservice.so
05-30 14:03:32.228 D/nativeloader( 2025): com_android_btservices: libbluetooth_jni.so
05-30 14:03:32.228 D/nativeloader( 2025): com_android_conscrypt: libjavacrypto.so
05-30 14:03:32.228 D/nativeloader( 2025): com_android_extservices: libhpke_jni.so:libtflite_support_classifiers_native.so
05-30 14:03:32.228 D/nativeloader( 2025): com_android_os_statsd: libstats_jni.so
05-30 14:03:32.228 D/nativeloader( 2025): com_android_tethering: libandroid_net_connectivity_com_android_net_module_util_jni.so:libcronet.114.0.5735.84.so:libframework-connectivity-jni.so:libframework-connectivity-tiramisu-jni.so:libservice-connectivity.so
05-30 14:03:32.228 D/nativeloader( 2025): com_android_uwb: libuwb_uci_jni_rust.so
05-30 14:03:32.228 D/nativeloader( 2025): com_android_virt: libvirtualizationservice_jni.so:libvirtualmachine_jni.so
05-30 14:03:32.235 D/ApfFilter( 1051): (wlan0): begin monitoring
05-30 14:03:32.264 D/IpClient/wlan0( 1051): routeUpdated: fe80::/64 -> :: wlan0 mtu 0
05-30 14:03:32.266 D/IpClient/wlan0( 1051): addressUpdated: fe80::630c:e917:bda5:f47c/64 on ifindex 16 flags 0x000008C4 scope 253
05-30 14:03:32.271 D/TrafficStats( 1051): tagSocket(101) with statsTag=0xfffffe01, statsUid=-1
05-30 14:03:32.276 D/IpClient.wlan0( 1051): set max DTIM multiplier to 1
05-30 14:03:32.277 D/ConnectivityService( 710): Adding iface wlan0 to network 100
05-30 14:03:32.277 E/Netd ( 464): no such netId 100
05-30 14:03:32.278 D/WifiHAL ( 520): Setting DTIM config , halHandle = 0xe8642740 Multiplier = 1
05-30 14:03:32.278 I/WifiHAL ( 520): Successfully configured dtim multiplier 1
05-30 14:03:32.278 D/WifiHAL ( 520): error code -95 mapped to -3
05-30 14:03:32.279 W/ConnectivityService( 710): Exception adding interface: android.os.ServiceSpecificException: Machine is not on the network (code 64)
05-30 14:03:32.279 D/CompatibilityChangeReporter( 710): Compat change id reported: 186082280; UID 1000; state: ENABLED
05-30 14:03:32.280 E/WifiStaIfaceAidlImpl( 710): setDtimMultiplier failed with service-specific exception: android.os.ServiceSpecificException: (code 4)
05-30 14:03:32.280 I/wpa_supplicant( 1190): wpa_driver_nl80211_driver_cmd: wifi vendor: aml_w2_s
05-30 14:03:32.280 I/wpa_supplicant( 1190): wpa_driver_nl80211_driver_cmd: wlan0: private command: BTCOEXMODE 1
05-30 14:03:32.280 I/wpa_supplicant( 1190): wpa_driver_nl80211_driver_cmd: wifi vendor: aml_w2_s
05-30 14:03:32.280 I/wpa_supplicant( 1190): wpa_driver_nl80211_driver_cmd: wlan0: private command: SETSUSPENDMODE 0
05-30 14:03:32.281 E/Netd ( 464): no such netId 100
05-30 14:03:32.285 W/BestClock( 710): java.time.DateTimeException: Missing network time fix
05-30 14:03:32.287 V/GraphicsEnvironment( 2025): Currently set values for:
05-30 14:03:32.287 V/GraphicsEnvironment( 2025): angle_gl_driver_selection_pkgs=[]
05-30 14:03:32.287 V/GraphicsEnvironment( 2025): angle_gl_driver_selection_values=[]
05-30 14:03:32.293 I/WifiHAL ( 520): call wifi_get_link_stats handler
05-30 14:03:32.294 I/WifiHAL ( 520): Creating message to get link statistics; iface = 16
05-30 14:03:32.294 D/WifiHAL ( 520): error code -95 mapped to -3
05-30 14:03:32.294 E/WifiStaIfaceAidlImpl( 710): getLinkLayerStats failed with service-specific exception: android.os.ServiceSpecificException: (code 4)
05-30 14:03:32.295 V/GraphicsEnvironment( 2025): ANGLE GameManagerService for com.android.rkpdapp: false
05-30 14:03:32.295 V/GraphicsEnvironment( 2025): com.android.rkpdapp is not listed in per-application setting
05-30 14:03:32.295 V/GraphicsEnvironment( 2025): Neither updatable production driver nor prerelease driver is supported.
05-30 14:03:32.301 D/WM-WrkMgrInitializer( 2025): Initializing WorkManager with default configuration.
05-30 14:03:32.308 D/DhcpClient( 1051): l2key: Wb8cfbf70d919f214 lease address: /192.168.3.222 lease expiry: 1748588615001 current time: 1748585012307
05-30 14:03:32.308 W/BestClock( 710): java.time.DateTimeException: Missing network time fix
05-30 14:03:32.311 D/WM-PackageManagerHelper( 2025): androidx.work.impl.background.systemjob.SystemJobService enabled
05-30 14:03:32.311 D/DhcpClient( 1051): Broadcasting DHCPREQUEST ciaddr=0.0.0.0 request=192.168.3.222 serverid=null
05-30 14:03:32.311 D/WM-Schedulers( 2025): Created SystemJobScheduler and enabled SystemJobService
05-30 14:03:32.320 I/ActivityManager( 710): com.android.shell is exempt from freezer
05-30 14:03:32.321 D/CompatibilityChangeReporter( 710): Compat change id reported: 135634846; UID 2000; state: DISABLED
05-30 14:03:32.321 D/CompatibilityChangeReporter( 710): Compat change id reported: 177438394; UID 2000; state: DISABLED
05-30 14:03:32.321 D/CompatibilityChangeReporter( 710): Compat change id reported: 135772972; UID 2000; state: DISABLED
05-30 14:03:32.321 D/CompatibilityChangeReporter( 710): Compat change id reported: 135754954; UID 2000; state: ENABLED
05-30 14:03:32.327 I/RkpdBootReceiver( 2025): Caught boot intent, waking up.
05-30 14:03:32.338 D/Zygote ( 465): Forked child process 2057
05-30 14:03:32.339 I/ActivityManager( 710): Start proc 2057:com.android.shell/2000 for broadcast {com.android.shell/com.android.shell.HeapDumpReceiver}
05-30 14:03:32.344 I/Zygote ( 2057): seccomp disabled by setenforce 0
05-30 14:03:32.347 I/RkpdBootReceiver( 2025): Queueing a one-time provisioning job for widevine provisioning.
05-30 14:03:32.352 I/m.android.shell( 2057): Using CollectorTypeCC GC.
05-30 14:03:32.358 E/m.android.shell( 2057): Not starting debugger since process cannot load the jdwp agent.
05-30 14:03:32.369 D/CompatibilityChangeReporter( 710): Compat change id reported: 168419799; UID 2000; state: DISABLED
05-30 14:03:32.370 D/CompatibilityChangeReporter( 710): Compat change id reported: 273564678; UID 2000; state: DISABLED
05-30 14:03:32.373 D/CompatibilityChangeReporter( 710): Compat change id reported: 265195908; UID 2000; state: ENABLED
05-30 14:03:32.374 D/CompatibilityChangeReporter( 2057): Compat change id reported: 171979766; UID 2000; state: ENABLED
05-30 14:03:32.374 D/CompatibilityChangeReporter( 2057): Compat change id reported: 242716250; UID 2000; state: ENABLED
05-30 14:03:32.391 D/nativeloader( 2057): Configuring clns-shared-4 for other apk /system/priv-app/Shell/Shell.apk. target_sdk_version=34, uses_libraries=, library_path=/system/priv-app/Shell/lib/arm:/system/lib:/system_ext/lib, permitted_path=/data:/mnt/expand:/data/user_de/0/com.android.shell:/system/priv-app/Shell:/system/lib:/system_ext/lib
05-30 14:03:32.403 D/CompatibilityChangeReporter( 2025): Compat change id reported: 160794467; UID 10071; state: ENABLED
05-30 14:03:32.426 V/GraphicsEnvironment( 2057): Currently set values for:
05-30 14:03:32.426 V/GraphicsEnvironment( 2057): angle_gl_driver_selection_pkgs=[]
05-30 14:03:32.426 V/GraphicsEnvironment( 2057): angle_gl_driver_selection_values=[]
05-30 14:03:32.427 V/GraphicsEnvironment( 2057): ANGLE GameManagerService for com.android.shell: false
05-30 14:03:32.427 V/GraphicsEnvironment( 2057): com.android.shell is not listed in per-application setting
05-30 14:03:32.427 V/GraphicsEnvironment( 2057): Neither updatable production driver nor prerelease driver is supported.
05-30 14:03:32.430 D/AppManager( 1464): checkLocalAppsIsValid:
05-30 14:03:32.437 D/CompatibilityChangeReporter( 2025): Compat change id reported: 194532703; UID 10071; state: ENABLED
05-30 14:03:32.437 D/CompatibilityChangeReporter( 2025): Compat change id reported: 253665015; UID 10071; state: ENABLED
05-30 14:03:32.438 D/CompatibilityChangeReporter( 710): Compat change id reported: 271850009; UID 10071; state: ENABLED
05-30 14:03:32.439 D/CompatibilityChangeReporter( 710): Compat change id reported: 253665015; UID 10071; state: ENABLED
05-30 14:03:32.440 D/CompatibilityChangeReporter( 710): Compat change id reported: 194532703; UID 10071; state: ENABLED
05-30 14:03:32.441 D/ConnectivityService( 710): requestNetwork for uid/pid:1000/710 asUid: 10071 activeRequest: null callbackRequest: 44 [NetworkRequest [ REQUEST id=45, [ Capabilities: INTERNET&NOT_RESTRICTED&TRUSTED&NOT_VCN_MANAGED Uid: 10071 RequestorUid: 1000 RequestorPkg: android UnderlyingNetworks: Null] ]] callback flags: 0 order: 2147483647
05-30 14:03:32.442 D/ConnectivityService( 710): NetReassign [no changes] [c 0] [a 0] [i 1]
05-30 14:03:32.443 D/WifiNetworkFactory( 710): got request NetworkRequest [ REQUEST id=45, [ Capabilities: INTERNET&NOT_RESTRICTED&TRUSTED&NOT_VCN_MANAGED Uid: 10071 RequestorUid: 1000 RequestorPkg: android UnderlyingNetworks: Null] ]
05-30 14:03:32.443 D/UntrustedWifiNetworkFactory( 710): got request NetworkRequest [ REQUEST id=45, [ Capabilities: INTERNET&NOT_RESTRICTED&TRUSTED&NOT_VCN_MANAGED Uid: 10071 RequestorUid: 1000 RequestorPkg: android UnderlyingNetworks: Null] ]
05-30 14:03:32.443 D/OemPaidWifiNetworkFactory( 710): got request NetworkRequest [ REQUEST id=45, [ Capabilities: INTERNET&NOT_RESTRICTED&TRUSTED&NOT_VCN_MANAGED Uid: 10071 RequestorUid: 1000 RequestorPkg: android UnderlyingNetworks: Null] ]
05-30 14:03:32.443 D/MultiInternetWifiNetworkFactory( 710): got request NetworkRequest [ REQUEST id=45, [ Capabilities: INTERNET&NOT_RESTRICTED&TRUSTED&NOT_VCN_MANAGED Uid: 10071 RequestorUid: 1000 RequestorPkg: android UnderlyingNetworks: Null] ]
05-30 14:03:32.447 E/hq ( 1464): ErrorCoroutineExceptionHandler:::runTry error:java.net.UnknownHostException: Unable to resolve host "ottdbui-tyapiqun7.yysh.mgtv.com": No address associated with hostname from=requestAppAdInfo
05-30 14:03:32.453 D/DhcpClient( 1051): Received packet: 1c:79:2d:20:62:b5 ACK: your new IP /192.168.3.222, netmask /255.255.254.0, gateways [/192.168.3.1] DNS servers: /202.96.134.133 /202.96.128.166 , lease time 3600
05-30 14:03:32.452 I/rgb_led_ctl( 2076): type=1400 audit(0.0:876): avc: denied { write } for name="spidev1.0" dev="tmpfs" ino=534 scontext=u:r:init:s0 tcontext=u:object_r:device:s0 tclass=chr_file permissive=1
05-30 14:03:32.458 D/DhcpClient( 1051): Confirmed lease: com.android.networkstack.android.net.DhcpResults@d6811a15 DHCP server /192.168.3.1 Vendor info null lease 3600 seconds Servername
05-30 14:03:32.456 I/rgb_led_ctl( 2076): type=1400 audit(0.0:877): avc: denied { open } for path="/dev/spidev1.0" dev="tmpfs" ino=534 scontext=u:r:init:s0 tcontext=u:object_r:device:s0 tclass=chr_file permissive=1
05-30 14:03:32.479 I/wpa_supplicant( 1190): wpa_driver_nl80211_driver_cmd: wifi vendor: aml_w2_s
05-30 14:03:32.479 I/wpa_supplicant( 1190): wpa_driver_nl80211_driver_cmd: wlan0: private command: BTCOEXMODE 2
05-30 14:03:32.456 I/rgb_led_ctl( 2076): type=1400 audit(0.0:878): avc: denied { ioctl } for path="/dev/spidev1.0" dev="tmpfs" ino=534 ioctlcmd=0x6b01 scontext=u:r:init:s0 tcontext=u:object_r:device:s0 tclass=chr_file permissive=1
05-30 14:03:32.484 E/hq ( 1464): CrashHandler:::图片加载异常 message=Failed to load resource
05-30 14:03:32.484 E/hq ( 1464): There was 1 root cause:
05-30 14:03:32.484 E/hq ( 1464): java.net.UnknownHostException(Unable to resolve host "zmimg.dangbei.net": No address associated with hostname)
05-30 14:03:32.484 E/hq ( 1464): call GlideException#logRootCauses(String) for more detail
05-30 14:03:32.484 E/hq ( 1464): model=https://zmimg.dangbei.net/operatecenter/20250218/nraq1zv6kljqb.png
05-30 14:03:32.484 E/hq ( 1464): target=Target for: android.widget.ImageView{39f1254 V.ED..... ........ 0,0-560,206}
05-30 14:03:32.486 E/hq ( 1464): CrashHandler:::图片加载异常 message=Failed to load resource
05-30 14:03:32.486 E/hq ( 1464): There was 1 root cause:
05-30 14:03:32.486 E/hq ( 1464): java.net.UnknownHostException(Unable to resolve host "zmimg.dangbei.net": No address associated with hostname)
05-30 14:03:32.486 E/hq ( 1464): call GlideException#logRootCauses(String) for more detail
05-30 14:03:32.486 E/hq ( 1464): model=https://zmimg.dangbei.net/operatecenter/20250526/sp09vgj0ty151.jpg
05-30 14:03:32.486 E/hq ( 1464): target=Target for: android.widget.ImageView{471a1bb V.ED..... ........ 0,0-560,206}
05-30 14:03:32.476 I/cmd ( 2075): type=1400 audit(0.0:879): avc: denied { call } for scontext=u:r:init:s0 tcontext=u:r:servicemanager:s0 tclass=binder permissive=1
05-30 14:03:32.490 E/hq ( 1464): CrashHandler:::图片加载异常 message=Failed to load resource
05-30 14:03:32.490 E/hq ( 1464): There was 1 root cause:
05-30 14:03:32.490 E/hq ( 1464): java.net.UnknownHostException(Unable to resolve host "zmimg.dangbei.net": No address associated with hostname)
05-30 14:03:32.490 E/hq ( 1464): call GlideException#logRootCauses(String) for more detail
05-30 14:03:32.490 E/hq ( 1464): model=https://zmimg.dangbei.net/operatecenter/20250516/1w71ymj2czd55.jpg
05-30 14:03:32.490 E/hq ( 1464): target=Target for: android.widget.ImageView{a8d94f9 V.ED..... ........ 0,0-560,206}
05-30 14:03:32.490 D/BufferPoolAccessor2.0( 710): bufferpool2 0xba74cf28 : 0(0 size) total buffers - 0(0 size) used buffers - 2/7 (recycle/alloc) - 6/26 (fetch/transfer)
05-30 14:03:32.490 D/BufferPoolAccessor2.0( 710): bufferpool2 0xba749b68 : 0(0 size) total buffers - 0(0 size) used buffers - 2/7 (recycle/alloc) - 5/34 (fetch/transfer)
05-30 14:03:32.490 D/BufferPoolAccessor2.0( 710): bufferpool2 0xba74b788 : 0(0 size) total buffers - 0(0 size) used buffers - 2/7 (recycle/alloc) - 5/34 (fetch/transfer)
05-30 14:03:32.490 D/BufferPoolAccessor2.0( 710): bufferpool2 0xba74d168 : 0(0 size) total buffers - 0(0 size) used buffers - 1/7 (recycle/alloc) - 6/24 (fetch/transfer)
05-30 14:03:32.490 D/BufferPoolAccessor2.0( 710): bufferpool2 0xba749ec8 : 0(0 size) total buffers - 0(0 size) used buffers - 2/7 (recycle/alloc) - 5/24 (fetch/transfer)
05-30 14:03:32.490 D/BufferPoolAccessor2.0( 710): evictor expired: 5, evicted: 5
05-30 14:03:32.491 D/aaa ( 1487): LedStatusService onStartCommand begin
05-30 14:03:32.491 D/aaa ( 1487): topPkg is -------------- :com.dangbei.leard.leradlauncher
05-30 14:03:32.480 I/cmd ( 2075): type=1400 audit(0.0:880): avc: denied { call } for scontext=u:r:init:s0 tcontext=u:r:system_server:s0 tclass=binder permissive=1
05-30 14:03:32.493 D/BufferPoolAccessor2.0( 639): bufferpool2 0xe99416a8 : 0(0 size) total buffers - 0(0 size) used buffers - 10/11 (recycle/alloc) - 1/10 (fetch/transfer)
05-30 14:03:32.493 D/BufferPoolAccessor2.0( 639): bufferpool2 0xe9940928 : 0(0 size) total buffers - 0(0 size) used buffers - 7/10 (recycle/alloc) - 3/9 (fetch/transfer)
05-30 14:03:32.493 D/BufferPoolAccessor2.0( 639): bufferpool2 0xe9940388 : 0(0 size) total buffers - 0(0 size) used buffers - 9/10 (recycle/alloc) - 1/9 (fetch/transfer)
05-30 14:03:32.493 D/BufferPoolAccessor2.0( 639): bufferpool2 0xe9942e48 : 0(0 size) total buffers - 0(0 size) used buffers - 12/15 (recycle/alloc) - 3/14 (fetch/transfer)
05-30 14:03:32.493 D/BufferPoolAccessor2.0( 639): bufferpool2 0xe9943868 : 0(0 size) total buffers - 0(0 size) used buffers - 13/15 (recycle/alloc) - 2/14 (fetch/transfer)
05-30 14:03:32.493 D/BufferPoolAccessor2.0( 639): evictor expired: 5, evicted: 5
05-30 14:03:32.495 I/WifiClientModeImpl[19965:wlan0]( 710): Update current security type to 2
05-30 14:03:32.496 W/ContextImpl( 710): Calling a method in the system process without a qualified user: android.app.ContextImpl.sendStickyBroadcast:1626 com.android.server.wifi.ClientModeImpl.sendNetworkChangeBroadcast:3008 com.android.server.wifi.ClientModeImpl.lambda$sendNetworkChangeBroadcastWithCurrentState$14:2985 com.android.server.wifi.ClientModeImpl.$r8$lambda$q-j88Pjw4gROgoJFr8wBlBVbuJI:0 com.android.server.wifi.ClientModeImpl$$ExternalSyntheticLambda4.send:0
05-30 14:03:32.500 D/RockyReceiver( 1686): action: android.net.wifi.STATE_CHANGE
05-30 14:03:32.506 E/hq ( 1464): CrashHandler:::图片加载异常 message=Failed to load resource
05-30 14:03:32.506 E/hq ( 1464): There was 1 root cause:
05-30 14:03:32.506 E/hq ( 1464): java.net.UnknownHostException(Unable to resolve host "zmimg.dangbei.net": No address associated with hostname)
05-30 14:03:32.506 E/hq ( 1464): call GlideException#logRootCauses(String) for more detail
05-30 14:03:32.506 E/hq ( 1464): model=https://zmimg.dangbei.net/operatecenter/20250516/4olgynkfl3r7s.png
05-30 14:03:32.506 E/hq ( 1464): target=Target for: android.widget.ImageView{1d5b884 V.ED..... ........ 0,0-560,206}
05-30 14:03:32.507 E/Netd ( 464): no such netId 100
05-30 14:03:32.508 E/ConnectivityService( 710): Exception in networkAddRouteParcel for non-gateway: android.os.ServiceSpecificException: Machine is not on the network (code 64)
05-30 14:03:32.508 E/Netd ( 464): no such netId 100
05-30 14:03:32.509 E/ConnectivityService( 710): Exception in networkAddRouteParcel for gateway: android.os.ServiceSpecificException: Machine is not on the network (code 64)
05-30 14:03:32.509 D/IpClient/wlan0( 1051): addressUpdated: 192.168.3.222/23 on ifindex 16 flags 0x00000080 scope 0
05-30 14:03:32.514 D/CompatibilityChangeReporter( 710): Compat change id reported: 135634846; UID 10027; state: DISABLED
05-30 14:03:32.515 D/CompatibilityChangeReporter( 710): Compat change id reported: 177438394; UID 10027; state: DISABLED
05-30 14:03:32.515 D/CompatibilityChangeReporter( 710): Compat change id reported: 135772972; UID 10027; state: DISABLED
05-30 14:03:32.515 D/CompatibilityChangeReporter( 710): Compat change id reported: 135754954; UID 10027; state: DISABLED
05-30 14:03:32.516 D/CompatibilityChangeReporter( 710): Compat change id reported: 143937733; UID 10027; state: DISABLED
05-30 14:03:32.519 D/HeapDumpReceiver( 2057): onReceive(): Intent { act=android.intent.action.BOOT_COMPLETED flg=0x89000010 cmp=com.android.shell/.HeapDumpReceiver (has extras) }
