05-30 14:03:35.208 D/InstantWifi( 710): Receive Wifi is connected, freq = 5745 and currentNetworkId : 0, wifiinfo = SSID: , BSSID: 02:00:00:00:00:00, MAC: 02:00:00:00:00:00, IP: /192.168.3.222, Security type: 2, Supplicant state: COMPLETED, Wi-Fi standard: 6, RSSI: -55, Link speed: 1200Mbps, Tx Link speed: 1200Mbps, Max Supported Tx Link speed: 1200Mbps, Rx Link speed: 432Mbps, Max Supported Rx Link speed: 1200Mbps, Frequency: 5745MHz, Net ID: -1, Metered hint: false, score: 60, isUsable: true, CarrierMerged: false, SubscriptionId: -1, IsPrimary: 1, Trusted: true, Restricted: false, Ephemeral: false, OEM paid: false, OEM private: false, OSU AP: false, FQDN: , Provider friendly name: , Requesting package name: MLO Information: , Is TID-To-Link negotiation supported by the AP: false, AP MLD Address: , AP MLO Link Id: , AP MLO Affiliated links:
05-30 14:03:35.241 E/hq ( 1464): ErrorCoroutineExceptionHandler:::runTry error:com.dangbei.leard.base.proider.error.EmptyApiException: 数据为空 from=requestGetMessageRemind from=requestGetMessageRemind
05-30 14:03:35.952 E/hq ( 1464): Etna:::sendInspectLauncherUpdate
05-30 14:03:35.957 E/ccc ( 1430): cccccc SystemUpdateHelper launcherUpdate {"launcherCodeLocal":102941,"launcherCodeNet":0,"launcherVersionLocal":"2.9.4.1","launcherVersionNet":"","otaCodeLocal":0,"otaCodeNet":0,"remoteNeedUpdate":false,"updateType":""}
05-30 14:03:35.960 D/etnaManager( 1464): 不需要更新桌面
05-30 14:03:35.960 I//apex/com.android.adbd/bin/adbd( 1395): type=1400 audit(0.0:990): avc: denied { search } for comm=75736220666673206F70656E name="/" dev="functionfs" ino=24114 scontext=u:r:su:s0 tcontext=u:object_r:functionfs:s0 tclass=dir permissive=1
05-30 14:03:36.057 I/okhttp.OkHttpClient( 1430): <-- 200 OK http://tymsgapi.qun7.com/v1/core/logip (2899ms, 81-byte body)
05-30 14:03:36.058 I/HttpUtil( 1430): success
05-30 14:03:36.071 D/ProfileInstaller( 1464): Installing profile for com.dangbei.leard.leradlauncher
05-30 14:03:36.489 E/hq ( 1464): ErrorCoroutineExceptionHandler:::runTry error:com.dangbei.leard.base.proider.error.EmptyApiException: 数据为空 from=requestMessageDialog from=requestMessageDialog
05-30 14:03:36.671 I/ThermalService( 976): CPU temperatures: [52.800003]
05-30 14:03:36.677 D/TrafficStats( 1464): tagSocket(195) with statsTag=0xffffffff, statsUid=-1
05-30 14:03:36.751 D/OomAdjuster( 710): Not killing cached processes
05-30 14:03:36.752 D/CompatibilityChangeReporter( 1923): Compat change id reported: 253665015; UID 10016; state: ENABLED
05-30 14:03:36.754 D/CompatibilityChangeReporter( 1923): Compat change id reported: 194532703; UID 10016; state: ENABLED
05-30 14:03:36.755 D/CompatibilityChangeReporter( 710): Compat change id reported: 253665015; UID 10016; state: ENABLED
05-30 14:03:36.756 D/CompatibilityChangeReporter( 710): Compat change id reported: 194532703; UID 10016; state: ENABLED
05-30 14:03:36.784 D/TrafficStats( 2163): tagSocket(162) with statsTag=0xffffffff, statsUid=-1
05-30 14:03:37.095 D/TrafficStats( 1464): tagSocket(133) with statsTag=0xffffffff, statsUid=-1
05-30 14:03:37.170 D/TrafficStats( 1464): tagSocket(149) with statsTag=0xffffffff, statsUid=-1
05-30 14:03:37.366 E/hq ( 1464): ErrorCoroutineExceptionHandler:::runTry error:java.net.SocketTimeoutException: timeout from=getWeatherFormNet citycode=101280601
05-30 14:03:37.366 D/yc_test ( 1464): refreshWeather error: null
05-30 14:03:37.463 D/TrafficStats( 1464): tagSocket(170) with statsTag=0xffffffff, statsUid=-1
05-30 14:03:37.938 D/SntpClient( 710): request time failed: java.net.SocketTimeoutException: Poll timed out
05-30 14:03:37.938 D/TrafficStats( 710): tagSocket(397) with statsTag=0xffffff41, statsUid=-1
05-30 14:03:38.194 W/BroadcastLoopers( 710): Found previously unknown looper Thread[appscheduling.default,5,main]
05-30 14:03:38.202 I/WifiHAL ( 520): call wifi_get_link_stats handler
05-30 14:03:38.202 I/WifiHAL ( 520): Creating message to get link statistics; iface = 16
05-30 14:03:38.202 D/WifiHAL ( 520): error code -95 mapped to -3
05-30 14:03:38.203 E/WifiStaIfaceAidlImpl( 710): getLinkLayerStats failed with service-specific exception: android.os.ServiceSpecificException: (code 4)
05-30 14:03:38.478 W/BestClock( 710): java.time.DateTimeException: Missing network time fix
05-30 14:03:38.503 D/TrafficStats( 1464): tagSocket(171) with statsTag=0xffffffff, statsUid=-1
05-30 14:03:38.516 W/BestClock( 710): java.time.DateTimeException: Missing network time fix
05-30 14:03:38.516 I/binder:464_4( 464): type=1400 audit(0.0:991): avc: denied { add_name } for name="globalAlert" scontext=u:r:netd:s0 tcontext=u:object_r:proc_net:s0 tclass=dir permissive=1
05-30 14:03:38.657 D/AvrcpBrowsablePlayerConnector( 1090): Received a message: msg.what=2
05-30 14:03:38.657 V/AvrcpBrowsablePlayerConnector( 1090): Timed out waiting for players
05-30 14:03:38.658 I/AvrcpBrowsablePlayerConnector( 1090): Successfully connected to 0 browsable players.
05-30 14:03:38.658 I/MediaPlayerList( 1090): init: Browsable Player list size is 0
05-30 14:03:38.674 I/ThermalService( 976): CPU temperatures: [52.500004]
05-30 14:03:38.801 I/BLE_Service( 976): mStartDiscoveryRunnable, return for nonGTV or usersetup finished
05-30 14:03:38.829 E/hq ( 1464): ErrorCoroutineExceptionHandler:::runTry error:com.dangbei.leard.base.proider.error.EmptyApiException: 数据为空 from=requestMessageDialog from=requestMessageDialog
05-30 14:03:38.845 W/TelephonyPermissions( 710): reportAccessDeniedToReadIdentifiers:com.dangbei.screencast:getSerial:-1
05-30 14:03:38.895 V/NFC ( 2163): this device does not have NFC support
05-30 14:03:38.910 I/efs.config( 2163): No update is required, less than 8h since the last update
05-30 14:03:39.032 I/UsbFfs-monitor( 1395): type=1400 audit(0.0:992): avc: denied { use } for path="anon_inode:[eventfd]" dev="anon_inodefs" ino=10217 scontext=u:r:su:s0 tcontext=u:r:adbd:s0 tclass=fd permissive=1
05-30 14:03:39.047 D/TrafficStats( 1464): tagSocket(127) with statsTag=0xffffffff, statsUid=-1
05-30 14:03:39.049 D/TrafficStats( 1464): tagSocket(128) with statsTag=0xffffffff, statsUid=-1
05-30 14:03:39.050 I/WifiService( 710): releaseMulticastLock uid=10044
05-30 14:03:39.052 I/WifiService( 710): releaseMulticastLock uid=10044
05-30 14:03:39.055 D/WifiHAL ( 520): Setting APF program, halHandle = 0xe8642740
05-30 14:03:39.055 I/WifiHAL ( 520): createRequest: APF set program request
05-30 14:03:39.055 D/WifiHAL ( 520): error code -95 mapped to -3
05-30 14:03:39.055 I/WifiHAL ( 520): Request Response failed for APF, result = -3
05-30 14:03:39.056 E/WifiStaIfaceAidlImpl( 710): installApfPacketFilter failed with service-specific exception: android.os.ServiceSpecificException: (code 4)
05-30 14:03:39.048 I/gbei.screencast( 2163): type=1400 audit(0.0:993): avc: denied { write } for name="property_service" dev="tmpfs" ino=411 scontext=u:r:untrusted_app_27:s0:c44,c256,c512,c768 tcontext=u:object_r:property_socket:s0 tclass=sock_file permissive=1 app=com.dangbei.screencast
05-30 14:03:39.048 I/gbei.screencast( 2163): type=1400 audit(0.0:994): avc: denied { connectto } for path="/dev/socket/property_service" scontext=u:r:untrusted_app_27:s0:c44,c256,c512,c768 tcontext=u:r:init:s0 tclass=unix_stream_socket permissive=1 app=com.dangbei.screencast
05-30 14:03:39.048 I//system/bin/init( 1): type=1107 audit(0.0:995): uid=0 auid=4294967295 ses=4294967295 subj=u:r:init:s0 msg='avc: denied { set } for property=persist.sys.wfd.devicename pid=2163 uid=10044 gid=10044 scontext=u:r:untrusted_app_27:s0:c44,c256,c512,c768 tcontext=u:object_r:system_prop:s0 tclass=property_service permissive=1'
05-30 14:03:39.072 D/HiSight-SinkService( 2163): setDiscoverable true
05-30 14:03:39.073 D/NearFieldManager( 2163): init.
05-30 14:03:39.073 D/wenhc ( 1464): getScreenInfo uri = content://com.dangbei.screencast.parts.info/screen_cast
05-30 14:03:39.073 D/NearFieldManager( 2163): try check dmsdp
05-30 14:03:39.083 D/NearFieldManager( 2163): package not exist
05-30 14:03:39.085 D/CompatibilityChangeReporter( 710): Compat change id reported: 135634846; UID 10044; state: DISABLED
05-30 14:03:39.086 D/CompatibilityChangeReporter( 710): Compat change id reported: 143937733; UID 10044; state: DISABLED
05-30 14:03:39.087 D/NearFieldManager( 2163): bind nearfield service true
05-30 14:03:39.087 D/NearFieldManager( 2163): registerCallback true
05-30 14:03:39.087 D/HiSight-Discovery( 2163): set deviceInfo type:46
05-30 14:03:39.087 D/HiSight-Discovery( 2163): startAdvertise 1
05-30 14:03:39.098 D/Zygote ( 465): Forked child process 2386
05-30 14:03:39.099 I/ActivityManager( 710): Start proc 2386:com.huawei.connection/u0a44 for service {com.dangbei.screencast/com.huawei.connection.service.NearFieldManagerService}
05-30 14:03:39.104 I/Zygote ( 2386): seccomp disabled by setenforce 0
05-30 14:03:39.111 D/TrafficStats( 1464): tagSocket(146) with statsTag=0xffffffff, statsUid=-1
05-30 14:03:39.111 I/awei.connection( 2386): Using CollectorTypeCC GC.
05-30 14:03:39.112 D/TrafficStats( 1464): tagSocket(178) with statsTag=0xffffffff, statsUid=-1
05-30 14:03:39.116 D/TrafficStats( 1464): tagSocket(147) with statsTag=0xffffffff, statsUid=-1
05-30 14:03:39.119 E/awei.connection( 2386): Not starting debugger since process cannot load the jdwp agent.
05-30 14:03:39.136 I/keystore2( 282): system/security/keystore2/src/watchdog.rs:319 - Watchdog thread idle -> terminating. Have a great day.
05-30 14:03:39.138 D/CompatibilityChangeReporter( 2386): Compat change id reported: 171979766; UID 10044; state: DISABLED
05-30 14:03:39.139 D/CompatibilityChangeReporter( 2386): Compat change id reported: 242716250; UID 10044; state: DISABLED
05-30 14:03:39.144 D/ApplicationLoaders( 2386): Returning zygote-cached class loader: /system/framework/android.test.base.jar
05-30 14:03:39.144 D/ApplicationLoaders( 2386): Returning zygote-cached class loader: /system/framework/android.hidl.manager-V1.0-java.jar
05-30 14:03:39.144 D/ApplicationLoaders( 2386): Returning zygote-cached class loader: /system/framework/android.hidl.base-V1.0-java.jar
05-30 14:03:39.152 D/nativeloader( 2386): Configuring clns-shared-4 for other apk /system/app/dangbei-screencast/dangbei-screencast.apk. target_sdk_version=28, uses_libraries=, library_path=/system/app/dangbei-screencast/lib/arm:/system/app/dangbei-screencast/dangbei-screencast.apk!/lib/armeabi-v7a:/system/lib:/system_ext/lib, permitted_path=/data:/mnt/expand:/data/user/0/com.dangbei.screencast:/system/app/dangbei-screencast:/system/lib:/system_ext/lib
05-30 14:03:39.169 D/ActivityManager( 710): freezing 1478 com.android.music
05-30 14:03:39.180 V/GraphicsEnvironment( 2386): Currently set values for:
05-30 14:03:39.180 V/GraphicsEnvironment( 2386): angle_gl_driver_selection_pkgs=[]
05-30 14:03:39.180 V/GraphicsEnvironment( 2386): angle_gl_driver_selection_values=[]
05-30 14:03:39.181 V/GraphicsEnvironment( 2386): ANGLE GameManagerService for com.dangbei.screencast: false
05-30 14:03:39.181 V/GraphicsEnvironment( 2386): com.dangbei.screencast is not listed in per-application setting
05-30 14:03:39.181 V/GraphicsEnvironment( 2386): Neither updatable production driver nor prerelease driver is supported.
05-30 14:03:39.185 I/MultiDex( 2386): VM with version 2.1.0 has multidex support
05-30 14:03:39.185 I/MultiDex( 2386): Installing application
05-30 14:03:39.185 I/MultiDex( 2386): VM has multidex support, MultiDex support library is disabled.
05-30 14:03:39.186 D/CompatibilityChangeReporter( 2386): Compat change id reported: 247079863; UID 10044; state: DISABLED
05-30 14:03:39.208 I/awei.connection( 2386): type=1400 audit(0.0:996): avc: denied { search } for name="net" dev="sysfs" ino=12345 scontext=u:r:untrusted_app_27:s0:c44,c256,c512,c768 tcontext=u:object_r:sysfs_net:s0 tclass=dir permissive=1 app=com.dangbei.screencast
05-30 14:03:39.208 I/awei.connection( 2386): type=1400 audit(0.0:997): avc: denied { read } for name="address" dev="sysfs" ino=22127 scontext=u:r:untrusted_app_27:s0:c44,c256,c512,c768 tcontext=u:object_r:sysfs_net:s0 tclass=file permissive=1 app=com.dangbei.screencast
05-30 14:03:39.208 I/awei.connection( 2386): type=1400 audit(0.0:998): avc: denied { open } for path="/sys/devices/virtual/net/dummy0/address" dev="sysfs" ino=22127 scontext=u:r:untrusted_app_27:s0:c44,c256,c512,c768 tcontext=u:object_r:sysfs_net:s0 tclass=file permissive=1 app=com.dangbei.screencast
05-30 14:03:39.208 I/awei.connection( 2386): type=1400 audit(0.0:999): avc: denied { getattr } for path="/sys/devices/virtual/net/dummy0/address" dev="sysfs" ino=22127 scontext=u:r:untrusted_app_27:s0:c44,c256,c512,c768 tcontext=u:object_r:sysfs_net:s0 tclass=file permissive=1 app=com.dangbei.screencast
05-30 14:03:39.223 I/crashsdk( 2386): version unique build id: 6230cced
05-30 14:03:39.225 I/crashsdk( 2386): version unique build id: 6230cced
05-30 14:03:39.226 D/crashsdk( 2386): Native log stat thread 2414 setup, waiting
05-30 14:03:39.229 I/crashsdk( 2386): begin hack android.os.Process
05-30 14:03:39.229 I/crashsdk( 2386): end hack android.os.Process
05-30 14:03:39.237 I/TDLog ( 2386): setReportUncaughtExceptions: true
05-30 14:03:39.238 E/Application( 2386): onCreate:Version:v2.8.3/20830/883432e
05-30 14:03:39.245 W/efs.send_log( 2386): tryFileLock start!
05-30 14:03:39.248 I/Matrix.AnrTracer( 2386): anrTrace, final mAnrBeatTime:400, mAnrBeatRate:400
05-30 14:03:39.249 I/efs.config( 2386): --->>> 删除旧的配置文件 false
05-30 14:03:39.251 E/LaunchManager( 2386): Non main process !
05-30 14:03:39.251 W/System.err( 2386): java.lang.NullPointerException: Attempt to invoke virtual method 'boolean com.efs.sdk.launch.LaunchConfigManager.enableTracer()' on a null object reference
05-30 14:03:39.251 W/System.err( 2386): at com.umeng.umcrash.UMCrash.init(Unknown Source:403)
05-30 14:03:39.251 I/efs.config( 2386): current config version (-1) is older than another (1735614866)
05-30 14:03:39.251 W/System.err( 2386): at java.lang.reflect.Method.invoke(Native Method)
05-30 14:03:39.251 W/System.err( 2386): at com.umeng.commonsdk.UMConfigure.init(Unknown Source:811)
05-30 14:03:39.251 W/System.err( 2386): at b.f.f.b.a(:4)
05-30 14:03:39.251 W/System.err( 2386): at h.o.a.run(Unknown Source:2)
05-30 14:03:39.251 I/efs.base( 2386): lt=event`ev_ct=efs_core`ev_ac=pvuv`tm=2025-05-30 14:03:24`dn=6aee369d-97d5-42b8-aaef-4ff281a087ea`ps=com.huawei.connection`um_os=android`stime=1748585019097`pid=2386`fr=android`pkg=com.dangbei.screencast`vcode=20830`dsp_w=1920`uid=6aee369d-97d5-42b8-aaef-4ff281a087ea`rom=14`wid=6aee369d-97d5-42b8-aaef-4ff281a087ea`um_app_carrier=`um_access=wifi`um_app_channel=os`um_crash_sdk_version=1.4.0`ctime=1748585019`model=dbbox-a3`lang=zh`net=wifi`brand=amlogic`dsp_h=1080`um_network_type=0`ver=v2.8.3`build_model=DBBOX-A3`w_tm=1748585019`appid=5fc60c21094d637f3130af19`um_umid_header=aid1f46722b5c1259e2d18ce903dbe35a6`sdk=34`tzone=Asia/Shanghai`sdk_ver=1.3.6.umeng
05-30 14:03:39.252 I/efs.config( 2386): load config from storage and notify observer
05-30 14:03:39.261 D/HiSight-SinkService( 2163): setDiscoverable true
05-30 14:03:39.262 D/HiSight-Discovery( 2163): set deviceInfo type:46
05-30 14:03:39.262 D/HiSight-Discovery( 2163): startAdvertise 1
05-30 14:03:39.262 D/wenhc ( 1464): getScreenInfo uri = content://com.dangbei.screencast.parts.info/screen_cast
05-30 14:03:39.274 I/crashsdk( 2386): Catcher mask: 5000, 20480
05-30 14:03:39.274 I/crashsdk( 2386): Catcher thread 2391
05-30 14:03:39.274 D/crashsdk( 2386): Register ANR handler ...
05-30 14:03:39.275 D/NearFieldManagerService( 2386): NearFieldManagerService.
05-30 14:03:39.276 D/NearFieldManagerService( 2386): onCreate, enter.
05-30 14:03:39.276 I/NearFieldManagerService( 2386): onBind, enter.
05-30 14:03:39.276 D/NearFieldManagerService( 2386): initService
05-30 14:03:39.276 D/NearFieldManagerService( 2386): NearField starting...
05-30 14:03:39.277 D/NearFieldUtils( 2386): checkSystemProperty in
05-30 14:03:39.278 D/NearFieldUtils( 2386): checkSystemProperty: systemProperties:
05-30 14:03:39.278 E/NearFieldUtils( 2386): validProperty: priority is null
05-30 14:03:39.282 D/HiSight-SinkService( 2163): setDiscoverable true
05-30 14:03:39.282 D/HiSight-Discovery( 2163): set deviceInfo type:46
05-30 14:03:39.283 D/HiSight-Discovery( 2163): startAdvertise 1
05-30 14:03:39.283 E/HuaweiCastService( 2163): onStartCommand in 0
05-30 14:03:39.284 D/NearFieldManager( 2163): service connected.
05-30 14:03:39.284 D/wenhc ( 1464): getScreenInfo uri = content://com.dangbei.screencast.parts.info/screen_cast
05-30 14:03:39.285 D/HiSight-Discovery( 2163): eventId: 4001
05-30 14:03:39.285 D/HiSight-Discovery( 2163): msg 4001
05-30 14:03:39.285 D/HiSight-Discovery( 2163): bind success, status Ready
05-30 14:03:39.286 D/HiSight-Discovery( 2163): startAdvertise 2
05-30 14:03:39.286 D/HiSight-Discovery( 2163): stopAdvertise.
05-30 14:03:39.286 D/HiSight-Discovery( 2163): nearFieldStartListen deviceType 46
05-30 14:03:39.287 I/NearFieldManagerImpl( 2386): setDeviceInfo, sDeviceId changes
05-30 14:03:39.287 I/NearFieldManagerImpl( 2386): setDeviceInfo, sDeviceName changes
05-30 14:03:39.289 D/NearFieldManagerImpl( 2386): setServiceData, sServiceData=[], serviceData=[32]
05-30 14:03:39.289 E/NearFieldManager( 2163): setIdnNetworkPriority: networkPortPriority is empty
05-30 14:03:39.289 D/NearFieldManager( 2163): StartListen moduleId: CastPlusDiscoveryModule
05-30 14:03:39.289 I/TDLog ( 2386): TalkingData SDK init...
05-30 14:03:39.289 I/TDLog ( 2386): SDK_VERSION is: Android+TD+V5.0.7 gp Type:Native Build_Num:2141
05-30 14:03:39.289 I/TDLog ( 2386): App ID is: B9D7815EC975466AB1332111FCE62DF5
05-30 14:03:39.289 I/TDLog ( 2386): App Channel is: os
05-30 14:03:39.289 I/TDLog ( 2386): App Custom is:
05-30 14:03:39.289 I/TDLog ( 2386): SDK_OVC is: TDOVC+a3bb7754719798526508b6caad480dd7+SaaS
05-30 14:03:39.290 D/NearFieldManagerImpl( 2386): startListen: moduleId: CastPlusDiscoveryModule
05-30 14:03:39.291 D/NearFieldUtils( 2386): getPreferredIpAddress exec
05-30 14:03:39.291 D/NearFieldUtils( 2386): getPreferredIpAddress by custom priority
05-30 14:03:39.291 D/NearFieldUtils( 2386): getIpByInterfaceSetting customIdnNetworkPriority:[]
05-30 14:03:39.291 D/NearFieldUtils( 2386): getPreferredIpAddress by default priority
05-30 14:03:39.300 D/NearFieldUtils( 2386): to get wlan0 ip address
05-30 14:03:39.300 D/NearFieldUtils( 2386): get wlan0 IP succeed.
05-30 14:03:39.300 D/NearFieldManagerImpl( 2386): sDeviceType: 46
05-30 14:03:39.300 D/NearFieldManagerImpl( 2386): registerDevice() is called.
05-30 14:03:39.300 E/NearFieldManagerUtilsNative( 2386): Begin System.loadLibrary()
05-30 14:03:39.304 D/TrafficStats( 2386): tagSocket(135) with statsTag=0xffffffff, statsUid=-1
05-30 14:03:39.326 D/TrafficStats( 2163): tagSocket(174) with statsTag=0xffffffff, statsUid=-1
05-30 14:03:39.342 D/TrafficStats( 2163): tagSocket(156) with statsTag=0xffffffff, statsUid=-1
05-30 14:03:39.396 I/HicomNfTimerManager( 2386): epoll fd:134 create success
05-30 14:03:39.396 I/HicomNfTimerManager( 2386): epoll add fd:136--->134 success
05-30 14:03:39.396 I/HicomNfTimerManager( 2386): time fd:136 add to epoll success
05-30 14:03:39.421 D/nStackXDFinder( 2386): NSTACKX_Init:[146] :nstack ctrl creat epollfd 137
05-30 14:03:39.422 I/nStackXDFinder( 2386): InitDefaultInterfaceName:[779] :InitDefaultInterfaceName exec
05-30 14:03:39.422 D/nStackXCoAP( 2386): CoapServerInit:[174] :CoapServerInit is called
05-30 14:03:39.422 E/nStackXDFinder( 2386): GetLocalIp:[401] :GetLocalIp exec
05-30 14:03:39.422 E/nStackXDFinder( 2386): GetLocalIp:[407] :GetLocalIp, ifInfo is null
05-30 14:03:39.422 I/HicomNfMainCtrlManager( 2386): NSTACKX_RegisterDevice is called
05-30 14:03:39.423 D/NearFieldManagerImpl( 2386): Register device success.
05-30 14:03:39.423 I/NearFieldManagerImpl( 2386): serviceName is castPlus
05-30 14:03:39.423 D/NearFieldManagerImpl( 2386): registerCapability() called with: capabilityBitmapNum = 1, capabilityBitmap = [8]
05-30 14:03:39.423 I/HicomNf_java_to_c( 2386): registerCapability, capabilityBitmapNum: 1
05-30 14:03:39.423 I/HicomNfMainCtrlManager( 2386): RegisterCapability: 1, 8
05-30 14:03:39.423 D/NearFieldManagerImpl( 2386): Register capability succeed with capabilityBitmapNum = 1, capabilityBitmap = [8]
05-30 14:03:39.423 D/NearFieldManagerImpl( 2386): registerServiceData() called with: serviceData = 32
05-30 14:03:39.423 D/NearFieldManagerImpl( 2386): registerModule() called with: packageModuleName = com.huawei.connection+CastPlusDiscoveryModule
05-30 14:03:39.423 I/HicomNf_java_to_c( 2386): registerModule, moduleName: com.huawei.connection+CastPlusDiscoveryModule
05-30 14:03:39.423 I/HicomNfMainCtrlManager( 2386): Enter RegisterModule
05-30 14:03:39.424 I/HicomNfRegManager( 2386): RegisterModule OK, add module name com.huawei.connection+CastPlusDiscoveryModule
05-30 14:03:39.424 I/nStackXDFinder( 2386): UpdateLocalNetworkInterface:[472] :UpdateLocalNetworkInterface exec,initerfaceName:wlan0
05-30 14:03:39.424 E/nStackXDFinder( 2386): GetLocalIp:[401] :GetLocalIp exec
05-30 14:03:39.424 E/nStackXDFinder( 2386): GetLocalIp:[407] :GetLocalIp, ifInfo is null
05-30 14:03:39.424 I/nStackXDFinder( 2386): UpdateLocalNetworkInterface:[498] :UpdateLocalNetworkInterface copy ip value in default process
05-30 14:03:39.424 E/nStackXDFinder( 2386): GetLocalIp:[401] :GetLocalIp exec
05-30 14:03:39.424 D/nStackXCoAP( 2386): CoapServerInit:[174] :CoapServerInit is called
05-30 14:03:39.424 E/nStackXDFinder( 2386): GetLocalIp:[401] :GetLocalIp exec
05-30 14:03:39.424 I/nStackXUtil( 2386): BindToDevice:[352] :BindToDevice exec
05-30 14:03:39.424 I/nStackXUtil( 2386): GetInterfaceByPriority:[279] :GetInterfaceByPriority exec
05-30 14:03:39.424 I/nStackXUtil( 2386): GetInterfaceByDefault:[309] :GetInterfaceByDefault exec
05-30 14:03:39.424 I/nStackXUtil( 2386): GetInterfaceByDefault:[316] :GetInterfaceByDefault, ndevice name: lo
05-30 14:03:39.424 I/nStackXUtil( 2386): GetInterfaceByDefault:[316] :GetInterfaceByDefault, ndevice name: wlan0
05-30 14:03:39.425 I/nStackXUtil( 2386): BindToDevice:[374] :BindToDevice, Bind localAddr name: wlan0
05-30 14:03:39.425 I/nStackXUtil( 2386): BindToDeviceInner:[191] :binding interface wlan0 success
05-30 14:03:39.426 D/nStackXCoAP( 2386): CoapInitResources:[744] :CoapInitResources g_wlanOrEthContext update
05-30 14:03:39.426 I/nStackXDFinder( 2386): RegisterServiceData:[728] :RegisterServiceData, serviceData=[32]
05-30 14:03:39.426 I/Hisight-DeviceListManager( 2163): init DeviceListManager.
05-30 14:03:39.432 D/Hisight-DeviceListManager( 2163): get old secret key
05-30 14:03:39.436 E/Hisight-ConnectAuthCallBack( 2163): readSecureFile failed, no such file
05-30 14:03:39.436 W/Hisight-DeviceListManager( 2163): deviceRecords is empty
05-30 14:03:39.436 W/Hisight-DeviceListManager( 2163): occur error, clear all the list
05-30 14:03:39.436 D/Hisight-HiChainAuthControl( 2163): start HiChainAuthControl
05-30 14:03:39.462 W/d.leradlauncher( 1464): Cleared Reference was only reachable from finalizer (only reported once)
05-30 14:03:39.466 I/ConnectAuthJNI( 2163): JNI_OnLoad begin load
05-30 14:03:39.466 I/ConnectAuthJNI( 2163): RegisterNativeMethod begin
05-30 14:03:39.466 I/ConnectAuthJNI( 2163): RegisterNativeMethod end
05-30 14:03:39.466 I/ConnectAuthJNI( 2163): RegisterNativeMethod 1004 methodLen=10
05-30 14:03:39.466 I/ConnectAuthJNI( 2163): RegisterNativeMethod 1007 RegisterNatives=0
05-30 14:03:39.466 I/ConnectAuthJNI( 2163): InitArraylist 1013
05-30 14:03:39.466 I/ConnectAuthJNI( 2163): InitConnectAuthStaticJNIMethod 1114 methodRet=0
05-30 14:03:39.466 E/ConnectAuthJNI( 2163): JNI_OnLoad finish....1138
05-30 14:03:39.466 D/Hisight-HiChainAuthControl( 2163): setupAuthIfNeeded, HiChainInstance hasn't been initialized
05-30 14:03:39.466 I/ConnectAuthJNI( 2163): Java_com_huawei_hisight_security_ConnectAuthNative_nativeSetup 795 call HiChainNativeSetup
05-30 14:03:39.466 I/ConnectAuthJNI( 2163): HiChainNativeSetup 565 registe_log
05-30 14:03:39.467 I/ConnectAuthJNI( 2163): HksStorageRegisterFileCallbacks 245 register hks file callback status =0
05-30 14:03:39.467 I/ConnectAuthJNI( 2163): HksRegisterGetDeviceIdCallback 268 register hks get hardware udid callback status =0
05-30 14:03:39.467 D/ConnectAuthJNI( 2163): [HiChain] get_instance Begin get instance
05-30 14:03:39.468 I/ConnectAuthJNI( 2163): [HKS] hks_service_key_info_init hks init : begin
05-30 14:03:39.468 I/ConnectAuthJNI( 2163): FileRead 113 FileRead
05-30 14:03:39.468 I/ConnectAuthJNI( 2163): FileRead 122 FileRead call readSecureFile begin
05-30 14:03:39.468 E/Hisight-ConnectAuthCallBack( 2163): readSecureFile failed, no such file
05-30 14:03:39.468 W/ConnectAuthJNI( 2163): FileRead 132 FileRead call readSecureFile byteArray is null
05-30 14:03:39.468 I/ConnectAuthJNI( 2163): [HKS] hks_rkc_init RKC init:begin, is_key_info_exist=0
05-30 14:03:39.468 I/ConnectAuthJNI( 2163): [HKS] hks_rkc_init_entropy the entropy is empty
05-30 14:03:39.468 I/ConnectAuthJNI( 2163): FileSize 214 FileSize
05-30 14:03:39.469 I/ConnectAuthJNI( 2163): FileSize 230 fileSize=258
05-30 14:03:39.469 I/ConnectAuthJNI( 2163): FileRead 113 FileRead
05-30 14:03:39.469 I/ConnectAuthJNI( 2163): FileRead 122 FileRead call readSecureFile begin
05-30 14:03:39.470 I/ConnectAuthJNI( 2163): FileRead 135 FileRead call readSecureFile end
05-30 14:03:39.470 I/ConnectAuthJNI( 2163): FileRead 150 fileBuff size 258, buf len 258
05-30 14:03:39.470 I/ConnectAuthJNI( 2163): FileSize 214 FileSize
05-30 14:03:39.472 I/ConnectAuthJNI( 2163): FileSize 230 fileSize=258
05-30 14:03:39.472 I/ConnectAuthJNI( 2163): FileRead 113 FileRead
05-30 14:03:39.472 I/ConnectAuthJNI( 2163): FileRead 122 FileRead call readSecureFile begin
05-30 14:03:39.473 I/ConnectAuthJNI( 2163): FileRead 135 FileRead call readSecureFile end
05-30 14:03:39.473 I/ConnectAuthJNI( 2163): FileRead 150 fileBuff size 258, buf len 258
05-30 14:03:39.475 I/ConnectAuthJNI( 2163): [HKS] hks_rkc_load_ksf load ksf success
05-30 14:03:39.475 I/ConnectAuthJNI( 2163): [HKS] hks_rkc_init root key component init success
05-30 14:03:39.475 I/ConnectAuthJNI( 2163): [HKS] hks_rkc_init RKC init:end,rc=0
05-30 14:03:39.475 I/ConnectAuthJNI( 2163): [HKS] hks_service_key_info_init hks init : end
05-30 14:03:39.475 I/ConnectAuthJNI( 2163): GetHiChainProtocolParamsCallback 371 GetHiChainProtocolParamsCallback operation_code= 99
05-30 14:03:39.475 I/ConnectAuthJNI( 2163): paramLen is ,=0
05-30 14:03:39.475 I/ConnectAuthJNI( 2163): paramLen is ,=0
05-30 14:03:39.475 I/ConnectAuthJNI( 2163): GetHiChainProtocolParamsCallback 402 GetHiChainProtocolParamsCallback end
05-30 14:03:39.475 I/ConnectAuthJNI( 2163): [HiChain] get_instance Get instance success
05-30 14:03:39.475 I/ConnectAuthJNI( 2163): Java_com_huawei_hisight_security_ConnectAuthNative_nativeGetHiChainInstance 598 get instance success
05-30 14:03:39.475 D/Hisight-HiChainAuthControl( 2163): destroyAuth
05-30 14:03:39.475 I/ConnectAuthJNI( 2163): Java_com_huawei_hisight_security_ConnectAuthNative_nativeDestroy 603 destroy
05-30 14:03:39.475 D/Hisight-HiChainAuthControl( 2163): setupAuthIfNeeded, HiChainInstance hasn't been initialized
05-30 14:03:39.475 I/ConnectAuthJNI( 2163): Java_com_huawei_hisight_security_ConnectAuthNative_nativeSetup 795 call HiChainNativeSetup
05-30 14:03:39.475 I/ConnectAuthJNI( 2163): HiChainNativeSetup 565 registe_log
05-30 14:03:39.475 I/ConnectAuthJNI( 2163): HksStorageRegisterFileCallbacks 245 register hks file callback status =0
05-30 14:03:39.475 I/ConnectAuthJNI( 2163): HksRegisterGetDeviceIdCallback 268 register hks get hardware udid callback status =0
05-30 14:03:39.476 D/ConnectAuthJNI( 2163): [HiChain] get_instance Begin get instance
05-30 14:03:39.476 I/ConnectAuthJNI( 2163): [HKS] hks_service_key_info_init hks init : begin
05-30 14:03:39.476 I/ConnectAuthJNI( 2163): [HKS] hks_service_key_info_init hks init : end
05-30 14:03:39.476 I/ConnectAuthJNI( 2163): GetHiChainProtocolParamsCallback 371 GetHiChainProtocolParamsCallback operation_code= 99
05-30 14:03:39.476 I/ConnectAuthJNI( 2163): paramLen is ,=0
05-30 14:03:39.476 I/ConnectAuthJNI( 2163): paramLen is ,=0
05-30 14:03:39.476 I/ConnectAuthJNI( 2163): GetHiChainProtocolParamsCallback 402 GetHiChainProtocolParamsCallback end
05-30 14:03:39.476 I/ConnectAuthJNI( 2163): [HiChain] get_instance Get instance success
05-30 14:03:39.476 I/ConnectAuthJNI( 2163): Java_com_huawei_hisight_security_ConnectAuthNative_nativeGetHiChainInstance 598 get instance success
05-30 14:03:39.476 W/ConnectAuthJNI( 2163): GetListTrustPeers 899 trustPeerSize=0
05-30 14:03:39.476 D/Hisight-HiChainAuthControl( 2163): destroyAuth
05-30 14:03:39.476 I/ConnectAuthJNI( 2163): Java_com_huawei_hisight_security_ConnectAuthNative_nativeDestroy 603 destroy
05-30 14:03:39.476 D/Hisight-HiChainAuthControl( 2163): setupAuthIfNeeded, HiChainInstance hasn't been initialized
05-30 14:03:39.476 I/ConnectAuthJNI( 2163): Java_com_huawei_hisight_security_ConnectAuthNative_nativeSetup 795 call HiChainNativeSetup
05-30 14:03:39.476 I/ConnectAuthJNI( 2163): HiChainNativeSetup 565 registe_log
05-30 14:03:39.476 I/ConnectAuthJNI( 2163): HksStorageRegisterFileCallbacks 245 register hks file callback status =0
05-30 14:03:39.476 I/ConnectAuthJNI( 2163): HksRegisterGetDeviceIdCallback 268 register hks get hardware udid callback status =0
05-30 14:03:39.476 D/ConnectAuthJNI( 2163): [HiChain] get_instance Begin get instance
05-30 14:03:39.476 I/ConnectAuthJNI( 2163): [HKS] hks_service_key_info_init hks init : begin
05-30 14:03:39.476 I/ConnectAuthJNI( 2163): [HKS] hks_service_key_info_init hks init : end
05-30 14:03:39.476 I/ConnectAuthJNI( 2163): GetHiChainProtocolParamsCallback 371 GetHiChainProtocolParamsCallback operation_code= 99
05-30 14:03:39.476 I/ConnectAuthJNI( 2163): paramLen is ,=0
05-30 14:03:39.476 I/ConnectAuthJNI( 2163): paramLen is ,=0
05-30 14:03:39.476 I/ConnectAuthJNI( 2163): GetHiChainProtocolParamsCallback 402 GetHiChainProtocolParamsCallback end
05-30 14:03:39.476 I/ConnectAuthJNI( 2163): [HiChain] get_instance Get instance success
05-30 14:03:39.476 I/ConnectAuthJNI( 2163): Java_com_huawei_hisight_security_ConnectAuthNative_nativeGetHiChainInstance 598 get instance success
05-30 14:03:39.476 W/ConnectAuthJNI( 2163): GetListTrustPeers 899 trustPeerSize=0
05-30 14:03:39.477 D/Hisight-DeviceListManager( 2163): init trusted list size: 0
05-30 14:03:39.477 D/HiSight-ConnectionManager( 2163): setAuthInfo, authMode: 1
05-30 14:03:39.482 D/TrafficStats( 2386): tagSocket(150) with statsTag=0xffffffff, statsUid=-1
05-30 14:03:39.493 I/d.leradlauncher( 1464): Background young concurrent copying GC freed 160322(11MB) AllocSpace objects, 41(4464KB) LOS objects, 49% free, 13MB/27MB, paused 304us,114us total 130.311ms
05-30 14:03:39.524 D/TrafficStats( 1464): tagSocket(5) with statsTag=0xffffffff, statsUid=-1
05-30 14:03:39.539 D/TrafficStats( 1464): tagSocket(127) with statsTag=0xffffffff, statsUid=-1
05-30 14:03:39.545 D/TrafficStats( 1464): tagSocket(128) with statsTag=0xffffffff, statsUid=-1
05-30 14:03:39.553 D/TrafficStats( 1464): tagSocket(146) with statsTag=0xffffffff, statsUid=-1
05-30 14:03:39.560 D/TrafficStats( 1464): tagSocket(152) with statsTag=0xffffffff, statsUid=-1
05-30 14:03:39.642 D/TrafficStats( 2386): tagSocket(135) with statsTag=0xffffffff, statsUid=-1
05-30 14:03:39.724 D/NearFieldManagerImpl( 2386): onReceive action get:android.net.conn.CONNECTIVITY_CHANGE
05-30 14:03:39.755 W/efs.info.manager( 2386): network change: wifi
05-30 14:03:39.756 D/NearFieldUtils( 2386): getPreferredIpAddress exec
05-30 14:03:39.756 D/NearFieldUtils( 2386): getPreferredIpAddress by custom priority
05-30 14:03:39.756 D/NearFieldUtils( 2386): getIpByInterfaceSetting customIdnNetworkPriority:[]
05-30 14:03:39.756 D/NearFieldUtils( 2386): getPreferredIpAddress by default priority
05-30 14:03:39.766 D/NearFieldUtils( 2386): to get wlan0 ip address
05-30 14:03:39.766 D/NearFieldUtils( 2386): get wlan0 IP succeed.
05-30 14:03:39.767 E/NearFieldManagerImpl( 2386): notifyByPriority: interfaceNameInUse is null
05-30 14:03:39.767 D/NearFieldManagerImpl( 2386): handleConnectivityAction: notified by default
05-30 14:03:39.773 D/NearFieldUtils( 2386): to get wlan0 ip address
05-30 14:03:39.773 D/NearFieldUtils( 2386): get wlan0 IP succeed.
05-30 14:03:39.773 I/NearFieldManagerImpl( 2386): wlan Connected
05-30 14:03:39.773 I/HicomNf_java_to_c( 2386): notifyNetworkStateChanged with maskStr, networkType: 0, networkState: 0, mask:
05-30 14:03:39.773 I/HicomNfMainCtrlManager( 2386): NotifyNetworkStateChanged is called with networkState: 0
05-30 14:03:39.773 I/HicomNfMainCtrlManager( 2386): P2P and USB are both disconnected
05-30 14:03:39.773 I/HicomNfSecureManager( 2386): stop listening
05-30 14:03:39.773 I/HicomNfSecureManager( 2386): StopListening, m_sessionInfoLock out, before calling NSTACKX_DMsgClose 2
05-30 14:03:39.773 I/HicomNfSecureManager( 2386): StopListening, after calling NSTACKX_DMsgClose 2
05-30 14:03:39.783 I/HicomNf_java_to_c( 2386): notifyNetworkStateChanged with maskStr, networkType: 0, networkState: 1, mask: 255.255.254.0
05-30 14:03:39.783 I/HicomNfMainCtrlManager( 2386): NotifyNetworkStateChanged is called with networkState: 1
05-30 14:03:39.783 I/HicomNfSecureManager( 2386): StartListening, before calling NSTACKX_DMsgServer
05-30 14:03:39.783 I/nStackXDMsg( 2386): NSTACKX_DMsgServer:[1335] :msgReceiver is not NULL
05-30 14:03:39.784 D/nStackXDMsg( 2386): StartDMsgMainThread:[1274] :pthread_create
05-30 14:03:39.784 I/HicomNfSecureManager( 2386): StartListening, after calling NSTACKX_DMsgServer
05-30 14:03:39.784 I/HicomNfSecureManager( 2386): OnehopSecureCtrlManager: succeeded to StartListening with type 0
05-30 14:03:39.820 E/dangbei111( 1430): cccccc 检查遥控器是否连接: Dangbei E4:BB:D3:57:C0:53
05-30 14:03:39.824 E/dangbei111( 1430): cccccc 检查遥控器是否连接: 蓝牙的结果 Dangbei E4:BB:D3:57:C0:53 false
05-30 14:03:39.834 E/dangbei111( 1430): cccccc input中没有遥控器存在
05-30 14:03:39.834 E/dangbei111( 1430): cccccc 蓝牙状态连接 不是连接状态 啥都不干
05-30 14:03:39.837 E/dangbei111( 1430): cccccc 开始扫描
05-30 14:03:39.837 D/BluetoothAdapter( 1430): isLeEnabled(): ON
05-30 14:03:39.843 I/bt_stack( 1090): [INFO:le_scanning_manager.cc(155)] RegisterScanner in shim layer
05-30 14:03:39.844 D/BluetoothLeScanner( 1430): onScannerRegistered() - status=0 scannerId=1 mScannerId=0
05-30 14:03:39.856 D/ActivityAttributionService( 1090): notifyActivityAttributionInfo UID=1002 packageName=com.android.bluetooth deviceAddress=no_active_device_address
05-30 14:03:39.856 I/bt_btif ( 1090): packages/modules/Bluetooth/system/btif/src/bluetooth.cc:829 get_profile_interface: get_profile_interface: id = activity_attribution
05-30 14:03:39.856 I/bt_stack( 1090): [INFO:le_scanning_manager.cc(168)] Scan in shim layer started
05-30 14:03:39.857 I/bluetooth( 1090): packages/modules/Bluetooth/system/gd/hci/le_scanning_manager.cc:588 stop_scan: Scanning already stopped, return!
05-30 14:03:39.857 I/bluetooth( 1090): packages/modules/Bluetooth/system/gd/hci/le_address_manager.cc:178 register_client: Client registered
05-30 14:03:39.860 I/bt_stack( 1090): [INFO:le_scanning_manager.cc(168)] Scan in shim layer stopped
05-30 14:03:39.861 I/bluetooth( 1090): packages/modules/Bluetooth/system/gd/hci/le_address_manager.cc:193 unregister_client: Client unregistered
05-30 14:03:39.861 I/bt_stack( 1090): [INFO:le_scanning_manager.cc(346)] SetScanParameters in shim layer
05-30 14:03:39.861 I/bt_stack( 1090): [INFO:le_scanning_manager.cc(168)] Scan in shim layer started
05-30 14:03:39.861 I/bluetooth( 1090): packages/modules/Bluetooth/system/gd/hci/le_scanning_manager.cc:588 stop_scan: Scanning already stopped, return!
05-30 14:03:39.861 I/bluetooth( 1090): packages/modules/Bluetooth/system/gd/hci/le_address_manager.cc:178 register_client: Client registered
05-30 14:03:39.861 E/dangbei111( 1430): cccccc 开始扫描
05-30 14:03:39.862 D/BluetoothAdapter( 1430): isLeEnabled(): ON
05-30 14:03:40.068 E/raop ( 2163): JavaCallback init
05-30 14:03:40.064 I/adbd ( 1395): type=1400 audit(0.0:1006): avc: denied { write } for path="socket:[29612]" dev="sockfs" ino=29612 scontext=u:r:su:s0 tcontext=u:r:adbd:s0 tclass=unix_stream_socket permissive=1
05-30 14:03:40.064 I/adbd ( 1395): type=1400 audit(0.0:1007): avc: denied { read } for path="socket:[29613]" dev="sockfs" ino=29613 scontext=u:r:su:s0 tcontext=u:r:adbd:s0 tclass=unix_stream_socket permissive=1
05-30 14:03:40.103 I/bt_btif_dm( 1090): packages/modules/Bluetooth/system/btif/src/btif_dm.cc:691 btif_update_remote_properties: cod from storage is also unclassified
05-30 14:03:40.116 I//apex/com.android.adbd/bin/adbd( 1395): type=1400 audit(0.0:1008): avc: denied { dac_read_search } for comm=75736220666673206F70656E capability=2 scontext=u:r:su:s0 tcontext=u:r:su:s0 tclass=capability permissive=1
05-30 14:03:40.116 I//apex/com.android.adbd/bin/adbd( 1395): type=1400 audit(0.0:1009): avc: denied { dac_override } for comm=75736220666673206F70656E capability=1 scontext=u:r:su:s0 tcontext=u:r:su:s0 tclass=capability permissive=1
05-30 14:03:40.116 I//apex/com.android.adbd/bin/adbd( 1395): type=1400 audit(0.0:1010): avc: denied { read write } for comm=75736220666673206F70656E name="ep0" dev="functionfs" ino=24115 scontext=u:r:su:s0 tcontext=u:object_r:functionfs:s0 tclass=file permissive=1
05-30 14:03:40.120 W/BroadcastLoopers( 710): Found previously unknown looper Thread[PackageManager,5,main]
05-30 14:03:40.145 W/Searchables( 710): No global search activity found
05-30 14:03:40.148 V/MediaPlayerList( 1090): mPackageChangedBroadcastReceiver: action: android.intent.action.PACKAGE_CHANGED
05-30 14:03:40.153 I/InputReader( 710): Reconfiguring input devices, changes=KEYBOARD_LAYOUTS
05-30 14:03:40.154 W/BroadcastLoopers( 710): Found previously unknown looper Thread[android.bg,5,main]
05-30 14:03:40.163 D/TrafficStats( 1464): tagSocket(5) with statsTag=0xffffffff, statsUid=-1
05-30 14:03:40.168 I/PermissionControllerServiceImpl( 1840): Updating user sensitive for uid 10058
05-30 14:03:40.185 W/VoiceInteractionManager( 710): no available voice recognition services found for user 0
05-30 14:03:40.201 D/TrafficStats( 1464): tagSocket(147) with statsTag=0xffffffff, statsUid=-1
05-30 14:03:40.244 D/TrafficStats( 1464): tagSocket(128) with statsTag=0xffffffff, statsUid=-1
05-30 14:03:40.250 D/TrafficStats( 1464): tagSocket(165) with statsTag=0xffffffff, statsUid=-1
05-30 14:03:40.257 D/TrafficStats( 1464): tagSocket(129) with statsTag=0xffffffff, statsUid=-1
05-30 14:03:40.296 D/CompatibilityChangeReporter( 710): Compat change id reported: 161145287; UID 10074; state: ENABLED
05-30 14:03:40.432 I/d.leradlauncher( 1464): Background concurrent copying GC freed 83526(4245KB) AllocSpace objects, 191(7380KB) LOS objects, 49% free, 24MB/48MB, paused 311us,136us total 459.278ms
05-30 14:03:40.561 D/TrafficStats( 1464): tagSocket(5) with statsTag=0xffffffff, statsUid=-1
05-30 14:03:40.568 D/TrafficStats( 2163): tagSocket(161) with statsTag=0xffffffff, statsUid=-1
05-30 14:03:40.573 D/XHttpObservable( 1686): createNetWorkObservable subscribe: MediaControlEntity{code=0, data=PageEntity{list=[ContentEntity{packageName='com.dangbei.leard.leradlauncher', activityName='FilmDetailActivity'}, ContentEntity{packageName='com.dangbei.leard.leradlauncher', activityName='FullScreenDetailActivity'}, ContentEntity{packageName='com.dangbei.leard.leradlauncher', activityName='TencentSportActivity'}, ContentEntity{packageName='com.dangbei.leradVideoPlugins', activityName='FilmDetailActivity'}, ContentEntity{packageName='com.dangbei.leradVideoPlugins', activityName='FullScreenDetailActivity'}, ContentEntity{packageName='com.dangbei.leradVideoPlugins', activityName='TencentSportActivity'}, ContentEntity{packageName='com.dangbei.leradVideoPlugins', activityName='ShortPlayActivity'}, ContentEntity{packageName='com.dangbei.hqmedia', activityName='FilmDetailActivity'}, ContentEntity{packageName='com.dangbei.hqmedia', activityName='FullScreenDetailActivity'}, ContentEntity{packageName='com.dangbei.leradVideoPlugins', activityName='MangoMediaActivity'}, ContentEntity{packageName='com.dangbei.leradVideoPlugins', activityName='VcinemaActivity'}]}, message='success'} ,,, isDisposed = false
05-30 14:03:40.636 D/XHttpObservable( 1686): createNetWorkObservable subscribe: ShowMessageEntity{code=0, data=TipEntity{movieType=[我想看喜剧片, 动作片, 枪战片], movie=[庆余年, 误杀, 美丽人生, 爆笑虫子, 哪吒, 小猪佩奇, 胡歌的电视剧, 张艺谋导演的电影, 切换到1080P, 收藏], appController=[打开当贝市场, 下载哈趣影视, 爱奇艺, 卸载腾讯视频], weather=[今天的天气, 未来五天的天气, 杭州天气怎么样, 明天下不下雨], music=[我要听歌, 周杰伦的歌, 上一首, 下一首, 快进一分钟, 暂停], liveAppDownload='非常抱歉,根据监管部门政策管理要求,暂不提供相应服务。', subscreen=null, wakeUpVoiceResponse=[ProbabilityEntity{word='在呢', probability=30}, ProbabilityEntity{word='我在', probability=35}, ProbabilityEntity{word='你说', probability=15}, ProbabilityEntity{word='来啦', probability=20}], unrecognizedVoiceResponse=[ProbabilityEntity{word='可以再说一遍么', probability=45}, ProbabilityEntity{word='可以说的详细一点么', probability=30}, ProbabilityEntity{word='请问有什么可以帮您', probability=25}], notUnderstandVoiceResponse=[ProbabilityEntity{word='换个说法试试吧', probability=100}]}, message='success'} ,,, isDisposed = false
05-30 14:03:40.642 D/TrafficStats( 1464): tagSocket(132) with statsTag=0xffffffff, statsUid=-1
05-30 14:03:40.643 D/TrafficStats( 1464): tagSocket(129) with statsTag=0xffffffff, statsUid=-1
05-30 14:03:40.643 D/TrafficStats( 1464): tagSocket(133) with statsTag=0xffffffff, statsUid=-1
05-30 14:03:40.675 I/ThermalService( 976): CPU temperatures: [54.4]
05-30 14:03:40.811 E/audio_hw_hal_alsamgr( 477): aml_alsa_output_get_delayframe:824, pcm_ioctl fail, ret:0xffffffff, error info:Broken pipe
05-30 14:03:40.811 I/audio_hw_hal_alsamgr( 477): aml_alsa_output_write alsa_running_status[0xe8a064b0] change from 1 to 0
05-30 14:03:40.811 W/audio_hw_hal_alsamgr( 477): [aml_alsa_output_write:616] alsa underrun
05-30 14:03:40.825 I/SystemControl( 321): [/UEventObserver.cpp, HDMITxUenventThreadLoop, 451] HDMI TX switch_name:hdmitx_current_status, switch_state: 7
05-30 14:03:40.842 I/audio_hw_hal_ms12v2( 477): dolby_ms12_threadloop alsa is not running
05-30 14:03:40.842 I/audio_hw_hal_alsamgr( 477): aml_alsa_output_write alsa_running_status[0xe8a064b0] change from 0 to 1
05-30 14:03:40.963 E/hq ( 1464): Etna:::getFindLookupControllerState isConnect=true
05-30 14:03:40.963 E/Etna ( 1464): getFindLookupControllerState1111111
05-30 14:03:40.965 E/hq ( 1464): Etna:::getFindLookupControllerState valueStr=1
05-30 14:03:40.966 E/hq ( 1464): LookupControler:::isLookupController=true
05-30 14:03:40.966 I/hq ( 1464): LookupControler:::time=110000
05-30 14:03:41.176 I//apex/com.android.adbd/bin/adbd( 1395): type=1400 audit(0.0:1015): avc: denied { search } for comm=75736220666673206F70656E name="/" dev="functionfs" ino=24114 scontext=u:r:su:s0 tcontext=u:object_r:functionfs:s0 tclass=dir permissive=1
05-30 14:03:41.208 I/WifiHAL ( 520): call wifi_get_link_stats handler
05-30 14:03:41.208 I/WifiHAL ( 520): Creating message to get link statistics; iface = 16
05-30 14:03:41.208 D/WifiHAL ( 520): error code -95 mapped to -3
05-30 14:03:41.208 E/WifiStaIfaceAidlImpl( 710): getLinkLayerStats failed with service-specific exception: android.os.ServiceSpecificException: (code 4)
05-30 14:03:41.704 D/TrafficStats( 2163): tagSocket(163) with statsTag=0xffffffff, statsUid=-1
05-30 14:03:42.237 D/TrafficStats( 2386): tagSocket(151) with statsTag=0xffffffff, statsUid=-1
05-30 14:03:42.274 D/TrafficStats( 2163): tagSocket(164) with statsTag=0xffffffff, statsUid=-1
05-30 14:03:42.287 W/System.err( 2163): java.lang.NullPointerException: Attempt to invoke virtual method 'byte[] java.net.NetworkInterface.getHardwareAddress()' on a null object reference
05-30 14:03:42.287 W/System.err( 2163): at b.f.f.y.g.b(Unknown Source:11)
05-30 14:03:42.287 W/System.err( 2163): at b.d.a.a.p.c0(Unknown Source:2)
05-30 14:03:42.287 W/System.err( 2163): at b.f.f.o.f.c.a(Unknown Source:23)
05-30 14:03:42.287 W/System.err( 2163): at b.f.f.d.b.c(:5)
05-30 14:03:42.287 W/System.err( 2163): at b.f.f.n.d$a.handleMessage(:3)
05-30 14:03:42.287 W/System.err( 2163): at android.os.Handler.dispatchMessage(Handler.java:106)
05-30 14:03:42.287 W/System.err( 2163): at android.os.Looper.loopOnce(Looper.java:205)
05-30 14:03:42.287 W/System.err( 2163): at android.os.Looper.loop(Looper.java:294)
05-30 14:03:42.287 W/System.err( 2163): at android.os.HandlerThread.run(HandlerThread.java:67)
05-30 14:03:42.303 I/PlatformDependent( 2163): Your platform does not provide complete low-level API for accessing direct buffers reliably. Unless explicitly requested, heap buffer will always be preferred to avoid potential system instability.
05-30 14:03:42.310 W/AudioCapabilities( 2163): Unsupported mime audio/vnd.dts.hd;profile=lbr
05-30 14:03:42.311 W/AudioCapabilities( 2163): Unsupported mime audio/ffmpeg
05-30 14:03:42.311 W/AudioCapabilities( 2163): Unsupported mime audio/mpeg-L1
05-30 14:03:42.311 W/AudioCapabilities( 2163): Unsupported mime audio/mpeg-L2
05-30 14:03:42.314 W/VideoCapabilities( 2163): Unsupported mime video/avs
05-30 14:03:42.314 W/VideoCapabilities( 2163): Unsupported mime video/avs2
05-30 14:03:42.316 W/VideoCapabilities( 2163): Unsupported mime video/x-motion-jpeg
05-30 14:03:42.317 D/TrafficStats( 2163): tagSocket(216) with statsTag=0xffffffff, statsUid=-1
05-30 14:03:42.317 W/VideoCapabilities( 2163): Unrecognized profile/level 0/4 for video/mpeg2
05-30 14:03:42.317 I/VideoCapabilities( 2163): Unsupported profile 3 for video/mpeg2
05-30 14:03:42.317 I/VideoCapabilities( 2163): Unsupported profile 4 for video/mpeg2
05-30 14:03:42.317 I/VideoCapabilities( 2163): Unsupported profile 5 for video/mpeg2
05-30 14:03:42.317 W/VideoCapabilities( 2163): Unrecognized profile/level 0/4 for video/mpeg2
05-30 14:03:42.318 I/VideoCapabilities( 2163): Unsupported profile 3 for video/mpeg2
05-30 14:03:42.318 I/VideoCapabilities( 2163): Unsupported profile 4 for video/mpeg2
05-30 14:03:42.318 I/VideoCapabilities( 2163): Unsupported profile 5 for video/mpeg2
05-30 14:03:42.318 I/VideoCapabilities( 2163): Unsupported profile 2 for video/mp4v-es
05-30 14:03:42.318 I/VideoCapabilities( 2163): Unsupported profile 8 for video/mp4v-es
05-30 14:03:42.318 I/VideoCapabilities( 2163): Unsupported profile 16 for video/mp4v-es
05-30 14:03:42.318 I/VideoCapabilities( 2163): Unsupported profile 1024 for video/mp4v-es
05-30 14:03:42.318 W/VideoCapabilities( 2163): Unsupported mime video/rm10
05-30 14:03:42.319 W/VideoCapabilities( 2163): Unsupported mime video/rm20
05-30 14:03:42.319 W/VideoCapabilities( 2163): Unsupported mime video/rm30
05-30 14:03:42.319 W/VideoCapabilities( 2163): Unsupported mime video/rm40
05-30 14:03:42.319 W/VideoCapabilities( 2163): Unsupported mime video/vc1
05-30 14:03:42.320 W/VideoCapabilities( 2163): Unsupported mime video/vc1
05-30 14:03:42.320 W/VideoCapabilities( 2163): Unsupported mime video/x-vnd.on2.vp6a
05-30 14:03:42.320 W/VideoCapabilities( 2163): Unsupported mime video/x-vnd.on2.vp6f
05-30 14:03:42.321 W/VideoCapabilities( 2163): Unsupported mime video/wmv1
05-30 14:03:42.322 W/VideoCapabilities( 2163): Unsupported mime video/wmv2
05-30 14:03:42.322 W/VideoCapabilities( 2163): Unsupported mime video/wmv3
05-30 14:03:42.320 I/Thread-18( 2163): type=1400 audit(0.0:1016): avc: denied { read } for name="somaxconn" dev="proc" ino=37649 scontext=u:r:untrusted_app_27:s0:c44,c256,c512,c768 tcontext=u:object_r:proc_net:s0 tclass=file permissive=1 app=com.dangbei.screencast
05-30 14:03:42.320 I/Thread-18( 2163): type=1400 audit(0.0:1017): avc: denied { open } for path="/proc/sys/net/core/somaxconn" dev="proc" ino=37649 scontext=u:r:untrusted_app_27:s0:c44,c256,c512,c768 tcontext=u:object_r:proc_net:s0 tclass=file permissive=1 app=com.dangbei.screencast
05-30 14:03:42.320 I/Thread-18( 2163): type=1400 audit(0.0:1018): avc: denied { getattr } for path="/proc/sys/net/core/somaxconn" dev="proc" ino=37649 scontext=u:r:untrusted_app_27:s0:c44,c256,c512,c768 tcontext=u:object_r:proc_net:s0 tclass=file permissive=1 app=com.dangbei.screencast
05-30 14:03:42.333 I/serviceDiscovery( 710): [MdnsAdvertiser] Adding service name: 当贝投屏Z9, type: _airplay._tcp, hostAddresses: , port: 37241, network: null, txtRecord: srcvers=220.68features=0x527FFFF7,0x1E'pi=2e388006-13ba-4041-9a67-25dd4a43d536Cpk=b07727d6f6cd6e08b58ede525ec3cdeaa252ad9f683feb212ef8a205246554e7vv=2 flags=0x4model=AppleTV2,1deviceid=1c:79:2d:20:62:b5 with ID 3 and subtype null
05-30 14:03:42.344 I/serviceDiscovery( 710): [MdnsAdvertiser] Adding service name: 1c792d2062b5@当贝投屏Z9, type: _raop._tcp, hostAddresses: , port: 37957, network: null, txtRecord: txtvers=1 am=AppleTV2,1ch=2
05-30 14:03:42.344 I/serviceDiscovery( 710): cn=0,1,2,3da=trueet=0,3,5ft=0x527FFFF7,0x1Emd=0,1,2Cpk=b07727d6f6cd6e08b58ede525ec3cdeaa252ad9f683feb212ef8a205246554e7pw=falsesf=0x4sr=44100ss=16sv=falsetp=UDPvn=65537 vs=220.68vv=2 rhd=5.6.0.0 with ID 4 and subtype null
05-30 14:03:42.679 I/ThermalService( 976): CPU temperatures: [52.4]
05-30 14:03:42.790 W/System.err( 2163): java.lang.NullPointerException: Attempt to invoke virtual method 'byte[] java.net.NetworkInterface.getHardwareAddress()' on a null object reference
05-30 14:03:42.790 W/System.err( 2163): at b.f.f.y.g.b(Unknown Source:11)
05-30 14:03:42.790 W/System.err( 2163): at b.d.a.a.p.c0(Unknown Source:2)
05-30 14:03:42.790 W/System.err( 2163): at b.f.f.o.f.c.a(Unknown Source:23)
05-30 14:03:42.790 W/System.err( 2163): at b.f.f.t.d.c(:1)
05-30 14:03:42.790 W/System.err( 2163): at b.f.f.n.d$a.handleMessage(:3)
05-30 14:03:42.790 W/System.err( 2163): at android.os.Handler.dispatchMessage(Handler.java:106)
05-30 14:03:42.791 W/System.err( 2163): at android.os.Looper.loopOnce(Looper.java:205)
05-30 14:03:42.791 W/System.err( 2163): at android.os.Looper.loop(Looper.java:294)
05-30 14:03:42.791 W/System.err( 2163): at android.os.HandlerThread.run(HandlerThread.java:67)
