05-30 14:03:24.550 V/WindowManagerShell( 962): BackAnimationController init took 17ms
05-30 14:03:24.550 V/ShellDragAndDrop( 962): Display added: 0
05-30 14:03:24.564 D/CompatibilityChangeReporter( 710): Compat change id reported: 161145287; UID 1000; state: ENABLED
05-30 14:03:24.580 D/CompatibilityChangeReporter( 710): Compat change id reported: 161145287; UID 1000; state: DISABLED
05-30 14:03:24.581 D/CompatibilityChangeReporter( 710): Compat change id reported: 218533173; UID 10025; state: ENABLED
05-30 14:03:24.595 D/ConditionProviders.SCP( 710): onConnected
05-30 14:03:24.597 D/ConditionProviders.SCP( 710): onSubscribe condition://android/schedule?days=1.2.3.4.5.6.7&start=22.0&end=7.0&exitAtAlarm=true
05-30 14:03:24.598 D/ConditionProviders.SCP( 710): setRegistered true
05-30 14:03:24.603 W/ActivityThread( 710): Failed to find provider info for com.android.calendar (user not unlocked)
05-30 14:03:24.603 W/ActivityThread( 710): Failed to find provider info for com.android.calendar (user not unlocked)
05-30 14:03:24.604 D/CompatibilityChangeReporter( 710): Compat change id reported: 171306433; UID 1000; state: ENABLED
05-30 14:03:24.605 D/CompatibilityChangeReporter( 710): Compat change id reported: 218533173; UID 1000; state: ENABLED
05-30 14:03:24.606 D/ConditionProviders.SCP( 710): evaluateSubscriptionLocked cal=ScheduleCalendar[mDays={1, 2, 3, 4, 5, 6, 7}, mSchedule=ScheduleInfo{days=[1, 2, 3, 4, 5, 6, 7], startHour=22, startMinute=0, endHour=7, endMinute=0, exitAtAlarm=true, nextAlarm=Thu Jan 01 08:00:00 GMT+08:00 1970 (0)}], now=Fri May 30 14:03:24 GMT+08:00 2025 (1748585004598), nextUserAlarmTime=Thu Jan 01 08:00:00 GMT+08:00 1970 (0)
05-30 14:03:24.606 D/ConditionProviders.SCP( 710): notifyCondition condition://android/schedule?days=1.2.3.4.5.6.7&start=22.0&end=7.0&exitAtAlarm=true STATE_FALSE reason=!meetsSchedule
05-30 14:03:24.608 D/ConditionProviders.SCP( 710): Scheduling evaluate for Fri May 30 22:00:00 GMT+08:00 2025 (1748613600000), in +7h56m35s402ms, now=Fri May 30 14:03:24 GMT+08:00 2025 (1748585004598)
05-30 14:03:24.617 D/CompatibilityChangeReporter( 710): Compat change id reported: 135634846; UID 10069; state: DISABLED
05-30 14:03:24.618 D/CompatibilityChangeReporter( 710): Compat change id reported: 143937733; UID 10069; state: ENABLED
05-30 14:03:24.627 D/HDMI ( 710): receive android.intent.action.CONFIGURATION_CHANGED
05-30 14:03:24.632 D/CompatibilityChangeReporter( 710): Compat change id reported: 262645982; UID 10025; state: ENABLED
05-30 14:03:24.633 D/CompatibilityChangeReporter( 710): Compat change id reported: 218533173; UID 10023; state: ENABLED
05-30 14:03:24.633 D/CompatibilityChangeReporter( 710): Compat change id reported: 262645982; UID 10023; state: ENABLED
05-30 14:03:24.648 I/ActivityManager( 710): Start proc 1149:android.ext.services/u0a69 for service {android.ext.services/android.ext.services.autofill.InlineSuggestionRenderServiceImpl}
05-30 14:03:24.659 D/HDMI ( 710): receive android.intent.action.CONFIGURATION_CHANGED
05-30 14:03:24.685 D/CompatibilityChangeReporter( 710): Compat change id reported: 218533173; UID 10020; state: ENABLED
05-30 14:03:24.688 W/WindowManager( 710): [addWindow] title:ShellDropTarget
05-30 14:03:24.689 D/CompatibilityChangeReporter( 710): Compat change id reported: 262645982; UID 10020; state: ENABLED
05-30 14:03:24.690 D/CompatibilityChangeReporter( 710): Compat change id reported: 218533173; UID 10054; state: ENABLED
05-30 14:03:24.690 D/CompatibilityChangeReporter( 710): Compat change id reported: 262645982; UID 10054; state: ENABLED
05-30 14:03:24.690 D/CompatibilityChangeReporter( 710): Compat change id reported: 218533173; UID 10021; state: ENABLED
05-30 14:03:24.691 D/CompatibilityChangeReporter( 710): Compat change id reported: 262645982; UID 10021; state: ENABLED
05-30 14:03:24.692 D/CompatibilityChangeReporter( 710): Compat change id reported: 218533173; UID 10004; state: ENABLED
05-30 14:03:24.692 D/CompatibilityChangeReporter( 710): Compat change id reported: 262645982; UID 10004; state: ENABLED
05-30 14:03:24.693 D/CompatibilityChangeReporter( 710): Compat change id reported: 218533173; UID 10011; state: ENABLED
05-30 14:03:24.693 D/CompatibilityChangeReporter( 710): Compat change id reported: 262645982; UID 10011; state: ENABLED
05-30 14:03:24.694 D/CompatibilityChangeReporter( 710): Compat change id reported: 218533173; UID 10041; state: DISABLED
05-30 14:03:24.694 D/CompatibilityChangeReporter( 710): Compat change id reported: 262645982; UID 10041; state: DISABLED
05-30 14:03:24.695 D/CompatibilityChangeReporter( 710): Compat change id reported: 168419799; UID 10052; state: DISABLED
05-30 14:03:24.696 D/CompatibilityChangeReporter( 710): Compat change id reported: 218533173; UID 10063; state: DISABLED
05-30 14:03:24.696 D/CompatibilityChangeReporter( 710): Compat change id reported: 262645982; UID 10063; state: DISABLED
05-30 14:03:24.697 D/CompatibilityChangeReporter( 710): Compat change id reported: 273564678; UID 10052; state: DISABLED
05-30 14:03:24.698 D/CompatibilityChangeReporter( 710): Compat change id reported: 218533173; UID 10043; state: ENABLED
05-30 14:03:24.698 D/CompatibilityChangeReporter( 710): Compat change id reported: 262645982; UID 10043; state: ENABLED
05-30 14:03:24.702 D/CompatibilityChangeReporter( 710): Compat change id reported: 218533173; UID 10010; state: ENABLED
05-30 14:03:24.702 D/CompatibilityChangeReporter( 710): Compat change id reported: 262645982; UID 10010; state: ENABLED
05-30 14:03:24.703 D/CompatibilityChangeReporter( 710): Compat change id reported: 218533173; UID 10028; state: ENABLED
05-30 14:03:24.703 D/CompatibilityChangeReporter( 710): Compat change id reported: 262645982; UID 10028; state: ENABLED
05-30 14:03:24.704 D/CompatibilityChangeReporter( 710): Compat change id reported: 218533173; UID 10049; state: DISABLED
05-30 14:03:24.715 D/CompatibilityChangeReporter( 710): Compat change id reported: 161145287; UID 1073; state: ENABLED
05-30 14:03:24.718 D/WindowManagerShell( 962): TvPipController: onImeVisibilityChanged(), visible=false, height=0
05-30 14:03:24.726 D/CoreBackPreview( 710): Window{7ae7564 u0 ShellDropTarget}: Setting back callback OnBackInvokedCallbackInfo{mCallback=android.window.IOnBackInvokedCallback$Stub$Proxy@6310cfc, mPriority=0, mIsAnimationCallback=false}
05-30 14:03:24.735 D/CompatibilityChangeReporter( 710): Compat change id reported: 168419799; UID 10069; state: DISABLED
05-30 14:03:24.736 D/CompatibilityChangeReporter( 710): Compat change id reported: 273564678; UID 10069; state: DISABLED
05-30 14:03:24.758 D/CompatibilityChangeReporter( 710): Compat change id reported: 262645982; UID 10049; state: DISABLED
05-30 14:03:24.768 D/CompatibilityChangeReporter( 710): Compat change id reported: 218533173; UID 10067; state: ENABLED
05-30 14:03:24.769 D/CompatibilityChangeReporter( 710): Compat change id reported: 262645982; UID 10067; state: ENABLED
05-30 14:03:24.771 I/android.hardware.wifi-service.droidlogic( 520): check loading wifi driver is ok...
05-30 14:03:24.771 W/android.hardware.wifi-service.droidlogic( 520): driver loaded
05-30 14:03:24.774 I/android.hardware.wifi-service.droidlogic( 520): After driver loaded, wifi_name:aml_w2_s
05-30 14:03:24.775 I/android.hardware.wifi-service.droidlogic( 520): Even /data/vendor/wifi/wpa/wpa_supplicant.conf exists, still overwrite it.
05-30 14:03:24.775 I/android.hardware.wifi-service.droidlogic( 520): Migrated conf file from /vendor/etc/wifi/unbcm_supplicant.conf to /data/vendor/wifi/wpa/wpa_supplicant.conf: Operation not permitted
05-30 14:03:24.776 I/android.hardware.wifi-service.droidlogic( 520): Even /data/vendor/wifi/wpa/p2p_supplicant.conf exists, still overwrite it.
05-30 14:03:24.776 I/android.hardware.wifi-service.droidlogic( 520): Migrated conf file from /vendor/etc/wifi/p2p_supplicant.conf to /data/vendor/wifi/wpa/p2p_supplicant.conf: Read-only file system
05-30 14:03:24.777 I/android.hardware.wifi-service.droidlogic( 520): no bcm and uwe wifi ,need use p2p0 with p2p interface
05-30 14:03:24.778 I/android.hardware.wifi-service.droidlogic( 520): Wifi HAL started
05-30 14:03:24.780 D/AudioService( 710): onStatusChange cecEnabled:false available:false
05-30 14:03:24.787 D/CompatibilityChangeReporter( 710): Compat change id reported: 218533173; UID 10018; state: ENABLED
05-30 14:03:24.787 I/PackageWatchdog( 710): Syncing health check requests for packages: {}
05-30 14:03:24.788 I/ExplicitHealthCheckController( 710): Service not ready to get health check supported packages. Binding...
05-30 14:03:24.802 D/CompatibilityChangeReporter( 710): Compat change id reported: 262645982; UID 10018; state: ENABLED
05-30 14:03:24.874 D/CompatibilityChangeReporter( 710): Compat change id reported: 218533173; UID 10068; state: ENABLED
05-30 14:03:24.874 D/CompatibilityChangeReporter( 710): Compat change id reported: 262645982; UID 10068; state: ENABLED
05-30 14:03:24.875 D/CompatibilityChangeReporter( 710): Compat change id reported: 218533173; UID 10060; state: ENABLED
05-30 14:03:24.875 D/CompatibilityChangeReporter( 710): Compat change id reported: 262645982; UID 10060; state: ENABLED
05-30 14:03:24.887 I/ExplicitHealthCheckController( 710): Explicit health check service is bound
05-30 14:03:24.888 W/Looper ( 710): Slow dispatch took 100ms main h=android.os.Handler c=com.android.server.PackageWatchdog$$ExternalSyntheticLambda2@4a8057 m=0
05-30 14:03:24.896 D/CompatibilityChangeReporter( 710): Compat change id reported: 218533173; UID 10050; state: DISABLED
05-30 14:03:24.899 D/CompatibilityChangeReporter( 710): Compat change id reported: 262645982; UID 10050; state: DISABLED
05-30 14:03:24.904 D/CompatibilityChangeReporter( 710): Compat change id reported: 171306433; UID 10050; state: DISABLED
05-30 14:03:24.909 D/CompatibilityChangeReporter( 710): Compat change id reported: 218533173; UID 10052; state: ENABLED
05-30 14:03:24.933 D/CompatibilityChangeReporter( 710): Compat change id reported: 161145287; UID 1068; state: ENABLED
05-30 14:03:24.975 D/CompatibilityChangeReporter( 710): Compat change id reported: 218533173; UID 10007; state: ENABLED
05-30 14:03:24.976 D/CompatibilityChangeReporter( 710): Compat change id reported: 262645982; UID 10007; state: ENABLED
05-30 14:03:24.976 D/CompatibilityChangeReporter( 710): Compat change id reported: 218533173; UID 10074; state: ENABLED
05-30 14:03:24.979 W/android.hardware.wifi-service.droidlogic( 520): No active wlan interfaces in use! Using default
05-30 14:03:24.979 E/android.hardware.wifi-service.droidlogic( 520): Unknown iface name: wlan0
05-30 14:03:24.979 E/android.hardware.wifi-service.droidlogic( 520): Unknown iface name: wlan0
05-30 14:03:25.030 D/CompatibilityChangeReporter( 710): Compat change id reported: 262645982; UID 10074; state: ENABLED
05-30 14:03:25.031 D/CompatibilityChangeReporter( 710): Compat change id reported: 218533173; UID 10045; state: ENABLED
05-30 14:03:25.031 D/CompatibilityChangeReporter( 710): Compat change id reported: 262645982; UID 10045; state: ENABLED
05-30 14:03:25.032 D/CompatibilityChangeReporter( 710): Compat change id reported: 218533173; UID 10064; state: ENABLED
05-30 14:03:25.032 D/CompatibilityChangeReporter( 710): Compat change id reported: 262645982; UID 10064; state: ENABLED
05-30 14:03:25.033 D/CompatibilityChangeReporter( 710): Compat change id reported: 218533173; UID 10033; state: ENABLED
05-30 14:03:25.047 D/CompatibilityChangeReporter( 710): Compat change id reported: 262645982; UID 10033; state: DISABLED
05-30 14:03:25.048 D/CompatibilityChangeReporter( 710): Compat change id reported: 218533173; UID 10000; state: ENABLED
05-30 14:03:25.048 D/CompatibilityChangeReporter( 710): Compat change id reported: 262645982; UID 10000; state: ENABLED
05-30 14:03:25.049 D/CompatibilityChangeReporter( 710): Compat change id reported: 218533173; UID 10058; state: ENABLED
05-30 14:03:25.049 D/CompatibilityChangeReporter( 710): Compat change id reported: 262645982; UID 10058; state: ENABLED
05-30 14:03:25.060 D/CompatibilityChangeReporter( 710): Compat change id reported: 170503758; UID 10069; state: ENABLED
05-30 14:03:25.068 D/CompatibilityChangeReporter( 710): Compat change id reported: 218533173; UID 10070; state: ENABLED
05-30 14:03:25.097 D/CompatibilityChangeReporter( 710): Compat change id reported: 262645982; UID 10070; state: ENABLED
05-30 14:03:25.103 D/CompatibilityChangeReporter( 710): Compat change id reported: 218533173; UID 10013; state: ENABLED
05-30 14:03:25.105 D/CompatibilityChangeReporter( 710): Compat change id reported: 262645982; UID 10013; state: ENABLED
05-30 14:03:25.125 W/android.hardware.wifi-service.droidlogic( 520): No active wlan interfaces in use! Using default
05-30 14:03:25.125 E/android.hardware.wifi-service.droidlogic( 520): Unknown iface name: wlan0
05-30 14:03:25.125 E/android.hardware.wifi-service.droidlogic( 520): Unknown iface name: wlan0
05-30 14:03:25.195 D/CompatibilityChangeReporter( 710): Compat change id reported: 157233955; UID 10052; state: ENABLED
05-30 14:03:25.210 D/CompatibilityChangeReporter( 710): Compat change id reported: 265195908; UID 10069; state: ENABLED
05-30 14:03:25.240 W/Looper ( 710): Slow dispatch took 351ms main h=android.app.ActivityThread$H c=null m=114
05-30 14:03:25.289 I/android.hardware.wifi-service.droidlogic( 520): Adding interface handle for p2p0
05-30 14:03:25.289 I/android.hardware.wifi-service.droidlogic( 520): Adding interface handle for ap0
05-30 14:03:25.289 I/android.hardware.wifi-service.droidlogic( 520): Adding interface handle for wlan0
05-30 14:03:25.289 W/android.hardware.wifi-service.droidlogic( 520): No active wlan interfaces in use! Using default
05-30 14:03:25.289 E/android.hardware.wifi-service.droidlogic( 520): Failed to register radio mode change callback
05-30 14:03:25.289 W/android.hardware.wifi-service.droidlogic( 520): No active wlan interfaces in use! Using default
05-30 14:03:25.291 E/android.hardware.wifi-service.droidlogic( 520): Failed to get SupportedIfaceCombinations matrix from legacy HAL: NOT_SUPPORTED
05-30 14:03:25.291 I/android.hardware.wifi-service.droidlogic( 520): Configured chip in mode 3
05-30 14:03:25.291 W/android.hardware.wifi-service.droidlogic( 520): No active wlan interfaces in use! Using default
05-30 14:03:25.302 W/android.hardware.wifi-service.droidlogic( 520): No active wlan interfaces in use! Using default
05-30 14:03:25.304 I/android.hardware.wifi-service.droidlogic( 520): Adding interface handle for p2p0
05-30 14:03:25.304 I/android.hardware.wifi-service.droidlogic( 520): Adding interface handle for ap0
05-30 14:03:25.304 I/android.hardware.wifi-service.droidlogic( 520): Adding interface handle for wlan0
05-30 14:03:25.304 E/android.hardware.wifi-service.droidlogic( 520): Failed to set DFS flag; DFS channels may be unavailable.
05-30 14:03:25.325 E/android.hardware.wifi-service.droidlogic( 520): Failed to get chip capabilities from legacy HAL: NOT_SUPPORTED
05-30 14:03:25.328 I/wificond( 638): createClientInterface: wiphy_index 0 iface_name wlan0
05-30 14:03:25.329 I/wificond( 638): create scanner for interface with index: 16
05-30 14:03:25.329 I/wificond( 638): subscribe scan result for interface with index: 16
05-30 14:03:25.330 I/wificond( 638): add channel type 0 support at wiphy index: 0
05-30 14:03:25.331 I/wificond( 638): add channel type 1 support at wiphy index: 0
05-30 14:03:25.342 D/CompatibilityChangeReporter( 710): Compat change id reported: 182478738; UID 1073; state: ENABLED
05-30 14:03:25.362 I/MR2ServiceImpl( 710): registerManager | uid: 10052, pid: 962, package: com.android.systemui, user: 0
05-30 14:03:25.419 W/Looper ( 710): Slow dispatch took 132ms main h=com.android.server.WiredAccessoryManager$1 c=null m=2
05-30 14:03:25.421 E/android.hardware.wifi-service.droidlogic( 520): Failed to get SupportedRadioCombinations matrix from legacy HAL: NOT_SUPPORTED
05-30 14:03:25.546 D/AudioService( 710): onHdmiCecVolumeControlFeature enabled:false
05-30 14:03:25.549 W/ActivityManager( 710): Slow operation: 63ms so far, now at finishAttachApplicationInner: after mServices.attachApplicationLocked
05-30 14:03:25.549 W/ActivityManager( 710): Slow operation: 63ms so far, now at finishAttachApplicationInner: after dispatching broadcasts
05-30 14:03:25.551 W/Looper ( 962): Slow dispatch took 2340ms main h=android.app.ActivityThread$H c=null m=110
05-30 14:03:25.582 I/MR2ServiceImpl( 710): addProviderRoutes | provider: com.android.server.media/.SystemMediaRoute2Provider, routes: [DEVICE_ROUTE | 电视]
05-30 14:03:25.593 D/AudioService( 710): setWiredDeviceConnectionState( type:400 state:DEVICE_STATE_AVAILABLE addr: name:) from android
05-30 14:03:25.594 I/AS.AudioDeviceInventory( 710): handleDeviceConnection(true dev:400 address: name:)
05-30 14:03:25.595 I/AS.AudioDeviceInventory( 710): deviceKey:0x400:
05-30 14:03:25.595 I/AS.AudioDeviceInventory( 710): deviceInfo:null is(already)Connected:false
05-30 14:03:25.597 W/ActivityThread( 1090): Failed to find provider info for bluetooth_legacy.provider (user not unlocked)
05-30 14:03:25.673 W/NotificationHistory( 710): Attempted to add notif for locked/gone/disabled user 0
05-30 14:03:25.819 D/CompatibilityChangeReporter( 710): Compat change id reported: 265195908; UID 1002; state: ENABLED
05-30 14:03:25.840 D/SystemServerTiming( 710): ManagedServices.unbindOtherUserServices_current0
05-30 14:03:25.840 D/SystemServerTiming( 710): ManagedServices.unbindOtherUserServices_current0
05-30 14:03:25.840 D/SystemServerTiming( 710): ManagedServices.unbindOtherUserServices_current0
05-30 14:03:25.841 V/NotificationAssistants( 710): enabling notification assistant for 0: ComponentInfo{android.ext.services/android.ext.services.notification.Assistant}
05-30 14:03:25.845 V/NotificationAssistants( 710): binding: Intent { act=android.service.notification.NotificationAssistantService cmp=android.ext.services/.notification.Assistant (has extras) }
05-30 14:03:25.848 D/OomAdjuster( 710): Not killing cached processes
05-30 14:03:25.925 D/CompatibilityChangeReporter( 710): Compat change id reported: 161145287; UID 10069; state: ENABLED
05-30 14:03:25.949 D/CompatibilityChangeReporter( 710): Compat change id reported: 161145287; UID 1002; state: ENABLED
05-30 14:03:25.971 I/wificond( 638): Receive notifyCountryCodeChanged
05-30 14:03:25.971 I/wificond( 638): UpdateBandInfo
05-30 14:03:25.991 I/wificond( 638): 2.4Ghz frequencies: 2412 2417 2422 2427 2432 2437 2442 2447 2452 2457 2462 2467 2472
05-30 14:03:25.991 I/wificond( 638): 5Ghz non-DFS frequencies: 5745 5765 5785 5805 5825
05-30 14:03:25.991 I/wificond( 638): 5Ghz DFS frequencies: 5180 5200 5220 5240 5260 5280 5300 5320
05-30 14:03:25.991 I/wificond( 638): 6Ghz frequencies:
05-30 14:03:25.991 I/wificond( 638): 60Ghz frequencies:
05-30 14:03:25.991 I/wificond( 638): Regulatory domain changed to country: CN on wiphy_index: 0
05-30 14:03:25.991 I/wificond( 638): UpdateBandInfo
05-30 14:03:25.996 I/wificond( 638): 2.4Ghz frequencies: 2412 2417 2422 2427 2432 2437 2442 2447 2452 2457 2462 2467 2472
05-30 14:03:25.996 I/wificond( 638): 5Ghz non-DFS frequencies: 5745 5765 5785 5805 5825
05-30 14:03:25.996 I/wificond( 638): 5Ghz DFS frequencies: 5180 5200 5220 5240 5260 5280 5300 5320
05-30 14:03:25.996 I/wificond( 638): 6Ghz frequencies:
05-30 14:03:25.996 I/wificond( 638): 60Ghz frequencies:
05-30 14:03:25.996 I/wificond( 638): Regulatory domain changed to country: CN on wiphy_index: 0
05-30 14:03:25.996 I/wificond( 638): UpdateBandInfo
05-30 14:03:25.999 I/wificond( 638): 2.4Ghz frequencies: 2412 2417 2422 2427 2432 2437 2442 2447 2452 2457 2462 2467 2472
05-30 14:03:25.999 I/wificond( 638): 5Ghz non-DFS frequencies: 5745 5765 5785 5805 5825
05-30 14:03:25.999 I/wificond( 638): 5Ghz DFS frequencies: 5180 5200 5220 5240 5260 5280 5300 5320
05-30 14:03:25.999 I/wificond( 638): 6Ghz frequencies:
05-30 14:03:25.999 I/wificond( 638): 60Ghz frequencies:
05-30 14:03:26.183 W/Looper ( 976): Slow dispatch took 2809ms main h=android.app.ActivityThread$H c=null m=110
05-30 14:03:26.185 W/Looper ( 976): Slow delivery took 2193ms main h=android.app.ActivityThread$H c=null m=164
05-30 14:03:26.186 W/ContextImpl( 976): Calling a method in the system process without a qualified user: android.app.ContextImpl.startService:1899 android.content.ContextWrapper.startService:825 com.droidlogic.DroidlogicApplication$1.handleMessage:93 android.os.Handler.dispatchMessage:106 android.os.Looper.loopOnce:205
05-30 14:03:26.192 W/Looper ( 976): Drained
05-30 14:03:26.247 W/ActivityTaskManager( 710): Activity top resumed state loss timeout for ActivityRecord{b45f597 u0 com.android.systemui/.sensorprivacy.television.TvSensorPrivacyChangedActivity t2 f}}
05-30 14:03:26.253 W/ActivityTaskManager( 710): Activity pause timeout for ActivityRecord{b45f597 u0 com.android.systemui/.sensorprivacy.television.TvSensorPrivacyChangedActivity t2 f}}
05-30 14:03:26.255 D/WindowManager( 710): ThemeHomeDelay: Home launch was deferred.
05-30 14:03:26.257 D/WindowManager( 710): ThemeHomeDelay: Home launch was deferred.
05-30 14:03:26.258 D/WindowManager( 710): ThemeHomeDelay: Home launch was deferred.
05-30 14:03:26.360 D/WindowManagerShell( 962): TvPipController: onTaskStackChanged()
05-30 14:03:26.386 I/AS.AudioDeviceInventory( 710): sendDeviceConnectionIntent(dev:0x400 state:0x1 address: name:);
05-30 14:03:27.039 D/CompatibilityChangeReporter( 710): Compat change id reported: 182478738; UID 10052; state: ENABLED
05-30 14:03:27.077 I/StatusBarManagerService( 710): registerStatusBar bar=com.android.internal.statusbar.IStatusBar$Stub$Proxy@5761f74
05-30 14:03:27.244 D/WindowManager( 710): ThemeHomeDelay: Home launch was deferred.
05-30 14:03:27.344 D/CompatibilityChangeReporter( 710): Compat change id reported: 265464455; UID 1000; state: DISABLED
05-30 14:03:27.345 D/CompatibilityChangeReporter( 710): Compat change id reported: 265452344; UID 1000; state: DISABLED
05-30 14:03:27.345 D/CompatibilityChangeReporter( 710): Compat change id reported: 266124927; UID 1000; state: DISABLED
05-30 14:03:27.345 D/CompatibilityChangeReporter( 710): Compat change id reported: 265451093; UID 1000; state: DISABLED
05-30 14:03:27.346 D/CompatibilityChangeReporter( 710): Compat change id reported: 265456536; UID 1000; state: DISABLED
05-30 14:03:27.346 D/CompatibilityChangeReporter( 710): Compat change id reported: 255940284; UID 1000; state: DISABLED
05-30 14:03:27.346 D/CompatibilityChangeReporter( 710): Compat change id reported: 236283604; UID 1000; state: DISABLED
05-30 14:03:27.347 D/CompatibilityChangeReporter( 710): Compat change id reported: 263959004; UID 1000; state: DISABLED
05-30 14:03:27.347 D/CompatibilityChangeReporter( 710): Compat change id reported: 264304459; UID 1000; state: DISABLED
05-30 14:03:27.347 D/CompatibilityChangeReporter( 710): Compat change id reported: 264301586; UID 1000; state: DISABLED
05-30 14:03:27.347 D/CompatibilityChangeReporter( 710): Compat change id reported: 254631730; UID 1000; state: DISABLED
05-30 14:03:27.347 D/CompatibilityChangeReporter( 710): Compat change id reported: 273509367; UID 1000; state: DISABLED
05-30 14:03:27.347 D/CompatibilityChangeReporter( 710): Compat change id reported: 263259275; UID 1000; state: DISABLED
05-30 14:03:27.348 D/CompatibilityChangeReporter( 710): Compat change id reported: 174042980; UID 1000; state: DISABLED
05-30 14:03:27.348 D/CompatibilityChangeReporter( 710): Compat change id reported: 174042936; UID 1000; state: DISABLED
05-30 14:03:27.348 D/CompatibilityChangeReporter( 710): Compat change id reported: 181136395; UID 1000; state: DISABLED
05-30 14:03:27.399 D/CompatibilityChangeReporter( 710): Compat change id reported: 194480991; UID 1000; state: ENABLED
05-30 14:03:27.408 D/CompatibilityChangeReporter( 710): Compat change id reported: 197654537; UID 1000; state: ENABLED
05-30 14:03:27.413 I/ActivityTaskManager( 710): START u0 {act=android.intent.action.MAIN cat=[android.intent.category.HOME] flg=0x10000100 cmp=com.android.tv.settings/.system.FallbackHome (has extras)} with LAUNCH_MULTIPLE from uid 0 (BAL_ALLOW_ALLOWLISTED_UID) result code=0
05-30 14:03:27.415 I/ActivityManager( 710): com.android.tv.settings is exempt from freezer
05-30 14:03:27.416 D/CompatibilityChangeReporter( 710): Compat change id reported: 135634846; UID 1000; state: DISABLED
05-30 14:03:27.426 D/SystemServerTiming( 710): getUserSwitchability-0
05-30 14:03:27.427 D/SystemServerTiming( 710): TM.isInCall
05-30 14:03:27.427 D/SystemServerTiming( 710): hasUserRestriction-DISALLOW_USER_SWITCH
05-30 14:03:27.427 D/SystemServerTiming( 710): getInt-ALLOW_USER_SWITCHING_WHEN_SYSTEM_USER_LOCKED
05-30 14:03:27.427 D/SystemServerTiming( 710): isUserUnlocked-USER_SYSTEM
05-30 14:03:27.432 I/ActivityManager( 710): Start proc 1306:com.android.tv.settings/1000 for top-activity {com.android.tv.settings/com.android.tv.settings.system.FallbackHome}
05-30 14:03:27.441 D/SystemServerTiming( 710): getUserSwitchability-0
05-30 14:03:27.441 D/SystemServerTiming( 710): TM.isInCall
05-30 14:03:27.442 D/SystemServerTiming( 710): hasUserRestriction-DISALLOW_USER_SWITCH
05-30 14:03:27.442 D/SystemServerTiming( 710): getInt-ALLOW_USER_SWITCHING_WHEN_SYSTEM_USER_LOCKED
05-30 14:03:27.442 D/SystemServerTiming( 710): isUserUnlocked-USER_SYSTEM
05-30 14:03:27.451 D/SystemServerTiming( 710): getUserSwitchability-0
05-30 14:03:27.452 D/SystemServerTiming( 710): TM.isInCall
05-30 14:03:27.455 D/SystemServerTiming( 710): hasUserRestriction-DISALLOW_USER_SWITCH
05-30 14:03:27.455 D/SystemServerTiming( 710): getInt-ALLOW_USER_SWITCHING_WHEN_SYSTEM_USER_LOCKED
05-30 14:03:27.455 D/SystemServerTiming( 710): isUserUnlocked-USER_SYSTEM
05-30 14:03:27.459 D/SystemServerTiming( 710): getUserSwitchability-0
05-30 14:03:27.459 D/SystemServerTiming( 710): TM.isInCall
05-30 14:03:27.460 D/SystemServerTiming( 710): hasUserRestriction-DISALLOW_USER_SWITCH
05-30 14:03:27.460 D/SystemServerTiming( 710): getInt-ALLOW_USER_SWITCHING_WHEN_SYSTEM_USER_LOCKED
05-30 14:03:27.460 D/SystemServerTiming( 710): isUserUnlocked-USER_SYSTEM
05-30 14:03:27.466 D/SystemServerTiming( 710): getUserSwitchability-0
05-30 14:03:27.466 D/SystemServerTiming( 710): TM.isInCall
05-30 14:03:27.467 D/SystemServerTiming( 710): hasUserRestriction-DISALLOW_USER_SWITCH
05-30 14:03:27.467 D/SystemServerTiming( 710): getInt-ALLOW_USER_SWITCHING_WHEN_SYSTEM_USER_LOCKED
05-30 14:03:27.467 D/SystemServerTiming( 710): isUserUnlocked-USER_SYSTEM
05-30 14:03:27.471 D/CompatibilityChangeReporter( 710): Compat change id reported: 168419799; UID 1000; state: DISABLED
05-30 14:03:27.472 D/CompatibilityChangeReporter( 710): Compat change id reported: 273564678; UID 1000; state: DISABLED
05-30 14:03:27.544 W/Looper ( 710): Slow dispatch took 1691ms main h=android.app.ActivityThread$H c=android.app.LoadedApk$ReceiverDispatcher$Args$$ExternalSyntheticLambda0@27efa8d m=0
05-30 14:03:27.580 V/WindowManager( 710): app ------------- force_land :0
05-30 14:03:27.580 V/WindowManager( 710): app ------------- force_land :0
05-30 14:03:27.585 W/WindowManager( 710): Keyguard drawn timeout. Setting mKeyguardDrawComplete
05-30 14:03:27.632 I/ExplicitHealthCheckController( 710): Explicit health check service is connected ComponentInfo{android.ext.services/android.ext.services.watchdog.ExplicitHealthCheckServiceImpl}
05-30 14:03:27.633 I/ExplicitHealthCheckController( 710): Service initialized, syncing requests
05-30 14:03:27.635 I/AutofillManagerService( 710): Updating for user 0: disabled=false
05-30 14:03:27.642 D/WallpaperManagerService( 710): WPMS.onServiceConnected-ComponentInfo{com.android.systemui/com.android.systemui.wallpapers.ImageWallpaper}
05-30 14:03:27.642 D/WallpaperManagerService( 710): WPMS.attachServiceLocked
05-30 14:03:27.643 D/WallpaperManagerService( 710): WPMS.onServiceConnected-ComponentInfo{com.android.systemui/com.android.systemui.wallpapers.ImageWallpaper}
05-30 14:03:27.643 D/WallpaperManagerService( 710): WPMS.attachServiceLocked
05-30 14:03:27.643 D/WallpaperManagerService( 710): WPMS.connectLocked-ComponentInfo{com.android.systemui/com.android.systemui.wallpapers.ImageWallpaper}
05-30 14:03:27.646 D/WallpaperManagerService( 710): WPMS.saveSettingsLocked-0
05-30 14:03:27.656 V/NotificationAssistants( 710): 0 notification assistant service connected: ComponentInfo{android.ext.services/android.ext.services.notification.Assistant}
05-30 14:03:27.671 W/WindowManager( 710): [addWindow] title:com.android.systemui.wallpapers.ImageWallpaper
05-30 14:03:27.674 W/WindowManager( 710): [addWindow] title:com.android.tv.settings/com.android.tv.settings.system.FallbackHome
05-30 14:03:27.684 D/CoreBackPreview( 710): Window{e3d9ca1 u0 com.android.tv.settings/com.android.tv.settings.system.FallbackHome}: Setting back callback OnBackInvokedCallbackInfo{mCallback=android.window.IOnBackInvokedCallback$Stub$Proxy@b3c2e87, mPriority=0, mIsAnimationCallback=false}
05-30 14:03:27.793 W/ContextImpl( 710): Calling a method in the system process without a qualified user: android.app.ContextImpl.startService:1899 com.android.server.wm.DisplayPolicy.lambda$focusChangedLw$5:2126 com.android.server.wm.DisplayPolicy.$r8$lambda$Znxk63oh-WzVnzo_WQefN7uxV48:0 com.android.server.wm.DisplayPolicy$$ExternalSyntheticLambda13.run:0 android.os.Handler.handleCallback:958
05-30 14:03:27.794 W/ActivityManager( 710): Unable to start service Intent { cmp=com.oranth.ledstatus/.LedStatusService } U=0: not found
05-30 14:03:27.799 W/Looper ( 710): Slow dispatch took 135ms main h=android.app.ActivityThread$H c=android.app.LoadedApk$ReceiverDispatcher$Args$$ExternalSyntheticLambda0@23721b4 m=0
05-30 14:03:27.816 V/WindowManager( 710): Sent Transition #0 createdAt=05-30 14:03:25.747
05-30 14:03:27.816 V/WindowManager( 710): startWCT=WindowContainerTransaction { changes = {} hops = [] errorCallbackToken=null taskFragmentOrganizer=null }
05-30 14:03:27.816 V/WindowManager( 710): info=null
05-30 14:03:27.820 D/ActivityManagerTiming( 710): FinishBooting
05-30 14:03:27.820 V/WindowManager( 710): Finish Transition #0: created at
05-30 14:03:25.747 collect-started=0.196ms request-sent=0.248ms started=8.774ms ready=1836.045ms sent=2055.504ms finished=2069.022ms
05-30 14:03:27.821 D/WindowManager( 710): updateCecScreenStatus 0
05-30 14:03:27.821 D/HDMI ( 710): setCecSettingIntValue name:cec_screen_state, value:0
05-30 14:03:27.830 W/BroadcastLoopers( 710): Found previously unknown looper Thread[BluetoothManagerService,5,main] --------- beginning of main
05-30 14:03:27.888 I/bt_bte ( 1090): packages/modules/Bluetooth/system/btif/src/profile_log_levels.cc:146 load_levels_from_config: BTE_InitTraceLevels -- TRC_BTM : Level 2
05-30 14:03:27.888 I/bt_bte ( 1090): packages/modules/Bluetooth/system/btif/src/profile_log_levels.cc:146 load_levels_from_config: BTE_InitTraceLevels -- TRC_HID_HOST : Level 2
05-30 14:03:27.888 I/bt_bte ( 1090): packages/modules/Bluetooth/system/btif/src/profile_log_levels.cc:146 load_levels_from_config: BTE_InitTraceLevels -- TRC_PAN : Level 2
05-30 14:03:27.888 I/bt_bte ( 1090): packages/modules/Bluetooth/system/btif/src/profile_log_levels.cc:146 load_levels_from_config: BTE_InitTraceLevels -- TRC_SDP : Level 2
05-30 14:03:27.888 I/bt_bte ( 1090): packages/modules/Bluetooth/system/btif/src/profile_log_levels.cc:146 load_levels_from_config: BTE_InitTraceLevels -- TRC_SMP : Level 2
05-30 14:03:27.888 I/bt_bte ( 1090): packages/modules/Bluetooth/system/btif/src/profile_log_levels.cc:146 load_levels_from_config: BTE_InitTraceLevels -- TRC_HID_DEV : Level 2
05-30 14:03:27.888 I/bt_bte ( 1090): packages/modules/Bluetooth/system/btif/src/profile_log_levels.cc:146 load_levels_from_config: BTE_InitTraceLevels -- TRC_BTAPP : Level 2
05-30 14:03:27.888 I/bt_bte ( 1090): packages/modules/Bluetooth/system/btif/src/profile_log_levels.cc:146 load_levels_from_config: BTE_InitTraceLevels -- TRC_BTIF : Level 2
05-30 14:03:27.888 W/bluetooth( 1090): packages/modules/Bluetooth/system/stack/btm/btm_inq.cc:1073 btm_clr_inq_result_flt: Memory being reset multiple times
05-30 14:03:27.888 I/bt_core_module( 1090): packages/modules/Bluetooth/system/btcore/src/module.cc:86 module_start_up: module_start_up Starting module "gd_controller_module"
05-30 14:03:27.888 I/bt_shim_controller( 1090): packages/modules/Bluetooth/system/main/shim/controller.cc:65 start_up: start_up Starting up
05-30 14:03:27.888 I/bt_shim_controller( 1090): packages/modules/Bluetooth/system/main/shim/controller.cc:84 start_up: Mac address:xx:xx:xx:xx:62:b6
05-30 14:03:27.888 I/bt_core_module( 1090): packages/modules/Bluetooth/system/btcore/src/module.cc:91 module_start_up: module_start_up Started module "gd_controller_module"
05-30 14:03:27.888 I/bt_btm_pm( 1090): packages/modules/Bluetooth/system/stack/acl/btm_pm.cc:381 btm_pm_reset: reset pm
05-30 14:03:27.888 I/bt_bta_dm( 1090): packages/modules/Bluetooth/system/bta/dm/bta_dm_act.cc:393 BTA_dm_on_hw_on: BTA_dm_on_hw_on: Read default class of device {0x2c, 0x4, 0x20}
05-30 14:03:27.888 I/bt_btm_sec( 1090): packages/modules/Bluetooth/system/stack/btm/btm_sec.cc:268 BTM_SecRegister: BTM_SecRegister p_cb_info->p_le_callback == 0x0xbfa37a11
05-30 14:03:27.888 I/bt_btm_sec( 1090): packages/modules/Bluetooth/system/stack/btm/btm_sec.cc:283 BTM_SecRegister: BTM_SecRegister btm_cb.api.p_le_callback = 0x0xbfa37a11
05-30 14:03:27.888 I/bt_stack( 1090): [INFO:ble_scanner_hci_interface.cc(329)] Advertiser list in controller can be used
05-30 14:03:27.888 I/bt_stack( 1090): [INFO:ble_scanner_hci_interface.cc(330)] Periodic Adv Sync Transfer Sender role is supported
05-30 14:03:27.895 I/bluetooth( 1090): packages/modules/Bluetooth/system/stack/gatt/gatt_api.cc:1257 GATT_Register: Allocated name:GattClient uuid:07f8569d-c4d4-3eed-fc9e-e925ea30438a gatt_if:3 eatt_support:0
05-30 14:03:27.897 D/xm_audio( 477): adev_get_parameters
05-30 14:03:27.898 D/xm_audio( 477): adev_get_parameters
05-30 14:03:27.915 I/bt_stack( 1090): [INFO:ble_advertiser_hci_interface.cc(775)] Extended advertising will be in use
05-30 14:03:27.917 I/bt_btif_dm( 1090): packages/modules/Bluetooth/system/btif/src/btif_dm.cc:2090 BTIF_dm_enable: BTIF_dm_enable BLE Privacy: 0
05-30 14:03:27.917 D/AdapterProperties( 1090): BT_PROPERTY_LOCAL_LE_FEATURES: update from BT controller mNumOfAdvertisementInstancesSupported = 5 mRpaOffloadSupported = true mNumOfOffloadedIrkSupported = 8 mNumOfOffloadedScanFilterSupported = 0 mOffloadedScanResultStorageBytes= 256 mIsActivityAndEnergyReporting = false mVersSupported = 96 mTotNumOfTrackableAdv = 0 mIsExtendedScanSupported = true mIsDebugLogSupported = false mIsLe2MPhySupported = false mIsLeCodedPhySupported = true mIsLeExtendedAdvertisingSupported = true mIsLePeriodicAdvertisingSupported = true mLeMaximumAdvertisingDataLength = 1650 mDynamicAudioBufferSizeSupportedCodecsGroup1 = 0 mDynamicAudioBufferSizeSupportedCodecsGroup2 = 0 mIsLePeriodicAdvertisingSyncTransferSenderSupported = true mIsLeConnectedIsochronousStreamCentralSupported = false mIsLeIsochronousBroadcasterSupported = false mIsLePeriodicAdvertisingSyncTransferRecipientSupported = true mIsOffloadedTransportDiscoveryDataScanSupported = false
05-30 14:03:27.917 E/bt_btif_storage( 1090): packages/modules/Bluetooth/system/btif/src/btif_storage.cc:626 btif_storage_get_adapter_property: btif_storage_get_adapter_property: Controller ready!
05-30 14:03:27.918 I/bt_btif_storage( 1090): packages/modules/Bluetooth/system/btif/src/btif_storage.cc:653 btif_storage_get_adapter_property: btif_storage_get_adapter_property service_mask:0x20000000
05-30 14:03:27.918 I/bt_stack( 1090): [INFO:btif_bqr.cc(292)] EnableBtQualityReport: is_enable: true
05-30 14:03:27.918 W/bt_stack( 1090): [WARNING:btif_bqr.cc(304)] EnableBtQualityReport: Bluetooth Quality Report is disabled. bqr_prop_evtmask: , bqr_prop_interval_ms:
05-30 14:03:27.918 I/bt_osi_thread( 1090): packages/modules/Bluetooth/system/osi/src/thread.cc:210 run_thread: run_thread: thread id 1346, thread name btif_sock started
05-30 14:03:27.918 V/AdapterServiceConfig( 1090): Remove McpService from supported list.
05-30 14:03:27.919 I/bt_bte_conf( 1090): packages/modules/Bluetooth/system/main/bte_conf.cc:83 bte_load_did_conf: Device ID record 1 : primary
05-30 14:03:27.919 I/bt_bte_conf( 1090): packages/modules/Bluetooth/system/main/bte_conf.cc:84 bte_load_did_conf: vendorId = 00e0
05-30 14:03:27.919 I/bt_bte_conf( 1090): packages/modules/Bluetooth/system/main/bte_conf.cc:85 bte_load_did_conf: vendorIdSource = 0001
05-30 14:03:27.919 I/bt_bte_conf( 1090): packages/modules/Bluetooth/system/main/bte_conf.cc:86 bte_load_did_conf: product = 1200
05-30 14:03:27.919 I/bt_bte_conf( 1090): packages/modules/Bluetooth/system/main/bte_conf.cc:87 bte_load_did_conf: version = 1436
05-30 14:03:27.919 I/bt_bte_conf( 1090): packages/modules/Bluetooth/system/main/bte_conf.cc:88 bte_load_did_conf: clientExecutableURL =
05-30 14:03:27.919 I/bt_bte_conf( 1090): packages/modules/Bluetooth/system/main/bte_conf.cc:89 bte_load_did_conf: serviceDescription =
05-30 14:03:27.919 I/bt_bte_conf( 1090): packages/modules/Bluetooth/system/main/bte_conf.cc:90 bte_load_did_conf: documentationURL =
05-30 14:03:27.919 I/bt_bta_dm( 1090): packages/modules/Bluetooth/system/bta/dm/bta_dm_act.cc:3456 bta_dm_eir_update_uuid: EIR Adding UUID=0x1200 into extended inquiry response
05-30 14:03:27.919 I/bt_bta_dm( 1090): packages/modules/Bluetooth/system/bta/dm/bta_dm_act.cc:3155 bta_dm_set_eir: Generating extended inquiry response packet EIR
05-30 14:03:27.919 I/bt_bte_conf( 1090): packages/modules/Bluetooth/system/main/bte_conf.cc:46 bte_load_did_conf: bte_load_did_conf no section named DID2.
05-30 14:03:27.919 I/bt_btif_core( 1090): packages/modules/Bluetooth/system/btif/src/btif_core.cc:294 btif_enable_bluetooth_evt: Bluetooth enable event completed
05-30 14:03:27.919 I/bt_bta_dm( 1090): packages/modules/Bluetooth/system/bta/dm/bta_dm_act.cc:3155 bta_dm_set_eir: Generating extended inquiry response packet EIR
05-30 14:03:27.919 W/bt_btm ( 1090): packages/modules/Bluetooth/system/main/bte_logmsg.cc:108 LogMsg: BTM_BleConfigPrivacy 0
05-30 14:03:27.920 I/bluetooth( 1090): packages/modules/Bluetooth/system/gd/hci/le_address_manager.cc:72 SetPrivacyPolicyForInitiatorAddress: SetPrivacyPolicyForInitiatorAddress with policy 1
05-30 14:03:27.920 I/bluetooth( 1090): packages/modules/Bluetooth/system/gd/hci/le_address_manager.cc:294 resume_registered_clients: Resuming registered clients
05-30 14:03:27.920 I/bt_core_module( 1090): packages/modules/Bluetooth/system/btcore/src/module.cc:86 module_start_up: module_start_up Starting module "rust_module"
05-30 14:03:27.925 I/bt ( 1090): bluetooth_core: starting Rust modules
05-30 14:03:27.928 D/AdapterProperties( 1090): Name is: DBBOX-A3 62b6
05-30 14:03:27.930 I/bluetooth( 1090): packages/modules/Bluetooth/system/stack/arbiter/acl_arbiter.cc:153 StoreCallbacksFromRust: Received callbacks from Rust, registering in Arbiter
05-30 14:03:27.930 I/bt ( 1090): bluetooth_core: starting Tokio event loop
05-30 14:03:27.930 I/bt_core_module( 1090): packages/modules/Bluetooth/system/btcore/src/module.cc:91 module_start_up: module_start_up Started module "rust_module"
05-30 14:03:27.930 I/bt_stack_manager( 1090): packages/modules/Bluetooth/system/btif/src/stack_manager.cc:354 event_start_up_stack: event_start_up_stack finished
05-30 14:03:27.931 D/AdapterProperties( 1090): Scan Mode:20
05-30 14:03:27.931 D/xm_audio( 477): adev_get_parameters
05-30 14:03:27.931 D/AdapterProperties( 1090): Discoverable Timeout:120
05-30 14:03:27.932 D/CompatibilityChangeReporter( 1090): Compat change id reported: 265103382; UID 1002; state: ENABLED
05-30 14:03:27.932 D/AdapterProperties( 1090): Adding bonded device:XX:XX:XX:XX:C0:53
05-30 14:03:27.933 D/AdapterProperties( 1090): cleanupPrevBondRecordsFor: XX:XX:XX:XX:C0:53
05-30 14:03:27.937 D/xm_audio( 477): adev_get_parameters
05-30 14:03:27.940 D/AdapterProperties( 1090): player_name: com.google.android.apps.youtube.music
05-30 14:03:27.940 D/AdapterProperties( 1090): updateAllowlistedMediaPlayers
05-30 14:03:27.940 D/AdapterProperties( 1090): Adding to Allowlisted Players list:com.google.android.apps.youtube.music
05-30 14:03:27.940 D/AdapterProperties( 1090): player_name: com.gaana
05-30 14:03:27.940 D/AdapterProperties( 1090): updateAllowlistedMediaPlayers
05-30 14:03:27.940 D/AdapterProperties( 1090): Adding to Allowlisted Players list:com.gaana
05-30 14:03:27.941 I/AdapterState( 1090): BLE_ON : entered
05-30 14:03:27.941 D/AdapterProperties( 1090): Setting state to BLE_ON
05-30 14:03:27.941 D/BluetoothAdapterService( 1090): updateAdapterState() - Broadcasting state BLE_ON to 1 receivers.
05-30 14:03:27.942 D/BluetoothManagerService( 710): MESSAGE_BLUETOOTH_STATE_CHANGE: BLE_TURNING_ON > BLE_ON
05-30 14:03:27.942 D/BluetoothManagerService( 710): Bluetooth is in LE only mode
05-30 14:03:27.942 D/BluetoothManagerService( 710): Binding Bluetooth GATT service
05-30 14:03:27.944 D/BluetoothManagerService( 710): Sending BLE State Change: BLE_TURNING_ON > BLE_ON
05-30 14:03:27.947 D/xm_audio( 477): adev_get_parameters
05-30 14:03:27.948 D/xm_audio( 477): adev_get_parameters
05-30 14:03:27.950 W/Looper ( 710): Slow dispatch took 143ms main h=android.app.ActivityThread$H c=android.app.LoadedApk$ReceiverDispatcher$Args$$ExternalSyntheticLambda0@c233380 m=0
05-30 14:03:27.952 I/PackageWatchdog( 710): Syncing health check requests for packages: {}
05-30 14:03:27.952 D/ExplicitHealthCheckController( 710): Getting health check supported packages
05-30 14:03:27.954 V/BluetoothManagerService( 710): Searching package com.android.bluetooth
05-30 14:03:27.954 V/BluetoothManagerService( 710): Checking activity com.android.bluetooth.BluetoothPrefs
05-30 14:03:27.955 V/BluetoothManagerService( 710): Checking activity com.android.bluetooth.map.BluetoothMapSettings
05-30 14:03:27.955 V/BluetoothManagerService( 710): Checking activity com.android.bluetooth.opp.BluetoothOppLauncherActivity
05-30 14:03:27.955 D/WifiP2pService( 710): user restrictions changed
05-30 14:03:27.957 I/ExplicitHealthCheckController( 710): Explicit health check supported packages [PackageConfig{com.android.networkstack, 86400000}]
05-30 14:03:27.957 D/PackageWatchdog( 710): Received supported packages [PackageConfig{com.android.networkstack, 86400000}]
05-30 14:03:27.958 D/ExplicitHealthCheckController( 710): Getting health check requested packages
05-30 14:03:27.958 D/xm_audio( 477): adev_get_parameters
05-30 14:03:27.959 D/xm_audio( 477): adev_get_parameters
05-30 14:03:27.960 I/HDMI ( 710): screen state is changing to 0
05-30 14:03:27.960 D/BluetoothManagerService( 710): Bluetooth Adapter address changed to 1C:79:2D:20:62:B6
05-30 14:03:27.960 D/BluetoothManagerService( 710): Stored Bluetoothaddress: 1C:79:2D:20:62:B6
05-30 14:03:27.960 D/BluetoothManagerService( 710): Bluetooth Adapter name changed to DBBOX-A3 62b6 by android
05-30 14:03:27.961 D/BluetoothManagerService( 710): Stored Bluetooth name: DBBOX-A3 62b6
05-30 14:03:27.961 D/BluetoothManagerService( 710): BluetoothServiceConnection: com.android.bluetooth.gatt.GattService
05-30 14:03:27.961 W/Looper ( 710): Drained
05-30 14:03:27.961 D/BluetoothManagerService( 710): MESSAGE_BLUETOOTH_SERVICE_CONNECTED: 2
05-30 14:03:27.961 D/BluetoothManagerService( 710): continueFromBleOnState()
05-30 14:03:27.963 I/ExplicitHealthCheckController( 710): Explicit health check requested packages []
05-30 14:03:27.963 I/ExplicitHealthCheckController( 710): No more health check requests, unbinding...
05-30 14:03:27.963 I/AdapterState( 1090): TURNING_ON : entered
05-30 14:03:27.964 D/AdapterProperties( 1090): Setting state to TURNING_ON
05-30 14:03:27.964 D/BluetoothManagerService( 710): Persisting Bluetooth Setting: 1
05-30 14:03:27.965 D/BluetoothAdapterService( 1090): updateAdapterState() - Broadcasting state TURNING_ON to 1 receivers.
05-30 14:03:27.966 I/ExplicitHealthCheckController( 710): Explicit health check service is unbound
05-30 14:03:27.966 D/BluetoothAdapterService( 1090): startCoreServices()
05-30 14:03:27.966 D/BluetoothManagerService( 710): MESSAGE_BLUETOOTH_STATE_CHANGE: BLE_ON > TURNING_ON
05-30 14:03:27.966 D/BluetoothManagerService( 710): Sending BLE State Change: BLE_ON > TURNING_ON
05-30 14:03:27.966 D/BluetoothManagerService( 710): Sending State Change: OFF > TURNING_ON
05-30 14:03:27.966 D/xm_audio( 477): adev_get_parameters
05-30 14:03:27.967 D/xm_audio( 477): adev_get_parameters
05-30 14:03:27.968 I/A2dpService( 1090): create()
05-30 14:03:27.972 I/A2dpService( 1090): start()
05-30 14:03:27.972 I/BluetoothA2dpServiceJni( 1090): classInitNative: succeeds
05-30 14:03:27.972 I/A2dpService( 1090): Max connected audio devices set to 5
05-30 14:03:27.973 D/xm_audio( 477): adev_get_parameters
05-30 14:03:27.974 I/bt_btif ( 1090): packages/modules/Bluetooth/system/btif/src/bluetooth.cc:829 get_profile_interface: get_profile_interface: id = a2dp
05-30 14:03:27.974 I/btif_av ( 1090): packages/modules/Bluetooth/system/btif/src/btif_av.cc:1012 Init: bt_status_t BtifAvSource::Init(btav_source_callbacks_t *, int, const std::vector &, const std::vector &): max_connected_audio_devices=5
05-30 14:03:27.974 I/a2dp_codec( 1090): packages/modules/Bluetooth/system/stack/a2dp/a2dp_codec_config.cc:601 init: init
05-30 14:03:27.975 I/a2dp_codec( 1090): packages/modules/Bluetooth/system/stack/a2dp/a2dp_codec_config.cc:116 createCodec: SBC
05-30 14:03:27.975 I/a2dp_codec( 1090): packages/modules/Bluetooth/system/stack/a2dp/a2dp_codec_config.cc:642 init: init: updated SBC codec priority to 1001
05-30 14:03:27.975 I/a2dp_codec( 1090): packages/modules/Bluetooth/system/stack/a2dp/a2dp_codec_config.cc:116 createCodec: AAC
05-30 14:03:27.975 I/a2dp_codec( 1090): packages/modules/Bluetooth/system/stack/a2dp/a2dp_codec_config.cc:642 init: init: updated AAC codec priority to 2001
05-30 14:03:27.975 I/a2dp_codec( 1090): packages/modules/Bluetooth/system/stack/a2dp/a2dp_codec_config.cc:116 createCodec: aptX
05-30 14:03:27.975 I/a2dp_codec( 1090): packages/modules/Bluetooth/system/stack/a2dp/a2dp_codec_config.cc:642 init: init: updated aptX codec priority to 3001
05-30 14:03:27.975 I/a2dp_codec( 1090): packages/modules/Bluetooth/system/stack/a2dp/a2dp_codec_config.cc:116 createCodec: aptX-HD
05-30 14:03:27.975 I/a2dp_codec( 1090): packages/modules/Bluetooth/system/stack/a2dp/a2dp_codec_config.cc:642 init: init: updated aptX-HD codec priority to 4001
05-30 14:03:27.975 I/a2dp_codec( 1090): packages/modules/Bluetooth/system/stack/a2dp/a2dp_codec_config.cc:116 createCodec: LDAC
05-30 14:03:27.975 I/a2dp_codec( 1090): packages/modules/Bluetooth/system/stack/a2dp/a2dp_codec_config.cc:642 init: init: updated LDAC codec priority to 5001
05-30 14:03:27.975 I/a2dp_codec( 1090): packages/modules/Bluetooth/system/stack/a2dp/a2dp_codec_config.cc:116 createCodec: LC3 not implemented
05-30 14:03:27.975 I/a2dp_codec( 1090): packages/modules/Bluetooth/system/stack/a2dp/a2dp_codec_config.cc:633 init: init: OPUS codec disabled, updated priority to -1
05-30 14:03:27.975 I/a2dp_codec( 1090): packages/modules/Bluetooth/system/stack/a2dp/a2dp_codec_config.cc:116 createCodec: Opus
05-30 14:03:27.975 I/a2dp_codec( 1090): packages/modules/Bluetooth/system/stack/a2dp/a2dp_codec_config.cc:642 init: init: updated Opus codec priority to -1
05-30 14:03:27.975 I/a2dp_codec( 1090): packages/modules/Bluetooth/system/stack/a2dp/a2dp_codec_config.cc:116 createCodec: SBC SINK
05-30 14:03:27.975 I/a2dp_codec( 1090): packages/modules/Bluetooth/system/stack/a2dp/a2dp_codec_config.cc:116 createCodec: AAC SINK
05-30 14:03:27.975 I/a2dp_codec( 1090): packages/modules/Bluetooth/system/stack/a2dp/a2dp_codec_config.cc:116 createCodec: LDAC SINK
05-30 14:03:27.975 D/xm_audio( 477): adev_get_parameters
05-30 14:03:27.975 I/a2dp_vendor_ldac_decoder( 1090): packages/modules/Bluetooth/system/stack/a2dp/a2dp_vendor_ldac_decoder.cc:130 A2DP_VendorLoadDecoderLdac: A2DP_VendorLoadDecoderLdac: cannot open LDAC decoder library libldacBT_bco.so: dlopen failed: library "libldacBT_bco.so" not found
05-30 14:03:27.976 E/a2dp_vendor_ldac( 1090): packages/modules/Bluetooth/system/stack/a2dp/a2dp_vendor_ldac.cc:1422 init: init: cannot load the decoder
05-30 14:03:27.976 I/a2dp_codec( 1090): packages/modules/Bluetooth/system/stack/a2dp/a2dp_codec_config.cc:116 createCodec: Opus SINK
05-30 14:03:27.976 I/a2dp_codec( 1090): packages/modules/Bluetooth/system/stack/a2dp/a2dp_codec_config.cc:667 init: init: initialized Source codec LDAC
05-30 14:03:27.976 I/a2dp_codec( 1090): packages/modules/Bluetooth/system/stack/a2dp/a2dp_codec_config.cc:667 init: init: initialized Source codec aptX-HD
05-30 14:03:27.976 I/a2dp_codec( 1090): packages/modules/Bluetooth/system/stack/a2dp/a2dp_codec_config.cc:667 init: init: initialized Source codec aptX
05-30 14:03:27.976 I/a2dp_codec( 1090): packages/modules/Bluetooth/system/stack/a2dp/a2dp_codec_config.cc:667 init: init: initialized Source codec AAC
05-30 14:03:27.976 I/a2dp_codec( 1090): packages/modules/Bluetooth/system/stack/a2dp/a2dp_codec_config.cc:667 init: init: initialized Source codec SBC
05-30 14:03:27.976 I/a2dp_codec( 1090): packages/modules/Bluetooth/system/stack/a2dp/a2dp_codec_config.cc:674 init: init: initialized Sink codec Opus SINK
05-30 14:03:27.976 I/a2dp_codec( 1090): packages/modules/Bluetooth/system/stack/a2dp/a2dp_codec_config.cc:674 init: init: initialized Sink codec AAC SINK
05-30 14:03:27.976 I/a2dp_codec( 1090): packages/modules/Bluetooth/system/stack/a2dp/a2dp_codec_config.cc:674 init: init: initialized Sink codec SBC SINK
05-30 14:03:27.976 I/a2dp_codec( 1090): packages/modules/Bluetooth/system/stack/a2dp/a2dp_codec_config.cc:601 init: init
05-30 14:03:27.976 I/a2dp_codec( 1090): packages/modules/Bluetooth/system/stack/a2dp/a2dp_codec_config.cc:116 createCodec: SBC
05-30 14:03:27.976 I/a2dp_codec( 1090): packages/modules/Bluetooth/system/stack/a2dp/a2dp_codec_config.cc:642 init: init: updated SBC codec priority to 1001
