05-30 14:03:42.805 I/serviceDiscovery( 710): [MdnsAdvertiser] Adding service name: 当贝投屏Z9, type: _db_cast_screen._tcp, hostAddresses: , port: 32839, network: null, txtRecord: au=1cV=20830mV=100h265=0maxR=4096-4096model=DBBOX-A3deviceid=1c:79:2d:20:62:b5 with ID 5 and subtype null
05-30 14:03:42.806 E/MdnsAdvertiser( 710): Name conflict adding services that should have unique names
05-30 14:03:42.806 E/MdnsAdvertiser( 710): android.net.connectivity.com.android.server.connectivity.mdns.NameConflictException
05-30 14:03:42.806 E/MdnsAdvertiser( 710): at android.net.connectivity.com.android.server.connectivity.mdns.MdnsRecordRepository.addService(MdnsRecordRepository.java:314)
05-30 14:03:42.806 E/MdnsAdvertiser( 710): at android.net.connectivity.com.android.server.connectivity.mdns.MdnsInterfaceAdvertiser.addService(MdnsInterfaceAdvertiser.java:217)
05-30 14:03:42.806 E/MdnsAdvertiser( 710): at android.net.connectivity.com.android.server.connectivity.mdns.MdnsAdvertiser$InterfaceAdvertiserRequest.addService(MdnsAdvertiser.java:273)
05-30 14:03:42.806 E/MdnsAdvertiser( 710): at android.net.connectivity.com.android.server.connectivity.mdns.MdnsAdvertiser.addService(MdnsAdvertiser.java:488)
05-30 14:03:42.806 E/MdnsAdvertiser( 710): at android.net.connectivity.com.android.server.NsdService$NsdStateMachine$EnabledState.processMessage(NsdService.java:730)
05-30 14:03:42.806 E/MdnsAdvertiser( 710): at android.net.connectivity.com.android.internal.util.StateMachine$SmHandler.processMsg(StateMachine.java:993)
05-30 14:03:42.806 E/MdnsAdvertiser( 710): at android.net.connectivity.com.android.internal.util.StateMachine$SmHandler.handleMessage(StateMachine.java:810)
05-30 14:03:42.806 E/MdnsAdvertiser( 710): at android.os.Handler.dispatchMessage(Handler.java:106)
05-30 14:03:42.806 E/MdnsAdvertiser( 710): at android.os.Looper.loopOnce(Looper.java:205)
05-30 14:03:42.806 E/MdnsAdvertiser( 710): at android.os.Looper.loop(Looper.java:294)
05-30 14:03:42.806 E/MdnsAdvertiser( 710): at android.os.HandlerThread.run(HandlerThread.java:67)
05-30 14:03:42.828 I/DefaultDispatch( 1430): type=1400 audit(0.0:1019): avc: denied { read } for name="devices" dev="proc" ino=4026531982 scontext=u:r:system_app:s0 tcontext=u:object_r:proc:s0 tclass=file permissive=1
05-30 14:03:42.828 I/DefaultDispatch( 1430): type=1400 audit(0.0:1020): avc: denied { open } for path="/proc/bus/input/devices" dev="proc" ino=4026531982 scontext=u:r:system_app:s0 tcontext=u:object_r:proc:s0 tclass=file permissive=1
05-30 14:03:42.832 I/DefaultDispatch( 1430): type=1400 audit(0.0:1021): avc: denied { getattr } for path="/proc/bus/input/devices" dev="proc" ino=4026531982 scontext=u:r:system_app:s0 tcontext=u:object_r:proc:s0 tclass=file permissive=1
05-30 14:03:42.835 E/RCInfo ( 1430): vid:
05-30 14:03:42.835 E/RCInfo ( 1430): pid:
05-30 14:03:42.836 E/RCInfo ( 1430): vid:
05-30 14:03:42.836 E/RCInfo ( 1430): pid:
05-30 14:03:42.935 I/bt_btif_dm( 1090): packages/modules/Bluetooth/system/btif/src/btif_dm.cc:691 btif_update_remote_properties: cod from storage is also unclassified
05-30 14:03:42.944 D/SntpClient( 710): request time failed: java.net.SocketTimeoutException: Poll timed out
05-30 14:03:42.945 D/TrafficStats( 710): tagSocket(397) with statsTag=0xffffff41, statsUid=-1
05-30 14:03:43.214 I/bt_btif_dm( 1090): packages/modules/Bluetooth/system/btif/src/btif_dm.cc:695 btif_update_remote_properties: class of device (cod) is 0x00050c
05-30 14:03:43.223 E/dangbei111( 1430): cccccc 检查遥控器是否连接: Dangbei E4:BB:D3:57:C0:53
05-30 14:03:43.228 E/dangbei111( 1430): cccccc 检查遥控器是否连接: 蓝牙的结果 Dangbei E4:BB:D3:57:C0:53 false
05-30 14:03:43.238 E/dangbei111( 1430): cccccc input中没有遥控器存在
05-30 14:03:43.238 E/dangbei111( 1430): cccccc 蓝牙状态连接 不是连接状态 啥都不干
05-30 14:03:43.240 E/dangbei111( 1430): cccccc 开始扫描
05-30 14:03:43.241 D/BluetoothAdapter( 1430): isLeEnabled(): ON
05-30 14:03:43.244 E/dangbei111( 1430): cccccc scan 得到的设备和状态 Dangbei E4:BB:D3:57:C0:53 12
05-30 14:03:43.249 E/dangbei111( 1430): cccccc 搜索到bond 确实含有 尝试连接 Dangbei E4:BB:D3:57:C0:53
05-30 14:03:43.253 D/CompatibilityChangeReporter( 1430): Compat change id reported: 265103382; UID 1000; state: DISABLED
05-30 14:03:43.253 D/BluetoothGatt( 1430): connect() - device: E4:BB:D3:57:C0:53, auto: true
05-30 14:03:43.253 D/BluetoothGatt( 1430): registerApp()
05-30 14:03:43.254 D/BluetoothGatt( 1430): registerApp() - UUID=4f96638a-2d1a-4d07-9dae-d2027b2653a2
05-30 14:03:43.257 I/bluetooth( 1090): packages/modules/Bluetooth/system/stack/gatt/gatt_api.cc:1257 GATT_Register: Allocated name:GattClient uuid:26a0545a-5e07-ae09-1f49-30e207ab552e gatt_if:6 eatt_support:0
05-30 14:03:43.258 D/BluetoothGatt( 1430): onClientRegistered() - status=0 clientIf=6
05-30 14:03:43.260 I/bt_btif_gattc( 1090): packages/modules/Bluetooth/system/btif/src/btif_gatt_client.cc:340 btif_gattc_open_impl: Transport=2, device type=2, address type =0, phy=1
05-30 14:03:43.260 I/bt_bta_gattc( 1090): packages/modules/Bluetooth/system/bta/gatt/bta_gattc_act.cc:429 bta_gattc_init_bk_conn: Not a connected remote device yet
05-30 14:03:43.261 E/dangbei111( 1430): cccccc 搜索到bond Dangbei E4:BB:D3:57:C0:53
05-30 14:03:43.284 E/accept ( 2163): myIp:192.168.3.222
05-30 14:03:43.285 D/TrafficStats( 2163): tagSocket(162) with statsTag=0xffffffff, statsUid=-1
05-30 14:03:43.286 I/serviceDiscovery( 710): [MdnsAdvertiser.wlan0] Probing finished for service 4
05-30 14:03:43.292 E/accept ( 2163): connect error
05-30 14:03:43.300 I/UpnpServiceImpl( 2163): >>> Starting UPnP service...
05-30 14:03:43.300 I/UpnpServiceImpl( 2163): Using configuration: org.fourthline.cling.android.AndroidUpnpServiceConfiguration
05-30 14:03:43.304 I/Router ( 2163): Creating Router: org.fourthline.cling.android.AndroidRouter
05-30 14:03:43.307 W/System ( 1430): A resource failed to call close.
05-30 14:03:43.307 W/System ( 1430): A resource failed to call close.
05-30 14:03:43.307 W/System ( 1430): A resource failed to call close.
05-30 14:03:43.307 W/System ( 1430): A resource failed to call close.
05-30 14:03:43.307 W/System ( 1430): A resource failed to call close.
05-30 14:03:43.307 W/System ( 1430): A resource failed to call close.
05-30 14:03:43.307 W/Router ( 2163): enable lock:org.fourthline.cling.android.AndroidRouter@1ad8fc5_java.util.concurrent.locks.ReentrantReadWriteLock$WriteLock@126d1a[Unlocked]
05-30 14:03:43.309 W/System ( 1430): A resource failed to call close.
05-30 14:03:43.309 W/System ( 1430): A resource failed to call close.
05-30 14:03:43.312 I/serviceDiscovery( 710): [MdnsAdvertiser.wlan0] Probing finished for service 3
05-30 14:03:43.313 W/tworkAddressFactoryImpl( 2163): Network interface may not be multicast capable: dummy0
05-30 14:03:43.317 I/MulticastReceiver( 2163): Creating wildcard socket (for receiving multicast datagrams) on port: 1900
05-30 14:03:43.318 D/TrafficStats( 2163): tagSocket(162) with statsTag=0xffffffff, statsUid=-1
05-30 14:03:43.322 I/MulticastReceiver( 2163): Joining multicast group: /239.255.255.250:1900 on network interface: wlan0
05-30 14:03:43.334 I/bt_btif_dm( 1090): packages/modules/Bluetooth/system/btif/src/btif_dm.cc:695 btif_update_remote_properties: class of device (cod) is 0x00050c
05-30 14:03:43.339 E/accept ( 2163): Adding connector try: 192.168.3.222/192.168.3.222:38865
05-30 14:03:43.341 E/dangbei111( 1430): cccccc 检查遥控器是否连接: Dangbei E4:BB:D3:57:C0:53
05-30 14:03:43.342 D/TrafficStats( 2163): tagSocket(220) with statsTag=0xffffffff, statsUid=-1
05-30 14:03:43.343 E/accept ( 2163): Adding connector result: 192.168.3.222/192.168.3.222:38865
05-30 14:03:43.344 E/dangbei111( 1430): cccccc 检查遥控器是否连接: 蓝牙的结果 Dangbei E4:BB:D3:57:C0:53 false
05-30 14:03:43.344 E/dangbei111( 1430): cccccc input中没有遥控器存在
05-30 14:03:43.344 E/dangbei111( 1430): cccccc 蓝牙状态连接 不是连接状态 啥都不干
05-30 14:03:43.346 E/dangbei111( 1430): cccccc 开始扫描
05-30 14:03:43.347 D/BluetoothAdapter( 1430): isLeEnabled(): ON
05-30 14:03:43.349 E/dangbei111( 1430): cccccc scan 得到的设备和状态 Dangbei E4:BB:D3:57:C0:53 12
05-30 14:03:43.352 E/dangbei111( 1430): cccccc 搜索到bond 确实含有 尝试连接 Dangbei E4:BB:D3:57:C0:53
05-30 14:03:43.354 D/BluetoothGatt( 1430): cancelOpen() - device: E4:BB:D3:57:C0:53
05-30 14:03:43.356 I/bt_btif_gattc( 1090): packages/modules/Bluetooth/system/btif/src/btif_gatt_client.cc:360 btif_gattc_close_impl: client_if=6, conn_id=0, address=xx:xx:xx:xx:c0:53
05-30 14:03:43.356 E/bt_stack( 1090): [ERROR:bta_gattc_act.cc(312)] No such connection need to be cancelled
05-30 14:03:43.356 I/bt_stack( 1090): [INFO:gatt_api.cc(1514)] GATT_CancelConnect: gatt_if:6, address: xx:xx:xx:xx:c0:53, direct:0
05-30 14:03:43.357 D/BluetoothGatt( 1430): close()
05-30 14:03:43.357 D/BluetoothGatt( 1430): unregisterApp() - mClientIf=6
05-30 14:03:43.359 I/bt_stack( 1090): [INFO:gatt_api.cc(1279)] GATT_Deregister gatt_if=6
05-30 14:03:43.359 D/BluetoothGatt( 1430): connect() - device: E4:BB:D3:57:C0:53, auto: true
05-30 14:03:43.359 D/BluetoothGatt( 1430): registerApp()
05-30 14:03:43.359 D/BluetoothGatt( 1430): registerApp() - UUID=630638b8-3b22-4830-abc2-8666e88473c0
05-30 14:03:43.362 I/bluetooth( 1090): packages/modules/Bluetooth/system/stack/gatt/gatt_api.cc:1257 GATT_Register: Allocated name:GattClient uuid:bcc3bcb1-4505-55a2-f698-069b57136800 gatt_if:6 eatt_support:0
05-30 14:03:43.362 D/BluetoothGatt( 1430): onClientRegistered() - status=0 clientIf=6
05-30 14:03:43.364 I/bt_btif_gattc( 1090): packages/modules/Bluetooth/system/btif/src/btif_gatt_client.cc:340 btif_gattc_open_impl: Transport=2, device type=2, address type =0, phy=1
05-30 14:03:43.364 E/dangbei111( 1430): cccccc 搜索到bond Dangbei E4:BB:D3:57:C0:53
05-30 14:03:43.364 I/bt_bta_gattc( 1090): packages/modules/Bluetooth/system/bta/gatt/bta_gattc_act.cc:429 bta_gattc_init_bk_conn: Not a connected remote device yet
05-30 14:03:43.410 I/JettyServletContainer( 2163): Registering UPnP servlet under context path: /upnp
05-30 14:03:43.413 I/DatagramIO( 2163): Creating bound socket (for datagram input/output) on: 192.168.3.222/192.168.3.222
05-30 14:03:43.413 D/TrafficStats( 2163): tagSocket(5) with statsTag=0xffffffff, statsUid=-1
05-30 14:03:43.414 E/JettyServletContainer( 2163): gogogo
05-30 14:03:43.414 I/JettyServletContainer( 2163): Starting Jetty server...
05-30 14:03:43.415 W/System.err( 2163): 2025-05-30 14:03:43.415:INFO:lcaf.p:jetty-8.y.z-SNAPSHOT
05-30 14:03:43.418 I/Router ( 2163): WiFi multicast lock acquired
05-30 14:03:43.418 I/WifiService( 710): acquireMulticastLock uid=10044
05-30 14:03:43.419 I/Router ( 2163): WiFi lock acquired
05-30 14:03:43.420 I/WifiService( 710): acquireWifiLock uid=10044 lockMode=3
05-30 14:03:43.421 D/WifiHAL ( 520): Setting APF program, halHandle = 0xe8642740
05-30 14:03:43.421 I/WifiHAL ( 520): createRequest: APF set program request
05-30 14:03:43.421 D/WifiHAL ( 520): error code -95 mapped to -3
05-30 14:03:43.421 I/WifiHAL ( 520): Request Response failed for APF, result = -3
05-30 14:03:43.421 E/WifiStaIfaceAidlImpl( 710): installApfPacketFilter failed with service-specific exception: android.os.ServiceSpecificException: (code 4)
05-30 14:03:43.423 I/WifiHAL ( 520): wifi_set_latency_mode set to 1
05-30 14:03:43.433 W/Router ( 2163): enable unlock:org.fourthline.cling.android.AndroidRouter@1ad8fc5
05-30 14:03:43.433 I/UpnpServiceImpl( 2163): <<< UPnP service started successfully
05-30 14:03:43.451 I/ActivityManager( 710): Skip zero pid ANR, process=WebViewLoader-armeabi-v7a
05-30 14:03:43.452 I/bt_btif_dm( 1090): packages/modules/Bluetooth/system/btif/src/btif_dm.cc:695 btif_update_remote_properties: class of device (cod) is 0x00050c
05-30 14:03:43.456 W/System.err( 2163): 2025-05-30 14:03:43.456:INFO:lcaf.a:Started @192.168.3.222:38865
05-30 14:03:43.460 E/dangbei111( 1430): cccccc 检查遥控器是否连接: Dangbei E4:BB:D3:57:C0:53
05-30 14:03:43.465 E/dangbei111( 1430): cccccc 检查遥控器是否连接: 蓝牙的结果 Dangbei E4:BB:D3:57:C0:53 false
05-30 14:03:43.465 E/dangbei111( 1430): cccccc input中没有遥控器存在
05-30 14:03:43.465 E/dangbei111( 1430): cccccc 蓝牙状态连接 不是连接状态 啥都不干
05-30 14:03:43.468 E/dangbei111( 1430): cccccc 开始扫描
05-30 14:03:43.468 D/BluetoothAdapter( 1430): isLeEnabled(): ON
05-30 14:03:43.470 E/dangbei111( 1430): cccccc scan 得到的设备和状态 Dangbei E4:BB:D3:57:C0:53 12
05-30 14:03:43.473 E/dangbei111( 1430): cccccc 搜索到bond 确实含有 尝试连接 Dangbei E4:BB:D3:57:C0:53
05-30 14:03:43.475 D/BluetoothGatt( 1430): cancelOpen() - device: E4:BB:D3:57:C0:53
05-30 14:03:43.476 I/bt_btif_gattc( 1090): packages/modules/Bluetooth/system/btif/src/btif_gatt_client.cc:360 btif_gattc_close_impl: client_if=6, conn_id=0, address=xx:xx:xx:xx:c0:53
05-30 14:03:43.477 E/bt_stack( 1090): [ERROR:bta_gattc_act.cc(312)] No such connection need to be cancelled
05-30 14:03:43.477 D/BluetoothGatt( 1430): close()
05-30 14:03:43.477 D/BluetoothGatt( 1430): unregisterApp() - mClientIf=6
05-30 14:03:43.477 I/bt_stack( 1090): [INFO:gatt_api.cc(1514)] GATT_CancelConnect: gatt_if:6, address: xx:xx:xx:xx:c0:53, direct:0
05-30 14:03:43.478 I/bt_stack( 1090): [INFO:gatt_api.cc(1279)] GATT_Deregister gatt_if=6
05-30 14:03:43.478 D/BluetoothGatt( 1430): connect() - device: E4:BB:D3:57:C0:53, auto: true
05-30 14:03:43.478 D/BluetoothGatt( 1430): registerApp()
05-30 14:03:43.479 D/BluetoothGatt( 1430): registerApp() - UUID=8144cd07-202a-44db-ab62-e16acc8bfdb7
05-30 14:03:43.480 I/bluetooth( 1090): packages/modules/Bluetooth/system/stack/gatt/gatt_api.cc:1257 GATT_Register: Allocated name:GattClient uuid:064a1a2c-4e21-129d-9a48-e36138c6455d gatt_if:6 eatt_support:0
05-30 14:03:43.480 D/BluetoothGatt( 1430): onClientRegistered() - status=0 clientIf=6
05-30 14:03:43.482 I/bt_btif_gattc( 1090): packages/modules/Bluetooth/system/btif/src/btif_gatt_client.cc:340 btif_gattc_open_impl: Transport=2, device type=2, address type =0, phy=1
05-30 14:03:43.482 I/bt_bta_gattc( 1090): packages/modules/Bluetooth/system/bta/gatt/bta_gattc_act.cc:429 bta_gattc_init_bk_conn: Not a connected remote device yet
05-30 14:03:43.483 E/dangbei111( 1430): cccccc 搜索到bond Dangbei E4:BB:D3:57:C0:53
05-30 14:03:43.506 E/g ( 2163): channel :os
05-30 14:03:43.568 I/bt_btif_dm( 1090): packages/modules/Bluetooth/system/btif/src/btif_dm.cc:695 btif_update_remote_properties: class of device (cod) is 0x00050c
05-30 14:03:43.576 E/dangbei111( 1430): cccccc 检查遥控器是否连接: Dangbei E4:BB:D3:57:C0:53
05-30 14:03:43.579 E/dangbei111( 1430): cccccc 检查遥控器是否连接: 蓝牙的结果 Dangbei E4:BB:D3:57:C0:53 false
05-30 14:03:43.580 E/dangbei111( 1430): cccccc input中没有遥控器存在
05-30 14:03:43.580 E/dangbei111( 1430): cccccc 蓝牙状态连接 不是连接状态 啥都不干
05-30 14:03:43.581 E/dangbei111( 1430): cccccc 开始扫描
05-30 14:03:43.581 D/BluetoothAdapter( 1430): isLeEnabled(): ON
05-30 14:03:43.584 E/dangbei111( 1430): cccccc scan 得到的设备和状态 Dangbei E4:BB:D3:57:C0:53 12
05-30 14:03:43.588 E/dangbei111( 1430): cccccc 搜索到bond 确实含有 尝试连接 Dangbei E4:BB:D3:57:C0:53
05-30 14:03:43.590 D/BluetoothGatt( 1430): cancelOpen() - device: E4:BB:D3:57:C0:53
05-30 14:03:43.591 I/bt_btif_gattc( 1090): packages/modules/Bluetooth/system/btif/src/btif_gatt_client.cc:360 btif_gattc_close_impl: client_if=6, conn_id=0, address=xx:xx:xx:xx:c0:53
05-30 14:03:43.591 D/BluetoothGatt( 1430): close()
05-30 14:03:43.591 E/bt_stack( 1090): [ERROR:bta_gattc_act.cc(312)] No such connection need to be cancelled
05-30 14:03:43.591 D/BluetoothGatt( 1430): unregisterApp() - mClientIf=6
05-30 14:03:43.591 I/bt_stack( 1090): [INFO:gatt_api.cc(1514)] GATT_CancelConnect: gatt_if:6, address: xx:xx:xx:xx:c0:53, direct:0
05-30 14:03:43.593 I/bt_stack( 1090): [INFO:gatt_api.cc(1279)] GATT_Deregister gatt_if=6
05-30 14:03:43.594 D/BluetoothGatt( 1430): connect() - device: E4:BB:D3:57:C0:53, auto: true
05-30 14:03:43.594 D/BluetoothGatt( 1430): registerApp()
05-30 14:03:43.594 D/BluetoothGatt( 1430): registerApp() - UUID=aaa8ea9c-f382-421a-a6c1-1ccac017f177
05-30 14:03:43.596 I/bluetooth( 1090): packages/modules/Bluetooth/system/stack/gatt/gatt_api.cc:1257 GATT_Register: Allocated name:GattClient uuid:302e1840-978f-9974-14d3-6fad033332ab gatt_if:6 eatt_support:0
05-30 14:03:43.597 D/BluetoothGatt( 1430): onClientRegistered() - status=0 clientIf=6
05-30 14:03:43.598 E/dangbei111( 1430): cccccc 搜索到bond Dangbei E4:BB:D3:57:C0:53
05-30 14:03:43.599 I/bt_btif_gattc( 1090): packages/modules/Bluetooth/system/btif/src/btif_gatt_client.cc:340 btif_gattc_open_impl: Transport=2, device type=2, address type =0, phy=1
05-30 14:03:43.599 I/bt_bta_gattc( 1090): packages/modules/Bluetooth/system/bta/gatt/bta_gattc_act.cc:429 bta_gattc_init_bk_conn: Not a connected remote device yet
05-30 14:03:43.774 I/bluetooth( 1090): packages/modules/Bluetooth/system/gd/metrics/metrics_state.cc:177 AddStateChangedEvent: LEConnectionMetricsRemoteDevice: Transaction State 0x00000002, Connection Type 0x00000001, Origin Type 0x00000001
05-30 14:03:43.774 I/bluetooth( 1090): packages/modules/Bluetooth/system/gd/metrics/metrics_state.cc:58 AddStateChangedEvent: LEConnectionMetricState: Origin Type: 0x00000001, Connection Type: 0x00000001, Transaction State: 0x00000002
05-30 14:03:43.774 I/bluetooth( 1090): packages/modules/Bluetooth/system/gd/metrics/metrics_state.cc:161 UploadLEConnectionSession: LEConnectionMetricsRemoteDevice: The session is uploaded for xx:xx:xx:xx:c0:53
05-30 14:03:43.774 I/bluetooth( 1090): packages/modules/Bluetooth/system/gd/hci/le_address_manager.cc:265 ack_pause: Client already in paused state
05-30 14:03:43.774 I/bluetooth( 1090): packages/modules/Bluetooth/system/stack/gatt/connection_manager.cc:438 on_connection_complete: Le connection completed to device:xx:xx:xx:xx:c0:53
05-30 14:03:43.774 I/bluetooth( 1090): packages/modules/Bluetooth/system/stack/gatt/connection_manager.cc:438 on_connection_complete: Le connection completed to device:xx:xx:xx:xx:c0:53
05-30 14:03:43.774 I/bt_btm_ble( 1090): packages/modules/Bluetooth/system/stack/btm/btm_ble.cc:1730 btm_ble_connected: Updating device record timestamp for existing ble connection
05-30 14:03:43.775 I/bluetooth( 1090): packages/modules/Bluetooth/system/gd/hci/le_address_manager.cc:265 ack_pause: Client already in paused state
05-30 14:03:43.775 I/bluetooth( 1090): packages/modules/Bluetooth/system/gd/hci/le_address_manager.cc:265 ack_pause: Client already in paused state
05-30 14:03:43.781 I/bluetooth( 1090): packages/modules/Bluetooth/system/gd/hci/le_address_manager.cc:596 OnCommandComplete: Received command complete with op_code LE_REMOVE_DEVICE_FROM_FILTER_ACCEPT_LIST
05-30 14:03:43.781 I/bluetooth( 1090): packages/modules/Bluetooth/system/gd/hci/le_address_manager.cc:294 resume_registered_clients: Resuming registered clients
05-30 14:03:43.842 I/bt_btif_dm( 1090): packages/modules/Bluetooth/system/btif/src/btif_dm.cc:695 btif_update_remote_properties: class of device (cod) is 0x00050c
05-30 14:03:43.851 E/dangbei111( 1430): cccccc 检查遥控器是否连接: Dangbei E4:BB:D3:57:C0:53
05-30 14:03:43.854 E/dangbei111( 1430): cccccc 检查遥控器是否连接: 蓝牙的结果 Dangbei E4:BB:D3:57:C0:53 false
05-30 14:03:43.854 E/dangbei111( 1430): cccccc input中没有遥控器存在
05-30 14:03:43.854 E/dangbei111( 1430): cccccc 蓝牙状态连接 不是连接状态 啥都不干
05-30 14:03:43.857 E/dangbei111( 1430): cccccc 开始扫描
05-30 14:03:43.857 D/BluetoothAdapter( 1430): isLeEnabled(): ON
05-30 14:03:43.859 E/dangbei111( 1430): cccccc scan 得到的设备和状态 Dangbei E4:BB:D3:57:C0:53 12
05-30 14:03:43.864 E/dangbei111( 1430): cccccc 搜索到bond 确实含有 尝试连接 Dangbei E4:BB:D3:57:C0:53
05-30 14:03:43.867 I/bt_btif_dm( 1090): packages/modules/Bluetooth/system/btif/src/btif_dm.cc:695 btif_update_remote_properties: class of device (cod) is 0x00050c
05-30 14:03:43.867 D/BluetoothGatt( 1430): cancelOpen() - device: E4:BB:D3:57:C0:53
05-30 14:03:43.869 I/bt_btif_gattc( 1090): packages/modules/Bluetooth/system/btif/src/btif_gatt_client.cc:360 btif_gattc_close_impl: client_if=6, conn_id=0, address=xx:xx:xx:xx:c0:53
05-30 14:03:43.869 D/BluetoothGatt( 1430): close()
05-30 14:03:43.869 D/BluetoothGatt( 1430): unregisterApp() - mClientIf=6
05-30 14:03:43.870 E/bt_stack( 1090): [ERROR:bta_gattc_act.cc(312)] No such connection need to be cancelled
05-30 14:03:43.870 I/bt_stack( 1090): [INFO:gatt_api.cc(1514)] GATT_CancelConnect: gatt_if:6, address: xx:xx:xx:xx:c0:53, direct:0
05-30 14:03:43.871 I/bt_stack( 1090): [INFO:gatt_api.cc(1279)] GATT_Deregister gatt_if=6
05-30 14:03:43.872 D/BluetoothGatt( 1430): connect() - device: E4:BB:D3:57:C0:53, auto: true
05-30 14:03:43.872 D/BluetoothGatt( 1430): registerApp()
05-30 14:03:43.872 D/BluetoothGatt( 1430): registerApp() - UUID=f1745a01-3264-4c73-929e-86749bfea79a
05-30 14:03:43.874 I/bluetooth( 1090): packages/modules/Bluetooth/system/stack/gatt/gatt_api.cc:1257 GATT_Register: Allocated name:GattClient uuid:1d3f3e9a-d0dc-5f7a-a436-2d47bc4e92a5 gatt_if:6 eatt_support:0
05-30 14:03:43.874 D/BluetoothGatt( 1430): onClientRegistered() - status=0 clientIf=6
05-30 14:03:43.877 I/bt_btif_gattc( 1090): packages/modules/Bluetooth/system/btif/src/btif_gatt_client.cc:340 btif_gattc_open_impl: Transport=2, device type=2, address type =0, phy=1
05-30 14:03:43.877 I/bt_bta_gattc( 1090): packages/modules/Bluetooth/system/bta/gatt/bta_gattc_act.cc:429 bta_gattc_init_bk_conn: Not a connected remote device yet
05-30 14:03:43.878 E/dangbei111( 1430): cccccc 搜索到bond Dangbei E4:BB:D3:57:C0:53
05-30 14:03:43.882 E/dangbei111( 1430): cccccc 检查遥控器是否连接: Dangbei E4:BB:D3:57:C0:53
05-30 14:03:43.886 E/dangbei111( 1430): cccccc 检查遥控器是否连接: 蓝牙的结果 Dangbei E4:BB:D3:57:C0:53 false
05-30 14:03:43.886 E/dangbei111( 1430): cccccc input中没有遥控器存在
05-30 14:03:43.886 E/dangbei111( 1430): cccccc 蓝牙状态连接 不是连接状态 啥都不干
05-30 14:03:43.887 E/dangbei111( 1430): cccccc 开始扫描
05-30 14:03:43.887 D/BluetoothAdapter( 1430): isLeEnabled(): ON
05-30 14:03:43.889 E/dangbei111( 1430): cccccc scan 得到的设备和状态 Dangbei E4:BB:D3:57:C0:53 12
05-30 14:03:43.892 E/dangbei111( 1430): cccccc 搜索到bond 确实含有 尝试连接 Dangbei E4:BB:D3:57:C0:53
05-30 14:03:43.895 D/BluetoothGatt( 1430): cancelOpen() - device: E4:BB:D3:57:C0:53
05-30 14:03:43.896 I/bt_btif_gattc( 1090): packages/modules/Bluetooth/system/btif/src/btif_gatt_client.cc:360 btif_gattc_close_impl: client_if=6, conn_id=0, address=xx:xx:xx:xx:c0:53
05-30 14:03:43.896 D/BluetoothGatt( 1430): close()
05-30 14:03:43.896 D/BluetoothGatt( 1430): unregisterApp() - mClientIf=6
05-30 14:03:43.898 D/BluetoothGatt( 1430): connect() - device: E4:BB:D3:57:C0:53, auto: true
05-30 14:03:43.898 D/BluetoothGatt( 1430): registerApp()
05-30 14:03:43.898 D/BluetoothGatt( 1430): registerApp() - UUID=91591444-654e-48ba-8bdf-4d5d7080f322
05-30 14:03:43.902 E/dangbei111( 1430): cccccc 搜索到bond Dangbei E4:BB:D3:57:C0:53
05-30 14:03:43.905 I/bt_stack( 1090): [INFO:gatt_attr.cc(950)] gatt_sr_init_cl_status: bda=xx:xx:xx:xx:c0:53, cl_supp_feat=0000, aware=1
05-30 14:03:43.905 I/bluetooth( 1090): packages/modules/Bluetooth/system/stack/gap/gap_ble.cc:304 client_connect_cback: No active GAP service found for peer:xx:xx:xx:xx:c0:53 callback:Connected
05-30 14:03:43.906 I/bt_bta_gattc( 1090): packages/modules/Bluetooth/system/bta/gatt/bta_gattc_act.cc:1304 bta_gattc_conn_cback: Connected client_if:3 addr:xx:xx:xx:xx:c0:53, transport:BT_TRANSPORT_LE reason:GATT_CONN_OK
05-30 14:03:43.906 I/bt_bta_gattc( 1090): packages/modules/Bluetooth/system/bta/gatt/bta_gattc_act.cc:1304 bta_gattc_conn_cback: Connected client_if:4 addr:xx:xx:xx:xx:c0:53, transport:BT_TRANSPORT_LE reason:GATT_CONN_OK
05-30 14:03:43.906 I/bluetooth( 1090): packages/modules/Bluetooth/system/stack/gatt/gatt_main.cc:405 gatt_update_app_use_link_flag: disable link idle timer for xx:xx:xx:xx:c0:53
05-30 14:03:43.906 I/bt_stack( 1090): [INFO:l2c_api.cc(1607)] L2CA_MarkLeLinkAsActivesetting link to e4:bb:d3:57:c0:53 as active
05-30 14:03:43.906 I/bluetooth( 1090): packages/modules/Bluetooth/system/stack/gatt/gatt_api.cc:1206 GATT_SetIdleTimeout: idle_timeout=65535, is_active=1, status=1 (1-OK 0-not performed)
05-30 14:03:43.906 I/bt_bta_gattc( 1090): packages/modules/Bluetooth/system/bta/gatt/bta_gattc_act.cc:1304 bta_gattc_conn_cback: Connected client_if:5 addr:xx:xx:xx:xx:c0:53, transport:BT_TRANSPORT_LE reason:GATT_CONN_OK
05-30 14:03:43.906 I/bluetooth( 1090): packages/modules/Bluetooth/system/stack/gatt/gatt_main.cc:405 gatt_update_app_use_link_flag: disable link idle timer for xx:xx:xx:xx:c0:53
05-30 14:03:43.906 I/bt_stack( 1090): [INFO:l2c_api.cc(1607)] L2CA_MarkLeLinkAsActivesetting link to e4:bb:d3:57:c0:53 as active
05-30 14:03:43.906 I/bluetooth( 1090): packages/modules/Bluetooth/system/stack/gatt/gatt_api.cc:1206 GATT_SetIdleTimeout: idle_timeout=65535, is_active=1, status=1 (1-OK 0-not performed)
05-30 14:03:43.906 I/bt_bta_gattc( 1090): packages/modules/Bluetooth/system/bta/gatt/bta_gattc_act.cc:1304 bta_gattc_conn_cback: Connected client_if:6 addr:xx:xx:xx:xx:c0:53, transport:BT_TRANSPORT_LE reason:GATT_CONN_OK
05-30 14:03:43.906 I/bluetooth( 1090): packages/modules/Bluetooth/system/stack/gatt/connection_manager.cc:438 on_connection_complete: Le connection completed to device:xx:xx:xx:xx:c0:53
05-30 14:03:43.906 I/bt_stack( 1090): [INFO:l2c_api.cc(1607)] L2CA_MarkLeLinkAsActivesetting link to e4:bb:d3:57:c0:53 as active
05-30 14:03:43.906 I/bluetooth( 1090): packages/modules/Bluetooth/system/stack/gatt/gatt_api.cc:1206 GATT_SetIdleTimeout: idle_timeout=65535, is_active=1, status=1 (1-OK 0-not performed)
05-30 14:03:43.906 I/bluetooth( 1090): packages/modules/Bluetooth/system/stack/gatt/gatt_main.cc:594 check_cached_model_name: Device xx:xx:xx:xx:c0:53 no cached model name
05-30 14:03:43.906 E/bt_stack( 1090): [ERROR:bta_gattc_act.cc(1500)] bta_gattc_process_indicate: indication/notif for unknown device, ignore
05-30 14:03:43.906 E/bt_stack( 1090): [ERROR:bta_gattc_act.cc(1500)] bta_gattc_process_indicate: indication/notif for unknown device, ignore
05-30 14:03:43.906 E/bt_stack( 1090): [ERROR:bta_gattc_act.cc(1500)] bta_gattc_process_indicate: indication/notif for unknown device, ignore
05-30 14:03:43.906 E/bt_stack( 1090): [ERROR:bta_gattc_act.cc(1500)] bta_gattc_process_indicate: indication/notif for unknown device, ignore
05-30 14:03:43.906 W/btm_acl ( 1090): packages/modules/Bluetooth/system/stack/acl/btm_acl.cc:1689 BTM_ReadRemoteVersion: Remote version information is invalid
05-30 14:03:43.906 I/bt_btif_dm( 1090): packages/modules/Bluetooth/system/btif/src/btif_dm.cc:642 btif_update_remote_version_property: Remote version info valid:false [xx:xx:xx:xx:c0:53]: 0, 0, 0
05-30 14:03:43.906 E/bt_stack( 1090): [ERROR:bta_gattc_act.cc(312)] No such connection need to be cancelled
05-30 14:03:43.906 I/bt_stack( 1090): [INFO:gatt_api.cc(1514)] GATT_CancelConnect: gatt_if:6, address: xx:xx:xx:xx:c0:53, direct:0
05-30 14:03:43.906 I/bluetooth( 1090): packages/modules/Bluetooth/system/stack/gatt/gatt_main.cc:361 gatt_update_app_hold_link_status: removed gatt_if=6
05-30 14:03:43.906 I/bluetooth( 1090): packages/modules/Bluetooth/system/stack/gatt/gatt_main.cc:394 gatt_update_app_use_link_flag: check_acl_link is false, no need to check
05-30 14:03:43.906 I/bt_stack( 1090): [INFO:gatt_api.cc(1279)] GATT_Deregister gatt_if=6
05-30 14:03:43.907 W/bluetooth( 1090): packages/modules/Bluetooth/system/stack/gatt/gatt_main.cc:357 gatt_update_app_hold_link_status: attempt to remove non-existing gatt_if=6
05-30 14:03:43.907 I/bluetooth( 1090): packages/modules/Bluetooth/system/stack/gatt/gatt_main.cc:389 gatt_update_app_use_link_flag: App status is not updated for gatt_if=6
05-30 14:03:43.907 I/bluetooth( 1090): packages/modules/Bluetooth/system/stack/gatt/gatt_api.cc:1257 GATT_Register: Allocated name:GattClient uuid:4f85cba9-4067-97bf-b700-1145461cd20b gatt_if:6 eatt_support:0
05-30 14:03:43.907 E/bta_gattc_main( 1090): packages/modules/Bluetooth/system/bta/gatt/bta_gattc_main.cc:395 bta_gattc_hdl_event: Ignore unknown conn ID: 3
05-30 14:03:43.907 W/BatteryService( 1090): getBatteryService(): service is NULL
05-30 14:03:43.907 E/bta_gattc_main( 1090): packages/modules/Bluetooth/system/bta/gatt/bta_gattc_main.cc:395 bta_gattc_hdl_event: Ignore unknown conn ID: 4
05-30 14:03:43.914 I/bt_bta_gattc( 1090): packages/modules/Bluetooth/system/bta/gatt/bta_gattc_act.cc:549 bta_gattc_conn: Connected to xx:xx:xx:xx:c0:53, robust caching support is 0
05-30 14:03:43.914 E/bta_gattc_main( 1090): packages/modules/Bluetooth/system/bta/gatt/bta_gattc_main.cc:395 bta_gattc_hdl_event: Ignore unknown conn ID: 6
05-30 14:03:43.914 I/bluetooth( 1090): packages/modules/Bluetooth/system/stack/gatt/gatt_api.cc:1371 GATT_StartIf: GATT interface 6 already has connected device xx:xx:xx:xx:c0:53
05-30 14:03:43.914 I/bluetooth( 1090): packages/modules/Bluetooth/system/stack/gatt/gatt_api.cc:1374 GATT_StartIf: Invoking callback with connection id 6
05-30 14:03:43.914 I/bt_bta_gattc( 1090): packages/modules/Bluetooth/system/bta/gatt/bta_gattc_act.cc:1304 bta_gattc_conn_cback: Connected client_if:6 addr:xx:xx:xx:xx:c0:53, transport:BT_TRANSPORT_LE reason:GATT_CONN_OK
05-30 14:03:43.914 E/bta_gattc_main( 1090): packages/modules/Bluetooth/system/bta/gatt/bta_gattc_main.cc:395 bta_gattc_hdl_event: Ignore unknown conn ID: 6
05-30 14:03:43.916 D/BluetoothGatt( 1430): onClientRegistered() - status=0 clientIf=6
05-30 14:03:43.916 I/bt_btif_dm( 1090): packages/modules/Bluetooth/system/btif/src/btif_dm.cc:695 btif_update_remote_properties: class of device (cod) is 0x00050c
05-30 14:03:43.917 D/OomAdjuster( 710): Not killing cached processes
05-30 14:03:43.919 I/bt_btif_gattc( 1090): packages/modules/Bluetooth/system/btif/src/btif_gatt_client.cc:340 btif_gattc_open_impl: Transport=2, device type=2, address type =0, phy=1
05-30 14:03:43.920 I/bluetooth( 1090): packages/modules/Bluetooth/system/stack/gatt/gatt_main.cc:405 gatt_update_app_use_link_flag: disable link idle timer for xx:xx:xx:xx:c0:53
05-30 14:03:43.920 I/bt_stack( 1090): [INFO:l2c_api.cc(1607)] L2CA_MarkLeLinkAsActivesetting link to e4:bb:d3:57:c0:53 as active
05-30 14:03:43.920 I/bluetooth( 1090): packages/modules/Bluetooth/system/stack/gatt/gatt_api.cc:1206 GATT_SetIdleTimeout: idle_timeout=65535, is_active=1, status=1 (1-OK 0-not performed)
05-30 14:03:43.920 I/BluetoothPhonePolicy( 1090): processDeviceConnected, device=XX:XX:XX:XX:C0:53
05-30 14:03:43.920 D/BluetoothDatabase( 1090): setConnection: device XX:XX:XX:XX:C0:53 and isA2dpDevice=false
05-30 14:03:43.920 D/BluetoothDatabase( 1090): Updating last connected time for device: XX:XX:XX:XX:C0:53 to 1
05-30 14:03:43.920 D/BluetoothDatabase( 1090): updateDatabase XX:XX:XX:XX:C0:53
05-30 14:03:43.921 I/efs.base( 2163): lt=event`ev_ct=efs_core`ev_ac=log_lag`tm=2025-05-30 14:03:92`dn=6aee369d-97d5-42b8-aaef-4ff281a087ea`ps=com.dangbei.screencast`um_os=android`stime=1748585013531`pid=2163`fr=android`pkg=com.dangbei.screencast`vcode=20830`dsp_w=1920`uid=6aee369d-97d5-42b8-aaef-4ff281a087ea`rom=14`wid=6aee369d-97d5-42b8-aaef-4ff281a087ea`um_app_carrier=`um_access=wifi`um_app_channel=os`um_crash_sdk_version=1.4.0`ctime=1748585023`model=dbbox-a3`lang=zh`net=wifi`brand=amlogic`dsp_h=1080`um_network_type=0`ver=v2.8.3`cnt=0`build_model=DBBOX-A3`w_tm=1748585023`appid=5fc60c21094d637f3130af19`um_umid_header=aid1f46722b5c1259e2d18ce903dbe35a6`sdk=34`tzone=Asia/Shanghai`sdk_ver=1.3.6.umeng
05-30 14:03:43.923 D/BtGatt.GattService( 1090): onConnected() - adding permit for address=E4:BB:D3:57:C0:53
05-30 14:03:43.923 D/BluetoothGatt( 1430): onClientConnectionState() - status=0 clientIf=6 device=E4:BB:D3:57:C0:53
05-30 14:03:43.923 E/dangbei111( 1430): cccccc 连接成功 后续要去判断有没有input E4:BB:D3:57:C0:53
05-30 14:03:43.923 D/BluetoothGatt( 1430): cancelOpen() - device: E4:BB:D3:57:C0:53
05-30 14:03:43.924 I/BLE_Service( 976): >ACL LINK CONNECTED [Dangbei] - checking for supported devices after delay
05-30 14:03:43.925 D/BluetoothGatt( 1430): close()
05-30 14:03:43.925 D/BluetoothGatt( 1430): unregisterApp() - mClientIf=6
05-30 14:03:43.925 W/bt_btm_sec( 1090): packages/modules/Bluetooth/system/stack/btm/btm_sec.cc:1153 BTM_SetEncryption: Security Manager: BTM_SetEncryption busy, enqueue request
05-30 14:03:43.925 I/bt_btm_sec( 1090): packages/modules/Bluetooth/system/stack/btm/btm_sec.cc:1156 BTM_SetEncryption: Queued start encryption
05-30 14:03:43.926 I/bt_btif_gattc( 1090): packages/modules/Bluetooth/system/btif/src/btif_gatt_client.cc:360 btif_gattc_close_impl: client_if=6, conn_id=6, address=xx:xx:xx:xx:c0:53
05-30 14:03:43.926 I/bluetooth( 1090): packages/modules/Bluetooth/system/stack/gatt/gatt_api.cc:1578 GATT_Disconnect: conn_id=6
05-30 14:03:43.926 I/bluetooth( 1090): packages/modules/Bluetooth/system/stack/gatt/gatt_main.cc:361 gatt_update_app_hold_link_status: removed gatt_if=6
05-30 14:03:43.926 I/bluetooth( 1090): packages/modules/Bluetooth/system/stack/gatt/gatt_main.cc:434 gatt_update_app_use_link_flag: is_add=false, but some app is still using the ACL link
05-30 14:03:43.926 I/bt_stack( 1090): [INFO:gatt_api.cc(1514)] GATT_CancelConnect: gatt_if:6, address: xx:xx:xx:xx:c0:53, direct:0
05-30 14:03:43.926 W/bluetooth( 1090): packages/modules/Bluetooth/system/stack/gatt/gatt_main.cc:357 gatt_update_app_hold_link_status: attempt to remove non-existing gatt_if=6
05-30 14:03:43.926 I/bluetooth( 1090): packages/modules/Bluetooth/system/stack/gatt/gatt_main.cc:389 gatt_update_app_use_link_flag: App status is not updated for gatt_if=6
05-30 14:03:43.926 E/BtGatt.ContextMap( 1090): Context not found for ID 6
05-30 14:03:43.926 D/BtGatt.GattService( 1090): onDisconnected() - removing permit for address=E4:BB:D3:57:C0:53
05-30 14:03:43.927 I/bt_stack( 1090): [INFO:gatt_api.cc(1279)] GATT_Deregister gatt_if=6
05-30 14:03:43.927 W/bluetooth( 1090): packages/modules/Bluetooth/system/stack/gatt/gatt_main.cc:357 gatt_update_app_hold_link_status: attempt to remove non-existing gatt_if=6
05-30 14:03:43.927 I/bluetooth( 1090): packages/modules/Bluetooth/system/stack/gatt/gatt_main.cc:389 gatt_update_app_use_link_flag: App status is not updated for gatt_if=6
05-30 14:03:43.929 E/dangbei111( 1430): cccccc 检查遥控器是否连接: Dangbei E4:BB:D3:57:C0:53
05-30 14:03:43.932 E/dangbei111( 1430): cccccc 检查遥控器是否连接: 蓝牙的结果 Dangbei E4:BB:D3:57:C0:53 true
05-30 14:03:43.932 E/dangbei111( 1430): cccccc input中没有遥控器存在
05-30 14:03:43.932 E/dangbei111( 1430): cccccc 蓝牙状态连接 开启30s check任务
05-30 14:03:43.933 E/dangbei111( 1430): cccccc 开始扫描
05-30 14:03:43.933 D/BluetoothAdapter( 1430): isLeEnabled(): ON
05-30 14:03:43.935 D/BluetoothHidHost( 1430): Binding service...
05-30 14:03:43.935 E/dangbei111( 1430): cccccc scan 得到的设备和状态 Dangbei E4:BB:D3:57:C0:53 12
05-30 14:03:43.938 E/dangbei111( 1430): cccccc 搜索到bond 确实含有 尝试连接 Dangbei E4:BB:D3:57:C0:53
05-30 14:03:43.940 D/BluetoothGatt( 1430): connect() - device: E4:BB:D3:57:C0:53, auto: true
05-30 14:03:43.940 D/BluetoothGatt( 1430): registerApp()
05-30 14:03:43.940 D/BluetoothGatt( 1430): registerApp() - UUID=fec102c4-0e51-48e2-9b62-0fd2488df9bd
05-30 14:03:43.942 I/bluetooth( 1090): packages/modules/Bluetooth/system/stack/gatt/gatt_api.cc:1257 GATT_Register: Allocated name:GattClient uuid:339e9255-4a4f-a4f3-28ba-60d339ff18cc gatt_if:6 eatt_support:0
05-30 14:03:43.942 I/bluetooth( 1090): packages/modules/Bluetooth/system/stack/gatt/gatt_api.cc:1371 GATT_StartIf: GATT interface 6 already has connected device xx:xx:xx:xx:c0:53
05-30 14:03:43.942 I/bluetooth( 1090): packages/modules/Bluetooth/system/stack/gatt/gatt_api.cc:1374 GATT_StartIf: Invoking callback with connection id 6
05-30 14:03:43.942 I/bt_bta_gattc( 1090): packages/modules/Bluetooth/system/bta/gatt/bta_gattc_act.cc:1304 bta_gattc_conn_cback: Connected client_if:6 addr:xx:xx:xx:xx:c0:53, transport:BT_TRANSPORT_LE reason:GATT_CONN_OK
05-30 14:03:43.942 E/bta_gattc_main( 1090): packages/modules/Bluetooth/system/bta/gatt/bta_gattc_main.cc:395 bta_gattc_hdl_event: Ignore unknown conn ID: 6
05-30 14:03:43.942 D/BluetoothGatt( 1430): onClientRegistered() - status=0 clientIf=6
05-30 14:03:43.944 E/dangbei111( 1430): cccccc 搜索到bond Dangbei E4:BB:D3:57:C0:53
05-30 14:03:43.944 I/bt_btif_gattc( 1090): packages/modules/Bluetooth/system/btif/src/btif_gatt_client.cc:340 btif_gattc_open_impl: Transport=2, device type=2, address type =0, phy=1
05-30 14:03:43.944 I/bluetooth( 1090): packages/modules/Bluetooth/system/stack/gatt/gatt_main.cc:405 gatt_update_app_use_link_flag: disable link idle timer for xx:xx:xx:xx:c0:53
05-30 14:03:43.944 I/bt_stack( 1090): [INFO:l2c_api.cc(1607)] L2CA_MarkLeLinkAsActivesetting link to e4:bb:d3:57:c0:53 as active
05-30 14:03:43.944 I/bluetooth( 1090): packages/modules/Bluetooth/system/stack/gatt/gatt_api.cc:1206 GATT_SetIdleTimeout: idle_timeout=65535, is_active=1, status=1 (1-OK 0-not performed)
05-30 14:03:43.944 D/BtGatt.GattService( 1090): onConnected() - adding permit for address=E4:BB:D3:57:C0:53
05-30 14:03:43.944 D/BluetoothGatt( 1430): onClientConnectionState() - status=0 clientIf=6 device=E4:BB:D3:57:C0:53
05-30 14:03:43.944 E/dangbei111( 1430): cccccc 连接成功 后续要去判断有没有input E4:BB:D3:57:C0:53
05-30 14:03:43.944 D/BluetoothGatt( 1430): cancelOpen() - device: E4:BB:D3:57:C0:53
05-30 14:03:43.945 E/bt_bta_dm( 1090): packages/modules/Bluetooth/system/bta/dm/bta_dm_act.cc:3560 bta_dm_set_encryption: Unable to start encryption as already in progress peer:xx:xx:xx:xx:c0:53 transport:BT_TRANSPORT_LE
05-30 14:03:43.946 I/bt_btif_gattc( 1090): packages/modules/Bluetooth/system/btif/src/btif_gatt_client.cc:360 btif_gattc_close_impl: client_if=6, conn_id=6, address=xx:xx:xx:xx:c0:53
05-30 14:03:43.946 I/bluetooth( 1090): packages/modules/Bluetooth/system/stack/gatt/gatt_api.cc:1578 GATT_Disconnect: conn_id=6
05-30 14:03:43.946 I/bluetooth( 1090): packages/modules/Bluetooth/system/stack/gatt/gatt_main.cc:361 gatt_update_app_hold_link_status: removed gatt_if=6
05-30 14:03:43.946 I/bluetooth( 1090): packages/modules/Bluetooth/system/stack/gatt/gatt_main.cc:434 gatt_update_app_use_link_flag: is_add=false, but some app is still using the ACL link
05-30 14:03:43.946 D/BluetoothGatt( 1430): close()
05-30 14:03:43.946 D/BluetoothGatt( 1430): unregisterApp() - mClientIf=6
05-30 14:03:43.946 I/bt_stack( 1090): [INFO:gatt_api.cc(1514)] GATT_CancelConnect: gatt_if:6, address: xx:xx:xx:xx:c0:53, direct:0
05-30 14:03:43.946 D/BtGatt.GattService( 1090): onDisconnected() - removing permit for address=E4:BB:D3:57:C0:53
05-30 14:03:43.946 W/bluetooth( 1090): packages/modules/Bluetooth/system/stack/gatt/gatt_main.cc:357 gatt_update_app_hold_link_status: attempt to remove non-existing gatt_if=6
05-30 14:03:43.946 I/bluetooth( 1090): packages/modules/Bluetooth/system/stack/gatt/gatt_main.cc:389 gatt_update_app_use_link_flag: App status is not updated for gatt_if=6
05-30 14:03:43.946 I/dangbei111( 1430): cccccc on receiver=android.bluetooth.device.action.ACL_CONNECTED,mac=E4:BB:D3:57:C0:53
05-30 14:03:43.947 E/dangbei111( 1430): cccccc cancelDiscovery begin
05-30 14:03:43.947 I/bt_stack( 1090): [INFO:gatt_api.cc(1279)] GATT_Deregister gatt_if=6
05-30 14:03:43.947 W/bluetooth( 1090): packages/modules/Bluetooth/system/stack/gatt/gatt_main.cc:357 gatt_update_app_hold_link_status: attempt to remove non-existing gatt_if=6
05-30 14:03:43.947 I/bluetooth( 1090): packages/modules/Bluetooth/system/stack/gatt/gatt_main.cc:389 gatt_update_app_use_link_flag: App status is not updated for gatt_if=6
05-30 14:03:43.950 E/dangbei111( 1430): cccccc 检查遥控器是否连接: Dangbei E4:BB:D3:57:C0:53
05-30 14:03:43.952 E/dangbei111( 1430): cccccc 检查遥控器是否连接: 蓝牙的结果 Dangbei E4:BB:D3:57:C0:53 true
05-30 14:03:43.953 E/dangbei111( 1430): cccccc input中没有遥控器存在
05-30 14:03:43.953 E/dangbei111( 1430): cccccc 蓝牙状态连接 开启30s check任务
05-30 14:03:43.954 E/dangbei111( 1430): cccccc 开始扫描
05-30 14:03:43.954 D/BluetoothAdapter( 1430): isLeEnabled(): ON
05-30 14:03:43.955 D/BluetoothHidHost( 1430): Binding service...
05-30 14:03:43.956 D/BluetoothGatt( 1430): onClientConnectionState() - status=0 clientIf=6 device=E4:BB:D3:57:C0:53
05-30 14:03:43.962 I/bt_btif_dm( 1090): packages/modules/Bluetooth/system/btif/src/btif_dm.cc:695 btif_update_remote_properties: class of device (cod) is 0x00050c
05-30 14:03:43.968 E/dangbei111( 1430): cccccc 检查遥控器是否连接: Dangbei E4:BB:D3:57:C0:53
05-30 14:03:43.970 E/dangbei111( 1430): cccccc 检查遥控器是否连接: 蓝牙的结果 Dangbei E4:BB:D3:57:C0:53 true
05-30 14:03:43.970 E/dangbei111( 1430): cccccc input中没有遥控器存在
05-30 14:03:43.970 E/dangbei111( 1430): cccccc 蓝牙状态连接 开启30s check任务
05-30 14:03:43.972 E/dangbei111( 1430): cccccc 开始扫描
05-30 14:03:43.972 D/BluetoothAdapter( 1430): isLeEnabled(): ON
05-30 14:03:43.974 E/dangbei111( 1430): cccccc scan 得到的设备和状态 Dangbei E4:BB:D3:57:C0:53 12
05-30 14:03:43.976 E/dangbei111( 1430): cccccc 搜索到bond 确实含有 尝试连接 Dangbei E4:BB:D3:57:C0:53
05-30 14:03:43.978 D/BluetoothGatt( 1430): connect() - device: E4:BB:D3:57:C0:53, auto: true
05-30 14:03:43.978 D/BluetoothGatt( 1430): registerApp()
05-30 14:03:43.979 D/BluetoothGatt( 1430): registerApp() - UUID=6aaa3fd5-d441-4f96-bc29-5ef106ddd43c
05-30 14:03:43.980 I/bluetooth( 1090): packages/modules/Bluetooth/system/stack/gatt/gatt_api.cc:1257 GATT_Register: Allocated name:GattClient uuid:97919c53-34e0-6a47-dbf8-c5475994da67 gatt_if:6 eatt_support:0
05-30 14:03:43.980 I/bluetooth( 1090): packages/modules/Bluetooth/system/stack/gatt/gatt_api.cc:1371 GATT_StartIf: GATT interface 6 already has connected device xx:xx:xx:xx:c0:53
05-30 14:03:43.980 I/bluetooth( 1090): packages/modules/Bluetooth/system/stack/gatt/gatt_api.cc:1374 GATT_StartIf: Invoking callback with connection id 6
05-30 14:03:43.980 I/bt_bta_gattc( 1090): packages/modules/Bluetooth/system/bta/gatt/bta_gattc_act.cc:1304 bta_gattc_conn_cback: Connected client_if:6 addr:xx:xx:xx:xx:c0:53, transport:BT_TRANSPORT_LE reason:GATT_CONN_OK
05-30 14:03:43.980 E/bta_gattc_main( 1090): packages/modules/Bluetooth/system/bta/gatt/bta_gattc_main.cc:395 bta_gattc_hdl_event: Ignore unknown conn ID: 6
05-30 14:03:43.980 D/BluetoothGatt( 1430): onClientRegistered() - status=0 clientIf=6
05-30 14:03:43.982 I/bt_btif_gattc( 1090): packages/modules/Bluetooth/system/btif/src/btif_gatt_client.cc:340 btif_gattc_open_impl: Transport=2, device type=2, address type =0, phy=1
05-30 14:03:43.982 E/dangbei111( 1430): cccccc 搜索到bond Dangbei E4:BB:D3:57:C0:53
05-30 14:03:43.982 I/bluetooth( 1090): packages/modules/Bluetooth/system/stack/gatt/gatt_main.cc:405 gatt_update_app_use_link_flag: disable link idle timer for xx:xx:xx:xx:c0:53
05-30 14:03:43.982 I/bt_stack( 1090): [INFO:l2c_api.cc(1607)] L2CA_MarkLeLinkAsActivesetting link to e4:bb:d3:57:c0:53 as active
05-30 14:03:43.982 I/bluetooth( 1090): packages/modules/Bluetooth/system/stack/gatt/gatt_api.cc:1206 GATT_SetIdleTimeout: idle_timeout=65535, is_active=1, status=1 (1-OK 0-not performed)
05-30 14:03:43.982 D/BtGatt.GattService( 1090): onConnected() - adding permit for address=E4:BB:D3:57:C0:53
05-30 14:03:43.982 D/BluetoothGatt( 1430): onClientConnectionState() - status=0 clientIf=6 device=E4:BB:D3:57:C0:53
05-30 14:03:43.982 E/dangbei111( 1430): cccccc 连接成功 后续要去判断有没有input E4:BB:D3:57:C0:53
05-30 14:03:43.982 D/BluetoothGatt( 1430): cancelOpen() - device: E4:BB:D3:57:C0:53
05-30 14:03:43.983 E/bt_bta_dm( 1090): packages/modules/Bluetooth/system/bta/dm/bta_dm_act.cc:3560 bta_dm_set_encryption: Unable to start encryption as already in progress peer:xx:xx:xx:xx:c0:53 transport:BT_TRANSPORT_LE
05-30 14:03:43.984 I/bt_btif_gattc( 1090): packages/modules/Bluetooth/system/btif/src/btif_gatt_client.cc:360 btif_gattc_close_impl: client_if=6, conn_id=6, address=xx:xx:xx:xx:c0:53
05-30 14:03:43.984 I/bluetooth( 1090): packages/modules/Bluetooth/system/stack/gatt/gatt_api.cc:1578 GATT_Disconnect: conn_id=6
05-30 14:03:43.984 I/bluetooth( 1090): packages/modules/Bluetooth/system/stack/gatt/gatt_main.cc:361 gatt_update_app_hold_link_status: removed gatt_if=6
05-30 14:03:43.984 I/bluetooth( 1090): packages/modules/Bluetooth/system/stack/gatt/gatt_main.cc:434 gatt_update_app_use_link_flag: is_add=false, but some app is still using the ACL link
05-30 14:03:43.984 I/bt_stack( 1090): [INFO:gatt_api.cc(1514)] GATT_CancelConnect: gatt_if:6, address: xx:xx:xx:xx:c0:53, direct:0
05-30 14:03:43.984 D/BtGatt.GattService( 1090): onDisconnected() - removing permit for address=E4:BB:D3:57:C0:53
05-30 14:03:43.984 W/bluetooth( 1090): packages/modules/Bluetooth/system/stack/gatt/gatt_main.cc:357 gatt_update_app_hold_link_status: attempt to remove non-existing gatt_if=6
05-30 14:03:43.984 I/bluetooth( 1090): packages/modules/Bluetooth/system/stack/gatt/gatt_main.cc:389 gatt_update_app_use_link_flag: App status is not updated for gatt_if=6
05-30 14:03:43.985 D/BluetoothGatt( 1430): close()
05-30 14:03:43.985 D/BluetoothGatt( 1430): unregisterApp() - mClientIf=6
05-30 14:03:43.985 I/bt_btif_dm( 1090): packages/modules/Bluetooth/system/btif/src/btif_dm.cc:695 btif_update_remote_properties: class of device (cod) is 0x00050c
05-30 14:03:43.986 I/bt_stack( 1090): [INFO:gatt_api.cc(1279)] GATT_Deregister gatt_if=6
05-30 14:03:43.986 W/bluetooth( 1090): packages/modules/Bluetooth/system/stack/gatt/gatt_main.cc:357 gatt_update_app_hold_link_status: attempt to remove non-existing gatt_if=6
05-30 14:03:43.986 I/bluetooth( 1090): packages/modules/Bluetooth/system/stack/gatt/gatt_main.cc:389 gatt_update_app_use_link_flag: App status is not updated for gatt_if=6
05-30 14:03:43.990 E/dangbei111( 1430): cccccc 检查遥控器是否连接: Dangbei E4:BB:D3:57:C0:53
05-30 14:03:43.993 E/dangbei111( 1430): cccccc 检查遥控器是否连接: 蓝牙的结果 Dangbei E4:BB:D3:57:C0:53 true
05-30 14:03:43.993 E/dangbei111( 1430): cccccc input中没有遥控器存在
05-30 14:03:43.993 E/dangbei111( 1430): cccccc 蓝牙状态连接 开启30s check任务
05-30 14:03:43.994 E/dangbei111( 1430): cccccc 开始扫描
05-30 14:03:43.994 D/BluetoothAdapter( 1430): isLeEnabled(): ON
05-30 14:03:43.995 D/BluetoothHidHost( 1430): Binding service...
05-30 14:03:43.996 D/BluetoothGatt( 1430): onClientConnectionState() - status=0 clientIf=6 device=E4:BB:D3:57:C0:53
05-30 14:03:43.996 E/dangbei111( 1430): cccccc scan 得到的设备和状态 Dangbei E4:BB:D3:57:C0:53 12
05-30 14:03:44.000 E/dangbei111( 1430): cccccc 搜索到bond 确实含有 尝试连接 Dangbei E4:BB:D3:57:C0:53
05-30 14:03:44.003 D/BluetoothGatt( 1430): connect() - device: E4:BB:D3:57:C0:53, auto: true
05-30 14:03:44.003 D/BluetoothGatt( 1430): registerApp()
05-30 14:03:44.003 D/BluetoothGatt( 1430): registerApp() - UUID=d403651a-ad5f-455a-b627-fd4c4d98e62d
05-30 14:03:44.005 I/bluetooth( 1090): packages/modules/Bluetooth/system/stack/gatt/gatt_api.cc:1257 GATT_Register: Allocated name:GattClient uuid:09726e40-c223-5440-c88b-eacb8a2aec92 gatt_if:6 eatt_support:0
05-30 14:03:44.005 I/bluetooth( 1090): packages/modules/Bluetooth/system/stack/gatt/gatt_api.cc:1371 GATT_StartIf: GATT interface 6 already has connected device xx:xx:xx:xx:c0:53
05-30 14:03:44.005 I/bluetooth( 1090): packages/modules/Bluetooth/system/stack/gatt/gatt_api.cc:1374 GATT_StartIf: Invoking callback with connection id 6
05-30 14:03:44.005 I/bt_bta_gattc( 1090): packages/modules/Bluetooth/system/bta/gatt/bta_gattc_act.cc:1304 bta_gattc_conn_cback: Connected client_if:6 addr:xx:xx:xx:xx:c0:53, transport:BT_TRANSPORT_LE reason:GATT_CONN_OK
05-30 14:03:44.005 E/bta_gattc_main( 1090): packages/modules/Bluetooth/system/bta/gatt/bta_gattc_main.cc:395 bta_gattc_hdl_event: Ignore unknown conn ID: 6
05-30 14:03:44.006 D/BluetoothGatt( 1430): onClientRegistered() - status=0 clientIf=6
05-30 14:03:44.007 I/bt_btif_gattc( 1090): packages/modules/Bluetooth/system/btif/src/btif_gatt_client.cc:340 btif_gattc_open_impl: Transport=2, device type=2, address type =0, phy=1
05-30 14:03:44.007 E/dangbei111( 1430): cccccc 搜索到bond Dangbei E4:BB:D3:57:C0:53
05-30 14:03:44.007 I/bluetooth( 1090): packages/modules/Bluetooth/system/stack/gatt/gatt_main.cc:405 gatt_update_app_use_link_flag: disable link idle timer for xx:xx:xx:xx:c0:53
05-30 14:03:44.007 I/bt_stack( 1090): [INFO:l2c_api.cc(1607)] L2CA_MarkLeLinkAsActivesetting link to e4:bb:d3:57:c0:53 as active
05-30 14:03:44.007 I/bluetooth( 1090): packages/modules/Bluetooth/system/stack/gatt/gatt_api.cc:1206 GATT_SetIdleTimeout: idle_timeout=65535, is_active=1, status=1 (1-OK 0-not performed)
05-30 14:03:44.008 D/BtGatt.GattService( 1090): onConnected() - adding permit for address=E4:BB:D3:57:C0:53
05-30 14:03:44.008 D/BluetoothGatt( 1430): onClientConnectionState() - status=0 clientIf=6 device=E4:BB:D3:57:C0:53
05-30 14:03:44.008 E/dangbei111( 1430): cccccc 连接成功 后续要去判断有没有input E4:BB:D3:57:C0:53
05-30 14:03:44.008 D/BluetoothGatt( 1430): cancelOpen() - device: E4:BB:D3:57:C0:53
05-30 14:03:44.008 E/bt_bta_dm( 1090): packages/modules/Bluetooth/system/bta/dm/bta_dm_act.cc:3560 bta_dm_set_encryption: Unable to start encryption as already in progress peer:xx:xx:xx:xx:c0:53 transport:BT_TRANSPORT_LE
05-30 14:03:44.009 I/bt_btif_gattc( 1090): packages/modules/Bluetooth/system/btif/src/btif_gatt_client.cc:360 btif_gattc_close_impl: client_if=6, conn_id=6, address=xx:xx:xx:xx:c0:53
05-30 14:03:44.009 I/bluetooth( 1090): packages/modules/Bluetooth/system/stack/gatt/gatt_api.cc:1578 GATT_Disconnect: conn_id=6
05-30 14:03:44.010 I/bluetooth( 1090): packages/modules/Bluetooth/system/stack/gatt/gatt_main.cc:361 gatt_update_app_hold_link_status: removed gatt_if=6
05-30 14:03:44.010 I/bluetooth( 1090): packages/modules/Bluetooth/system/stack/gatt/gatt_main.cc:434 gatt_update_app_use_link_flag: is_add=false, but some app is still using the ACL link
05-30 14:03:44.010 I/bt_stack( 1090): [INFO:gatt_api.cc(1514)] GATT_CancelConnect: gatt_if:6, address: xx:xx:xx:xx:c0:53, direct:0
05-30 14:03:44.010 D/BluetoothGatt( 1430): close()
05-30 14:03:44.010 D/BluetoothGatt( 1430): unregisterApp() - mClientIf=6
05-30 14:03:44.010 W/bluetooth( 1090): packages/modules/Bluetooth/system/stack/gatt/gatt_main.cc:357 gatt_update_app_hold_link_status: attempt to remove non-existing gatt_if=6
05-30 14:03:44.010 I/bluetooth( 1090): packages/modules/Bluetooth/system/stack/gatt/gatt_main.cc:389 gatt_update_app_use_link_flag: App status is not updated for gatt_if=6
05-30 14:03:44.010 D/BtGatt.GattService( 1090): onDisconnected() - removing permit for address=E4:BB:D3:57:C0:53
05-30 14:03:44.011 I/bt_stack( 1090): [INFO:gatt_api.cc(1279)] GATT_Deregister gatt_if=6
