05-30 14:03:28.561 D/SystemServerTimingAsync( 710): ssm.onUnlockingUser-0_com.android.server.backup.BackupManagerService$Lifecycle
05-30 14:03:28.561 D/SystemServerTimingAsync( 710): ssm.onUnlockingUser-0_com.android.server.appwidget.AppWidgetService
05-30 14:03:28.561 D/SystemServerTimingAsync( 710): ssm.onUnlockingUser-0_com.android.server.voiceinteraction.VoiceInteractionManagerService
05-30 14:03:28.561 W/VoiceInteractionManager( 710): no available voice recognition services found for user 0
05-30 14:03:28.562 D/SystemServerTimingAsync( 710): ssm.onUnlockingUser-0_com.android.server.GestureLauncherService
05-30 14:03:28.562 D/SystemServerTimingAsync( 710): ssm.onUnlockingUser-0_com.android.server.SensorNotificationService
05-30 14:03:28.562 D/SystemServerTimingAsync( 710): ssm.onUnlockingUser-0_com.android.server.emergency.EmergencyAffordanceService
05-30 14:03:28.562 D/SystemServerTimingAsync( 710): ssm.onUnlockingUser-0_com.android.server.blob.BlobStoreManagerService
05-30 14:03:28.562 D/SystemServerTimingAsync( 710): ssm.onUnlockingUser-0_com.android.server.dreams.DreamManagerService
05-30 14:03:28.562 D/SystemServerTimingAsync( 710): ssm.onUnlockingUser-0_com.android.server.security.AttestationVerificationManagerService
05-30 14:03:28.562 D/SystemServerTimingAsync( 710): ssm.onUnlockingUser-0_com.android.server.restrictions.RestrictionsManagerService
05-30 14:03:28.562 D/SystemServerTimingAsync( 710): ssm.onUnlockingUser-0_com.android.server.media.MediaSessionService
05-30 14:03:28.562 D/SystemServerTimingAsync( 710): ssm.onUnlockingUser-0_com.android.server.hdmi.HdmiControlService
05-30 14:03:28.562 D/SystemServerTimingAsync( 710): ssm.onUnlockingUser-0_com.android.server.tv.interactive.TvInteractiveAppManagerService
05-30 14:03:28.562 D/SystemServerTimingAsync( 710): ssm.onUnlockingUser-0_com.android.server.tv.TvInputManagerService
05-30 14:03:28.562 I/BackupManagerService( 710): Starting service for user: 0
05-30 14:03:28.562 D/SystemServerTimingAsync( 710): ssm.onUnlockingUser-0_com.android.server.media.MediaResourceMonitorService
05-30 14:03:28.562 D/SystemServerTimingAsync( 710): ssm.onUnlockingUser-0_com.android.server.tv.TvRemoteService
05-30 14:03:28.562 D/SystemServerTimingAsync( 710): ssm.onUnlockingUser-0_com.android.server.biometrics.BiometricService
05-30 14:03:28.562 D/SystemServerTimingAsync( 710): ssm.onUnlockingUser-0_com.android.server.biometrics.AuthService
05-30 14:03:28.562 I/vold ( 247): Mounting emulated fuse volume
05-30 14:03:28.562 D/SystemServerTimingAsync( 710): ssm.onUnlockingUser-0_com.android.server.pm.ShortcutService$Lifecycle
05-30 14:03:28.563 D/SystemServerTimingAsync( 710): ssm.onUnlockingUser-0_com.android.server.pm.LauncherAppsService
05-30 14:03:28.563 D/SystemServerTimingAsync( 710): ssm.onUnlockingUser-0_com.android.server.pm.CrossProfileAppsService
05-30 14:03:28.563 D/SystemServerTimingAsync( 710): ssm.onUnlockingUser-0_com.android.server.people.PeopleService
05-30 14:03:28.563 V/BackupManagerService( 710): [UserID:0] Starting with transport com.android.localtransport/.LocalTransport
05-30 14:03:28.564 D/SystemServerTimingAsync( 710): ssm.onUnlockingUser-0_com.android.server.media.metrics.MediaMetricsManagerService
05-30 14:03:28.564 D/LockSettingsService( 710): Hiding encryption notification for user 0
05-30 14:03:28.564 D/SystemServerTimingAsync( 710): ssm.onUnlockingUser-0_com.android.server.pm.BackgroundInstallControlService
05-30 14:03:28.564 D/SystemServerTimingAsync( 710): ssm.onUnlockingUser-0_com.android.server.media.projection.MediaProjectionManagerService
05-30 14:03:28.564 D/SystemServerTimingAsync( 710): ssm.onUnlockingUser-0_com.android.server.slice.SliceManagerService$Lifecycle
05-30 14:03:28.564 D/SystemServerTimingAsync( 710): ssm.onUnlockingUser-0_com.android.server.stats.StatsCompanion$Lifecycle
05-30 14:03:28.564 D/SystemServerTimingAsync( 710): ssm.onUnlockingUser-0_com.android.server.scheduling.RebootReadinessManagerService$Lifecycle
05-30 14:03:28.564 D/SystemServerTimingAsync( 710): ssm.onUnlockingUser-0_com.android.server.stats.pull.StatsPullAtomService
05-30 14:03:28.564 D/SystemServerTimingAsync( 710): ssm.onUnlockingUser-0_com.android.server.stats.bootstrap.StatsBootstrapAtomService$Lifecycle
05-30 14:03:28.564 D/SystemServerTimingAsync( 710): ssm.onUnlockingUser-0_com.android.server.incident.IncidentCompanionService
05-30 14:03:28.564 D/SystemServerTimingAsync( 710): ssm.onUnlockingUser-0_com.android.server.sdksandbox.SdkSandboxManagerService$Lifecycle
05-30 14:03:28.564 I/SdkSandboxManager( 710): onUserUnlocking 0
05-30 14:03:28.564 D/SystemServerTimingAsync( 710): ssm.onUnlockingUser-0_com.android.server.adservices.AdServicesManagerService$Lifecycle
05-30 14:03:28.565 D/SystemServerTimingAsync( 710): ssm.onUnlockingUser-0_com.android.server.ondevicepersonalization.OnDevicePersonalizationSystemService$Lifecycle
05-30 14:03:28.566 D/SystemServerTimingAsync( 710): ssm.onUnlockingUser-0_com.android.server.autofill.AutofillManagerService
05-30 14:03:28.566 D/BackupManagerService( 710): [UserID:0] Started thread backup-0
05-30 14:03:28.568 D/WakeupConfigStoreData( 710): WifiWake user data has been read
05-30 14:03:28.569 D/WifiConfigStore( 710): Reading from user stores completed in 11 ms.
05-30 14:03:28.571 D/SystemServerTimingAsync( 710): ssm.onUnlockingUser-0_com.android.server.clipboard.ClipboardService
05-30 14:03:28.572 D/SystemServerTimingAsync( 710): ssm.onUnlockingUser-0_com.android.server.appbinding.AppBindingService$Lifecycle
05-30 14:03:28.572 W/AppBindingService( 710): [Default SMS app] u0 Target package not found
05-30 14:03:28.572 D/SystemServerTimingAsync( 710): ssm.onUnlockingUser-0_com.android.server.tracing.TracingServiceProxy
05-30 14:03:28.572 D/SystemServerTimingAsync( 710): ssm.onUnlockingUser-0_com.android.server.policy.PermissionPolicyService
05-30 14:03:28.572 D/SystemServerTimingAsync( 710): ssm.onUnlockingUser-0_com.android.server.pm.StagingManager$Lifecycle
05-30 14:03:28.572 D/SystemServerTimingAsync( 710): ssm.onUnlockingUser-0_com.android.server.app.GameManagerService$Lifecycle
05-30 14:03:28.572 D/SystemServerTimingAsync( 710): ssm.onUnlockingUser-0_com.android.safetycenter.SafetyCenterService
05-30 14:03:28.572 D/SystemServerTimingAsync( 710): ssm.onUnlockingUser-0_com.android.server.appsearch.AppSearchModule$Lifecycle
05-30 14:03:28.575 I/vold ( 247): Bind mounting /data/media to /mnt/pass_through/0/emulated
05-30 14:03:28.576 V/NearbyService( 710): Initiating BluetoothAdapter when Bluetooth is turned on.
05-30 14:03:28.577 I/StorageSessionController( 710): On volume mount VolumeInfo{emulated;0}:
05-30 14:03:28.577 I/StorageSessionController( 710): type=EMULATED diskId=null partGuid= mountFlags=PRIMARY|VISIBLE_FOR_WRITE
05-30 14:03:28.577 I/StorageSessionController( 710): mountUserId=0 state=CHECKING
05-30 14:03:28.577 I/StorageSessionController( 710): fsType=null fsUuid=null fsLabel=null
05-30 14:03:28.577 I/StorageSessionController( 710): path=/storage/emulated internalPath=/data/media
05-30 14:03:28.580 D/SystemServerTimingAsync( 710): ssm.onUnlockingUser-0_com.android.server.media.MediaCommunicationService
05-30 14:03:28.580 D/SystemServerTimingAsync( 710): ssm.onUnlockingUser-0_com.android.server.compat.overrides.AppCompatOverridesService$Lifecycle
05-30 14:03:28.580 D/SystemServerTimingAsync( 710): ssm.onUnlockingUser-0_com.android.server.healthconnect.HealthConnectManagerService
05-30 14:03:28.580 D/SystemServerTimingAsync( 710): ssm.onUnlockingUser-0_com.android.server.devicelock.DeviceLockService
05-30 14:03:28.580 D/DeviceLockService( 710): onUserUnlocking
05-30 14:03:28.582 I/StorageSessionController( 710): Creating connection for user: 0
05-30 14:03:28.582 I/StorageSessionController( 710): Creating and starting session with id: emulated;0
05-30 14:03:28.583 I/ActivityTaskManager( 710): Loading recents for user 0 into memory.
05-30 14:03:28.583 I/StorageUserConnection( 710): Binding to the ExternalStorageService for user 0
05-30 14:03:28.583 D/SystemServerTiming( 710): finishUserUnlocked-0
05-30 14:03:28.583 I/ActivityManager( 710): User 0 state changed from RUNNING_UNLOCKING to RUNNING_UNLOCKED
05-30 14:03:28.585 V/PackageConfigPersister( 710): loadPackages: empty list files from /data/system_ce/0/package_configs
05-30 14:03:28.585 V/SystemServerTiming( 710): SystemUserUnlock took to complete: 447ms
05-30 14:03:28.586 I/AppSearchUserInstanceMa( 710): Creating new AppSearch instance at: /data/system_ce/0/appsearch/icing
05-30 14:03:28.587 I/ActivityManager( 710): com.dangbei.lerad.etna.haqu is exempt from freezer
05-30 14:03:28.588 D/CompatibilityChangeReporter( 710): Compat change id reported: 135634846; UID 1000; state: DISABLED
05-30 14:03:28.594 D/CompatibilityChangeReporter( 710): Compat change id reported: 135634846; UID 10068; state: DISABLED
05-30 14:03:28.594 W/BroadcastLoopers( 710): Found previously unknown looper Thread[ActivityManager,5,main]
05-30 14:03:28.596 D/WifiConfigStore( 710): Writing to stores completed in 26 ms.
05-30 14:03:28.596 I/ActivityManager( 710): Posting BOOT_COMPLETED user #0
05-30 14:03:28.597 D/SystemServerTimingAsync( 710): ssm.UnlockedUser-0
05-30 14:03:28.597 I/SystemServiceManager( 710): Calling onUnlockedUser 0
05-30 14:03:28.597 D/SystemServerTimingAsync( 710): ssm.onUnlockedUser-0_com.android.server.security.FileIntegrityService
05-30 14:03:28.597 D/SystemServerTimingAsync( 710): ssm.onUnlockedUser-0_com.android.server.pm.Installer
05-30 14:03:28.597 D/SystemServerTimingAsync( 710): ssm.onUnlockedUser-0_com.android.server.os.DeviceIdentifiersPolicyService
05-30 14:03:28.597 D/SystemServerTimingAsync( 710): ssm.onUnlockedUser-0_com.android.server.flags.FeatureFlagsService
05-30 14:03:28.597 D/SystemServerTimingAsync( 710): ssm.onUnlockedUser-0_com.android.server.uri.UriGrantsManagerService$Lifecycle
05-30 14:03:28.597 D/SystemServerTimingAsync( 710): ssm.onUnlockedUser-0_com.android.server.powerstats.PowerStatsService
05-30 14:03:28.597 D/SystemServerTimingAsync( 710): ssm.onUnlockedUser-0_com.android.server.permission.access.AccessCheckingService
05-30 14:03:28.597 D/SystemServerTimingAsync( 710): ssm.onUnlockedUser-0_com.android.server.wm.ActivityTaskManagerService$Lifecycle
05-30 14:03:28.597 I/SELinux ( 710): SELinux: Loaded file context from:
05-30 14:03:28.597 I/SELinux ( 710): /system/etc/selinux/plat_file_contexts
05-30 14:03:28.597 I/SELinux ( 710): /system_ext/etc/selinux/system_ext_file_contexts
05-30 14:03:28.597 I/SELinux ( 710): /product/etc/selinux/product_file_contexts
05-30 14:03:28.597 I/SELinux ( 710): /vendor/etc/selinux/vendor_file_contexts
05-30 14:03:28.598 I/LaunchParamsPersister( 710): Didn't find launch param folder for user 0
05-30 14:03:28.598 D/SystemServerTimingAsync( 710): ssm.onUnlockedUser-0_com.android.server.am.ActivityManagerService$Lifecycle
05-30 14:03:28.598 D/SystemServerTimingAsync( 710): ssm.onUnlockedUser-0_com.android.server.pm.DataLoaderManagerService
05-30 14:03:28.598 D/SystemServerTimingAsync( 710): ssm.onUnlockedUser-0_com.android.server.power.PowerManagerService
05-30 14:03:28.598 D/SystemServerTimingAsync( 710): ssm.onUnlockedUser-0_com.android.server.power.ThermalManagerService
05-30 14:03:28.598 D/SystemServerTimingAsync( 710): ssm.onUnlockedUser-0_com.android.server.power.hint.HintManagerService
05-30 14:03:28.598 D/SystemServerTimingAsync( 710): ssm.onUnlockedUser-0_com.android.server.recoverysystem.RecoverySystemService$Lifecycle
05-30 14:03:28.598 D/SystemServerTimingAsync( 710): ssm.onUnlockedUser-0_com.android.server.lights.LightsService
05-30 14:03:28.598 D/SystemServerTimingAsync( 710): ssm.onUnlockedUser-0_com.android.server.display.DisplayManagerService
05-30 14:03:28.598 D/SystemServerTimingAsync( 710): ssm.onUnlockedUser-0_com.android.server.pm.verify.domain.DomainVerificationService
05-30 14:03:28.598 I/wpa_supplicant( 1190): wpa_driver_nl80211_driver_cmd: wifi vendor: aml_w2_s
05-30 14:03:28.598 I/wpa_supplicant( 1190): wpa_driver_nl80211_driver_cmd: wlan0: private command: BTCOEXSCAN-STOP
05-30 14:03:28.598 D/SystemServerTimingAsync( 710): ssm.onUnlockedUser-0_com.android.server.pm.PackageInstallerService$Lifecycle
05-30 14:03:28.598 D/SystemServerTimingAsync( 710): ssm.onUnlockedUser-0_com.android.server.pm.UserManagerService$LifeCycle
05-30 14:03:28.598 D/SystemServerTimingAsync( 710): ssm.onUnlockedUser-0_com.android.server.om.OverlayManagerService
05-30 14:03:28.599 D/SystemServerTimingAsync( 710): ssm.onUnlockedUser-0_com.android.server.resources.ResourcesManagerService
05-30 14:03:28.599 D/SystemServerTimingAsync( 710): ssm.onUnlockedUser-0_com.android.server.sensorprivacy.SensorPrivacyService
05-30 14:03:28.599 D/SystemServerTimingAsync( 710): ssm.onUnlockedUser-0_com.android.server.sensors.SensorService
05-30 14:03:28.599 D/SystemServerTimingAsync( 710): ssm.onUnlockedUser-0_com.android.server.SystemConfigService
05-30 14:03:28.599 D/SystemServerTimingAsync( 710): ssm.onUnlockedUser-0_com.android.server.BatteryService
05-30 14:03:28.599 D/SystemServerTimingAsync( 710): ssm.onUnlockedUser-0_com.android.server.usage.UsageStatsService
05-30 14:03:28.599 D/SystemServerTimingAsync( 710): ssm.onUnlockedUser-0_com.android.server.webkit.WebViewUpdateService
05-30 14:03:28.599 D/SystemServerTimingAsync( 710): ssm.onUnlockedUser-0_com.android.server.CachedDeviceStateService
05-30 14:03:28.599 D/SystemServerTimingAsync( 710): ssm.onUnlockedUser-0_com.android.server.BinderCallsStatsService$LifeCycle
05-30 14:03:28.599 D/SystemServerTimingAsync( 710): ssm.onUnlockedUser-0_com.android.server.LooperStatsService$Lifecycle
05-30 14:03:28.599 D/SystemServerTimingAsync( 710): ssm.onUnlockedUser-0_com.android.server.rollback.RollbackManagerService
05-30 14:03:28.599 D/SystemServerTimingAsync( 710): ssm.onUnlockedUser-0_com.android.server.os.NativeTombstoneManagerService
05-30 14:03:28.599 D/SystemServerTimingAsync( 710): ssm.onUnlockedUser-0_com.android.server.os.BugreportManagerService
05-30 14:03:28.599 D/SystemServerTimingAsync( 710): ssm.onUnlockedUser-0_com.android.server.gpu.GpuService
05-30 14:03:28.599 D/SystemServerTimingAsync( 710): ssm.onUnlockedUser-0_com.android.server.security.rkp.RemoteProvisioningService
05-30 14:03:28.599 D/SystemServerTimingAsync( 710): ssm.onUnlockedUser-0_com.android.server.security.KeyChainSystemService
05-30 14:03:28.599 D/SystemServerTimingAsync( 710): ssm.onUnlockedUser-0_com.android.server.BinaryTransparencyService
05-30 14:03:28.599 D/SystemServerTimingAsync( 710): ssm.onUnlockedUser-0_com.android.server.accounts.AccountManagerService$Lifecycle
05-30 14:03:28.599 D/SystemServerTimingAsync( 710): ssm.onUnlockedUser-0_com.android.server.content.ContentService$Lifecycle
05-30 14:03:28.599 D/SystemServerTimingAsync( 710): ssm.onUnlockedUser-0_com.android.server.deviceconfig.DeviceConfigInit$Lifecycle
05-30 14:03:28.599 D/SystemServerTimingAsync( 710): ssm.onUnlockedUser-0_com.android.server.DropBoxManagerService
05-30 14:03:28.599 D/SystemServerTimingAsync( 710): ssm.onUnlockedUser-0_com.android.role.RoleService
05-30 14:03:28.599 D/SystemServerTimingAsync( 710): ssm.onUnlockedUser-0_com.android.server.vibrator.VibratorManagerService$Lifecycle
05-30 14:03:28.599 D/SystemServerTimingAsync( 710): ssm.onUnlockedUser-0_com.android.server.tare.InternalResourceService
05-30 14:03:28.599 D/SystemServerTimingAsync( 710): ssm.onUnlockedUser-0_com.android.server.alarm.AlarmManagerService
05-30 14:03:28.599 D/SystemServerTimingAsync( 710): ssm.onUnlockedUser-0_com.android.server.devicestate.DeviceStateManagerService
05-30 14:03:28.599 D/SystemServerTimingAsync( 710): ssm.onUnlockedUser-0_com.android.server.camera.CameraServiceProxy
05-30 14:03:28.599 D/SystemServerTimingAsync( 710): ssm.onUnlockedUser-0_com.android.server.bluetooth.BluetoothService
05-30 14:03:28.599 D/SystemServerTimingAsync( 710): ssm.onUnlockedUser-0_com.android.server.connectivity.IpConnectivityMetrics
05-30 14:03:28.599 D/SystemServerTimingAsync( 710): ssm.onUnlockedUser-0_com.android.server.net.watchlist.NetworkWatchlistService$Lifecycle
05-30 14:03:28.599 D/SystemServerTimingAsync( 710): ssm.onUnlockedUser-0_com.android.server.PinnerService
05-30 14:03:28.599 D/SystemServerTimingAsync( 710): ssm.onUnlockedUser-0_com.android.server.integrity.AppIntegrityManagerService
05-30 14:03:28.599 D/SystemServerTimingAsync( 710): ssm.onUnlockedUser-0_com.android.server.logcat.LogcatManagerService
05-30 14:03:28.599 D/SystemServerTimingAsync( 710): ssm.onUnlockedUser-0_com.android.server.inputmethod.InputMethodManagerService$Lifecycle
05-30 14:03:28.599 D/SystemServerTimingAsync( 710): ssm.onUnlockedUser-0_com.android.server.accessibility.AccessibilityManagerService$Lifecycle
05-30 14:03:28.599 D/SystemServerTimingAsync( 710): ssm.onUnlockedUser-0_com.android.server.StorageManagerService$Lifecycle
05-30 14:03:28.599 D/SystemServerTimingAsync( 710): ssm.onUnlockedUser-0_com.android.server.usage.StorageStatsService$Lifecycle
05-30 14:03:28.599 D/SystemServerTimingAsync( 710): ssm.onUnlockedUser-0_com.android.server.UiModeManagerService
05-30 14:03:28.599 D/SystemServerTimingAsync( 710): ssm.onUnlockedUser-0_com.android.server.locales.LocaleManagerService
05-30 14:03:28.599 D/SystemServerTimingAsync( 710): ssm.onUnlockedUser-0_com.android.server.grammaticalinflection.GrammaticalInflectionService
05-30 14:03:28.599 D/SystemServerTimingAsync( 710): ssm.onUnlockedUser-0_com.android.server.apphibernation.AppHibernationService
05-30 14:03:28.599 D/SystemServerTimingAsync( 710): ssm.onUnlockedUser-0_com.android.server.locksettings.LockSettingsService$Lifecycle
05-30 14:03:28.599 D/SystemServerTimingAsync( 710): ssm.onUnlockedUser-0_com.android.server.PersistentDataBlockService
05-30 14:03:28.599 D/SystemServerTimingAsync( 710): ssm.onUnlockedUser-0_com.android.server.testharness.TestHarnessModeService
05-30 14:03:28.599 D/SystemServerTimingAsync( 710): ssm.onUnlockedUser-0_com.android.server.oemlock.OemLockService
05-30 14:03:28.599 D/SystemServerTimingAsync( 710): ssm.onUnlockedUser-0_com.android.server.DeviceIdleController
05-30 14:03:28.599 D/SystemServerTimingAsync( 710): ssm.onUnlockedUser-0_com.android.server.devicepolicy.DevicePolicyManagerService$Lifecycle
05-30 14:03:28.599 D/SystemServerTimingAsync( 710): ssm.onUnlockedUser-0_com.android.server.texttospeech.TextToSpeechManagerService
05-30 14:03:28.599 D/SystemServerTimingAsync( 710): ssm.onUnlockedUser-0_com.android.server.ambientcontext.AmbientContextManagerService
05-30 14:03:28.599 D/SystemServerTimingAsync( 710): ssm.onUnlockedUser-0_com.android.server.wearable.WearableSensingManagerService
05-30 14:03:28.599 D/SystemServerTimingAsync( 710): ssm.onUnlockedUser-0_com.android.server.speech.SpeechRecognitionManagerService
05-30 14:03:28.599 D/SystemServerTimingAsync( 710): ssm.onUnlockedUser-0_com.android.server.searchui.SearchUiManagerService
05-30 14:03:28.599 D/SystemServerTimingAsync( 710): ssm.onUnlockedUser-0_com.android.server.smartspace.SmartspaceManagerService
05-30 14:03:28.599 D/SystemServerTimingAsync( 710): ssm.onUnlockedUser-0_com.android.server.graphics.fonts.FontManagerService$Lifecycle
05-30 14:03:28.599 D/SystemServerTimingAsync( 710): ssm.onUnlockedUser-0_com.android.server.textservices.TextServicesManagerService$Lifecycle
05-30 14:03:28.599 D/SystemServerTimingAsync( 710): ssm.onUnlockedUser-0_com.android.server.textclassifier.TextClassificationManagerService$Lifecycle
05-30 14:03:28.599 D/SystemServerTimingAsync( 710): ssm.onUnlockedUser-0_com.android.server.NetworkScoreService$Lifecycle
05-30 14:03:28.599 D/SystemServerTimingAsync( 710): ssm.onUnlockedUser-0_com.android.server.NetworkStatsServiceInitializer
05-30 14:03:28.599 D/SystemServerTimingAsync( 710): ssm.onUnlockedUser-0_com.android.server.wifi.WifiService
05-30 14:03:28.599 D/SystemServerTimingAsync( 710): ssm.onUnlockedUser-0_com.android.server.wifi.scanner.WifiScanningService
05-30 14:03:28.599 D/SystemServerTimingAsync( 710): ssm.onUnlockedUser-0_com.android.server.wifi.p2p.WifiP2pService
05-30 14:03:28.599 D/SystemServerTimingAsync( 710): ssm.onUnlockedUser-0_com.android.server.ConnectivityServiceInitializer
05-30 14:03:28.599 D/SystemServerTimingAsync( 710): ssm.onUnlockedUser-0_com.android.server.notification.NotificationManagerService
05-30 14:03:28.600 D/SystemServerTimingAsync( 710): ssm.onUnlockedUser-0_com.android.server.storage.DeviceStorageMonitorService
05-30 14:03:28.600 D/SystemServerTimingAsync( 710): ssm.onUnlockedUser-0_com.android.server.timedetector.TimeDetectorService$Lifecycle
05-30 14:03:28.600 D/SystemServerTimingAsync( 710): ssm.onUnlockedUser-0_com.android.server.location.LocationManagerService$Lifecycle
05-30 14:03:28.600 D/SystemServerTimingAsync( 710): ssm.onUnlockedUser-0_com.android.server.timezonedetector.TimeZoneDetectorService$Lifecycle
05-30 14:03:28.600 D/SystemServerTimingAsync( 710): ssm.onUnlockedUser-0_com.android.server.location.altitude.AltitudeService$Lifecycle
05-30 14:03:28.600 D/SystemServerTimingAsync( 710): ssm.onUnlockedUser-0_com.android.server.timezonedetector.location.LocationTimeZoneManagerService$Lifecycle
05-30 14:03:28.600 D/SystemServerTimingAsync( 710): ssm.onUnlockedUser-0_com.android.server.search.SearchManagerService$Lifecycle
05-30 14:03:28.600 D/SystemServerTimingAsync( 710): ssm.onUnlockedUser-0_com.android.server.wallpaper.WallpaperManagerService$Lifecycle
05-30 14:03:28.600 D/SystemServerTimingAsync( 710): ssm.onUnlockedUser-0_com.android.server.wallpapereffectsgeneration.WallpaperEffectsGenerationManagerService
05-30 14:03:28.600 D/SystemServerTimingAsync( 710): ssm.onUnlockedUser-0_com.android.server.audio.AudioService$Lifecycle
05-30 14:03:28.600 I/NotificationHistory( 710): Attempted to unlock gone/disabled user 0
05-30 14:03:28.600 D/SystemServerTimingAsync( 710): ssm.onUnlockedUser-0_com.android.server.soundtrigger_middleware.SoundTriggerMiddlewareService$Lifecycle
05-30 14:03:28.600 D/SystemServerTimingAsync( 710): ssm.onUnlockedUser-0_com.android.server.adb.AdbService$Lifecycle
05-30 14:03:28.600 D/SystemServerTimingAsync( 710): ssm.onUnlockedUser-0_com.android.server.usb.UsbService$Lifecycle
05-30 14:03:28.600 D/SystemServerTimingAsync( 710): ssm.onUnlockedUser-0_com.android.server.twilight.TwilightService
05-30 14:03:28.600 D/SystemServerTimingAsync( 710): ssm.onUnlockedUser-0_com.android.server.display.color.ColorDisplayService
05-30 14:03:28.600 D/SystemServerTimingAsync( 710): ssm.onUnlockedUser-0_com.android.server.job.JobSchedulerService
05-30 14:03:28.600 D/AppWidgetServiceImpl( 710): Unable to load widget provider info from xml for ComponentInfo{com.android.deskclock/com.android.alarmclock.AnalogAppWidgetProvider}
05-30 14:03:28.600 D/SystemServerTimingAsync( 710): ssm.onUnlockedUser-0_com.android.server.soundtrigger.SoundTriggerService
05-30 14:03:28.600 D/SystemServerTimingAsync( 710): ssm.onUnlockedUser-0_com.android.server.trust.TrustManagerService
05-30 14:03:28.600 D/SystemServerTimingAsync( 710): ssm.onUnlockedUser-0_com.android.server.backup.BackupManagerService$Lifecycle
05-30 14:03:28.600 D/SystemServerTimingAsync( 710): ssm.onUnlockedUser-0_com.android.server.appwidget.AppWidgetService
05-30 14:03:28.600 D/SystemServerTimingAsync( 710): ssm.onUnlockedUser-0_com.android.server.voiceinteraction.VoiceInteractionManagerService
05-30 14:03:28.600 D/SystemServerTimingAsync( 710): ssm.onUnlockedUser-0_com.android.server.GestureLauncherService
05-30 14:03:28.600 D/SystemServerTimingAsync( 710): ssm.onUnlockedUser-0_com.android.server.SensorNotificationService
05-30 14:03:28.600 D/SystemServerTimingAsync( 710): ssm.onUnlockedUser-0_com.android.server.emergency.EmergencyAffordanceService
05-30 14:03:28.600 D/SystemServerTimingAsync( 710): ssm.onUnlockedUser-0_com.android.server.blob.BlobStoreManagerService
05-30 14:03:28.600 D/SystemServerTimingAsync( 710): ssm.onUnlockedUser-0_com.android.server.dreams.DreamManagerService
05-30 14:03:28.600 D/SystemServerTimingAsync( 710): ssm.onUnlockedUser-0_com.android.server.security.AttestationVerificationManagerService
05-30 14:03:28.600 D/SystemServerTimingAsync( 710): ssm.onUnlockedUser-0_com.android.server.restrictions.RestrictionsManagerService
05-30 14:03:28.600 D/SystemServerTimingAsync( 710): ssm.onUnlockedUser-0_com.android.server.media.MediaSessionService
05-30 14:03:28.600 D/SystemServerTimingAsync( 710): ssm.onUnlockedUser-0_com.android.server.hdmi.HdmiControlService
05-30 14:03:28.600 D/SystemServerTimingAsync( 710): ssm.onUnlockedUser-0_com.android.server.tv.interactive.TvInteractiveAppManagerService
05-30 14:03:28.600 D/SystemServerTimingAsync( 710): ssm.onUnlockedUser-0_com.android.server.tv.TvInputManagerService
05-30 14:03:28.600 D/SystemServerTimingAsync( 710): ssm.onUnlockedUser-0_com.android.server.media.MediaResourceMonitorService
05-30 14:03:28.600 D/SystemServerTimingAsync( 710): ssm.onUnlockedUser-0_com.android.server.tv.TvRemoteService
05-30 14:03:28.600 D/SystemServerTimingAsync( 710): ssm.onUnlockedUser-0_com.android.server.biometrics.BiometricService
05-30 14:03:28.600 D/SystemServerTimingAsync( 710): ssm.onUnlockedUser-0_com.android.server.biometrics.AuthService
05-30 14:03:28.600 D/SystemServerTimingAsync( 710): ssm.onUnlockedUser-0_com.android.server.pm.ShortcutService$Lifecycle
05-30 14:03:28.601 D/AppWidgetServiceImpl( 710): Unable to load widget provider info from xml for ComponentInfo{com.android.deskclock/com.android.alarmclock.DigitalAppWidgetProvider}
05-30 14:03:28.601 D/SystemServerTimingAsync( 710): ssm.onUnlockedUser-0_com.android.server.pm.LauncherAppsService
05-30 14:03:28.601 D/SystemServerTimingAsync( 710): ssm.onUnlockedUser-0_com.android.server.pm.CrossProfileAppsService
05-30 14:03:28.601 D/SystemServerTimingAsync( 710): ssm.onUnlockedUser-0_com.android.server.people.PeopleService
05-30 14:03:28.602 D/AppWidgetServiceImpl( 710): Unable to load widget provider info from xml for ComponentInfo{com.android.systemui/com.android.systemui.people.widget.PeopleSpaceWidgetProvider}
05-30 14:03:28.602 I/AppWidgetServiceImpl( 710): Processing of handleUserUnlocked u0 took 7 ms
05-30 14:03:28.607 I/StorageUserConnection( 710): Bound to the ExternalStorageService for user 0
05-30 14:03:28.608 D/Zygote ( 465): Forked child process 1430
05-30 14:03:28.608 I/ActivityManager( 710): Start proc 1430:com.dangbei.lerad.etna.haqu/1000 for added application com.dangbei.lerad.etna.haqu
05-30 14:03:28.609 D/CompatibilityChangeReporter( 710): Compat change id reported: 143937733; UID 10068; state: ENABLED
05-30 14:03:28.609 W/BatteryExternalStatsWorker( 710): error reading modem stats:ERROR_PHONE_NOT_AVAILABLE
05-30 14:03:28.610 W/BatteryExternalStatsWorker( 710): error reading Bluetooth stats: 11
05-30 14:03:28.611 E/TaskPersister( 710): File error accessing recents directory (directory doesn't exist?).
05-30 14:03:28.616 I/Zygote ( 1430): seccomp disabled by setenforce 0
05-30 14:03:28.621 D/SystemServerTimingAsync( 710): ssm.onUnlockedUser-0_com.android.server.media.metrics.MediaMetricsManagerService
05-30 14:03:28.621 D/SystemServerTimingAsync( 710): ssm.onUnlockedUser-0_com.android.server.pm.BackgroundInstallControlService
05-30 14:03:28.621 D/SystemServerTimingAsync( 710): ssm.onUnlockedUser-0_com.android.server.media.projection.MediaProjectionManagerService
05-30 14:03:28.621 D/SystemServerTimingAsync( 710): ssm.onUnlockedUser-0_com.android.server.slice.SliceManagerService$Lifecycle
05-30 14:03:28.621 D/SystemServerTimingAsync( 710): ssm.onUnlockedUser-0_com.android.server.stats.StatsCompanion$Lifecycle
05-30 14:03:28.621 D/SystemServerTimingAsync( 710): ssm.onUnlockedUser-0_com.android.server.scheduling.RebootReadinessManagerService$Lifecycle
05-30 14:03:28.621 D/SystemServerTimingAsync( 710): ssm.onUnlockedUser-0_com.android.server.stats.pull.StatsPullAtomService
05-30 14:03:28.621 D/SystemServerTimingAsync( 710): ssm.onUnlockedUser-0_com.android.server.stats.bootstrap.StatsBootstrapAtomService$Lifecycle
05-30 14:03:28.621 D/SystemServerTimingAsync( 710): ssm.onUnlockedUser-0_com.android.server.incident.IncidentCompanionService
05-30 14:03:28.621 D/SystemServerTimingAsync( 710): ssm.onUnlockedUser-0_com.android.server.sdksandbox.SdkSandboxManagerService$Lifecycle
05-30 14:03:28.621 D/SystemServerTimingAsync( 710): ssm.onUnlockedUser-0_com.android.server.adservices.AdServicesManagerService$Lifecycle
05-30 14:03:28.621 D/SystemServerTimingAsync( 710): ssm.onUnlockedUser-0_com.android.server.ondevicepersonalization.OnDevicePersonalizationSystemService$Lifecycle
05-30 14:03:28.621 D/SystemServerTimingAsync( 710): ssm.onUnlockedUser-0_com.android.server.autofill.AutofillManagerService
05-30 14:03:28.621 D/SystemServerTimingAsync( 710): ssm.onUnlockedUser-0_com.android.server.clipboard.ClipboardService
05-30 14:03:28.621 D/SystemServerTimingAsync( 710): ssm.onUnlockedUser-0_com.android.server.appbinding.AppBindingService$Lifecycle
05-30 14:03:28.621 D/SystemServerTimingAsync( 710): ssm.onUnlockedUser-0_com.android.server.tracing.TracingServiceProxy
05-30 14:03:28.621 D/SystemServerTimingAsync( 710): ssm.onUnlockedUser-0_com.android.server.policy.PermissionPolicyService
05-30 14:03:28.621 D/SystemServerTimingAsync( 710): ssm.onUnlockedUser-0_com.android.server.pm.StagingManager$Lifecycle
05-30 14:03:28.621 D/SystemServerTimingAsync( 710): ssm.onUnlockedUser-0_com.android.server.app.GameManagerService$Lifecycle
05-30 14:03:28.621 D/SystemServerTimingAsync( 710): ssm.onUnlockedUser-0_com.android.safetycenter.SafetyCenterService
05-30 14:03:28.622 D/SystemServerTimingAsync( 710): ssm.onUnlockedUser-0_com.android.server.appsearch.AppSearchModule$Lifecycle
05-30 14:03:28.622 D/SystemServerTimingAsync( 710): ssm.onUnlockedUser-0_com.android.server.media.MediaCommunicationService
05-30 14:03:28.622 D/SystemServerTimingAsync( 710): ssm.onUnlockedUser-0_com.android.server.compat.overrides.AppCompatOverridesService$Lifecycle
05-30 14:03:28.622 E/BackupPasswordManager( 710): Unable to read backup pw version
05-30 14:03:28.622 D/SystemServerTimingAsync( 710): ssm.onUnlockedUser-0_com.android.server.healthconnect.HealthConnectManagerService
05-30 14:03:28.622 D/HealthConnectManagerService( 710): switchToSetupForUser: UserHandle{0}
05-30 14:03:28.622 D/HealthConnectBackupRestore( 710): Performing user switch operations.
05-30 14:03:28.622 E/BackupPasswordManager( 710): Unable to read saved backup pw hash
05-30 14:03:28.623 I/lerad.etna.haqu( 1430): Using CollectorTypeCC GC.
05-30 14:03:28.624 D/SystemServerTimingAsync( 710): ssm.onUnlockedUser-0_com.android.server.devicelock.DeviceLockService
05-30 14:03:28.630 D/Zygote ( 465): Forked child process 1439
05-30 14:03:28.638 I/Zygote ( 1439): seccomp disabled by setenforce 0
05-30 14:03:28.639 V/NotificationAssistants( 710): disabling notification assistant for user 0: ComponentInfo{android.ext.services/android.ext.services.notification.Assistant}
05-30 14:03:28.639 D/LocalBluetoothProfileManager( 962): Adding local A2DP profile
05-30 14:03:28.639 D/NotificationListeners( 710): Removing active service ComponentInfo{android.ext.services/android.ext.services.notification.Assistant}
05-30 14:03:28.642 D/FallbackHome( 1306): User unlocked and real home found; let's go!
05-30 14:03:28.642 D/BluetoothA2dp( 962): Binding service...
05-30 14:03:28.643 D/LocalBluetoothProfileManager( 962): Adding local HEADSET profile
05-30 14:03:28.645 I/rs.media.module( 1439): Using CollectorTypeCC GC.
05-30 14:03:28.646 V/WindowManagerShell( 962): Transition requested: android.os.BinderProxy@645cea6 TransitionRequestInfo { type = 2, triggerTask = TaskInfo{userId=0 taskId=3 displayId=0 isRunning=false baseIntent=Intent { act=android.intent.action.MAIN cat=[android.intent.category.HOME] flg=0x10800100 cmp=com.android.tv.settings/.system.FallbackHome } baseActivity=null topActivity=null origActivity=null realActivity=ComponentInfo{com.android.tv.settings/com.android.tv.settings.system.FallbackHome} numActivities=0 lastActiveTime=21636 supportsMultiWindow=true resizeMode=0 isResizeable=false minWidth=-1 minHeight=-1 defaultMinSize=220 token=WCT{android.window.IWindowContainerToken$Stub$Proxy@b13c0e7} topActivityType=2 pictureInPictureParams=null shouldDockBigOverlays=false launchIntoPipHostTaskId=-1 lastParentTaskIdBeforePip=-1 displayCutoutSafeInsets=null topActivityInfo=null launchCookies=[] positionInParent=Point(0, 0) parentTaskId=-1 isFocused=true isVisible=true isVisibleRequested=true isSleeping=false topActivityInSizeCompat=false topActivityEligibleForLetterboxEducation= false isLetterboxDoubleTapEnabled= false topActivityEligibleForUserAspectRatioButton= false topActivityBoundsLetterboxed= false isFromLetterboxDoubleTap= false topActivityLetterboxVerticalPosition= -1 topActivityLetterboxHorizontalPosition= -1 topActivityLetterboxWidth=-1 topActivityLetterboxHeight=-1 isUserFullscreenOverrideEnabled=false isTopActivityTransparent=false locusId=null displayAreaFeatureId=1 cameraCompatControlState=hidden}, remoteTransition = null, displayChange = null, flags = 0 }
05-30 14:03:28.647 D/GattService( 1090): Unlocked userId 0
05-30 14:03:28.648 D/A2dpService( 1090): Unlocked userId 0
05-30 14:03:28.648 D/AvrcpTargetService( 1090): Unlocked userId 0
05-30 14:03:28.648 I/AvrcpTargetService( 1090): User unlocked, initializing the service
05-30 14:03:28.648 V/MediaPlayerList( 1090): Initializing MediaPlayerList
05-30 14:03:28.648 D/BluetoothHeadset( 962): Binding service...
05-30 14:03:28.649 I/libperfmgr( 486): Hint type not present in actions: DISPLAY_UPDATE_IMMINENT
05-30 14:03:28.649 I/android.hardware.power-service.libperfmgr( 486): Power boost DISPLAY_UPDATE_IMMINENT isBoostSupported: 0
05-30 14:03:28.650 D/LocalBluetoothProfileManager( 962): Adding local OPP profile
05-30 14:03:28.650 D/LocalBluetoothProfileManager( 962): Adding local HID_HOST profile
05-30 14:03:28.650 I/BrowsedPlayerWrapper( 1090): Wrapping Media Browser com.android.bluetooth
05-30 14:03:28.651 I/BrowsedPlayerWrapper( 1090): Wrapping Media Browser com.android.music
05-30 14:03:28.652 D/HeadsetService( 1090): Unlocked userId 0
05-30 14:03:28.652 D/HearingAidService( 1090): Unlocked userId 0
05-30 14:03:28.652 D/HidHostService( 1090): Unlocked userId 0
05-30 14:03:28.652 D/BluetoothOppService( 1090): Unlocked userId 0
05-30 14:03:28.652 D/PanService( 1090): Unlocked userId 0
05-30 14:03:28.655 E/rs.media.module( 1439): Not starting debugger since process cannot load the jdwp agent.
05-30 14:03:28.655 E/lerad.etna.haqu( 1430): Not starting debugger since process cannot load the jdwp agent.
05-30 14:03:28.656 I/FastBootComplete( 976): action:android.intent.action.BOOT_COMPLETED
05-30 14:03:28.659 D/BluetoothHidHost( 962): Binding service...
05-30 14:03:28.660 D/BluetoothManagerService( 710): Creating new ProfileServiceConnections object for profile: 4
05-30 14:03:28.660 D/CompatibilityChangeReporter( 710): Compat change id reported: 265464455; UID 1000; state: DISABLED
05-30 14:03:28.660 D/CompatibilityChangeReporter( 710): Compat change id reported: 265452344; UID 1000; state: DISABLED
05-30 14:03:28.661 D/CompatibilityChangeReporter( 710): Compat change id reported: 266124927; UID 1000; state: DISABLED
05-30 14:03:28.661 D/CompatibilityChangeReporter( 710): Compat change id reported: 265451093; UID 1000; state: DISABLED
05-30 14:03:28.662 D/CompatibilityChangeReporter( 710): Compat change id reported: 265456536; UID 1000; state: DISABLED
05-30 14:03:28.662 D/CompatibilityChangeReporter( 710): Compat change id reported: 255940284; UID 1000; state: DISABLED
05-30 14:03:28.662 D/CompatibilityChangeReporter( 710): Compat change id reported: 236283604; UID 1000; state: DISABLED
05-30 14:03:28.663 D/CompatibilityChangeReporter( 710): Compat change id reported: 263959004; UID 1000; state: DISABLED
05-30 14:03:28.663 D/CompatibilityChangeReporter( 710): Compat change id reported: 264304459; UID 1000; state: DISABLED
05-30 14:03:28.664 D/CompatibilityChangeReporter( 710): Compat change id reported: 264301586; UID 1000; state: DISABLED
05-30 14:03:28.664 D/CompatibilityChangeReporter( 710): Compat change id reported: 254631730; UID 1000; state: DISABLED
05-30 14:03:28.664 D/CompatibilityChangeReporter( 710): Compat change id reported: 273509367; UID 1000; state: DISABLED
05-30 14:03:28.668 W/ContextImpl( 976): Calling a method in the system process without a qualified user: android.app.ContextImpl.startService:1899 android.content.ContextWrapper.startService:825 android.content.ContextWrapper.startService:825 com.droidlogic.btpair.FastBootComplete.onReceive:20 android.app.ActivityThread.handleReceiver:4494
05-30 14:03:28.669 D/CompatibilityChangeReporter( 710): Compat change id reported: 263259275; UID 1000; state: DISABLED
05-30 14:03:28.670 D/CompatibilityChangeReporter( 710): Compat change id reported: 174042980; UID 1000; state: DISABLED
05-30 14:03:28.671 D/CompatibilityChangeReporter( 710): Compat change id reported: 174042936; UID 1000; state: DISABLED
05-30 14:03:28.671 D/CompatibilityChangeReporter( 710): Compat change id reported: 181136395; UID 1000; state: DISABLED
05-30 14:03:28.673 W/ActivityManager( 710): Slow operation: 80ms so far, now at startProcess: done updating battery stats
05-30 14:03:28.673 I/Watchdog( 710): Interesting Java process com.android.providers.media.module started. Pid 1439
05-30 14:03:28.673 W/ActivityManager( 710): Slow operation: 81ms so far, now at startProcess: building log message
05-30 14:03:28.673 I/ActivityManager( 710): Start proc 1439:com.android.providers.media.module/u0a68 for service {com.android.providers.media.module/com.android.providers.media.fuse.ExternalStorageServiceImpl}
05-30 14:03:28.673 W/ActivityManager( 710): Slow operation: 81ms so far, now at startProcess: starting to update pids map
05-30 14:03:28.674 I/HealthConnectBackupRestore( 710): Attempt to schedule download timeout job with state: 0
05-30 14:03:28.674 I/HealthConnectBackupRestore( 710): Attempt to schedule staging timeout job with state: 0
05-30 14:03:28.674 I/HealthConnectBackupRestore( 710): Attempt to schedule merging timeout job with state: 0
05-30 14:03:28.683 V/BackupManagerService( 710): [UserID:0] No ancestral data
05-30 14:03:28.684 D/CompatibilityChangeReporter( 710): Compat change id reported: 194480991; UID 1000; state: ENABLED
05-30 14:03:28.687 V/BackupManagerConstants( 710): getKeyValueBackupIntervalMilliseconds(...) returns 14400000
05-30 14:03:28.687 V/BackupManagerConstants( 710): getKeyValueBackupFuzzMilliseconds(...) returns 600000
05-30 14:03:28.687 V/BackupManagerConstants( 710): getKeyValueBackupRequiredNetworkType(...) returns 1
05-30 14:03:28.687 V/BackupManagerConstants( 710): getKeyValueBackupRequireCharging(...) returns true
05-30 14:03:28.687 V/KeyValueBackupJob( 710): Scheduling k/v pass in 242 minutes
05-30 14:03:28.687 E/CellBroadcastUtils( 710): getDefaultCellBroadcastReceiverPackageName: no package found
05-30 14:03:28.688 D/CompatibilityChangeReporter( 710): Compat change id reported: 271850009; UID 1000; state: ENABLED
05-30 14:03:28.689 D/CompatibilityChangeReporter( 710): Compat change id reported: 271850009; UID 1000; state: DISABLED
05-30 14:03:28.700 D/CompatibilityChangeReporter( 710): Compat change id reported: 197654537; UID 1000; state: DISABLED
05-30 14:03:28.709 I/ActivityTaskManager( 710): START u0 {act=android.intent.action.MAIN cat=[android.intent.category.HOME] flg=0x10000100 cmp=com.dangbei.leard.leradlauncher/com.dangbei.launcher.home.LauncherActivity (has extras)} with LAUNCH_SINGLE_TASK from uid 0 (BAL_ALLOW_ALLOWLISTED_UID) result code=0
05-30 14:03:28.711 I/UsageStatsService( 710): User[0] Rollover scheduled @ 2025-05-31 14:03:28(1748671408643)
05-30 14:03:28.714 D/ConnectivityService( 710): requestNetwork for uid/pid:1000/710 activeRequest: null callbackRequest: 33 [NetworkRequest [ REQUEST id=34, [ Capabilities: INTERNET&NOT_RESTRICTED&TRUSTED&NOT_VCN_MANAGED Uid: 1000 RequestorUid: 1000 RequestorPkg: android UnderlyingNetworks: Null] ]] callback flags: 0 order: 2147483647
05-30 14:03:28.716 D/WifiNetworkFactory( 710): got request NetworkRequest [ REQUEST id=34, [ Capabilities: INTERNET&NOT_RESTRICTED&TRUSTED&NOT_VCN_MANAGED Uid: 1000 RequestorUid: 1000 RequestorPkg: android UnderlyingNetworks: Null] ]
05-30 14:03:28.717 D/UntrustedWifiNetworkFactory( 710): got request NetworkRequest [ REQUEST id=34, [ Capabilities: INTERNET&NOT_RESTRICTED&TRUSTED&NOT_VCN_MANAGED Uid: 1000 RequestorUid: 1000 RequestorPkg: android UnderlyingNetworks: Null] ]
05-30 14:03:28.717 D/OemPaidWifiNetworkFactory( 710): got request NetworkRequest [ REQUEST id=34, [ Capabilities: INTERNET&NOT_RESTRICTED&TRUSTED&NOT_VCN_MANAGED Uid: 1000 RequestorUid: 1000 RequestorPkg: android UnderlyingNetworks: Null] ]
05-30 14:03:28.717 D/ConnectivityService( 710): NetReassign [no changes] [c 1] [a 0] [i 1]
05-30 14:03:28.718 I/BpBinder( 263): onLastStrongRef automatically unlinking death recipients:
05-30 14:03:28.719 D/MultiInternetWifiNetworkFactory( 710): got request NetworkRequest [ REQUEST id=34, [ Capabilities: INTERNET&NOT_RESTRICTED&TRUSTED&NOT_VCN_MANAGED Uid: 1000 RequestorUid: 1000 RequestorPkg: android UnderlyingNetworks: Null] ]
05-30 14:03:28.720 I/UsageStatsService( 710): Time changed in by 1748584985 seconds
05-30 14:03:28.725 W/ActivityManager( 710): Slow operation: 128ms so far, now at startProcess: done updating pids map
05-30 14:03:28.728 I/ActivityManager( 710): com.dangbei.leard.leradlauncher is exempt from freezer
05-30 14:03:28.733 D/CompatibilityChangeReporter( 710): Compat change id reported: 261072174; UID 1002; state: ENABLED
05-30 14:03:28.739 W/ContextImpl( 976): Calling a method in the system process without a qualified user: android.app.ContextImpl.startService:1899 android.content.ContextWrapper.startService:825 android.content.ContextWrapper.startService:825 com.droidlogic.btpair.FastBootComplete.onReceive:23 android.app.ActivityThread.handleReceiver:4494
05-30 14:03:28.740 D/CompatibilityChangeReporter( 710): Compat change id reported: 168419799; UID 10068; state: DISABLED
05-30 14:03:28.740 D/CompatibilityChangeReporter( 710): Compat change id reported: 273564678; UID 10068; state: DISABLED
05-30 14:03:28.744 D/CompatibilityChangeReporter( 710): Compat change id reported: 168419799; UID 1000; state: DISABLED
05-30 14:03:28.744 D/CompatibilityChangeReporter( 710): Compat change id reported: 273564678; UID 1000; state: DISABLED
05-30 14:03:28.745 D/CompatibilityChangeReporter( 1439): Compat change id reported: 171979766; UID 10068; state: ENABLED
05-30 14:03:28.745 D/CompatibilityChangeReporter( 1439): Compat change id reported: 242716250; UID 10068; state: ENABLED
05-30 14:03:28.747 W/Looper ( 710): Slow dispatch took 121ms android.ui h=com.android.server.am.ActivityManagerService$UiHandler c=null m=68
05-30 14:03:28.747 D/BluetoothA2dp( 962): Proxy object connected
05-30 14:03:28.750 V/NotificationAssistants( 710): enabling notification assistant for 0: ComponentInfo{android.ext.services/android.ext.services.notification.Assistant}
05-30 14:03:28.751 D/CompatibilityChangeReporter( 710): Compat change id reported: 161252188; UID 10049; state: DISABLED
05-30 14:03:28.751 V/NotificationAssistants( 710): binding: Intent { act=android.service.notification.NotificationAssistantService cmp=android.ext.services/.notification.Assistant (has extras) }
05-30 14:03:28.751 D/CompatibilityChangeReporter( 710): Compat change id reported: 170503758; UID 10068; state: ENABLED
05-30 14:03:28.751 D/BluetoothHeadset( 962): Proxy object connected
05-30 14:03:28.754 D/CompatibilityChangeReporter( 1430): Compat change id reported: 171979766; UID 1000; state: DISABLED
05-30 14:03:28.754 D/CompatibilityChangeReporter( 710): Compat change id reported: 135634846; UID 10049; state: DISABLED
05-30 14:03:28.755 D/CompatibilityChangeReporter( 710): Compat change id reported: 177438394; UID 10049; state: DISABLED
05-30 14:03:28.755 D/CompatibilityChangeReporter( 710): Compat change id reported: 135772972; UID 10049; state: DISABLED
05-30 14:03:28.755 D/CompatibilityChangeReporter( 710): Compat change id reported: 135754954; UID 10049; state: ENABLED
05-30 14:03:28.756 D/CompatibilityChangeReporter( 1430): Compat change id reported: 242716250; UID 1000; state: DISABLED
05-30 14:03:28.757 D/LocalBluetoothProfileManager( 962): Adding local PAN profile
05-30 14:03:28.760 D/CompatibilityChangeReporter( 710): Compat change id reported: 161145287; UID 1000; state: ENABLED
05-30 14:03:28.761 D/CompatibilityChangeReporter( 710): Compat change id reported: 161145287; UID 1000; state: DISABLED
05-30 14:03:28.769 D/CompatibilityChangeReporter( 710): Compat change id reported: 218533173; UID 10068; state: ENABLED
05-30 14:03:28.769 D/Zygote ( 465): Forked child process 1464
05-30 14:03:28.769 D/CompatibilityChangeReporter( 710): Compat change id reported: 262645982; UID 10068; state: ENABLED
05-30 14:03:28.770 I/ActivityManager( 710): Start proc 1464:com.dangbei.leard.leradlauncher/1000 for top-activity {com.dangbei.leard.leradlauncher/com.dangbei.launcher.home.LauncherActivity}
05-30 14:03:28.770 D/CompatibilityChangeReporter( 710): Compat change id reported: 143937733; UID 10049; state: ENABLED
05-30 14:03:28.773 D/CompatibilityChangeReporter( 710): Compat change id reported: 261072174; UID 1000; state: ENABLED
05-30 14:03:28.774 W/Looper ( 710): Slow dispatch took 136ms main h=android.app.ActivityThread$H c=android.app.LoadedApk$ReceiverDispatcher$Args$$ExternalSyntheticLambda0@9caacd9 m=0
05-30 14:03:28.776 D/CompatibilityChangeReporter( 710): Compat change id reported: 265195908; UID 10068; state: ENABLED
05-30 14:03:28.778 D/BLE_Service( 976): Service onCreate
05-30 14:03:28.777 D/BluetoothPan( 962): Binding service...
05-30 14:03:28.781 D/BluetoothManagerService( 710): Creating new ProfileServiceConnections object for profile: 5
05-30 14:03:28.782 I/BackupManagerService( 710): isBackupEnabled() => false due to absent settings file
05-30 14:03:28.782 D/BackupManagerService( 710): user:0 readBackupEnableState enabled:false
05-30 14:03:28.782 I/BackupManagerService( 710): [UserID:0] Backup enabled => false
05-30 14:03:28.787 I/ActivityManager( 710): com.oranth.ledstatus is exempt from freezer
05-30 14:03:28.789 D/CompatibilityChangeReporter( 710): Compat change id reported: 135634846; UID 1000; state: DISABLED
05-30 14:03:28.789 W/MediaSessionCompat( 1090): Couldn't find a unique registered media button receiver in the given context.
05-30 14:03:28.795 I/MediaSessionStack( 710): addSession to bottom of stack | record: com.android.bluetooth/BluetoothMediaBrowserService (userId=0)
05-30 14:03:28.799 D/ApplicationLoaders( 1430): Returning zygote-cached class loader: /system/framework/android.test.base.jar
05-30 14:03:28.799 D/ApplicationLoaders( 1430): Returning zygote-cached class loader: /system/framework/android.hidl.manager-V1.0-java.jar
05-30 14:03:28.799 D/ApplicationLoaders( 1430): Returning zygote-cached class loader: /system/framework/android.hidl.base-V1.0-java.jar
05-30 14:03:28.801 I/Zygote ( 1464): seccomp disabled by setenforce 0
05-30 14:03:28.804 I/AccountManagerService( 710): User 0 is unlocked - opening CE database
05-30 14:03:28.807 W/AudioVideoDevReconnectService( 976): oncreate
05-30 14:03:28.808 I/d.leradlauncher( 1464): Using CollectorTypeCC GC.
05-30 14:03:28.814 D/WindowManagerShell( 962): TvPipController: onTaskStackChanged()
05-30 14:03:28.814 E/d.leradlauncher( 1464): Not starting debugger since process cannot load the jdwp agent.
05-30 14:03:28.821 D/LocalBluetoothProfileManager( 976): LocalBluetoothProfileManager construction complete
05-30 14:03:28.825 V/NotificationAssistants( 710): 0 notification assistant service connected: ComponentInfo{android.ext.services/android.ext.services.notification.Assistant}
05-30 14:03:28.832 D/LocalBluetoothProfileManager( 976): Adding local A2DP profile
05-30 14:03:28.834 D/BluetoothA2dp( 976): Binding service...
05-30 14:03:28.837 D/LocalBluetoothProfileManager( 976): Adding local HEADSET profile
05-30 14:03:28.839 D/BluetoothHeadset( 976): Binding service...
05-30 14:03:28.839 D/nativeloader( 1439): Configuring clns-shared-4 for other apk /apex/com.android.mediaprovider/priv-app/MediaProvider@UD2A.240505.001.W1/MediaProvider.apk. target_sdk_version=34, uses_libraries=, library_path=/apex/com.android.mediaprovider/priv-app/MediaProvider@UD2A.240505.001.W1/lib/arm:/apex/com.android.mediaprovider/priv-app/MediaProvider@UD2A.240505.001.W1/MediaProvider.apk!/lib/armeabi-v7a:/system/lib:/system_ext/lib, permitted_path=/data:/mnt/expand:/data/user/0/com.android.providers.media.module:/apex/com.android.mediaprovider/priv-app/MediaProvider@UD2A.240505.001.W1:/system/lib:/system_ext/lib
05-30 14:03:28.840 D/LocalBluetoothProfileManager( 976): Adding local OPP profile
05-30 14:03:28.840 D/LocalBluetoothProfileManager( 976): Adding local Hearing Aid profile
05-30 14:03:28.841 D/Zygote ( 465): Forked child process 1478
05-30 14:03:28.842 W/ActivityManager( 710): Slow operation: 89ms so far, now at startProcess: returned from zygote!
05-30 14:03:28.843 W/ActivityManager( 710): Slow operation: 89ms so far, now at startProcess: done updating battery stats
05-30 14:03:28.843 W/ActivityManager( 710): Slow operation: 89ms so far, now at startProcess: building log message
05-30 14:03:28.843 I/ActivityManager( 710): Start proc 1478:com.android.music/u0a49 for service {com.android.music/com.android.music.MediaPlaybackService}
05-30 14:03:28.843 W/ActivityManager( 710): Slow operation: 89ms so far, now at startProcess: starting to update pids map
05-30 14:03:28.843 W/ActivityManager( 710): Slow operation: 89ms so far, now at startProcess: done updating pids map
05-30 14:03:28.843 W/ActivityManager( 710): Slow operation: 56ms so far, now at startProcess: asking zygote to start proc
05-30 14:03:28.846 I/SyncManager( 710): Loaded persisted syncs: 0 periodic syncs, 0 oneshot syncs, 0 total system server jobs, JobStats: FirstLoad: 5/3/0 LastSave: -1/-1/-1
