05-30 17:32:39.284 I/ConnectAuthJNI( 2757): InitArraylist 1013
05-30 17:32:39.284 I/ConnectAuthJNI( 2757): InitConnectAuthStaticJNIMethod 1114 methodRet=0
05-30 17:32:39.284 E/ConnectAuthJNI( 2757): JNI_OnLoad finish....1138
05-30 17:32:39.284 D/Hisight-HiChainAuthControl( 2757): setupAuthIfNeeded, HiChainInstance hasn't been initialized
05-30 17:32:39.284 I/ConnectAuthJNI( 2757): Java_com_huawei_hisight_security_ConnectAuthNative_nativeSetup 795 call HiChainNativeSetup
05-30 17:32:39.284 I/ConnectAuthJNI( 2757): HiChainNativeSetup 565 registe_log
05-30 17:32:39.284 I/ConnectAuthJNI( 2757): HksStorageRegisterFileCallbacks 245 register hks file callback status =0
05-30 17:32:39.284 I/ConnectAuthJNI( 2757): HksRegisterGetDeviceIdCallback 268 register hks get hardware udid callback status =0
05-30 17:32:39.285 D/ConnectAuthJNI( 2757): [HiChain] get_instance Begin get instance
05-30 17:32:39.285 I/ConnectAuthJNI( 2757): [HKS] hks_service_key_info_init hks init : begin
05-30 17:32:39.285 I/ConnectAuthJNI( 2757): FileRead 113 FileRead
05-30 17:32:39.285 I/ConnectAuthJNI( 2757): FileRead 122 FileRead call readSecureFile begin
05-30 17:32:39.285 E/Hisight-ConnectAuthCallBack( 2757): readSecureFile failed, no such file
05-30 17:32:39.285 W/ConnectAuthJNI( 2757): FileRead 132 FileRead call readSecureFile byteArray is null
05-30 17:32:39.286 I/ConnectAuthJNI( 2757): [HKS] hks_rkc_init RKC init:begin, is_key_info_exist=0
05-30 17:32:39.286 I/ConnectAuthJNI( 2757): [HKS] hks_rkc_init_entropy the entropy is empty
05-30 17:32:39.286 I/ConnectAuthJNI( 2757): FileSize 214 FileSize
05-30 17:32:39.286 I/ConnectAuthJNI( 2757): FileSize 230 fileSize=258
05-30 17:32:39.286 I/ConnectAuthJNI( 2757): FileRead 113 FileRead
05-30 17:32:39.286 I/ConnectAuthJNI( 2757): FileRead 122 FileRead call readSecureFile begin
05-30 17:32:39.286 I/ConnectAuthJNI( 2757): FileRead 135 FileRead call readSecureFile end
05-30 17:32:39.286 I/ConnectAuthJNI( 2757): FileRead 150 fileBuff size 258, buf len 258
05-30 17:32:39.286 I/ConnectAuthJNI( 2757): FileSize 214 FileSize
05-30 17:32:39.286 I/ConnectAuthJNI( 2757): FileSize 230 fileSize=258
05-30 17:32:39.286 I/ConnectAuthJNI( 2757): FileRead 113 FileRead
05-30 17:32:39.286 I/ConnectAuthJNI( 2757): FileRead 122 FileRead call readSecureFile begin
05-30 17:32:39.287 I/ConnectAuthJNI( 2757): FileRead 135 FileRead call readSecureFile end
05-30 17:32:39.287 I/ConnectAuthJNI( 2757): FileRead 150 fileBuff size 258, buf len 258
05-30 17:32:39.287 I/ConnectAuthJNI( 2757): [HKS] hks_rkc_load_ksf load ksf success
05-30 17:32:39.287 I/ConnectAuthJNI( 2757): [HKS] hks_rkc_init root key component init success
05-30 17:32:39.287 I/ConnectAuthJNI( 2757): [HKS] hks_rkc_init RKC init:end,rc=0
05-30 17:32:39.287 I/ConnectAuthJNI( 2757): [HKS] hks_service_key_info_init hks init : end
05-30 17:32:39.287 I/ConnectAuthJNI( 2757): GetHiChainProtocolParamsCallback 371 GetHiChainProtocolParamsCallback operation_code= 99
05-30 17:32:39.287 I/ConnectAuthJNI( 2757): paramLen is ,=0
05-30 17:32:39.287 I/ConnectAuthJNI( 2757): paramLen is ,=0
05-30 17:32:39.287 I/ConnectAuthJNI( 2757): GetHiChainProtocolParamsCallback 402 GetHiChainProtocolParamsCallback end
05-30 17:32:39.287 I/ConnectAuthJNI( 2757): [HiChain] get_instance Get instance success
05-30 17:32:39.287 I/ConnectAuthJNI( 2757): Java_com_huawei_hisight_security_ConnectAuthNative_nativeGetHiChainInstance 598 get instance success
05-30 17:32:39.287 D/Hisight-HiChainAuthControl( 2757): destroyAuth
05-30 17:32:39.287 I/ConnectAuthJNI( 2757): Java_com_huawei_hisight_security_ConnectAuthNative_nativeDestroy 603 destroy
05-30 17:32:39.287 D/Hisight-HiChainAuthControl( 2757): setupAuthIfNeeded, HiChainInstance hasn't been initialized
05-30 17:32:39.287 I/ConnectAuthJNI( 2757): Java_com_huawei_hisight_security_ConnectAuthNative_nativeSetup 795 call HiChainNativeSetup
05-30 17:32:39.287 I/ConnectAuthJNI( 2757): HiChainNativeSetup 565 registe_log
05-30 17:32:39.287 I/ConnectAuthJNI( 2757): HksStorageRegisterFileCallbacks 245 register hks file callback status =0
05-30 17:32:39.287 I/ConnectAuthJNI( 2757): HksRegisterGetDeviceIdCallback 268 register hks get hardware udid callback status =0
05-30 17:32:39.287 D/ConnectAuthJNI( 2757): [HiChain] get_instance Begin get instance
05-30 17:32:39.287 I/ConnectAuthJNI( 2757): [HKS] hks_service_key_info_init hks init : begin
05-30 17:32:39.287 I/ConnectAuthJNI( 2757): [HKS] hks_service_key_info_init hks init : end
05-30 17:32:39.287 I/ConnectAuthJNI( 2757): GetHiChainProtocolParamsCallback 371 GetHiChainProtocolParamsCallback operation_code= 99
05-30 17:32:39.287 I/ConnectAuthJNI( 2757): paramLen is ,=0
05-30 17:32:39.287 I/ConnectAuthJNI( 2757): paramLen is ,=0
05-30 17:32:39.287 I/ConnectAuthJNI( 2757): GetHiChainProtocolParamsCallback 402 GetHiChainProtocolParamsCallback end
05-30 17:32:39.287 I/ConnectAuthJNI( 2757): [HiChain] get_instance Get instance success
05-30 17:32:39.287 I/ConnectAuthJNI( 2757): Java_com_huawei_hisight_security_ConnectAuthNative_nativeGetHiChainInstance 598 get instance success
05-30 17:32:39.287 W/ConnectAuthJNI( 2757): GetListTrustPeers 899 trustPeerSize=0
05-30 17:32:39.287 D/Hisight-HiChainAuthControl( 2757): destroyAuth
05-30 17:32:39.287 I/ConnectAuthJNI( 2757): Java_com_huawei_hisight_security_ConnectAuthNative_nativeDestroy 603 destroy
05-30 17:32:39.287 D/Hisight-HiChainAuthControl( 2757): setupAuthIfNeeded, HiChainInstance hasn't been initialized
05-30 17:32:39.287 I/ConnectAuthJNI( 2757): Java_com_huawei_hisight_security_ConnectAuthNative_nativeSetup 795 call HiChainNativeSetup
05-30 17:32:39.287 I/ConnectAuthJNI( 2757): HiChainNativeSetup 565 registe_log
05-30 17:32:39.287 I/ConnectAuthJNI( 2757): HksStorageRegisterFileCallbacks 245 register hks file callback status =0
05-30 17:32:39.287 I/ConnectAuthJNI( 2757): HksRegisterGetDeviceIdCallback 268 register hks get hardware udid callback status =0
05-30 17:32:39.288 D/ConnectAuthJNI( 2757): [HiChain] get_instance Begin get instance
05-30 17:32:39.288 I/ConnectAuthJNI( 2757): [HKS] hks_service_key_info_init hks init : begin
05-30 17:32:39.288 I/ConnectAuthJNI( 2757): [HKS] hks_service_key_info_init hks init : end
05-30 17:32:39.288 I/ConnectAuthJNI( 2757): GetHiChainProtocolParamsCallback 371 GetHiChainProtocolParamsCallback operation_code= 99
05-30 17:32:39.288 I/ConnectAuthJNI( 2757): paramLen is ,=0
05-30 17:32:39.288 I/ConnectAuthJNI( 2757): paramLen is ,=0
05-30 17:32:39.288 I/ConnectAuthJNI( 2757): GetHiChainProtocolParamsCallback 402 GetHiChainProtocolParamsCallback end
05-30 17:32:39.288 I/ConnectAuthJNI( 2757): [HiChain] get_instance Get instance success
05-30 17:32:39.288 I/ConnectAuthJNI( 2757): Java_com_huawei_hisight_security_ConnectAuthNative_nativeGetHiChainInstance 598 get instance success
05-30 17:32:39.288 W/ConnectAuthJNI( 2757): GetListTrustPeers 899 trustPeerSize=0
05-30 17:32:39.289 D/Hisight-DeviceListManager( 2757): init trusted list size: 0
05-30 17:32:39.289 D/HiSight-ConnectionManager( 2757): setAuthInfo, authMode: 1
05-30 17:32:39.294 D/TrafficStats( 2858): tagSocket(137) with statsTag=0xffffffff, statsUid=-1
05-30 17:32:39.340 E/audio_hw_hal_alsamgr( 477): aml_alsa_output_get_delayframe:824, pcm_ioctl fail, ret:0xffffffff, error info:Broken pipe
05-30 17:32:39.340 I/audio_hw_hal_alsamgr( 477): aml_alsa_output_write alsa_running_status[0xe8a064b0] change from 1 to 0
05-30 17:32:39.340 W/audio_hw_hal_alsamgr( 477): [aml_alsa_output_write:616] alsa underrun
05-30 17:32:39.385 D/ActivityManager( 710): freezing 1840 com.android.permissioncontroller
05-30 17:32:39.393 I/audio_hw_hal_ms12v2( 477): dolby_ms12_threadloop alsa is not running
05-30 17:32:39.393 I/audio_hw_hal_alsamgr( 477): aml_alsa_output_write alsa_running_status[0xe8a064b0] change from 0 to 1
05-30 17:32:39.461 D/HiSight-SinkService( 2757): setDiscoverable true
05-30 17:32:39.461 D/HiSight-Discovery( 2757): set deviceInfo type:46
05-30 17:32:39.461 D/HiSight-Discovery( 2757): startAdvertise 3
05-30 17:32:39.461 D/HiSight-Discovery( 2757): stopAdvertise.
05-30 17:32:39.461 D/NearFieldManager( 2757): StopListen moduleId: CastPlusDiscoveryModule
05-30 17:32:39.462 D/NearFieldManagerImpl( 2858): stopListen: moduleId: CastPlusDiscoveryModule
05-30 17:32:39.462 D/NearFieldManagerImpl( 2858): registerCapability() called with: capabilityBitmapNum = 1, capabilityBitmap = [0]
05-30 17:32:39.462 I/HicomNf_java_to_c( 2858): registerCapability, capabilityBitmapNum: 1
05-30 17:32:39.462 I/HicomNfMainCtrlManager( 2858): RegisterCapability: 1, 0
05-30 17:32:39.462 D/NearFieldManagerImpl( 2858): Register capability succeed with capabilityBitmapNum = 1, capabilityBitmap = [0]
05-30 17:32:39.462 D/wenhc ( 1464): getScreenInfo uri = content://com.dangbei.screencast.parts.info/screen_cast
05-30 17:32:39.462 D/HiSight-Discovery( 2757): nearFieldStartListen deviceType 46
05-30 17:32:39.463 D/NearFieldManagerImpl( 2858): setServiceData, sServiceData=[32], serviceData=[32]
05-30 17:32:39.463 E/NearFieldManagerImpl( 2858): setServiceData, serviceData exists
05-30 17:32:39.463 E/NearFieldManager( 2757): setIdnNetworkPriority: networkPortPriority is empty
05-30 17:32:39.463 D/NearFieldManager( 2757): StartListen moduleId: CastPlusDiscoveryModule
05-30 17:32:39.463 D/NearFieldManagerImpl( 2858): startListen: moduleId: CastPlusDiscoveryModule
05-30 17:32:39.463 D/NearFieldUtils( 2858): getPreferredIpAddress exec
05-30 17:32:39.463 D/NearFieldUtils( 2858): getPreferredIpAddress by custom priority
05-30 17:32:39.463 D/NearFieldUtils( 2858): getIpByInterfaceSetting customIdnNetworkPriority:[]
05-30 17:32:39.463 D/NearFieldUtils( 2858): getPreferredIpAddress by default priority
05-30 17:32:39.469 D/NearFieldUtils( 2858): to get wlan0 ip address
05-30 17:32:39.469 D/NearFieldUtils( 2858): get wlan0 IP succeed.
05-30 17:32:39.469 D/NearFieldManagerImpl( 2858): sDeviceType: 46
05-30 17:32:39.469 D/NearFieldManagerImpl( 2858): registerDevice() is called.
05-30 17:32:39.470 I/HicomNfMainCtrlManager( 2858): NSTACKX_RegisterDevice is called
05-30 17:32:39.470 D/NearFieldManagerImpl( 2858): Register device success.
05-30 17:32:39.470 I/NearFieldManagerImpl( 2858): serviceName is castPlus
05-30 17:32:39.470 I/nStackXDFinder( 2858): UpdateLocalNetworkInterface:[472] :UpdateLocalNetworkInterface exec,initerfaceName:wlan0
05-30 17:32:39.470 E/nStackXDFinder( 2858): GetLocalIp:[401] :GetLocalIp exec
05-30 17:32:39.470 D/NearFieldManagerImpl( 2858): registerCapability() called with: capabilityBitmapNum = 1, capabilityBitmap = [8]
05-30 17:32:39.470 I/nStackXDFinder( 2858): UpdateLocalNetworkInterface:[498] :UpdateLocalNetworkInterface copy ip value in default process
05-30 17:32:39.470 I/HicomNf_java_to_c( 2858): registerCapability, capabilityBitmapNum: 1
05-30 17:32:39.470 E/nStackXDFinder( 2858): GetLocalIp:[401] :GetLocalIp exec
05-30 17:32:39.470 I/HicomNfMainCtrlManager( 2858): RegisterCapability: 1, 8
05-30 17:32:39.470 D/NearFieldManagerImpl( 2858): Register capability succeed with capabilityBitmapNum = 1, capabilityBitmap = [8]
05-30 17:32:39.470 D/NearFieldManagerImpl( 2858): registerServiceData() called with: serviceData = 32
05-30 17:32:39.470 D/NearFieldManagerImpl( 2858): registerModule() called with: packageModuleName = com.huawei.connection+CastPlusDiscoveryModule
05-30 17:32:39.470 D/NearFieldManagerImpl( 2858): registerModule, registered before
05-30 17:32:39.470 I/HicomNf_java_to_c( 2858): registerModule, moduleName: com.huawei.connection+CastPlusDiscoveryModule
05-30 17:32:39.470 I/HicomNfMainCtrlManager( 2858): Enter RegisterModule
05-30 17:32:39.470 I/nStackXDFinder( 2858): UpdateLocalNetworkInterface:[505] :UpdateLocalNetworkInterface: ip not change
05-30 17:32:39.470 I/HicomNfRegManager( 2858): RegisterModule OK, already registered com.huawei.connection+CastPlusDiscoveryModule
05-30 17:32:39.470 I/nStackXDFinder( 2858): RegisterServiceData:[728] :RegisterServiceData, serviceData=[32]
05-30 17:32:39.471 I/gbei.screencast( 2757): type=1400 audit(0.0:1111): avc: denied { write } for name="property_service" dev="tmpfs" ino=411 scontext=u:r:untrusted_app_27:s0:c44,c256,c512,c768 tcontext=u:object_r:property_socket:s0 tclass=sock_file permissive=1 app=com.dangbei.screencast
05-30 17:32:39.492 D/HiSight-SinkService( 2757): setDiscoverable true
05-30 17:32:39.492 D/HiSight-Discovery( 2757): set deviceInfo type:46
05-30 17:32:39.492 D/HiSight-Discovery( 2757): startAdvertise 3
05-30 17:32:39.492 D/HiSight-Discovery( 2757): stopAdvertise.
05-30 17:32:39.492 D/NearFieldManager( 2757): StopListen moduleId: CastPlusDiscoveryModule
05-30 17:32:39.492 D/NearFieldManagerImpl( 2858): stopListen: moduleId: CastPlusDiscoveryModule
05-30 17:32:39.493 D/NearFieldManagerImpl( 2858): registerCapability() called with: capabilityBitmapNum = 1, capabilityBitmap = [0]
05-30 17:32:39.493 I/HicomNf_java_to_c( 2858): registerCapability, capabilityBitmapNum: 1
05-30 17:32:39.493 I/HicomNfMainCtrlManager( 2858): RegisterCapability: 1, 0
05-30 17:32:39.493 D/NearFieldManagerImpl( 2858): Register capability succeed with capabilityBitmapNum = 1, capabilityBitmap = [0]
05-30 17:32:39.493 D/wenhc ( 1464): getScreenInfo uri = content://com.dangbei.screencast.parts.info/screen_cast
05-30 17:32:39.493 D/HiSight-Discovery( 2757): nearFieldStartListen deviceType 46
05-30 17:32:39.494 D/NearFieldManagerImpl( 2858): setServiceData, sServiceData=[32], serviceData=[32]
05-30 17:32:39.494 E/NearFieldManagerImpl( 2858): setServiceData, serviceData exists
05-30 17:32:39.494 E/NearFieldManager( 2757): setIdnNetworkPriority: networkPortPriority is empty
05-30 17:32:39.494 D/NearFieldManager( 2757): StartListen moduleId: CastPlusDiscoveryModule
05-30 17:32:39.494 D/NearFieldManagerImpl( 2858): startListen: moduleId: CastPlusDiscoveryModule
05-30 17:32:39.495 D/NearFieldUtils( 2858): getPreferredIpAddress exec
05-30 17:32:39.495 D/NearFieldUtils( 2858): getPreferredIpAddress by custom priority
05-30 17:32:39.495 D/NearFieldUtils( 2858): getIpByInterfaceSetting customIdnNetworkPriority:[]
05-30 17:32:39.495 D/NearFieldUtils( 2858): getPreferredIpAddress by default priority
05-30 17:32:39.503 D/NearFieldUtils( 2858): to get wlan0 ip address
05-30 17:32:39.504 D/NearFieldUtils( 2858): get wlan0 IP succeed.
05-30 17:32:39.504 D/NearFieldManagerImpl( 2858): sDeviceType: 46
05-30 17:32:39.504 D/NearFieldManagerImpl( 2858): registerDevice() is called.
05-30 17:32:39.504 I/HicomNfMainCtrlManager( 2858): NSTACKX_RegisterDevice is called
05-30 17:32:39.504 D/NearFieldManagerImpl( 2858): Register device success.
05-30 17:32:39.504 I/nStackXDFinder( 2858): UpdateLocalNetworkInterface:[472] :UpdateLocalNetworkInterface exec,initerfaceName:wlan0
05-30 17:32:39.504 I/NearFieldManagerImpl( 2858): serviceName is castPlus
05-30 17:32:39.504 E/nStackXDFinder( 2858): GetLocalIp:[401] :GetLocalIp exec
05-30 17:32:39.504 I/nStackXDFinder( 2858): UpdateLocalNetworkInterface:[498] :UpdateLocalNetworkInterface copy ip value in default process
05-30 17:32:39.504 E/nStackXDFinder( 2858): GetLocalIp:[401] :GetLocalIp exec
05-30 17:32:39.504 I/nStackXDFinder( 2858): UpdateLocalNetworkInterface:[505] :UpdateLocalNetworkInterface: ip not change
05-30 17:32:39.504 D/NearFieldManagerImpl( 2858): registerCapability() called with: capabilityBitmapNum = 1, capabilityBitmap = [8]
05-30 17:32:39.504 I/HicomNf_java_to_c( 2858): registerCapability, capabilityBitmapNum: 1
05-30 17:32:39.504 I/HicomNfMainCtrlManager( 2858): RegisterCapability: 1, 8
05-30 17:32:39.504 D/NearFieldManagerImpl( 2858): Register capability succeed with capabilityBitmapNum = 1, capabilityBitmap = [8]
05-30 17:32:39.504 D/NearFieldManagerImpl( 2858): registerServiceData() called with: serviceData = 32
05-30 17:32:39.504 I/nStackXDFinder( 2858): RegisterServiceData:[728] :RegisterServiceData, serviceData=[32]
05-30 17:32:39.504 D/NearFieldManagerImpl( 2858): registerModule() called with: packageModuleName = com.huawei.connection+CastPlusDiscoveryModule
05-30 17:32:39.504 D/NearFieldManagerImpl( 2858): registerModule, registered before
05-30 17:32:39.504 I/HicomNf_java_to_c( 2858): registerModule, moduleName: com.huawei.connection+CastPlusDiscoveryModule
05-30 17:32:39.504 I/HicomNfMainCtrlManager( 2858): Enter RegisterModule
05-30 17:32:39.504 I/HicomNfRegManager( 2858): RegisterModule OK, already registered com.huawei.connection+CastPlusDiscoveryModule
05-30 17:32:39.505 E/HuaweiCastService( 2757): onStartCommand in 0
05-30 17:32:39.678 D/NearFieldManagerImpl( 2858): onReceive action get:android.net.conn.CONNECTIVITY_CHANGE
05-30 17:32:39.679 W/efs.info.manager( 2858): network change: wifi
05-30 17:32:39.679 D/NearFieldUtils( 2858): getPreferredIpAddress exec
05-30 17:32:39.679 D/NearFieldUtils( 2858): getPreferredIpAddress by custom priority
05-30 17:32:39.679 D/NearFieldUtils( 2858): getIpByInterfaceSetting customIdnNetworkPriority:[]
05-30 17:32:39.679 D/NearFieldUtils( 2858): getPreferredIpAddress by default priority
05-30 17:32:39.687 D/NearFieldUtils( 2858): to get wlan0 ip address
05-30 17:32:39.688 D/NearFieldUtils( 2858): get wlan0 IP succeed.
05-30 17:32:39.688 E/NearFieldManagerImpl( 2858): notifyByPriority: interfaceNameInUse is null
05-30 17:32:39.688 D/NearFieldManagerImpl( 2858): handleConnectivityAction: notified by default
05-30 17:32:39.692 D/NearFieldUtils( 2858): to get wlan0 ip address
05-30 17:32:39.692 D/NearFieldUtils( 2858): get wlan0 IP succeed.
05-30 17:32:39.692 I/NearFieldManagerImpl( 2858): wlan Connected
05-30 17:32:39.692 I/HicomNf_java_to_c( 2858): notifyNetworkStateChanged with maskStr, networkType: 0, networkState: 0, mask:
05-30 17:32:39.692 I/HicomNfMainCtrlManager( 2858): NotifyNetworkStateChanged is called with networkState: 0
05-30 17:32:39.692 I/HicomNfMainCtrlManager( 2858): P2P and USB are both disconnected
05-30 17:32:39.692 I/HicomNfSecureManager( 2858): stop listening
05-30 17:32:39.692 I/HicomNfSecureManager( 2858): StopListening, m_sessionInfoLock out, before calling NSTACKX_DMsgClose 2
05-30 17:32:39.692 I/HicomNfSecureManager( 2858): StopListening, after calling NSTACKX_DMsgClose 2
05-30 17:32:39.696 I/HicomNf_java_to_c( 2858): notifyNetworkStateChanged with maskStr, networkType: 0, networkState: 1, mask: 255.255.254.0
05-30 17:32:39.696 I/HicomNfMainCtrlManager( 2858): NotifyNetworkStateChanged is called with networkState: 1
05-30 17:32:39.696 I/HicomNfSecureManager( 2858): StartListening, before calling NSTACKX_DMsgServer
05-30 17:32:39.696 I/nStackXDMsg( 2858): NSTACKX_DMsgServer:[1335] :msgReceiver is not NULL
05-30 17:32:39.697 D/nStackXDMsg( 2858): StartDMsgMainThread:[1274] :pthread_create
05-30 17:32:39.697 I/HicomNfSecureManager( 2858): StartListening, after calling NSTACKX_DMsgServer
05-30 17:32:39.697 I/HicomNfSecureManager( 2858): OnehopSecureCtrlManager: succeeded to StartListening with type 0
05-30 17:32:40.015 E/raop ( 2757): JavaCallback init
05-30 17:32:40.515 D/TrafficStats( 2757): tagSocket(168) with statsTag=0xffffffff, statsUid=-1
05-30 17:32:40.679 D/ActivityManager( 710): freezing 1923 com.android.providers.calendar
05-30 17:32:40.686 I/WifiHAL ( 520): call wifi_get_link_stats handler
05-30 17:32:40.686 I/WifiHAL ( 520): Creating message to get link statistics; iface = 16
05-30 17:32:40.686 D/WifiHAL ( 520): error code -95 mapped to -3
05-30 17:32:40.686 E/WifiStaIfaceAidlImpl( 710): getLinkLayerStats failed with service-specific exception: android.os.ServiceSpecificException: (code 4)
05-30 17:32:40.865 I/efs.base( 2676): lt=event`ev_ct=efs_core`ev_ac=log_lag`tm=2025-05-30 17:32:86`dn=6aee369d-97d5-42b8-aaef-4ff281a087ea`ps=com.dangbei.screencast:bg_guard`um_os=android`stime=1748597550700`pid=2676`fr=android`pkg=com.dangbei.screencast`vcode=20830`dsp_w=1920`uid=6aee369d-97d5-42b8-aaef-4ff281a087ea`rom=14`wid=6aee369d-97d5-42b8-aaef-4ff281a087ea`um_app_carrier=`um_access=wifi`um_app_channel=os`um_crash_sdk_version=1.4.0`ctime=1748597560`model=dbbox-a3`lang=zh`net=wifi`brand=amlogic`dsp_h=1080`um_network_type=0`ver=v2.8.3`cnt=1`build_model=DBBOX-A3`w_tm=1748597560`appid=5fc60c21094d637f3130af19`um_umid_header=aid1f46722b5c1259e2d18ce903dbe35a6`sdk=34`tzone=Asia/Shanghai`sdk_ver=1.3.6.umeng
05-30 17:32:40.872 D/TrafficStats( 2676): tagSocket(150) with statsTag=0xffffffff, statsUid=-1
05-30 17:32:40.887 E/GuardService( 2676): killMyselfRunnable:
05-30 17:32:40.887 I/crashsdk( 2676): android_os_Process_sendSignal. PID: 2676 SIG: 9
05-30 17:32:40.888 I/crashsdk( 2676): onKillProcess. SIG: 9
05-30 17:32:40.890 I/crashsdk( 2676): Kill PID: 2676 (com.dangbei.screencast:bg_guard) by pid: 2676 (com.dangbei.screencast:bg_guard) tid: 2676 (main)
05-30 17:32:40.890 I/crashsdk( 2676): SIG: 9, fg: false, exiting: false, main process: false, time: 20250530173240
05-30 17:32:40.890 I/crashsdk( 2676): State in disk: 'b'
05-30 17:32:40.890 I/crashsdk( 2676): at android.os.Process.sendSignal(Native Method)
05-30 17:32:40.890 I/crashsdk( 2676): at android.os.Process.killProcess(Process.java:1315)
05-30 17:32:40.890 I/crashsdk( 2676): at com.dangbei.screencast.startup.GuardService$a.run(:2)
05-30 17:32:40.890 I/crashsdk( 2676): at android.os.Handler.handleCallback(Handler.java:958)
05-30 17:32:40.890 I/crashsdk( 2676): at android.os.Handler.dispatchMessage(Handler.java:99)
05-30 17:32:40.890 I/crashsdk( 2676): at android.os.Looper.loopOnce(Looper.java:205)
05-30 17:32:40.890 I/crashsdk( 2676): at android.os.Looper.loop(Looper.java:294)
05-30 17:32:40.890 I/crashsdk( 2676): at android.app.ActivityThread.main(ActivityThread.java:8255)
05-30 17:32:40.890 I/crashsdk( 2676): at java.lang.reflect.Method.invoke(Native Method)
05-30 17:32:40.890 I/crashsdk( 2676): at com.android.internal.os.RuntimeInit$MethodAndArgsCaller.run(RuntimeInit.java:552)
05-30 17:32:40.890 I/crashsdk( 2676): at com.android.internal.os.ZygoteInit.main(ZygoteInit.java:978)
05-30 17:32:40.891 I/Process ( 2676): Sending signal. PID: 2676 SIG: 9
05-30 17:32:40.927 W/efs.send_log( 2757): tryFileLock sendlock sucess! processname: com.dangbei.screencast
05-30 17:32:40.928 I/ActivityManager( 710): Process com.dangbei.screencast:bg_guard (pid 2676) has died: prcp FGS
05-30 17:32:40.928 I/Zygote ( 465): Process 2676 exited due to signal 9 (Killed)
05-30 17:32:40.929 I/libprocessgroup( 710): Successfully killed process cgroup uid 10044 pid 2676 in 0ms
05-30 17:32:40.930 W/ForegroundServiceTypeLoggerModule( 710): FGS stop call for: 10044 has no types!
05-30 17:32:41.129 I/ThermalService( 976): CPU temperatures: [50.4]
05-30 17:32:41.910 D/TrafficStats( 2757): tagSocket(170) with statsTag=0xffffffff, statsUid=-1
05-30 17:32:42.031 I/rainbow_flow( 2266): type=1400 audit(0.0:1117): avc: denied { ioctl } for path="/dev/spidev1.0" dev="tmpfs" ino=534 ioctlcmd=0x6b00 scontext=u:r:init:s0 tcontext=u:object_r:device:s0 tclass=chr_file permissive=1
05-30 17:32:42.054 W/SocketClient( 464): write error (Broken pipe)
05-30 17:32:42.055 W/resolv ( 464): GetAddrInfoHandler::run: Error writing DNS result to client uid 10044 pid 2676: Broken pipe
05-30 17:32:42.193 D/TrafficStats( 2858): tagSocket(137) with statsTag=0xffffffff, statsUid=-1
05-30 17:32:42.489 D/TrafficStats( 2757): tagSocket(173) with statsTag=0xffffffff, statsUid=-1
05-30 17:32:42.498 W/System.err( 2757): java.lang.NullPointerException: Attempt to invoke virtual method 'byte[] java.net.NetworkInterface.getHardwareAddress()' on a null object reference
05-30 17:32:42.499 W/System.err( 2757): at b.f.f.y.g.b(Unknown Source:11)
05-30 17:32:42.499 W/System.err( 2757): at b.d.a.a.p.c0(Unknown Source:2)
05-30 17:32:42.499 W/System.err( 2757): at b.f.f.o.f.c.a(Unknown Source:23)
05-30 17:32:42.499 W/System.err( 2757): at b.f.f.d.b.c(:5)
05-30 17:32:42.499 W/System.err( 2757): at b.f.f.n.d$a.handleMessage(:3)
05-30 17:32:42.499 W/System.err( 2757): at android.os.Handler.dispatchMessage(Handler.java:106)
05-30 17:32:42.499 W/System.err( 2757): at android.os.Looper.loopOnce(Looper.java:205)
05-30 17:32:42.499 W/System.err( 2757): at android.os.Looper.loop(Looper.java:294)
05-30 17:32:42.499 W/System.err( 2757): at android.os.HandlerThread.run(HandlerThread.java:67)
05-30 17:32:42.508 I/PlatformDependent( 2757): Your platform does not provide complete low-level API for accessing direct buffers reliably. Unless explicitly requested, heap buffer will always be preferred to avoid potential system instability.
05-30 17:32:42.519 W/AudioCapabilities( 2757): Unsupported mime audio/vnd.dts.hd;profile=lbr
05-30 17:32:42.519 W/AudioCapabilities( 2757): Unsupported mime audio/ffmpeg
05-30 17:32:42.520 W/AudioCapabilities( 2757): Unsupported mime audio/mpeg-L1
05-30 17:32:42.520 W/AudioCapabilities( 2757): Unsupported mime audio/mpeg-L2
05-30 17:32:42.520 D/TrafficStats( 2757): tagSocket(213) with statsTag=0xffffffff, statsUid=-1
05-30 17:32:42.525 W/VideoCapabilities( 2757): Unsupported mime video/avs
05-30 17:32:42.525 W/VideoCapabilities( 2757): Unsupported mime video/avs2
05-30 17:32:42.526 W/VideoCapabilities( 2757): Unsupported mime video/x-motion-jpeg
05-30 17:32:42.527 W/VideoCapabilities( 2757): Unrecognized profile/level 0/4 for video/mpeg2
05-30 17:32:42.527 I/VideoCapabilities( 2757): Unsupported profile 3 for video/mpeg2
05-30 17:32:42.527 I/VideoCapabilities( 2757): Unsupported profile 4 for video/mpeg2
05-30 17:32:42.527 I/VideoCapabilities( 2757): Unsupported profile 5 for video/mpeg2
05-30 17:32:42.527 W/VideoCapabilities( 2757): Unrecognized profile/level 0/4 for video/mpeg2
05-30 17:32:42.527 I/VideoCapabilities( 2757): Unsupported profile 3 for video/mpeg2
05-30 17:32:42.527 I/VideoCapabilities( 2757): Unsupported profile 4 for video/mpeg2
05-30 17:32:42.527 I/VideoCapabilities( 2757): Unsupported profile 5 for video/mpeg2
05-30 17:32:42.528 I/VideoCapabilities( 2757): Unsupported profile 2 for video/mp4v-es
05-30 17:32:42.528 I/VideoCapabilities( 2757): Unsupported profile 8 for video/mp4v-es
05-30 17:32:42.528 I/VideoCapabilities( 2757): Unsupported profile 16 for video/mp4v-es
05-30 17:32:42.528 I/VideoCapabilities( 2757): Unsupported profile 1024 for video/mp4v-es
05-30 17:32:42.528 W/VideoCapabilities( 2757): Unsupported mime video/rm10
05-30 17:32:42.528 W/VideoCapabilities( 2757): Unsupported mime video/rm20
05-30 17:32:42.528 W/VideoCapabilities( 2757): Unsupported mime video/rm30
05-30 17:32:42.528 W/VideoCapabilities( 2757): Unsupported mime video/rm40
05-30 17:32:42.528 W/VideoCapabilities( 2757): Unsupported mime video/vc1
05-30 17:32:42.529 W/VideoCapabilities( 2757): Unsupported mime video/vc1
05-30 17:32:42.529 W/VideoCapabilities( 2757): Unsupported mime video/x-vnd.on2.vp6a
05-30 17:32:42.529 W/VideoCapabilities( 2757): Unsupported mime video/x-vnd.on2.vp6f
05-30 17:32:42.523 I/Thread-17( 2757): type=1400 audit(0.0:1118): avc: denied { read } for name="somaxconn" dev="proc" ino=37649 scontext=u:r:untrusted_app_27:s0:c44,c256,c512,c768 tcontext=u:object_r:proc_net:s0 tclass=file permissive=1 app=com.dangbei.screencast
05-30 17:32:42.530 W/VideoCapabilities( 2757): Unsupported mime video/wmv1
05-30 17:32:42.530 W/VideoCapabilities( 2757): Unsupported mime video/wmv2
05-30 17:32:42.531 W/VideoCapabilities( 2757): Unsupported mime video/wmv3
05-30 17:32:42.523 I/Thread-17( 2757): type=1400 audit(0.0:1119): avc: denied { open } for path="/proc/sys/net/core/somaxconn" dev="proc" ino=37649 scontext=u:r:untrusted_app_27:s0:c44,c256,c512,c768 tcontext=u:object_r:proc_net:s0 tclass=file permissive=1 app=com.dangbei.screencast
05-30 17:32:42.523 I/Thread-17( 2757): type=1400 audit(0.0:1120): avc: denied { getattr } for path="/proc/sys/net/core/somaxconn" dev="proc" ino=37649 scontext=u:r:untrusted_app_27:s0:c44,c256,c512,c768 tcontext=u:object_r:proc_net:s0 tclass=file permissive=1 app=com.dangbei.screencast
05-30 17:32:42.539 I/serviceDiscovery( 710): [MdnsAdvertiser] Adding service name: 当贝投屏Z9, type: _airplay._tcp, hostAddresses: , port: 44317, network: null, txtRecord: srcvers=220.68features=0x527FFFF7,0x1E'pi=2e388006-13ba-4041-9a67-25dd4a43d536Cpk=b07727d6f6cd6e08b58ede525ec3cdeaa252ad9f683feb212ef8a205246554e7vv=2 flags=0x4model=AppleTV2,1deviceid=1c:79:2d:20:62:b5 with ID 6 and subtype null
05-30 17:32:42.550 I/serviceDiscovery( 710): [MdnsAdvertiser] Adding service name: 1c792d2062b5@当贝投屏Z9, type: _raop._tcp, hostAddresses: , port: 38405, network: null, txtRecord: txtvers=1 am=AppleTV2,1ch=2
05-30 17:32:42.550 I/serviceDiscovery( 710): cn=0,1,2,3da=trueet=0,3,5ft=0x527FFFF7,0x1Emd=0,1,2Cpk=b07727d6f6cd6e08b58ede525ec3cdeaa252ad9f683feb212ef8a205246554e7pw=falsesf=0x4sr=44100ss=16sv=falsetp=UDPvn=65537 vs=220.68vv=2 rhd=5.6.0.0 with ID 7 and subtype null
05-30 17:32:43.000 W/System.err( 2757): java.lang.NullPointerException: Attempt to invoke virtual method 'byte[] java.net.NetworkInterface.getHardwareAddress()' on a null object reference
05-30 17:32:43.000 W/System.err( 2757): at b.f.f.y.g.b(Unknown Source:11)
05-30 17:32:43.000 W/System.err( 2757): at b.d.a.a.p.c0(Unknown Source:2)
05-30 17:32:43.000 W/System.err( 2757): at b.f.f.o.f.c.a(Unknown Source:23)
05-30 17:32:43.000 W/System.err( 2757): at b.f.f.t.d.c(:1)
05-30 17:32:43.000 W/System.err( 2757): at b.f.f.n.d$a.handleMessage(:3)
05-30 17:32:43.000 W/System.err( 2757): at android.os.Handler.dispatchMessage(Handler.java:106)
05-30 17:32:43.001 W/System.err( 2757): at android.os.Looper.loopOnce(Looper.java:205)
05-30 17:32:43.001 W/System.err( 2757): at android.os.Looper.loop(Looper.java:294)
05-30 17:32:43.001 W/System.err( 2757): at android.os.HandlerThread.run(HandlerThread.java:67)
05-30 17:32:43.008 I/serviceDiscovery( 710): [MdnsAdvertiser] Adding service name: 当贝投屏Z9, type: _db_cast_screen._tcp, hostAddresses: , port: 46637, network: null, txtRecord: au=1cV=20830mV=100h265=0maxR=4096-4096model=DBBOX-A3deviceid=1c:79:2d:20:62:b5 with ID 8 and subtype null
05-30 17:32:43.009 E/MdnsAdvertiser( 710): Name conflict adding services that should have unique names
05-30 17:32:43.009 E/MdnsAdvertiser( 710): android.net.connectivity.com.android.server.connectivity.mdns.NameConflictException
05-30 17:32:43.009 E/MdnsAdvertiser( 710): at android.net.connectivity.com.android.server.connectivity.mdns.MdnsRecordRepository.addService(MdnsRecordRepository.java:314)
05-30 17:32:43.009 E/MdnsAdvertiser( 710): at android.net.connectivity.com.android.server.connectivity.mdns.MdnsInterfaceAdvertiser.addService(MdnsInterfaceAdvertiser.java:217)
05-30 17:32:43.009 E/MdnsAdvertiser( 710): at android.net.connectivity.com.android.server.connectivity.mdns.MdnsAdvertiser$InterfaceAdvertiserRequest.addService(MdnsAdvertiser.java:273)
05-30 17:32:43.009 E/MdnsAdvertiser( 710): at android.net.connectivity.com.android.server.connectivity.mdns.MdnsAdvertiser.addService(MdnsAdvertiser.java:488)
05-30 17:32:43.009 E/MdnsAdvertiser( 710): at android.net.connectivity.com.android.server.NsdService$NsdStateMachine$EnabledState.processMessage(NsdService.java:730)
05-30 17:32:43.009 E/MdnsAdvertiser( 710): at android.net.connectivity.com.android.internal.util.StateMachine$SmHandler.processMsg(StateMachine.java:993)
05-30 17:32:43.009 E/MdnsAdvertiser( 710): at android.net.connectivity.com.android.internal.util.StateMachine$SmHandler.handleMessage(StateMachine.java:810)
05-30 17:32:43.009 E/MdnsAdvertiser( 710): at android.os.Handler.dispatchMessage(Handler.java:106)
05-30 17:32:43.009 E/MdnsAdvertiser( 710): at android.os.Looper.loopOnce(Looper.java:205)
05-30 17:32:43.009 E/MdnsAdvertiser( 710): at android.os.Looper.loop(Looper.java:294)
05-30 17:32:43.009 E/MdnsAdvertiser( 710): at android.os.HandlerThread.run(HandlerThread.java:67)
05-30 17:32:43.132 I/ThermalService( 976): CPU temperatures: [50.4]
05-30 17:32:43.317 I/serviceDiscovery( 710): [MdnsAdvertiser.wlan0] Probing finished for service 7
05-30 17:32:43.350 I/serviceDiscovery( 710): [MdnsAdvertiser.wlan0] Probing finished for service 6
05-30 17:32:43.492 E/accept ( 2757): myIp:192.168.3.222
05-30 17:32:43.493 D/TrafficStats( 2757): tagSocket(169) with statsTag=0xffffffff, statsUid=-1
05-30 17:32:43.495 E/accept ( 2757): connect error
05-30 17:32:43.501 I/UpnpServiceImpl( 2757): >>> Starting UPnP service...
05-30 17:32:43.501 I/UpnpServiceImpl( 2757): Using configuration: org.fourthline.cling.android.AndroidUpnpServiceConfiguration
05-30 17:32:43.504 I/Router ( 2757): Creating Router: org.fourthline.cling.android.AndroidRouter
05-30 17:32:43.506 W/Router ( 2757): enable lock:org.fourthline.cling.android.AndroidRouter@c6e693f_java.util.concurrent.locks.ReentrantReadWriteLock$WriteLock@4ce320c[Unlocked]
05-30 17:32:43.511 W/tworkAddressFactoryImpl( 2757): Network interface may not be multicast capable: dummy0
05-30 17:32:43.515 I/MulticastReceiver( 2757): Creating wildcard socket (for receiving multicast datagrams) on port: 1900
05-30 17:32:43.515 D/TrafficStats( 2757): tagSocket(169) with statsTag=0xffffffff, statsUid=-1
05-30 17:32:43.515 I/MulticastReceiver( 2757): Joining multicast group: /239.255.255.250:1900 on network interface: wlan0
05-30 17:32:43.530 E/accept ( 2757): Adding connector try: 192.168.3.222/192.168.3.222:38865
05-30 17:32:43.532 D/TrafficStats( 2757): tagSocket(215) with statsTag=0xffffffff, statsUid=-1
05-30 17:32:43.532 E/accept ( 2757): Adding connector result: 192.168.3.222/192.168.3.222:38865
05-30 17:32:43.600 I/JettyServletContainer( 2757): Registering UPnP servlet under context path: /upnp
05-30 17:32:43.604 I/DatagramIO( 2757): Creating bound socket (for datagram input/output) on: 192.168.3.222/192.168.3.222
05-30 17:32:43.604 D/TrafficStats( 2757): tagSocket(216) with statsTag=0xffffffff, statsUid=-1
05-30 17:32:43.605 E/JettyServletContainer( 2757): gogogo
05-30 17:32:43.605 I/JettyServletContainer( 2757): Starting Jetty server...
05-30 17:32:43.606 W/System.err( 2757): 2025-05-30 17:32:43.605:INFO:lcaf.p:jetty-8.y.z-SNAPSHOT
05-30 17:32:43.609 I/Router ( 2757): WiFi multicast lock acquired
05-30 17:32:43.609 I/WifiService( 710): acquireMulticastLock uid=10044
05-30 17:32:43.610 I/Router ( 2757): WiFi lock acquired
05-30 17:32:43.611 I/WifiService( 710): acquireWifiLock uid=10044 lockMode=3
05-30 17:32:43.611 D/IpClient.wlan0( 1051): set max DTIM multiplier to 1
05-30 17:32:43.612 I/WifiHAL ( 520): wifi_set_latency_mode set to 1
05-30 17:32:43.621 D/WifiHAL ( 520): Setting APF program, halHandle = 0xe8642740
05-30 17:32:43.621 I/WifiHAL ( 520): createRequest: APF set program request
05-30 17:32:43.622 D/WifiHAL ( 520): error code -95 mapped to -3
05-30 17:32:43.622 I/WifiHAL ( 520): Request Response failed for APF, result = -3
05-30 17:32:43.622 W/Router ( 2757): enable unlock:org.fourthline.cling.android.AndroidRouter@c6e693f
05-30 17:32:43.622 E/WifiStaIfaceAidlImpl( 710): installApfPacketFilter failed with service-specific exception: android.os.ServiceSpecificException: (code 4)
05-30 17:32:43.622 D/WifiHAL ( 520): Setting DTIM config , halHandle = 0xe8642740 Multiplier = 1
05-30 17:32:43.622 I/UpnpServiceImpl( 2757): <<< UPnP service started successfully
05-30 17:32:43.622 I/WifiHAL ( 520): Successfully configured dtim multiplier 1
05-30 17:32:43.622 D/WifiHAL ( 520): error code -95 mapped to -3
05-30 17:32:43.623 E/WifiStaIfaceAidlImpl( 710): setDtimMultiplier failed with service-specific exception: android.os.ServiceSpecificException: (code 4)
05-30 17:32:43.634 W/System.err( 2757): 2025-05-30 17:32:43.634:INFO:lcaf.a:Started @192.168.3.222:38865
05-30 17:32:43.677 E/g ( 2757): channel :os
05-30 17:32:43.689 I/WifiHAL ( 520): call wifi_get_link_stats handler
05-30 17:32:43.689 I/WifiHAL ( 520): Creating message to get link statistics; iface = 16
05-30 17:32:43.689 D/WifiHAL ( 520): error code -95 mapped to -3
05-30 17:32:43.690 E/WifiStaIfaceAidlImpl( 710): getLinkLayerStats failed with service-specific exception: android.os.ServiceSpecificException: (code 4)
05-30 17:32:43.926 I/gbei.screencast( 2757): Background concurrent copying GC freed 203584(11MB) AllocSpace objects, 79(3224KB) LOS objects, 49% free, 5350KB/10MB, paused 158us,96us total 113.375ms
05-30 17:32:43.950 I/efs.base( 2757): lt=event`ev_ct=efs_core`ev_ac=log_lag`tm=2025-05-30 17:32:94`dn=6aee369d-97d5-42b8-aaef-4ff281a087ea`ps=com.dangbei.screencast`um_os=android`stime=1748597553751`pid=2757`fr=android`pkg=com.dangbei.screencast`vcode=20830`dsp_w=1920`uid=6aee369d-97d5-42b8-aaef-4ff281a087ea`rom=14`wid=6aee369d-97d5-42b8-aaef-4ff281a087ea`um_app_carrier=`um_access=wifi`um_app_channel=os`um_crash_sdk_version=1.4.0`ctime=1748597563`model=dbbox-a3`lang=zh`net=wifi`brand=amlogic`dsp_h=1080`um_network_type=0`ver=v2.8.3`cnt=2`build_model=DBBOX-A3`w_tm=1748597563`appid=5fc60c21094d637f3130af19`um_umid_header=aid1f46722b5c1259e2d18ce903dbe35a6`sdk=34`tzone=Asia/Shanghai`sdk_ver=1.3.6.umeng
05-30 17:32:43.956 D/TrafficStats( 2757): tagSocket(219) with statsTag=0xffffffff, statsUid=-1
05-30 17:32:43.956 D/TrafficStats( 2757): tagSocket(220) with statsTag=0xffffffff, statsUid=-1
05-30 17:32:44.258 W/TelephonyPermissions( 710): reportAccessDeniedToReadIdentifiers:com.dangbei.screencast:getSerial:-1
05-30 17:32:44.259 I/efs.base( 2757): wa upload succ, HttpResponse {succ=true, code=200, data='暂不支持该服务', extra={req_url=https://errlog.umeng.com/api/crashsdk/logcollect}}
05-30 17:32:44.266 I/efs.base( 2757): wa upload succ, HttpResponse {succ=true, code=200, data='暂不支持该服务', extra={req_url=https://errlog.umeng.com/api/crashsdk/logcollect}}
05-30 17:32:44.314 V/NFC ( 2858): this device does not have NFC support
05-30 17:32:44.315 W/ip ( 2947): type=1400 audit(0.0:1121): avc: granted { nlmsg_getneigh } for scontext=u:r:untrusted_app_27:s0:c44,c256,c512,c768 tcontext=u:r:untrusted_app_27:s0:c44,c256,c512,c768 tclass=netlink_route_socket app=com.dangbei.screencast
05-30 17:32:44.651 D/TrafficStats( 2858): tagSocket(161) with statsTag=0xffffffff, statsUid=-1
05-30 17:32:45.134 I/ThermalService( 976): CPU temperatures: [50.4]
05-30 17:32:45.814 D/TrafficStats( 2757): tagSocket(5) with statsTag=0xffffffff, statsUid=-1
05-30 17:32:46.655 I/adbd ( 1395): type=1400 audit(0.0:1122): avc: denied { read } for path="socket:[32994]" dev="sockfs" ino=32994 scontext=u:r:su:s0 tcontext=u:r:su:s0 tclass=tcp_socket permissive=1
05-30 17:32:46.655 I/adbd ( 1395): type=1400 audit(0.0:1123): avc: denied { read } for name="u:object_r:device_logging_prop:s0" dev="tmpfs" ino=213 scontext=u:r:su:s0 tcontext=u:object_r:device_logging_prop:s0 tclass=file permissive=1
05-30 17:32:46.655 I/adbd ( 1395): type=1400 audit(0.0:1124): avc: denied { open } for path="/dev/__properties__/u:object_r:device_logging_prop:s0" dev="tmpfs" ino=213 scontext=u:r:su:s0 tcontext=u:object_r:device_logging_prop:s0 tclass=file permissive=1
05-30 17:32:46.655 I/adbd ( 1395): type=1400 audit(0.0:1125): avc: denied { getattr } for path="/dev/__properties__/u:object_r:device_logging_prop:s0" dev="tmpfs" ino=213 scontext=u:r:su:s0 tcontext=u:object_r:device_logging_prop:s0 tclass=file permissive=1
05-30 17:32:46.655 I/adbd ( 1395): type=1400 audit(0.0:1126): avc: denied { map } for path="/dev/__properties__/u:object_r:device_logging_prop:s0" dev="tmpfs" ino=213 scontext=u:r:su:s0 tcontext=u:object_r:device_logging_prop:s0 tclass=file permissive=1
05-30 17:32:46.696 I/WifiHAL ( 520): call wifi_get_link_stats handler
05-30 17:32:46.696 I/WifiHAL ( 520): Creating message to get link statistics; iface = 16
05-30 17:32:46.696 D/WifiHAL ( 520): error code -95 mapped to -3
05-30 17:32:46.696 E/WifiStaIfaceAidlImpl( 710): getLinkLayerStats failed with service-specific exception: android.os.ServiceSpecificException: (code 4)
05-30 17:32:46.734 D/TrafficStats( 2757): tagSocket(5) with statsTag=0xffffffff, statsUid=-1
05-30 17:32:46.837 W/ServiceDescriptorBinder( 2757): UPnP specification violation: Not producing element to be compatible with WMP12: (ActionArgument, OUT) Actions
05-30 17:32:46.959 W/ServiceDescriptorBinder( 2757): UPnP specification violation: Not producing element to be compatible with WMP12: (ActionArgument, OUT) CurrentMute
05-30 17:32:46.959 W/ServiceDescriptorBinder( 2757): UPnP specification violation: Not producing element to be compatible with WMP12: (ActionArgument, OUT) CurrentVolume
05-30 17:32:46.959 W/ServiceDescriptorBinder( 2757): UPnP specification violation: Not producing element to be compatible with WMP12: (ActionArgument, OUT) CurrentPresetNameList
05-30 17:32:46.959 W/ServiceDescriptorBinder( 2757): UPnP specification violation: Not producing element to be compatible with WMP12: (ActionArgument, OUT) CurrentLoudness
05-30 17:32:46.960 W/ServiceDescriptorBinder( 2757): UPnP specification violation: Not producing element to be compatible with WMP12: (ActionArgument, OUT) CurrentVolume
05-30 17:32:47.136 I/ThermalService( 976): CPU temperatures: [50.500004]
05-30 17:32:47.248 D/TrafficStats( 2757): tagSocket(219) with statsTag=0xffffffff, statsUid=-1
05-30 17:32:47.267 W/ServiceDescriptorBinder( 2757): UPnP specification violation: Not producing element to be compatible with WMP12: (ActionArgument, OUT) ConnectionIDs
05-30 17:32:48.161 D/TrafficStats( 2757): tagSocket(220) with statsTag=0xffffffff, statsUid=-1
05-30 17:32:49.013 I/crashsdk( 2757): crashsdk uploading logs
05-30 17:32:49.138 I/ThermalService( 976): CPU temperatures: [50.4]
05-30 17:32:49.207 I/binder:464_4( 464): type=1400 audit(0.0:1146): avc: denied { add_name } for name="globalAlert" scontext=u:r:netd:s0 tcontext=u:object_r:proc_net:s0 tclass=dir permissive=1
05-30 17:32:49.282 I/keystore2( 282): system/security/keystore2/src/watchdog.rs:319 - Watchdog thread idle -> terminating. Have a great day.
05-30 17:32:49.589 D/OomAdjuster( 710): Not killing cached processes
05-30 17:32:49.592 D/bbb ( 1557): onStartCommand begin !!!!!!! data分区剩余 54419MB
05-30 17:32:49.701 I/WifiHAL ( 520): call wifi_get_link_stats handler
05-30 17:32:49.701 I/WifiHAL ( 520): Creating message to get link statistics; iface = 16
05-30 17:32:49.702 D/WifiHAL ( 520): error code -95 mapped to -3
05-30 17:32:49.702 E/WifiStaIfaceAidlImpl( 710): getLinkLayerStats failed with service-specific exception: android.os.ServiceSpecificException: (code 4)
05-30 17:32:50.824 D/XM_HIDREAD( 1944): poll ret=1, event=1
05-30 17:32:50.824 D/XM_HIDREAD( 1944): [9 bytes]:01 00 00 4F 00 00 00 00 00
05-30 17:32:50.828 I/SogouIME( 1877): onKeyDown: keyoCode=22
05-30 17:32:50.828 I/DefaultIMS( 1877): onKeyDown: keyoCode=22
05-30 17:32:51.004 D/XM_HIDREAD( 1944): poll ret=1, event=1
05-30 17:32:51.004 D/XM_HIDREAD( 1944): [9 bytes]:01 00 00 00 00 00 00 00 00
05-30 17:32:51.006 I/SogouIME( 1877): onKeyUp: keyoCode=22
05-30 17:32:51.006 I/DefaultIMS( 1877): onKeyUp: keyoCode=22
05-30 17:32:50.999 I/adbd ( 1395): type=1400 audit(0.0:1147): avc: denied { write } for path="socket:[32994]" dev="sockfs" ino=32994 scontext=u:r:su:s0 tcontext=u:r:su:s0 tclass=tcp_socket permissive=1
05-30 17:32:51.015 I/adbd ( 1395): type=1400 audit(0.0:1148): avc: denied { read } for path="socket:[32994]" dev="sockfs" ino=32994 scontext=u:r:su:s0 tcontext=u:r:su:s0 tclass=tcp_socket permissive=1
05-30 17:32:51.142 I/ThermalService( 976): CPU temperatures: [50.4]
05-30 17:32:51.758 D/XM_HIDREAD( 1944): poll ret=1, event=1
05-30 17:32:51.758 D/XM_HIDREAD( 1944): [9 bytes]:01 00 00 29 00 00 00 00 00
05-30 17:32:51.762 I/SogouIME( 1877): onKeyDown: keyoCode=4
05-30 17:32:51.762 I/DefaultIMS( 1877): onKeyDown: keyoCode=4
05-30 17:32:51.872 I/WifiService( 710): startScan uid=1000
05-30 17:32:51.874 E/ccc ( 2556): cccccc i will start scan
05-30 17:32:51.884 D/InstantWifi( 710): Drop, size: 1
05-30 17:32:51.886 D/WifiNl80211Manager( 710): Scan result ready event
05-30 17:32:51.886 D/WifiNative( 710): Scan result ready event
05-30 17:32:51.888 D/WificondScannerImpl( 710): Filtering out 1 scan results.
05-30 17:32:51.893 I/WifiHAL ( 520): call wifi_get_link_stats handler
05-30 17:32:51.893 I/WifiHAL ( 520): Creating message to get link statistics; iface = 16
05-30 17:32:51.893 D/WifiHAL ( 520): error code -95 mapped to -3
05-30 17:32:51.893 E/ccc ( 2556): cccccc SCAN_RESULTS_AVAILABLE_ACTION hhhh
05-30 17:32:51.893 E/WifiStaIfaceAidlImpl( 710): getLinkLayerStats failed with service-specific exception: android.os.ServiceSpecificException: (code 4)
05-30 17:32:51.894 D/XM_HIDREAD( 1944): poll ret=1, event=1
05-30 17:32:51.894 D/XM_HIDREAD( 1944): [9 bytes]:01 00 00 00 00 00 00 00 00
05-30 17:32:51.894 E/hq ( 1464): NetWorkStateReceiver:::NetWorkStateReceiver onReceive: 网络变化广播 >>>> intent.action=android.net.wifi.SCAN_RESULTS
05-30 17:32:51.897 I/SogouIME( 1877): onKeyUp: keyoCode=4
05-30 17:32:51.897 I/DefaultIMS( 1877): onKeyUp: keyoCode=4
05-30 17:32:51.898 E/ccc ( 2556): cccccc result is empty start scan
05-30 17:32:51.898 I/WifiService( 710): startScan uid=1000
05-30 17:32:51.899 W/eventbuscore( 1464): post Event:com.dangbei.leard.base.entity.event.NetWifiRssiEvent
05-30 17:32:51.909 W/ScanResultUtil( 710): Empty or null ScanResult list
05-30 17:32:51.909 W/WifiService( 710): Attempt to retrieve WifiConfiguration with invalid scanResult List
05-30 17:32:51.909 W/ScanResultUtil( 710): Empty or null ScanResult list
05-30 17:32:51.909 E/WifiService( 710): Attempt to retrieve passpoint with invalid scanResult List
05-30 17:32:51.910 W/ScanResultUtil( 710): Empty or null ScanResult list
05-30 17:32:51.910 W/WifiService( 710): Attempt to retrieve OsuProviders with invalid scanResult List
05-30 17:32:51.915 D/InstantWifi( 710): Drop, size: 1
05-30 17:32:51.985 W/View ( 2556): requestLayout() improperly called by com.google.android.material.textview.MaterialTextView{864e256 V.ED..... ..S...ID 80,30-298,70 #7f0901c7 app:id/leaf_net_item_name_tv} during layout: running second layout pass
05-30 17:32:52.286 D/XM_HIDREAD( 1944): poll ret=1, event=1
05-30 17:32:52.286 D/XM_HIDREAD( 1944): [9 bytes]:01 00 00 29 00 00 00 00 00
05-30 17:32:52.289 I/SogouIME( 1877): onKeyDown: keyoCode=4
05-30 17:32:52.289 I/DefaultIMS( 1877): onKeyDown: keyoCode=4
05-30 17:32:52.435 I/SogouIME( 1877): onKeyUp: keyoCode=4
05-30 17:32:52.435 I/DefaultIMS( 1877): onKeyUp: keyoCode=4
05-30 17:32:52.437 D/XM_HIDREAD( 1944): poll ret=1, event=1
05-30 17:32:52.437 D/XM_HIDREAD( 1944): [9 bytes]:01 00 00 00 00 00 00 00 00
05-30 17:32:52.440 I/SogouIME( 1877): onKeyDown: keyoCode=22
05-30 17:32:52.440 I/DefaultIMS( 1877): onKeyDown: keyoCode=22
05-30 17:32:52.452 I/SogouIME( 1877): onKeyUp: keyoCode=22
05-30 17:32:52.452 I/DefaultIMS( 1877): onKeyUp: keyoCode=22
05-30 17:32:52.706 I/WifiHAL ( 520): call wifi_get_link_stats handler
05-30 17:32:52.706 I/WifiHAL ( 520): Creating message to get link statistics; iface = 16
05-30 17:32:52.707 D/WifiHAL ( 520): error code -95 mapped to -3
05-30 17:32:52.707 E/WifiStaIfaceAidlImpl( 710): getLinkLayerStats failed with service-specific exception: android.os.ServiceSpecificException: (code 4)
05-30 17:32:53.144 I/ThermalService( 976): CPU temperatures: [50.500004]
05-30 17:32:53.794 D/XM_HIDREAD( 1944): poll ret=1, event=1
05-30 17:32:53.794 D/XM_HIDREAD( 1944): [9 bytes]:01 00 00 51 00 00 00 00 00
05-30 17:32:53.797 I/SogouIME( 1877): onKeyDown: keyoCode=20
05-30 17:32:53.797 I/DefaultIMS( 1877): onKeyDown: keyoCode=20
05-30 17:32:53.929 D/XM_HIDREAD( 1944): poll ret=1, event=1
05-30 17:32:53.929 D/XM_HIDREAD( 1944): [9 bytes]:01 00 00 00 00 00 00 00 00
05-30 17:32:53.931 I/SogouIME( 1877): onKeyUp: keyoCode=20
05-30 17:32:53.931 I/DefaultIMS( 1877): onKeyUp: keyoCode=20
05-30 17:32:54.596 D/WifiNl80211Manager( 710): Scan result ready event
05-30 17:32:54.596 D/WifiNative( 710): Scan result ready event
05-30 17:32:54.650 E/ccc ( 2556): cccccc SCAN_RESULTS_AVAILABLE_ACTION hhhh
05-30 17:32:54.651 E/hq ( 1464): NetWorkStateReceiver:::NetWorkStateReceiver onReceive: 网络变化广播 >>>> intent.action=android.net.wifi.SCAN_RESULTS
05-30 17:32:54.656 I/WifiHAL ( 520): call wifi_get_link_stats handler
05-30 17:32:54.657 I/WifiHAL ( 520): Creating message to get link statistics; iface = 16
05-30 17:32:54.657 D/WifiHAL ( 520): error code -95 mapped to -3
05-30 17:32:54.657 E/WifiStaIfaceAidlImpl( 710): getLinkLayerStats failed with service-specific exception: android.os.ServiceSpecificException: (code 4)
05-30 17:32:54.673 E/ccc ( 2556): cccccc result is not empty call back
05-30 17:32:54.673 E/ccc ( 2556): cccccc 666666666666666
05-30 17:32:54.675 W/eventbuscore( 1464): post Event:com.dangbei.leard.base.entity.event.NetWifiRssiEvent
05-30 17:32:54.688 E/ccc ( 2556): cccccc sort 2 49
05-30 17:32:55.148 I/ThermalService( 976): CPU temperatures: [50.500004]
05-30 17:32:55.167 D/XM_HIDREAD( 1944): poll ret=1, event=1
05-30 17:32:55.167 D/XM_HIDREAD( 1944): [9 bytes]:01 00 00 51 00 00 00 00 00
05-30 17:32:55.170 I/SogouIME( 1877): onKeyDown: keyoCode=20
05-30 17:32:55.170 I/DefaultIMS( 1877): onKeyDown: keyoCode=20
05-30 17:32:55.301 D/XM_HIDREAD( 1944): poll ret=1, event=1
05-30 17:32:55.302 D/XM_HIDREAD( 1944): [9 bytes]:01 00 00 00 00 00 00 00 00
05-30 17:32:55.304 I/SogouIME( 1877): onKeyUp: keyoCode=20
05-30 17:32:55.304 I/DefaultIMS( 1877): onKeyUp: keyoCode=20
05-30 17:32:55.384 E/ccc ( 1430): cccccc led current is 100 标准
05-30 17:32:55.384 E/ccc ( 1430): cccccc led current is null
05-30 17:32:55.388 D/BluetoothAdapterService( 1090): cancelDiscovery
05-30 17:32:55.388 I/bt_btif_dm( 1090): packages/modules/Bluetooth/system/btif/src/btif_dm.cc:2470 btif_dm_cancel_discovery: Cancel search
05-30 17:32:55.388 I/bluetooth( 1090): packages/modules/Bluetooth/system/bta/dm/bta_dm_main.cc:96 bta_dm_search_sm_execute: state:BTA_DM_SEARCH_IDLE, event:BTA_DM_API_SEARCH_CANCEL_EVT[0x201]
05-30 17:32:55.712 I/WifiHAL ( 520): call wifi_get_link_stats handler
05-30 17:32:55.712 I/WifiHAL ( 520): Creating message to get link statistics; iface = 16
05-30 17:32:55.712 D/WifiHAL ( 520): error code -95 mapped to -3
05-30 17:32:55.713 E/WifiStaIfaceAidlImpl( 710): getLinkLayerStats failed with service-specific exception: android.os.ServiceSpecificException: (code 4)
05-30 17:32:57.151 I/ThermalService( 976): CPU temperatures: [50.4]
05-30 17:32:58.085 I/audio_hw_hal_alsamgr( 477): alsa format =0x1 delay frames =768 total frames=5067520
