05-30 14:03:32.521 D/HeapDumpReceiver( 2057): Deleting from /data/user_de/0/com.android.shell/files/heapdumps
05-30 14:03:32.527 D/DhcpClient( 1051): Scheduling renewal in 1799s
05-30 14:03:32.527 D/DhcpClient( 1051): Scheduling rebind in 3149s
05-30 14:03:32.527 D/DhcpClient( 1051): Scheduling expiry in 3599s
05-30 14:03:32.531 D/WifiHAL ( 520): Setting APF program, halHandle = 0xe8642740
05-30 14:03:32.531 I/WifiHAL ( 520): createRequest: APF set program request
05-30 14:03:32.531 D/WifiHAL ( 520): error code -95 mapped to -3
05-30 14:03:32.531 I/WifiHAL ( 520): Request Response failed for APF, result = -3
05-30 14:03:32.532 E/WifiStaIfaceAidlImpl( 710): installApfPacketFilter failed with service-specific exception: android.os.ServiceSpecificException: (code 4)
05-30 14:03:32.538 W/ContextImpl( 710): Calling a method in the system process without a qualified user: android.app.ContextImpl.sendStickyBroadcast:1626 com.android.server.wifi.ClientModeImpl.sendNetworkChangeBroadcast:3008 com.android.server.wifi.ClientModeImpl.lambda$sendNetworkChangeBroadcastWithCurrentState$14:2985 com.android.server.wifi.ClientModeImpl.$r8$lambda$q-j88Pjw4gROgoJFr8wBlBVbuJI:0 com.android.server.wifi.ClientModeImpl$$ExternalSyntheticLambda4.send:0
05-30 14:03:32.542 D/ConnectivityService( 710): Setting DNS servers for network 100 to [/202.96.134.133, /202.96.128.166]
05-30 14:03:32.543 W/BroadcastLoopers( 710): Found previously unknown looper Thread[ConnectivityServiceThread,5,main]
05-30 14:03:32.544 D/ConnectivityService( 710): [100 WIFI] EVENT_NETWORK_INFO_CHANGED, going from CONNECTING to CONNECTED
05-30 14:03:32.548 D/RockyReceiver( 1686): action: android.net.wifi.STATE_CHANGE
05-30 14:03:32.549 D/DnsManager( 710): sendDnsConfigurationForNetwork(100, [202.96.134.133, 202.96.128.166], [], 1800, 25, 8, 64, 0, 0, , [])
05-30 14:03:32.554 D/Zygote ( 465): Forked child process 2084
05-30 14:03:32.555 I/ActivityManager( 710): Start proc 2084:com.android.statementservice/u0a27 for broadcast {com.android.statementservice/com.android.statementservice.domain.BootCompletedReceiver}
05-30 14:03:32.556 W/WifiScoreReport( 710): Cannot start external scoring netId=100 currentNetId=100 currentNetCapabilities=[ Transports: WIFI Capabilities: NOT_METERED&INTERNET&NOT_RESTRICTED&TRUSTED&NOT_VPN&NOT_ROAMING&NOT_CONGESTED&NOT_SUSPENDED&NOT_VCN_MANAGED LinkUpBandwidth>=12000Kbps LinkDnBandwidth>=60000Kbps Specifier: TransportInfo: , Provider friendly name: , Requesting package name: "DB-machines5G"wpa2-pskMLO Information: , Is TID-To-Link negotiation supported by the AP: false, AP MLD Address: , AP MLO Link Id: , AP MLO Affiliated links: > SignalStrength: -54 AllowedUids: <{10029}> OwnerUid: 10029 AdminUids: [10029] SSID: "DB-machines5G" UnderlyingNetworks: Null] sessionId=1008
05-30 14:03:32.561 I/Zygote ( 2084): seccomp disabled by setenforce 0
05-30 14:03:32.567 W/DnsManager( 710): updatePrivateDns(100, PrivateDnsConfig{true:/[]})
05-30 14:03:32.567 D/ConnectivityService( 710): Setting DNS servers for network 100 to [/202.96.134.133, /202.96.128.166]
05-30 14:03:32.567 D/DnsManager( 710): sendDnsConfigurationForNetwork(100, [202.96.134.133, 202.96.128.166], [], 1800, 25, 8, 64, 0, 0, , [202.96.134.133, 202.96.128.166])
05-30 14:03:32.571 I/tatementservice( 2084): Using CollectorTypeCC GC.
05-30 14:03:32.572 D/WifiMemoryStoreImpl( 710): Set cluster G3d3ebbf601e73c21 for Wd5d96bf946e7e00c: SUCCESS
05-30 14:03:32.579 E/tatementservice( 2084): Not starting debugger since process cannot load the jdwp agent.
05-30 14:03:32.584 D/ConnectivityService( 710): Adding iface wlan0 to network 100
05-30 14:03:32.584 W/resolv ( 464): Validating DnsTlsServer 202.96.134.133 with mark 0xf0064
05-30 14:03:32.587 W/resolv ( 464): Validating DnsTlsServer 202.96.128.166 with mark 0xf0064
05-30 14:03:32.591 W/resolv ( 464): Socket failed to connect: Network is unreachable
05-30 14:03:32.591 W/resolv ( 464): Socket failed to connect: Network is unreachable
05-30 14:03:32.591 W/resolv ( 464): TCP Handshake failed: 101
05-30 14:03:32.591 W/resolv ( 464): TCP Handshake failed: 101
05-30 14:03:32.591 W/resolv ( 464): query failed
05-30 14:03:32.591 W/resolv ( 464): query failed
05-30 14:03:32.591 W/resolv ( 464): validateDnsTlsServer returned 0 for 202.96.128.166
05-30 14:03:32.591 W/resolv ( 464): validateDnsTlsServer returned 0 for 202.96.134.133
05-30 14:03:32.592 W/resolv ( 464): Validation failed
05-30 14:03:32.593 W/resolv ( 464): Validation failed
05-30 14:03:32.595 D/CompatibilityChangeReporter( 710): Compat change id reported: 168419799; UID 10027; state: DISABLED
05-30 14:03:32.595 D/CompatibilityChangeReporter( 710): Compat change id reported: 273564678; UID 10027; state: DISABLED
05-30 14:03:32.601 D/CompatibilityChangeReporter( 710): Compat change id reported: 265195908; UID 10027; state: ENABLED
05-30 14:03:32.614 D/ConnectivityService( 710): Setting DNS servers for network 100 to [/202.96.134.133, /202.96.128.166]
05-30 14:03:32.614 D/CompatibilityChangeReporter( 2084): Compat change id reported: 171979766; UID 10027; state: DISABLED
05-30 14:03:32.614 D/DnsManager( 710): sendDnsConfigurationForNetwork(100, [202.96.134.133, 202.96.128.166], [], 1800, 25, 8, 64, 0, 0, , [202.96.134.133, 202.96.128.166])
05-30 14:03:32.615 D/CompatibilityChangeReporter( 2084): Compat change id reported: 242716250; UID 10027; state: DISABLED
05-30 14:03:32.615 D/WifiMemoryStoreImpl( 710): Set cluster G3d3ebbf601e73c21 for Wb8cfbf70d919f214: SUCCESS
05-30 14:03:32.622 W/resolv ( 464): Validating DnsTlsServer 202.96.134.133 with mark 0xf0064
05-30 14:03:32.623 W/resolv ( 464): Validating DnsTlsServer 202.96.128.166 with mark 0xf0064
05-30 14:03:32.626 D/CompatibilityChangeReporter( 710): Compat change id reported: 170503758; UID 10027; state: DISABLED
05-30 14:03:32.629 D/ApplicationLoaders( 2084): Returning zygote-cached class loader: /system/framework/android.test.base.jar
05-30 14:03:32.632 W/BestClock( 710): java.time.DateTimeException: Missing network time fix
05-30 14:03:32.652 D/WifiMemoryStoreImpl( 710): Set cluster G3d3ebbf601e73c21 for W69dcac454eec14d: SUCCESS
05-30 14:03:32.663 I/ThermalService( 976): CPU temperatures: [57.100002]
05-30 14:03:32.663 W/BestClock( 710): java.time.DateTimeException: Missing network time fix
05-30 14:03:32.668 E/WifiStaIfaceAidlImpl( 710): stopRssiMonitoring failed with service-specific exception: android.os.ServiceSpecificException: (code 5)
05-30 14:03:32.670 D/ConnectivityService( 710): Switching to new default network for: uid/pid:1000/710 activeRequest: 1 callbackRequest: 1 [NetworkRequest [ REQUEST id=1, [ Capabilities: INTERNET&NOT_RESTRICTED&TRUSTED&NOT_VPN&NOT_VCN_MANAGED RequestorUid: 1000 RequestorPkg: android UnderlyingNetworks: Null] ]] callback flags: 1 order: 2147483647 using NetworkAgentInfo{network{100} handle{432902426637} ni{WIFI CONNECTED extra: } created=2025-05-30T06:03:32.121Z Score(Policies : TRANSPORT_PRIMARY&IS_UNMETERED ; KeepConnected : 0) created 26605 lp{{InterfaceName: wlan0 LinkAddresses: [ fe80::630c:e917:bda5:f47c/64,192.168.3.222/23 ] DnsAddresses: [ /202.96.134.133,/202.96.128.166 ] Domains: null MTU: 0 ServerAddress: /192.168.3.1 TcpBufferSizes: 524288,1048576,2097152,262144,524288,1048576 Routes: [ fe80::/64 -> :: wlan0 mtu 0,192.168.2.0/23 -> 0.0.0.0 wlan0 mtu 0,0.0.0.0/0 -> 192.168.3.1 wlan0 mtu 0 ]}} nc{[ Transports: WIFI Capabilities: NOT_METERED&INTERNET&NOT_RESTRICTED&TRUSTED&NOT_VPN&NOT_ROAMING&FOREGROUND&NOT_CONGESTED&NOT_SUSPENDED&NOT_VCN_MANAGED LinkUpBandwidth>=12000Kbps LinkDnBandwidth>=60000Kbps Specifier: TransportInfo: , Provider friendly name: , Requesting package name: "DB-machines5G"wpa2-pskMLO Information: , Is TID-To-Link negotiation supported by the AP: false, AP MLD Address: , AP MLO Link Id: , AP MLO Affiliated links: > SignalStrength: -54 OwnerUid: 10029 AdminUids: [10029] SSID: "DB-machines5G" UnderlyingNetworks: Null]} factorySerialNumber=4}
05-30 14:03:32.672 D/NetworkMonitor/100( 1051): Validation disabled.
05-30 14:03:32.673 D/ConnectivityService( 710): requestNetwork for uid/pid:10071/2025 activeRequest: null callbackRequest: 46 [NetworkRequest [ REQUEST id=47, [ Capabilities: INTERNET&NOT_RESTRICTED&TRUSTED&NOT_VCN_MANAGED Uid: 10071 RequestorUid: 10071 RequestorPkg: com.android.rkpdapp UnderlyingNetworks: Null] ]] callback flags: 0 order: 2147483647
05-30 14:03:32.676 D/XM_HIDREAD( 1944): add@ add@/devices/virtual/xt_idletimer/timers
05-30 14:03:32.677 E/NetlinkEvent( 464): NetlinkEvent::FindParam(): Parameter 'INTERFACE' not found
05-30 14:03:32.677 E/NetlinkEvent( 464): NetlinkEvent::FindParam(): Parameter 'STATE' not found
05-30 14:03:32.677 E/NetlinkEvent( 464): NetlinkEvent::FindParam(): Parameter 'TIME_NS' not found
05-30 14:03:32.677 E/NetlinkEvent( 464): NetlinkEvent::FindParam(): Parameter 'UID' not found
05-30 14:03:32.677 D/nativeloader( 2084): Configuring clns-shared-4 for other apk /system/priv-app/StatementService/StatementService.apk. target_sdk_version=29, uses_libraries=, library_path=/system/priv-app/StatementService/lib/arm:/system/lib:/system_ext/lib, permitted_path=/data:/mnt/expand:/data/user/0/com.android.statementservice:/system/priv-app/StatementService:/system/lib:/system_ext/lib
05-30 14:03:32.683 W/BestClock( 710): java.time.DateTimeException: Missing network time fix
05-30 14:03:32.685 D/WifiMemoryStoreImpl( 710): Set cluster G3d3ebbf601e73c21 for Wfa626341504f976b: SUCCESS
05-30 14:03:32.693 E/xxxxxxxxxxxxxxx( 1464): onReceive: true , configuration = {1.0 ?mcc0mnc [zh_CN] ldltr sw720dp w1280dp h720dp 240dpi xlrg long land television -touch qwerty/v/v dpad/v winConfig={ mBounds=Rect(0, 0 - 1920, 1080) mAppBounds=Rect(0, 0 - 1920, 1080) mMaxBounds=Rect(0, 0 - 1920, 1080) mDisplayRotation=ROTATION_0 mWindowingMode=fullscreen mDisplayWindowingMode=fullscreen mActivityType=undefined mAlwaysOnTop=undefined mRotation=ROTATION_0} s.6 fontWeightAdjustment=0}
05-30 14:03:32.694 E/xxxxxxxxxxxxxxx( 1464): isScreenSizeChange=false app onConfigurationChanged={1.0 ?mcc0mnc [zh_CN] ldltr sw720dp w1280dp h720dp 240dpi xlrg long land television -touch qwerty/v/v dpad/v winConfig={ mBounds=Rect(0, 0 - 1920, 1080) mAppBounds=Rect(0, 0 - 1920, 1080) mMaxBounds=Rect(0, 0 - 1920, 1080) mDisplayRotation=ROTATION_0 mWindowingMode=fullscreen mDisplayWindowingMode=fullscreen mActivityType=undefined mAlwaysOnTop=undefined mRotation=ROTATION_0} s.6 fontWeightAdjustment=0}
05-30 14:03:32.701 W/BestClock( 710): java.time.DateTimeException: Missing network time fix
05-30 14:03:32.702 W/BestClock( 710): java.time.DateTimeException: Missing network time fix
05-30 14:03:32.704 W/BestClock( 710): java.time.DateTimeException: Missing network time fix
05-30 14:03:32.706 D/WifiMemoryStoreImpl( 710): Set cluster G3d3ebbf601e73c21 for W3d3ebbf601e73c21: SUCCESS
05-30 14:03:32.717 D/ConnectivityService( 710): Sending CONNECTED broadcast for type 1 [100 WIFI] isDefaultNetwork=true
05-30 14:03:32.717 W/ContextImpl( 710): Calling a method in the system process without a qualified user: android.app.ContextImpl.sendStickyBroadcast:1626 android.net.connectivity.com.android.server.ConnectivityService.sendStickyBroadcast:3280 android.net.connectivity.com.android.server.ConnectivityService.sendGeneralBroadcast:3250 android.net.connectivity.com.android.server.ConnectivityService.sendConnectedBroadcast:3223 android.net.connectivity.com.android.server.ConnectivityService.sendLegacyNetworkBroadcast:10138
05-30 14:03:32.722 D/ConnectivityService( 710): NetReassign [7 : null → 100, 26 : null → 100, 39 : null → 100, 1 : null → 100, 24 : null → 100, 19 : null → 100, 22 : null → 100, 34 : null → 100, 43 : null → 100, 41 : null → 100, 31 : null → 100, 14 : null → 100, 16 : null → 100, 45 : null → 100] [c 1] [a 52] [i 2]
05-30 14:03:32.726 D/ConnectivityService( 710): NetReassign [47 : null → 100] [c 1] [a 0] [i 1]
05-30 14:03:32.726 I/ConnectivityService( 710): Update score for net 100 : +EVER_EVALUATED
05-30 14:03:32.726 D/ConnectivityService( 710): [100 WIFI] validation passed
05-30 14:03:32.726 I/ConnectivityService( 710): Update capabilities for net 100 : +VALIDATED
05-30 14:03:32.726 I/ConnectivityService( 710): Update score for net 100 : +EVER_VALIDATED+IS_VALIDATED
05-30 14:03:32.728 E/hq ( 1464): NetWorkStateReceiver:::NetWorkStateReceiver onReceive: 网络变化广播 >>>> intent.action=android.net.conn.CONNECTIVITY_CHANGE
05-30 14:03:32.729 D/ConnectivityService( 710): NetReassign [no changes] [c 0] [a 0] [i 2]
05-30 14:03:32.729 D/WifiNetworkFactory( 710): got request NetworkRequest [ REQUEST id=47, [ Capabilities: INTERNET&NOT_RESTRICTED&TRUSTED&NOT_VCN_MANAGED Uid: 10071 RequestorUid: 10071 RequestorPkg: com.android.rkpdapp UnderlyingNetworks: Null] ]
05-30 14:03:32.729 D/UntrustedWifiNetworkFactory( 710): got request NetworkRequest [ REQUEST id=47, [ Capabilities: INTERNET&NOT_RESTRICTED&TRUSTED&NOT_VCN_MANAGED Uid: 10071 RequestorUid: 10071 RequestorPkg: com.android.rkpdapp UnderlyingNetworks: Null] ]
05-30 14:03:32.730 E/hq ( 1464): NetWorkStateReceiver:::Network is available. isConnect=false 是否频次过快=false t=1748585012730
05-30 14:03:32.730 W/eventbuscore( 1464): post Event:com.dangbei.leard.base.entity.event.NetStateEvent
05-30 14:03:32.735 D/ConnectivityService( 710): Setting DNS servers for network 100 to [/202.96.134.133, /202.96.128.166]
05-30 14:03:32.735 D/DnsManager( 710): sendDnsConfigurationForNetwork(100, [202.96.134.133, 202.96.128.166], [], 1800, 25, 8, 64, 0, 0, , [202.96.134.133, 202.96.128.166])
05-30 14:03:32.735 W/eventbuscore( 1464): post Event:com.dangbei.leard.base.entity.event.NetChangeEvent
05-30 14:03:32.739 D/RockyReceiver( 1686): action: android.net.conn.CONNECTIVITY_CHANGE
05-30 14:03:32.739 D/NetworkTimeUpdateService( 710): New default network 100; checking time.
05-30 14:03:32.739 D/OemPaidWifiNetworkFactory( 710): got request NetworkRequest [ REQUEST id=47, [ Capabilities: INTERNET&NOT_RESTRICTED&TRUSTED&NOT_VCN_MANAGED Uid: 10071 RequestorUid: 10071 RequestorPkg: com.android.rkpdapp UnderlyingNetworks: Null] ]
05-30 14:03:32.740 D/aaa ( 1487): action:android.net.conn.CONNECTIVITY_CHANGE
05-30 14:03:32.740 W/System.err( 976): java.lang.NoSuchMethodException: android.net.SntpClient.requestTime [class java.lang.String, int, class android.net.Network]
05-30 14:03:32.741 W/System.err( 976): at java.lang.Class.getMethod(Class.java:2937)
05-30 14:03:32.741 W/System.err( 976): at java.lang.Class.getMethod(Class.java:2449)
05-30 14:03:32.741 W/System.err( 976): at com.droidlogic.NtpService.SyncTimeLock(NtpService.java:113)
05-30 14:03:32.741 W/System.err( 976): at com.droidlogic.NtpService.-$$Nest$mSyncTimeLock(Unknown Source:0)
05-30 14:03:32.741 W/System.err( 976): at com.droidlogic.NtpService$2.run(NtpService.java:104)
05-30 14:03:32.741 W/System.err( 976): at android.os.Handler.handleCallback(Handler.java:958)
05-30 14:03:32.741 W/System.err( 976): at android.os.Handler.dispatchMessage(Handler.java:99)
05-30 14:03:32.741 W/System.err( 976): at android.os.Looper.loopOnce(Looper.java:205)
05-30 14:03:32.741 W/System.err( 976): at android.os.Looper.loop(Looper.java:294)
05-30 14:03:32.741 W/System.err( 976): at android.os.HandlerThread.run(HandlerThread.java:67)
05-30 14:03:32.746 D/MultiInternetWifiNetworkFactory( 710): got request NetworkRequest [ REQUEST id=47, [ Capabilities: INTERNET&NOT_RESTRICTED&TRUSTED&NOT_VCN_MANAGED Uid: 10071 RequestorUid: 10071 RequestorPkg: com.android.rkpdapp UnderlyingNetworks: Null] ]
05-30 14:03:32.748 I/Receiver( 1686): 网络连接成功
05-30 14:03:32.750 D/UpstreamNetworkMonitor( 1051): New default Internet network: 100
05-30 14:03:32.751 E/DangXiaoBeiManager( 1464): setMessageList: true
05-30 14:03:32.754 E/hq ( 1464): 当小贝:::message list add complete data.messageList:[]
05-30 14:03:32.754 E/hq ( 1464): data.tabList=[]
05-30 14:03:32.754 I/hq ( 1464): 当小贝:::showMessage from=net_change
05-30 14:03:32.755 D/yc_test ( 1464): refreshWeather: null
05-30 14:03:32.756 I/hq ( 1464): 当小贝:::showMessage 没有消息需要显示
05-30 14:03:32.757 D/LanSocketServer( 1430): connect
05-30 14:03:32.766 W/BestClock( 710): java.time.DateTimeException: Missing network time fix
05-30 14:03:32.769 W/BestClock( 710): java.time.DateTimeException: Missing network time fix
05-30 14:03:32.770 W/ContextImpl( 710): Calling a method in the system process without a qualified user: android.app.ContextImpl.sendStickyBroadcast:1626 android.net.connectivity.com.android.server.ConnectivityService.sendStickyBroadcast:3280 android.net.connectivity.com.android.server.ConnectivityService.sendGeneralBroadcast:3250 android.net.connectivity.com.android.server.ConnectivityService.sendInetConditionBroadcast:3227 android.net.connectivity.com.android.server.ConnectivityService.updateInetCondition:9819
05-30 14:03:32.773 D/dangbei ad sdk( 1464): HttpUtils.....::response=http://esw.tymcdn.com/dbGold/os/v2/sdkSwitch.do
05-30 14:03:32.773 E/hq ( 1464): listenerNet:::重新来网了 key=image_error isConnect=true
05-30 14:03:32.775 W/BestClock( 710): java.time.DateTimeException: Missing network time fix
05-30 14:03:32.777 E/hq ( 1464): listenerNet:::重新来网了 key=requestAppWhiteList isConnect=true
05-30 14:03:32.780 W/LastMileLogger( 710): Failed to stop event tracing: /sys/kernel/debug/tracing/instances/wifi/tracing_on: open failed: ENOENT (No such file or directory)
05-30 14:03:32.792 D/TrafficStats( 1464): tagSocket(164) with statsTag=0xffffffff, statsUid=-1
05-30 14:03:32.797 E/hq ( 1464): listenerNet:::重新来网了 key=ConfigureInterface:Init isConnect=true
05-30 14:03:32.799 D/WifiConfigStore( 710): Writing to stores completed in 7 ms.
05-30 14:03:32.800 D/InstantWifi( 710): Receive Wifi is connected, freq = 5745 and currentNetworkId : 0, wifiinfo = SSID: , BSSID: 02:00:00:00:00:00, MAC: 02:00:00:00:00:00, IP: /192.168.3.222, Security type: 2, Supplicant state: COMPLETED, Wi-Fi standard: 6, RSSI: -54, Link speed: 1200Mbps, Tx Link speed: 1200Mbps, Max Supported Tx Link speed: 1200Mbps, Rx Link speed: 6Mbps, Max Supported Rx Link speed: 1200Mbps, Frequency: 5745MHz, Net ID: -1, Metered hint: false, score: 60, isUsable: true, CarrierMerged: false, SubscriptionId: -1, IsPrimary: 1, Trusted: true, Restricted: false, Ephemeral: false, OEM paid: false, OEM private: false, OSU AP: false, FQDN: , Provider friendly name: , Requesting package name: MLO Information: , Is TID-To-Link negotiation supported by the AP: false, AP MLD Address: , AP MLO Link Id: , AP MLO Affiliated links:
05-30 14:03:32.801 E/hq ( 1464): listenerNet:::重新来网了 key=requestGetMessageRemind isConnect=true
05-30 14:03:32.802 D/yc_test ( 1464): refreshWeather: null
05-30 14:03:32.803 E/hq ( 1464): listenerNet:::重新来网了 key=requestMessageConfig isConnect=true
05-30 14:03:32.806 D/TrafficStats( 1464): tagSocket(126) with statsTag=0xffffffff, statsUid=-1
05-30 14:03:32.806 E/hq ( 1464): listenerNet:::重新来网了 key=requestMessageDialog isConnect=true
05-30 14:03:32.807 E/hq ( 1464): listenerNet:::重新来网了 key=requestNetAppAdInfo isConnect=true
05-30 14:03:32.811 I/AppsFilter( 710): Invalidating cache: grantImplicitAccess: 10058 -> 1000
05-30 14:03:32.813 W/BestClock( 710): java.time.DateTimeException: Missing network time fix
05-30 14:03:32.818 V/GraphicsEnvironment( 2084): Currently set values for:
05-30 14:03:32.819 D/WifiMemoryStoreImpl( 710): Set cluster G3d3ebbf601e73c21 for Wb8cfbf70d919f214: SUCCESS
05-30 14:03:32.820 V/GraphicsEnvironment( 2084): angle_gl_driver_selection_pkgs=[]
05-30 14:03:32.820 V/GraphicsEnvironment( 2084): angle_gl_driver_selection_values=[]
05-30 14:03:32.826 W/System.err( 1430): SLF4J: Failed to load class "org.slf4j.impl.StaticLoggerBinder".
05-30 14:03:32.826 W/System.err( 1430): SLF4J: Defaulting to no-operation (NOP) logger implementation
05-30 14:03:32.826 W/System.err( 1430): SLF4J: See http://www.slf4j.org/codes.html#StaticLoggerBinder for further details.
05-30 14:03:32.827 D/LanSocketServer( 1430): connect /192.168.3.222:6689
05-30 14:03:32.828 D/LanSocketServer( 1430): connect start
05-30 14:03:32.828 E/LanCommander( 1430): onNetWorkChanged: true
05-30 14:03:32.843 D/TrafficStats( 1464): tagSocket(129) with statsTag=0xffffffff, statsUid=-1
05-30 14:03:32.844 D/TrafficStats( 1464): tagSocket(133) with statsTag=0xffffffff, statsUid=-1
05-30 14:03:32.848 D/InstantWifi( 710): Receive Wifi is connected, freq = 5745 and currentNetworkId : 0, wifiinfo = SSID: , BSSID: 02:00:00:00:00:00, MAC: 02:00:00:00:00:00, IP: /192.168.3.222, Security type: 2, Supplicant state: COMPLETED, Wi-Fi standard: 6, RSSI: -54, Link speed: 1200Mbps, Tx Link speed: 1200Mbps, Max Supported Tx Link speed: 1200Mbps, Rx Link speed: 6Mbps, Max Supported Rx Link speed: 1200Mbps, Frequency: 5745MHz, Net ID: -1, Metered hint: false, score: 60, isUsable: true, CarrierMerged: false, SubscriptionId: -1, IsPrimary: 1, Trusted: true, Restricted: false, Ephemeral: false, OEM paid: false, OEM private: false, OSU AP: false, FQDN: , Provider friendly name: , Requesting package name: MLO Information: , Is TID-To-Link negotiation supported by the AP: false, AP MLD Address: , AP MLO Link Id: , AP MLO Affiliated links:
05-30 14:03:32.851 V/GraphicsEnvironment( 2084): ANGLE GameManagerService for com.android.statementservice: false
05-30 14:03:32.851 V/GraphicsEnvironment( 2084): com.android.statementservice is not listed in per-application setting
05-30 14:03:32.851 V/GraphicsEnvironment( 2084): Neither updatable production driver nor prerelease driver is supported.
05-30 14:03:32.865 D/TrafficStats( 1464): tagSocket(165) with statsTag=0xffffffff, statsUid=-1
05-30 14:03:32.875 E/hq ( 1464): WeatherRefresh:::请求网络地址后,更新的地理位置为:null
05-30 14:03:32.880 E/hq ( 1464): WeatherRefresh:::请求网络地址后,更新的地理位置为:null
05-30 14:03:32.890 D/TrafficStats( 1430): tagSocket(84) with statsTag=0xffffffff, statsUid=-1
05-30 14:03:32.892 E/LanCommander( 1430): onServerCreatedSuccess 192.168.3.222:6689
05-30 14:03:32.895 D/WM-WrkMgrInitializer( 2084): Initializing WorkManager with default configuration.
05-30 14:03:32.897 D/TrafficStats( 1464): tagSocket(166) with statsTag=0xffffffff, statsUid=-1
05-30 14:03:32.897 D/TrafficStats( 1464): tagSocket(169) with statsTag=0xffffffff, statsUid=-1
05-30 14:03:32.907 D/WM-PackageManagerHelper( 2084): androidx.work.impl.background.systemjob.SystemJobService enabled
05-30 14:03:32.908 D/WM-Schedulers( 2084): Created SystemJobScheduler and enabled SystemJobService
05-30 14:03:32.912 D/TrafficStats( 1464): tagSocket(181) with statsTag=0xffffffff, statsUid=-1
05-30 14:03:32.913 D/CompatibilityChangeReporter( 2084): Compat change id reported: 183155436; UID 10027; state: DISABLED
05-30 14:03:32.925 D/CompatibilityChangeReporter( 2025): Compat change id reported: 263076149; UID 10071; state: ENABLED
05-30 14:03:32.926 D/TrafficStats( 710): tagSocket(487) with statsTag=0xffffff41, statsUid=-1
05-30 14:03:32.929 D/TrafficStats( 1464): tagSocket(189) with statsTag=0xffffffff, statsUid=-1
05-30 14:03:32.932 D/CompatibilityChangeReporter( 1380): Compat change id reported: 263076149; UID 10058; state: ENABLED
05-30 14:03:32.933 E/TaskWorkerFactory( 1380): Cannot create worker: com.android.devicelockcontroller.provision.worker.DeviceCheckInWorker
05-30 14:03:32.933 E/TaskWorkerFactory( 1380): java.lang.NoSuchMethodException: com.android.devicelockcontroller.provision.worker.DeviceCheckInWorker. [class android.content.Context, class androidx.work.WorkerParameters, interface com.google.common.util.concurrent.ListeningExecutorService]
05-30 14:03:32.933 E/TaskWorkerFactory( 1380): at java.lang.Class.getConstructor0(Class.java:3325)
05-30 14:03:32.933 E/TaskWorkerFactory( 1380): at java.lang.Class.getDeclaredConstructor(Class.java:3063)
05-30 14:03:32.933 E/TaskWorkerFactory( 1380): at com.android.devicelockcontroller.policy.TaskWorkerFactory.createWorker(TaskWorkerFactory.java:53)
05-30 14:03:32.933 E/TaskWorkerFactory( 1380): at androidx.work.DelegatingWorkerFactory.createWorker(DelegatingWorkerFactory.java:71)
05-30 14:03:32.933 E/TaskWorkerFactory( 1380): at androidx.work.WorkerFactory.createWorkerWithDefaultFallback(WorkerFactory.java:82)
05-30 14:03:32.933 E/TaskWorkerFactory( 1380): at androidx.work.impl.WorkerWrapper.runWorker(WorkerWrapper.java:240)
05-30 14:03:32.933 E/TaskWorkerFactory( 1380): at androidx.work.impl.WorkerWrapper.run(WorkerWrapper.java:142)
05-30 14:03:32.933 E/TaskWorkerFactory( 1380): at androidx.work.impl.utils.SerialExecutorImpl$Task.run(SerialExecutorImpl.java:96)
05-30 14:03:32.933 E/TaskWorkerFactory( 1380): at java.util.concurrent.ThreadPoolExecutor.runWorker(ThreadPoolExecutor.java:1145)
05-30 14:03:32.933 E/TaskWorkerFactory( 1380): at java.util.concurrent.ThreadPoolExecutor$Worker.run(ThreadPoolExecutor.java:644)
05-30 14:03:32.933 E/TaskWorkerFactory( 1380): at java.lang.Thread.run(Thread.java:1012)
05-30 14:03:32.940 D/TrafficStats( 1464): tagSocket(190) with statsTag=0xffffffff, statsUid=-1
05-30 14:03:32.941 D/CompatibilityChangeReporter( 710): Compat change id reported: 135634846; UID 10044; state: DISABLED
05-30 14:03:32.942 D/CompatibilityChangeReporter( 710): Compat change id reported: 143937733; UID 10044; state: DISABLED
05-30 14:03:32.943 D/audio_hw_hal_ms12common( 477): func:ms12_timer_callback_handler sigv:0 ~~~~~~~~~~
05-30 14:03:32.943 D/audio_hw_hal_ms12v2( 477): set_dolby_ms12_continuous_state audio_continuous_standby_set status 1
05-30 14:03:32.943 D/audio_hw_hal_continuous_standby( 477): audio_continuous_standby_set, type 0, params 1
05-30 14:03:32.943 D/audio_hw_hal_ms12common( 477): aml_send_ms12_scheduler_state_2_ms12 adev:0xe8ac0010, sch_state:1(SCHEDULER_STANDBY)
05-30 14:03:32.944 E/RCInfo ( 1430): vid:
05-30 14:03:32.944 E/RCInfo ( 1430): pid:
05-30 14:03:32.945 E/RCInfo ( 1430): RCBrand:NA
05-30 14:03:32.949 E/RCInfo ( 1430): vid:
05-30 14:03:32.949 E/RCInfo ( 1430): pid:
05-30 14:03:32.950 E/RCInfo ( 1430): vid:
05-30 14:03:32.950 E/RCInfo ( 1430): pid:
05-30 14:03:32.951 E/RCInfo ( 1430): vid:
05-30 14:03:32.951 E/RCInfo ( 1430): pid:
05-30 14:03:32.952 E/RCInfo ( 1430): RCBrand:NA
05-30 14:03:32.953 E/RCInfo ( 1430): vid:
05-30 14:03:32.953 E/RCInfo ( 1430): pid:
05-30 14:03:32.955 E/RCInfo ( 1430): vid:
05-30 14:03:32.955 E/RCInfo ( 1430): pid:
05-30 14:03:32.963 D/TrafficStats( 1464): tagSocket(173) with statsTag=0xffffffff, statsUid=-1
05-30 14:03:32.967 I/AppsFilter( 710): Cache invalidated while building, retrying.
05-30 14:03:32.971 D/AppManager( 1464): checkLocalAppsIsValid: size
05-30 14:03:32.972 D/AppManager( 1464): AppManager resetData:
05-30 14:03:33.011 D/getEthernetMacAddr( 1430): getEthernetMacAddr use eth0
05-30 14:03:33.025 D/getEthernetMacAddr( 1430): getEthernetMacAddr use eth0
05-30 14:03:33.029 D/Zygote ( 465): Forked child process 2163
05-30 14:03:33.030 W/ActivityManager( 710): Slow operation: 89ms so far, now at startProcess: returned from zygote!
05-30 14:03:33.030 W/ActivityManager( 710): Slow operation: 89ms so far, now at startProcess: done updating battery stats
05-30 14:03:33.030 W/ActivityManager( 710): Slow operation: 90ms so far, now at startProcess: building log message
05-30 14:03:33.030 I/ActivityManager( 710): Start proc 2163:com.dangbei.screencast/u0a44 for broadcast {com.dangbei.screencast/com.dangbei.screencast.startup.BootReceiver}
05-30 14:03:33.030 W/ActivityManager( 710): Slow operation: 90ms so far, now at startProcess: starting to update pids map
05-30 14:03:33.030 W/ActivityManager( 710): Slow operation: 90ms so far, now at startProcess: done updating pids map
05-30 14:03:33.044 I/Zygote ( 2163): seccomp disabled by setenforce 0
05-30 14:03:33.052 I/gbei.screencast( 2163): Using CollectorTypeCC GC.
05-30 14:03:33.057 D/getEthernetMacAddr( 1430): getEthernetMacAddr use eth0
05-30 14:03:33.061 E/gbei.screencast( 2163): Not starting debugger since process cannot load the jdwp agent.
05-30 14:03:33.086 D/getEthernetMacAddr( 1430): getEthernetMacAddr use eth0
05-30 14:03:33.096 I/CheckInWorker( 1380): perform check-in request
05-30 14:03:33.113 D/CompatibilityChangeReporter( 710): Compat change id reported: 168419799; UID 10044; state: DISABLED
05-30 14:03:33.113 D/CompatibilityChangeReporter( 710): Compat change id reported: 273564678; UID 10044; state: DISABLED
05-30 14:03:33.114 W/CheckInWorker( 1380): CheckIn failed. No device identifier available!
05-30 14:03:33.116 I/WM-WorkerWrapper( 1380): Worker result FAILURE for Work [ id=e05004b1-f168-453d-996a-d0355f7eb538, tags={ com.android.devicelockcontroller.provision.worker.DeviceCheckInWorker } ]
05-30 14:03:33.120 D/CompatibilityChangeReporter( 710): Compat change id reported: 265195908; UID 10044; state: ENABLED
05-30 14:03:33.137 D/CompatibilityChangeReporter( 2163): Compat change id reported: 171979766; UID 10044; state: DISABLED
05-30 14:03:33.137 D/CompatibilityChangeReporter( 2163): Compat change id reported: 242716250; UID 10044; state: DISABLED
05-30 14:03:33.143 D/CompatibilityChangeReporter( 710): Compat change id reported: 170503758; UID 10044; state: DISABLED
05-30 14:03:33.151 D/ApplicationLoaders( 2163): Returning zygote-cached class loader: /system/framework/android.test.base.jar
05-30 14:03:33.151 D/ApplicationLoaders( 2163): Returning zygote-cached class loader: /system/framework/android.hidl.manager-V1.0-java.jar
05-30 14:03:33.151 D/ApplicationLoaders( 2163): Returning zygote-cached class loader: /system/framework/android.hidl.base-V1.0-java.jar
05-30 14:03:33.151 I/okhttp.OkHttpClient( 1430): --> POST http://tymsgapi.qun7.com/v1/core/rom (533-byte body)
05-30 14:03:33.156 D/dangbei ad sdk( 1464): HttpUtils.....::response={"msg":"success","code":200,"nexttime":"1748622015000","status":0}
05-30 14:03:33.156 I/okhttp.OkHttpClient( 1430): --> POST http://tymsgapi.qun7.com/v1/core/logip (600-byte body)
05-30 14:03:33.162 E/HigherBroadcastServer( 1430): {"bluetoothBoot":false,"bluetoothController":false,"bluetoothMac":"1C:79:2D:20:62:B6","deviceModel":"DBBOX-A3","deviceModelNumber":"H5P464","deviceName":"客厅的当贝盒子","findController":1,"hostName":"192.168.3.222","inetAddress":"192.168.3.222","mac":"20:02:FE:19:C2:49","port":6689,"romCode":5007,"romVersion":"5.0.0.7","wifiMac":"1C:79:2D:20:62:B5","deviceId":"6f215fe5923ef04ed4749210af2b76b9","sn":"DZOH5P8251918026"}
05-30 14:03:33.164 W/NsdServiceInfo( 1430): Key lengths > 9 are discouraged: deviceModel
05-30 14:03:33.165 W/NsdServiceInfo( 1430): Key lengths > 9 are discouraged: deviceModelNumber
05-30 14:03:33.165 W/NsdServiceInfo( 1430): Key lengths > 9 are discouraged: deviceName
05-30 14:03:33.165 W/NsdServiceInfo( 1430): Key lengths > 9 are discouraged: romVersion
05-30 14:03:33.165 W/NsdServiceInfo( 1430): Key lengths > 9 are discouraged: findController
05-30 14:03:33.176 D/TrafficStats( 1464): tagSocket(203) with statsTag=0xffffffff, statsUid=-1
05-30 14:03:33.178 I/okhttp.OkHttpClient( 1430): --> POST http://tyapi.qun7.com/v1/core/launcherota (533-byte body)
05-30 14:03:33.190 D/TrafficStats( 1464): tagSocket(204) with statsTag=0xffffffff, statsUid=-1
05-30 14:03:33.197 I/DrmHalHidl( 2025): No hidl drm factories found
05-30 14:03:33.199 I/hwservicemanager( 234): getTransport: Cannot find entry android.hardware.drm@1.0::IDrmFactory/default in either framework or device VINTF manifest.
05-30 14:03:33.200 E/DrmHalHidl( 2025): Failed to find passthrough drm factories
05-30 14:03:33.202 I/DrmUtils( 2025): found IDrmFactory. Instance name:[android.hardware.drm.IDrmFactory/clearkey]
05-30 14:03:33.202 I/DrmUtils( 2025): found IDrmFactory. Instance name:[android.hardware.drm.IDrmFactory/widevine]
05-30 14:03:33.209 I/WVCdm-DrmFactory( 538): [app][com.android.rkpdapp] calling virtual ::ndk::ScopedAStatus wvdrm::hardware::drm::widevine::WVDrmFactory::createDrmPlugin(const Uuid &, const string &, std::shared_ptr< ::aidl::android::hardware::drm::IDrmPlugin> *)
05-30 14:03:33.209 D/WVCdm ( 538): Instantiating CDM metrics queue
05-30 14:03:33.209 D/WVCdm ( 538): Instantiating CDM.
05-30 14:03:33.213 I/okhttp.OkHttpClient( 1430): --> POST http://tymsgapi.qun7.com/v1/core/appupdate (2314-byte body)
05-30 14:03:33.214 I/serviceDiscovery( 710): [MdnsSocketProvider] Start monitoring sockets.
05-30 14:03:33.214 I/TetheringManager( 710): registerTetheringEventCallback caller:android
05-30 14:03:33.220 I/SendAliveManager( 1877): doWhenNetworkStateChanged
05-30 14:03:33.221 D/WVCdm ( 538): [cdm_engine.cpp(581):QueryStatus] security_level = Default, query_token = WidevineCdmVersion
05-30 14:03:33.225 I/serviceDiscovery( 710): [MdnsAdvertiser] Adding service name: 192.168.3.222, type: _db_controller._tcp, hostAddresses: /192.168.3.222, port: 6689, network: null, txtRecord: deviceModel=DBBOX-A3romVersion=5.0.0.7findController=1sn=DZOH5P8251918026mac=20:02:FE:19:C2:49 deviceName=客厅的当贝盒子)deviceId=6f215fe5923ef04ed4749210af2b76b9deviceModelNumber=H5P464 romCode=5007 with ID 2 and subtype null
05-30 14:03:33.225 D/nativeloader( 2163): Configuring clns-shared-4 for other apk /system/app/dangbei-screencast/dangbei-screencast.apk. target_sdk_version=28, uses_libraries=, library_path=/system/app/dangbei-screencast/lib/arm:/system/app/dangbei-screencast/dangbei-screencast.apk!/lib/armeabi-v7a:/system/lib:/system_ext/lib, permitted_path=/data:/mnt/expand:/data/user/0/com.dangbei.screencast:/system/app/dangbei-screencast:/system/lib:/system_ext/lib
05-30 14:03:33.226 I/WVCdm ( 538): [file_utils.cpp(38):Exists] stat failed: ENOENT
05-30 14:03:33.227 I/WVCdm ( 538): [oemcrypto_adapter_dynamic.cpp(783):Initialize] Level 3 Build Info (v18): {"soc_vendor":"L3_34136","soc_model":"ARM 32 bit","ta_ver":"18.1.0+May 15 2024_23:17:25_","uses_opk":false,"tee_os":"none","tee_os_ver":"0.0.0","form_factor":"L3","implementer":"Widevine","fused":false}
05-30 14:03:33.227 D/ConnectivityService( 710): NetReassign [no changes] [c 0] [a 2] [i 2]
05-30 14:03:33.227 I/WVCdm ( 538): [(0):] Level3 Library 34136 May 15 2024 23:17:25
05-30 14:03:33.258 D/TrafficStats( 710): tagSocket(488) with statsTag=0xffffffff, statsUid=-1
05-30 14:03:33.264 I/Receiver( 1686): ----------netConnectInitSDK--------------
05-30 14:03:33.264 D/RockyNetMessageUtil( 1686): initTipsList tipEntity = TipEntity{movieType=[我想看喜剧片, 动作片, 枪战片], movie=[庆余年, 误杀, 美丽人生, 爆笑虫子, 哪吒, 小猪佩奇, 胡歌的电视剧, 张艺谋导演的电影, 切换到1080P, 收藏], appController=[打开当贝市场, 下载哈趣影视, 爱奇艺, 卸载腾讯视频], weather=[今天的天气, 未来五天的天气, 杭州天气怎么样, 明天下不下雨], music=[我要听歌, 周杰伦的歌, 上一首, 下一首, 快进一分钟, 暂停], liveAppDownload='非常抱歉,根据监管部门政策管理要求,暂不提供相应服务。', subscreen=null, wakeUpVoiceResponse=[ProbabilityEntity{word='在呢', probability=30}, ProbabilityEntity{word='我在', probability=35}, ProbabilityEntity{word='你说', probability=15}, ProbabilityEntity{word='来啦', probability=20}], unrecognizedVoiceResponse=[ProbabilityEntity{word='可以再说一遍么', probability=45}, ProbabilityEntity{word='可以说的详细一点么', probability=30}, ProbabilityEntity{word='请问有什么可以帮您', probability=25}], notUnderstandVoiceResponse=[ProbabilityEntity{word='换个说法试试吧', probability=100}]} isRequestTipSuccess = false
05-30 14:03:33.278 D/aaa ( 1487): WiFi is connect
05-30 14:03:33.282 D/IpClient/wlan0( 1051): addressUpdated: fe80::630c:e917:bda5:f47c/64 on ifindex 16 flags 0x00000880 scope 253
05-30 14:03:33.300 D/TrafficStats( 1430): tagSocket(93) with statsTag=0xffffffff, statsUid=-1
05-30 14:03:33.304 D/TrafficStats( 1430): tagSocket(94) with statsTag=0xffffffff, statsUid=-1
05-30 14:03:33.305 D/TrafficStats( 1430): tagSocket(96) with statsTag=0xffffffff, statsUid=-1
05-30 14:03:33.315 D/RockyNetMessageUtil( 1686): initMediaControlPage pageEntity = PageEntity{list=[ContentEntity{packageName='com.dangbei.leard.leradlauncher', activityName='FilmDetailActivity'}, ContentEntity{packageName='com.dangbei.leard.leradlauncher', activityName='FullScreenDetailActivity'}, ContentEntity{packageName='com.dangbei.leard.leradlauncher', activityName='TencentSportActivity'}, ContentEntity{packageName='com.dangbei.leradVideoPlugins', activityName='FilmDetailActivity'}, ContentEntity{packageName='com.dangbei.leradVideoPlugins', activityName='FullScreenDetailActivity'}, ContentEntity{packageName='com.dangbei.leradVideoPlugins', activityName='TencentSportActivity'}, ContentEntity{packageName='com.dangbei.leradVideoPlugins', activityName='ShortPlayActivity'}, ContentEntity{packageName='com.dangbei.hqmedia', activityName='FilmDetailActivity'}, ContentEntity{packageName='com.dangbei.hqmedia', activityName='FullScreenDetailActivity'}, ContentEntity{packageName='com.dangbei.leradVideoPlugins', activityName='MangoMediaActivity'}, ContentEntity{packageName='com.dangbei.leradVideoPlugins', activityName='VcinemaActivity'}]} isRequestPageControlSuccess = false
05-30 14:03:33.326 I/WVCdm ( 538): [oemcrypto_adapter_dynamic.cpp(797):Initialize] L3 Initialized. Trying L1.
05-30 14:03:33.326 W/WVCdm ( 538): [oemcrypto_adapter_dynamic.cpp(810):Initialize] Could not load oemcrypto from path liboemcrypto.so. dlopen failed: library "liboemcrypto.so" not found
05-30 14:03:33.326 W/WVCdm ( 538): [oemcrypto_adapter_dynamic.cpp(814):Initialize] Could not load oemcrypto. Falling back to L3.
05-30 14:03:33.327 E/WVCdm ( 538): [oemcrypto_adapter_dynamic.cpp(1271):ValidateOrInstallL1KeyboxOrCert] L1 not initialized. Falling back to L3
05-30 14:03:33.327 I/WVCdm ( 538): [file_utils.cpp(38):Exists] stat failed: ENOENT
05-30 14:03:33.327 W/WVCdm ( 538): [oemcrypto_adapter_dynamic.cpp(1470):OEMCrypto_InitializeAndCheckKeybox] Keybox error: 25. Falling back to L3.
05-30 14:03:33.327 I/WVCdm ( 538): [oemcrypto_adapter_dynamic.cpp(846):Level1Terminate] L1 Terminate not needed
05-30 14:03:33.327 D/WVCdm ( 538): [crypto_session.cpp(472):CacheVersion] OEMCrypto version (default security level): 18.1
05-30 14:03:33.327 D/WVCdm ( 538): [crypto_session.cpp(481):CacheVersion] OEMCrypto version (L3 security level): 18.1
05-30 14:03:33.327 V/GraphicsEnvironment( 2163): Currently set values for:
05-30 14:03:33.327 V/GraphicsEnvironment( 2163): angle_gl_driver_selection_pkgs=[]
05-30 14:03:33.327 V/GraphicsEnvironment( 2163): angle_gl_driver_selection_values=[]
05-30 14:03:33.328 V/GraphicsEnvironment( 2163): ANGLE GameManagerService for com.dangbei.screencast: false
05-30 14:03:33.328 V/GraphicsEnvironment( 2163): com.dangbei.screencast is not listed in per-application setting
05-30 14:03:33.328 V/GraphicsEnvironment( 2163): Neither updatable production driver nor prerelease driver is supported.
05-30 14:03:33.330 D/XHttpObservable( 1686): handleRequest: start https://tyapi.qun7.com/v1/voice/getsoundshowmsg ,,, isCache = false
05-30 14:03:33.354 D/TrafficStats( 1430): tagSocket(95) with statsTag=0xffffffff, statsUid=-1
05-30 14:03:33.362 I/MultiDex( 2163): VM with version 2.1.0 has multidex support
05-30 14:03:33.362 I/MultiDex( 2163): Installing application
05-30 14:03:33.362 I/MultiDex( 2163): VM has multidex support, MultiDex support library is disabled.
05-30 14:03:33.380 D/aaa ( 1487): WiFi is connect
05-30 14:03:33.380 E/PartsInfoProvider( 2163): onCreate:
05-30 14:03:33.383 W/ActivityManager( 710): Background start not allowed: service Intent { act=com.dangbei.screencast.STARTUP pkg=com.dangbei.screencast } to com.dangbei.screencast/.startup.StartupService from pid=2163 uid=10044 pkg=com.dangbei.screencast startFg?=false
05-30 14:03:33.389 D/WVCdm ( 538): [cdm_engine.cpp(581):QueryStatus] security_level = Default, query_token = ProvisioningModel
05-30 14:03:33.411 D/XHttpObservable( 1686): handleRequest: start https://tyapi.qun7.com/v1/voice/getResponseControlPage ,,, isCache = false
05-30 14:03:33.414 W/System.err( 2163): android.app.BackgroundServiceStartNotAllowedException: Not allowed to start service Intent { act=com.dangbei.screencast.STARTUP pkg=com.dangbei.screencast }: app is in background uid UidRecord{621576f u0a44 CEM idle change:idle|cached|procstate procs:0 seq(325,325)} caps=------
05-30 14:03:33.414 W/System.err( 2163): at android.app.ContextImpl.startServiceCommon(ContextImpl.java:1945)
05-30 14:03:33.414 W/System.err( 2163): at android.app.ContextImpl.startService(ContextImpl.java:1900)
05-30 14:03:33.414 W/System.err( 2163): at android.content.ContextWrapper.startService(ContextWrapper.java:825)
05-30 14:03:33.414 W/System.err( 2163): at b.f.f.h.g.k.a(Unknown Source:20)
05-30 14:03:33.414 W/System.err( 2163): at com.dangbei.screencast.provider.PartsInfoProvider.onCreate(:2)
05-30 14:03:33.415 W/System.err( 2163): at android.content.ContentProvider.attachInfo(ContentProvider.java:2619)
05-30 14:03:33.415 W/System.err( 2163): at android.content.ContentProvider.attachInfo(ContentProvider.java:2589)
05-30 14:03:33.415 W/System.err( 2163): at android.app.ActivityThread.installProvider(ActivityThread.java:7840)
05-30 14:03:33.415 W/System.err( 2163): at android.app.ActivityThread.installContentProviders(ActivityThread.java:7351)
05-30 14:03:33.415 W/System.err( 2163): at android.app.ActivityThread.handleBindApplication(ActivityThread.java:7046)
05-30 14:03:33.415 W/System.err( 2163): at android.app.ActivityThread.-$$Nest$mhandleBindApplication(Unknown Source:0)
05-30 14:03:33.415 W/System.err( 2163): at android.app.ActivityThread$H.handleMessage(ActivityThread.java:2265)
05-30 14:03:33.415 W/System.err( 2163): at android.os.Handler.dispatchMessage(Handler.java:106)
05-30 14:03:33.415 W/System.err( 2163): at android.os.Looper.loopOnce(Looper.java:205)
05-30 14:03:33.415 W/System.err( 2163): at android.os.Looper.loop(Looper.java:294)
05-30 14:03:33.415 W/System.err( 2163): at android.app.ActivityThread.main(ActivityThread.java:8255)
05-30 14:03:33.415 W/System.err( 2163): at java.lang.reflect.Method.invoke(Native Method)
05-30 14:03:33.415 W/System.err( 2163): at com.android.internal.os.RuntimeInit$MethodAndArgsCaller.run(RuntimeInit.java:552)
05-30 14:03:33.415 W/System.err( 2163): at com.android.internal.os.ZygoteInit.main(ZygoteInit.java:978)
05-30 14:03:33.418 W/ActivityManager( 710): Background start not allowed: service Intent { act=com.dangbei.screencast.STARTUP pkg=com.dangbei.screencast } to com.dangbei.screencast/.startup.StartupService from pid=2163 uid=10044 pkg=com.dangbei.screencast startFg?=false
05-30 14:03:33.418 I/RkpdWidevine( 2025): Not a WV provisioning 4.0 device. No provisioning required.
05-30 14:03:33.422 W/System.err( 2163): android.app.BackgroundServiceStartNotAllowedException: Not allowed to start service Intent { act=com.dangbei.screencast.STARTUP pkg=com.dangbei.screencast }: app is in background uid UidRecord{621576f u0a44 CEM idle change:idle|cached|procstate procs:0 seq(325,325)} caps=------
05-30 14:03:33.422 W/System.err( 2163): at android.app.ContextImpl.startServiceCommon(ContextImpl.java:1945)
05-30 14:03:33.422 W/System.err( 2163): at android.app.ContextImpl.startService(ContextImpl.java:1900)
05-30 14:03:33.422 W/System.err( 2163): at android.content.ContextWrapper.startService(ContextWrapper.java:825)
05-30 14:03:33.422 W/System.err( 2163): at b.f.f.h.g.k.a(Unknown Source:20)
05-30 14:03:33.422 W/System.err( 2163): at com.dangbei.screencast.common.utils.remotepreferences.ScreenCastPreferenceProvider.onCreate(Unknown Source:11)
05-30 14:03:33.422 W/System.err( 2163): at android.content.ContentProvider.attachInfo(ContentProvider.java:2619)
05-30 14:03:33.422 W/System.err( 2163): at android.content.ContentProvider.attachInfo(ContentProvider.java:2589)
05-30 14:03:33.422 W/System.err( 2163): at android.app.ActivityThread.installProvider(ActivityThread.java:7840)
05-30 14:03:33.422 W/System.err( 2163): at android.app.ActivityThread.installContentProviders(ActivityThread.java:7351)
05-30 14:03:33.422 W/System.err( 2163): at android.app.ActivityThread.handleBindApplication(ActivityThread.java:7046)
05-30 14:03:33.422 W/System.err( 2163): at android.app.ActivityThread.-$$Nest$mhandleBindApplication(Unknown Source:0)
05-30 14:03:33.422 W/System.err( 2163): at android.app.ActivityThread$H.handleMessage(ActivityThread.java:2265)
05-30 14:03:33.423 W/System.err( 2163): at android.os.Handler.dispatchMessage(Handler.java:106)
05-30 14:03:33.423 W/System.err( 2163): at android.os.Looper.loopOnce(Looper.java:205)
05-30 14:03:33.423 W/System.err( 2163): at android.os.Looper.loop(Looper.java:294)
05-30 14:03:33.423 W/System.err( 2163): at android.app.ActivityThread.main(ActivityThread.java:8255)
05-30 14:03:33.423 W/System.err( 2163): at java.lang.reflect.Method.invoke(Native Method)
05-30 14:03:33.423 W/System.err( 2163): at com.android.internal.os.RuntimeInit$MethodAndArgsCaller.run(RuntimeInit.java:552)
05-30 14:03:33.423 W/System.err( 2163): at com.android.internal.os.ZygoteInit.main(ZygoteInit.java:978)
05-30 14:03:33.442 D/statsd_drm( 629): statsd_mediadrm skipping empty entry
05-30 14:03:33.459 I/WVCdm ( 538): [(0):] L3 Terminate.
05-30 14:03:33.466 I/WM-WorkerWrapper( 2025): Worker result SUCCESS for Work [ id=bb541da8-36ae-47e0-836f-f910cc206814, tags={ com.android.rkpdapp.provisioner.WidevineProvisioner, WidevineProvisioner } ]
05-30 14:03:33.476 D/AppManager( 1464): checkLocalAppsIsValid:
05-30 14:03:33.500 D/AndroidAutoSize( 2163): designWidthInDp = 360, designHeightInDp = 640, screenWidth = 1920, screenHeight = 1080
05-30 14:03:33.501 D/AndroidAutoSize( 2163): initDensity = 1.5, initScaledDensity = 1.5
05-30 14:03:33.505 E/SecondScreen( 1464): isShowSecondScreen()=0 getCurrentPageState()=com.monster.gamma.core.LoadService@3f46176
05-30 14:03:33.525 D/CompatibilityChangeReporter( 710): Compat change id reported: 149924527; UID 10044; state: ENABLED
05-30 14:03:33.526 D/CompatibilityChangeReporter( 710): Compat change id reported: 132649864; UID 10044; state: DISABLED
05-30 14:03:33.533 D/CompatibilityChangeReporter( 2163): Compat change id reported: 247079863; UID 10044; state: DISABLED
05-30 14:03:33.543 I/system_server( 710): Background concurrent copying GC freed 347911(13MB) AllocSpace objects, 29(1220KB) LOS objects, 49% free, 15MB/31MB, paused 5.916ms,3.164ms total 824.209ms
05-30 14:03:33.563 D/CompatibilityChangeReporter( 710): Compat change id reported: 161145287; UID 10044; state: DISABLED
05-30 14:03:33.573 I/okhttp.OkHttpClient( 1430): <-- 200 OK http://tymsgapi.qun7.com/v1/core/rom (421ms, unknown-length body)
05-30 14:03:33.602 E/ccc ( 1430): cccccc requestOtaInfo result BaseResponse{message='success', data=OtaUpdateBean{downloadId='3859', updateType=1, romVersionName='5.0.0.7', romCode=66666, current=0, romMd5v='e5fc8d9a29132ffd8efdc3842c3c35a5', romLength=1107791189, romSize='1.0 GB', downUrl='http://dl.qun7.com/H5/H5Pro/5.0.0.6-20250530-wsyv%20/user_H5P_S905X5M_20250529_3-ota.zip', reUrl='http://dl.v5tv.com/H5/H5Pro/5.0.0.6-20250530-wsyv%20/user_H5P_S905X5M_20250529_3-ota.zip', reUrl2='http://dl.tymcdn.com/H5/H5Pro/5.0.0.6-20250530-wsyv%20/user_H5P_S905X5M_20250529_3-ota.zip', tempUrl='null', remark='30号早上9点配置OTA升级
05-30 14:03:33.602 E/ccc ( 1430): 固件时间:29号晚上10点
05-30 14:03:33.602 E/ccc ( 1430): 更新信息:
05-30 14:03:33.602 E/ccc ( 1430): user_H5P_S905X5M_20250529_3
05-30 14:03:33.602 E/ccc ( 1430): 链接: https://pan.baidu.com/s/13dvHYrF9ktJxYMb1qkA6TA?pwd=wsyv 提取码: wsyv
05-30 14:03:33.602 E/ccc ( 1430): 1.修复深度清理卡死log异常 对应Redmine bug 10
05-30 14:03:33.602 E/ccc ( 1430): 2.47981 47937对应相关禅道bug
05-30 14:03:33.602 E/ccc ( 1430): 对应Redmine bug #29 #19 #78 #52 #27 #26
05-30 14:03:33.602 E/ccc ( 1430): 加油,各位老表,干完今天回家过端午', status=idle, progress=0.0, filterMac=[], localPath='null', popup=1, isPaused=false, cancelled=false, extraInfo='null'}, code=0}
05-30 14:03:33.612 E/ccc ( 1430): cccccc com.dangbei.haqusetting not connect
05-30 14:03:33.612 E/ccc ( 1430): cccccc updateHelper 通知更新
05-30 14:03:33.612 E/ccc ( 1430): cccccc OtaUpdateHelper 普通更新 1
05-30 14:03:33.625 I/ActivityManager( 710): reportOnUserCompletedEvent(0): stored=10, eligible=111
05-30 14:03:33.625 D/SystemServerTimingAsync( 710): ssm.CompletedEventUser-0
05-30 14:03:33.625 I/SystemServiceManager( 710): Calling onCompletedEventUser 0
05-30 14:03:33.627 D/SystemServerTimingAsync( 710): ssm.onCompletedEventUser-0_{|Unlocked|}_com.android.server.security.FileIntegrityService
05-30 14:03:33.627 D/SystemServerTimingAsync( 710): ssm.onCompletedEventUser-0_{|Unlocked|}_com.android.server.flags.FeatureFlagsService
05-30 14:03:33.627 D/SystemServerTimingAsync( 710): ssm.onCompletedEventUser-0_{|Unlocked|}_com.android.server.uri.UriGrantsManagerService$Lifecycle
05-30 14:03:33.627 D/SystemServerTimingAsync( 710): ssm.onCompletedEventUser-0_{|Unlocked|}_com.android.server.powerstats.PowerStatsService
05-30 14:03:33.627 D/SystemServerTimingAsync( 710): ssm.onCompletedEventUser-0_{|Unlocked|}_com.android.server.permission.access.AccessCheckingService
05-30 14:03:33.627 D/SystemServerTimingAsync( 710): ssm.onCompletedEventUser-0_{|Unlocked|}_com.android.server.wm.ActivityTaskManagerService$Lifecycle
05-30 14:03:33.627 D/SystemServerTimingAsync( 710): ssm.onCompletedEventUser-0_{|Unlocked|}_com.android.server.am.ActivityManagerService$Lifecycle
05-30 14:03:33.627 D/SystemServerTimingAsync( 710): ssm.onCompletedEventUser-0_{|Unlocked|}_com.android.server.pm.DataLoaderManagerService
05-30 14:03:33.627 D/SystemServerTimingAsync( 710): ssm.onCompletedEventUser-0_{|Unlocked|}_com.android.server.power.PowerManagerService
05-30 14:03:33.627 D/SystemServerTimingAsync( 710): ssm.onCompletedEventUser-0_{|Unlocked|}_com.android.server.power.ThermalManagerService
05-30 14:03:33.627 D/SystemServerTimingAsync( 710): ssm.onCompletedEventUser-0_{|Unlocked|}_com.android.server.power.hint.HintManagerService
05-30 14:03:33.627 D/SystemServerTimingAsync( 710): ssm.onCompletedEventUser-0_{|Unlocked|}_com.android.server.recoverysystem.RecoverySystemService$Lifecycle
05-30 14:03:33.628 D/SystemServerTimingAsync( 710): ssm.onCompletedEventUser-0_{|Unlocked|}_com.android.server.lights.LightsService
05-30 14:03:33.628 D/SystemServerTimingAsync( 710): ssm.onCompletedEventUser-0_{|Unlocked|}_com.android.server.display.DisplayManagerService
05-30 14:03:33.628 D/SystemServerTimingAsync( 710): ssm.onCompletedEventUser-0_{|Unlocked|}_com.android.server.pm.verify.domain.DomainVerificationService
05-30 14:03:33.628 D/SystemServerTimingAsync( 710): ssm.onCompletedEventUser-0_{|Unlocked|}_com.android.server.pm.PackageInstallerService$Lifecycle
