05-30 14:03:51.770 W/bei.lerad.rocky( 1686): ApkAssets: Deleting an ApkAssets object '/vendor/overlay/TvSystemUI__auto_generated_rro_vendor.apk' with 1 weak references
05-30 14:03:51.770 W/bei.lerad.rocky( 1686): ApkAssets: Deleting an ApkAssets object '/product/overlay/SystemUIOverlay.apk' with 1 weak references
05-30 14:03:51.771 W/bei.lerad.rocky( 1686): ApkAssets: Deleting an ApkAssets object ' and /system/app/dangbei-setting/dangbei-setting.apk' with 1 weak references
05-30 14:03:51.771 W/bei.lerad.rocky( 1686): ApkAssets: Deleting an ApkAssets object ' and /apex/com.android.permission/priv-app/PermissionController@UD2A.240505.001.W1/PermissionController.apk' with 1 weak references
05-30 14:03:51.771 W/bei.lerad.rocky( 1686): ApkAssets: Deleting an ApkAssets object ' and /vendor/priv-app/AppInstaller/AppInstaller.apk' with 1 weak references
05-30 14:03:51.772 W/bei.lerad.rocky( 1686): ApkAssets: Deleting an ApkAssets object ' and /apex/com.android.btservices/app/Bluetooth@UD2A.240505.001.W1/Bluetooth.apk' with 1 weak references
05-30 14:03:51.772 W/bei.lerad.rocky( 1686): ApkAssets: Deleting an ApkAssets object ' and /system/priv-app/ContactsProvider/ContactsProvider.apk' with 1 weak references
05-30 14:03:51.772 W/bei.lerad.rocky( 1686): ApkAssets: Deleting an ApkAssets object ' and /system/app/CaptivePortalLogin/CaptivePortalLogin.apk' with 1 weak references
05-30 14:03:51.772 W/bei.lerad.rocky( 1686): ApkAssets: Deleting an ApkAssets object ' and /apex/com.android.devicelock/priv-app/DeviceLockController@UD2A.240505.001.W1/DeviceLockController.apk' with 1 weak references
05-30 14:03:51.772 W/bei.lerad.rocky( 1686): ApkAssets: Deleting an ApkAssets object ' and /apex/com.android.extservices/priv-app/AdExtServicesApk@UD2A.240505.001.W1/AdExtServicesApk.apk' with 1 weak references
05-30 14:03:52.234 D/TrafficStats( 2163): tagSocket(223) with statsTag=0xffffffff, statsUid=-1
05-30 14:03:52.615 D/WifiNl80211Manager( 710): Scan result ready event
05-30 14:03:52.615 D/WifiNative( 710): Scan result ready event
05-30 14:03:52.636 D/WificondScannerImpl( 710): Filtering out 10 scan results.
05-30 14:03:52.668 I//apex/com.android.adbd/bin/adbd( 1395): type=1400 audit(0.0:1056): avc: denied { dac_read_search } for comm=75736220666673206F70656E capability=2 scontext=u:r:su:s0 tcontext=u:r:su:s0 tclass=capability permissive=1
05-30 14:03:52.668 I//apex/com.android.adbd/bin/adbd( 1395): type=1400 audit(0.0:1057): avc: denied { dac_override } for comm=75736220666673206F70656E capability=1 scontext=u:r:su:s0 tcontext=u:r:su:s0 tclass=capability permissive=1
05-30 14:03:52.679 E/ccc ( 2556): cccccc SCAN_RESULTS_AVAILABLE_ACTION hhhh
05-30 14:03:52.680 E/hq ( 1464): NetWorkStateReceiver:::NetWorkStateReceiver onReceive: 网络变化广播 >>>> intent.action=android.net.wifi.SCAN_RESULTS
05-30 14:03:52.685 I/WifiHAL ( 520): call wifi_get_link_stats handler
05-30 14:03:52.685 I/WifiHAL ( 520): Creating message to get link statistics; iface = 16
05-30 14:03:52.685 D/WifiHAL ( 520): error code -95 mapped to -3
05-30 14:03:52.686 E/WifiStaIfaceAidlImpl( 710): getLinkLayerStats failed with service-specific exception: android.os.ServiceSpecificException: (code 4)
05-30 14:03:52.694 I/ThermalService( 976): CPU temperatures: [52.000004]
05-30 14:03:52.701 E/ccc ( 2556): cccccc result is not empty call back
05-30 14:03:52.701 E/ccc ( 2556): cccccc 666666666666666
05-30 14:03:52.703 W/eventbuscore( 1464): post Event:com.dangbei.leard.base.entity.event.NetWifiRssiEvent
05-30 14:03:52.713 E/ccc ( 2556): cccccc sort 2 55
05-30 14:03:52.746 D/OpenGLRenderer( 2556): --- Failed to create image decoder with message 'unimplemented'
05-30 14:03:52.747 D/OpenGLRenderer( 2556): --- Failed to create image decoder with message 'unimplemented'
05-30 14:03:52.748 D/OpenGLRenderer( 2556): --- Failed to create image decoder with message 'unimplemented'
05-30 14:03:52.748 D/OpenGLRenderer( 2556): --- Failed to create image decoder with message 'unimplemented'
05-30 14:03:52.749 D/OpenGLRenderer( 2556): --- Failed to create image decoder with message 'unimplemented'
05-30 14:03:52.750 D/OpenGLRenderer( 2556): --- Failed to create image decoder with message 'unimplemented'
05-30 14:03:52.756 D/OpenGLRenderer( 2556): --- Failed to create image decoder with message 'unimplemented'
05-30 14:03:52.756 D/OpenGLRenderer( 2556): --- Failed to create image decoder with message 'unimplemented'
05-30 14:03:52.759 D/OpenGLRenderer( 2556): --- Failed to create image decoder with message 'unimplemented'
05-30 14:03:52.760 D/OpenGLRenderer( 2556): --- Failed to create image decoder with message 'unimplemented'
05-30 14:03:52.761 D/OpenGLRenderer( 2556): --- Failed to create image decoder with message 'unimplemented'
05-30 14:03:52.762 D/OpenGLRenderer( 2556): --- Failed to create image decoder with message 'unimplemented'
05-30 14:03:52.765 D/OpenGLRenderer( 2556): --- Failed to create image decoder with message 'unimplemented'
05-30 14:03:52.766 D/OpenGLRenderer( 2556): --- Failed to create image decoder with message 'unimplemented'
05-30 14:03:52.767 D/OpenGLRenderer( 2556): --- Failed to create image decoder with message 'unimplemented'
05-30 14:03:52.767 D/OpenGLRenderer( 2556): --- Failed to create image decoder with message 'unimplemented'
05-30 14:03:52.768 D/OpenGLRenderer( 2556): --- Failed to create image decoder with message 'unimplemented'
05-30 14:03:52.769 D/OpenGLRenderer( 2556): --- Failed to create image decoder with message 'unimplemented'
05-30 14:03:52.957 D/SntpClient( 710): request time failed: java.net.SocketTimeoutException: Poll timed out
05-30 14:03:52.958 D/SntpClient( 710): request time failed
05-30 14:03:53.008 D/TrafficStats( 710): tagSocket(397) with statsTag=0xffffff41, statsUid=-1
05-30 14:03:53.171 D/SntpClient( 710): round trip: 160ms, clock offset: 12476356ms
05-30 14:03:53.175 D/SystemClockTime( 710): Setting time of day to sec=1748597509
05-30 17:31:49.531 E/LazyAlarmStore( 710): Removed TIME_TICK alarm
05-30 17:31:49.536 I/JobScheduler( 710): RTC now valid; recalculating persisted job windows
05-30 17:31:49.539 I/rainbow_flow( 2266): type=1400 audit(0.0:1058): avc: denied { ioctl } for path="/dev/spidev1.0" dev="tmpfs" ino=534 ioctlcmd=0x6b00 scontext=u:r:init:s0 tcontext=u:object_r:device:s0 tclass=chr_file permissive=1
05-30 17:31:49.572 W/SyncManager( 710): Clock is valid now.
05-30 17:31:49.572 D/ConditionProviders.SCP( 710): onReceive android.intent.action.TIME_SET
05-30 17:31:49.574 D/bbb ( 1557): onStartCommand begin !!!!!!! data分区剩余 54419MB
05-30 17:31:49.585 D/ConditionProviders.SCP( 710): evaluateSubscriptionLocked cal=ScheduleCalendar[mDays={1, 2, 3, 4, 5, 6, 7}, mSchedule=ScheduleInfo{days=[1, 2, 3, 4, 5, 6, 7], startHour=22, startMinute=0, endHour=7, endMinute=0, exitAtAlarm=true, nextAlarm=Thu Jan 01 08:00:00 GMT+08:00 1970 (0)}], now=Fri May 30 17:31:49 GMT+08:00 2025 (1748597509572), nextUserAlarmTime=Thu Jan 01 08:00:00 GMT+08:00 1970 (0)
05-30 17:31:49.585 D/ConditionProviders.SCP( 710): notifyCondition condition://android/schedule?days=1.2.3.4.5.6.7&start=22.0&end=7.0&exitAtAlarm=true STATE_FALSE reason=!meetsSchedule
05-30 17:31:49.587 D/ConditionProviders.SCP( 710): Scheduling evaluate for Fri May 30 22:00:00 GMT+08:00 2025 (1748613600000), in +4h28m10s428ms, now=Fri May 30 17:31:49 GMT+08:00 2025 (1748597509572)
05-30 17:31:49.587 D/CompatibilityChangeReporter( 710): Compat change id reported: 171306433; UID 1000; state: ENABLED
05-30 17:31:49.587 D/CompatibilityChangeReporter( 710): Compat change id reported: 218533173; UID 1000; state: ENABLED
05-30 17:31:49.590 I/WifiHAL ( 520): call wifi_get_link_stats handler
05-30 17:31:49.590 I/WifiHAL ( 520): Creating message to get link statistics; iface = 16
05-30 17:31:49.590 D/WifiHAL ( 520): error code -95 mapped to -3
05-30 17:31:49.590 E/WifiStaIfaceAidlImpl( 710): getLinkLayerStats failed with service-specific exception: android.os.ServiceSpecificException: (code 4)
05-30 17:31:49.605 D/InstantWifi( 710): Receive Wifi is connected, freq = 5745 and currentNetworkId : 0, wifiinfo = SSID: , BSSID: 02:00:00:00:00:00, MAC: 02:00:00:00:00:00, IP: /192.168.3.222, Security type: 2, Supplicant state: COMPLETED, Wi-Fi standard: 6, RSSI: -56, Link speed: 1200Mbps, Tx Link speed: 1200Mbps, Max Supported Tx Link speed: 1200Mbps, Rx Link speed: 6Mbps, Max Supported Rx Link speed: 1200Mbps, Frequency: 5745MHz, Net ID: -1, Metered hint: false, score: 60, isUsable: true, CarrierMerged: false, SubscriptionId: -1, IsPrimary: 1, Trusted: true, Restricted: false, Ephemeral: false, OEM paid: false, OEM private: false, OSU AP: false, FQDN: , Provider friendly name: , Requesting package name: MLO Information: , Is TID-To-Link negotiation supported by the AP: false, AP MLD Address: , AP MLO Link Id: , AP MLO Affiliated links:
05-30 17:31:49.606 I/UsageStatsService( 710): User[0] Time changed in by 12476 seconds
05-30 17:31:49.606 I/UsageStatsService( 710): User[0] Flushing usage stats to disk
05-30 17:31:49.608 D/CompatibilityChangeReporter( 710): Compat change id reported: 143231523; UID 1000; state: DISABLED
05-30 17:31:49.613 D/PermissionStorageTimeChangeReceiver( 1840): Time changed by 12476 seconds
05-30 17:31:49.618 D/PermissionStorageTimeChangeReceiver( 1840): systemTimeSnapshot set to 1748597509613
05-30 17:31:49.618 D/PermissionStorageTimeChangeReceiver( 1840): realtimeSnapshot set to 47312
05-30 17:31:49.627 I/UsageStatsDatabase( 710): Time changed by +3h27m56s357ms. files deleted: 0 files moved: 4
05-30 17:31:49.634 I/UsageStatsService( 710): User[0] Rollover scheduled @ 2025-05-31 17:31:25(1748683885000)
05-30 17:31:49.639 D/CompatibilityChangeReporter( 710): Compat change id reported: 218533173; UID 10017; state: ENABLED
05-30 17:31:49.639 D/CompatibilityChangeReporter( 710): Compat change id reported: 262645982; UID 10017; state: ENABLED
05-30 17:31:49.641 D/CompatibilityChangeReporter( 710): Compat change id reported: 218533173; UID 10039; state: DISABLED
05-30 17:31:49.641 D/CompatibilityChangeReporter( 710): Compat change id reported: 262645982; UID 10039; state: DISABLED
05-30 17:31:49.642 D/CompatibilityChangeReporter( 710): Compat change id reported: 218533173; UID 10019; state: ENABLED
05-30 17:31:49.643 D/CompatibilityChangeReporter( 710): Compat change id reported: 262645982; UID 10019; state: ENABLED
05-30 17:31:49.644 D/CompatibilityChangeReporter( 710): Compat change id reported: 218533173; UID 10026; state: ENABLED
05-30 17:31:49.644 D/CompatibilityChangeReporter( 710): Compat change id reported: 262645982; UID 10026; state: ENABLED
05-30 17:31:49.647 D/CompatibilityChangeReporter( 710): Compat change id reported: 218533173; UID 10027; state: DISABLED
05-30 17:31:49.647 D/CompatibilityChangeReporter( 710): Compat change id reported: 262645982; UID 10027; state: DISABLED
05-30 17:31:49.648 D/CompatibilityChangeReporter( 710): Compat change id reported: 218533173; UID 10044; state: DISABLED
05-30 17:31:49.648 D/CompatibilityChangeReporter( 710): Compat change id reported: 262645982; UID 10044; state: DISABLED
05-30 17:31:49.649 D/CompatibilityChangeReporter( 710): Compat change id reported: 218533173; UID 10071; state: ENABLED
05-30 17:31:49.651 D/CompatibilityChangeReporter( 710): Compat change id reported: 262645982; UID 10071; state: ENABLED
05-30 17:31:49.654 D/CompatibilityChangeReporter( 710): Compat change id reported: 218533173; UID 10025; state: ENABLED
05-30 17:31:49.654 D/CompatibilityChangeReporter( 710): Compat change id reported: 262645982; UID 10025; state: ENABLED
05-30 17:31:49.655 D/CompatibilityChangeReporter( 710): Compat change id reported: 218533173; UID 10021; state: ENABLED
05-30 17:31:49.655 D/CompatibilityChangeReporter( 710): Compat change id reported: 262645982; UID 10021; state: ENABLED
05-30 17:31:49.657 D/CompatibilityChangeReporter( 710): Compat change id reported: 218533173; UID 10049; state: DISABLED
05-30 17:31:49.657 D/CompatibilityChangeReporter( 710): Compat change id reported: 262645982; UID 10049; state: DISABLED
05-30 17:31:49.658 D/CompatibilityChangeReporter( 710): Compat change id reported: 218533173; UID 10018; state: ENABLED
05-30 17:31:49.658 D/CompatibilityChangeReporter( 710): Compat change id reported: 262645982; UID 10018; state: ENABLED
05-30 17:31:49.659 D/CompatibilityChangeReporter( 710): Compat change id reported: 218533173; UID 10074; state: ENABLED
05-30 17:31:49.660 D/CompatibilityChangeReporter( 710): Compat change id reported: 262645982; UID 10074; state: ENABLED
05-30 17:31:51.053 I/ThermalService( 976): CPU temperatures: [51.500004]
05-30 17:31:52.597 I/WifiHAL ( 520): call wifi_get_link_stats handler
05-30 17:31:52.598 I/WifiHAL ( 520): Creating message to get link statistics; iface = 16
05-30 17:31:52.598 D/WifiHAL ( 520): error code -95 mapped to -3
05-30 17:31:52.598 E/WifiStaIfaceAidlImpl( 710): getLinkLayerStats failed with service-specific exception: android.os.ServiceSpecificException: (code 4)
05-30 17:31:52.607 D/InstantWifi( 710): Receive Wifi is connected, freq = 5745 and currentNetworkId : 0, wifiinfo = SSID: , BSSID: 02:00:00:00:00:00, MAC: 02:00:00:00:00:00, IP: /192.168.3.222, Security type: 2, Supplicant state: COMPLETED, Wi-Fi standard: 6, RSSI: -54, Link speed: 1200Mbps, Tx Link speed: 1200Mbps, Max Supported Tx Link speed: 1200Mbps, Rx Link speed: 6Mbps, Max Supported Rx Link speed: 1200Mbps, Frequency: 5745MHz, Net ID: -1, Metered hint: false, score: 60, isUsable: true, CarrierMerged: false, SubscriptionId: -1, IsPrimary: 1, Trusted: true, Restricted: false, Ephemeral: false, OEM paid: false, OEM private: false, OSU AP: false, FQDN: , Provider friendly name: , Requesting package name: MLO Information: , Is TID-To-Link negotiation supported by the AP: false, AP MLD Address: , AP MLO Link Id: , AP MLO Affiliated links:
05-30 17:31:53.056 I/ThermalService( 976): CPU temperatures: [51.100002]
05-30 17:31:53.308 D/TrafficStats( 2163): tagSocket(223) with statsTag=0xffffffff, statsUid=-1
05-30 17:31:54.037 I/audio_hw_hal_alsamgr( 477): alsa format =0x1 delay frames =768 total frames=1995520
05-30 17:31:54.175 I/adbd ( 1395): type=1400 audit(0.0:1059): avc: denied { write } for path="socket:[29612]" dev="sockfs" ino=29612 scontext=u:r:su:s0 tcontext=u:r:adbd:s0 tclass=unix_stream_socket permissive=1
05-30 17:31:54.175 I/adbd ( 1395): type=1400 audit(0.0:1060): avc: denied { read } for path="socket:[29613]" dev="sockfs" ino=29613 scontext=u:r:su:s0 tcontext=u:r:adbd:s0 tclass=unix_stream_socket permissive=1
05-30 17:31:54.211 I//apex/com.android.adbd/bin/adbd( 1395): type=1400 audit(0.0:1061): avc: denied { read write } for comm=75736220666673206F70656E name="ep0" dev="functionfs" ino=24115 scontext=u:r:su:s0 tcontext=u:object_r:functionfs:s0 tclass=file permissive=1
05-30 17:31:54.211 I//apex/com.android.adbd/bin/adbd( 1395): type=1400 audit(0.0:1062): avc: denied { open } for comm=75736220666673206F70656E path="/dev/usb-ffs/adb/ep0" dev="functionfs" ino=24115 scontext=u:r:su:s0 tcontext=u:object_r:functionfs:s0 tclass=file permissive=1
05-30 17:31:54.597 D/OomAdjuster( 710): Not killing cached processes
05-30 17:31:54.606 D/CompatibilityChangeReporter( 710): Compat change id reported: 261072174; UID 1000; state: ENABLED
05-30 17:31:55.060 I/ThermalService( 976): CPU temperatures: [51.000004]
05-30 17:31:55.606 I/WifiHAL ( 520): call wifi_get_link_stats handler
05-30 17:31:55.606 I/WifiHAL ( 520): Creating message to get link statistics; iface = 16
05-30 17:31:55.606 D/WifiHAL ( 520): error code -95 mapped to -3
05-30 17:31:55.607 E/WifiStaIfaceAidlImpl( 710): getLinkLayerStats failed with service-specific exception: android.os.ServiceSpecificException: (code 4)
05-30 17:31:55.615 D/InstantWifi( 710): Receive Wifi is connected, freq = 5745 and currentNetworkId : 0, wifiinfo = SSID: , BSSID: 02:00:00:00:00:00, MAC: 02:00:00:00:00:00, IP: /192.168.3.222, Security type: 2, Supplicant state: COMPLETED, Wi-Fi standard: 6, RSSI: -61, Link speed: 1200Mbps, Tx Link speed: 1200Mbps, Max Supported Tx Link speed: 1200Mbps, Rx Link speed: 6Mbps, Max Supported Rx Link speed: 1200Mbps, Frequency: 5745MHz, Net ID: -1, Metered hint: false, score: 60, isUsable: true, CarrierMerged: false, SubscriptionId: -1, IsPrimary: 1, Trusted: true, Restricted: false, Ephemeral: false, OEM paid: false, OEM private: false, OSU AP: false, FQDN: , Provider friendly name: , Requesting package name: MLO Information: , Is TID-To-Link negotiation supported by the AP: false, AP MLD Address: , AP MLO Link Id: , AP MLO Affiliated links:
05-30 17:31:56.145 D/TrafficStats( 2163): tagSocket(223) with statsTag=0xffffffff, statsUid=-1
05-30 17:31:56.250 D/nStackXCoAP( 2386): IsInSameNetwork:[276] :IsInSameNetwork exec
05-30 17:31:56.250 I/nStackXDFinder( 2386): GetLocalInterfaceDetail:[461] :GetLocalInterfaceDetail in
05-30 17:31:56.250 E/nStackXCoAP( 2386): IsInSameNetwork:[281] :IsInSameNetwork: not priority process
05-30 17:31:56.250 D/nStackXCoAP( 2386): ParseServiceDiscover:[330] :new device join
05-30 17:31:56.250 I/nStackXDFinder( 2386): NotifyDeviceListChanged:[540] :notify callback: device list changed callback is null
05-30 17:31:56.250 E/nStackXDFinder( 2386): GetLocalIp:[401] :GetLocalIp exec
05-30 17:31:56.288 D/nStackXCoAP( 2386): IsInSameNetwork:[276] :IsInSameNetwork exec
05-30 17:31:56.288 I/nStackXDFinder( 2386): GetLocalInterfaceDetail:[461] :GetLocalInterfaceDetail in
05-30 17:31:56.288 E/nStackXCoAP( 2386): IsInSameNetwork:[281] :IsInSameNetwork: not priority process
05-30 17:31:56.288 D/nStackXCoAP( 2386): ParseServiceDiscover:[330] :new device join
05-30 17:31:56.288 E/nStackXDFinder( 2386): GetLocalIp:[401] :GetLocalIp exec
05-30 17:31:56.293 D/nStackXCoAP( 2386): CoapMessageHandler:[133] :2.01
05-30 17:31:56.790 D/nStackXCoAP( 2386): IsInSameNetwork:[276] :IsInSameNetwork exec
05-30 17:31:56.790 I/nStackXDFinder( 2386): GetLocalInterfaceDetail:[461] :GetLocalInterfaceDetail in
05-30 17:31:56.790 E/nStackXCoAP( 2386): IsInSameNetwork:[281] :IsInSameNetwork: not priority process
05-30 17:31:56.790 D/nStackXCoAP( 2386): ParseServiceDiscover:[330] :new device join
05-30 17:31:56.790 E/nStackXDFinder( 2386): GetLocalIp:[401] :GetLocalIp exec
05-30 17:31:56.823 D/nStackXCoAP( 2386): CoapMessageHandler:[133] :2.01
05-30 17:31:57.063 I/ThermalService( 976): CPU temperatures: [50.800003]
05-30 17:31:57.722 D/nStackXCoAP( 2386): IsInSameNetwork:[276] :IsInSameNetwork exec
05-30 17:31:57.722 I/nStackXDFinder( 2386): GetLocalInterfaceDetail:[461] :GetLocalInterfaceDetail in
05-30 17:31:57.722 E/nStackXCoAP( 2386): IsInSameNetwork:[281] :IsInSameNetwork: not priority process
05-30 17:31:57.722 D/nStackXCoAP( 2386): ParseServiceDiscover:[330] :new device join
05-30 17:31:57.722 E/nStackXDFinder( 2386): GetLocalIp:[401] :GetLocalIp exec
05-30 17:31:57.912 D/nStackXCoAP( 2386): CoapMessageHandler:[133] :2.01
05-30 17:31:58.235 D/nStackXCoAP( 2386): IsInSameNetwork:[276] :IsInSameNetwork exec
05-30 17:31:58.235 I/nStackXDFinder( 2386): GetLocalInterfaceDetail:[461] :GetLocalInterfaceDetail in
05-30 17:31:58.235 E/nStackXCoAP( 2386): IsInSameNetwork:[281] :IsInSameNetwork: not priority process
05-30 17:31:58.235 D/nStackXCoAP( 2386): ParseServiceDiscover:[330] :new device join
05-30 17:31:58.235 E/nStackXDFinder( 2386): GetLocalIp:[401] :GetLocalIp exec
05-30 17:31:58.276 D/TrafficStats( 2163): tagSocket(223) with statsTag=0xffffffff, statsUid=-1
05-30 17:31:58.313 D/nStackXCoAP( 2386): CoapMessageHandler:[133] :2.01
05-30 17:31:58.397 D/ActivityManager( 710): freezing 1977 com.android.providers.tv
05-30 17:31:58.614 I/WifiHAL ( 520): call wifi_get_link_stats handler
05-30 17:31:58.614 I/WifiHAL ( 520): Creating message to get link statistics; iface = 16
05-30 17:31:58.614 D/WifiHAL ( 520): error code -95 mapped to -3
05-30 17:31:58.614 E/WifiStaIfaceAidlImpl( 710): getLinkLayerStats failed with service-specific exception: android.os.ServiceSpecificException: (code 4)
05-30 17:31:58.923 D/nStackXCoAP( 2386): CoapMessageHandler:[133] :2.01
05-30 17:31:59.067 I/ThermalService( 976): CPU temperatures: [50.7]
05-30 17:31:59.267 D/nStackXCoAP( 2386): IsInSameNetwork:[276] :IsInSameNetwork exec
05-30 17:31:59.267 I/nStackXDFinder( 2386): GetLocalInterfaceDetail:[461] :GetLocalInterfaceDetail in
05-30 17:31:59.267 E/nStackXCoAP( 2386): IsInSameNetwork:[281] :IsInSameNetwork: not priority process
05-30 17:31:59.267 D/nStackXCoAP( 2386): ParseServiceDiscover:[330] :new device join
05-30 17:31:59.267 E/nStackXDFinder( 2386): GetLocalIp:[401] :GetLocalIp exec
05-30 17:31:59.349 D/nStackXCoAP( 2386): CoapMessageHandler:[133] :2.01
05-30 17:31:59.778 D/nStackXCoAP( 2386): IsInSameNetwork:[276] :IsInSameNetwork exec
05-30 17:31:59.778 I/nStackXDFinder( 2386): GetLocalInterfaceDetail:[461] :GetLocalInterfaceDetail in
05-30 17:31:59.778 E/nStackXCoAP( 2386): IsInSameNetwork:[281] :IsInSameNetwork: not priority process
05-30 17:31:59.778 D/nStackXCoAP( 2386): ParseServiceDiscover:[330] :new device join
05-30 17:31:59.778 E/nStackXDFinder( 2386): GetLocalIp:[401] :GetLocalIp exec
05-30 17:31:59.858 D/nStackXCoAP( 2386): CoapMessageHandler:[133] :2.01
05-30 17:32:00.293 D/nStackXCoAP( 2386): IsInSameNetwork:[276] :IsInSameNetwork exec
05-30 17:32:00.293 I/nStackXDFinder( 2386): GetLocalInterfaceDetail:[461] :GetLocalInterfaceDetail in
05-30 17:32:00.293 E/nStackXCoAP( 2386): IsInSameNetwork:[281] :IsInSameNetwork: not priority process
05-30 17:32:00.293 D/nStackXCoAP( 2386): ParseServiceDiscover:[330] :new device join
05-30 17:32:00.293 E/nStackXDFinder( 2386): GetLocalIp:[401] :GetLocalIp exec
05-30 17:32:00.332 D/nStackXCoAP( 2386): CoapMessageHandler:[133] :2.01
05-30 17:32:00.544 D/OomAdjuster( 710): Not killing cached processes
05-30 17:32:00.805 D/nStackXCoAP( 2386): IsInSameNetwork:[276] :IsInSameNetwork exec
05-30 17:32:00.805 I/nStackXDFinder( 2386): GetLocalInterfaceDetail:[461] :GetLocalInterfaceDetail in
05-30 17:32:00.805 E/nStackXCoAP( 2386): IsInSameNetwork:[281] :IsInSameNetwork: not priority process
05-30 17:32:00.805 D/nStackXCoAP( 2386): ParseServiceDiscover:[330] :new device join
05-30 17:32:00.805 E/nStackXDFinder( 2386): GetLocalIp:[401] :GetLocalIp exec
05-30 17:32:00.863 D/nStackXCoAP( 2386): CoapMessageHandler:[133] :2.01
05-30 17:32:01.070 I/ThermalService( 976): CPU temperatures: [50.7]
05-30 17:32:01.621 I/WifiHAL ( 520): call wifi_get_link_stats handler
05-30 17:32:01.621 I/WifiHAL ( 520): Creating message to get link statistics; iface = 16
05-30 17:32:01.621 D/WifiHAL ( 520): error code -95 mapped to -3
05-30 17:32:01.622 E/WifiStaIfaceAidlImpl( 710): getLinkLayerStats failed with service-specific exception: android.os.ServiceSpecificException: (code 4)
05-30 17:32:03.073 I/ThermalService( 976): CPU temperatures: [50.500004]
05-30 17:32:03.298 D/TrafficStats( 2163): tagSocket(223) with statsTag=0xffffffff, statsUid=-1
05-30 17:32:04.626 I/WifiHAL ( 520): call wifi_get_link_stats handler
05-30 17:32:04.626 I/WifiHAL ( 520): Creating message to get link statistics; iface = 16
05-30 17:32:04.626 D/WifiHAL ( 520): error code -95 mapped to -3
05-30 17:32:04.626 E/WifiStaIfaceAidlImpl( 710): getLinkLayerStats failed with service-specific exception: android.os.ServiceSpecificException: (code 4)
05-30 17:32:04.660 W/method.sogou.tv( 1877): Cleared Reference was only reachable from finalizer (only reported once)
05-30 17:32:05.076 I/ThermalService( 976): CPU temperatures: [50.4]
05-30 17:32:05.236 D/TrafficStats( 2163): tagSocket(223) with statsTag=0xffffffff, statsUid=-1
05-30 17:32:06.581 D/TrafficStats( 2163): tagSocket(224) with statsTag=0xffffffff, statsUid=-1
05-30 17:32:07.078 I/ThermalService( 976): CPU temperatures: [50.500004]
05-30 17:32:07.633 I/WifiHAL ( 520): call wifi_get_link_stats handler
05-30 17:32:07.633 I/WifiHAL ( 520): Creating message to get link statistics; iface = 16
05-30 17:32:07.634 D/WifiHAL ( 520): error code -95 mapped to -3
05-30 17:32:07.634 E/WifiStaIfaceAidlImpl( 710): getLinkLayerStats failed with service-specific exception: android.os.ServiceSpecificException: (code 4)
05-30 17:32:07.883 D/nStackXCoAP( 2386): IsInSameNetwork:[276] :IsInSameNetwork exec
05-30 17:32:07.883 I/nStackXDFinder( 2386): GetLocalInterfaceDetail:[461] :GetLocalInterfaceDetail in
05-30 17:32:07.883 E/nStackXCoAP( 2386): IsInSameNetwork:[281] :IsInSameNetwork: not priority process
05-30 17:32:07.883 D/nStackXCoAP( 2386): ParseServiceDiscover:[330] :new device join
05-30 17:32:07.883 I/nStackXDFinder( 2386): NotifyDeviceListChanged:[540] :notify callback: device list changed callback is null
05-30 17:32:07.883 E/nStackXDFinder( 2386): GetLocalIp:[401] :GetLocalIp exec
05-30 17:32:07.904 D/nStackXCoAP( 2386): CoapMessageHandler:[133] :2.01
05-30 17:32:07.976 D/nStackXCoAP( 2386): IsInSameNetwork:[276] :IsInSameNetwork exec
05-30 17:32:07.976 I/nStackXDFinder( 2386): GetLocalInterfaceDetail:[461] :GetLocalInterfaceDetail in
05-30 17:32:07.976 E/nStackXCoAP( 2386): IsInSameNetwork:[281] :IsInSameNetwork: not priority process
05-30 17:32:07.976 D/nStackXCoAP( 2386): ParseServiceDiscover:[330] :new device join
05-30 17:32:07.976 E/nStackXDFinder( 2386): GetLocalIp:[401] :GetLocalIp exec
05-30 17:32:07.986 D/nStackXCoAP( 2386): CoapMessageHandler:[133] :2.01
05-30 17:32:08.165 E/WifiHealthMonitor( 710): Hit PackageManager exception
05-30 17:32:08.165 E/WifiHealthMonitor( 710): android.content.pm.PackageManager$NameNotFoundException: No module info for package: com.android.wifi
05-30 17:32:08.165 E/WifiHealthMonitor( 710): at android.app.ApplicationPackageManager.getModuleInfo(ApplicationPackageManager.java:1190)
05-30 17:32:08.165 E/WifiHealthMonitor( 710): at com.android.server.wifi.WifiHealthMonitor.getWifiStackVersion(WifiHealthMonitor.java:367)
05-30 17:32:08.165 E/WifiHealthMonitor( 710): at com.android.server.wifi.WifiHealthMonitor.extractCurrentSoftwareBuildInfo(WifiHealthMonitor.java:588)
05-30 17:32:08.165 E/WifiHealthMonitor( 710): at com.android.server.wifi.WifiHealthMonitor.postBootSwBuildCheck(WifiHealthMonitor.java:523)
05-30 17:32:08.165 E/WifiHealthMonitor( 710): at com.android.server.wifi.WifiHealthMonitor.postBootDetectionHandler(WifiHealthMonitor.java:514)
05-30 17:32:08.165 E/WifiHealthMonitor( 710): at com.android.server.wifi.WifiHealthMonitor.-$$Nest$mpostBootDetectionHandler(WifiHealthMonitor.java:0)
05-30 17:32:08.165 E/WifiHealthMonitor( 710): at com.android.server.wifi.WifiHealthMonitor$2.onAlarm(WifiHealthMonitor.java:190)
05-30 17:32:08.165 E/WifiHealthMonitor( 710): at android.app.AlarmManager$ListenerWrapper.run(AlarmManager.java:375)
05-30 17:32:08.165 E/WifiHealthMonitor( 710): at android.os.Handler.handleCallback(Handler.java:958)
05-30 17:32:08.165 E/WifiHealthMonitor( 710): at android.os.Handler.dispatchMessage(Handler.java:99)
05-30 17:32:08.165 E/WifiHealthMonitor( 710): at com.android.server.wifi.RunnerHandler.dispatchMessage(RunnerHandler.java:122)
05-30 17:32:08.165 E/WifiHealthMonitor( 710): at android.os.Looper.loopOnce(Looper.java:205)
05-30 17:32:08.165 E/WifiHealthMonitor( 710): at android.os.Looper.loop(Looper.java:294)
05-30 17:32:08.165 E/WifiHealthMonitor( 710): at android.os.HandlerThread.run(HandlerThread.java:67)
05-30 17:32:08.168 D/ActivityManager( 710): sync unfroze 1977 com.android.providers.tv for 6
05-30 17:32:08.188 D/EpgDataCleanupService( 1977): Received intent: Intent { act=com.android.providers.tv.intent.CLEAN_UP_EPG_DATA cmp=com.android.providers.tv/.EpgDataCleanupService }
05-30 17:32:08.196 D/nStackXCoAP( 2386): IsInSameNetwork:[276] :IsInSameNetwork exec
05-30 17:32:08.196 I/nStackXDFinder( 2386): GetLocalInterfaceDetail:[461] :GetLocalInterfaceDetail in
05-30 17:32:08.196 E/nStackXCoAP( 2386): IsInSameNetwork:[281] :IsInSameNetwork: not priority process
05-30 17:32:08.196 D/nStackXCoAP( 2386): ParseServiceDiscover:[330] :new device join
05-30 17:32:08.196 E/nStackXDFinder( 2386): GetLocalIp:[401] :GetLocalIp exec
05-30 17:32:08.206 D/OomAdjuster( 710): Not killing cached processes
05-30 17:32:08.221 D/nStackXCoAP( 2386): CoapMessageHandler:[133] :2.01
05-30 17:32:08.299 D/TrafficStats( 2163): tagSocket(227) with statsTag=0xffffffff, statsUid=-1
05-30 17:32:08.389 D/nStackXCoAP( 2386): IsInSameNetwork:[276] :IsInSameNetwork exec
05-30 17:32:08.389 I/nStackXDFinder( 2386): GetLocalInterfaceDetail:[461] :GetLocalInterfaceDetail in
05-30 17:32:08.389 E/nStackXCoAP( 2386): IsInSameNetwork:[281] :IsInSameNetwork: not priority process
05-30 17:32:08.389 D/nStackXCoAP( 2386): ParseServiceDiscover:[330] :new device join
05-30 17:32:08.389 E/nStackXDFinder( 2386): GetLocalIp:[401] :GetLocalIp exec
05-30 17:32:08.411 D/nStackXCoAP( 2386): CoapMessageHandler:[133] :2.01
05-30 17:32:09.022 D/nStackXCoAP( 2386): IsInSameNetwork:[276] :IsInSameNetwork exec
05-30 17:32:09.022 I/nStackXDFinder( 2386): GetLocalInterfaceDetail:[461] :GetLocalInterfaceDetail in
05-30 17:32:09.022 E/nStackXCoAP( 2386): IsInSameNetwork:[281] :IsInSameNetwork: not priority process
05-30 17:32:09.022 D/nStackXCoAP( 2386): ParseServiceDiscover:[330] :new device join
05-30 17:32:09.022 E/nStackXDFinder( 2386): GetLocalIp:[401] :GetLocalIp exec
05-30 17:32:09.082 I/ThermalService( 976): CPU temperatures: [50.4]
05-30 17:32:09.086 D/nStackXCoAP( 2386): CoapMessageHandler:[133] :2.01
05-30 17:32:09.405 D/nStackXCoAP( 2386): IsInSameNetwork:[276] :IsInSameNetwork exec
05-30 17:32:09.405 I/nStackXDFinder( 2386): GetLocalInterfaceDetail:[461] :GetLocalInterfaceDetail in
05-30 17:32:09.405 E/nStackXCoAP( 2386): IsInSameNetwork:[281] :IsInSameNetwork: not priority process
05-30 17:32:09.405 D/nStackXCoAP( 2386): ParseServiceDiscover:[330] :new device join
05-30 17:32:09.405 E/nStackXDFinder( 2386): GetLocalIp:[401] :GetLocalIp exec
05-30 17:32:09.417 D/nStackXCoAP( 2386): CoapMessageHandler:[133] :2.01
05-30 17:32:09.954 D/nStackXCoAP( 2386): IsInSameNetwork:[276] :IsInSameNetwork exec
05-30 17:32:09.954 I/nStackXDFinder( 2386): GetLocalInterfaceDetail:[461] :GetLocalInterfaceDetail in
05-30 17:32:09.954 E/nStackXCoAP( 2386): IsInSameNetwork:[281] :IsInSameNetwork: not priority process
05-30 17:32:09.954 D/nStackXCoAP( 2386): ParseServiceDiscover:[330] :new device join
05-30 17:32:09.954 E/nStackXDFinder( 2386): GetLocalIp:[401] :GetLocalIp exec
05-30 17:32:09.979 D/nStackXCoAP( 2386): CoapMessageHandler:[133] :2.01
05-30 17:32:10.420 D/nStackXCoAP( 2386): IsInSameNetwork:[276] :IsInSameNetwork exec
05-30 17:32:10.420 I/nStackXDFinder( 2386): GetLocalInterfaceDetail:[461] :GetLocalInterfaceDetail in
05-30 17:32:10.420 E/nStackXCoAP( 2386): IsInSameNetwork:[281] :IsInSameNetwork: not priority process
05-30 17:32:10.420 D/nStackXCoAP( 2386): ParseServiceDiscover:[330] :new device join
05-30 17:32:10.420 E/nStackXDFinder( 2386): GetLocalIp:[401] :GetLocalIp exec
05-30 17:32:10.432 D/nStackXCoAP( 2386): CoapMessageHandler:[133] :2.01
05-30 17:32:10.549 D/ActivityManager( 710): freezing 1578 android.process.acore
05-30 17:32:10.550 D/ActivityManager( 710): freezing 1634 android.process.media
05-30 17:32:10.638 I/WifiHAL ( 520): call wifi_get_link_stats handler
05-30 17:32:10.638 I/WifiHAL ( 520): Creating message to get link statistics; iface = 16
05-30 17:32:10.639 D/WifiHAL ( 520): error code -95 mapped to -3
05-30 17:32:10.639 E/WifiStaIfaceAidlImpl( 710): getLinkLayerStats failed with service-specific exception: android.os.ServiceSpecificException: (code 4)
05-30 17:32:10.932 D/nStackXCoAP( 2386): IsInSameNetwork:[276] :IsInSameNetwork exec
05-30 17:32:10.932 I/nStackXDFinder( 2386): GetLocalInterfaceDetail:[461] :GetLocalInterfaceDetail in
05-30 17:32:10.932 E/nStackXCoAP( 2386): IsInSameNetwork:[281] :IsInSameNetwork: not priority process
05-30 17:32:10.932 D/nStackXCoAP( 2386): ParseServiceDiscover:[330] :new device join
05-30 17:32:10.932 E/nStackXDFinder( 2386): GetLocalIp:[401] :GetLocalIp exec
05-30 17:32:11.083 I/ThermalService( 976): CPU temperatures: [50.4]
05-30 17:32:11.196 D/nStackXCoAP( 2386): CoapMessageHandler:[133] :2.01
05-30 17:32:11.386 D/TrafficStats( 2163): tagSocket(227) with statsTag=0xffffffff, statsUid=-1
05-30 17:32:11.393 D/TrafficStats( 2163): tagSocket(228) with statsTag=0xffffffff, statsUid=-1
05-30 17:32:11.958 D/nStackXCoAP( 2386): IsInSameNetwork:[276] :IsInSameNetwork exec
05-30 17:32:11.959 I/nStackXDFinder( 2386): GetLocalInterfaceDetail:[461] :GetLocalInterfaceDetail in
05-30 17:32:11.959 E/nStackXCoAP( 2386): IsInSameNetwork:[281] :IsInSameNetwork: not priority process
05-30 17:32:11.959 D/nStackXCoAP( 2386): ParseServiceDiscover:[330] :new device join
05-30 17:32:11.959 E/nStackXDFinder( 2386): GetLocalIp:[401] :GetLocalIp exec
05-30 17:32:11.997 D/nStackXCoAP( 2386): CoapMessageHandler:[133] :2.01
05-30 17:32:12.382 D/nStackXCoAP( 2386): IsInSameNetwork:[276] :IsInSameNetwork exec
05-30 17:32:12.382 I/nStackXDFinder( 2386): GetLocalInterfaceDetail:[461] :GetLocalInterfaceDetail in
05-30 17:32:12.382 E/nStackXCoAP( 2386): IsInSameNetwork:[281] :IsInSameNetwork: not priority process
05-30 17:32:12.382 D/nStackXCoAP( 2386): ParseServiceDiscover:[330] :new device join
05-30 17:32:12.382 E/nStackXDFinder( 2386): GetLocalIp:[401] :GetLocalIp exec
05-30 17:32:12.699 D/nStackXCoAP( 2386): CoapMessageHandler:[133] :2.01
05-30 17:32:13.087 I/ThermalService( 976): CPU temperatures: [50.300003]
05-30 17:32:13.280 D/TrafficStats( 2163): tagSocket(227) with statsTag=0xffffffff, statsUid=-1
05-30 17:32:13.642 I/WifiHAL ( 520): call wifi_get_link_stats handler
05-30 17:32:13.642 I/WifiHAL ( 520): Creating message to get link statistics; iface = 16
05-30 17:32:13.642 D/WifiHAL ( 520): error code -95 mapped to -3
05-30 17:32:13.642 E/WifiStaIfaceAidlImpl( 710): getLinkLayerStats failed with service-specific exception: android.os.ServiceSpecificException: (code 4)
05-30 17:32:15.090 I/ThermalService( 976): CPU temperatures: [50.300003]
05-30 17:32:15.447 D/TrafficStats( 2163): tagSocket(227) with statsTag=0xffffffff, statsUid=-1
05-30 17:32:15.952 I/system_server( 710): Background young concurrent copying GC freed 426866(15MB) AllocSpace objects, 5(132KB) LOS objects, 50% free, 15MB/31MB, paused 264us,156us total 100.946ms
05-30 17:32:15.955 W/System ( 710): A resource failed to call release.
05-30 17:32:16.649 I/WifiHAL ( 520): call wifi_get_link_stats handler
05-30 17:32:16.649 I/WifiHAL ( 520): Creating message to get link statistics; iface = 16
05-30 17:32:16.649 D/WifiHAL ( 520): error code -95 mapped to -3
05-30 17:32:16.650 E/WifiStaIfaceAidlImpl( 710): getLinkLayerStats failed with service-specific exception: android.os.ServiceSpecificException: (code 4)
05-30 17:32:17.094 I/ThermalService( 976): CPU temperatures: [50.2]
05-30 17:32:18.227 D/ActivityManager( 710): freezing 1977 com.android.providers.tv
05-30 17:32:18.270 D/TrafficStats( 2163): tagSocket(227) with statsTag=0xffffffff, statsUid=-1
05-30 17:32:19.042 D/XM_HIDREAD( 1944): poll ret=1, event=1
05-30 17:32:19.042 D/XM_HIDREAD( 1944): [9 bytes]:01 00 00 52 00 00 00 00 00
05-30 17:32:19.045 I/SogouIME( 1877): onKeyDown: keyoCode=19
05-30 17:32:19.045 I/DefaultIMS( 1877): onKeyDown: keyoCode=19
05-30 17:32:19.073 I/WifiService( 710): startScan uid=1000
05-30 17:32:19.075 E/ccc ( 2556): cccccc i will start scan
05-30 17:32:19.083 D/InstantWifi( 710): Drop, size: 1
05-30 17:32:19.097 I/ThermalService( 976): CPU temperatures: [50.300003]
05-30 17:32:19.125 I/UsageStatsService( 710): Time changed in by 12476 seconds
05-30 17:32:19.126 D/OomAdjuster( 710): Not killing cached processes
05-30 17:32:19.128 I/PermissionControllerServiceImpl( 1840): Updating user sensitive for user 0
05-30 17:32:19.188 D/XM_HIDREAD( 1944): poll ret=1, event=1
05-30 17:32:19.188 D/XM_HIDREAD( 1944): [9 bytes]:01 00 00 00 00 00 00 00 00
05-30 17:32:19.190 I/SogouIME( 1877): onKeyUp: keyoCode=19
05-30 17:32:19.190 I/DefaultIMS( 1877): onKeyUp: keyoCode=19
05-30 17:32:19.578 D/ActivityManager( 710): freezing 2084 com.android.statementservice
05-30 17:32:19.579 D/ActivityManager( 710): freezing 2025 com.android.rkpdapp
05-30 17:32:19.634 D/TrafficStats( 2163): tagSocket(227) with statsTag=0xffffffff, statsUid=-1
05-30 17:32:19.654 I/WifiHAL ( 520): call wifi_get_link_stats handler
05-30 17:32:19.654 I/WifiHAL ( 520): Creating message to get link statistics; iface = 16
05-30 17:32:19.654 D/WifiHAL ( 520): error code -95 mapped to -3
05-30 17:32:19.654 E/WifiStaIfaceAidlImpl( 710): getLinkLayerStats failed with service-specific exception: android.os.ServiceSpecificException: (code 4)
05-30 17:32:20.077 D/XM_HIDREAD( 1944): poll ret=1, event=1
05-30 17:32:20.077 D/XM_HIDREAD( 1944): [9 bytes]:01 00 00 52 00 00 00 00 00
05-30 17:32:20.079 I/SogouIME( 1877): onKeyDown: keyoCode=19
05-30 17:32:20.080 I/DefaultIMS( 1877): onKeyDown: keyoCode=19
05-30 17:32:20.212 D/XM_HIDREAD( 1944): poll ret=1, event=1
05-30 17:32:20.212 D/XM_HIDREAD( 1944): [9 bytes]:01 00 00 00 00 00 00 00 00
05-30 17:32:20.214 I/SogouIME( 1877): onKeyUp: keyoCode=19
05-30 17:32:20.214 I/DefaultIMS( 1877): onKeyUp: keyoCode=19
05-30 17:32:20.286 D/BluetoothAdapterService( 1090): cancelDiscovery
05-30 17:32:20.286 I/bt_btif_dm( 1090): packages/modules/Bluetooth/system/btif/src/btif_dm.cc:2470 btif_dm_cancel_discovery: Cancel search
05-30 17:32:20.286 I/bluetooth( 1090): packages/modules/Bluetooth/system/bta/dm/bta_dm_main.cc:96 bta_dm_search_sm_execute: state:BTA_DM_SEARCH_IDLE, event:BTA_DM_API_SEARCH_CANCEL_EVT[0x201]
05-30 17:32:20.504 D/XM_HIDREAD( 1944): poll ret=1, event=1
05-30 17:32:20.505 D/XM_HIDREAD( 1944): [9 bytes]:01 00 00 50 00 00 00 00 00
05-30 17:32:20.507 I/SogouIME( 1877): onKeyDown: keyoCode=21
05-30 17:32:20.507 I/DefaultIMS( 1877): onKeyDown: keyoCode=21
05-30 17:32:20.628 D/XM_HIDREAD( 1944): poll ret=1, event=1
05-30 17:32:20.628 D/XM_HIDREAD( 1944): [9 bytes]:01 00 00 00 00 00 00 00 00
05-30 17:32:20.638 I/SogouIME( 1877): onKeyUp: keyoCode=21
05-30 17:32:20.638 I/DefaultIMS( 1877): onKeyUp: keyoCode=21
05-30 17:32:20.932 D/XM_HIDREAD( 1944): poll ret=1, event=1
05-30 17:32:20.932 D/XM_HIDREAD( 1944): [9 bytes]:01 00 00 51 00 00 00 00 00
05-30 17:32:20.934 I/SogouIME( 1877): onKeyDown: keyoCode=20
05-30 17:32:20.934 I/DefaultIMS( 1877): onKeyDown: keyoCode=20
05-30 17:32:21.056 D/XM_HIDREAD( 1944): poll ret=1, event=1
05-30 17:32:21.056 D/XM_HIDREAD( 1944): [9 bytes]:01 00 00 00 00 00 00 00 00
05-30 17:32:21.058 I/SogouIME( 1877): onKeyUp: keyoCode=20
05-30 17:32:21.058 I/DefaultIMS( 1877): onKeyUp: keyoCode=20
05-30 17:32:21.100 I/ThermalService( 976): CPU temperatures: [50.7]
05-30 17:32:21.494 D/XM_HIDREAD( 1944): poll ret=1, event=1
05-30 17:32:21.495 D/XM_HIDREAD( 1944): [9 bytes]:01 00 00 28 00 00 00 00 00
05-30 17:32:21.498 I/SogouIME( 1877): onKeyDown: keyoCode=23
05-30 17:32:21.498 I/DefaultIMS( 1877): onKeyDown: keyoCode=23
05-30 17:32:21.573 D/XM_HIDREAD( 1944): poll ret=1, event=1
05-30 17:32:21.573 D/XM_HIDREAD( 1944): [9 bytes]:01 00 00 00 00 00 00 00 00
05-30 17:32:21.575 I/SogouIME( 1877): onKeyUp: keyoCode=23
05-30 17:32:21.575 I/DefaultIMS( 1877): onKeyUp: keyoCode=23
05-30 17:32:21.595 D/ConnectivityService( 710): NetReassign [no changes] [c 0] [a 2] [i 2]
05-30 17:32:21.761 D/WifiNl80211Manager( 710): Scan result ready event
05-30 17:32:21.761 D/WifiNative( 710): Scan result ready event
05-30 17:32:21.825 E/ccc ( 2556): cccccc SCAN_RESULTS_AVAILABLE_ACTION hhhh
05-30 17:32:21.825 E/hq ( 1464): NetWorkStateReceiver:::NetWorkStateReceiver onReceive: 网络变化广播 >>>> intent.action=android.net.wifi.SCAN_RESULTS
05-30 17:32:21.833 I/WifiHAL ( 520): call wifi_get_link_stats handler
05-30 17:32:21.833 I/WifiHAL ( 520): Creating message to get link statistics; iface = 16
05-30 17:32:21.833 D/WifiHAL ( 520): error code -95 mapped to -3
05-30 17:32:21.833 E/WifiStaIfaceAidlImpl( 710): getLinkLayerStats failed with service-specific exception: android.os.ServiceSpecificException: (code 4)
05-30 17:32:21.846 W/eventbuscore( 1464): post Event:com.dangbei.leard.base.entity.event.NetWifiRssiEvent
05-30 17:32:21.853 E/ccc ( 2556): cccccc result is not empty call back
05-30 17:32:21.853 E/ccc ( 2556): cccccc 666666666666666
05-30 17:32:21.868 E/ccc ( 2556): cccccc sort 2 57
05-30 17:32:22.657 I/WifiHAL ( 520): call wifi_get_link_stats handler
05-30 17:32:22.657 I/WifiHAL ( 520): Creating message to get link statistics; iface = 16
05-30 17:32:22.658 D/WifiHAL ( 520): error code -95 mapped to -3
05-30 17:32:22.658 E/WifiStaIfaceAidlImpl( 710): getLinkLayerStats failed with service-specific exception: android.os.ServiceSpecificException: (code 4)
05-30 17:32:23.102 I/ThermalService( 976): CPU temperatures: [50.500004]
05-30 17:32:23.959 I/adbd ( 1395): host-22: read thread spawning
05-30 17:32:23.959 I/adbd ( 1395): host-22: write thread spawning
05-30 17:32:23.960 I/adbd ( 1395): authentication not required
05-30 17:32:23.955 I//apex/com.android.adbd/bin/adbd( 1395): type=1400 audit(0.0:1063): avc: denied { getopt } for comm=73657276657220736F636B6574 laddr=::ffff:192.168.3.222 lport=5555 faddr=::ffff:192.168.15.10 fport=65229 scontext=u:r:su:s0 tcontext=u:r:su:s0 tclass=tcp_socket permissive=1
05-30 17:32:23.955 I//apex/com.android.adbd/bin/adbd( 1395): type=1400 audit(0.0:1064): avc: denied { write } for comm=73657276657220736F636B6574 name="fwmarkd" dev="tmpfs" ino=867 scontext=u:r:su:s0 tcontext=u:object_r:fwmarkd_socket:s0 tclass=sock_file permissive=1
05-30 17:32:23.955 I//apex/com.android.adbd/bin/adbd( 1395): type=1400 audit(0.0:1065): avc: denied { connectto } for comm=73657276657220736F636B6574 path="/dev/socket/fwmarkd" scontext=u:r:su:s0 tcontext=u:r:netd:s0 tclass=unix_stream_socket permissive=1
05-30 17:32:23.955 I/binder:464_2( 464): type=1400 audit(0.0:1066): avc: denied { use } for path="socket:[32994]" dev="sockfs" ino=32994 scontext=u:r:netd:s0 tcontext=u:r:su:s0 tclass=fd permissive=1
05-30 17:32:23.955 I/binder:464_2( 464): type=1400 audit(0.0:1067): avc: denied { read write } for path="socket:[32994]" dev="sockfs" ino=32994 scontext=u:r:netd:s0 tcontext=u:r:su:s0 tclass=tcp_socket permissive=1
05-30 17:32:23.955 I/binder:464_2( 464): type=1400 audit(0.0:1068): avc: denied { getopt } for laddr=::ffff:192.168.3.222 lport=5555 faddr=::ffff:192.168.15.10 fport=65229 scontext=u:r:netd:s0 tcontext=u:r:su:s0 tclass=tcp_socket permissive=1
05-30 17:32:23.955 I/binder:464_2( 464): type=1400 audit(0.0:1069): avc: denied { setopt } for laddr=::ffff:192.168.3.222 lport=5555 faddr=::ffff:192.168.15.10 fport=65229 scontext=u:r:netd:s0 tcontext=u:r:su:s0 tclass=tcp_socket permissive=1
05-30 17:32:23.955 I//apex/com.android.adbd/bin/adbd( 1395): type=1400 audit(0.0:1070): avc: denied { setopt } for comm=73657276657220736F636B6574 laddr=::ffff:192.168.3.222 lport=5555 faddr=::ffff:192.168.15.10 fport=65229 scontext=u:r:su:s0 tcontext=u:r:su:s0 tclass=tcp_socket permissive=1
05-30 17:32:24.964 W/BatteryExternalStatsWorker( 710): error reading Bluetooth stats: 11
05-30 17:32:25.105 I/ThermalService( 976): CPU temperatures: [50.4]
05-30 17:32:25.463 D/TrafficStats( 2163): tagSocket(227) with statsTag=0xffffffff, statsUid=-1
05-30 17:32:25.662 I/WifiHAL ( 520): call wifi_get_link_stats handler
05-30 17:32:25.662 I/WifiHAL ( 520): Creating message to get link statistics; iface = 16
05-30 17:32:25.662 D/WifiHAL ( 520): error code -95 mapped to -3
05-30 17:32:25.662 E/WifiStaIfaceAidlImpl( 710): getLinkLayerStats failed with service-specific exception: android.os.ServiceSpecificException: (code 4)
05-30 17:32:26.035 I/audio_hw_hal_alsamgr( 477): alsa format =0x1 delay frames =768 total frames=3531520
05-30 17:32:27.108 I/ThermalService( 976): CPU temperatures: [50.100002]
05-30 17:32:28.669 I/WifiHAL ( 520): call wifi_get_link_stats handler
05-30 17:32:28.669 I/WifiHAL ( 520): Creating message to get link statistics; iface = 16
05-30 17:32:28.669 D/WifiHAL ( 520): error code -95 mapped to -3
05-30 17:32:28.669 E/WifiStaIfaceAidlImpl( 710): getLinkLayerStats failed with service-specific exception: android.os.ServiceSpecificException: (code 4)
05-30 17:32:29.110 I/ThermalService( 976): CPU temperatures: [50.2]
05-30 17:32:29.335 D/OomAdjuster( 710): Not killing cached processes
05-30 17:32:30.489 D/TrafficStats( 2163): tagSocket(135) with statsTag=0xffffffff, statsUid=-1
05-30 17:32:30.673 I/ActivityManager( 710): Background started FGS: Allowed [callingPackage: com.dangbei.screencast; callingUid: 10044; uidState: FGS ; uidBFSL: [BFSL]; intent: Intent { cmp=com.dangbei.screencast/.startup.GuardService }; code:PROC_STATE_FGS; tempAllowListReason:; targetSdkVersion:28; callerTargetSdkVersion:28; startForegroundCount:0; bindFromPackage:null: isBindService:false]
05-30 17:32:30.675 D/CompatibilityChangeReporter( 710): Compat change id reported: 135634846; UID 10044; state: DISABLED
05-30 17:32:30.677 D/CompatibilityChangeReporter( 710): Compat change id reported: 143937733; UID 10044; state: DISABLED
05-30 17:32:30.695 I/serviceDiscovery( 710): [MdnsAdvertiser] Removing service with ID 4
05-30 17:32:30.695 D/Zygote ( 465): Forked child process 2676
05-30 17:32:30.696 I/serviceDiscovery( 710): [MdnsAdvertiser] Removing service with ID 5
05-30 17:32:30.696 I/ActivityManager( 710): Start proc 2676:com.dangbei.screencast:bg_guard/u0a44 for service {com.dangbei.screencast/com.dangbei.screencast.startup.GuardService}
05-30 17:32:30.698 W/System.err( 2163): java.net.SocketException: Socket closed
05-30 17:32:30.699 W/System.err( 2163): at java.net.PlainSocketImpl.socketAccept(PlainSocketImpl.java:213)
05-30 17:32:30.699 W/System.err( 2163): at java.net.AbstractPlainSocketImpl.accept(AbstractPlainSocketImpl.java:451)
05-30 17:32:30.699 W/System.err( 2163): at java.net.ServerSocket.implAccept(ServerSocket.java:569)
05-30 17:32:30.699 W/System.err( 2163): at java.net.ServerSocket.accept(ServerSocket.java:537)
05-30 17:32:30.699 W/System.err( 2163): at b.f.f.t.f.run(Unknown Source:40)
05-30 17:32:30.699 W/System.err( 2163): at java.lang.Thread.run(Thread.java:1012)
05-30 17:32:30.700 I/serviceDiscovery( 710): [MdnsAdvertiser] Removing service with ID 3
05-30 17:32:30.703 W/UpnpServiceImpl( 2163): >>> Shutting down UPnP service...
05-30 17:32:30.706 I/Zygote ( 2676): seccomp disabled by setenforce 0
05-30 17:32:30.706 W/AbstractChannel( 2163): Can't invoke task later as EventLoop rejected it
05-30 17:32:30.706 W/AbstractChannel( 2163): java.util.concurrent.RejectedExecutionException: event executor terminated
05-30 17:32:30.706 W/AbstractChannel( 2163): at io.netty.util.concurrent.SingleThreadEventExecutor.reject(Unknown Source:4)
05-30 17:32:30.706 W/AbstractChannel( 2163): at io.netty.util.concurrent.SingleThreadEventExecutor.offerTask(Unknown Source:6)
05-30 17:32:30.706 W/AbstractChannel( 2163): at io.netty.util.concurrent.SingleThreadEventExecutor.addTask(Unknown Source:5)
05-30 17:32:30.706 W/AbstractChannel( 2163): at io.netty.util.concurrent.SingleThreadEventExecutor.execute(Unknown Source:4)
05-30 17:32:30.706 W/AbstractChannel( 2163): at io.netty.util.concurrent.SingleThreadEventExecutor.execute(Unknown Source:18)
05-30 17:32:30.706 W/AbstractChannel( 2163): at io.netty.channel.AbstractChannel$AbstractUnsafe.invokeLater(Unknown Source:6)
05-30 17:32:30.706 W/AbstractChannel( 2163): at io.netty.channel.AbstractChannel$AbstractUnsafe.deregister(Unknown Source:24)
05-30 17:32:30.706 W/AbstractChannel( 2163): at io.netty.channel.AbstractChannel$AbstractUnsafe.fireChannelInactiveAndDeregister(Unknown Source:17)
05-30 17:32:30.706 W/AbstractChannel( 2163): at io.netty.channel.AbstractChannel$AbstractUnsafe.close(Unknown Source:112)
05-30 17:32:30.706 W/AbstractChannel( 2163): at io.netty.channel.AbstractChannel$AbstractUnsafe.close(Unknown Source:12)
05-30 17:32:30.706 W/AbstractChannel( 2163): at io.netty.channel.nio.NioEventLoop.closeAll(Unknown Source:86)
05-30 17:32:30.706 W/AbstractChannel( 2163): at io.netty.channel.nio.NioEventLoop.run(Unknown Source:202)
05-30 17:32:30.706 W/AbstractChannel( 2163): at io.netty.util.concurrent.SingleThreadEventExecutor$4.run(Unknown Source:41)
05-30 17:32:30.706 W/AbstractChannel( 2163): at io.netty.util.internal.ThreadExecutorMap$2.run(Unknown Source:8)
05-30 17:32:30.706 W/AbstractChannel( 2163): at io.netty.util.concurrent.FastThreadLocalRunnable.run(Unknown Source:2)
05-30 17:32:30.706 W/AbstractChannel( 2163): at java.lang.Thread.run(Thread.java:1012)
05-30 17:32:30.709 E/raop ( 2163): httpd_stop running 1 joined 0
05-30 17:32:30.709 E/raop ( 2163): httpd_stop connection->socket_fd=0
05-30 17:32:30.709 E/raop ( 2163): httpd_stop connection->socket_fd=0
05-30 17:32:30.709 E/raop ( 2163): httpd_stop connection->socket_fd=0
05-30 17:32:30.709 E/raop ( 2163): httpd_stop connection->socket_fd=0
05-30 17:32:30.709 E/raop ( 2163): httpd_stop connection->socket_fd=0
05-30 17:32:30.709 E/raop ( 2163): httpd_stop connection->socket_fd=0
05-30 17:32:30.710 E/raop ( 2163): httpd_stop connection->socket_fd=0
05-30 17:32:30.710 E/raop ( 2163): httpd_stop connection->socket_fd=0
05-30 17:32:30.710 E/raop ( 2163): httpd_stop connection->socket_fd=0
05-30 17:32:30.710 E/raop ( 2163): httpd_stop connection->socket_fd=0
05-30 17:32:30.714 I/encast:bg_guard( 2676): Using CollectorTypeCC GC.
05-30 17:32:30.707 I/shutdown-name( 2163): type=1400 audit(0.0:1078): avc: denied { search } for name="wlan0" dev="sysfs" ino=56678 scontext=u:r:untrusted_app_27:s0:c44,c256,c512,c768 tcontext=u:object_r:sysfs_net:s0 tclass=dir permissive=1 app=com.dangbei.screencast
05-30 17:32:30.721 E/encast:bg_guard( 2676): Not starting debugger since process cannot load the jdwp agent.
05-30 17:32:30.733 D/CompatibilityChangeReporter( 710): Compat change id reported: 168419799; UID 10044; state: DISABLED
05-30 17:32:30.733 D/CompatibilityChangeReporter( 710): Compat change id reported: 273564678; UID 10044; state: DISABLED
05-30 17:32:30.737 D/CompatibilityChangeReporter( 2676): Compat change id reported: 171979766; UID 10044; state: DISABLED
05-30 17:32:30.737 D/CompatibilityChangeReporter( 2676): Compat change id reported: 242716250; UID 10044; state: DISABLED
