05-30 17:34:00.352 I/audio_hw_hal_primary( 477): [audiohal_get_latency:1333] io 13: out:0xe8a00e70 frames:1024 rate:48000 whole_latency:21 alsa_latency:21
05-30 17:34:00.357 E/ccc ( 2556): cccccc sort 2 55
05-30 17:34:00.374 I/audio_hw_hal_primary( 477): [audiohal_get_latency:1333] io 13: out:0xe8a00e70 frames:1280 rate:48000 whole_latency:26 alsa_latency:26
05-30 17:34:00.393 I/audio_hw_hal_primary( 477): [audiohal_get_latency:1333] io 13: out:0xe8a00e70 frames:1152 rate:48000 whole_latency:24 alsa_latency:24
05-30 17:34:00.414 I/audio_hw_hal_primary( 477): [audiohal_get_latency:1333] io 13: out:0xe8a00e70 frames:1152 rate:48000 whole_latency:24 alsa_latency:24
05-30 17:34:00.432 I/audio_hw_hal_primary( 477): [audiohal_get_latency:1333] io 13: out:0xe8a00e70 frames:1024 rate:48000 whole_latency:21 alsa_latency:21
05-30 17:34:00.454 I/audio_hw_hal_primary( 477): [audiohal_get_latency:1333] io 13: out:0xe8a00e70 frames:1024 rate:48000 whole_latency:21 alsa_latency:21
05-30 17:34:00.455 D/audioserver( 542): logFgsApiEnd: FGS Logger Transaction failed, -129
05-30 17:34:00.463 D/XM_HIDREAD( 1944): poll ret=1, event=1
05-30 17:34:00.463 D/XM_HIDREAD( 1944): [9 bytes]:01 00 00 4F 00 00 00 00 00
05-30 17:34:00.470 W/System ( 962): A resource failed to call release.
05-30 17:34:00.478 I/audio_hw_hal_primary( 477): [register_audio_patch:8215] Patch 3:id:3 mix(io:13)->dev_0[OUT_HDMI(id:22)] found, register the same patch, do nothing.
05-30 17:34:00.478 I/audio_hw_hal_primary( 477): [adev_create_audio_patch:8316] Patch 3: MIX->DEVICE, num_src:1 num_sink:1 patch_src:INVAL
05-30 17:34:00.478 I/audio_hw_hal_primary( 477): [adev_create_audio_patch:8320] sink[0]: OUT_HDMI(id:22)
05-30 17:34:00.478 I/audio_hw_hal_primary( 477): [adev_create_audio_patch:8377] Patch 3: mix(io:13) -> dev[OUT_HDMI(id:22)]
05-30 17:34:00.478 D/UEventObserver( 976): change@/devices/platform/auge_sound/sound/card0/controlC0ACTION=changeDEVPATH=/devices/platform/auge_sound/sound/card0/controlC0SUBSYSTEM=soundAUDIO_FORMAT=0MAJOR=116MINOR=13DEVNAME=snd/controlC0SEQNUM=3575
05-30 17:34:00.478 I/audio_hw_hal_primary( 477): [adev_create_audio_patch:8445] dev=0xe8ac0010 cur_out_device=0x400
05-30 17:34:00.485 D/audioserver( 542): logFgsApiBegin: FGS Logger Transaction failed, -129
05-30 17:34:00.487 I/SogouIME( 1877): onKeyDown: keyoCode=22
05-30 17:34:00.487 I/DefaultIMS( 1877): onKeyDown: keyoCode=22
05-30 17:34:00.514 I/audio_hw_hal_primary( 477): out_update_source_metadata_v7() line 2013 usage:1 content_type:2
05-30 17:34:00.587 D/XM_HIDREAD( 1944): poll ret=1, event=1
05-30 17:34:00.587 D/XM_HIDREAD( 1944): [9 bytes]:01 00 00 00 00 00 00 00 00
05-30 17:34:00.589 I/SogouIME( 1877): onKeyUp: keyoCode=22
05-30 17:34:00.589 I/DefaultIMS( 1877): onKeyUp: keyoCode=22
05-30 17:34:00.679 I/audio_hw_hal_primary( 477): [audiohal_get_latency:1333] io 13: out:0xe8a00e70 frames:1280 rate:48000 whole_latency:26 alsa_latency:26
05-30 17:34:00.701 I/audio_hw_hal_primary( 477): [audiohal_get_latency:1333] io 13: out:0xe8a00e70 frames:1280 rate:48000 whole_latency:26 alsa_latency:26
05-30 17:34:00.722 I/audio_hw_hal_primary( 477): [audiohal_get_latency:1333] io 13: out:0xe8a00e70 frames:1280 rate:48000 whole_latency:26 alsa_latency:26
05-30 17:34:00.743 I/audio_hw_hal_primary( 477): [audiohal_get_latency:1333] io 13: out:0xe8a00e70 frames:1280 rate:48000 whole_latency:26 alsa_latency:26
05-30 17:34:00.764 I/audio_hw_hal_primary( 477): [audiohal_get_latency:1333] io 13: out:0xe8a00e70 frames:1024 rate:48000 whole_latency:21 alsa_latency:21
05-30 17:34:00.786 I/audio_hw_hal_primary( 477): [audiohal_get_latency:1333] io 13: out:0xe8a00e70 frames:1280 rate:48000 whole_latency:26 alsa_latency:26
05-30 17:34:00.807 I/audio_hw_hal_primary( 477): [audiohal_get_latency:1333] io 13: out:0xe8a00e70 frames:1280 rate:48000 whole_latency:26 alsa_latency:26
05-30 17:34:00.828 I/audio_hw_hal_primary( 477): [audiohal_get_latency:1333] io 13: out:0xe8a00e70 frames:1280 rate:48000 whole_latency:26 alsa_latency:26
05-30 17:34:00.850 I/audio_hw_hal_primary( 477): [audiohal_get_latency:1333] io 13: out:0xe8a00e70 frames:1280 rate:48000 whole_latency:26 alsa_latency:26
05-30 17:34:00.851 D/audioserver( 542): logFgsApiEnd: FGS Logger Transaction failed, -129
05-30 17:34:01.003 D/XM_HIDREAD( 1944): poll ret=1, event=1
05-30 17:34:01.003 D/XM_HIDREAD( 1944): [9 bytes]:01 00 00 29 00 00 00 00 00
05-30 17:34:01.020 I/audio_hw_hal_primary( 477): [register_audio_patch:8215] Patch 3:id:3 mix(io:13)->dev_0[OUT_HDMI(id:22)] found, register the same patch, do nothing.
05-30 17:34:01.021 I/audio_hw_hal_primary( 477): [adev_create_audio_patch:8316] Patch 3: MIX->DEVICE, num_src:1 num_sink:1 patch_src:INVAL
05-30 17:34:01.021 I/audio_hw_hal_primary( 477): [adev_create_audio_patch:8320] sink[0]: OUT_HDMI(id:22)
05-30 17:34:01.021 I/audio_hw_hal_primary( 477): [adev_create_audio_patch:8377] Patch 3: mix(io:13) -> dev[OUT_HDMI(id:22)]
05-30 17:34:01.021 I/audio_hw_hal_primary( 477): [adev_create_audio_patch:8445] dev=0xe8ac0010 cur_out_device=0x400
05-30 17:34:01.021 D/UEventObserver( 976): change@/devices/platform/auge_sound/sound/card0/controlC0ACTION=changeDEVPATH=/devices/platform/auge_sound/sound/card0/controlC0SUBSYSTEM=soundAUDIO_FORMAT=0MAJOR=116MINOR=13DEVNAME=snd/controlC0SEQNUM=3576
05-30 17:34:01.030 D/audioserver( 542): logFgsApiBegin: FGS Logger Transaction failed, -129
05-30 17:34:01.032 I/audio_hw_hal_primary( 477): out_update_source_metadata_v7() line 2013 usage:1 content_type:2
05-30 17:34:01.036 I/SogouIME( 1877): onKeyDown: keyoCode=4
05-30 17:34:01.036 I/DefaultIMS( 1877): onKeyDown: keyoCode=4
05-30 17:34:01.127 D/XM_HIDREAD( 1944): poll ret=1, event=1
05-30 17:34:01.127 D/XM_HIDREAD( 1944): [9 bytes]:01 00 00 00 00 00 00 00 00
05-30 17:34:01.130 I/SogouIME( 1877): onKeyUp: keyoCode=4
05-30 17:34:01.130 I/DefaultIMS( 1877): onKeyUp: keyoCode=4
05-30 17:34:01.146 E/ccc ( 1430): cccccc led current is 100 标准
05-30 17:34:01.146 E/ccc ( 1430): cccccc led current is null
05-30 17:34:01.191 I/audio_hw_hal_primary( 477): [audiohal_get_latency:1333] io 13: out:0xe8a00e70 frames:1280 rate:48000 whole_latency:26 alsa_latency:26
05-30 17:34:01.213 I/audio_hw_hal_primary( 477): [audiohal_get_latency:1333] io 13: out:0xe8a00e70 frames:1280 rate:48000 whole_latency:26 alsa_latency:26
05-30 17:34:01.234 I/audio_hw_hal_primary( 477): [audiohal_get_latency:1333] io 13: out:0xe8a00e70 frames:1280 rate:48000 whole_latency:26 alsa_latency:26
05-30 17:34:01.246 I/ThermalService( 976): CPU temperatures: [50.600002]
05-30 17:34:01.255 I/audio_hw_hal_primary( 477): [audiohal_get_latency:1333] io 13: out:0xe8a00e70 frames:1280 rate:48000 whole_latency:26 alsa_latency:26
05-30 17:34:01.276 I/audio_hw_hal_primary( 477): [audiohal_get_latency:1333] io 13: out:0xe8a00e70 frames:1280 rate:48000 whole_latency:26 alsa_latency:26
05-30 17:34:01.298 I/audio_hw_hal_primary( 477): [audiohal_get_latency:1333] io 13: out:0xe8a00e70 frames:1280 rate:48000 whole_latency:26 alsa_latency:26
05-30 17:34:01.319 I/audio_hw_hal_primary( 477): [audiohal_get_latency:1333] io 13: out:0xe8a00e70 frames:1024 rate:48000 whole_latency:21 alsa_latency:21
05-30 17:34:01.340 I/audio_hw_hal_primary( 477): [audiohal_get_latency:1333] io 13: out:0xe8a00e70 frames:1280 rate:48000 whole_latency:26 alsa_latency:26
05-30 17:34:01.362 I/audio_hw_hal_primary( 477): [audiohal_get_latency:1333] io 13: out:0xe8a00e70 frames:1280 rate:48000 whole_latency:26 alsa_latency:26
05-30 17:34:01.363 D/audioserver( 542): logFgsApiEnd: FGS Logger Transaction failed, -129
05-30 17:34:01.611 D/XM_HIDREAD( 1944): poll ret=1, event=1
05-30 17:34:01.611 D/XM_HIDREAD( 1944): [9 bytes]:01 00 00 29 00 00 00 00 00
05-30 17:34:01.625 I/audio_hw_hal_primary( 477): [register_audio_patch:8215] Patch 3:id:3 mix(io:13)->dev_0[OUT_HDMI(id:22)] found, register the same patch, do nothing.
05-30 17:34:01.625 I/audio_hw_hal_primary( 477): [adev_create_audio_patch:8316] Patch 3: MIX->DEVICE, num_src:1 num_sink:1 patch_src:INVAL
05-30 17:34:01.625 I/audio_hw_hal_primary( 477): [adev_create_audio_patch:8320] sink[0]: OUT_HDMI(id:22)
05-30 17:34:01.625 I/audio_hw_hal_primary( 477): [adev_create_audio_patch:8377] Patch 3: mix(io:13) -> dev[OUT_HDMI(id:22)]
05-30 17:34:01.625 D/UEventObserver( 976): change@/devices/platform/auge_sound/sound/card0/controlC0ACTION=changeDEVPATH=/devices/platform/auge_sound/sound/card0/controlC0SUBSYSTEM=soundAUDIO_FORMAT=0MAJOR=116MINOR=13DEVNAME=snd/controlC0SEQNUM=3577
05-30 17:34:01.625 I/audio_hw_hal_primary( 477): [adev_create_audio_patch:8445] dev=0xe8ac0010 cur_out_device=0x400
05-30 17:34:01.634 D/audioserver( 542): logFgsApiBegin: FGS Logger Transaction failed, -129
05-30 17:34:01.637 I/SogouIME( 1877): onKeyDown: keyoCode=4
05-30 17:34:01.637 I/DefaultIMS( 1877): onKeyDown: keyoCode=4
05-30 17:34:01.661 I/audio_hw_hal_primary( 477): out_update_source_metadata_v7() line 2013 usage:1 content_type:2
05-30 17:34:01.745 D/XM_HIDREAD( 1944): poll ret=1, event=1
05-30 17:34:01.746 D/XM_HIDREAD( 1944): [9 bytes]:01 00 00 00 00 00 00 00 00
05-30 17:34:01.748 I/SogouIME( 1877): onKeyUp: keyoCode=4
05-30 17:34:01.748 I/DefaultIMS( 1877): onKeyUp: keyoCode=4
05-30 17:34:01.755 W/AudioFlinger( 542): createTrack_l(): mismatch between requested flags (00000004) and output flags (00000002)
05-30 17:34:01.757 I/audio_hw_hal_primary( 477): [audiohal_get_latency:1333] io 13: out:0xe8a00e70 frames:1152 rate:48000 whole_latency:24 alsa_latency:24
05-30 17:34:01.760 D/audioserver( 542): logFgsApiBegin: FGS Logger Transaction failed, -129
05-30 17:34:01.761 I/SogouIME( 1877): onKeyDown: keyoCode=22
05-30 17:34:01.761 I/DefaultIMS( 1877): onKeyDown: keyoCode=22
05-30 17:34:01.765 I/SogouIME( 1877): onKeyUp: keyoCode=22
05-30 17:34:01.766 I/DefaultIMS( 1877): onKeyUp: keyoCode=22
05-30 17:34:01.789 I/audio_hw_hal_primary( 477): out_update_source_metadata_v7() line 2013 usage:1 content_type:2
05-30 17:34:01.831 I/audio_hw_hal_primary( 477): [audiohal_get_latency:1333] io 13: out:0xe8a00e70 frames:1280 rate:48000 whole_latency:26 alsa_latency:26
05-30 17:34:01.850 I/WifiHAL ( 520): call wifi_get_link_stats handler
05-30 17:34:01.850 I/WifiHAL ( 520): Creating message to get link statistics; iface = 16
05-30 17:34:01.850 D/WifiHAL ( 520): error code -95 mapped to -3
05-30 17:34:01.851 E/WifiStaIfaceAidlImpl( 710): getLinkLayerStats failed with service-specific exception: android.os.ServiceSpecificException: (code 4)
05-30 17:34:01.874 I/audio_hw_hal_primary( 477): [audiohal_get_latency:1333] io 13: out:0xe8a00e70 frames:1280 rate:48000 whole_latency:26 alsa_latency:26
05-30 17:34:01.916 I/audio_hw_hal_primary( 477): [audiohal_get_latency:1333] io 13: out:0xe8a00e70 frames:1280 rate:48000 whole_latency:26 alsa_latency:26
05-30 17:34:01.959 I/audio_hw_hal_primary( 477): [audiohal_get_latency:1333] io 13: out:0xe8a00e70 frames:1024 rate:48000 whole_latency:21 alsa_latency:21
05-30 17:34:01.959 I/audio_hw_hal_primary( 477): [audiohal_get_latency:1333] io 13: out:0xe8a00e70 frames:1280 rate:48000 whole_latency:26 alsa_latency:26
05-30 17:34:01.981 I/audio_hw_hal_primary( 477): [audiohal_get_latency:1333] io 13: out:0xe8a00e70 frames:1152 rate:48000 whole_latency:24 alsa_latency:24
05-30 17:34:01.981 I/audio_hw_hal_primary( 477): [audiohal_get_latency:1333] io 13: out:0xe8a00e70 frames:1152 rate:48000 whole_latency:24 alsa_latency:24
05-30 17:34:02.002 I/audio_hw_hal_primary( 477): [audiohal_get_latency:1333] io 13: out:0xe8a00e70 frames:1280 rate:48000 whole_latency:26 alsa_latency:26
05-30 17:34:02.002 I/audio_hw_hal_primary( 477): [audiohal_get_latency:1333] io 13: out:0xe8a00e70 frames:1280 rate:48000 whole_latency:26 alsa_latency:26
05-30 17:34:02.003 D/audioserver( 542): logFgsApiEnd: FGS Logger Transaction failed, -129
05-30 17:34:02.004 I/audio_hw_hal_primary( 477): out_update_source_metadata_v7() line 2013 usage:1 content_type:2
05-30 17:34:02.026 I/audio_hw_hal_primary( 477): [audiohal_get_latency:1333] io 13: out:0xe8a00e70 frames:1152 rate:48000 whole_latency:24 alsa_latency:24
05-30 17:34:02.044 I/audio_hw_hal_primary( 477): [audiohal_get_latency:1333] io 13: out:0xe8a00e70 frames:1024 rate:48000 whole_latency:21 alsa_latency:21
05-30 17:34:02.066 I/audio_hw_hal_primary( 477): [audiohal_get_latency:1333] io 13: out:0xe8a00e70 frames:1280 rate:48000 whole_latency:26 alsa_latency:26
05-30 17:34:02.087 I/audio_hw_hal_primary( 477): [audiohal_get_latency:1333] io 13: out:0xe8a00e70 frames:1280 rate:48000 whole_latency:26 alsa_latency:26
05-30 17:34:02.109 I/audio_hw_hal_primary( 477): [audiohal_get_latency:1333] io 13: out:0xe8a00e70 frames:1280 rate:48000 whole_latency:26 alsa_latency:26
05-30 17:34:02.130 I/audio_hw_hal_primary( 477): [audiohal_get_latency:1333] io 13: out:0xe8a00e70 frames:1024 rate:48000 whole_latency:21 alsa_latency:21
05-30 17:34:02.131 D/audioserver( 542): logFgsApiEnd: FGS Logger Transaction failed, -129
05-30 17:34:02.387 D/XM_HIDREAD( 1944): poll ret=1, event=1
05-30 17:34:02.387 D/XM_HIDREAD( 1944): [9 bytes]:01 00 00 29 00 00 00 00 00
05-30 17:34:02.401 I/audio_hw_hal_primary( 477): [register_audio_patch:8215] Patch 3:id:3 mix(io:13)->dev_0[OUT_HDMI(id:22)] found, register the same patch, do nothing.
05-30 17:34:02.401 I/audio_hw_hal_primary( 477): [adev_create_audio_patch:8316] Patch 3: MIX->DEVICE, num_src:1 num_sink:1 patch_src:INVAL
05-30 17:34:02.401 I/audio_hw_hal_primary( 477): [adev_create_audio_patch:8320] sink[0]: OUT_HDMI(id:22)
05-30 17:34:02.401 I/audio_hw_hal_primary( 477): [adev_create_audio_patch:8377] Patch 3: mix(io:13) -> dev[OUT_HDMI(id:22)]
05-30 17:34:02.401 I/audio_hw_hal_primary( 477): [adev_create_audio_patch:8445] dev=0xe8ac0010 cur_out_device=0x400
05-30 17:34:02.401 D/UEventObserver( 976): change@/devices/platform/auge_sound/sound/card0/controlC0ACTION=changeDEVPATH=/devices/platform/auge_sound/sound/card0/controlC0SUBSYSTEM=soundAUDIO_FORMAT=0MAJOR=116MINOR=13DEVNAME=snd/controlC0SEQNUM=3578
05-30 17:34:02.407 D/audioserver( 542): logFgsApiBegin: FGS Logger Transaction failed, -129
05-30 17:34:02.409 I/SogouIME( 1877): onKeyDown: keyoCode=4
05-30 17:34:02.409 I/DefaultIMS( 1877): onKeyDown: keyoCode=4
05-30 17:34:02.429 I/audio_hw_hal_primary( 477): out_update_source_metadata_v7() line 2013 usage:1 content_type:2
05-30 17:34:02.511 D/XM_HIDREAD( 1944): poll ret=1, event=1
05-30 17:34:02.511 D/XM_HIDREAD( 1944): [9 bytes]:01 00 00 00 00 00 00 00 00
05-30 17:34:02.514 I/SogouIME( 1877): onKeyUp: keyoCode=4
05-30 17:34:02.514 I/DefaultIMS( 1877): onKeyUp: keyoCode=4
05-30 17:34:02.522 V/WindowManagerShell( 962): Transition requested: android.os.BinderProxy@3991145 TransitionRequestInfo { type = 2, triggerTask = TaskInfo{userId=0 taskId=5 displayId=0 isRunning=false baseIntent=Intent { dat=haqu://setting:8080/... flg=0x10000000 pkg=com.dangbei.haqusetting cmp=com.dangbei.haqusetting/.ui.HomeActivity } baseActivity=null topActivity=null origActivity=null realActivity=ComponentInfo{com.dangbei.haqusetting/com.dangbei.haqusetting.ui.HomeActivity} numActivities=0 lastActiveTime=42951 supportsMultiWindow=true resizeMode=1 isResizeable=true minWidth=-1 minHeight=-1 defaultMinSize=220 token=WCT{android.window.IWindowContainerToken$Stub$Proxy@bcd909a} topActivityType=1 pictureInPictureParams=null shouldDockBigOverlays=false launchIntoPipHostTaskId=-1 lastParentTaskIdBeforePip=-1 displayCutoutSafeInsets=null topActivityInfo=null launchCookies=[] positionInParent=Point(0, 0) parentTaskId=-1 isFocused=true isVisible=true isVisibleRequested=true isSleeping=false topActivityInSizeCompat=false topActivityEligibleForLetterboxEducation= false isLetterboxDoubleTapEnabled= false topActivityEligibleForUserAspectRatioButton= false topActivityBoundsLetterboxed= false isFromLetterboxDoubleTap= false topActivityLetterboxVerticalPosition= -1 topActivityLetterboxHorizontalPosition= -1 topActivityLetterboxWidth=-1 topActivityLetterboxHeight=-1 isUserFullscreenOverrideEnabled=false isTopActivityTransparent=false locusId=null displayAreaFeatureId=1 cameraCompatControlState=hidden}, remoteTransition = null, displayChange = null, flags = 0 }
05-30 17:34:02.535 V/WindowManager( 710): app ------------- force_land :0
05-30 17:34:02.540 I/hq ( 1464): 当小贝:::showMessage from=mActivityLifecycleCallbacks
05-30 17:34:02.543 I/hq ( 1464): 当小贝:::showMessage 没有消息需要显示
05-30 17:34:02.547 V/WindowManagerShell( 962): onTransitionReady android.os.BinderProxy@3991145: {id=3 t=CLOSE f=0x0 trk=0 r=[0@Point(0, 0)] c=[{WCT{android.window.IWindowContainerToken$Stub$Proxy@be7cc1} m=CLOSE f=TRANSLUCENT leash=Surface(name=Task=5)/@0x9b1adcb sb=Rect(0, 0 - 1920, 1080) eb=Rect(0, 0 - 1920, 1080) d=0}]}
05-30 17:34:02.547 V/WindowManagerShell( 962): Playing animation for (#3)android.os.BinderProxy@3991145@0
05-30 17:34:02.548 I/BpBinder( 263): onLastStrongRef automatically unlinking death recipients:
05-30 17:34:02.549 V/WindowManagerShell( 962): try handler com.android.wm.shell.keyguard.KeyguardTransitionHandler@1de5df
05-30 17:34:02.549 V/WindowManagerShell( 962): try handler com.android.wm.shell.pip.tv.TvPipTransition@23f022c
05-30 17:34:02.549 V/WindowManagerShell( 962): try handler com.android.wm.shell.activityembedding.ActivityEmbeddingController@18584f5
05-30 17:34:02.549 V/WindowManagerShell( 962): try handler com.android.wm.shell.transition.RemoteTransitionHandler@eda728a
05-30 17:34:02.551 V/WindowManagerShell( 962): Transition doesn't have explicit remote, search filters for match for {id=3 t=CLOSE f=0x0 trk=0 r=[0@Point(0, 0)] c=[{WCT{android.window.IWindowContainerToken$Stub$Proxy@be7cc1} m=CLOSE f=TRANSLUCENT leash=Surface(name=Task=5)/@0x9b1adcb sb=Rect(0, 0 - 1920, 1080) eb=Rect(0, 0 - 1920, 1080) d=0}]}
05-30 17:34:02.552 V/WindowManagerShell( 962): Delegate animation for #3 to null
05-30 17:34:02.552 V/WindowManagerShell( 962): try handler com.android.wm.shell.transition.DefaultTransitionHandler@2a500fb
05-30 17:34:02.552 V/WindowManagerShell( 962): start default transition animation, info = {id=3 t=CLOSE f=0x0 trk=0 r=[0@Point(0, 0)] c=[{WCT{android.window.IWindowContainerToken$Stub$Proxy@be7cc1} m=CLOSE f=TRANSLUCENT leash=Surface(name=Task=5)/@0x9b1adcb sb=Rect(0, 0 - 1920, 1080) eb=Rect(0, 0 - 1920, 1080) d=0}]}
05-30 17:34:02.553 V/WindowManagerShell( 962): loadAnimation: anim=android.view.animation.AlphaAnimation@b8d1854 animAttr=0x7 type=CLOSE isEntrance=false
05-30 17:34:02.554 V/WindowManagerShell( 962): animated by com.android.wm.shell.transition.DefaultTransitionHandler@2a500fb
05-30 17:34:02.554 V/WindowManager( 710): Sent Transition #3 createdAt=05-30 17:34:02.518 via request=TransitionRequestInfo { type = 2, triggerTask = TaskInfo{userId=0 taskId=5 displayId=0 isRunning=false baseIntent=Intent { dat=haqu://setting:8080/... flg=0x10000000 pkg=com.dangbei.haqusetting cmp=com.dangbei.haqusetting/.ui.HomeActivity } baseActivity=null topActivity=null origActivity=null realActivity=ComponentInfo{com.dangbei.haqusetting/com.dangbei.haqusetting.ui.HomeActivity} numActivities=0 lastActiveTime=42951 supportsMultiWindow=true resizeMode=1 isResizeable=true minWidth=-1 minHeight=-1 defaultMinSize=220 token=WCT{RemoteToken{942b638 Task{cedeb31 #5 type=standard A=1000:com.dangbei.haqusetting}}} topActivityType=1 pictureInPictureParams=null shouldDockBigOverlays=false launchIntoPipHostTaskId=-1 lastParentTaskIdBeforePip=-1 displayCutoutSafeInsets=null topActivityInfo=null launchCookies=[] positionInParent=Point(0, 0) parentTaskId=-1 isFocused=true isVisible=true isVisibleRequested=true isSleeping=false topActivityInSizeCompat=false topActivityEligibleForLetterboxEducation= false isLetterboxDoubleTapEnabled= false topActivityEligibleForUserAspectRatioButton= false topActivityBoundsLetterboxed= false isFromLetterboxDoubleTap= false topActivityLetterboxVerticalPosition= -1 topActivityLetterboxHorizontalPosition= -1 topActivityLetterboxWidth=-1 topActivityLetterboxHeight=-1 isUserFullscreenOverrideEnabled=false isTopActivityTransparent=false locusId=null displayAreaFeatureId=1 cameraCompatControlState=hidden}, remoteTransition = null, displayChange = null, flags = 0 }
05-30 17:34:02.554 V/WindowManager( 710): startWCT=WindowContainerTransaction { changes = {} hops = [] errorCallbackToken=null taskFragmentOrganizer=null }
05-30 17:34:02.554 V/WindowManager( 710): info={id=3 t=CLOSE f=0x0 trk=0 r=[0@Point(0, 0)] c=[{WCT{RemoteToken{942b638 Task{cedeb31 #5 type=standard A=1000:com.dangbei.haqusetting}}} m=CLOSE f=TRANSLUCENT leash=Surface(name=Task=5)/@0xe2d7595 sb=Rect(0, 0 - 1920, 1080) eb=Rect(0, 0 - 1920, 1080) d=0}]}
05-30 17:34:02.559 D/OomAdjuster( 710): Not killing cached processes
05-30 17:34:02.559 W/ActivityTaskManager( 710): Finishing task with all activities already finished
05-30 17:34:02.559 W/ActivityTaskManager( 710): Duplicate finish request for r=ActivityRecord{1a46bd8 u0 com.dangbei.haqusetting/.ui.HomeActivity t5 f}}
05-30 17:34:02.566 W/SQLiteLog( 1464): (28) double-quoted string literal: "UjftmJwNeB//pVBx7mhtEccobWhmXT1GSss+otCLono4r26PhRUujxMEqvo4hEtstARahqNeFEeM
05-30 17:34:02.566 W/SQLiteLog( 1464): Vzfc/kmzGQ==
05-30 17:34:02.566 W/SQLiteLog( 1464): "
05-30 17:34:02.566 W/SQLiteLog( 1464): (28) double-quoted string literal: "A4F5BB9023F9096CB6B8CE8040C87827"
05-30 17:34:02.567 W/SQLiteLog( 1464): (28) double-quoted string literal: "1748585028727"
05-30 17:34:02.567 W/SQLiteLog( 1464): (28) double-quoted string literal: "A4F5BB9023F9096CB6B8CE8040C87827"
05-30 17:34:02.571 I/ImeTracker( 710): com.dangbei.leard.leradlauncher:475814ea: onRequestHide at ORIGIN_SERVER_HIDE_INPUT reason HIDE_UNSPECIFIED_WINDOW
05-30 17:34:02.572 I/ImeTracker( 710): com.dangbei.leard.leradlauncher:475814ea: onCancelled at PHASE_SERVER_SHOULD_HIDE
05-30 17:34:02.574 I/DefaultIMS( 1877): onStartInput attribute=android.view.inputmethod.EditorInfo@104b0be restarting=false inputType: 0
05-30 17:34:02.595 W/SQLiteLog( 1464): (28) double-quoted string literal: "1748585028727"
05-30 17:34:02.595 W/SQLiteLog( 1464): (28) double-quoted string literal: "0"
05-30 17:34:02.595 W/SQLiteLog( 1464): (28) double-quoted string literal: ""
05-30 17:34:02.595 W/SQLiteLog( 1464): (28) double-quoted string literal: ""
05-30 17:34:02.595 W/SQLiteLog( 1464): (28) double-quoted string literal: "A4F5BB9023F9096CB6B8CE8040C87827"
05-30 17:34:02.599 I/audio_hw_hal_primary( 477): [audiohal_get_latency:1333] io 13: out:0xe8a00e70 frames:1024 rate:48000 whole_latency:21 alsa_latency:21
05-30 17:34:02.602 D/TrafficStats( 1464): tagSocket(128) with statsTag=0xffffffff, statsUid=-1
05-30 17:34:02.603 D/TrafficStats( 1464): tagSocket(157) with statsTag=0xffffffff, statsUid=-1
05-30 17:34:02.621 I/audio_hw_hal_primary( 477): [audiohal_get_latency:1333] io 13: out:0xe8a00e70 frames:1280 rate:48000 whole_latency:26 alsa_latency:26
05-30 17:34:02.629 D/BluetoothAdapterService( 1090): cancelDiscovery
05-30 17:34:02.629 I/bt_btif_dm( 1090): packages/modules/Bluetooth/system/btif/src/btif_dm.cc:2470 btif_dm_cancel_discovery: Cancel search
05-30 17:34:02.629 I/bluetooth( 1090): packages/modules/Bluetooth/system/bta/dm/bta_dm_main.cc:96 bta_dm_search_sm_execute: state:BTA_DM_SEARCH_IDLE, event:BTA_DM_API_SEARCH_CANCEL_EVT[0x201]
05-30 17:34:02.635 W/ContextImpl( 710): Calling a method in the system process without a qualified user: android.app.ContextImpl.startService:1899 com.android.server.wm.DisplayPolicy.lambda$focusChangedLw$5:2126 com.android.server.wm.DisplayPolicy.$r8$lambda$Znxk63oh-WzVnzo_WQefN7uxV48:0 com.android.server.wm.DisplayPolicy$$ExternalSyntheticLambda13.run:0 android.os.Handler.handleCallback:958
05-30 17:34:02.636 W/WindowOnBackDispatcher( 2556): sendCancelIfRunning: isInProgress=falsecallback=android.view.ViewRootImpl$$ExternalSyntheticLambda17@dcd551f
05-30 17:34:02.637 D/CoreBackPreview( 710): Window{24f3e9e u0 com.dangbei.haqusetting/com.dangbei.haqusetting.ui.HomeActivity}: Setting back callback null
05-30 17:34:02.638 D/WindowManagerShell( 962): TvPipController: onTaskStackChanged()
05-30 17:34:02.639 D/aaa ( 1487): LedStatusService onStartCommand begin
05-30 17:34:02.640 D/aaa ( 1487): topPkg is -------------- :com.dangbei.leard.leradlauncher
05-30 17:34:02.641 I/audio_hw_hal_primary( 477): [audiohal_get_latency:1333] io 13: out:0xe8a00e70 frames:1280 rate:48000 whole_latency:26 alsa_latency:26
05-30 17:34:02.645 W/InputManager-JNI( 710): Input channel object '24f3e9e com.dangbei.haqusetting/com.dangbei.haqusetting.ui.HomeActivity (client)' was disposed without first being removed with the input manager!
05-30 17:34:02.648 D/aaa ( 1487): WiFi is connect
05-30 17:34:02.652 E/d.leradlauncher( 1464): Invalid resource ID 0x00000000.
05-30 17:34:02.663 I/audio_hw_hal_primary( 477): [audiohal_get_latency:1333] io 13: out:0xe8a00e70 frames:1280 rate:48000 whole_latency:26 alsa_latency:26
05-30 17:34:02.685 I/audio_hw_hal_primary( 477): [audiohal_get_latency:1333] io 13: out:0xe8a00e70 frames:1280 rate:48000 whole_latency:26 alsa_latency:26
05-30 17:34:02.687 W/SQLiteLog( 1464): (28) double-quoted string literal: "7E67DAB9CF0616866828CBF5162C4360"
05-30 17:34:02.688 D/CompatibilityChangeReporter( 1464): Compat change id reported: 247079863; UID 1000; state: DISABLED
05-30 17:34:02.691 W/SQLiteLog( 1464): (28) double-quoted string literal: "7E67DAB9CF0616866828CBF5162C4360"
05-30 17:34:02.692 W/SQLiteLog( 1464): (28) double-quoted string literal: ""
05-30 17:34:02.692 W/SQLiteLog( 1464): (28) double-quoted string literal: "7E67DAB9CF0616866828CBF5162C4360"
05-30 17:34:02.692 W/SQLiteLog( 1464): (28) double-quoted string literal: "-1"
05-30 17:34:02.706 I/audio_hw_hal_primary( 477): [audiohal_get_latency:1333] io 13: out:0xe8a00e70 frames:1280 rate:48000 whole_latency:26 alsa_latency:26
05-30 17:34:02.720 D/MobclickAgent( 1464): 创建新会话: 7E67DAB9CF0616866828CBF5162C4360
05-30 17:34:02.725 D/TrafficStats( 1464): tagSocket(193) with statsTag=0xffffffff, statsUid=-1
05-30 17:34:02.727 I/audio_hw_hal_primary( 477): [audiohal_get_latency:1333] io 13: out:0xe8a00e70 frames:1024 rate:48000 whole_latency:21 alsa_latency:21
05-30 17:34:02.749 I/audio_hw_hal_primary( 477): [audiohal_get_latency:1333] io 13: out:0xe8a00e70 frames:1152 rate:48000 whole_latency:24 alsa_latency:24
05-30 17:34:02.769 I/audio_hw_hal_primary( 477): [audiohal_get_latency:1333] io 13: out:0xe8a00e70 frames:1280 rate:48000 whole_latency:26 alsa_latency:26
05-30 17:34:02.771 D/audioserver( 542): logFgsApiEnd: FGS Logger Transaction failed, -129
05-30 17:34:02.964 V/WindowManagerShell( 962): Transition animation finished (aborted=false), notifying core (#3)android.os.BinderProxy@3991145@0
05-30 17:34:02.968 V/WindowManager( 710): Finish Transition #3: created at
05-30 17:34:02.518 collect-started=0.121ms request-sent=0.338ms started=6.053ms ready=18.854ms sent=25.532ms finished=447.843ms
05-30 17:34:02.976 V/WindowManagerShell( 962): Track 0 became idle
05-30 17:34:02.976 V/WindowManagerShell( 962): All active transition animations finished
05-30 17:34:03.250 I/ThermalService( 976): CPU temperatures: [50.7]
05-30 17:34:03.734 D/TrafficStats( 1464): tagSocket(5) with statsTag=0xffffffff, statsUid=-1
05-30 17:34:04.539 I/cling--ap-1( 2757): type=1400 audit(0.0:1158): avc: denied { search } for name="net" dev="sysfs" ino=12345 scontext=u:r:untrusted_app_27:s0:c44,c256,c512,c768 tcontext=u:object_r:sysfs_net:s0 tclass=dir permissive=1 app=com.dangbei.screencast
05-30 17:34:04.647 I/audio_hw_hal_stream( 477): aml_stream_out_info_print: out:0xe8a00e70, stream_type:pcm, sync_mode:non tunnel, input_size:1662976 bytes
05-30 17:34:04.647 I/audio_hw_hal_stream( 477): aml_stream_out_info_print: last_time:182323 ms (sec:182, nsec:323471169), last_position:8487 ms (407376), cur_time:182339 ms (sec:182, nsec:339425669), cur_position:8503 ms (408144)
05-30 17:34:04.647 I/audio_hw_hal_stream( 477): aml_stream_out_info_print: time_gap:16 ms (thr:100 ms), position_gap:16 ms, delay:158 ms, jitter: Position gap is ahead of system time gap by 0 ms (thr:100 ms)
05-30 17:34:04.855 I/WifiHAL ( 520): call wifi_get_link_stats handler
05-30 17:34:04.855 I/WifiHAL ( 520): Creating message to get link statistics; iface = 16
05-30 17:34:04.855 D/WifiHAL ( 520): error code -95 mapped to -3
05-30 17:34:04.856 E/WifiStaIfaceAidlImpl( 710): getLinkLayerStats failed with service-specific exception: android.os.ServiceSpecificException: (code 4)
05-30 17:34:04.865 D/InstantWifi( 710): Receive Wifi is connected, freq = 5745 and currentNetworkId : 0, wifiinfo = SSID: , BSSID: 02:00:00:00:00:00, MAC: 02:00:00:00:00:00, IP: /192.168.3.222, Security type: 2, Supplicant state: COMPLETED, Wi-Fi standard: 6, RSSI: -56, Link speed: 1200Mbps, Tx Link speed: 1200Mbps, Max Supported Tx Link speed: 1200Mbps, Rx Link speed: 6Mbps, Max Supported Rx Link speed: 1200Mbps, Frequency: 5745MHz, Net ID: -1, Metered hint: false, score: 60, isUsable: true, CarrierMerged: false, SubscriptionId: -1, IsPrimary: 1, Trusted: true, Restricted: false, Ephemeral: false, OEM paid: false, OEM private: false, OSU AP: false, FQDN: , Provider friendly name: , Requesting package name: MLO Information: , Is TID-To-Link negotiation supported by the AP: false, AP MLD Address: , AP MLO Link Id: , AP MLO Affiliated links:
05-30 17:34:05.253 I/ThermalService( 976): CPU temperatures: [50.4]
05-30 17:34:05.335 I/audio_hw_hal_alsamgr( 477): alsa format =0x1 delay frames =1024 total frames=8294400
05-30 17:34:05.565 D/audio_hw_hal_primary( 477): [out_standby_new:5767] io 13: out:0xe8a00e70 usecase:PCM_NORMAL
05-30 17:34:05.565 I/audio_hw_hal_primary( 477): [do_output_standby_l:5663] io 13: out:0xe8a00e70, stream usecase:PCM_NORMAL, continuous:1
05-30 17:34:05.565 I/audio_hw_hal_primary( 477): [usecase_change_validate_l:7436] ++ io 13: out:0xe8a00e70 dev masks:0x1 is_standby:1 out usecase:PCM_NORMAL
05-30 17:34:05.565 I/audio_hw_hal_ms12common( 477): aml_set_ms12_scheduler_state ms12_scheduler_state:1, sch_state:1 SCHEDULER_STANDBY is sent to ms12
05-30 17:34:05.565 I/audio_hw_hal_primary( 477): [usecase_change_validate_l:7477] -- dev masks:0 is_standby:1 out usecase PCM_NORMAL
05-30 17:34:05.565 D/audio_hw_hal_primary( 477): [out_standby_new:5790] io 13: out:0xe8a00e70 usecase:PCM_NORMAL exit
05-30 17:34:05.643 D/libdolbyms12( 477): continuous underrun 2
05-30 17:34:05.982 E/TaskPersister( 710): File error accessing recents directory (directory doesn't exist?).
05-30 17:34:07.256 I/ThermalService( 976): CPU temperatures: [50.000004]
05-30 17:34:07.866 I/WifiHAL ( 520): call wifi_get_link_stats handler
05-30 17:34:07.866 I/WifiHAL ( 520): Creating message to get link statistics; iface = 16
05-30 17:34:07.866 D/WifiHAL ( 520): error code -95 mapped to -3
05-30 17:34:07.867 E/WifiStaIfaceAidlImpl( 710): getLinkLayerStats failed with service-specific exception: android.os.ServiceSpecificException: (code 4)
05-30 17:34:08.565 D/audio_hw_hal_ms12common( 477): func:ms12_timer_callback_handler sigv:0 ~~~~~~~~~~
05-30 17:34:08.565 D/audio_hw_hal_ms12v2( 477): set_dolby_ms12_continuous_state audio_continuous_standby_set status 1
05-30 17:34:08.565 D/audio_hw_hal_continuous_standby( 477): audio_continuous_standby_set, type 0, params 1
05-30 17:34:08.565 D/audio_hw_hal_ms12common( 477): aml_send_ms12_scheduler_state_2_ms12 adev:0xe8ac0010, sch_state:1(SCHEDULER_STANDBY)