05-30 14:03:28.050 D/ActivityManagerTiming( 710): OnBootPhase_1000_com.android.server.ConnectivityServiceInitializer
05-30 14:03:28.050 D/WifiService( 710): Handle boot completed
05-30 14:03:28.050 I/bluetooth( 1090): packages/modules/Bluetooth/system/gd/hci/acl_manager/le_impl.h:878 update_connectability_state_after_armed: Le connection state machine armed state:ConnectabilityState::ARMED status:SUCCESS
05-30 14:03:28.052 D/CompatibilityChangeReporter( 710): Compat change id reported: 161145287; UID 1000; state: ENABLED
05-30 14:03:28.052 D/CompatibilityChangeReporter( 710): Compat change id reported: 161145287; UID 1000; state: DISABLED
05-30 14:03:28.053 D/xm_audio( 477): adev_get_parameters
05-30 14:03:28.054 D/ActivityManagerTiming( 710): OnBootPhase_1000_com.android.server.notification.NotificationManagerService
05-30 14:03:28.054 D/ActivityManagerTiming( 710): OnBootPhase_1000_com.android.server.storage.DeviceStorageMonitorService
05-30 14:03:28.054 D/ActivityManagerTiming( 710): OnBootPhase_1000_com.android.server.timedetector.TimeDetectorService$Lifecycle
05-30 14:03:28.054 D/ActivityManagerTiming( 710): OnBootPhase_1000_com.android.server.location.LocationManagerService$Lifecycle
05-30 14:03:28.054 D/ActivityManagerTiming( 710): OnBootPhase_1000_com.android.server.timezonedetector.TimeZoneDetectorService$Lifecycle
05-30 14:03:28.054 D/ActivityManagerTiming( 710): OnBootPhase_1000_com.android.server.location.altitude.AltitudeService$Lifecycle
05-30 14:03:28.054 D/ActivityManagerTiming( 710): OnBootPhase_1000_com.android.server.timezonedetector.location.LocationTimeZoneManagerService$Lifecycle
05-30 14:03:28.054 D/ActivityManagerTiming( 710): OnBootPhase_1000_com.android.server.search.SearchManagerService$Lifecycle
05-30 14:03:28.054 D/ActivityManagerTiming( 710): OnBootPhase_1000_com.android.server.wallpaper.WallpaperManagerService$Lifecycle
05-30 14:03:28.055 D/ActivityManagerTiming( 710): OnBootPhase_1000_com.android.server.wallpapereffectsgeneration.WallpaperEffectsGenerationManagerService
05-30 14:03:28.055 D/ActivityManagerTiming( 710): OnBootPhase_1000_com.android.server.audio.AudioService$Lifecycle
05-30 14:03:28.055 D/ActivityManagerTiming( 710): OnBootPhase_1000_com.android.server.soundtrigger_middleware.SoundTriggerMiddlewareService$Lifecycle
05-30 14:03:28.055 D/ActivityManagerTiming( 710): OnBootPhase_1000_com.android.server.adb.AdbService$Lifecycle
05-30 14:03:28.055 I/WifiScoreCard( 710): Installing MemoryStore
05-30 14:03:28.055 I/WifiHealthMonitor( 710): Installing MemoryStore
05-30 14:03:28.055 D/ActivityManagerTiming( 710): OnBootPhase_1000_com.android.server.usb.UsbService$Lifecycle
05-30 14:03:28.055 D/ActivityManagerTiming( 710): OnBootPhase_1000_com.android.server.twilight.TwilightService
05-30 14:03:28.056 D/ActivityManagerTiming( 710): OnBootPhase_1000_com.android.server.display.color.ColorDisplayService
05-30 14:03:28.056 D/ActivityManagerTiming( 710): OnBootPhase_1000_com.android.server.job.JobSchedulerService
05-30 14:03:28.056 D/ActivityManagerTiming( 710): OnBootPhase_1000_com.android.server.soundtrigger.SoundTriggerService
05-30 14:03:28.056 D/SoundTriggerService( 710): onBootPhase: 1000 : false
05-30 14:03:28.057 D/ActivityManagerTiming( 710): OnBootPhase_1000_com.android.server.trust.TrustManagerService
05-30 14:03:28.057 D/ActivityManagerTiming( 710): OnBootPhase_1000_com.android.server.backup.BackupManagerService$Lifecycle
05-30 14:03:28.057 D/ActivityManagerTiming( 710): OnBootPhase_1000_com.android.server.appwidget.AppWidgetService
05-30 14:03:28.057 D/ActivityManagerTiming( 710): OnBootPhase_1000_com.android.server.voiceinteraction.VoiceInteractionManagerService
05-30 14:03:28.057 D/ActivityManagerTiming( 710): OnBootPhase_1000_com.android.server.GestureLauncherService
05-30 14:03:28.057 D/ActivityManagerTiming( 710): OnBootPhase_1000_com.android.server.SensorNotificationService
05-30 14:03:28.058 I/UsbDeviceManager( 710): Setting USB config to
05-30 14:03:28.058 D/UsbDeviceManager( 710): setUsbConfig(4) request:1
05-30 14:03:28.058 D/xm_audio( 477): adev_get_parameters
05-30 14:03:28.060 I/Tethering( 1051): USB bcast connected:false configured:false rndis:false ncm:false
05-30 14:03:28.060 D/CompatibilityChangeReporter( 710): Compat change id reported: 168936375; UID 1000; state: ENABLED
05-30 14:03:28.060 D/CompatibilityChangeReporter( 710): Compat change id reported: 168936375; UID 1000; state: DISABLED
05-30 14:03:28.063 I/Tethering( 1051): USB bcast connected:false configured:false rndis:false ncm:false
05-30 14:03:28.060 I/rainbow_flow( 601): type=1400 audit(0.0:690): avc: denied { ioctl } for path="/dev/spidev1.0" dev="tmpfs" ino=534 ioctlcmd=0x6b00 scontext=u:r:init:s0 tcontext=u:object_r:device:s0 tclass=chr_file permissive=1
05-30 14:03:28.067 E/usb.gadget.aidl-service.droidlogic( 519): Failed to open /sys/devices/platform/10d50000.hsi2c
05-30 14:03:28.067 I/usb.gadget.aidl-service.droidlogic( 519): the string of all interrupts is unexpected
05-30 14:03:28.067 I/libusbconfigfs( 519): setCurrentUsbFunctions None
05-30 14:03:28.068 I/libusbconfigfs( 519): Gadget cannot be pulled down
05-30 14:03:28.068 I/libusbconfigfs( 519): mMonitor signalled to exit
05-30 14:03:28.068 D/WifiNetworkFactory( 710): Registering NetworkFactory
05-30 14:03:28.069 I/libusbconfigfs( 519): mMonitor destroyed
05-30 14:03:28.069 I/usb.gadget.aidl-service.droidlogic( 519): Returned from tearDown gadget
05-30 14:03:28.069 D/UntrustedWifiNetworkFactory( 710): Registering NetworkFactory
05-30 14:03:28.069 D/RestrictedWifiNetworkFactory( 710): Registering NetworkFactory
05-30 14:03:28.069 D/OemPaidWifiNetworkFactory( 710): Registering NetworkFactory
05-30 14:03:28.069 I/libusbconfigfs( 519): setCurrentUsbFunctions mtp
05-30 14:03:28.069 D/MultiInternetWifiNetworkFactory( 710): Registering NetworkFactory
05-30 14:03:28.069 D/ConnectivityService( 710): Got NetworkProvider Messenger for WifiNetworkFactory
05-30 14:03:28.069 D/ConnectivityService( 710): Got NetworkProvider Messenger for UntrustedWifiNetworkFactory
05-30 14:03:28.069 D/ConnectivityService( 710): Got NetworkProvider Messenger for RestrictedWifiNetworkFactory
05-30 14:03:28.069 D/ConnectivityService( 710): Got NetworkProvider Messenger for OemPaidWifiNetworkFactory
05-30 14:03:28.069 D/ConnectivityService( 710): Got NetworkProvider Messenger for MultiInternetWifiNetworkFactory
05-30 14:03:28.071 D/CompatibilityChangeReporter( 710): Compat change id reported: 73144566; UID 1000; state: ENABLED
05-30 14:03:28.072 I/WifiHAL ( 520): found interface wlan0
05-30 14:03:28.072 D/WifiHAL ( 520): error code -95 mapped to -3
05-30 14:03:28.072 E/WifiHAL ( 520): failed to set scanning mac OUI; result = -3
05-30 14:03:28.073 E/WifiChipAidlImpl( 710): getUsableChannels failed with service-specific exception: android.os.ServiceSpecificException: (code 4)
05-30 14:03:28.073 D/CompatibilityChangeReporter( 710): Compat change id reported: 73144566; UID 1000; state: DISABLED
05-30 14:03:28.073 D/xm_audio( 477): adev_get_parameters
05-30 14:03:28.075 D/ActivityManagerTiming( 710): OnBootPhase_1000_com.android.server.emergency.EmergencyAffordanceService
05-30 14:03:28.075 D/ActivityManagerTiming( 710): OnBootPhase_1000_com.android.server.blob.BlobStoreManagerService
05-30 14:03:28.075 D/xm_audio( 477): adev_get_parameters
05-30 14:03:28.075 I/WifiHAL ( 520): found interface wlan0
05-30 14:03:28.075 D/WifiHAL ( 520): error code -95 mapped to -3
05-30 14:03:28.075 E/WifiHAL ( 520): failed to set scanning mac OUI; result = -3
05-30 14:03:28.075 E/WifiChipAidlImpl( 710): getUsableChannels failed with service-specific exception: android.os.ServiceSpecificException: (code 4)
05-30 14:03:28.078 E/ApConfigUtil( 710): Malformed channel value detected: java.lang.NumberFormatException: For input string: ""
05-30 14:03:28.079 I/WifiHAL ( 520): found interface wlan0
05-30 14:03:28.079 D/WifiHAL ( 520): error code -95 mapped to -3
05-30 14:03:28.079 E/WifiHAL ( 520): failed to set scanning mac OUI; result = -3
05-30 14:03:28.079 D/ActivityManagerTiming( 710): OnBootPhase_1000_com.android.server.dreams.DreamManagerService
05-30 14:03:28.079 D/ActivityManagerTiming( 710): OnBootPhase_1000_com.android.server.security.AttestationVerificationManagerService
05-30 14:03:28.079 D/ActivityManagerTiming( 710): OnBootPhase_1000_com.android.server.restrictions.RestrictionsManagerService
05-30 14:03:28.079 D/ActivityManagerTiming( 710): OnBootPhase_1000_com.android.server.media.MediaSessionService
05-30 14:03:28.079 E/WifiChipAidlImpl( 710): getUsableChannels failed with service-specific exception: android.os.ServiceSpecificException: (code 4)
05-30 14:03:28.080 D/ActivityManagerTiming( 710): OnBootPhase_1000_com.android.server.hdmi.HdmiControlService
05-30 14:03:28.080 D/ActivityManagerTiming( 710): OnBootPhase_1000_com.android.server.tv.interactive.TvInteractiveAppManagerService
05-30 14:03:28.080 D/ActivityManagerTiming( 710): OnBootPhase_1000_com.android.server.tv.TvInputManagerService
05-30 14:03:28.080 I/HdmiControlService( 710): bootCompleted
05-30 14:03:28.081 D/ActivityManagerTiming( 710): OnBootPhase_1000_com.android.server.media.MediaResourceMonitorService
05-30 14:03:28.081 D/ActivityManagerTiming( 710): OnBootPhase_1000_com.android.server.tv.TvRemoteService
05-30 14:03:28.081 D/ActivityManagerTiming( 710): OnBootPhase_1000_com.android.server.biometrics.BiometricService
05-30 14:03:28.081 D/ActivityManagerTiming( 710): OnBootPhase_1000_com.android.server.biometrics.AuthService
05-30 14:03:28.081 D/ActivityManagerTiming( 710): OnBootPhase_1000_com.android.server.pm.ShortcutService$Lifecycle
05-30 14:03:28.081 D/ActivityManagerTiming( 710): OnBootPhase_1000_com.android.server.pm.LauncherAppsService
05-30 14:03:28.081 D/ActivityManagerTiming( 710): OnBootPhase_1000_com.android.server.pm.CrossProfileAppsService
05-30 14:03:28.081 D/ActivityManagerTiming( 710): OnBootPhase_1000_com.android.server.people.PeopleService
05-30 14:03:28.081 D/ActivityManagerTiming( 710): OnBootPhase_1000_com.android.server.media.metrics.MediaMetricsManagerService
05-30 14:03:28.081 D/ActivityManagerTiming( 710): OnBootPhase_1000_com.android.server.pm.BackgroundInstallControlService
05-30 14:03:28.081 D/ActivityManagerTiming( 710): OnBootPhase_1000_com.android.server.media.projection.MediaProjectionManagerService
05-30 14:03:28.081 D/ActivityManagerTiming( 710): OnBootPhase_1000_com.android.server.slice.SliceManagerService$Lifecycle
05-30 14:03:28.081 D/ActivityManagerTiming( 710): OnBootPhase_1000_com.android.server.stats.StatsCompanion$Lifecycle
05-30 14:03:28.081 D/ActivityManagerTiming( 710): OnBootPhase_1000_com.android.server.scheduling.RebootReadinessManagerService$Lifecycle
05-30 14:03:28.081 D/ActivityManagerTiming( 710): OnBootPhase_1000_com.android.server.stats.pull.StatsPullAtomService
05-30 14:03:28.081 D/ActivityManagerTiming( 710): OnBootPhase_1000_com.android.server.stats.bootstrap.StatsBootstrapAtomService$Lifecycle
05-30 14:03:28.081 D/ActivityManagerTiming( 710): OnBootPhase_1000_com.android.server.incident.IncidentCompanionService
05-30 14:03:28.081 D/ActivityManagerTiming( 710): OnBootPhase_1000_com.android.server.sdksandbox.SdkSandboxManagerService$Lifecycle
05-30 14:03:28.081 D/ActivityManagerTiming( 710): OnBootPhase_1000_com.android.server.adservices.AdServicesManagerService$Lifecycle
05-30 14:03:28.081 D/ActivityManagerTiming( 710): OnBootPhase_1000_com.android.server.ondevicepersonalization.OnDevicePersonalizationSystemService$Lifecycle
05-30 14:03:28.081 D/ActivityManagerTiming( 710): OnBootPhase_1000_com.android.server.autofill.AutofillManagerService
05-30 14:03:28.081 D/ActivityManagerTiming( 710): OnBootPhase_1000_com.android.server.clipboard.ClipboardService
05-30 14:03:28.081 D/ActivityManagerTiming( 710): OnBootPhase_1000_com.android.server.appbinding.AppBindingService$Lifecycle
05-30 14:03:28.081 D/ActivityManagerTiming( 710): OnBootPhase_1000_com.android.server.tracing.TracingServiceProxy
05-30 14:03:28.081 D/ActivityManagerTiming( 710): OnBootPhase_1000_com.android.server.policy.PermissionPolicyService
05-30 14:03:28.081 D/xm_audio( 477): adev_get_parameters
05-30 14:03:28.081 D/ActivityManagerTiming( 710): OnBootPhase_1000_com.android.server.pm.StagingManager$Lifecycle
05-30 14:03:28.082 I/WifiHAL ( 520): found interface wlan0
05-30 14:03:28.082 D/WifiHAL ( 520): error code -95 mapped to -3
05-30 14:03:28.082 E/WifiHAL ( 520): failed to set scanning mac OUI; result = -3
05-30 14:03:28.083 D/BtOppService( 1090): setBluetoothOppService(): set to: com.android.bluetooth.opp.BluetoothOppService@ed4820b
05-30 14:03:28.083 D/ActivityAttributionService( 1090): notifyActivityAttributionInfo UID=1002 packageName=com.android.bluetooth deviceAddress=no_active_device_address
05-30 14:03:28.083 I/bt_btif ( 1090): packages/modules/Bluetooth/system/btif/src/bluetooth.cc:829 get_profile_interface: get_profile_interface: id = activity_attribution
05-30 14:03:28.083 E/WifiChipAidlImpl( 710): getUsableChannels failed with service-specific exception: android.os.ServiceSpecificException: (code 4)
05-30 14:03:28.085 E/ApConfigUtil( 710): Malformed channel value detected: java.lang.NumberFormatException: For input string: ""
05-30 14:03:28.085 D/ActivityManagerTiming( 710): OnBootPhase_1000_com.android.server.app.GameManagerService$Lifecycle
05-30 14:03:28.085 D/GameManagerService( 710): onBootCompleted
05-30 14:03:28.086 V/GameManagerService( 710): Game loading power mode OFF (game manager service start/restart)
05-30 14:03:28.086 I/SsidTranslator( 710): Locale language changed to zh, alternate charset is now null
05-30 14:03:28.086 I/libperfmgr( 486): Hint type not present in actions: GAME_LOADING
05-30 14:03:28.086 I/android.hardware.power-service.libperfmgr( 486): Power mode GAME_LOADING isModeSupported: 0
05-30 14:03:28.086 V/GameManagerService( 710): Game power mode OFF (game manager service start/restart)
05-30 14:03:28.086 I/libperfmgr( 486): Hint type not present in actions: GAME
05-30 14:03:28.086 I/android.hardware.power-service.libperfmgr( 486): Power mode GAME isModeSupported: 0
05-30 14:03:28.086 I/WifiService( 710): Receive onDriverCountryCodeChanged to CN, update available channel list
05-30 14:03:28.087 D/ConnectivityService( 710): register offer from providerId 4 : NetworkOffer [ Provider Id (4) Score(Policies : EVER_EVALUATED&IS_UNMETERED&EVER_VALIDATED&IS_VALIDATED ; KeepConnected : 0) Caps [ Transports: WIFI Capabilities: NOT_METERED&INTERNET&NOT_RESTRICTED&TRUSTED&NOT_VPN&NOT_ROAMING&NOT_CONGESTED&NOT_SUSPENDED&NOT_VCN_MANAGED LinkUpBandwidth>=1048576Kbps LinkDnBandwidth>=1048576Kbps Specifier: UnderlyingNetworks: Null] Needed by []]
05-30 14:03:28.087 D/ActivityManagerTiming( 710): OnBootPhase_1000_com.android.safetycenter.SafetyCenterService
05-30 14:03:28.087 D/ActivityManagerTiming( 710): OnBootPhase_1000_com.android.server.appsearch.AppSearchModule$Lifecycle
05-30 14:03:28.087 I/WifiHAL ( 520): found interface wlan0
05-30 14:03:28.087 D/WifiHAL ( 520): error code -95 mapped to -3
05-30 14:03:28.087 E/WifiHAL ( 520): failed to set scanning mac OUI; result = -3
05-30 14:03:28.087 D/ConnectivityService( 710): register offer from providerId 5 : NetworkOffer [ Provider Id (5) Score(Policies : EVER_EVALUATED&IS_INVINCIBLE&IS_UNMETERED&EVER_VALIDATED&IS_VALIDATED ; KeepConnected : 0) Caps [ Transports: WIFI Capabilities: NOT_METERED&INTERNET&NOT_RESTRICTED&TRUSTED&NOT_VPN&NOT_ROAMING&NOT_CONGESTED&NOT_SUSPENDED&NOT_VCN_MANAGED LinkUpBandwidth>=1048576Kbps LinkDnBandwidth>=1048576Kbps Specifier: UnderlyingNetworks: Null] Needed by []]
05-30 14:03:28.088 D/ActivityManagerTiming( 710): OnBootPhase_1000_com.android.server.media.MediaCommunicationService
05-30 14:03:28.088 E/WifiChipAidlImpl( 710): getUsableChannels failed with service-specific exception: android.os.ServiceSpecificException: (code 4)
05-30 14:03:28.088 D/ActivityManagerTiming( 710): OnBootPhase_1000_com.android.server.compat.overrides.AppCompatOverridesService$Lifecycle
05-30 14:03:28.088 D/ActivityManagerTiming( 710): OnBootPhase_1000_com.android.server.healthconnect.HealthConnectManagerService
05-30 14:03:28.088 D/ConnectivityService( 710): register offer from providerId 6 : NetworkOffer [ Provider Id (6) Score(Policies : EVER_EVALUATED&IS_INVINCIBLE&IS_UNMETERED&EVER_VALIDATED&IS_VALIDATED ; KeepConnected : 0) Caps [ Transports: WIFI Capabilities: NOT_METERED&INTERNET&TRUSTED&NOT_VPN&NOT_ROAMING&NOT_CONGESTED&NOT_SUSPENDED&NOT_VCN_MANAGED LinkUpBandwidth>=1048576Kbps LinkDnBandwidth>=1048576Kbps Specifier: UnderlyingNetworks: Null] Needed by []]
05-30 14:03:28.088 D/ActivityManagerTiming( 710): OnBootPhase_1000_com.android.server.devicelock.DeviceLockService
05-30 14:03:28.088 D/DeviceLockService( 710): onBootPhase: 1000
05-30 14:03:28.088 V/ActivityManagerTiming( 710): TotalBootTime took to complete: 10022ms
05-30 14:03:28.088 D/SystemServerInitThreadPool( 710): Shutdown requested
05-30 14:03:28.088 D/SystemServerTiming( 710): WaitInitThreadPoolShutdown
05-30 14:03:28.089 D/SystemServerInitThreadPool( 710): Shutdown successful
05-30 14:03:28.090 D/xm_audio( 477): adev_get_parameters
05-30 14:03:28.092 I/ActivityManager( 710): User 0 state changed from BOOTING to RUNNING_LOCKED
05-30 14:03:28.093 I/WifiHAL ( 520): found interface wlan0
05-30 14:03:28.094 D/WifiHAL ( 520): error code -95 mapped to -3
05-30 14:03:28.094 E/WifiHAL ( 520): failed to set scanning mac OUI; result = -3
05-30 14:03:28.095 E/WifiChipAidlImpl( 710): getUsableChannels failed with service-specific exception: android.os.ServiceSpecificException: (code 4)
05-30 14:03:28.096 I/LockSettingsService( 710): Unwrapping synthetic password for unsecured user 0
05-30 14:03:28.097 D/ConnectivityService( 710): register offer from providerId 7 : NetworkOffer [ Provider Id (7) Score(Policies : EVER_EVALUATED&IS_INVINCIBLE&IS_UNMETERED&EVER_VALIDATED&IS_VALIDATED ; KeepConnected : 0) Caps [ Transports: WIFI Capabilities: NOT_METERED&INTERNET&NOT_RESTRICTED&TRUSTED&NOT_VPN&NOT_ROAMING&NOT_CONGESTED&NOT_SUSPENDED&OEM_PAID&OEM_PRIVATE&NOT_VCN_MANAGED LinkUpBandwidth>=1048576Kbps LinkDnBandwidth>=1048576Kbps Specifier: UnderlyingNetworks: Null] Needed by []]
05-30 14:03:28.097 E/ApConfigUtil( 710): Malformed channel value detected: java.lang.NumberFormatException: For input string: ""
05-30 14:03:28.098 D/ConnectivityService( 710): register offer from providerId 8 : NetworkOffer [ Provider Id (8) Score(Policies : EVER_EVALUATED&IS_INVINCIBLE&IS_UNMETERED&EVER_VALIDATED&IS_VALIDATED ; KeepConnected : 0) Caps [ Transports: WIFI Capabilities: NOT_METERED&INTERNET&NOT_RESTRICTED&TRUSTED&NOT_VPN&NOT_ROAMING&NOT_CONGESTED&NOT_SUSPENDED&NOT_VCN_MANAGED LinkUpBandwidth>=1048576Kbps LinkDnBandwidth>=1048576Kbps Specifier: UnderlyingNetworks: Null] Needed by []]
05-30 14:03:28.099 I/WifiHAL ( 520): found interface wlan0
05-30 14:03:28.099 D/WifiHAL ( 520): error code -95 mapped to -3
05-30 14:03:28.099 E/WifiHAL ( 520): failed to set scanning mac OUI; result = -3
05-30 14:03:28.099 E/WifiChipAidlImpl( 710): getUsableChannels failed with service-specific exception: android.os.ServiceSpecificException: (code 4)
05-30 14:03:28.102 D/BluetoothPanServiceJni( 1090): initializeNative(L113): pan
05-30 14:03:28.102 I/bt_btif ( 1090): packages/modules/Bluetooth/system/btif/src/bluetooth.cc:829 get_profile_interface: get_profile_interface: id = pan
05-30 14:03:28.102 I/bt_l2cap( 1090): packages/modules/Bluetooth/system/stack/l2cap/l2c_api.cc:172 L2CA_Register: L2CAP Registered service classic PSM: 0x000f
05-30 14:03:28.102 I/bt_bta_dm( 1090): packages/modules/Bluetooth/system/bta/dm/bta_dm_act.cc:3456 bta_dm_eir_update_uuid: EIR Adding UUID=0x1116 into extended inquiry response
05-30 14:03:28.102 I/bt_bta_dm( 1090): packages/modules/Bluetooth/system/bta/dm/bta_dm_act.cc:3155 bta_dm_set_eir: Generating extended inquiry response packet EIR
05-30 14:03:28.102 I/bt_bta_dm( 1090): packages/modules/Bluetooth/system/bta/dm/bta_dm_act.cc:3456 bta_dm_eir_update_uuid: EIR Adding UUID=0x1115 into extended inquiry response
05-30 14:03:28.102 I/bt_bta_dm( 1090): packages/modules/Bluetooth/system/bta/dm/bta_dm_act.cc:3155 bta_dm_set_eir: Generating extended inquiry response packet EIR
05-30 14:03:28.102 I/bt_bta_dm( 1090): packages/modules/Bluetooth/system/bta/dm/bta_dm_act.cc:3456 bta_dm_eir_update_uuid: EIR Adding UUID=0x1116 into extended inquiry response
05-30 14:03:28.102 I/bt_bta_dm( 1090): packages/modules/Bluetooth/system/bta/dm/bta_dm_act.cc:3155 bta_dm_set_eir: Generating extended inquiry response packet EIR
05-30 14:03:28.102 I/bt_bta_dm( 1090): packages/modules/Bluetooth/system/bta/dm/bta_dm_act.cc:3456 bta_dm_eir_update_uuid: EIR Adding UUID=0x1115 into extended inquiry response
05-30 14:03:28.102 I/bt_bta_dm( 1090): packages/modules/Bluetooth/system/bta/dm/bta_dm_act.cc:3155 bta_dm_set_eir: Generating extended inquiry response packet EIR
05-30 14:03:28.103 I/WifiHAL ( 520): found interface wlan0
05-30 14:03:28.103 D/WifiHAL ( 520): error code -95 mapped to -3
05-30 14:03:28.103 E/WifiHAL ( 520): failed to set scanning mac OUI; result = -3
05-30 14:03:28.104 E/WifiChipAidlImpl( 710): getUsableChannels failed with service-specific exception: android.os.ServiceSpecificException: (code 4)
05-30 14:03:28.104 D/BluetoothPanServiceJni( 1090): control_state_callback(L60): state:0, local_role:3, ifname:bt-pan
05-30 14:03:28.108 E/ApConfigUtil( 710): Malformed channel value detected: java.lang.NumberFormatException: For input string: ""
05-30 14:03:28.109 I/WifiHAL ( 520): found interface wlan0
05-30 14:03:28.109 I/vol.Events( 962): writeEvent level_changed STREAM_RING 100
05-30 14:03:28.110 D/WifiHAL ( 520): error code -95 mapped to -3
05-30 14:03:28.110 E/WifiHAL ( 520): failed to set scanning mac OUI; result = -3
05-30 14:03:28.110 E/WifiChipAidlImpl( 710): getUsableChannels failed with service-specific exception: android.os.ServiceSpecificException: (code 4)
05-30 14:03:28.111 I/vol.Events( 962): writeEvent level_changed STREAM_MUSIC 20
05-30 14:03:28.112 I/TetheringManager( 1090): registerTetheringEventCallback:com.android.bluetooth
05-30 14:03:28.112 I/TetheringManager( 1090): registerTetheringEventCallback caller:com.android.bluetooth
05-30 14:03:28.114 I/WifiHAL ( 520): found interface wlan0
05-30 14:03:28.114 D/WifiHAL ( 520): error code -95 mapped to -3
05-30 14:03:28.114 E/WifiHAL ( 520): failed to set scanning mac OUI; result = -3
05-30 14:03:28.115 E/WifiChipAidlImpl( 710): getUsableChannels failed with service-specific exception: android.os.ServiceSpecificException: (code 4)
05-30 14:03:28.118 I/vol.Events( 962): writeEvent level_changed STREAM_ALARM 100
05-30 14:03:28.118 E/ApConfigUtil( 710): Malformed channel value detected: java.lang.NumberFormatException: For input string: ""
05-30 14:03:28.118 I/WifiHAL ( 520): found interface wlan0
05-30 14:03:28.119 D/WifiHAL ( 520): error code -95 mapped to -3
05-30 14:03:28.119 E/WifiHAL ( 520): failed to set scanning mac OUI; result = -3
05-30 14:03:28.122 D/AvrcpVolumeManager( 1090): onAudioDevicesAdded: Not expecting device changed
05-30 14:03:28.122 D/HeadsetPhoneState( 1090): sendDeviceStateChanged. mService=0 mSignal=0 mRoam=0 mBatteryCharge=3
05-30 14:03:28.123 D/CompatibilityChangeReporter( 1090): Compat change id reported: 150939131; UID 1002; state: ENABLED
05-30 14:03:28.123 I/vol.Events( 962): writeEvent level_changed STREAM_BLUETOOTH_SCO 7
05-30 14:03:28.124 E/WifiChipAidlImpl( 710): getUsableChannels failed with service-specific exception: android.os.ServiceSpecificException: (code 4)
05-30 14:03:28.125 E/ApConfigUtil( 710): Malformed channel value detected: java.lang.NumberFormatException: For input string: ""
05-30 14:03:28.126 I/WifiHAL ( 520): found interface wlan0
05-30 14:03:28.127 D/WifiHAL ( 520): error code -95 mapped to -3
05-30 14:03:28.127 E/WifiHAL ( 520): failed to set scanning mac OUI; result = -3
05-30 14:03:28.127 E/WifiChipAidlImpl( 710): getUsableChannels failed with service-specific exception: android.os.ServiceSpecificException: (code 4)
05-30 14:03:28.128 D/AdapterProperties( 1090): onBluetoothReady, state=TURNING_ON, ScanMode=20
05-30 14:03:28.128 E/ApConfigUtil( 710): Malformed channel value detected: java.lang.NumberFormatException: For input string: ""
05-30 14:03:28.129 D/WifiNetworkFactory( 710): got request NetworkRequest [ REQUEST id=7, [ Capabilities: INTERNET&NOT_RESTRICTED&TRUSTED&NOT_VCN_MANAGED Uid: 1000 RequestorUid: 1000 RequestorPkg: android UnderlyingNetworks: Null] ]
05-30 14:03:28.130 D/WifiConnectivityHelper( 710): Firmware supported feature set: 19d8108fa000019
05-30 14:03:28.130 D/WifiConnectivityHelper( 710): Firmware roaming is not supported
05-30 14:03:28.130 I/WifiHAL ( 520): call wifi_get_link_stats handler
05-30 14:03:28.130 I/WifiHAL ( 520): Creating message to get link statistics; iface = 16
05-30 14:03:28.130 D/WifiHAL ( 520): error code -95 mapped to -3
05-30 14:03:28.131 E/WifiStaIfaceAidlImpl( 710): getLinkLayerStats failed with service-specific exception: android.os.ServiceSpecificException: (code 4)
05-30 14:03:28.132 D/BluetoothAdapterService( 1090): updateUuids() - Updating UUIDs for bonded devices
05-30 14:03:28.132 I/BluetoothAdapterService( 1090): initProfileServices: Initializing all bluetooth profile services
05-30 14:03:28.132 W/HeadsetClientService( 1090): getHeadsetClientService(): service is null
05-30 14:03:28.132 W/BluetoothMapService( 1090): getBluetoothMapService(): service is null
05-30 14:03:28.132 W/MapClientService( 1090): getMapClientService(): service is null
05-30 14:03:28.132 D/HidDeviceService( 1090): getHidDeviceService(): service is NULL
05-30 14:03:28.132 W/BluetoothPbapService( 1090): getBluetoothPbapService(): service is null
05-30 14:03:28.132 W/PbapClientService( 1090): getPbapClientService(): service is null
05-30 14:03:28.132 W/HapClientService( 1090): getHapClientService(): service is NULL
05-30 14:03:28.132 W/SapService( 1090): getSapService(): service is null
05-30 14:03:28.132 W/VolumeControlService( 1090): getVolumeControlService(): service is NULL
05-30 14:03:28.132 D/vold ( 247): fscrypt_unlock_user_key 0 serial=0
05-30 14:03:28.132 W/CsipSetCoordinatorService( 1090): getCsipSetCoordinatorService(): service is NULL
05-30 14:03:28.132 W/LeAudioService( 1090): getLeAudioService(): service is NULL
05-30 14:03:28.132 W/BassClientService( 1090): getBassClientService(): service is NULL
05-30 14:03:28.132 W/BatteryService( 1090): getBatteryService(): service is NULL
05-30 14:03:28.132 D/vold ( 247): Trying user CE key /data/misc/vold/user_keys/ce/0/current
05-30 14:03:28.134 I/AdapterState( 1090): ON : entered
05-30 14:03:28.134 D/AdapterProperties( 1090): Setting state to ON
05-30 14:03:28.135 E/WifiScoringParams( 710): Invalid frequency(-1), using 5G as default rssi array
05-30 14:03:28.135 D/vold ( 247): Successfully retrieved key
05-30 14:03:28.136 D/vold ( 247): Installed fscrypt key with ref a987440f910473dfbc3c3421947928d5 to /data
05-30 14:03:28.136 D/vold ( 247): Added fscrypt-provisioning key for a987440f910473dfbc3c3421947928d5 to session keyring
05-30 14:03:28.136 D/BluetoothAdapterService( 1090): updateAdapterState() - Broadcasting state ON to 1 receivers.
05-30 14:03:28.136 D/vold ( 247): Installed ce key for user 0
05-30 14:03:28.136 D/BluetoothManagerService( 710): MESSAGE_BLUETOOTH_STATE_CHANGE: TURNING_ON > ON
05-30 14:03:28.136 D/BluetoothManagerService( 710): Broadcasting onBluetoothStateChange(true) to 13 receivers.
05-30 14:03:28.136 D/BluetoothA2dp( 710): Binding service...
05-30 14:03:28.136 I/BluetoothCompanionManager( 1090): Companion device is null, type=0
05-30 14:03:28.137 D/BluetoothManagerService( 710): Creating new ProfileServiceConnections object for profile: 2
05-30 14:03:28.138 D/WifiNetworkFactory( 710): got request NetworkRequest [ REQUEST id=31, [ Capabilities: INTERNET&NOT_RESTRICTED&TRUSTED&NOT_VCN_MANAGED Uid: 10052 RequestorUid: 10052 RequestorPkg: com.android.systemui UnderlyingNetworks: Null] ]
05-30 14:03:28.138 D/WifiNetworkFactory( 710): got request NetworkRequest [ REQUEST id=16, [ Capabilities: INTERNET&NOT_RESTRICTED&TRUSTED&NOT_VCN_MANAGED Uid: 1073 RequestorUid: 1073 RequestorPkg: com.android.networkstack UnderlyingNetworks: Null] ]
05-30 14:03:28.138 I/LockSettingsService( 710): Unlocked CE storage for unsecured user 0
05-30 14:03:28.138 D/WifiNetworkFactory( 710): got request NetworkRequest [ REQUEST id=1, [ Capabilities: INTERNET&NOT_RESTRICTED&TRUSTED&NOT_VPN&NOT_VCN_MANAGED RequestorUid: 1000 RequestorPkg: android UnderlyingNetworks: Null] ]
05-30 14:03:28.138 D/WifiNetworkFactory( 710): got request NetworkRequest [ REQUEST id=24, [ Capabilities: INTERNET&NOT_RESTRICTED&TRUSTED&NOT_VCN_MANAGED Uid: 10052 RequestorUid: 10052 RequestorPkg: com.android.systemui UnderlyingNetworks: Null] ]
05-30 14:03:28.138 D/SystemServerTiming( 710): finishUserUnlocking-0
05-30 14:03:28.138 D/WifiNetworkFactory( 710): got request NetworkRequest [ REQUEST id=14, [ Capabilities: INTERNET&NOT_RESTRICTED&TRUSTED&NOT_VCN_MANAGED Uid: 1000 RequestorUid: 1000 RequestorPkg: android UnderlyingNetworks: Null] ]
05-30 14:03:28.138 D/WifiNetworkFactory( 710): got request NetworkRequest [ REQUEST id=22, [ Capabilities: INTERNET&NOT_RESTRICTED&TRUSTED&NOT_VCN_MANAGED Uid: 10052 RequestorUid: 10052 RequestorPkg: com.android.systemui UnderlyingNetworks: Null] ]
05-30 14:03:28.139 D/ActivityManager( 710): Started unlocking user 0
05-30 14:03:28.139 D/ActivityManager( 710): Unlocking user 0 progress 0
05-30 14:03:28.139 D/WifiNetworkFactory( 710): got request NetworkRequest [ REQUEST id=26, [ Capabilities: INTERNET&NOT_RESTRICTED&TRUSTED&NOT_VCN_MANAGED Uid: 10052 RequestorUid: 10052 RequestorPkg: com.android.systemui UnderlyingNetworks: Null] ]
05-30 14:03:28.139 D/UntrustedWifiNetworkFactory( 710): got request NetworkRequest [ REQUEST id=7, [ Capabilities: INTERNET&NOT_RESTRICTED&TRUSTED&NOT_VCN_MANAGED Uid: 1000 RequestorUid: 1000 RequestorPkg: android UnderlyingNetworks: Null] ]
05-30 14:03:28.139 D/UntrustedWifiNetworkFactory( 710): got request NetworkRequest [ REQUEST id=31, [ Capabilities: INTERNET&NOT_RESTRICTED&TRUSTED&NOT_VCN_MANAGED Uid: 10052 RequestorUid: 10052 RequestorPkg: com.android.systemui UnderlyingNetworks: Null] ]
05-30 14:03:28.139 D/UntrustedWifiNetworkFactory( 710): got request NetworkRequest [ REQUEST id=16, [ Capabilities: INTERNET&NOT_RESTRICTED&TRUSTED&NOT_VCN_MANAGED Uid: 1073 RequestorUid: 1073 RequestorPkg: com.android.networkstack UnderlyingNetworks: Null] ]
05-30 14:03:28.140 D/UntrustedWifiNetworkFactory( 710): got request NetworkRequest [ REQUEST id=1, [ Capabilities: INTERNET&NOT_RESTRICTED&TRUSTED&NOT_VPN&NOT_VCN_MANAGED RequestorUid: 1000 RequestorPkg: android UnderlyingNetworks: Null] ]
05-30 14:03:28.140 D/UntrustedWifiNetworkFactory( 710): got request NetworkRequest [ REQUEST id=24, [ Capabilities: INTERNET&NOT_RESTRICTED&TRUSTED&NOT_VCN_MANAGED Uid: 10052 RequestorUid: 10052 RequestorPkg: com.android.systemui UnderlyingNetworks: Null] ]
05-30 14:03:28.140 D/UntrustedWifiNetworkFactory( 710): got request NetworkRequest [ REQUEST id=14, [ Capabilities: INTERNET&NOT_RESTRICTED&TRUSTED&NOT_VCN_MANAGED Uid: 1000 RequestorUid: 1000 RequestorPkg: android UnderlyingNetworks: Null] ]
05-30 14:03:28.140 D/UntrustedWifiNetworkFactory( 710): got request NetworkRequest [ REQUEST id=22, [ Capabilities: INTERNET&NOT_RESTRICTED&TRUSTED&NOT_VCN_MANAGED Uid: 10052 RequestorUid: 10052 RequestorPkg: com.android.systemui UnderlyingNetworks: Null] ]
05-30 14:03:28.140 D/UntrustedWifiNetworkFactory( 710): got request NetworkRequest [ REQUEST id=26, [ Capabilities: INTERNET&NOT_RESTRICTED&TRUSTED&NOT_VCN_MANAGED Uid: 10052 RequestorUid: 10052 RequestorPkg: com.android.systemui UnderlyingNetworks: Null] ]
05-30 14:03:28.140 D/OemPaidWifiNetworkFactory( 710): got request NetworkRequest [ REQUEST id=7, [ Capabilities: INTERNET&NOT_RESTRICTED&TRUSTED&NOT_VCN_MANAGED Uid: 1000 RequestorUid: 1000 RequestorPkg: android UnderlyingNetworks: Null] ]
05-30 14:03:28.140 D/OemPaidWifiNetworkFactory( 710): got request NetworkRequest [ REQUEST id=31, [ Capabilities: INTERNET&NOT_RESTRICTED&TRUSTED&NOT_VCN_MANAGED Uid: 10052 RequestorUid: 10052 RequestorPkg: com.android.systemui UnderlyingNetworks: Null] ]
05-30 14:03:28.140 D/ActivityManager( 710): Unlocking user 0 progress 5
05-30 14:03:28.140 D/OemPaidWifiNetworkFactory( 710): got request NetworkRequest [ REQUEST id=16, [ Capabilities: INTERNET&NOT_RESTRICTED&TRUSTED&NOT_VCN_MANAGED Uid: 1073 RequestorUid: 1073 RequestorPkg: com.android.networkstack UnderlyingNetworks: Null] ]
05-30 14:03:28.140 D/OemPaidWifiNetworkFactory( 710): got request NetworkRequest [ REQUEST id=1, [ Capabilities: INTERNET&NOT_RESTRICTED&TRUSTED&NOT_VPN&NOT_VCN_MANAGED RequestorUid: 1000 RequestorPkg: android UnderlyingNetworks: Null] ]
05-30 14:03:28.140 D/OemPaidWifiNetworkFactory( 710): got request NetworkRequest [ REQUEST id=24, [ Capabilities: INTERNET&NOT_RESTRICTED&TRUSTED&NOT_VCN_MANAGED Uid: 10052 RequestorUid: 10052 RequestorPkg: com.android.systemui UnderlyingNetworks: Null] ]
05-30 14:03:28.140 D/OemPaidWifiNetworkFactory( 710): got request NetworkRequest [ REQUEST id=14, [ Capabilities: INTERNET&NOT_RESTRICTED&TRUSTED&NOT_VCN_MANAGED Uid: 1000 RequestorUid: 1000 RequestorPkg: android UnderlyingNetworks: Null] ]
05-30 14:03:28.140 D/OemPaidWifiNetworkFactory( 710): got request NetworkRequest [ REQUEST id=22, [ Capabilities: INTERNET&NOT_RESTRICTED&TRUSTED&NOT_VCN_MANAGED Uid: 10052 RequestorUid: 10052 RequestorPkg: com.android.systemui UnderlyingNetworks: Null] ]
05-30 14:03:28.140 D/OemPaidWifiNetworkFactory( 710): got request NetworkRequest [ REQUEST id=26, [ Capabilities: INTERNET&NOT_RESTRICTED&TRUSTED&NOT_VCN_MANAGED Uid: 10052 RequestorUid: 10052 RequestorPkg: com.android.systemui UnderlyingNetworks: Null] ]
05-30 14:03:28.140 D/MultiInternetWifiNetworkFactory( 710): got request NetworkRequest [ REQUEST id=7, [ Capabilities: INTERNET&NOT_RESTRICTED&TRUSTED&NOT_VCN_MANAGED Uid: 1000 RequestorUid: 1000 RequestorPkg: android UnderlyingNetworks: Null] ]
05-30 14:03:28.140 D/MultiInternetWifiNetworkFactory( 710): got request NetworkRequest [ REQUEST id=31, [ Capabilities: INTERNET&NOT_RESTRICTED&TRUSTED&NOT_VCN_MANAGED Uid: 10052 RequestorUid: 10052 RequestorPkg: com.android.systemui UnderlyingNetworks: Null] ]
05-30 14:03:28.140 D/MultiInternetWifiNetworkFactory( 710): got request NetworkRequest [ REQUEST id=16, [ Capabilities: INTERNET&NOT_RESTRICTED&TRUSTED&NOT_VCN_MANAGED Uid: 1073 RequestorUid: 1073 RequestorPkg: com.android.networkstack UnderlyingNetworks: Null] ]
05-30 14:03:28.140 D/MultiInternetWifiNetworkFactory( 710): got request NetworkRequest [ REQUEST id=1, [ Capabilities: INTERNET&NOT_RESTRICTED&TRUSTED&NOT_VPN&NOT_VCN_MANAGED RequestorUid: 1000 RequestorPkg: android UnderlyingNetworks: Null] ]
05-30 14:03:28.140 D/MultiInternetWifiNetworkFactory( 710): got request NetworkRequest [ REQUEST id=24, [ Capabilities: INTERNET&NOT_RESTRICTED&TRUSTED&NOT_VCN_MANAGED Uid: 10052 RequestorUid: 10052 RequestorPkg: com.android.systemui UnderlyingNetworks: Null] ]
05-30 14:03:28.140 D/MultiInternetWifiNetworkFactory( 710): got request NetworkRequest [ REQUEST id=14, [ Capabilities: INTERNET&NOT_RESTRICTED&TRUSTED&NOT_VCN_MANAGED Uid: 1000 RequestorUid: 1000 RequestorPkg: android UnderlyingNetworks: Null] ]
05-30 14:03:28.141 D/MultiInternetWifiNetworkFactory( 710): got request NetworkRequest [ REQUEST id=22, [ Capabilities: INTERNET&NOT_RESTRICTED&TRUSTED&NOT_VCN_MANAGED Uid: 10052 RequestorUid: 10052 RequestorPkg: com.android.systemui UnderlyingNetworks: Null] ]
05-30 14:03:28.141 D/MultiInternetWifiNetworkFactory( 710): got request NetworkRequest [ REQUEST id=26, [ Capabilities: INTERNET&NOT_RESTRICTED&TRUSTED&NOT_VCN_MANAGED Uid: 10052 RequestorUid: 10052 RequestorPkg: com.android.systemui UnderlyingNetworks: Null] ]
05-30 14:03:28.143 V/WindowManager( 710): app ------------- force_land :0
05-30 14:03:28.144 V/WindowManager( 710): app ------------- force_land :0
05-30 14:03:28.144 D/ColorDisplayService( 710): setUp: currentUser=0
05-30 14:03:28.146 D/SystemServerTiming( 710): UM.onBeforeUnlockUser-0
05-30 14:03:28.146 D/SystemServerTiming( 710): prepareUserData-0
05-30 14:03:28.149 D/AdapterProperties( 1090): Scan Mode:21
05-30 14:03:28.149 D/vold ( 247): fscrypt_prepare_user_storage for volume null, user 0, serial 0, flags 2
05-30 14:03:28.150 D/AdapterProperties( 1090): Discoverable Timeout:120
05-30 14:03:28.150 D/vold ( 247): Preparing: /data/system_ce/0
05-30 14:03:28.150 D/AdapterProperties( 1090): mLocalIOCapability set to 1
05-30 14:03:28.151 D/xm_audio( 477): adev_get_parameters
05-30 14:03:28.151 I/BluetoothAdapterService( 1090): sendUuidsInternal: Received service discovery UUIDs for device XX:XX:XX:XX:C0:53
05-30 14:03:28.151 D/BluetoothAdapterService( 1090): index=0uuid=0000180f-0000-1000-8000-00805f9b34fb
05-30 14:03:28.151 D/BluetoothAdapterService( 1090): index=1uuid=00001812-0000-1000-8000-00805f9b34fb
05-30 14:03:28.152 I/BluetoothPhonePolicy( 1090): onUuidsDiscovered: discovered services for device XX:XX:XX:XX:C0:53
05-30 14:03:28.152 I/BluetoothPhonePolicy( 1090): processInitProfilePriorities() - device XX:XX:XX:XX:C0:53
05-30 14:03:28.152 W/LeAudioService( 1090): getLeAudioService(): service is NULL
05-30 14:03:28.152 W/CsipSetCoordinatorService( 1090): getCsipSetCoordinatorService(): service is NULL
05-30 14:03:28.152 W/VolumeControlService( 1090): getVolumeControlService(): service is NULL
05-30 14:03:28.152 W/HapClientService( 1090): getHapClientService(): service is NULL
05-30 14:03:28.152 W/BassClientService( 1090): getBassClientService(): service is NULL
05-30 14:03:28.152 W/BatteryService( 1090): getBatteryService(): service is NULL
05-30 14:03:28.152 V/BluetoothDatabase( 1090): getProfileConnectionPolicy: device XX:XX:XX:XX:C0:53 profile=HID_HOST, connectionPolicy=100
05-30 14:03:28.153 I/vold ( 247): Verified that /data/system_ce/0 has the encryption policy a987440f910473dfbc3c3421947928d5 v2 modes 1/4 flags 0xa
05-30 14:03:28.153 D/vold ( 247): Preparing: /data/vendor_ce/0
05-30 14:03:28.154 D/xm_audio( 477): adev_get_parameters
05-30 14:03:28.155 I/vold ( 247): Verified that /data/vendor_ce/0 has the encryption policy a987440f910473dfbc3c3421947928d5 v2 modes 1/4 flags 0xa
05-30 14:03:28.155 D/vold ( 247): Preparing: /data/media/0
05-30 14:03:28.157 I/vold ( 247): Verified that /data/media/0 has the encryption policy a987440f910473dfbc3c3421947928d5 v2 modes 1/4 flags 0xa
05-30 14:03:28.157 D/vold ( 247): Preparing: /data/misc_ce/0
05-30 14:03:28.159 D/xm_audio( 477): adev_get_parameters
05-30 14:03:28.160 D/CompatibilityChangeReporter( 710): Compat change id reported: 261072174; UID 1000; state: ENABLED
05-30 14:03:28.161 D/BluetoothHearingAid( 710): Binding service...
05-30 14:03:28.161 D/BluetoothManagerService( 710): Creating new ProfileServiceConnections object for profile: 21
05-30 14:03:28.162 I/vold ( 247): Verified that /data/misc_ce/0 has the encryption policy a987440f910473dfbc3c3421947928d5 v2 modes 1/4 flags 0xa
05-30 14:03:28.162 D/vold ( 247): Preparing: /data/user/0
05-30 14:03:28.162 D/xm_audio( 477): adev_get_parameters
05-30 14:03:28.162 D/InstantWifi( 710): Drop, size: 0
05-30 14:03:28.168 D/BluetoothLeAudioBroadcast( 710): Binding service...
05-30 14:03:28.168 W/BluetoothManagerService( 710): Cannot bind profile: 26, not in supported profiles list
05-30 14:03:28.168 D/BluetoothLeAudio( 710): Binding service...
05-30 14:03:28.168 W/BluetoothManagerService( 710): Cannot bind profile: 22, not in supported profiles list
05-30 14:03:28.168 D/BluetoothLeAudio( 710): Binding service...
05-30 14:03:28.168 W/BluetoothManagerService( 710): Cannot bind profile: 22, not in supported profiles list
05-30 14:03:28.168 D/BluetoothHearingAid( 710): Binding service...
05-30 14:03:28.168 D/BluetoothLeAudio( 710): Binding service...
05-30 14:03:28.168 W/BluetoothManagerService( 710): Cannot bind profile: 22, not in supported profiles list
05-30 14:03:28.168 D/BluetoothHearingAid( 710): Binding service...
05-30 14:03:28.168 D/BluetoothA2dpSink( 710): Binding service...
05-30 14:03:28.168 W/BluetoothManagerService( 710): Cannot bind profile: 11, not in supported profiles list
05-30 14:03:28.168 D/BluetoothA2dp( 710): Binding service...
05-30 14:03:28.168 D/BluetoothA2dp( 710): Binding service...
05-30 14:03:28.168 D/BluetoothHeadset( 710): Binding service...
05-30 14:03:28.168 D/BluetoothManagerService( 710): Creating new ProfileServiceConnections object for profile: 1
05-30 14:03:28.163 I/vold ( 247): Verified that /data/user/0 has the encryption policy a987440f910473dfbc3c3421947928d5 v2 modes 1/4 flags 0xa
05-30 14:03:28.168 D/vold ( 247): Starting restorecon of /data/system_ce/0
05-30 14:03:28.168 D/BluetoothHearingAid( 962): Binding service...
05-30 14:03:28.173 I/ActivityManager( 710): com.android.devicelockcontroller is exempt from freezer
05-30 14:03:28.173 D/CompatibilityChangeReporter( 710): Compat change id reported: 135634846; UID 10058; state: DISABLED
05-30 14:03:28.174 D/CompatibilityChangeReporter( 710): Compat change id reported: 177438394; UID 10058; state: DISABLED
05-30 14:03:28.174 D/CompatibilityChangeReporter( 710): Compat change id reported: 135772972; UID 10058; state: DISABLED
05-30 14:03:28.174 D/CompatibilityChangeReporter( 710): Compat change id reported: 135754954; UID 10058; state: ENABLED
05-30 14:03:28.175 D/CompatibilityChangeReporter( 710): Compat change id reported: 143937733; UID 10058; state: ENABLED
05-30 14:03:28.175 D/vold ( 247): Finished restorecon of /data/system_ce/0
05-30 14:03:28.175 D/vold ( 247): Starting restorecon of /data/vendor_ce/0
05-30 14:03:28.179 D/BluetoothManagerService( 710): Sending BLE State Change: TURNING_ON > ON
05-30 14:03:28.179 D/BluetoothManagerService( 710): Sending State Change: TURNING_ON > ON
05-30 14:03:28.180 D/vold ( 247): Finished restorecon of /data/vendor_ce/0
05-30 14:03:28.180 D/vold ( 247): Starting restorecon of /data/misc_ce/0
05-30 14:03:28.182 D/xm_audio( 477): adev_get_parameters
05-30 14:03:28.184 D/xm_audio( 477): adev_get_parameters
05-30 14:03:28.191 I/Zygote ( 465): Entering forkRepeatedly native zygote loop
05-30 14:03:28.191 D/vold ( 247): Finished restorecon of /data/misc_ce/0
05-30 14:03:28.192 D/xm_audio( 477): adev_get_parameters
05-30 14:03:28.192 D/vold ( 247): /system/bin/vold_prepare_subdirs
05-30 14:03:28.192 D/vold ( 247): prepare
05-30 14:03:28.192 D/vold ( 247):
05-30 14:03:28.192 D/vold ( 247): 0
05-30 14:03:28.192 D/vold ( 247): 2
05-30 14:03:28.194 D/xm_audio( 477): adev_get_parameters
05-30 14:03:28.196 D/WifiConfigStore( 710): Writing to stores completed in 31 ms.
05-30 14:03:28.199 D/ActiveDeviceManager( 1090): handleAdapterStateChanged: currentState=12
05-30 14:03:28.202 D/xm_audio( 477): adev_get_parameters
05-30 14:03:28.203 D/WifiConfigStore( 710): Writing to stores completed in 4 ms.
05-30 14:03:28.203 D/xm_audio( 477): adev_get_parameters
05-30 14:03:28.204 D/Zygote ( 465): Forked child process 1380
05-30 14:03:28.205 I/ActivityManager( 710): Start proc 1380:com.android.devicelockcontroller/u0a58 for broadcast {com.android.devicelockcontroller/com.android.devicelockcontroller.receivers.LockedBootCompletedReceiver}
05-30 14:03:28.207 D/BluetoothAdapterService( 1090): isQuietModeEnabled() - Enabled = false
05-30 14:03:28.207 I/BluetoothPhonePolicy( 1090): autoConnect: Initiate auto connection on BT on...
05-30 14:03:28.207 D/BluetoothDatabase( 1090): getMostRecentlyConnectedA2dpDevice: Invalid address for device null
05-30 14:03:28.207 E/BluetoothPhonePolicy( 1090): autoConnect: most recently active a2dp device is null
05-30 14:03:28.207 D/BtOppService( 1090): start Socket Listeners
05-30 14:03:28.207 D/BtOppService( 1090): stopListeners: mServerSocket is null
05-30 14:03:28.207 D/ObexServerSockets( 1090): create(rfcomm = -2, l2capPsm = -2)
05-30 14:03:28.211 D/xm_audio( 477): adev_get_parameters
05-30 14:03:28.213 I/Zygote ( 1380): seccomp disabled by setenforce 0
05-30 14:03:28.214 D/xm_audio( 477): adev_get_parameters
05-30 14:03:28.219 I/elockcontroller( 1380): Using CollectorTypeCC GC.
05-30 14:03:28.212 I/init ( 161): type=1400 audit(0.0:691): avc: denied { add_name } for name="dmabuf_manage_config" scontext=u:r:vendor_init:s0 tcontext=u:object_r:sysfs:s0 tclass=dir permissive=1
05-30 14:03:28.220 I/bt_btif_sock( 1090): packages/modules/Bluetooth/system/btif/src/btif_sock.cc:161 btif_sock_connection_logger: address=00:00:00:00:00:00, role=1, state=1
05-30 14:03:28.221 I/bt_btif_sock_rfcomm( 1090): packages/modules/Bluetooth/system/btif/src/btif_sock_rfc.cc:320 btsock_rfc_listen: Adding listening socket service_name: (null) - channel: -2
05-30 14:03:28.221 I/bt_stack( 1090): [INFO:port_api.cc(220)] RFCOMM_CreateConnectionWithSecurity: bd_addr=ff:ff:ff:ff:ff:ff, scn=4, is_server=1, mtu=990, uuid=000000, dlci=8, signal_state=0x0b, p_port=0xc00e0a10
05-30 14:03:28.221 I/bt_btif_sock( 1090): packages/modules/Bluetooth/system/btif/src/btif_sock.cc:161 btif_sock_connection_logger: address=00:00:00:00:00:00, role=1, state=1
05-30 14:03:28.221 D/BluetoothAdapter( 1090): listenUsingInsecureL2capOn: port=-2
05-30 14:03:28.212 I/init ( 161): type=1400 audit(0.0:692): avc: denied { create } for name="dmabuf_manage_config" scontext=u:r:vendor_init:s0 tcontext=u:object_r:sysfs:s0 tclass=file permissive=1
05-30 14:03:28.224 I/bt_btif_sock( 1090): packages/modules/Bluetooth/system/btif/src/btif_sock.cc:161 btif_sock_connection_logger: address=00:00:00:00:00:00, role=1, state=1
05-30 14:03:28.224 I/bluetooth( 1090): packages/modules/Bluetooth/system/btif/src/btif_sock_l2cap.cc:332 btsock_l2cap_alloc_l: Allocated l2cap socket structure socket_id:1
05-30 14:03:28.224 I/bt_l2cap( 1090): packages/modules/Bluetooth/system/stack/l2cap/l2c_api.cc:172 L2CA_Register: L2CAP Registered service classic PSM: 0x1001
05-30 14:03:28.224 I/bt_btif_sock( 1090): packages/modules/Bluetooth/system/btif/src/btif_sock.cc:161 btif_sock_connection_logger: address=00:00:00:00:00:00, role=1, state=1
05-30 14:03:28.224 I/bluetooth( 1090): packages/modules/Bluetooth/system/btif/src/btif_sock_l2cap.cc:357 send_app_psm_or_chan_l: Sending l2cap socket socket_id:1 channel:4097
05-30 14:03:28.224 D/BluetoothAdapter( 1090): listenUsingInsecureL2capOn: set assigned channel to 4097
05-30 14:03:28.225 D/ObexServerSockets( 1090): Succeed to create listening sockets
05-30 14:03:28.225 D/ObexServerSockets0( 1090): startAccept()
05-30 14:03:28.225 D/BluetoothSdpJni( 1090): sdpCreateOppOpsRecordNative
05-30 14:03:28.226 D/ObexServerSockets0( 1090): Accepting socket connection...
05-30 14:03:28.226 D/BluetoothSocket( 1090): accept(), timeout (ms):-1
05-30 14:03:28.226 I/bt_bta_dm( 1090): packages/modules/Bluetooth/system/bta/dm/bta_dm_act.cc:3456 bta_dm_eir_update_uuid: EIR Adding UUID=0x1105 into extended inquiry response
05-30 14:03:28.226 I/bt_bta_dm( 1090): packages/modules/Bluetooth/system/bta/dm/bta_dm_act.cc:3155 bta_dm_set_eir: Generating extended inquiry response packet EIR
05-30 14:03:28.226 E/bt_btif ( 1090): packages/modules/Bluetooth/system/main/bte_logmsg.cc:105 LogMsg: toggleProfile: Unknown service 255 being enabled
05-30 14:03:28.226 D/BluetoothSdpJni( 1090): SDP Create record success - handle: 0
05-30 14:03:28.226 D/BtOppService( 1090): mOppSdpHandle :0
05-30 14:03:28.227 D/ObexServerSockets0( 1090): Accepting socket connection...
05-30 14:03:28.227 D/BluetoothSocket( 1090): accept(), timeout (ms):-1
05-30 14:03:28.227 D/xm_audio( 477): adev_get_parameters
05-30 14:03:28.229 D/xm_audio( 477): adev_get_parameters
05-30 14:03:28.230 E/elockcontroller( 1380): Not starting debugger since process cannot load the jdwp agent.
05-30 14:03:28.228 I/rainbow_flow( 601): type=1400 audit(0.0:693): avc: denied { ioctl } for path="/dev/spidev1.0" dev="tmpfs" ino=534 ioctlcmd=0x6b00 scontext=u:r:init:s0 tcontext=u:object_r:device:s0 tclass=chr_file permissive=1
05-30 14:03:28.238 D/xm_audio( 477): adev_get_parameters
05-30 14:03:28.239 D/xm_audio( 477): adev_get_parameters
05-30 14:03:28.244 D/vold_prepare_subdirs( 1379): Setting up mode 771 uid 1000 gid 1000 context u:object_r:system_data_file:s0:c512,c768 on path: /data/user/0
05-30 14:03:28.244 D/CompatibilityChangeReporter( 710): Compat change id reported: 168419799; UID 10058; state: DISABLED
05-30 14:03:28.245 D/CompatibilityChangeReporter( 710): Compat change id reported: 273564678; UID 10058; state: DISABLED
05-30 14:03:28.245 D/vold_prepare_subdirs( 1379): Setting up mode 771 uid 1000 gid 1000 context u:object_r:sdk_sandbox_system_data_file:s0:c512,c768 on path: /data/misc_ce/0/sdksandbox
05-30 14:03:28.247 D/CompatibilityChangeReporter( 710): Compat change id reported: 265195908; UID 10058; state: ENABLED
05-30 14:03:28.248 D/xm_audio( 477): adev_get_parameters
05-30 14:03:28.250 D/vold_prepare_subdirs( 1379): Setting up mode 700 uid 0 gid 0 context u:object_r:vold_data_file:s0 on path: /data/misc_ce/0/vold
05-30 14:03:28.250 D/CompatibilityChangeReporter( 1380): Compat change id reported: 171979766; UID 10058; state: ENABLED
05-30 14:03:28.251 D/xm_audio( 477): adev_get_parameters
05-30 14:03:28.251 D/CompatibilityChangeReporter( 1380): Compat change id reported: 242716250; UID 10058; state: ENABLED
05-30 14:03:28.253 D/vold_prepare_subdirs( 1379): Setting up mode 700 uid 0 gid 0 context u:object_r:storaged_data_file:s0 on path: /data/misc_ce/0/storaged
05-30 14:03:28.256 D/vold_prepare_subdirs( 1379): Setting up mode 700 uid 0 gid 0 context u:object_r:rollback_data_file:s0 on path: /data/misc_ce/0/rollback
05-30 14:03:28.257 D/CompatibilityChangeReporter( 710): Compat change id reported: 170503758; UID 10058; state: ENABLED
05-30 14:03:28.258 D/xm_audio( 477): adev_get_parameters
05-30 14:03:28.258 D/vold_prepare_subdirs( 1379): Setting up mode 700 uid 0 gid 0 context u:object_r:apex_rollback_data_file:s0 on path: /data/misc_ce/0/apexrollback
05-30 14:03:28.260 D/xm_audio( 477): adev_get_parameters
