05-30 14:03:50.134 V/WindowManagerShell( 991): Transition doesn't have explicit remote, search filters for match for {id=2 t=OPEN f=0x0 trk=0 r=[0@Point(0, 0)] c=[{WCT{android.window.IWindowContainerToken$Stub$Proxy@ffd77a9} m=OPEN f=TRANSLUCENT leash=Surface(name=Task=11)/@0x7fd6473 sb=Rect(0, 0 - 1920, 1080) eb=Rect(0, 0 - 1920, 1080) d=0}]}
05-30 14:03:50.134 V/WindowManagerShell( 991): Delegate animation for #2 to null
05-30 14:03:50.134 V/WindowManagerShell( 991): try handler com.android.wm.shell.transition.DefaultTransitionHandler@ba8bae0
05-30 14:03:50.134 V/WindowManagerShell( 991): start default transition animation, info = {id=2 t=OPEN f=0x0 trk=0 r=[0@Point(0, 0)] c=[{WCT{android.window.IWindowContainerToken$Stub$Proxy@ffd77a9} m=OPEN f=TRANSLUCENT leash=Surface(name=Task=11)/@0x7fd6473 sb=Rect(0, 0 - 1920, 1080) eb=Rect(0, 0 - 1920, 1080) d=0}]}
05-30 14:03:50.134 V/WindowManagerShell( 991): loadAnimation: anim=android.view.animation.AlphaAnimation@f17a12e animAttr=0x4 type=OPEN isEntrance=true
05-30 14:03:50.135 W/ContextImpl( 692): Calling a method in the system process without a qualified user: android.app.ContextImpl.startService:1899 com.android.server.wm.DisplayPolicy.lambda$focusChangedLw$5:2126 com.android.server.wm.DisplayPolicy.$r8$lambda$Znxk63oh-WzVnzo_WQefN7uxV48:0 com.android.server.wm.DisplayPolicy$$ExternalSyntheticLambda13.run:0 android.os.Handler.handleCallback:958
05-30 14:03:50.136 W/RecyclerView( 2614): No adapter attached; skipping layout
05-30 14:03:50.142 V/WindowManagerShell( 991): animated by com.android.wm.shell.transition.DefaultTransitionHandler@ba8bae0
05-30 14:03:50.143 D/aaa ( 1510): LedStatusService onStartCommand begin
05-30 14:03:50.145 D/aaa ( 1510): topPkg is -------------- :com.dangbei.haqusetting
05-30 14:03:50.150 I/ActivityTaskManager( 692): Displayed com.dangbei.haqusetting/.ui.HomeActivity for user 0: +654ms
05-30 14:03:50.150 V/WindowManager( 692): Sent Transition #2 createdAt=05-30 14:03:49.486 via request=TransitionRequestInfo { type = 1, triggerTask = TaskInfo{userId=0 taskId=11 displayId=0 isRunning=true baseIntent=Intent { dat=haqu://setting:8080/... flg=0x10000000 pkg=com.dangbei.haqusetting cmp=com.dangbei.haqusetting/.ui.HomeActivity } baseActivity=ComponentInfo{com.dangbei.haqusetting/com.dangbei.haqusetting.ui.HomeActivity} topActivity=ComponentInfo{com.dangbei.haqusetting/com.dangbei.haqusetting.ui.HomeActivity} origActivity=null realActivity=ComponentInfo{com.dangbei.haqusetting/com.dangbei.haqusetting.ui.HomeActivity} numActivities=1 lastActiveTime=43709 supportsMultiWindow=true resizeMode=1 isResizeable=true minWidth=-1 minHeight=-1 defaultMinSize=220 token=WCT{RemoteToken{16ec5f5 Task{7119b4e #11 type=standard A=1000:com.dangbei.haqusetting}}} topActivityType=1 pictureInPictureParams=null shouldDockBigOverlays=true launchIntoPipHostTaskId=-1 lastParentTaskIdBeforePip=-1 displayCutoutSafeInsets=null topActivityInfo=ActivityInfo{cf91f8a com.dangbei.haqusetting.ui.HomeActivity} launchCookies=[] positionInParent=Point(0, 0) parentTaskId=-1 isFocused=false isVisible=false isVisibleRequested=false isSleeping=false topActivityInSizeCompat=false topActivityEligibleForLetterboxEducation= false isLetterboxDoubleTapEnabled= false topActivityEligibleForUserAspectRatioButton= false topActivityBoundsLetterboxed= false isFromLetterboxDoubleTap= false topActivityLetterboxVerticalPosition= -1 topActivityLetterboxHorizontalPosition= -1 topActivityLetterboxWidth=-1 topActivityLetterboxHeight=-1 isUserFullscreenOverrideEnabled=false isTopActivityTransparent=true locusId=null displayAreaFeatureId=1 cameraCompatControlState=hidden}, remoteTransition = null, displayChange = null, flags = 0 }
05-30 14:03:50.150 V/WindowManager( 692): startWCT=WindowContainerTransaction { changes = {} hops = [] errorCallbackToken=null taskFragmentOrganizer=null }
05-30 14:03:50.151 V/WindowManager( 692): info={id=2 t=OPEN f=0x0 trk=0 r=[0@Point(0, 0)] c=[{WCT{RemoteToken{16ec5f5 Task{7119b4e #11 type=standard A=1000:com.dangbei.haqusetting}}} m=OPEN f=TRANSLUCENT leash=Surface(name=Task=11)/@0xbe97e sb=Rect(0, 0 - 1920, 1080) eb=Rect(0, 0 - 1920, 1080) d=0}]}
05-30 14:03:50.171 D/nStackXCoAP( 2271): IsInSameNetwork:[276] :IsInSameNetwork exec
05-30 14:03:50.171 I/nStackXDFinder( 2271): GetLocalInterfaceDetail:[461] :GetLocalInterfaceDetail in
05-30 14:03:50.171 E/nStackXCoAP( 2271): IsInSameNetwork:[281] :IsInSameNetwork: not priority process
05-30 14:03:50.192 D/CompatibilityChangeReporter( 692): Compat change id reported: 214016041; UID 1000; state: DISABLED
05-30 14:03:50.192 D/CompatibilityChangeReporter( 692): Compat change id reported: 214016041; UID 1000; state: ENABLED
05-30 14:03:50.193 I/ImeTracker( 692): com.dangbei.haqusetting:308f4dfc: onRequestHide at ORIGIN_SERVER_HIDE_INPUT reason HIDE_UNSPECIFIED_WINDOW
05-30 14:03:50.194 I/ImeTracker( 692): com.dangbei.haqusetting:308f4dfc: onCancelled at PHASE_SERVER_SHOULD_HIDE
05-30 14:03:50.194 D/XHttpObservable( 1713): createNetWorkObservable subscribe: MediaControlEntity{code=0, data=PageEntity{list=[ContentEntity{packageName='com.dangbei.leard.leradlauncher', activityName='FilmDetailActivity'}, ContentEntity{packageName='com.dangbei.leard.leradlauncher', activityName='FullScreenDetailActivity'}, ContentEntity{packageName='com.dangbei.leard.leradlauncher', activityName='TencentSportActivity'}, ContentEntity{packageName='com.dangbei.leradVideoPlugins', activityName='FilmDetailActivity'}, ContentEntity{packageName='com.dangbei.leradVideoPlugins', activityName='FullScreenDetailActivity'}, ContentEntity{packageName='com.dangbei.leradVideoPlugins', activityName='TencentSportActivity'}, ContentEntity{packageName='com.dangbei.leradVideoPlugins', activityName='ShortPlayActivity'}, ContentEntity{packageName='com.dangbei.hqmedia', activityName='FilmDetailActivity'}, ContentEntity{packageName='com.dangbei.hqmedia', activityName='FullScreenDetailActivity'}, ContentEntity{packageName='com.dangbei.leradVideoPlugins', activityName='MangoMediaActivity'}, ContentEntity{packageName='com.dangbei.leradVideoPlugins', activityName='VcinemaActivity'}]}, message='success'} ,,, isDisposed = false
05-30 14:03:50.198 D/XHttpObservable( 1713): createNetWorkObservable subscribe: ShowMessageEntity{code=0, data=TipEntity{movieType=[我想看喜剧片, 动作片, 枪战片], movie=[庆余年, 误杀, 美丽人生, 爆笑虫子, 哪吒, 小猪佩奇, 胡歌的电视剧, 张艺谋导演的电影, 切换到1080P, 收藏], appController=[打开当贝市场, 下载哈趣影视, 爱奇艺, 卸载腾讯视频], weather=[今天的天气, 未来五天的天气, 杭州天气怎么样, 明天下不下雨], music=[我要听歌, 周杰伦的歌, 上一首, 下一首, 快进一分钟, 暂停], liveAppDownload='非常抱歉,根据监管部门政策管理要求,暂不提供相应服务。', subscreen=null, wakeUpVoiceResponse=[ProbabilityEntity{word='在呢', probability=30}, ProbabilityEntity{word='我在', probability=35}, ProbabilityEntity{word='你说', probability=15}, ProbabilityEntity{word='来啦', probability=20}], unrecognizedVoiceResponse=[ProbabilityEntity{word='可以再说一遍么', probability=45}, ProbabilityEntity{word='可以说的详细一点么', probability=30}, ProbabilityEntity{word='请问有什么可以帮您', probability=25}], notUnderstandVoiceResponse=[ProbabilityEntity{word='换个说法试试吧', probability=100}]}, message='success'} ,,, isDisposed = false
05-30 14:03:50.200 I/DefaultIMS( 1455): onStartInput attribute=android.view.inputmethod.EditorInfo@9820ca1 restarting=false inputType: 0
05-30 14:03:50.240 I/d.leradlauncher( 1482): Background concurrent copying GC freed 120409(6420KB) AllocSpace objects, 17(1636KB) LOS objects, 49% free, 9083KB/17MB, paused 192us,372us total 303.706ms
05-30 14:03:50.257 E/martin ( 1482): 组件:2025-05-30
05-30 14:03:50.260 E/weatherWidget( 1482): dataChange:Fri May 30 14:03:50 GMT+08:00 2025
05-30 14:03:50.301 E/nStackXDFinder( 2271): GetLocalIp:[401] :GetLocalIp exec
05-30 14:03:50.301 E/nStackXDFinder( 2271): GetLocalIp:[401] :GetLocalIp exec
05-30 14:03:50.301 E/nStackXDFinder( 2271): GetLocalIp:[401] :GetLocalIp exec
05-30 14:03:50.302 I/nStackXCoAP( 2271): CoapServiceDiscoverTimerHandle:[524] :the 6 times for device discover.
05-30 14:03:50.326 D/nStackXCoAP( 2271): IsInSameNetwork:[276] :IsInSameNetwork exec
05-30 14:03:50.326 I/nStackXDFinder( 2271): GetLocalInterfaceDetail:[461] :GetLocalInterfaceDetail in
05-30 14:03:50.326 E/nStackXCoAP( 2271): IsInSameNetwork:[281] :IsInSameNetwork: not priority process
05-30 14:03:50.327 D/nStackXCoAP( 2271): IsInSameNetwork:[276] :IsInSameNetwork exec
05-30 14:03:50.327 I/nStackXDFinder( 2271): GetLocalInterfaceDetail:[461] :GetLocalInterfaceDetail in
05-30 14:03:50.327 E/nStackXCoAP( 2271): IsInSameNetwork:[281] :IsInSameNetwork: not priority process
05-30 14:03:50.329 D/TrafficStats( 1482): tagSocket(127) with statsTag=0xffffffff, statsUid=-1
05-30 14:03:50.331 D/TrafficStats( 1482): tagSocket(132) with statsTag=0xffffffff, statsUid=-1
05-30 14:03:50.332 D/nStackXCoAP( 2271): IsInSameNetwork:[276] :IsInSameNetwork exec
05-30 14:03:50.332 I/nStackXDFinder( 2271): GetLocalInterfaceDetail:[461] :GetLocalInterfaceDetail in
05-30 14:03:50.332 E/nStackXCoAP( 2271): IsInSameNetwork:[281] :IsInSameNetwork: not priority process
05-30 14:03:50.333 D/TrafficStats( 1482): tagSocket(125) with statsTag=0xffffffff, statsUid=-1
05-30 14:03:50.339 D/TrafficStats( 1482): tagSocket(138) with statsTag=0xffffffff, statsUid=-1
05-30 14:03:50.345 D/TrafficStats( 1482): tagSocket(146) with statsTag=0xffffffff, statsUid=-1
05-30 14:03:50.348 D/nStackXCoAP( 2271): IsInSameNetwork:[276] :IsInSameNetwork exec
05-30 14:03:50.348 I/nStackXDFinder( 2271): GetLocalInterfaceDetail:[461] :GetLocalInterfaceDetail in
05-30 14:03:50.348 E/nStackXCoAP( 2271): IsInSameNetwork:[281] :IsInSameNetwork: not priority process
05-30 14:03:50.355 D/nStackXCoAP( 2271): IsInSameNetwork:[276] :IsInSameNetwork exec
05-30 14:03:50.355 I/nStackXDFinder( 2271): GetLocalInterfaceDetail:[461] :GetLocalInterfaceDetail in
05-30 14:03:50.355 E/nStackXCoAP( 2271): IsInSameNetwork:[281] :IsInSameNetwork: not priority process
05-30 14:03:50.359 D/nStackXCoAP( 2271): IsInSameNetwork:[276] :IsInSameNetwork exec
05-30 14:03:50.359 I/nStackXDFinder( 2271): GetLocalInterfaceDetail:[461] :GetLocalInterfaceDetail in
05-30 14:03:50.359 E/nStackXCoAP( 2271): IsInSameNetwork:[281] :IsInSameNetwork: not priority process
05-30 14:03:50.360 D/nStackXCoAP( 2271): IsInSameNetwork:[276] :IsInSameNetwork exec
05-30 14:03:50.360 I/nStackXDFinder( 2271): GetLocalInterfaceDetail:[461] :GetLocalInterfaceDetail in
05-30 14:03:50.360 E/nStackXCoAP( 2271): IsInSameNetwork:[281] :IsInSameNetwork: not priority process
05-30 14:03:50.361 D/nStackXCoAP( 2271): IsInSameNetwork:[276] :IsInSameNetwork exec
05-30 14:03:50.361 I/nStackXDFinder( 2271): GetLocalInterfaceDetail:[461] :GetLocalInterfaceDetail in
05-30 14:03:50.361 E/nStackXCoAP( 2271): IsInSameNetwork:[281] :IsInSameNetwork: not priority process
05-30 14:03:50.362 D/nStackXCoAP( 2271): IsInSameNetwork:[276] :IsInSameNetwork exec
05-30 14:03:50.362 I/nStackXDFinder( 2271): GetLocalInterfaceDetail:[461] :GetLocalInterfaceDetail in
05-30 14:03:50.362 E/nStackXCoAP( 2271): IsInSameNetwork:[281] :IsInSameNetwork: not priority process
05-30 14:03:50.365 D/nStackXCoAP( 2271): IsInSameNetwork:[276] :IsInSameNetwork exec
05-30 14:03:50.365 I/nStackXDFinder( 2271): GetLocalInterfaceDetail:[461] :GetLocalInterfaceDetail in
05-30 14:03:50.365 E/nStackXCoAP( 2271): IsInSameNetwork:[281] :IsInSameNetwork: not priority process
05-30 14:03:50.384 D/nStackXCoAP( 2271): IsInSameNetwork:[276] :IsInSameNetwork exec
05-30 14:03:50.384 I/nStackXDFinder( 2271): GetLocalInterfaceDetail:[461] :GetLocalInterfaceDetail in
05-30 14:03:50.384 E/nStackXCoAP( 2271): IsInSameNetwork:[281] :IsInSameNetwork: not priority process
05-30 14:03:50.387 D/nStackXCoAP( 2271): IsInSameNetwork:[276] :IsInSameNetwork exec
05-30 14:03:50.387 I/nStackXDFinder( 2271): GetLocalInterfaceDetail:[461] :GetLocalInterfaceDetail in
05-30 14:03:50.387 E/nStackXCoAP( 2271): IsInSameNetwork:[281] :IsInSameNetwork: not priority process
05-30 14:03:50.390 D/nStackXCoAP( 2271): IsInSameNetwork:[276] :IsInSameNetwork exec
05-30 14:03:50.390 I/nStackXDFinder( 2271): GetLocalInterfaceDetail:[461] :GetLocalInterfaceDetail in
05-30 14:03:50.390 E/nStackXCoAP( 2271): IsInSameNetwork:[281] :IsInSameNetwork: not priority process
05-30 14:03:50.400 D/nStackXCoAP( 2271): IsInSameNetwork:[276] :IsInSameNetwork exec
05-30 14:03:50.400 I/nStackXDFinder( 2271): GetLocalInterfaceDetail:[461] :GetLocalInterfaceDetail in
05-30 14:03:50.400 E/nStackXCoAP( 2271): IsInSameNetwork:[281] :IsInSameNetwork: not priority process
05-30 14:03:50.430 E/ccc ( 1449): cccccc UpdateHelper onMessageReceived com.dangbei.haqusetting com.dangbei.etna.update {"action":"get","functionTag":"leaf_controller_function_controller_dangbei_update","value":0} com.dangbei.lerad.etna.aidl.IEtnaAidlCallback$Stub$Proxy@5142404
05-30 14:03:50.432 D/nStackXCoAP( 2271): IsInSameNetwork:[276] :IsInSameNetwork exec
05-30 14:03:50.432 I/nStackXDFinder( 2271): GetLocalInterfaceDetail:[461] :GetLocalInterfaceDetail in
05-30 14:03:50.432 E/nStackXCoAP( 2271): IsInSameNetwork:[281] :IsInSameNetwork: not priority process
05-30 14:03:50.433 D/nStackXCoAP( 2271): IsInSameNetwork:[276] :IsInSameNetwork exec
05-30 14:03:50.433 I/nStackXDFinder( 2271): GetLocalInterfaceDetail:[461] :GetLocalInterfaceDetail in
05-30 14:03:50.433 E/nStackXCoAP( 2271): IsInSameNetwork:[281] :IsInSameNetwork: not priority process
05-30 14:03:50.434 D/nStackXCoAP( 2271): IsInSameNetwork:[276] :IsInSameNetwork exec
05-30 14:03:50.434 I/nStackXDFinder( 2271): GetLocalInterfaceDetail:[461] :GetLocalInterfaceDetail in
05-30 14:03:50.434 E/nStackXCoAP( 2271): IsInSameNetwork:[281] :IsInSameNetwork: not priority process
05-30 14:03:50.441 D/nStackXCoAP( 2271): IsInSameNetwork:[276] :IsInSameNetwork exec
05-30 14:03:50.441 I/nStackXDFinder( 2271): GetLocalInterfaceDetail:[461] :GetLocalInterfaceDetail in
05-30 14:03:50.441 E/nStackXCoAP( 2271): IsInSameNetwork:[281] :IsInSameNetwork: not priority process
05-30 14:03:50.442 D/nStackXCoAP( 2271): IsInSameNetwork:[276] :IsInSameNetwork exec
05-30 14:03:50.442 I/nStackXDFinder( 2271): GetLocalInterfaceDetail:[461] :GetLocalInterfaceDetail in
05-30 14:03:50.442 E/nStackXCoAP( 2271): IsInSameNetwork:[281] :IsInSameNetwork: not priority process
05-30 14:03:50.450 D/CompatibilityChangeReporter( 2614): Compat change id reported: 210923482; UID 1000; state: DISABLED
05-30 14:03:50.450 D/CompatibilityChangeReporter( 2614): Compat change id reported: 37756858; UID 1000; state: ENABLED
05-30 14:03:50.474 D/TrafficStats( 1482): tagSocket(129) with statsTag=0xffffffff, statsUid=-1
05-30 14:03:50.475 D/BluetoothGatt( 1449): connect() - device: E4:BB:D3:57:C0:53, auto: true
05-30 14:03:50.475 D/BluetoothGatt( 1449): registerApp()
05-30 14:03:50.476 D/BluetoothGatt( 1449): registerApp() - UUID=2b15c592-4151-4441-801a-1486dc160919
05-30 14:03:50.479 I/bluetooth( 1108): packages/modules/Bluetooth/system/stack/gatt/gatt_api.cc:1257 GATT_Register: Allocated name:GattClient uuid:262668b8-2080-c0bb-a714-f2c77f48cbfa gatt_if:6 eatt_support:0
05-30 14:03:50.479 I/bluetooth( 1108): packages/modules/Bluetooth/system/stack/gatt/gatt_api.cc:1371 GATT_StartIf: GATT interface 6 already has connected device xx:xx:xx:xx:c0:53
05-30 14:03:50.479 I/bluetooth( 1108): packages/modules/Bluetooth/system/stack/gatt/gatt_api.cc:1374 GATT_StartIf: Invoking callback with connection id 6
05-30 14:03:50.479 I/bt_bta_gattc( 1108): packages/modules/Bluetooth/system/bta/gatt/bta_gattc_act.cc:1304 bta_gattc_conn_cback: Connected client_if:6 addr:xx:xx:xx:xx:c0:53, transport:BT_TRANSPORT_LE reason:GATT_CONN_OK
05-30 14:03:50.479 E/bta_gattc_main( 1108): packages/modules/Bluetooth/system/bta/gatt/bta_gattc_main.cc:395 bta_gattc_hdl_event: Ignore unknown conn ID: 6
05-30 14:03:50.480 D/TrafficStats( 1482): tagSocket(127) with statsTag=0xffffffff, statsUid=-1
05-30 14:03:50.480 D/BluetoothGatt( 1449): onClientRegistered() - status=0 clientIf=6
05-30 14:03:50.476 I/binder:1449_5( 1449): type=1400 audit(0.0:1045): avc: denied { read } for name="devices" dev="proc" ino=4026531982 scontext=u:r:system_app:s0 tcontext=u:object_r:proc:s0 tclass=file permissive=1
05-30 14:03:50.476 I/binder:1449_5( 1449): type=1400 audit(0.0:1046): avc: denied { open } for path="/proc/bus/input/devices" dev="proc" ino=4026531982 scontext=u:r:system_app:s0 tcontext=u:object_r:proc:s0 tclass=file permissive=1
05-30 14:03:50.476 I/binder:1449_5( 1449): type=1400 audit(0.0:1047): avc: denied { getattr } for path="/proc/bus/input/devices" dev="proc" ino=4026531982 scontext=u:r:system_app:s0 tcontext=u:object_r:proc:s0 tclass=file permissive=1
05-30 14:03:50.483 E/RCInfo ( 1449): vid:000d
05-30 14:03:50.483 E/RCInfo ( 1449): pid:3838
05-30 14:03:50.484 D/TrafficStats( 1482): tagSocket(132) with statsTag=0xffffffff, statsUid=-1
05-30 14:03:50.485 D/TrafficStats( 1482): tagSocket(142) with statsTag=0xffffffff, statsUid=-1
05-30 14:03:50.488 E/ccc ( 1449): cccccc 请求电量实时 -1
05-30 14:03:50.491 I/bt_btif_gattc( 1108): packages/modules/Bluetooth/system/btif/src/btif_gatt_client.cc:340 btif_gattc_open_impl: Transport=2, device type=2, address type =0, phy=1
05-30 14:03:50.491 I/bluetooth( 1108): packages/modules/Bluetooth/system/stack/gatt/gatt_main.cc:405 gatt_update_app_use_link_flag: disable link idle timer for xx:xx:xx:xx:c0:53
05-30 14:03:50.491 I/bt_stack( 1108): [INFO:l2c_api.cc(1607)] L2CA_MarkLeLinkAsActivesetting link to e4:bb:d3:57:c0:53 as active
05-30 14:03:50.491 I/bluetooth( 1108): packages/modules/Bluetooth/system/stack/gatt/gatt_api.cc:1206 GATT_SetIdleTimeout: idle_timeout=65535, is_active=1, status=1 (1-OK 0-not performed)
05-30 14:03:50.491 D/BtGatt.GattService( 1108): onConnected() - adding permit for address=E4:BB:D3:57:C0:53
05-30 14:03:50.495 D/BluetoothGatt( 1449): onClientConnectionState() - status=0 clientIf=6 device=E4:BB:D3:57:C0:53
05-30 14:03:50.495 D/BluetoothGatt( 1449): discoverServices() - device: E4:BB:D3:57:C0:53
05-30 14:03:50.501 D/BluetoothGatt( 1449): connect() - device: E4:BB:D3:57:C0:53, auto: true
05-30 14:03:50.501 D/BluetoothGatt( 1449): registerApp()
05-30 14:03:50.502 D/BluetoothGatt( 1449): registerApp() - UUID=142bedd7-7e38-4c7f-9725-f8877f59d423
05-30 14:03:50.504 I/bluetooth( 1108): packages/modules/Bluetooth/system/stack/gatt/gatt_api.cc:1257 GATT_Register: Allocated name:GattClient uuid:8c0db291-0570-6e0e-5c67-f022c116346b gatt_if:7 eatt_support:0
05-30 14:03:50.505 I/bluetooth( 1108): packages/modules/Bluetooth/system/stack/gatt/gatt_api.cc:1371 GATT_StartIf: GATT interface 7 already has connected device xx:xx:xx:xx:c0:53
05-30 14:03:50.505 I/bluetooth( 1108): packages/modules/Bluetooth/system/stack/gatt/gatt_api.cc:1374 GATT_StartIf: Invoking callback with connection id 7
05-30 14:03:50.505 I/bt_bta_gattc( 1108): packages/modules/Bluetooth/system/bta/gatt/bta_gattc_act.cc:1304 bta_gattc_conn_cback: Connected client_if:7 addr:xx:xx:xx:xx:c0:53, transport:BT_TRANSPORT_LE reason:GATT_CONN_OK
05-30 14:03:50.505 E/bta_gattc_main( 1108): packages/modules/Bluetooth/system/bta/gatt/bta_gattc_main.cc:395 bta_gattc_hdl_event: Ignore unknown conn ID: 7
05-30 14:03:50.505 D/BluetoothGatt( 1449): onClientRegistered() - status=0 clientIf=7
05-30 14:03:50.509 I/bt_bta_gattc( 1108): packages/modules/Bluetooth/system/bta/gatt/bta_gattc_cache.cc:1035 bta_gattc_get_gatt_db: bta_gattc_get_gatt_db
05-30 14:03:50.511 I/bt_btif_gattc( 1108): packages/modules/Bluetooth/system/btif/src/btif_gatt_client.cc:340 btif_gattc_open_impl: Transport=2, device type=2, address type =0, phy=1
05-30 14:03:50.512 I/bluetooth( 1108): packages/modules/Bluetooth/system/stack/gatt/gatt_main.cc:405 gatt_update_app_use_link_flag: disable link idle timer for xx:xx:xx:xx:c0:53
05-30 14:03:50.512 I/bt_stack( 1108): [INFO:l2c_api.cc(1607)] L2CA_MarkLeLinkAsActivesetting link to e4:bb:d3:57:c0:53 as active
05-30 14:03:50.512 I/bluetooth( 1108): packages/modules/Bluetooth/system/stack/gatt/gatt_api.cc:1206 GATT_SetIdleTimeout: idle_timeout=65535, is_active=1, status=1 (1-OK 0-not performed)
05-30 14:03:50.512 D/BtGatt.GattService( 1108): onConnected() - adding permit for address=E4:BB:D3:57:C0:53
05-30 14:03:50.512 D/BluetoothGatt( 1449): onSearchComplete() = Device=E4:BB:D3:57:C0:53 Status=0
05-30 14:03:50.512 D/BluetoothGatt( 1449): onClientConnectionState() - status=0 clientIf=7 device=E4:BB:D3:57:C0:53
05-30 14:03:50.514 D/BluetoothGatt( 1449): discoverServices() - device: E4:BB:D3:57:C0:53
05-30 14:03:50.525 D/TrafficStats( 1482): tagSocket(125) with statsTag=0xffffffff, statsUid=-1
05-30 14:03:50.531 I/bt_bta_gattc( 1108): packages/modules/Bluetooth/system/bta/gatt/bta_gattc_cache.cc:1035 bta_gattc_get_gatt_db: bta_gattc_get_gatt_db
05-30 14:03:50.540 D/BluetoothGatt( 1449): onSearchComplete() = Device=E4:BB:D3:57:C0:53 Status=0
05-30 14:03:50.542 I/lerad.etna.haqu( 1449): Background concurrent copying GC freed 57548(5022KB) AllocSpace objects, 9(180KB) LOS objects, 49% free, 2641KB/5282KB, paused 225us,47us total 110.367ms
05-30 14:03:50.545 W/System ( 1449): A resource failed to call close.
05-30 14:03:50.545 W/System ( 1449): A resource failed to call close.
05-30 14:03:50.545 W/System ( 1449): A resource failed to call close.
05-30 14:03:50.545 W/System ( 1449): A resource failed to call close.
05-30 14:03:50.545 W/System ( 1449): A resource failed to call close.
05-30 14:03:50.545 W/System ( 1449): A resource failed to call close.
05-30 14:03:50.553 V/WindowManagerShell( 991): Transition animation finished (aborted=false), notifying core (#2)android.os.BinderProxy@c3cfac4@0
05-30 14:03:50.557 V/WindowManagerShell( 991): Track 0 became idle
05-30 14:03:50.557 V/WindowManagerShell( 991): All active transition animations finished
05-30 14:03:50.559 V/WindowManager( 692): Finish Transition #2: created at
05-30 14:03:49.486 collect-started=0.111ms request-sent=14.646ms started=17.252ms ready=314.464ms sent=645.517ms finished=1068.481ms
05-30 14:03:50.579 D/ConnectivityService( 692): requestNetwork for uid/pid:1000/2614 activeRequest: null callbackRequest: 53 [NetworkRequest [ REQUEST id=54, [ Capabilities: INTERNET&NOT_RESTRICTED&TRUSTED&NOT_VCN_MANAGED Uid: 1000 RequestorUid: 1000 RequestorPkg: com.dangbei.haqusetting UnderlyingNetworks: Null] ]] callback flags: 0 order: 2147483647
05-30 14:03:50.581 D/WifiNetworkFactory( 692): got request NetworkRequest [ REQUEST id=54, [ Capabilities: INTERNET&NOT_RESTRICTED&TRUSTED&NOT_VCN_MANAGED Uid: 1000 RequestorUid: 1000 RequestorPkg: com.dangbei.haqusetting UnderlyingNetworks: Null] ]
05-30 14:03:50.581 D/UntrustedWifiNetworkFactory( 692): got request NetworkRequest [ REQUEST id=54, [ Capabilities: INTERNET&NOT_RESTRICTED&TRUSTED&NOT_VCN_MANAGED Uid: 1000 RequestorUid: 1000 RequestorPkg: com.dangbei.haqusetting UnderlyingNetworks: Null] ]
05-30 14:03:50.581 D/OemPaidWifiNetworkFactory( 692): got request NetworkRequest [ REQUEST id=54, [ Capabilities: INTERNET&NOT_RESTRICTED&TRUSTED&NOT_VCN_MANAGED Uid: 1000 RequestorUid: 1000 RequestorPkg: com.dangbei.haqusetting UnderlyingNetworks: Null] ]
05-30 14:03:50.581 D/MultiInternetWifiNetworkFactory( 692): got request NetworkRequest [ REQUEST id=54, [ Capabilities: INTERNET&NOT_RESTRICTED&TRUSTED&NOT_VCN_MANAGED Uid: 1000 RequestorUid: 1000 RequestorPkg: com.dangbei.haqusetting UnderlyingNetworks: Null] ]
05-30 14:03:50.581 D/ConnectivityService( 692): NetReassign [54 : null → 100] [c 0] [a 1] [i 1]
05-30 14:03:50.594 I/DefaultIMS( 1455): onStartInput attribute=android.view.inputmethod.EditorInfo@1be9ec6 restarting=false inputType: 0
05-30 14:03:50.608 D/TrafficStats( 1482): tagSocket(132) with statsTag=0xffffffff, statsUid=-1
05-30 14:03:50.618 D/TrafficStats( 1482): tagSocket(127) with statsTag=0xffffffff, statsUid=-1
05-30 14:03:50.619 D/TrafficStats( 1482): tagSocket(141) with statsTag=0xffffffff, statsUid=-1
05-30 14:03:50.648 D/nStackXCoAP( 2271): IsInSameNetwork:[276] :IsInSameNetwork exec
05-30 14:03:50.648 I/nStackXDFinder( 2271): GetLocalInterfaceDetail:[461] :GetLocalInterfaceDetail in
05-30 14:03:50.648 E/nStackXCoAP( 2271): IsInSameNetwork:[281] :IsInSameNetwork: not priority process
05-30 14:03:50.651 D/TrafficStats( 1482): tagSocket(129) with statsTag=0xffffffff, statsUid=-1
05-30 14:03:50.718 E/ccc ( 1449): cccccc settingHelper resetManager
05-30 14:03:50.719 V/HdmiDisplayManager( 1449): Amlogic Y5
05-30 14:03:50.719 E/ccc ( 1449): cccccc 去判断 是不是 auto
05-30 14:03:50.726 E/ccc ( 1449): cccccc current is 4k (59.94 Hz)
05-30 14:03:50.735 E/ccc ( 1449): cccccc ColorFormatManager reset
05-30 14:03:50.736 V/MesonDisplayServer( 289): GetDisplayMode:2160p60hz
05-30 14:03:50.737 V/MesonDisplayServer( 289): GetDisplayMode:2160p60hz
05-30 14:03:50.737 D/MesonDisplay( 289): meson_write /sys/class/amhdmitx/amhdmitx0/valid_mode, outputmode:2160p60hz420,12bit
05-30 14:03:50.737 D/MesonDisplay( 289): valid mode is true!
05-30 14:03:50.737 D/MesonDisplay( 289): meson_write /sys/class/amhdmitx/amhdmitx0/valid_mode, outputmode:2160p60hz420,10bit
05-30 14:03:50.737 D/MesonDisplay( 289): valid mode is true!
05-30 14:03:50.737 D/MesonDisplay( 289): meson_write /sys/class/amhdmitx/amhdmitx0/valid_mode, outputmode:2160p60hz420,8bit
05-30 14:03:50.737 D/MesonDisplay( 289): valid mode is true!
05-30 14:03:50.737 D/MesonDisplay( 289): meson_write /sys/class/amhdmitx/amhdmitx0/valid_mode, outputmode:2160p60hz444,12bit
05-30 14:03:50.737 D/MesonDisplay( 289): valid mode is false!
05-30 14:03:50.737 D/MesonDisplay( 289): meson_write /sys/class/amhdmitx/amhdmitx0/valid_mode, outputmode:2160p60hz444,10bit
05-30 14:03:50.737 D/MesonDisplay( 289): valid mode is false!
05-30 14:03:50.737 D/MesonDisplay( 289): meson_write /sys/class/amhdmitx/amhdmitx0/valid_mode, outputmode:2160p60hz444,8bit
05-30 14:03:50.737 D/MesonDisplay( 289): valid mode is true!
05-30 14:03:50.737 D/MesonDisplay( 289): meson_write /sys/class/amhdmitx/amhdmitx0/valid_mode, outputmode:2160p60hz422,12bit
05-30 14:03:50.737 D/MesonDisplay( 289): valid mode is true!
05-30 14:03:50.737 D/MesonDisplay( 289): meson_write /sys/class/amhdmitx/amhdmitx0/valid_mode, outputmode:2160p60hzrgb,12bit
05-30 14:03:50.737 D/MesonDisplay( 289): valid mode is false!
05-30 14:03:50.737 D/MesonDisplay( 289): meson_write /sys/class/amhdmitx/amhdmitx0/valid_mode, outputmode:2160p60hzrgb,10bit
05-30 14:03:50.737 D/MesonDisplay( 289): valid mode is false!
05-30 14:03:50.738 D/MesonDisplay( 289): meson_write /sys/class/amhdmitx/amhdmitx0/valid_mode, outputmode:2160p60hzrgb,8bit
05-30 14:03:50.738 D/MesonDisplay( 289): valid mode is true!
05-30 14:03:50.738 I/MesonHwc( 289): [/ModePolicy.cpp, getCurrentSupportDeepColor, 736] getCurrentSupportDeepColor current mode: 2160p60hz supported color: 420,12bit
05-30 14:03:50.738 I/MesonHwc( 289): 420,10bit
05-30 14:03:50.738 I/MesonHwc( 289): 420,8bit
05-30 14:03:50.738 I/MesonHwc( 289): 444,8bit
05-30 14:03:50.738 I/MesonHwc( 289): 422,12bit
05-30 14:03:50.738 I/MesonHwc( 289): rgb,8bit
05-30 14:03:50.739 D/MesonDisplayServer( 289): use connector getDisplayAttribute "HDR Priority": "268435472"
05-30 14:03:50.740 I/SystemControl( 318): [/DisplayMode.cpp, getCurrentHdrPriority, 2840] getCurrentHdrPriority is [0x10000010]
05-30 14:03:50.740 V/MesonDisplayServer( 289): GetDisplayMode:2160p60hz
05-30 14:03:50.741 D/MesonDisplayServer( 289): use connector getDisplayAttribute "HDR Priority": "268435472"
05-30 14:03:50.741 I/SystemControl( 318): [/DisplayMode.cpp, getCurrentHdrPriority, 2840] getCurrentHdrPriority is [0x10000010]
05-30 14:03:50.743 V/MesonDisplayServer( 289): GetDisplayMode:2160p60hz
05-30 14:03:50.743 D/MesonDisplay( 289): meson_write /sys/class/amhdmitx/amhdmitx0/valid_mode, outputmode:2160p60hz420,12bit
05-30 14:03:50.744 D/MesonDisplay( 289): valid mode is true!
05-30 14:03:50.744 D/MesonDisplay( 289): meson_write /sys/class/amhdmitx/amhdmitx0/valid_mode, outputmode:2160p60hz420,10bit
05-30 14:03:50.744 D/MesonDisplay( 289): valid mode is true!
05-30 14:03:50.744 D/MesonDisplay( 289): meson_write /sys/class/amhdmitx/amhdmitx0/valid_mode, outputmode:2160p60hz420,8bit
05-30 14:03:50.744 D/MesonDisplay( 289): valid mode is true!
05-30 14:03:50.744 D/MesonDisplay( 289): meson_write /sys/class/amhdmitx/amhdmitx0/valid_mode, outputmode:2160p60hz444,12bit
05-30 14:03:50.744 D/MesonDisplay( 289): valid mode is false!
05-30 14:03:50.744 D/MesonDisplay( 289): meson_write /sys/class/amhdmitx/amhdmitx0/valid_mode, outputmode:2160p60hz444,10bit
05-30 14:03:50.744 D/MesonDisplay( 289): valid mode is false!
05-30 14:03:50.744 D/MesonDisplay( 289): meson_write /sys/class/amhdmitx/amhdmitx0/valid_mode, outputmode:2160p60hz444,8bit
05-30 14:03:50.744 D/MesonDisplay( 289): valid mode is true!
05-30 14:03:50.744 D/MesonDisplay( 289): meson_write /sys/class/amhdmitx/amhdmitx0/valid_mode, outputmode:2160p60hz422,12bit
05-30 14:03:50.744 D/MesonDisplay( 289): valid mode is true!
05-30 14:03:50.744 D/MesonDisplay( 289): meson_write /sys/class/amhdmitx/amhdmitx0/valid_mode, outputmode:2160p60hzrgb,12bit
05-30 14:03:50.744 D/MesonDisplay( 289): valid mode is false!
05-30 14:03:50.744 D/MesonDisplay( 289): meson_write /sys/class/amhdmitx/amhdmitx0/valid_mode, outputmode:2160p60hzrgb,10bit
05-30 14:03:50.744 D/MesonDisplay( 289): valid mode is false!
05-30 14:03:50.744 D/MesonDisplay( 289): meson_write /sys/class/amhdmitx/amhdmitx0/valid_mode, outputmode:2160p60hzrgb,8bit
05-30 14:03:50.744 D/MesonDisplay( 289): valid mode is true!
05-30 14:03:50.744 I/MesonHwc( 289): [/ModePolicy.cpp, getCurrentSupportDeepColor, 736] getCurrentSupportDeepColor current mode: 2160p60hz supported color: 420,12bit
05-30 14:03:50.744 I/MesonHwc( 289): 420,10bit
05-30 14:03:50.744 I/MesonHwc( 289): 420,8bit
05-30 14:03:50.744 I/MesonHwc( 289): 444,8bit
05-30 14:03:50.744 I/MesonHwc( 289): 422,12bit
05-30 14:03:50.744 I/MesonHwc( 289): rgb,8bit
05-30 14:03:50.745 V/MesonDisplayServer( 289): GetDisplayMode:2160p60hz
05-30 14:03:50.746 D/MesonDisplayServer( 289): use connector getDisplayAttribute "HDMI Color ATTR": "420,10bit"
05-30 14:03:50.746 I/SystemControl( 318): [/DisplayMode.cpp, getDeepColorAttr, 2290] getDeepColorAttr colorspace:420,10bit
05-30 14:03:50.746 I/SystemControl( 318): get deep color attr mode 2160p60hz, value 420,10bit
05-30 14:03:50.746 E/ccc ( 1449): cccccc ColorHelper current get YCbCr 4:2:0 10-bit
05-30 14:03:50.749 E/ccc ( 1449): cccccc current is 4k (59.94 Hz)
05-30 14:03:50.744 I/adbd ( 1387): type=1400 audit(0.0:1048): avc: denied { write } for path="socket:[32232]" dev="sockfs" ino=32232 scontext=u:r:su:s0 tcontext=u:r:adbd:s0 tclass=unix_stream_socket permissive=1
05-30 14:03:50.758 E/ccc ( 1449): cccccc ColorFormatManager reset
05-30 14:03:50.759 D/MesonDisplayServer( 289): use connector getDisplayAttribute "HDR Priority": "268435472"
05-30 14:03:50.759 I/SystemControl( 318): [/DisplayMode.cpp, getCurrentHdrPriority, 2840] getCurrentHdrPriority is [0x10000010]
05-30 14:03:50.760 V/MesonDisplayServer( 289): GetDisplayMode:2160p60hz
05-30 14:03:50.760 E/dangbei111( 1449): cccccc 检查遥控器是否连接: Dangbei E4:BB:D3:57:C0:53
05-30 14:03:50.761 D/MesonDisplayServer( 289): use connector getDisplayAttribute "HDR Priority": "268435472"
05-30 14:03:50.761 I/SystemControl( 318): [/DisplayMode.cpp, getCurrentHdrPriority, 2840] getCurrentHdrPriority is [0x10000010]
05-30 14:03:50.762 V/MesonDisplayServer( 289): GetDisplayMode:2160p60hz
05-30 14:03:50.762 D/MesonDisplay( 289): meson_write /sys/class/amhdmitx/amhdmitx0/valid_mode, outputmode:2160p60hz420,12bit
05-30 14:03:50.762 D/MesonDisplay( 289): valid mode is true!
05-30 14:03:50.762 D/MesonDisplay( 289): meson_write /sys/class/amhdmitx/amhdmitx0/valid_mode, outputmode:2160p60hz420,10bit
05-30 14:03:50.763 D/MesonDisplay( 289): valid mode is true!
05-30 14:03:50.763 D/MesonDisplay( 289): meson_write /sys/class/amhdmitx/amhdmitx0/valid_mode, outputmode:2160p60hz420,8bit
05-30 14:03:50.763 D/MesonDisplay( 289): valid mode is true!
05-30 14:03:50.763 D/MesonDisplay( 289): meson_write /sys/class/amhdmitx/amhdmitx0/valid_mode, outputmode:2160p60hz444,12bit
05-30 14:03:50.763 E/dangbei111( 1449): cccccc 检查遥控器是否连接: 蓝牙的结果 Dangbei E4:BB:D3:57:C0:53 true
05-30 14:03:50.763 D/MesonDisplay( 289): valid mode is false!
05-30 14:03:50.763 D/MesonDisplay( 289): meson_write /sys/class/amhdmitx/amhdmitx0/valid_mode, outputmode:2160p60hz444,10bit
05-30 14:03:50.763 D/MesonDisplay( 289): valid mode is false!
05-30 14:03:50.763 D/MesonDisplay( 289): meson_write /sys/class/amhdmitx/amhdmitx0/valid_mode, outputmode:2160p60hz444,8bit
05-30 14:03:50.763 E/dangbei111( 1449): cccccc 确实有遥控器 存在
05-30 14:03:50.763 D/MesonDisplay( 289): valid mode is true!
05-30 14:03:50.763 E/dangbei111( 1449): cccccc rc is connected, stop scan =E4:BB:D3:57:C0:53
05-30 14:03:50.763 D/MesonDisplay( 289): meson_write /sys/class/amhdmitx/amhdmitx0/valid_mode, outputmode:2160p60hz422,12bit
05-30 14:03:50.763 D/MesonDisplay( 289): valid mode is true!
05-30 14:03:50.763 D/MesonDisplay( 289): meson_write /sys/class/amhdmitx/amhdmitx0/valid_mode, outputmode:2160p60hzrgb,12bit
05-30 14:03:50.763 D/MesonDisplay( 289): valid mode is false!
05-30 14:03:50.763 D/MesonDisplay( 289): meson_write /sys/class/amhdmitx/amhdmitx0/valid_mode, outputmode:2160p60hzrgb,10bit
05-30 14:03:50.763 D/MesonDisplay( 289): valid mode is false!
05-30 14:03:50.763 D/MesonDisplay( 289): meson_write /sys/class/amhdmitx/amhdmitx0/valid_mode, outputmode:2160p60hzrgb,8bit
05-30 14:03:50.763 D/MesonDisplay( 289): valid mode is true!
05-30 14:03:50.763 I/MesonHwc( 289): [/ModePolicy.cpp, getCurrentSupportDeepColor, 736] getCurrentSupportDeepColor current mode: 2160p60hz supported color: 420,12bit
05-30 14:03:50.763 I/MesonHwc( 289): 420,10bit
05-30 14:03:50.763 I/MesonHwc( 289): 420,8bit
05-30 14:03:50.763 I/MesonHwc( 289): 444,8bit
05-30 14:03:50.763 I/MesonHwc( 289): 422,12bit
05-30 14:03:50.763 I/MesonHwc( 289): rgb,8bit
05-30 14:03:50.764 V/MesonDisplayServer( 289): GetDisplayMode:2160p60hz
05-30 14:03:50.765 D/MesonDisplayServer( 289): use connector getDisplayAttribute "HDMI Color ATTR": "420,10bit"
05-30 14:03:50.765 I/SystemControl( 318): [/DisplayMode.cpp, getDeepColorAttr, 2290] getDeepColorAttr colorspace:420,10bit
05-30 14:03:50.765 I/SystemControl( 318): get deep color attr mode 2160p60hz, value 420,10bit
05-30 14:03:50.765 E/ccc ( 1449): cccccc ColorHelper current get YCbCr 4:2:0 10-bit
05-30 14:03:50.796 D/TrafficStats( 1482): tagSocket(125) with statsTag=0xffffffff, statsUid=-1
05-30 14:03:50.802 E/nStackXDFinder( 2271): GetLocalIp:[401] :GetLocalIp exec
05-30 14:03:50.802 E/nStackXDFinder( 2271): GetLocalIp:[401] :GetLocalIp exec
05-30 14:03:50.802 E/nStackXDFinder( 2271): GetLocalIp:[401] :GetLocalIp exec
05-30 14:03:50.802 I/nStackXCoAP( 2271): CoapServiceDiscoverTimerHandle:[524] :the 7 times for device discover.
05-30 14:03:50.814 D/nStackXCoAP( 2271): IsInSameNetwork:[276] :IsInSameNetwork exec
05-30 14:03:50.814 I/nStackXDFinder( 2271): GetLocalInterfaceDetail:[461] :GetLocalInterfaceDetail in
05-30 14:03:50.814 E/nStackXCoAP( 2271): IsInSameNetwork:[281] :IsInSameNetwork: not priority process
05-30 14:03:50.817 D/nStackXCoAP( 2271): IsInSameNetwork:[276] :IsInSameNetwork exec
05-30 14:03:50.817 I/nStackXDFinder( 2271): GetLocalInterfaceDetail:[461] :GetLocalInterfaceDetail in
05-30 14:03:50.817 E/nStackXCoAP( 2271): IsInSameNetwork:[281] :IsInSameNetwork: not priority process
05-30 14:03:50.817 E/dangbei111( 1449): cccccc 检查遥控器是否连接: Dangbei E4:BB:D3:57:C0:53
05-30 14:03:50.832 E/dangbei111( 1449): cccccc 检查遥控器是否连接: 蓝牙的结果 Dangbei E4:BB:D3:57:C0:53 true
05-30 14:03:50.832 E/dangbei111( 1449): cccccc 确实有遥控器 存在
05-30 14:03:50.832 E/dangbei111( 1449): cccccc rc is connected, stop scan =E4:BB:D3:57:C0:53
05-30 14:03:50.834 D/TrafficStats( 1482): tagSocket(129) with statsTag=0xffffffff, statsUid=-1
05-30 14:03:50.834 D/nStackXCoAP( 2271): IsInSameNetwork:[276] :IsInSameNetwork exec
05-30 14:03:50.834 I/nStackXDFinder( 2271): GetLocalInterfaceDetail:[461] :GetLocalInterfaceDetail in
05-30 14:03:50.834 E/nStackXCoAP( 2271): IsInSameNetwork:[281] :IsInSameNetwork: not priority process
05-30 14:03:50.876 D/nStackXCoAP( 2271): IsInSameNetwork:[276] :IsInSameNetwork exec
05-30 14:03:50.876 I/nStackXDFinder( 2271): GetLocalInterfaceDetail:[461] :GetLocalInterfaceDetail in
05-30 14:03:50.876 E/nStackXCoAP( 2271): IsInSameNetwork:[281] :IsInSameNetwork: not priority process
05-30 14:03:50.876 D/nStackXCoAP( 2271): IsInSameNetwork:[276] :IsInSameNetwork exec
05-30 14:03:50.876 I/nStackXDFinder( 2271): GetLocalInterfaceDetail:[461] :GetLocalInterfaceDetail in
05-30 14:03:50.876 E/nStackXCoAP( 2271): IsInSameNetwork:[281] :IsInSameNetwork: not priority process
05-30 14:03:50.878 D/nStackXCoAP( 2271): IsInSameNetwork:[276] :IsInSameNetwork exec
05-30 14:03:50.878 I/nStackXDFinder( 2271): GetLocalInterfaceDetail:[461] :GetLocalInterfaceDetail in
05-30 14:03:50.878 E/nStackXCoAP( 2271): IsInSameNetwork:[281] :IsInSameNetwork: not priority process
05-30 14:03:50.878 D/nStackXCoAP( 2271): IsInSameNetwork:[276] :IsInSameNetwork exec
05-30 14:03:50.878 I/nStackXDFinder( 2271): GetLocalInterfaceDetail:[461] :GetLocalInterfaceDetail in
05-30 14:03:50.878 E/nStackXCoAP( 2271): IsInSameNetwork:[281] :IsInSameNetwork: not priority process
05-30 14:03:50.880 D/nStackXCoAP( 2271): IsInSameNetwork:[276] :IsInSameNetwork exec
05-30 14:03:50.880 I/nStackXDFinder( 2271): GetLocalInterfaceDetail:[461] :GetLocalInterfaceDetail in
05-30 14:03:50.880 E/nStackXCoAP( 2271): IsInSameNetwork:[281] :IsInSameNetwork: not priority process
05-30 14:03:50.880 D/TrafficStats( 1482): tagSocket(127) with statsTag=0xffffffff, statsUid=-1
05-30 14:03:50.880 D/TrafficStats( 1482): tagSocket(132) with statsTag=0xffffffff, statsUid=-1
05-30 14:03:50.881 D/nStackXCoAP( 2271): IsInSameNetwork:[276] :IsInSameNetwork exec
05-30 14:03:50.881 I/nStackXDFinder( 2271): GetLocalInterfaceDetail:[461] :GetLocalInterfaceDetail in
05-30 14:03:50.881 E/nStackXCoAP( 2271): IsInSameNetwork:[281] :IsInSameNetwork: not priority process
05-30 14:03:50.882 D/nStackXCoAP( 2271): IsInSameNetwork:[276] :IsInSameNetwork exec
05-30 14:03:50.882 I/nStackXDFinder( 2271): GetLocalInterfaceDetail:[461] :GetLocalInterfaceDetail in
05-30 14:03:50.882 E/nStackXCoAP( 2271): IsInSameNetwork:[281] :IsInSameNetwork: not priority process
05-30 14:03:50.885 D/TrafficStats( 1482): tagSocket(141) with statsTag=0xffffffff, statsUid=-1
05-30 14:03:50.896 D/nStackXCoAP( 2271): IsInSameNetwork:[276] :IsInSameNetwork exec
05-30 14:03:50.896 I/nStackXDFinder( 2271): GetLocalInterfaceDetail:[461] :GetLocalInterfaceDetail in
05-30 14:03:50.896 E/nStackXCoAP( 2271): IsInSameNetwork:[281] :IsInSameNetwork: not priority process
05-30 14:03:50.897 D/nStackXCoAP( 2271): IsInSameNetwork:[276] :IsInSameNetwork exec
05-30 14:03:50.897 I/nStackXDFinder( 2271): GetLocalInterfaceDetail:[461] :GetLocalInterfaceDetail in
05-30 14:03:50.897 E/nStackXCoAP( 2271): IsInSameNetwork:[281] :IsInSameNetwork: not priority process
05-30 14:03:50.898 E/dangbei111( 1449): cccccc 检查遥控器是否连接: Dangbei E4:BB:D3:57:C0:53
05-30 14:03:50.901 I/d.leradlauncher( 1482): Background young concurrent copying GC freed 61971(3925KB) AllocSpace objects, 53(1624KB) LOS objects, 14% free, 15MB/17MB, paused 269us,403us total 130.013ms
05-30 14:03:50.901 D/nStackXCoAP( 2271): IsInSameNetwork:[276] :IsInSameNetwork exec
05-30 14:03:50.901 I/nStackXDFinder( 2271): GetLocalInterfaceDetail:[461] :GetLocalInterfaceDetail in
05-30 14:03:50.901 E/nStackXCoAP( 2271): IsInSameNetwork:[281] :IsInSameNetwork: not priority process
05-30 14:03:50.902 D/nStackXCoAP( 2271): IsInSameNetwork:[276] :IsInSameNetwork exec
05-30 14:03:50.902 I/nStackXDFinder( 2271): GetLocalInterfaceDetail:[461] :GetLocalInterfaceDetail in
05-30 14:03:50.902 E/nStackXCoAP( 2271): IsInSameNetwork:[281] :IsInSameNetwork: not priority process
05-30 14:03:50.904 D/nStackXCoAP( 2271): IsInSameNetwork:[276] :IsInSameNetwork exec
05-30 14:03:50.904 I/nStackXDFinder( 2271): GetLocalInterfaceDetail:[461] :GetLocalInterfaceDetail in
05-30 14:03:50.904 E/nStackXCoAP( 2271): IsInSameNetwork:[281] :IsInSameNetwork: not priority process
05-30 14:03:50.907 D/nStackXCoAP( 2271): IsInSameNetwork:[276] :IsInSameNetwork exec
05-30 14:03:50.908 I/nStackXDFinder( 2271): GetLocalInterfaceDetail:[461] :GetLocalInterfaceDetail in
05-30 14:03:50.908 E/nStackXCoAP( 2271): IsInSameNetwork:[281] :IsInSameNetwork: not priority process
05-30 14:03:50.908 E/dangbei111( 1449): cccccc 检查遥控器是否连接: 蓝牙的结果 Dangbei E4:BB:D3:57:C0:53 true
05-30 14:03:50.908 E/dangbei111( 1449): cccccc 确实有遥控器 存在
05-30 14:03:50.908 E/dangbei111( 1449): cccccc rc is connected, stop scan =E4:BB:D3:57:C0:53
05-30 14:03:50.909 D/nStackXCoAP( 2271): IsInSameNetwork:[276] :IsInSameNetwork exec
05-30 14:03:50.909 I/nStackXDFinder( 2271): GetLocalInterfaceDetail:[461] :GetLocalInterfaceDetail in
05-30 14:03:50.909 E/nStackXCoAP( 2271): IsInSameNetwork:[281] :IsInSameNetwork: not priority process
05-30 14:03:50.911 D/nStackXCoAP( 2271): IsInSameNetwork:[276] :IsInSameNetwork exec
05-30 14:03:50.911 I/nStackXDFinder( 2271): GetLocalInterfaceDetail:[461] :GetLocalInterfaceDetail in
05-30 14:03:50.911 E/nStackXCoAP( 2271): IsInSameNetwork:[281] :IsInSameNetwork: not priority process
05-30 14:03:50.916 E/dangbei111( 1449): cccccc 检查遥控器是否连接: Dangbei E4:BB:D3:57:C0:53
05-30 14:03:50.918 D/nStackXCoAP( 2271): IsInSameNetwork:[276] :IsInSameNetwork exec
05-30 14:03:50.918 I/nStackXDFinder( 2271): GetLocalInterfaceDetail:[461] :GetLocalInterfaceDetail in
05-30 14:03:50.918 E/nStackXCoAP( 2271): IsInSameNetwork:[281] :IsInSameNetwork: not priority process
05-30 14:03:50.926 E/dangbei111( 1449): cccccc 检查遥控器是否连接: 蓝牙的结果 Dangbei E4:BB:D3:57:C0:53 true
05-30 14:03:50.926 E/dangbei111( 1449): cccccc 确实有遥控器 存在
05-30 14:03:50.926 E/dangbei111( 1449): cccccc rc is connected, stop scan =E4:BB:D3:57:C0:53
05-30 14:03:50.932 W/id.ext.services( 1163): ApkAssets: Deleting an ApkAssets object ' and /system/app/dangbei-screencast/dangbei-screencast.apk' with 1 weak references
05-30 14:03:50.937 D/nStackXCoAP( 2271): IsInSameNetwork:[276] :IsInSameNetwork exec
05-30 14:03:50.937 I/nStackXDFinder( 2271): GetLocalInterfaceDetail:[461] :GetLocalInterfaceDetail in
05-30 14:03:50.937 E/nStackXCoAP( 2271): IsInSameNetwork:[281] :IsInSameNetwork: not priority process
05-30 14:03:50.937 D/nStackXCoAP( 2271): IsInSameNetwork:[276] :IsInSameNetwork exec
05-30 14:03:50.938 I/nStackXDFinder( 2271): GetLocalInterfaceDetail:[461] :GetLocalInterfaceDetail in
05-30 14:03:50.938 E/nStackXCoAP( 2271): IsInSameNetwork:[281] :IsInSameNetwork: not priority process
05-30 14:03:51.034 I/WifiHAL ( 500): call wifi_get_link_stats handler
05-30 14:03:51.034 I/WifiHAL ( 500): Creating message to get link statistics; iface = 16
05-30 14:03:51.034 D/WifiHAL ( 500): error code -95 mapped to -3
05-30 14:03:51.034 E/WifiStaIfaceAidlImpl( 692): getLinkLayerStats failed with service-specific exception: android.os.ServiceSpecificException: (code 4)
05-30 14:03:51.057 D/InstantWifi( 692): Receive Wifi is connected, freq = 5745 and currentNetworkId : 0, wifiinfo = SSID: , BSSID: 02:00:00:00:00:00, MAC: 02:00:00:00:00:00, IP: /192.168.3.222, Security type: 2, Supplicant state: COMPLETED, Wi-Fi standard: 6, RSSI: -60, Link speed: 1200Mbps, Tx Link speed: 1200Mbps, Max Supported Tx Link speed: 1200Mbps, Rx Link speed: 136Mbps, Max Supported Rx Link speed: 1200Mbps, Frequency: 5745MHz, Net ID: -1, Metered hint: false, score: 60, isUsable: true, CarrierMerged: false, SubscriptionId: -1, IsPrimary: 1, Trusted: true, Restricted: false, Ephemeral: false, OEM paid: false, OEM private: false, OSU AP: false, FQDN: , Provider friendly name: , Requesting package name: MLO Information: , Is TID-To-Link negotiation supported by the AP: false, AP MLD Address: , AP MLO Link Id: , AP MLO Affiliated links:
05-30 14:03:51.063 E/dangbei111( 1449): cccccc 检查遥控器是否连接: Dangbei E4:BB:D3:57:C0:53
05-30 14:03:51.068 I/SogouIME( 1455): onKeyDown: keyoCode=20
05-30 14:03:51.068 I/DefaultIMS( 1455): onKeyDown: keyoCode=20
05-30 14:03:51.070 D/XM_HIDREAD( 1982): poll ret=1, event=1
05-30 14:03:51.070 D/XM_HIDREAD( 1982): [9 bytes]:01 00 00 51 00 00 00 00 00
05-30 14:03:51.082 E/dangbei111( 1449): cccccc 检查遥控器是否连接: 蓝牙的结果 Dangbei E4:BB:D3:57:C0:53 true
05-30 14:03:51.082 E/dangbei111( 1449): cccccc 确实有遥控器 存在
05-30 14:03:51.082 E/dangbei111( 1449): cccccc rc is connected, stop scan =E4:BB:D3:57:C0:53
05-30 14:03:51.099 E/ccc ( 1449): cccccc hhhhhhhhhh RC version is DB-15B-H5-R0111
05-30 14:03:51.101 E/RCInfo ( 1449): vid:000d
05-30 14:03:51.101 E/RCInfo ( 1449): pid:3838
05-30 14:03:51.101 E/RCInfo ( 1449): vid:000d
05-30 14:03:51.101 E/RCInfo ( 1449): pid:3838
05-30 14:03:51.106 E/ccc ( 1449): cccccc 实时获取遥控器版本 DB-15B-H5-R0111
05-30 14:03:51.177 I/d.leradlauncher( 1482): Background concurrent copying GC freed 33046(1998KB) AllocSpace objects, 122(3504KB) LOS objects, 50% free, 17MB/35MB, paused 266us,206us total 219.865ms
05-30 14:03:51.200 D/XM_HIDREAD( 1982): poll ret=1, event=1
05-30 14:03:51.200 D/XM_HIDREAD( 1982): [9 bytes]:01 00 00 00 00 00 00 00 00
05-30 14:03:51.202 I/SogouIME( 1455): onKeyUp: keyoCode=20
05-30 14:03:51.202 I/DefaultIMS( 1455): onKeyUp: keyoCode=20
05-30 14:03:51.212 I/ThermalService( 999): CPU temperatures: [55.500004]
05-30 14:03:51.285 I/efs.base( 1735): lt=event`ev_ct=efs_core`ev_ac=log_lag`tm=2025-05-30 14:03:28`dn=6aee369d-97d5-42b8-aaef-4ff281a087ea`ps=com.dangbei.screencast`um_os=android`stime=1748585010847`pid=1735`fr=android`pkg=com.dangbei.screencast`vcode=20830`dsp_w=1920`uid=6aee369d-97d5-42b8-aaef-4ff281a087ea`rom=14`wid=6aee369d-97d5-42b8-aaef-4ff281a087ea`um_app_carrier=`um_access=unknow`um_app_channel=os`um_crash_sdk_version=1.4.0`ctime=1748585031`model=dbbox-a3`lang=zh`net=wifi`brand=amlogic`dsp_h=1080`um_network_type=0`ver=v2.8.3`cnt=2`build_model=DBBOX-A3`w_tm=1748585031`appid=5fc60c21094d637f3130af19`um_umid_header=null`sdk=34`tzone=Asia/Shanghai`sdk_ver=1.3.6.umeng
05-30 14:03:51.300 I/WifiService( 692): startScan uid=1000
05-30 14:03:51.302 D/TrafficStats( 1735): tagSocket(5) with statsTag=0xffffffff, statsUid=-1
05-30 14:03:51.302 E/ccc ( 2614): cccccc i will start scan
05-30 14:03:51.303 E/nStackXDFinder( 2271): GetLocalIp:[401] :GetLocalIp exec
05-30 14:03:51.303 E/nStackXDFinder( 2271): GetLocalIp:[401] :GetLocalIp exec
05-30 14:03:51.303 E/nStackXDFinder( 2271): GetLocalIp:[401] :GetLocalIp exec
05-30 14:03:51.303 I/nStackXCoAP( 2271): CoapServiceDiscoverTimerHandle:[524] :the 8 times for device discover.
05-30 14:03:51.307 E/ccc ( 2614): cccccc 222222222222222222
05-30 14:03:51.310 D/TrafficStats( 1735): tagSocket(211) with statsTag=0xffffffff, statsUid=-1
05-30 14:03:51.310 D/InstantWifi( 692): Drop, size: 1
05-30 14:03:51.312 D/nStackXCoAP( 2271): IsInSameNetwork:[276] :IsInSameNetwork exec
05-30 14:03:51.312 I/nStackXDFinder( 2271): GetLocalInterfaceDetail:[461] :GetLocalInterfaceDetail in
05-30 14:03:51.312 E/nStackXCoAP( 2271): IsInSameNetwork:[281] :IsInSameNetwork: not priority process
05-30 14:03:51.312 I/nStackXDFinder( 2271): NotifyDeviceListChanged:[540] :notify callback: device list changed callback is null
05-30 14:03:51.321 E/ccc ( 2614): cccccc sort 2 54
05-30 14:03:51.322 D/nStackXCoAP( 2271): IsInSameNetwork:[276] :IsInSameNetwork exec
05-30 14:03:51.322 I/nStackXDFinder( 2271): GetLocalInterfaceDetail:[461] :GetLocalInterfaceDetail in
05-30 14:03:51.322 E/nStackXCoAP( 2271): IsInSameNetwork:[281] :IsInSameNetwork: not priority process
05-30 14:03:51.323 D/nStackXCoAP( 2271): IsInSameNetwork:[276] :IsInSameNetwork exec
05-30 14:03:51.323 I/nStackXDFinder( 2271): GetLocalInterfaceDetail:[461] :GetLocalInterfaceDetail in
05-30 14:03:51.323 E/nStackXCoAP( 2271): IsInSameNetwork:[281] :IsInSameNetwork: not priority process
05-30 14:03:51.324 D/nStackXCoAP( 2271): IsInSameNetwork:[276] :IsInSameNetwork exec
05-30 14:03:51.324 I/nStackXDFinder( 2271): GetLocalInterfaceDetail:[461] :GetLocalInterfaceDetail in
05-30 14:03:51.324 E/nStackXCoAP( 2271): IsInSameNetwork:[281] :IsInSameNetwork: not priority process
05-30 14:03:51.326 E/ccc ( 2614): cccccc 4444444444444444444 CONNECTED
05-30 14:03:51.328 D/nStackXCoAP( 2271): IsInSameNetwork:[276] :IsInSameNetwork exec
05-30 14:03:51.328 I/nStackXDFinder( 2271): GetLocalInterfaceDetail:[461] :GetLocalInterfaceDetail in
05-30 14:03:51.328 E/nStackXCoAP( 2271): IsInSameNetwork:[281] :IsInSameNetwork: not priority process
05-30 14:03:51.339 E/ccc ( 2614): cccccc sort 2 54
05-30 14:03:51.393 D/OpenGLRenderer( 2614): --- Failed to create image decoder with message 'unimplemented'
05-30 14:03:51.394 D/OpenGLRenderer( 2614): --- Failed to create image decoder with message 'unimplemented'
05-30 14:03:51.394 D/OpenGLRenderer( 2614): --- Failed to create image decoder with message 'unimplemented'
05-30 14:03:51.395 D/OpenGLRenderer( 2614): --- Failed to create image decoder with message 'unimplemented'
05-30 14:03:51.396 D/OpenGLRenderer( 2614): --- Failed to create image decoder with message 'unimplemented'
05-30 14:03:51.396 D/OpenGLRenderer( 2614): --- Failed to create image decoder with message 'unimplemented'
05-30 14:03:51.399 D/nStackXCoAP( 2271): IsInSameNetwork:[276] :IsInSameNetwork exec
05-30 14:03:51.400 I/nStackXDFinder( 2271): GetLocalInterfaceDetail:[461] :GetLocalInterfaceDetail in
05-30 14:03:51.400 E/nStackXCoAP( 2271): IsInSameNetwork:[281] :IsInSameNetwork: not priority process
05-30 14:03:51.400 D/nStackXCoAP( 2271): IsInSameNetwork:[276] :IsInSameNetwork exec
05-30 14:03:51.401 I/nStackXDFinder( 2271): GetLocalInterfaceDetail:[461] :GetLocalInterfaceDetail in
05-30 14:03:51.401 E/nStackXCoAP( 2271): IsInSameNetwork:[281] :IsInSameNetwork: not priority process
05-30 14:03:51.402 D/nStackXCoAP( 2271): IsInSameNetwork:[276] :IsInSameNetwork exec
05-30 14:03:51.402 I/nStackXDFinder( 2271): GetLocalInterfaceDetail:[461] :GetLocalInterfaceDetail in
05-30 14:03:51.402 E/nStackXCoAP( 2271): IsInSameNetwork:[281] :IsInSameNetwork: not priority process
05-30 14:03:51.403 D/nStackXCoAP( 2271): IsInSameNetwork:[276] :IsInSameNetwork exec
