05-30 14:03:28.030 D/ObexServerSockets( 1108): create(rfcomm = -2, l2capPsm = -2)
05-30 14:03:28.033 I/bt_btif_sock( 1108): packages/modules/Bluetooth/system/btif/src/btif_sock.cc:161 btif_sock_connection_logger: address=00:00:00:00:00:00, role=1, state=1
05-30 14:03:28.033 I/bt_btif_sock_rfcomm( 1108): packages/modules/Bluetooth/system/btif/src/btif_sock_rfc.cc:320 btsock_rfc_listen: Adding listening socket service_name: (null) - channel: -2
05-30 14:03:28.033 I/bt_stack( 1108): [INFO:port_api.cc(220)] RFCOMM_CreateConnectionWithSecurity: bd_addr=ff:ff:ff:ff:ff:ff, scn=4, is_server=1, mtu=990, uuid=000000, dlci=8, signal_state=0x0b, p_port=0xc47a1a10
05-30 14:03:28.034 I/bt_btif_sock( 1108): packages/modules/Bluetooth/system/btif/src/btif_sock.cc:161 btif_sock_connection_logger: address=00:00:00:00:00:00, role=1, state=1
05-30 14:03:28.034 D/BluetoothAdapter( 1108): listenUsingInsecureL2capOn: port=-2
05-30 14:03:28.036 I/bt_btif_sock( 1108): packages/modules/Bluetooth/system/btif/src/btif_sock.cc:161 btif_sock_connection_logger: address=00:00:00:00:00:00, role=1, state=1
05-30 14:03:28.036 D/CompatibilityChangeReporter( 692): Compat change id reported: 168419799; UID 1000; state: DISABLED
05-30 14:03:28.037 I/bluetooth( 1108): packages/modules/Bluetooth/system/btif/src/btif_sock_l2cap.cc:332 btsock_l2cap_alloc_l: Allocated l2cap socket structure socket_id:1
05-30 14:03:28.037 I/bt_l2cap( 1108): packages/modules/Bluetooth/system/stack/l2cap/l2c_api.cc:172 L2CA_Register: L2CAP Registered service classic PSM: 0x1001
05-30 14:03:28.037 I/bt_btif_sock( 1108): packages/modules/Bluetooth/system/btif/src/btif_sock.cc:161 btif_sock_connection_logger: address=00:00:00:00:00:00, role=1, state=1
05-30 14:03:28.037 I/bluetooth( 1108): packages/modules/Bluetooth/system/btif/src/btif_sock_l2cap.cc:357 send_app_psm_or_chan_l: Sending l2cap socket socket_id:1 channel:4097
05-30 14:03:28.037 D/CompatibilityChangeReporter( 692): Compat change id reported: 273564678; UID 1000; state: DISABLED
05-30 14:03:28.037 D/BluetoothAdapter( 1108): listenUsingInsecureL2capOn: set assigned channel to 4097
05-30 14:03:28.037 D/ObexServerSockets( 1108): Succeed to create listening sockets
05-30 14:03:28.037 D/ObexServerSockets0( 1108): startAccept()
05-30 14:03:28.038 D/BluetoothSdpJni( 1108): sdpCreateOppOpsRecordNative
05-30 14:03:28.038 D/BluetoothSdpJni( 1108): SDP Create record success - handle: 0
05-30 14:03:28.038 D/BtOppService( 1108): mOppSdpHandle :0
05-30 14:03:28.038 I/bt_bta_dm( 1108): packages/modules/Bluetooth/system/bta/dm/bta_dm_act.cc:3456 bta_dm_eir_update_uuid: EIR Adding UUID=0x1105 into extended inquiry response
05-30 14:03:28.038 I/bt_bta_dm( 1108): packages/modules/Bluetooth/system/bta/dm/bta_dm_act.cc:3155 bta_dm_set_eir: Generating extended inquiry response packet EIR
05-30 14:03:28.038 E/bt_btif ( 1108): packages/modules/Bluetooth/system/main/bte_logmsg.cc:105 LogMsg: toggleProfile: Unknown service 255 being enabled
05-30 14:03:28.038 D/ObexServerSockets0( 1108): Accepting socket connection...
05-30 14:03:28.038 D/BluetoothSocket( 1108): accept(), timeout (ms):-1
05-30 14:03:28.039 D/ObexServerSockets0( 1108): Accepting socket connection...
05-30 14:03:28.039 D/BluetoothSocket( 1108): accept(), timeout (ms):-1
05-30 14:03:28.041 D/CompatibilityChangeReporter( 1335): Compat change id reported: 171979766; UID 1000; state: ENABLED
05-30 14:03:28.041 D/CompatibilityChangeReporter( 1335): Compat change id reported: 242716250; UID 1000; state: ENABLED
05-30 14:03:28.042 D/LocalBluetoothProfileManager( 991): Adding local HEADSET profile
05-30 14:03:28.045 D/BluetoothHeadset( 991): Binding service...
05-30 14:03:28.046 D/LocalBluetoothProfileManager( 991): Adding local OPP profile
05-30 14:03:28.046 D/LocalBluetoothProfileManager( 991): Adding local HID_HOST profile
05-30 14:03:28.048 D/BluetoothHidHost( 991): Binding service...
05-30 14:03:28.049 D/BluetoothManagerService( 692): Creating new ProfileServiceConnections object for profile: 4
05-30 14:03:28.055 D/LocalBluetoothProfileManager( 991): Adding local PAN profile
05-30 14:03:28.061 D/QSTileHost( 991): Saving tiles: [internet, bt, dnd, alarm, airplane, cast, screenrecord, mictoggle, cameratoggle, custom(com.android.permissioncontroller/.permission.service.v33.SafetyCenterQsTileService)] for user: 0
05-30 14:03:28.063 W/oid.tv.settings( 1335): ClassLoaderContext shared library size mismatch. Expected=2, found=0 (PCL[]{PCL[/system_ext/framework/androidx.window.extensions.jar*875812793]#PCL[/system_ext/framework/androidx.window.sidecar.jar*2298648165]} | PCL[])
05-30 14:03:28.065 D/BluetoothPan( 991): Binding service...
05-30 14:03:28.065 D/BluetoothManagerService( 692): Creating new ProfileServiceConnections object for profile: 5
05-30 14:03:28.068 D/QSTileHost( 991): Loaded tile specs from setting: internet,bt,dnd,alarm,airplane,cast,screenrecord,mictoggle,cameratoggle,custom(com.android.permissioncontroller/.permission.service.v33.SafetyCenterQsTileService)
05-30 14:03:28.068 D/QSTileHost( 991): Saving tiles: [internet, bt, dnd, alarm, airplane, cast, screenrecord, mictoggle, cameratoggle] for user: 0
05-30 14:03:28.080 D/SystemServerTiming( 692): getUserSwitchability-0
05-30 14:03:28.081 D/SystemServerTiming( 692): TM.isInCall
05-30 14:03:28.082 D/SystemServerTiming( 692): hasUserRestriction-DISALLOW_USER_SWITCH
05-30 14:03:28.082 D/SystemServerTiming( 692): getInt-ALLOW_USER_SWITCHING_WHEN_SYSTEM_USER_LOCKED
05-30 14:03:28.082 D/SystemServerTiming( 692): isUserUnlocked-USER_SYSTEM
05-30 14:03:28.083 D/QSTileHost( 991): Loaded tile specs from setting: internet,bt,dnd,alarm,airplane,cast,screenrecord,mictoggle,cameratoggle
05-30 14:03:28.084 D/QSTileHost( 991): Loaded tile specs from setting: internet,bt,dnd,alarm,airplane,cast,screenrecord,mictoggle,cameratoggle
05-30 14:03:28.093 D/LocalBluetoothProfileManager( 991): Current Profiles[]
05-30 14:03:28.094 D/LocalBluetoothProfileManager( 991): New Profiles[HID]
05-30 14:03:28.094 D/CachedBluetoothDevice( 991): updating profiles for XX:XX:XX:XX:C0:53
05-30 14:03:28.097 D/BluetoothAdapter( 991): getActiveDevices(profile= A2DP)
05-30 14:03:28.101 I/BluetoothAdapterService( 1108): getActiveDevices: A2dp device: null
05-30 14:03:28.101 D/BluetoothAdapter( 991): getActiveDevices(profile= HEADSET)
05-30 14:03:28.103 I/BluetoothAdapterService( 1108): getActiveDevices: Headset device: null
05-30 14:03:28.103 D/BluetoothAdapter( 991): getActiveDevices(profile= HEARING_AID)
05-30 14:03:28.105 I/BluetoothAdapterService( 1108): getActiveDevices: Hearing Aid devices: Left[null] - Right[null]
05-30 14:03:28.106 D/BluetoothHearingAid( 692): Proxy object connected
05-30 14:03:28.107 D/BluetoothHearingAid( 692): Proxy object connected
05-30 14:03:28.110 D/BluetoothAdapter( 692): getActiveDevices(profile= HEARING_AID)
05-30 14:03:28.111 D/nativeloader( 1335): Configuring clns-shared-4 for other apk /system_ext/priv-app/TvSettings/TvSettings.apk. target_sdk_version=34, uses_libraries=, library_path=/system_ext/priv-app/TvSettings/lib/arm:/system_ext/priv-app/TvSettings/TvSettings.apk!/lib/armeabi-v7a:/system/lib:/system_ext/lib, permitted_path=/data:/mnt/expand:/data/user_de/0/com.android.tv.settings:/system_ext/priv-app/TvSettings:/system/lib:/system_ext/lib
05-30 14:03:28.112 D/BluetoothA2dp( 692): Proxy object connected
05-30 14:03:28.112 D/BluetoothA2dp( 692): Proxy object connected
05-30 14:03:28.112 D/BluetoothHearingAid( 692): Proxy object connected
05-30 14:03:28.112 D/BluetoothA2dp( 692): Proxy object connected
05-30 14:03:28.113 I/BluetoothAdapterService( 1108): getActiveDevices: Hearing Aid devices: Left[null] - Right[null]
05-30 14:03:28.114 D/SystemServerTiming( 692): getUserSwitchability-0
05-30 14:03:28.114 D/SystemServerTiming( 692): TM.isInCall
05-30 14:03:28.114 D/SystemServerTiming( 692): hasUserRestriction-DISALLOW_USER_SWITCH
05-30 14:03:28.114 D/SystemServerTiming( 692): getInt-ALLOW_USER_SWITCHING_WHEN_SYSTEM_USER_LOCKED
05-30 14:03:28.114 D/SystemServerTiming( 692): isUserUnlocked-USER_SYSTEM
05-30 14:03:28.115 D/BluetoothHeadset( 692): Proxy object connected
05-30 14:03:28.119 D/BluetoothHearingAid( 991): Proxy object connected
05-30 14:03:28.119 D/BluetoothAdapter( 692): getActiveDevices(profile= A2DP)
05-30 14:03:28.123 I/BluetoothAdapterService( 1108): getActiveDevices: A2dp device: null
05-30 14:03:28.130 D/BluetoothAdapter( 692): getActiveDevices(profile= HEADSET)
05-30 14:03:28.131 D/SystemServerTiming( 692): getUserSwitchability-0
05-30 14:03:28.131 D/SystemServerTiming( 692): TM.isInCall
05-30 14:03:28.131 D/SystemServerTiming( 692): hasUserRestriction-DISALLOW_USER_SWITCH
05-30 14:03:28.131 D/SystemServerTiming( 692): getInt-ALLOW_USER_SWITCHING_WHEN_SYSTEM_USER_LOCKED
05-30 14:03:28.131 D/SystemServerTiming( 692): isUserUnlocked-USER_SYSTEM
05-30 14:03:28.132 I/BluetoothAdapterService( 1108): getActiveDevices: Headset device: null
05-30 14:03:28.132 I/AS.BtHelper( 692): onSetBtScoActiveDevice: (null) -> (null)
05-30 14:03:28.135 D/SystemServerTiming( 692): getUserSwitchability-0
05-30 14:03:28.135 D/SystemServerTiming( 692): TM.isInCall
05-30 14:03:28.135 D/SystemServerTiming( 692): hasUserRestriction-DISALLOW_USER_SWITCH
05-30 14:03:28.135 D/SystemServerTiming( 692): getInt-ALLOW_USER_SWITCHING_WHEN_SYSTEM_USER_LOCKED
05-30 14:03:28.135 D/SystemServerTiming( 692): isUserUnlocked-USER_SYSTEM
05-30 14:03:28.140 V/GraphicsEnvironment( 1335): Currently set values for:
05-30 14:03:28.140 V/GraphicsEnvironment( 1335): angle_gl_driver_selection_pkgs=[]
05-30 14:03:28.140 V/GraphicsEnvironment( 1335): angle_gl_driver_selection_values=[]
05-30 14:03:28.141 V/GraphicsEnvironment( 1335): ANGLE GameManagerService for com.android.tv.settings: false
05-30 14:03:28.141 V/GraphicsEnvironment( 1335): com.android.tv.settings is not listed in per-application setting
05-30 14:03:28.141 V/GraphicsEnvironment( 1335): Neither updatable production driver nor prerelease driver is supported.
05-30 14:03:28.143 D/BluetoothA2dp( 991): Proxy object connected
05-30 14:03:28.147 D/BluetoothHeadset( 991): Proxy object connected
05-30 14:03:28.153 D/BluetoothHidHost( 991): Proxy object connected
05-30 14:03:28.166 V/WindowManager( 692): app ------------- force_land :0
05-30 14:03:28.166 V/WindowManager( 692): app ------------- force_land :0
05-30 14:03:28.169 D/BluetoothPan( 991): Proxy object connected
05-30 14:03:28.204 D/CompatibilityChangeReporter( 1335): Compat change id reported: 183155436; UID 1000; state: ENABLED
05-30 14:03:28.229 D/CompatibilityChangeReporter( 1335): Compat change id reported: 237531167; UID 1000; state: DISABLED
05-30 14:03:28.231 W/OpenGLRenderer( 1335): Unknown dataspace 0
05-30 14:03:28.234 W/WindowManager( 692): [addWindow] title:com.android.tv.settings/com.android.tv.settings.system.FallbackHome
05-30 14:03:28.247 D/CoreBackPreview( 692): Window{d5f0a47 u0 com.android.tv.settings/com.android.tv.settings.system.FallbackHome}: Setting back callback OnBackInvokedCallbackInfo{mCallback=android.window.IOnBackInvokedCallback$Stub$Proxy@af4039d, mPriority=0, mIsAnimationCallback=false}
05-30 14:03:28.255 I/mali ( 1335): Successfully parsed 1 environment variable(s) from /vendor/etc/mali_platform.config.
05-30 14:03:28.256 I/mali ( 1335): Successfully parsed 1 environment variable(s) from /vendor/etc/mali_platform.config.
05-30 14:03:28.268 I/hwservicemanager( 232): getTransport: Cannot find entry android.hardware.configstore@1.0::ISurfaceFlingerConfigs/default in either framework or device VINTF manifest.
05-30 14:03:28.299 I/MesonDisplay( 289): [/mode_policy.c, meson_mode_set_policy, 1177] connector:0 to policy:0
05-30 14:03:28.299 I/MesonDisplay( 289): [/mode_policy.c, is_dv_prefer, 66] not prefer dv, hdr_priority:10000010
05-30 14:03:28.299 I/MesonDisplay( 289): [/mode_policy.c, is_dv_prefer, 66] not prefer dv, hdr_priority:10000010
05-30 14:03:28.299 I/MesonDisplay( 289): [/mode_policy.c, hdr_scene_process, 724] policy:0 is_bestcolorspace:1 state:0
05-30 14:03:28.299 I/MesonDisplay( 289): [/mode_policy_parser.c, is_support_hdmimode, 110] is_support_hdmimode mode: 2160p60hz
05-30 14:03:28.299 I/MesonDisplay( 289): [/mode_policy_parser.c, is_support_hdmimode, 110] is_support_hdmimode mode: 2160p60hz
05-30 14:03:28.299 D/MesonDisplay( 289): meson_write /sys/class/amhdmitx/amhdmitx0/valid_mode, outputmode:2160p60hz420,10bit
05-30 14:03:28.299 D/MesonDisplay( 289): valid mode is true!
05-30 14:03:28.299 I/MesonDisplay( 289): [/mode_policy.c, is_support_4kHDR, 499] is_support_4kHDR mode:[420,10bit], deep color:[2160p60hz]
05-30 14:03:28.299 I/MesonDisplay( 289): [/mode_policy.c, meson_mode_get_policy_output, 1289] final_displaymode:2160p60hz, final_deepcolor:420,10bit, amdv_type:0
05-30 14:03:28.299 I/MesonDisplay( 289): [/mode_policy.c, meson_mode_set_policy, 1177] connector:0 to policy:0
05-30 14:03:28.301 E/OpenGLRenderer( 1335): Unable to match the desired swap behavior.
05-30 14:03:28.332 D/xm_audio( 476): socket_thread start
05-30 14:03:28.332 D/xm_audio( 476): create socket g_is_running4
05-30 14:03:28.332 D/xm_audio( 476): create socket g_is_running5
05-30 14:03:28.332 E/xm_audio( 476): socket connect fail fd
05-30 14:03:28.332 E/xm_audio( 476): Error no: 111,Connection refused
05-30 14:03:28.332 E/xm_audio( 476): close cret:0
05-30 14:03:28.339 I/ActivityTaskManager( 692): Displayed com.android.tv.settings/.system.FallbackHome for user 0: +423ms
05-30 14:03:28.339 V/WindowManager( 692): Sent Transition #0 createdAt=05-30 14:03:25.954
05-30 14:03:28.339 V/WindowManager( 692): startWCT=WindowContainerTransaction { changes = {} hops = [] errorCallbackToken=null taskFragmentOrganizer=null }
05-30 14:03:28.339 V/WindowManager( 692): info=null
05-30 14:03:28.339 V/WindowManager( 692): Finish Transition #0: created at
05-30 14:03:25.954 collect-started=0.754ms request-sent=0.799ms started=6.709ms ready=2213.576ms sent=2376.799ms finished=2384.144ms
05-30 14:03:28.341 D/ActivityManagerTiming( 692): FinishBooting
05-30 14:03:28.342 D/WindowManager( 692): updateCecScreenStatus 0
05-30 14:03:28.342 D/HDMI ( 692): setCecSettingIntValue name:cec_screen_state, value:0
05-30 14:03:28.343 I/HDMI ( 692): screen state is changing to 0
05-30 14:03:28.350 W/ContextImpl( 692): Calling a method in the system process without a qualified user: android.app.ContextImpl.startService:1899 com.android.server.wm.DisplayPolicy.lambda$focusChangedLw$5:2126 com.android.server.wm.DisplayPolicy.$r8$lambda$Znxk63oh-WzVnzo_WQefN7uxV48:0 com.android.server.wm.DisplayPolicy$$ExternalSyntheticLambda13.run:0 android.os.Handler.handleCallback:958
05-30 14:03:28.350 W/ActivityManager( 692): Unable to start service Intent { cmp=com.oranth.ledstatus/.LedStatusService } U=0: not found
05-30 14:03:28.373 D/BootAnimation( 249): BootAnimationShownTiming End time: 22582ms
05-30 14:03:28.382 D/BootAnimation( 249): BootAnimationStopTiming start time: 22591ms
05-30 14:03:28.403 I/libperfmgr( 484): Hint type not present in actions: EXPENSIVE_RENDERING
05-30 14:03:28.404 I/android.hardware.power-service.libperfmgr( 484): Power mode EXPENSIVE_RENDERING isModeSupported: 0
05-30 14:03:28.452 I/SurfaceFlinger( 261): Boot is finished (17148 ms)
05-30 14:03:28.456 E/BpTransactionCompletedListener( 261): Failed to transact (-32)
05-30 14:03:28.459 D/ActivityManagerTiming( 692): FinishBooting
05-30 14:03:28.460 W/Zygote ( 465): forkRepeatedly terminated due to non-simple command
05-30 14:03:28.461 D/Zygote ( 465): mbuffer starts with 1 , nice name is , mEnd = 19, mNext = 19, mLinesLeft = 0, mFd = 5
05-30 14:03:28.464 I/ActivityManager( 692): About to commit checkpoint
05-30 14:03:28.465 I/SystemServiceManager( 692): Starting phase 1000
05-30 14:03:28.465 D/ActivityManagerTiming( 692): OnBootPhase_1000
05-30 14:03:28.465 D/ActivityManagerTiming( 692): OnBootPhase_1000_com.android.server.security.FileIntegrityService
05-30 14:03:28.465 D/ActivityManagerTiming( 692): OnBootPhase_1000_com.android.server.pm.Installer
05-30 14:03:28.465 D/ActivityManagerTiming( 692): OnBootPhase_1000_com.android.server.os.DeviceIdentifiersPolicyService
05-30 14:03:28.465 D/ActivityManagerTiming( 692): OnBootPhase_1000_com.android.server.flags.FeatureFlagsService
05-30 14:03:28.465 D/ActivityManagerTiming( 692): OnBootPhase_1000_com.android.server.uri.UriGrantsManagerService$Lifecycle
05-30 14:03:28.465 D/SurfaceFlinger( 261): Power hint is disabled
05-30 14:03:28.465 D/ActivityManagerTiming( 692): OnBootPhase_1000_com.android.server.powerstats.PowerStatsService
05-30 14:03:28.465 E/PowerStatsService( 692): Failed to start PowerStatsService loggers
05-30 14:03:28.465 D/ActivityManagerTiming( 692): OnBootPhase_1000_com.android.server.permission.access.AccessCheckingService
05-30 14:03:28.465 D/ActivityManagerTiming( 692): OnBootPhase_1000_com.android.server.wm.ActivityTaskManagerService$Lifecycle
05-30 14:03:28.465 D/ActivityManagerTiming( 692): OnBootPhase_1000_com.android.server.am.ActivityManagerService$Lifecycle
05-30 14:03:28.465 D/ActivityManagerTiming( 692): OnBootPhase_1000_com.android.server.pm.DataLoaderManagerService
05-30 14:03:28.465 D/ActivityManagerTiming( 692): OnBootPhase_1000_com.android.server.power.PowerManagerService
05-30 14:03:28.467 D/ActivityManagerTiming( 692): OnBootPhase_1000_com.android.server.power.ThermalManagerService
05-30 14:03:28.467 D/ActivityManagerTiming( 692): OnBootPhase_1000_com.android.server.power.hint.HintManagerService
05-30 14:03:28.467 D/ActivityManagerTiming( 692): OnBootPhase_1000_com.android.server.recoverysystem.RecoverySystemService$Lifecycle
05-30 14:03:28.468 D/ActivityManagerTiming( 692): OnBootPhase_1000_com.android.server.lights.LightsService
05-30 14:03:28.468 D/ActivityManagerTiming( 692): OnBootPhase_1000_com.android.server.display.DisplayManagerService
05-30 14:03:28.468 I/LogicalDisplayMapper( 692): Requesting Transition to state: 0, from state=-1, interactive=true, mBootCompleted=true
05-30 14:03:28.468 I/LogicalDisplayMapper( 692): Applying layout: [{dispId: 0(ON), displayGroupName: , addr: {port=11, model=0x401050603f19a5}, mThermalBrightnessThrottlingMapId: null, mRefreshRateZoneId: null, mLeadDisplayId: -1, mLeadDisplayAddress: null, mThermalRefreshRateThrottlingMapId: null}], Previous layout: [{dispId: 0(ON), displayGroupName: , addr: {port=11, model=0x401050603f19a5}, mThermalBrightnessThrottlingMapId: null, mRefreshRateZoneId: null, mLeadDisplayId: -1, mLeadDisplayAddress: null, mThermalRefreshRateThrottlingMapId: null}]
05-30 14:03:28.468 D/ActivityManagerTiming( 692): OnBootPhase_1000_com.android.server.pm.verify.domain.DomainVerificationService
05-30 14:03:28.468 D/ActivityManagerTiming( 692): OnBootPhase_1000_com.android.server.pm.PackageInstallerService$Lifecycle
05-30 14:03:28.468 D/ActivityManagerTiming( 692): OnBootPhase_1000_com.android.server.pm.UserManagerService$LifeCycle
05-30 14:03:28.468 D/ActivityManagerTiming( 692): OnBootPhase_1000_com.android.server.om.OverlayManagerService
05-30 14:03:28.468 D/ActivityManagerTiming( 692): OnBootPhase_1000_com.android.server.resources.ResourcesManagerService
05-30 14:03:28.469 D/ActivityManagerTiming( 692): OnBootPhase_1000_com.android.server.sensorprivacy.SensorPrivacyService
05-30 14:03:28.469 D/ActivityManagerTiming( 692): OnBootPhase_1000_com.android.server.sensors.SensorService
05-30 14:03:28.469 D/ActivityManagerTiming( 692): OnBootPhase_1000_com.android.server.SystemConfigService
05-30 14:03:28.469 D/ActivityManagerTiming( 692): OnBootPhase_1000_com.android.server.BatteryService
05-30 14:03:28.469 D/ActivityManagerTiming( 692): OnBootPhase_1000_com.android.server.usage.UsageStatsService
05-30 14:03:28.469 D/ActivityManagerTiming( 692): OnBootPhase_1000_com.android.server.webkit.WebViewUpdateService
05-30 14:03:28.469 D/ActivityManagerTiming( 692): OnBootPhase_1000_com.android.server.CachedDeviceStateService
05-30 14:03:28.469 D/ActivityManagerTiming( 692): OnBootPhase_1000_com.android.server.BinderCallsStatsService$LifeCycle
05-30 14:03:28.469 D/ActivityManagerTiming( 692): OnBootPhase_1000_com.android.server.LooperStatsService$Lifecycle
05-30 14:03:28.469 D/ActivityManagerTiming( 692): OnBootPhase_1000_com.android.server.rollback.RollbackManagerService
05-30 14:03:28.470 D/ActivityManagerTiming( 692): OnBootPhase_1000_com.android.server.os.NativeTombstoneManagerService
05-30 14:03:28.470 D/ActivityManagerTiming( 692): OnBootPhase_1000_com.android.server.os.BugreportManagerService
05-30 14:03:28.470 D/ActivityManagerTiming( 692): OnBootPhase_1000_com.android.server.gpu.GpuService
05-30 14:03:28.470 D/ActivityManagerTiming( 692): OnBootPhase_1000_com.android.server.security.rkp.RemoteProvisioningService
05-30 14:03:28.470 D/ActivityManagerTiming( 692): OnBootPhase_1000_com.android.server.security.KeyChainSystemService
05-30 14:03:28.470 D/ActivityManagerTiming( 692): OnBootPhase_1000_com.android.server.BinaryTransparencyService
05-30 14:03:28.470 I/TransparencyService( 692): Boot completed. Getting VBMeta Digest.
05-30 14:03:28.470 D/TransparencyService( 692): VBMeta Digest: c8117efe3935fd70d0a72f8856568e037153c86b0dc46a0f5244de999894ebc3
05-30 14:03:28.470 I/TransparencyService( 692): Boot completed. Collecting biometric system properties.
05-30 14:03:28.470 D/RollbackManager( 692): mRollbackLifetimeDurationInMillis=1209600000
05-30 14:03:28.471 I/TransparencyService( 692): Scheduling measurements to be taken.
05-30 14:03:28.471 I/DisplayBrightnessStrategySelector( 692): Changing the DisplayBrightnessStrategy from OverrideBrightnessStrategy toInvalidBrightnessStrategy for display 0
05-30 14:03:28.471 V/DisplayPowerController2[0]( 692): Brightness [0.39763778] reason changing to: 'manual', previous reason: 'override'.
05-30 14:03:28.471 I/DisplayPowerController2[0]( 692): BrightnessEvent: disp=0, physDisp=local:4616277992360486155, brt=0.39763778, initBrt=0.39763778, rcmdBrt=NaN, preBrt=NaN, lux=0.0, preLux=0.0, hbmMax=1.0, hbmMode=off, rbcStrength=0, thrmMax=1.0, powerFactor=1.0, wasShortTermModelActive=false, flags=, reason=manual, autoBrightness=false, strategy=InvalidBrightnessStrategy
05-30 14:03:28.471 I/TransparencyService( 692): Scheduling binary content-digest computation job
05-30 14:03:28.472 D/CompatibilityChangeReporter( 692): Compat change id reported: 253665015; UID 1000; state: DISABLED
05-30 14:03:28.473 D/CompatibilityChangeReporter( 692): Compat change id reported: 253665015; UID 1000; state: ENABLED
05-30 14:03:28.474 D/CompatibilityChangeReporter( 692): Compat change id reported: 194532703; UID 1000; state: DISABLED
05-30 14:03:28.474 D/CompatibilityChangeReporter( 692): Compat change id reported: 194532703; UID 1000; state: ENABLED
05-30 14:03:28.476 D/TransparencyService( 692): Job 1740526926 to measure binaries was scheduled successfully.
05-30 14:03:28.476 D/TransparencyService( 692): Registering APK & Non-Staged APEX updates...
05-30 14:03:28.476 D/AppStandbyController( 692): Loaded headless system app cache in 5 ms: appIdleEnabled=true
05-30 14:03:28.477 D/TransparencyService( 692): Registering APEX updates...
05-30 14:03:28.478 D/ActivityManagerTiming( 692): OnBootPhase_1000_com.android.server.accounts.AccountManagerService$Lifecycle
05-30 14:03:28.478 D/ActivityManagerTiming( 692): OnBootPhase_1000_com.android.server.content.ContentService$Lifecycle
05-30 14:03:28.478 D/ActivityManagerTiming( 692): OnBootPhase_1000_com.android.server.deviceconfig.DeviceConfigInit$Lifecycle
05-30 14:03:28.478 D/ActivityManagerTiming( 692): OnBootPhase_1000_com.android.server.DropBoxManagerService
05-30 14:03:28.478 D/ActivityManagerTiming( 692): OnBootPhase_1000_com.android.role.RoleService
05-30 14:03:28.478 D/ActivityManagerTiming( 692): OnBootPhase_1000_com.android.server.vibrator.VibratorManagerService$Lifecycle
05-30 14:03:28.478 D/ActivityManagerTiming( 692): OnBootPhase_1000_com.android.server.tare.InternalResourceService
05-30 14:03:28.478 D/ActivityManagerTiming( 692): OnBootPhase_1000_com.android.server.alarm.AlarmManagerService
05-30 14:03:28.478 D/ActivityManagerTiming( 692): OnBootPhase_1000_com.android.server.devicestate.DeviceStateManagerService
05-30 14:03:28.478 D/ActivityManagerTiming( 692): OnBootPhase_1000_com.android.server.camera.CameraServiceProxy
05-30 14:03:28.479 D/ActivityManagerTiming( 692): OnBootPhase_1000_com.android.server.bluetooth.BluetoothService
05-30 14:03:28.479 D/ActivityManagerTiming( 692): OnBootPhase_1000_com.android.server.connectivity.IpConnectivityMetrics
05-30 14:03:28.479 D/ActivityManagerTiming( 692): OnBootPhase_1000_com.android.server.net.watchlist.NetworkWatchlistService$Lifecycle
05-30 14:03:28.479 D/ActivityManagerTiming( 692): OnBootPhase_1000_com.android.server.PinnerService
05-30 14:03:28.479 D/ActivityManagerTiming( 692): OnBootPhase_1000_com.android.server.integrity.AppIntegrityManagerService
05-30 14:03:28.480 D/ActivityManagerTiming( 692): OnBootPhase_1000_com.android.server.logcat.LogcatManagerService
05-30 14:03:28.480 D/ActivityManagerTiming( 692): OnBootPhase_1000_com.android.server.inputmethod.InputMethodManagerService$Lifecycle
05-30 14:03:28.480 D/ActivityManagerTiming( 692): OnBootPhase_1000_com.android.server.accessibility.AccessibilityManagerService$Lifecycle
05-30 14:03:28.480 D/ActivityManagerTiming( 692): OnBootPhase_1000_com.android.server.StorageManagerService$Lifecycle
05-30 14:03:28.480 D/ActivityManagerTiming( 692): OnBootPhase_1000_com.android.server.usage.StorageStatsService$Lifecycle
05-30 14:03:28.480 D/ActivityManagerTiming( 692): OnBootPhase_1000_com.android.server.UiModeManagerService
05-30 14:03:28.480 D/ActivityManagerTiming( 692): OnBootPhase_1000_com.android.server.locales.LocaleManagerService
05-30 14:03:28.480 D/StorageManagerService( 692): Thinking about reset, mBootCompleted=true, mDaemonConnected=true
05-30 14:03:28.480 D/ActivityManagerTiming( 692): OnBootPhase_1000_com.android.server.grammaticalinflection.GrammaticalInflectionService
05-30 14:03:28.480 D/ActivityManagerTiming( 692): OnBootPhase_1000_com.android.server.apphibernation.AppHibernationService
05-30 14:03:28.480 I/StorageSessionController( 692): Started resetting external storage service...
05-30 14:03:28.480 I/StorageSessionController( 692): Finished resetting external storage service
05-30 14:03:28.480 D/ActivityManagerTiming( 692): OnBootPhase_1000_com.android.server.locksettings.LockSettingsService$Lifecycle
05-30 14:03:28.480 D/ActivityManagerTiming( 692): OnBootPhase_1000_com.android.server.PersistentDataBlockService
05-30 14:03:28.480 I/StorageManagerService( 692): Resetting vold...
05-30 14:03:28.481 I/HibernationStateDiskStore( 692): No hibernation file on disk for file /data/system/hibernation/states
05-30 14:03:28.481 D/ActivityManagerTiming( 692): OnBootPhase_1000_com.android.server.testharness.TestHarnessModeService
05-30 14:03:28.481 D/TestHarnessModeService( 692): Completing Test Harness Mode setup.
05-30 14:03:28.482 I/StorageManagerService( 692): Reset vold
05-30 14:03:28.482 I/vold ( 246): onUserAdded: 0
05-30 14:03:28.488 D/CompatibilityChangeReporter( 692): Compat change id reported: 218533173; UID 10069; state: ENABLED
05-30 14:03:28.488 D/CompatibilityChangeReporter( 692): Compat change id reported: 262645982; UID 10069; state: ENABLED
05-30 14:03:28.503 D/ActivityManagerTiming( 692): OnBootPhase_1000_com.android.server.oemlock.OemLockService
05-30 14:03:28.503 D/ActivityManagerTiming( 692): OnBootPhase_1000_com.android.server.DeviceIdleController
05-30 14:03:28.503 D/ActivityManagerTiming( 692): OnBootPhase_1000_com.android.server.devicepolicy.DevicePolicyManagerService$Lifecycle
05-30 14:03:28.503 D/ActivityManagerTiming( 692): OnBootPhase_1000_com.android.server.texttospeech.TextToSpeechManagerService
05-30 14:03:28.503 D/ActivityManagerTiming( 692): OnBootPhase_1000_com.android.server.ambientcontext.AmbientContextManagerService
05-30 14:03:28.503 D/ActivityManagerTiming( 692): OnBootPhase_1000_com.android.server.wearable.WearableSensingManagerService
05-30 14:03:28.503 D/ActivityManagerTiming( 692): OnBootPhase_1000_com.android.server.speech.SpeechRecognitionManagerService
05-30 14:03:28.503 D/ActivityManagerTiming( 692): OnBootPhase_1000_com.android.server.searchui.SearchUiManagerService
05-30 14:03:28.503 D/ActivityManagerTiming( 692): OnBootPhase_1000_com.android.server.smartspace.SmartspaceManagerService
05-30 14:03:28.503 D/ActivityManagerTiming( 692): OnBootPhase_1000_com.android.server.graphics.fonts.FontManagerService$Lifecycle
05-30 14:03:28.503 D/ActivityManagerTiming( 692): OnBootPhase_1000_com.android.server.textservices.TextServicesManagerService$Lifecycle
05-30 14:03:28.503 D/ActivityManagerTiming( 692): OnBootPhase_1000_com.android.server.textclassifier.TextClassificationManagerService$Lifecycle
05-30 14:03:28.503 D/ActivityManagerTiming( 692): OnBootPhase_1000_com.android.server.NetworkScoreService$Lifecycle
05-30 14:03:28.503 D/ActivityManagerTiming( 692): OnBootPhase_1000_com.android.server.NetworkStatsServiceInitializer
05-30 14:03:28.503 D/ActivityManagerTiming( 692): OnBootPhase_1000_com.android.server.wifi.WifiService
05-30 14:03:28.503 D/ActivityManagerTiming( 692): OnBootPhase_1000_com.android.server.wifi.scanner.WifiScanningService
05-30 14:03:28.504 D/ActivityManagerTiming( 692): OnBootPhase_1000_com.android.server.wifi.p2p.WifiP2pService
05-30 14:03:28.504 D/WifiService( 692): Handle boot completed
05-30 14:03:28.504 D/ActivityManagerTiming( 692): OnBootPhase_1000_com.android.server.ConnectivityServiceInitializer
05-30 14:03:28.504 D/CompatibilityChangeReporter( 692): Compat change id reported: 161145287; UID 1000; state: DISABLED
05-30 14:03:28.504 D/CompatibilityChangeReporter( 692): Compat change id reported: 161145287; UID 1000; state: ENABLED
05-30 14:03:28.506 D/ActivityManagerTiming( 692): OnBootPhase_1000_com.android.server.notification.NotificationManagerService
05-30 14:03:28.506 D/ActivityManagerTiming( 692): OnBootPhase_1000_com.android.server.storage.DeviceStorageMonitorService
05-30 14:03:28.506 D/ActivityManagerTiming( 692): OnBootPhase_1000_com.android.server.timedetector.TimeDetectorService$Lifecycle
05-30 14:03:28.506 D/ActivityManagerTiming( 692): OnBootPhase_1000_com.android.server.location.LocationManagerService$Lifecycle
05-30 14:03:28.506 D/ActivityManagerTiming( 692): OnBootPhase_1000_com.android.server.timezonedetector.TimeZoneDetectorService$Lifecycle
05-30 14:03:28.506 D/ActivityManagerTiming( 692): OnBootPhase_1000_com.android.server.location.altitude.AltitudeService$Lifecycle
05-30 14:03:28.506 D/ActivityManagerTiming( 692): OnBootPhase_1000_com.android.server.timezonedetector.location.LocationTimeZoneManagerService$Lifecycle
05-30 14:03:28.506 D/ActivityManagerTiming( 692): OnBootPhase_1000_com.android.server.search.SearchManagerService$Lifecycle
05-30 14:03:28.506 D/ActivityManagerTiming( 692): OnBootPhase_1000_com.android.server.wallpaper.WallpaperManagerService$Lifecycle
05-30 14:03:28.507 I/WifiScoreCard( 692): Installing MemoryStore
05-30 14:03:28.507 D/ActivityManagerTiming( 692): OnBootPhase_1000_com.android.server.wallpapereffectsgeneration.WallpaperEffectsGenerationManagerService
05-30 14:03:28.507 D/ActivityManagerTiming( 692): OnBootPhase_1000_com.android.server.audio.AudioService$Lifecycle
05-30 14:03:28.507 D/ActivityManagerTiming( 692): OnBootPhase_1000_com.android.server.soundtrigger_middleware.SoundTriggerMiddlewareService$Lifecycle
05-30 14:03:28.507 D/ActivityManagerTiming( 692): OnBootPhase_1000_com.android.server.adb.AdbService$Lifecycle
05-30 14:03:28.508 I/WifiHealthMonitor( 692): Installing MemoryStore
05-30 14:03:28.508 D/ActivityManagerTiming( 692): OnBootPhase_1000_com.android.server.usb.UsbService$Lifecycle
05-30 14:03:28.508 D/ActivityManagerTiming( 692): OnBootPhase_1000_com.android.server.twilight.TwilightService
05-30 14:03:28.509 D/ActivityManagerTiming( 692): OnBootPhase_1000_com.android.server.display.color.ColorDisplayService
05-30 14:03:28.509 D/ActivityManagerTiming( 692): OnBootPhase_1000_com.android.server.job.JobSchedulerService
05-30 14:03:28.509 D/ActivityManagerTiming( 692): OnBootPhase_1000_com.android.server.soundtrigger.SoundTriggerService
05-30 14:03:28.509 D/SoundTriggerService( 692): onBootPhase: 1000 : false
05-30 14:03:28.510 D/ActivityManagerTiming( 692): OnBootPhase_1000_com.android.server.trust.TrustManagerService
05-30 14:03:28.510 D/ActivityManagerTiming( 692): OnBootPhase_1000_com.android.server.backup.BackupManagerService$Lifecycle
05-30 14:03:28.510 D/ActivityManagerTiming( 692): OnBootPhase_1000_com.android.server.appwidget.AppWidgetService
05-30 14:03:28.510 D/ActivityManagerTiming( 692): OnBootPhase_1000_com.android.server.voiceinteraction.VoiceInteractionManagerService
05-30 14:03:28.510 D/ActivityManagerTiming( 692): OnBootPhase_1000_com.android.server.GestureLauncherService
05-30 14:03:28.510 D/ActivityManagerTiming( 692): OnBootPhase_1000_com.android.server.SensorNotificationService
05-30 14:03:28.510 I/UsbDeviceManager( 692): Setting USB config to
05-30 14:03:28.512 D/CompatibilityChangeReporter( 692): Compat change id reported: 168936375; UID 1000; state: DISABLED
05-30 14:03:28.512 D/UsbDeviceManager( 692): setUsbConfig(4) request:1
05-30 14:03:28.512 D/CompatibilityChangeReporter( 692): Compat change id reported: 168936375; UID 1000; state: ENABLED
05-30 14:03:28.512 I/Tethering( 1057): USB bcast connected:false configured:false rndis:false ncm:false
05-30 14:03:28.513 E/usb.gadget.aidl-service.droidlogic( 494): Failed to open /sys/devices/platform/10d50000.hsi2c
05-30 14:03:28.513 I/usb.gadget.aidl-service.droidlogic( 494): the string of all interrupts is unexpected
05-30 14:03:28.513 I/libusbconfigfs( 494): setCurrentUsbFunctions None
05-30 14:03:28.513 I/libusbconfigfs( 494): Gadget cannot be pulled down
05-30 14:03:28.514 I/libusbconfigfs( 494): mMonitor signalled to exit
05-30 14:03:28.514 I/libusbconfigfs( 494): mMonitor destroyed
05-30 14:03:28.514 I/usb.gadget.aidl-service.droidlogic( 494): Returned from tearDown gadget
05-30 14:03:28.514 I/libusbconfigfs( 494): setCurrentUsbFunctions mtp
05-30 14:03:28.515 I/Tethering( 1057): USB bcast connected:false configured:false rndis:false ncm:false
05-30 14:03:28.519 D/CompatibilityChangeReporter( 692): Compat change id reported: 73144566; UID 1000; state: DISABLED
05-30 14:03:28.519 D/CompatibilityChangeReporter( 692): Compat change id reported: 73144566; UID 1000; state: ENABLED
05-30 14:03:28.521 D/ActivityManagerTiming( 692): OnBootPhase_1000_com.android.server.emergency.EmergencyAffordanceService
05-30 14:03:28.521 D/ActivityManagerTiming( 692): OnBootPhase_1000_com.android.server.blob.BlobStoreManagerService
05-30 14:03:28.522 D/WifiNetworkFactory( 692): Registering NetworkFactory
05-30 14:03:28.522 D/UntrustedWifiNetworkFactory( 692): Registering NetworkFactory
05-30 14:03:28.522 D/ConnectivityService( 692): Got NetworkProvider Messenger for WifiNetworkFactory
05-30 14:03:28.522 D/RestrictedWifiNetworkFactory( 692): Registering NetworkFactory
05-30 14:03:28.522 D/ConnectivityService( 692): Got NetworkProvider Messenger for UntrustedWifiNetworkFactory
05-30 14:03:28.522 D/OemPaidWifiNetworkFactory( 692): Registering NetworkFactory
05-30 14:03:28.522 D/ConnectivityService( 692): Got NetworkProvider Messenger for RestrictedWifiNetworkFactory
05-30 14:03:28.522 D/MultiInternetWifiNetworkFactory( 692): Registering NetworkFactory
05-30 14:03:28.522 D/ConnectivityService( 692): Got NetworkProvider Messenger for OemPaidWifiNetworkFactory
05-30 14:03:28.522 D/ConnectivityService( 692): Got NetworkProvider Messenger for MultiInternetWifiNetworkFactory
05-30 14:03:28.525 I/WifiHAL ( 500): found interface wlan0
05-30 14:03:28.525 D/WifiHAL ( 500): error code -95 mapped to -3
05-30 14:03:28.525 E/WifiHAL ( 500): failed to set scanning mac OUI; result = -3
05-30 14:03:28.525 E/WifiChipAidlImpl( 692): getUsableChannels failed with service-specific exception: android.os.ServiceSpecificException: (code 4)
05-30 14:03:28.526 D/ActivityManagerTiming( 692): OnBootPhase_1000_com.android.server.dreams.DreamManagerService
05-30 14:03:28.526 D/ActivityManagerTiming( 692): OnBootPhase_1000_com.android.server.security.AttestationVerificationManagerService
05-30 14:03:28.526 D/ActivityManagerTiming( 692): OnBootPhase_1000_com.android.server.restrictions.RestrictionsManagerService
05-30 14:03:28.526 D/ActivityManagerTiming( 692): OnBootPhase_1000_com.android.server.media.MediaSessionService
05-30 14:03:28.527 D/ActivityManagerTiming( 692): OnBootPhase_1000_com.android.server.hdmi.HdmiControlService
05-30 14:03:28.527 D/ActivityManagerTiming( 692): OnBootPhase_1000_com.android.server.tv.interactive.TvInteractiveAppManagerService
05-30 14:03:28.527 I/HdmiControlService( 692): bootCompleted
05-30 14:03:28.527 D/ActivityManagerTiming( 692): OnBootPhase_1000_com.android.server.tv.TvInputManagerService
05-30 14:03:28.527 D/ActivityManagerTiming( 692): OnBootPhase_1000_com.android.server.media.MediaResourceMonitorService
05-30 14:03:28.527 D/ActivityManagerTiming( 692): OnBootPhase_1000_com.android.server.tv.TvRemoteService
05-30 14:03:28.527 D/ActivityManagerTiming( 692): OnBootPhase_1000_com.android.server.biometrics.BiometricService
05-30 14:03:28.527 D/ActivityManagerTiming( 692): OnBootPhase_1000_com.android.server.biometrics.AuthService
05-30 14:03:28.527 D/ActivityManagerTiming( 692): OnBootPhase_1000_com.android.server.pm.ShortcutService$Lifecycle
05-30 14:03:28.528 D/ActivityManagerTiming( 692): OnBootPhase_1000_com.android.server.pm.LauncherAppsService
05-30 14:03:28.528 D/ActivityManagerTiming( 692): OnBootPhase_1000_com.android.server.pm.CrossProfileAppsService
05-30 14:03:28.528 D/ActivityManagerTiming( 692): OnBootPhase_1000_com.android.server.people.PeopleService
05-30 14:03:28.528 D/ActivityManagerTiming( 692): OnBootPhase_1000_com.android.server.media.metrics.MediaMetricsManagerService
05-30 14:03:28.528 D/ActivityManagerTiming( 692): OnBootPhase_1000_com.android.server.pm.BackgroundInstallControlService
05-30 14:03:28.528 D/ActivityManagerTiming( 692): OnBootPhase_1000_com.android.server.media.projection.MediaProjectionManagerService
05-30 14:03:28.528 D/ActivityManagerTiming( 692): OnBootPhase_1000_com.android.server.slice.SliceManagerService$Lifecycle
05-30 14:03:28.528 D/ActivityManagerTiming( 692): OnBootPhase_1000_com.android.server.stats.StatsCompanion$Lifecycle
05-30 14:03:28.528 D/ActivityManagerTiming( 692): OnBootPhase_1000_com.android.server.scheduling.RebootReadinessManagerService$Lifecycle
05-30 14:03:28.528 I/WifiHAL ( 500): found interface wlan0
05-30 14:03:28.528 D/WifiHAL ( 500): error code -95 mapped to -3
05-30 14:03:28.528 E/WifiHAL ( 500): failed to set scanning mac OUI; result = -3
05-30 14:03:28.528 D/ActivityManagerTiming( 692): OnBootPhase_1000_com.android.server.stats.pull.StatsPullAtomService
05-30 14:03:28.528 D/ActivityManagerTiming( 692): OnBootPhase_1000_com.android.server.stats.bootstrap.StatsBootstrapAtomService$Lifecycle
05-30 14:03:28.528 D/ActivityManagerTiming( 692): OnBootPhase_1000_com.android.server.incident.IncidentCompanionService
05-30 14:03:28.528 E/WifiChipAidlImpl( 692): getUsableChannels failed with service-specific exception: android.os.ServiceSpecificException: (code 4)
05-30 14:03:28.528 D/ActivityManagerTiming( 692): OnBootPhase_1000_com.android.server.sdksandbox.SdkSandboxManagerService$Lifecycle
05-30 14:03:28.529 D/ActivityManagerTiming( 692): OnBootPhase_1000_com.android.server.adservices.AdServicesManagerService$Lifecycle
05-30 14:03:28.529 D/ActivityManagerTiming( 692): OnBootPhase_1000_com.android.server.ondevicepersonalization.OnDevicePersonalizationSystemService$Lifecycle
05-30 14:03:28.529 D/ActivityManagerTiming( 692): OnBootPhase_1000_com.android.server.autofill.AutofillManagerService
05-30 14:03:28.529 D/ActivityManagerTiming( 692): OnBootPhase_1000_com.android.server.clipboard.ClipboardService
05-30 14:03:28.529 D/ActivityManagerTiming( 692): OnBootPhase_1000_com.android.server.appbinding.AppBindingService$Lifecycle
05-30 14:03:28.529 D/ActivityManagerTiming( 692): OnBootPhase_1000_com.android.server.tracing.TracingServiceProxy
05-30 14:03:28.529 D/ActivityManagerTiming( 692): OnBootPhase_1000_com.android.server.policy.PermissionPolicyService
05-30 14:03:28.529 D/ActivityManagerTiming( 692): OnBootPhase_1000_com.android.server.pm.StagingManager$Lifecycle
05-30 14:03:28.530 E/ApConfigUtil( 692): Malformed channel value detected: java.lang.NumberFormatException: For input string: ""
05-30 14:03:28.531 I/WifiHAL ( 500): found interface wlan0
05-30 14:03:28.531 D/WifiHAL ( 500): error code -95 mapped to -3
05-30 14:03:28.531 E/WifiHAL ( 500): failed to set scanning mac OUI; result = -3
05-30 14:03:28.531 E/WifiChipAidlImpl( 692): getUsableChannels failed with service-specific exception: android.os.ServiceSpecificException: (code 4)
05-30 14:03:28.532 D/ActivityManagerTiming( 692): OnBootPhase_1000_com.android.server.app.GameManagerService$Lifecycle
05-30 14:03:28.532 D/GameManagerService( 692): onBootCompleted
05-30 14:03:28.533 V/GameManagerService( 692): Game loading power mode OFF (game manager service start/restart)
05-30 14:03:28.533 I/libperfmgr( 484): Hint type not present in actions: GAME_LOADING
05-30 14:03:28.533 I/android.hardware.power-service.libperfmgr( 484): Power mode GAME_LOADING isModeSupported: 0
05-30 14:03:28.533 V/GameManagerService( 692): Game power mode OFF (game manager service start/restart)
05-30 14:03:28.533 I/libperfmgr( 484): Hint type not present in actions: GAME
05-30 14:03:28.533 I/android.hardware.power-service.libperfmgr( 484): Power mode GAME isModeSupported: 0
05-30 14:03:28.534 D/ActivityManagerTiming( 692): OnBootPhase_1000_com.android.safetycenter.SafetyCenterService
05-30 14:03:28.534 I/WifiHAL ( 500): found interface wlan0
05-30 14:03:28.534 D/ActivityManagerTiming( 692): OnBootPhase_1000_com.android.server.appsearch.AppSearchModule$Lifecycle
05-30 14:03:28.534 D/WifiHAL ( 500): error code -95 mapped to -3
05-30 14:03:28.534 E/WifiHAL ( 500): failed to set scanning mac OUI; result = -3
05-30 14:03:28.534 E/WifiChipAidlImpl( 692): getUsableChannels failed with service-specific exception: android.os.ServiceSpecificException: (code 4)
05-30 14:03:28.534 D/ActivityManagerTiming( 692): OnBootPhase_1000_com.android.server.media.MediaCommunicationService
05-30 14:03:28.534 D/ActivityManagerTiming( 692): OnBootPhase_1000_com.android.server.compat.overrides.AppCompatOverridesService$Lifecycle
05-30 14:03:28.534 D/ActivityManagerTiming( 692): OnBootPhase_1000_com.android.server.healthconnect.HealthConnectManagerService
05-30 14:03:28.534 D/ActivityManagerTiming( 692): OnBootPhase_1000_com.android.server.devicelock.DeviceLockService
05-30 14:03:28.534 D/DeviceLockService( 692): onBootPhase: 1000
05-30 14:03:28.534 V/ActivityManagerTiming( 692): TotalBootTime took to complete: 10397ms
05-30 14:03:28.535 D/SystemServerInitThreadPool( 692): Shutdown requested
05-30 14:03:28.535 D/SystemServerTiming( 692): WaitInitThreadPoolShutdown
05-30 14:03:28.536 E/ApConfigUtil( 692): Malformed channel value detected: java.lang.NumberFormatException: For input string: ""
05-30 14:03:28.537 I/SsidTranslator( 692): Locale language changed to zh, alternate charset is now null
05-30 14:03:28.537 D/ConnectivityService( 692): register offer from providerId 4 : NetworkOffer [ Provider Id (4) Score(Policies : EVER_EVALUATED&IS_UNMETERED&EVER_VALIDATED&IS_VALIDATED ; KeepConnected : 0) Caps [ Transports: WIFI Capabilities: NOT_METERED&INTERNET&NOT_RESTRICTED&TRUSTED&NOT_VPN&NOT_ROAMING&NOT_CONGESTED&NOT_SUSPENDED&NOT_VCN_MANAGED LinkUpBandwidth>=1048576Kbps LinkDnBandwidth>=1048576Kbps Specifier: UnderlyingNetworks: Null] Needed by []]
05-30 14:03:28.537 I/WifiService( 692): Receive onDriverCountryCodeChanged to CN, update available channel list
05-30 14:03:28.538 D/ConnectivityService( 692): register offer from providerId 5 : NetworkOffer [ Provider Id (5) Score(Policies : EVER_EVALUATED&IS_INVINCIBLE&IS_UNMETERED&EVER_VALIDATED&IS_VALIDATED ; KeepConnected : 0) Caps [ Transports: WIFI Capabilities: NOT_METERED&INTERNET&NOT_RESTRICTED&TRUSTED&NOT_VPN&NOT_ROAMING&NOT_CONGESTED&NOT_SUSPENDED&NOT_VCN_MANAGED LinkUpBandwidth>=1048576Kbps LinkDnBandwidth>=1048576Kbps Specifier: UnderlyingNetworks: Null] Needed by []]
05-30 14:03:28.538 D/ConnectivityService( 692): register offer from providerId 6 : NetworkOffer [ Provider Id (6) Score(Policies : EVER_EVALUATED&IS_INVINCIBLE&IS_UNMETERED&EVER_VALIDATED&IS_VALIDATED ; KeepConnected : 0) Caps [ Transports: WIFI Capabilities: NOT_METERED&INTERNET&TRUSTED&NOT_VPN&NOT_ROAMING&NOT_CONGESTED&NOT_SUSPENDED&NOT_VCN_MANAGED LinkUpBandwidth>=1048576Kbps LinkDnBandwidth>=1048576Kbps Specifier: UnderlyingNetworks: Null] Needed by []]
05-30 14:03:28.538 D/ConnectivityService( 692): register offer from providerId 7 : NetworkOffer [ Provider Id (7) Score(Policies : EVER_EVALUATED&IS_INVINCIBLE&IS_UNMETERED&EVER_VALIDATED&IS_VALIDATED ; KeepConnected : 0) Caps [ Transports: WIFI Capabilities: NOT_METERED&INTERNET&NOT_RESTRICTED&TRUSTED&NOT_VPN&NOT_ROAMING&NOT_CONGESTED&NOT_SUSPENDED&OEM_PAID&OEM_PRIVATE&NOT_VCN_MANAGED LinkUpBandwidth>=1048576Kbps LinkDnBandwidth>=1048576Kbps Specifier: UnderlyingNetworks: Null] Needed by []]
05-30 14:03:28.538 I/WifiHAL ( 500): found interface wlan0
05-30 14:03:28.538 D/ConnectivityService( 692): register offer from providerId 8 : NetworkOffer [ Provider Id (8) Score(Policies : EVER_EVALUATED&IS_INVINCIBLE&IS_UNMETERED&EVER_VALIDATED&IS_VALIDATED ; KeepConnected : 0) Caps [ Transports: WIFI Capabilities: NOT_METERED&INTERNET&NOT_RESTRICTED&TRUSTED&NOT_VPN&NOT_ROAMING&NOT_CONGESTED&NOT_SUSPENDED&NOT_VCN_MANAGED LinkUpBandwidth>=1048576Kbps LinkDnBandwidth>=1048576Kbps Specifier: UnderlyingNetworks: Null] Needed by []]
05-30 14:03:28.538 D/WifiHAL ( 500): error code -95 mapped to -3
05-30 14:03:28.538 E/WifiHAL ( 500): failed to set scanning mac OUI; result = -3
05-30 14:03:28.538 E/WifiChipAidlImpl( 692): getUsableChannels failed with service-specific exception: android.os.ServiceSpecificException: (code 4)
05-30 14:03:28.538 D/SystemServerInitThreadPool( 692): Shutdown successful
05-30 14:03:28.543 I/WifiHAL ( 500): found interface wlan0
05-30 14:03:28.544 D/WifiHAL ( 500): error code -95 mapped to -3
05-30 14:03:28.544 E/WifiHAL ( 500): failed to set scanning mac OUI; result = -3
05-30 14:03:28.545 E/WifiChipAidlImpl( 692): getUsableChannels failed with service-specific exception: android.os.ServiceSpecificException: (code 4)
05-30 14:03:28.545 I/ActivityManager( 692): User 0 state changed from BOOTING to RUNNING_LOCKED
05-30 14:03:28.546 E/ApConfigUtil( 692): Malformed channel value detected: java.lang.NumberFormatException: For input string: ""
05-30 14:03:28.548 I/LockSettingsService( 692): Unwrapping synthetic password for unsecured user 0
05-30 14:03:28.549 I/WifiHAL ( 500): found interface wlan0
05-30 14:03:28.549 D/WifiHAL ( 500): error code -95 mapped to -3
05-30 14:03:28.549 E/WifiHAL ( 500): failed to set scanning mac OUI; result = -3
05-30 14:03:28.550 E/WifiChipAidlImpl( 692): getUsableChannels failed with service-specific exception: android.os.ServiceSpecificException: (code 4)
05-30 14:03:28.552 I/WifiHAL ( 500): found interface wlan0
05-30 14:03:28.552 D/WifiHAL ( 500): error code -95 mapped to -3
05-30 14:03:28.552 E/WifiHAL ( 500): failed to set scanning mac OUI; result = -3
05-30 14:03:28.552 E/WifiChipAidlImpl( 692): getUsableChannels failed with service-specific exception: android.os.ServiceSpecificException: (code 4)
05-30 14:03:28.554 E/ApConfigUtil( 692): Malformed channel value detected: java.lang.NumberFormatException: For input string: ""
05-30 14:03:28.555 I/WifiHAL ( 500): found interface wlan0
05-30 14:03:28.555 D/WifiHAL ( 500): error code -95 mapped to -3
05-30 14:03:28.555 E/WifiHAL ( 500): failed to set scanning mac OUI; result = -3
05-30 14:03:28.555 E/WifiChipAidlImpl( 692): getUsableChannels failed with service-specific exception: android.os.ServiceSpecificException: (code 4)
05-30 14:03:28.558 I/WifiHAL ( 500): found interface wlan0
05-30 14:03:28.558 D/WifiHAL ( 500): error code -95 mapped to -3
05-30 14:03:28.558 E/WifiHAL ( 500): failed to set scanning mac OUI; result = -3
05-30 14:03:28.558 E/WifiChipAidlImpl( 692): getUsableChannels failed with service-specific exception: android.os.ServiceSpecificException: (code 4)
05-30 14:03:28.561 E/ApConfigUtil( 692): Malformed channel value detected: java.lang.NumberFormatException: For input string: ""
05-30 14:03:28.561 I/WifiHAL ( 500): found interface wlan0
05-30 14:03:28.562 D/WifiHAL ( 500): error code -95 mapped to -3
05-30 14:03:28.562 E/WifiHAL ( 500): failed to set scanning mac OUI; result = -3
05-30 14:03:28.563 E/WifiChipAidlImpl( 692): getUsableChannels failed with service-specific exception: android.os.ServiceSpecificException: (code 4)
05-30 14:03:28.564 E/ApConfigUtil( 692): Malformed channel value detected: java.lang.NumberFormatException: For input string: ""
05-30 14:03:28.565 D/vold ( 246): fscrypt_unlock_user_key 0 serial=0
05-30 14:03:28.565 I/WifiHAL ( 500): found interface wlan0
05-30 14:03:28.565 D/vold ( 246): Trying user CE key /data/misc/vold/user_keys/ce/0/current
05-30 14:03:28.565 D/WifiHAL ( 500): error code -95 mapped to -3
05-30 14:03:28.565 E/WifiHAL ( 500): failed to set scanning mac OUI; result = -3
05-30 14:03:28.566 E/WifiChipAidlImpl( 692): getUsableChannels failed with service-specific exception: android.os.ServiceSpecificException: (code 4)
05-30 14:03:28.566 E/ApConfigUtil( 692): Malformed channel value detected: java.lang.NumberFormatException: For input string: ""
05-30 14:03:28.567 D/vold ( 246): Successfully retrieved key
05-30 14:03:28.567 D/WifiNetworkFactory( 692): got request NetworkRequest [ REQUEST id=26, [ Capabilities: INTERNET&NOT_RESTRICTED&TRUSTED&NOT_VCN_MANAGED Uid: 10052 RequestorUid: 10052 RequestorPkg: com.android.systemui UnderlyingNetworks: Null] ]
