05-30 14:03:27.866 I/a2dp_codec( 1108): packages/modules/Bluetooth/system/stack/a2dp/a2dp_codec_config.cc:642 init: init: updated AAC codec priority to 2001
05-30 14:03:27.866 I/a2dp_codec( 1108): packages/modules/Bluetooth/system/stack/a2dp/a2dp_codec_config.cc:116 createCodec: aptX
05-30 14:03:27.866 I/a2dp_codec( 1108): packages/modules/Bluetooth/system/stack/a2dp/a2dp_codec_config.cc:642 init: init: updated aptX codec priority to 3001
05-30 14:03:27.866 I/a2dp_codec( 1108): packages/modules/Bluetooth/system/stack/a2dp/a2dp_codec_config.cc:116 createCodec: aptX-HD
05-30 14:03:27.866 I/a2dp_codec( 1108): packages/modules/Bluetooth/system/stack/a2dp/a2dp_codec_config.cc:642 init: init: updated aptX-HD codec priority to 4001
05-30 14:03:27.866 I/a2dp_codec( 1108): packages/modules/Bluetooth/system/stack/a2dp/a2dp_codec_config.cc:116 createCodec: LDAC
05-30 14:03:27.866 I/a2dp_codec( 1108): packages/modules/Bluetooth/system/stack/a2dp/a2dp_codec_config.cc:642 init: init: updated LDAC codec priority to 5001
05-30 14:03:27.866 I/a2dp_codec( 1108): packages/modules/Bluetooth/system/stack/a2dp/a2dp_codec_config.cc:116 createCodec: LC3 not implemented
05-30 14:03:27.866 I/a2dp_codec( 1108): packages/modules/Bluetooth/system/stack/a2dp/a2dp_codec_config.cc:633 init: init: OPUS codec disabled, updated priority to -1
05-30 14:03:27.866 I/a2dp_codec( 1108): packages/modules/Bluetooth/system/stack/a2dp/a2dp_codec_config.cc:116 createCodec: Opus
05-30 14:03:27.866 I/a2dp_codec( 1108): packages/modules/Bluetooth/system/stack/a2dp/a2dp_codec_config.cc:642 init: init: updated Opus codec priority to -1
05-30 14:03:27.866 I/a2dp_codec( 1108): packages/modules/Bluetooth/system/stack/a2dp/a2dp_codec_config.cc:116 createCodec: SBC SINK
05-30 14:03:27.866 I/a2dp_codec( 1108): packages/modules/Bluetooth/system/stack/a2dp/a2dp_codec_config.cc:116 createCodec: AAC SINK
05-30 14:03:27.866 I/a2dp_codec( 1108): packages/modules/Bluetooth/system/stack/a2dp/a2dp_codec_config.cc:116 createCodec: LDAC SINK
05-30 14:03:27.868 I/a2dp_vendor_ldac_decoder( 1108): packages/modules/Bluetooth/system/stack/a2dp/a2dp_vendor_ldac_decoder.cc:130 A2DP_VendorLoadDecoderLdac: A2DP_VendorLoadDecoderLdac: cannot open LDAC decoder library libldacBT_bco.so: dlopen failed: library "libldacBT_bco.so" not found
05-30 14:03:27.868 E/a2dp_vendor_ldac( 1108): packages/modules/Bluetooth/system/stack/a2dp/a2dp_vendor_ldac.cc:1422 init: init: cannot load the decoder
05-30 14:03:27.868 I/a2dp_codec( 1108): packages/modules/Bluetooth/system/stack/a2dp/a2dp_codec_config.cc:116 createCodec: Opus SINK
05-30 14:03:27.868 I/a2dp_codec( 1108): packages/modules/Bluetooth/system/stack/a2dp/a2dp_codec_config.cc:667 init: init: initialized Source codec LDAC
05-30 14:03:27.868 I/a2dp_codec( 1108): packages/modules/Bluetooth/system/stack/a2dp/a2dp_codec_config.cc:667 init: init: initialized Source codec aptX-HD
05-30 14:03:27.868 I/a2dp_codec( 1108): packages/modules/Bluetooth/system/stack/a2dp/a2dp_codec_config.cc:667 init: init: initialized Source codec aptX
05-30 14:03:27.868 I/a2dp_codec( 1108): packages/modules/Bluetooth/system/stack/a2dp/a2dp_codec_config.cc:667 init: init: initialized Source codec AAC
05-30 14:03:27.868 I/a2dp_codec( 1108): packages/modules/Bluetooth/system/stack/a2dp/a2dp_codec_config.cc:667 init: init: initialized Source codec SBC
05-30 14:03:27.868 I/a2dp_codec( 1108): packages/modules/Bluetooth/system/stack/a2dp/a2dp_codec_config.cc:674 init: init: initialized Sink codec Opus SINK
05-30 14:03:27.868 I/a2dp_codec( 1108): packages/modules/Bluetooth/system/stack/a2dp/a2dp_codec_config.cc:674 init: init: initialized Sink codec AAC SINK
05-30 14:03:27.868 I/a2dp_codec( 1108): packages/modules/Bluetooth/system/stack/a2dp/a2dp_codec_config.cc:674 init: init: initialized Sink codec SBC SINK
05-30 14:03:27.868 I/a2dp_codec( 1108): packages/modules/Bluetooth/system/stack/a2dp/a2dp_codec_config.cc:601 init: init
05-30 14:03:27.868 I/a2dp_codec( 1108): packages/modules/Bluetooth/system/stack/a2dp/a2dp_codec_config.cc:116 createCodec: SBC
05-30 14:03:27.868 I/a2dp_codec( 1108): packages/modules/Bluetooth/system/stack/a2dp/a2dp_codec_config.cc:642 init: init: updated SBC codec priority to 1001
05-30 14:03:27.868 I/a2dp_codec( 1108): packages/modules/Bluetooth/system/stack/a2dp/a2dp_codec_config.cc:116 createCodec: AAC
05-30 14:03:27.868 I/a2dp_codec( 1108): packages/modules/Bluetooth/system/stack/a2dp/a2dp_codec_config.cc:642 init: init: updated AAC codec priority to 2001
05-30 14:03:27.868 I/a2dp_codec( 1108): packages/modules/Bluetooth/system/stack/a2dp/a2dp_codec_config.cc:116 createCodec: aptX
05-30 14:03:27.868 I/a2dp_codec( 1108): packages/modules/Bluetooth/system/stack/a2dp/a2dp_codec_config.cc:642 init: init: updated aptX codec priority to 3001
05-30 14:03:27.868 I/a2dp_codec( 1108): packages/modules/Bluetooth/system/stack/a2dp/a2dp_codec_config.cc:116 createCodec: aptX-HD
05-30 14:03:27.868 I/a2dp_codec( 1108): packages/modules/Bluetooth/system/stack/a2dp/a2dp_codec_config.cc:642 init: init: updated aptX-HD codec priority to 4001
05-30 14:03:27.868 I/a2dp_codec( 1108): packages/modules/Bluetooth/system/stack/a2dp/a2dp_codec_config.cc:116 createCodec: LDAC
05-30 14:03:27.868 I/a2dp_codec( 1108): packages/modules/Bluetooth/system/stack/a2dp/a2dp_codec_config.cc:642 init: init: updated LDAC codec priority to 5001
05-30 14:03:27.868 I/a2dp_codec( 1108): packages/modules/Bluetooth/system/stack/a2dp/a2dp_codec_config.cc:116 createCodec: LC3 not implemented
05-30 14:03:27.868 I/a2dp_codec( 1108): packages/modules/Bluetooth/system/stack/a2dp/a2dp_codec_config.cc:633 init: init: OPUS codec disabled, updated priority to -1
05-30 14:03:27.868 I/a2dp_codec( 1108): packages/modules/Bluetooth/system/stack/a2dp/a2dp_codec_config.cc:116 createCodec: Opus
05-30 14:03:27.868 I/a2dp_codec( 1108): packages/modules/Bluetooth/system/stack/a2dp/a2dp_codec_config.cc:642 init: init: updated Opus codec priority to -1
05-30 14:03:27.868 I/a2dp_codec( 1108): packages/modules/Bluetooth/system/stack/a2dp/a2dp_codec_config.cc:116 createCodec: SBC SINK
05-30 14:03:27.868 I/a2dp_codec( 1108): packages/modules/Bluetooth/system/stack/a2dp/a2dp_codec_config.cc:116 createCodec: AAC SINK
05-30 14:03:27.868 I/a2dp_codec( 1108): packages/modules/Bluetooth/system/stack/a2dp/a2dp_codec_config.cc:116 createCodec: LDAC SINK
05-30 14:03:27.869 I/a2dp_vendor_ldac_decoder( 1108): packages/modules/Bluetooth/system/stack/a2dp/a2dp_vendor_ldac_decoder.cc:130 A2DP_VendorLoadDecoderLdac: A2DP_VendorLoadDecoderLdac: cannot open LDAC decoder library libldacBT_bco.so: dlopen failed: library "libldacBT_bco.so" not found
05-30 14:03:27.869 E/a2dp_vendor_ldac( 1108): packages/modules/Bluetooth/system/stack/a2dp/a2dp_vendor_ldac.cc:1422 init: init: cannot load the decoder
05-30 14:03:27.869 I/a2dp_codec( 1108): packages/modules/Bluetooth/system/stack/a2dp/a2dp_codec_config.cc:116 createCodec: Opus SINK
05-30 14:03:27.869 I/a2dp_codec( 1108): packages/modules/Bluetooth/system/stack/a2dp/a2dp_codec_config.cc:667 init: init: initialized Source codec LDAC
05-30 14:03:27.869 I/a2dp_codec( 1108): packages/modules/Bluetooth/system/stack/a2dp/a2dp_codec_config.cc:667 init: init: initialized Source codec aptX-HD
05-30 14:03:27.869 I/a2dp_codec( 1108): packages/modules/Bluetooth/system/stack/a2dp/a2dp_codec_config.cc:667 init: init: initialized Source codec aptX
05-30 14:03:27.869 I/a2dp_codec( 1108): packages/modules/Bluetooth/system/stack/a2dp/a2dp_codec_config.cc:667 init: init: initialized Source codec AAC
05-30 14:03:27.869 I/a2dp_codec( 1108): packages/modules/Bluetooth/system/stack/a2dp/a2dp_codec_config.cc:667 init: init: initialized Source codec SBC
05-30 14:03:27.869 I/a2dp_codec( 1108): packages/modules/Bluetooth/system/stack/a2dp/a2dp_codec_config.cc:674 init: init: initialized Sink codec Opus SINK
05-30 14:03:27.869 I/a2dp_codec( 1108): packages/modules/Bluetooth/system/stack/a2dp/a2dp_codec_config.cc:674 init: init: initialized Sink codec AAC SINK
05-30 14:03:27.869 I/a2dp_codec( 1108): packages/modules/Bluetooth/system/stack/a2dp/a2dp_codec_config.cc:674 init: init: initialized Sink codec SBC SINK
05-30 14:03:27.869 I/a2dp_codec( 1108): packages/modules/Bluetooth/system/stack/a2dp/a2dp_codec_config.cc:601 init: init
05-30 14:03:27.869 I/a2dp_codec( 1108): packages/modules/Bluetooth/system/stack/a2dp/a2dp_codec_config.cc:116 createCodec: SBC
05-30 14:03:27.869 I/a2dp_codec( 1108): packages/modules/Bluetooth/system/stack/a2dp/a2dp_codec_config.cc:642 init: init: updated SBC codec priority to 1001
05-30 14:03:27.869 I/a2dp_codec( 1108): packages/modules/Bluetooth/system/stack/a2dp/a2dp_codec_config.cc:116 createCodec: AAC
05-30 14:03:27.869 W/ScanResultUtil( 692): Empty or null ScanResult list
05-30 14:03:27.869 I/a2dp_codec( 1108): packages/modules/Bluetooth/system/stack/a2dp/a2dp_codec_config.cc:642 init: init: updated AAC codec priority to 2001
05-30 14:03:27.869 I/a2dp_codec( 1108): packages/modules/Bluetooth/system/stack/a2dp/a2dp_codec_config.cc:116 createCodec: aptX
05-30 14:03:27.869 I/a2dp_codec( 1108): packages/modules/Bluetooth/system/stack/a2dp/a2dp_codec_config.cc:642 init: init: updated aptX codec priority to 3001
05-30 14:03:27.869 I/a2dp_codec( 1108): packages/modules/Bluetooth/system/stack/a2dp/a2dp_codec_config.cc:116 createCodec: aptX-HD
05-30 14:03:27.869 I/a2dp_codec( 1108): packages/modules/Bluetooth/system/stack/a2dp/a2dp_codec_config.cc:642 init: init: updated aptX-HD codec priority to 4001
05-30 14:03:27.869 I/a2dp_codec( 1108): packages/modules/Bluetooth/system/stack/a2dp/a2dp_codec_config.cc:116 createCodec: LDAC
05-30 14:03:27.869 W/WifiService( 692): Attempt to retrieve WifiConfiguration with invalid scanResult List
05-30 14:03:27.869 I/a2dp_codec( 1108): packages/modules/Bluetooth/system/stack/a2dp/a2dp_codec_config.cc:642 init: init: updated LDAC codec priority to 5001
05-30 14:03:27.869 I/a2dp_codec( 1108): packages/modules/Bluetooth/system/stack/a2dp/a2dp_codec_config.cc:116 createCodec: LC3 not implemented
05-30 14:03:27.869 I/a2dp_codec( 1108): packages/modules/Bluetooth/system/stack/a2dp/a2dp_codec_config.cc:633 init: init: OPUS codec disabled, updated priority to -1
05-30 14:03:27.869 I/a2dp_codec( 1108): packages/modules/Bluetooth/system/stack/a2dp/a2dp_codec_config.cc:116 createCodec: Opus
05-30 14:03:27.869 I/a2dp_codec( 1108): packages/modules/Bluetooth/system/stack/a2dp/a2dp_codec_config.cc:642 init: init: updated Opus codec priority to -1
05-30 14:03:27.869 I/a2dp_codec( 1108): packages/modules/Bluetooth/system/stack/a2dp/a2dp_codec_config.cc:116 createCodec: SBC SINK
05-30 14:03:27.869 I/a2dp_codec( 1108): packages/modules/Bluetooth/system/stack/a2dp/a2dp_codec_config.cc:116 createCodec: AAC SINK
05-30 14:03:27.869 I/a2dp_codec( 1108): packages/modules/Bluetooth/system/stack/a2dp/a2dp_codec_config.cc:116 createCodec: LDAC SINK
05-30 14:03:27.870 I/a2dp_vendor_ldac_decoder( 1108): packages/modules/Bluetooth/system/stack/a2dp/a2dp_vendor_ldac_decoder.cc:130 A2DP_VendorLoadDecoderLdac: A2DP_VendorLoadDecoderLdac: cannot open LDAC decoder library libldacBT_bco.so: dlopen failed: library "libldacBT_bco.so" not found
05-30 14:03:27.870 E/a2dp_vendor_ldac( 1108): packages/modules/Bluetooth/system/stack/a2dp/a2dp_vendor_ldac.cc:1422 init: init: cannot load the decoder
05-30 14:03:27.870 I/a2dp_codec( 1108): packages/modules/Bluetooth/system/stack/a2dp/a2dp_codec_config.cc:116 createCodec: Opus SINK
05-30 14:03:27.870 I/a2dp_codec( 1108): packages/modules/Bluetooth/system/stack/a2dp/a2dp_codec_config.cc:667 init: init: initialized Source codec LDAC
05-30 14:03:27.870 I/a2dp_codec( 1108): packages/modules/Bluetooth/system/stack/a2dp/a2dp_codec_config.cc:667 init: init: initialized Source codec aptX-HD
05-30 14:03:27.870 I/a2dp_codec( 1108): packages/modules/Bluetooth/system/stack/a2dp/a2dp_codec_config.cc:667 init: init: initialized Source codec aptX
05-30 14:03:27.870 I/a2dp_codec( 1108): packages/modules/Bluetooth/system/stack/a2dp/a2dp_codec_config.cc:667 init: init: initialized Source codec AAC
05-30 14:03:27.870 I/a2dp_codec( 1108): packages/modules/Bluetooth/system/stack/a2dp/a2dp_codec_config.cc:667 init: init: initialized Source codec SBC
05-30 14:03:27.870 I/a2dp_codec( 1108): packages/modules/Bluetooth/system/stack/a2dp/a2dp_codec_config.cc:674 init: init: initialized Sink codec Opus SINK
05-30 14:03:27.870 I/a2dp_codec( 1108): packages/modules/Bluetooth/system/stack/a2dp/a2dp_codec_config.cc:674 init: init: initialized Sink codec AAC SINK
05-30 14:03:27.870 I/a2dp_codec( 1108): packages/modules/Bluetooth/system/stack/a2dp/a2dp_codec_config.cc:674 init: init: initialized Sink codec SBC SINK
05-30 14:03:27.870 I/a2dp_codec( 1108): packages/modules/Bluetooth/system/stack/a2dp/a2dp_codec_config.cc:601 init: init
05-30 14:03:27.870 I/a2dp_codec( 1108): packages/modules/Bluetooth/system/stack/a2dp/a2dp_codec_config.cc:116 createCodec: SBC
05-30 14:03:27.870 I/a2dp_codec( 1108): packages/modules/Bluetooth/system/stack/a2dp/a2dp_codec_config.cc:642 init: init: updated SBC codec priority to 1001
05-30 14:03:27.870 I/a2dp_codec( 1108): packages/modules/Bluetooth/system/stack/a2dp/a2dp_codec_config.cc:116 createCodec: AAC
05-30 14:03:27.870 I/a2dp_codec( 1108): packages/modules/Bluetooth/system/stack/a2dp/a2dp_codec_config.cc:642 init: init: updated AAC codec priority to 2001
05-30 14:03:27.870 I/a2dp_codec( 1108): packages/modules/Bluetooth/system/stack/a2dp/a2dp_codec_config.cc:116 createCodec: aptX
05-30 14:03:27.870 I/a2dp_codec( 1108): packages/modules/Bluetooth/system/stack/a2dp/a2dp_codec_config.cc:642 init: init: updated aptX codec priority to 3001
05-30 14:03:27.870 I/a2dp_codec( 1108): packages/modules/Bluetooth/system/stack/a2dp/a2dp_codec_config.cc:116 createCodec: aptX-HD
05-30 14:03:27.870 I/a2dp_codec( 1108): packages/modules/Bluetooth/system/stack/a2dp/a2dp_codec_config.cc:642 init: init: updated aptX-HD codec priority to 4001
05-30 14:03:27.870 I/a2dp_codec( 1108): packages/modules/Bluetooth/system/stack/a2dp/a2dp_codec_config.cc:116 createCodec: LDAC
05-30 14:03:27.870 I/a2dp_codec( 1108): packages/modules/Bluetooth/system/stack/a2dp/a2dp_codec_config.cc:642 init: init: updated LDAC codec priority to 5001
05-30 14:03:27.870 I/a2dp_codec( 1108): packages/modules/Bluetooth/system/stack/a2dp/a2dp_codec_config.cc:116 createCodec: LC3 not implemented
05-30 14:03:27.870 I/a2dp_codec( 1108): packages/modules/Bluetooth/system/stack/a2dp/a2dp_codec_config.cc:633 init: init: OPUS codec disabled, updated priority to -1
05-30 14:03:27.870 I/a2dp_codec( 1108): packages/modules/Bluetooth/system/stack/a2dp/a2dp_codec_config.cc:116 createCodec: Opus
05-30 14:03:27.870 I/a2dp_codec( 1108): packages/modules/Bluetooth/system/stack/a2dp/a2dp_codec_config.cc:642 init: init: updated Opus codec priority to -1
05-30 14:03:27.870 I/a2dp_codec( 1108): packages/modules/Bluetooth/system/stack/a2dp/a2dp_codec_config.cc:116 createCodec: SBC SINK
05-30 14:03:27.870 I/a2dp_codec( 1108): packages/modules/Bluetooth/system/stack/a2dp/a2dp_codec_config.cc:116 createCodec: AAC SINK
05-30 14:03:27.870 I/a2dp_codec( 1108): packages/modules/Bluetooth/system/stack/a2dp/a2dp_codec_config.cc:116 createCodec: LDAC SINK
05-30 14:03:27.873 I/a2dp_vendor_ldac_decoder( 1108): packages/modules/Bluetooth/system/stack/a2dp/a2dp_vendor_ldac_decoder.cc:130 A2DP_VendorLoadDecoderLdac: A2DP_VendorLoadDecoderLdac: cannot open LDAC decoder library libldacBT_bco.so: dlopen failed: library "libldacBT_bco.so" not found
05-30 14:03:27.873 E/a2dp_vendor_ldac( 1108): packages/modules/Bluetooth/system/stack/a2dp/a2dp_vendor_ldac.cc:1422 init: init: cannot load the decoder
05-30 14:03:27.873 I/a2dp_codec( 1108): packages/modules/Bluetooth/system/stack/a2dp/a2dp_codec_config.cc:116 createCodec: Opus SINK
05-30 14:03:27.873 I/a2dp_codec( 1108): packages/modules/Bluetooth/system/stack/a2dp/a2dp_codec_config.cc:667 init: init: initialized Source codec LDAC
05-30 14:03:27.873 I/a2dp_codec( 1108): packages/modules/Bluetooth/system/stack/a2dp/a2dp_codec_config.cc:667 init: init: initialized Source codec aptX-HD
05-30 14:03:27.873 I/a2dp_codec( 1108): packages/modules/Bluetooth/system/stack/a2dp/a2dp_codec_config.cc:667 init: init: initialized Source codec aptX
05-30 14:03:27.873 I/a2dp_codec( 1108): packages/modules/Bluetooth/system/stack/a2dp/a2dp_codec_config.cc:667 init: init: initialized Source codec AAC
05-30 14:03:27.873 I/a2dp_codec( 1108): packages/modules/Bluetooth/system/stack/a2dp/a2dp_codec_config.cc:667 init: init: initialized Source codec SBC
05-30 14:03:27.873 I/a2dp_codec( 1108): packages/modules/Bluetooth/system/stack/a2dp/a2dp_codec_config.cc:674 init: init: initialized Sink codec Opus SINK
05-30 14:03:27.873 I/a2dp_codec( 1108): packages/modules/Bluetooth/system/stack/a2dp/a2dp_codec_config.cc:674 init: init: initialized Sink codec AAC SINK
05-30 14:03:27.873 I/a2dp_codec( 1108): packages/modules/Bluetooth/system/stack/a2dp/a2dp_codec_config.cc:674 init: init: initialized Sink codec SBC SINK
05-30 14:03:27.873 I/bt_btif_a2dp_source( 1108): packages/modules/Bluetooth/system/btif/src/btif_a2dp_source.cc:331 btif_a2dp_source_init: btif_a2dp_source_init
05-30 14:03:27.873 I/bt_stack( 1108): [INFO:message_loop_thread.cc(184)] Run: message loop starting for thread bt_a2dp_source_worker_thread
05-30 14:03:27.875 I/bt_btif_a2dp_source( 1108): packages/modules/Bluetooth/system/btif/src/btif_a2dp_source.cc:341 btif_a2dp_source_init_delayed: btif_a2dp_source_init_delayed
05-30 14:03:27.875 I/bt_btif_storage( 1108): packages/modules/Bluetooth/system/btif/src/btif_storage.cc:653 btif_storage_get_adapter_property: btif_storage_get_adapter_property service_mask:0x20000008
05-30 14:03:27.875 I/bt_bta_av( 1108): packages/modules/Bluetooth/system/bta/av/bta_av_main.cc:431 bta_av_api_register: bta_av_api_register: AVRCP version used for sdp: "avrcp15"
05-30 14:03:27.875 I/bt_l2cap( 1108): packages/modules/Bluetooth/system/stack/l2cap/l2c_api.cc:172 L2CA_Register: L2CAP Registered service classic PSM: 0x0019
05-30 14:03:27.875 I/bt_l2cap( 1108): packages/modules/Bluetooth/system/stack/l2cap/l2c_api.cc:172 L2CA_Register: L2CAP Registered service classic PSM: 0x0017
05-30 14:03:27.875 I/bt_l2cap( 1108): packages/modules/Bluetooth/system/stack/l2cap/l2c_api.cc:172 L2CA_Register: L2CAP Registered service classic PSM: 0x001b
05-30 14:03:27.875 D/A2dpService( 1108): A2DP offload flag set to false
05-30 14:03:27.875 I/bt_bta_dm( 1108): packages/modules/Bluetooth/system/bta/dm/bta_dm_act.cc:3456 bta_dm_eir_update_uuid: EIR Adding UUID=0x110A into extended inquiry response
05-30 14:03:27.875 I/bt_bta_dm( 1108): packages/modules/Bluetooth/system/bta/dm/bta_dm_act.cc:3155 bta_dm_set_eir: Generating extended inquiry response packet EIR
05-30 14:03:27.875 I/bt_bta_av( 1108): packages/modules/Bluetooth/system/bta/av/bta_av_act.cc:305 bta_av_rc_create: Skipping RC creation for the old AVRCP profile
05-30 14:03:27.875 I/bt_bta_av( 1108): packages/modules/Bluetooth/system/bta/av/bta_av_main.cc:431 bta_av_api_register: bta_av_api_register: AVRCP version used for sdp: "avrcp15"
05-30 14:03:27.875 I/bt_bta_av( 1108): packages/modules/Bluetooth/system/bta/av/bta_av_main.cc:431 bta_av_api_register: bta_av_api_register: AVRCP version used for sdp: "avrcp15"
05-30 14:03:27.875 I/bt_bta_av( 1108): packages/modules/Bluetooth/system/bta/av/bta_av_main.cc:431 bta_av_api_register: bta_av_api_register: AVRCP version used for sdp: "avrcp15"
05-30 14:03:27.875 I/bt_bta_av( 1108): packages/modules/Bluetooth/system/bta/av/bta_av_main.cc:431 bta_av_api_register: bta_av_api_register: AVRCP version used for sdp: "avrcp15"
05-30 14:03:27.875 I/bt_bta_av( 1108): packages/modules/Bluetooth/system/bta/av/bta_av_main.cc:431 bta_av_api_register: bta_av_api_register: AVRCP version used for sdp: "avrcp15"
05-30 14:03:27.876 D/A2dpService( 1108): setA2dpService(): set to: com.android.bluetooth.a2dp.A2dpService@ed0328b
05-30 14:03:27.876 D/ActivityAttributionService( 1108): notifyActivityAttributionInfo UID=1002 packageName=com.android.bluetooth deviceAddress=no_active_device_address
05-30 14:03:27.876 I/bt_btif ( 1108): packages/modules/Bluetooth/system/btif/src/bluetooth.cc:829 get_profile_interface: get_profile_interface: id = activity_attribution
05-30 14:03:27.878 W/ScanResultUtil( 692): Empty or null ScanResult list
05-30 14:03:27.878 W/WifiService( 692): Attempt to retrieve WifiConfiguration with invalid scanResult List
05-30 14:03:27.879 W/ScanResultUtil( 692): Empty or null ScanResult list
05-30 14:03:27.879 E/WifiService( 692): Attempt to retrieve passpoint with invalid scanResult List
05-30 14:03:27.879 I/AvrcpTargetService( 1108): Starting the AVRCP Target Service
05-30 14:03:27.880 V/MediaPlayerList( 1108): Creating MediaPlayerList
05-30 14:03:27.882 W/ScanResultUtil( 692): Empty or null ScanResult list
05-30 14:03:27.882 W/WifiService( 692): Attempt to retrieve OsuProviders with invalid scanResult List
05-30 14:03:27.888 D/MediaSessionService( 692): The MediaKeyEventSessionChangedListener (android.os.BinderProxy@c985a51) is added by com.android.bluetooth
05-30 14:03:27.889 I/AvrcpTargetJni( 1108): classInitNative: AvrcpTargetJni initialized!
05-30 14:03:27.889 D/AvrcpTargetJni( 1108): initNative
05-30 14:03:27.889 I/bt_stack( 1108): [INFO:avrcp_service.cc(375)] AVRCP Target Service started
05-30 14:03:27.889 I/bt_bta_dm( 1108): packages/modules/Bluetooth/system/bta/dm/bta_dm_act.cc:3456 bta_dm_eir_update_uuid: EIR Adding UUID=0x110C into extended inquiry response
05-30 14:03:27.889 I/bt_bta_dm( 1108): packages/modules/Bluetooth/system/bta/dm/bta_dm_act.cc:3155 bta_dm_set_eir: Generating extended inquiry response packet EIR
05-30 14:03:27.889 I/bt_bta_dm( 1108): packages/modules/Bluetooth/system/bta/dm/bta_dm_act.cc:3456 bta_dm_eir_update_uuid: EIR Adding UUID=0x110E into extended inquiry response
05-30 14:03:27.889 I/bt_bta_dm( 1108): packages/modules/Bluetooth/system/bta/dm/bta_dm_act.cc:3155 bta_dm_set_eir: Generating extended inquiry response packet EIR
05-30 14:03:27.889 I/bt_stack( 1108): [INFO:connection_handler.cc(200)] Connect to device ff:ff:ff:ff:ff:ff
05-30 14:03:27.890 I/bt_stack( 1108): [INFO:connection_handler.cc(222)] virtual bool bluetooth::avrcp::ConnectionHandler::AvrcpConnect(bool, const RawAddress &): handle=0000 status= 000000
05-30 14:03:27.894 D/ThemeOverlayController( 991): fetched overlays. accent: android.content.om.FabricatedOverlay@26b0477 neutral: android.content.om.FabricatedOverlay@df758e4 dynamic: android.content.om.FabricatedOverlay@3be814d
05-30 14:03:27.894 E/AvrcpTargetService( 1108): Please use AVRCP version 1.6 to enable cover art
05-30 14:03:27.894 D/ThemeOverlayController( 991): updateThemeOverlays. Setting: null
05-30 14:03:27.895 D/ActivityAttributionService( 1108): notifyActivityAttributionInfo UID=1002 packageName=com.android.bluetooth deviceAddress=no_active_device_address
05-30 14:03:27.895 I/bt_btif ( 1108): packages/modules/Bluetooth/system/btif/src/bluetooth.cc:829 get_profile_interface: get_profile_interface: id = activity_attribution
05-30 14:03:27.896 I/HeadsetService( 1108): create()
05-30 14:03:27.898 D/ThemeOverlayController( 991): Skipping overlay creation. Theme was already: ColorScheme {
05-30 14:03:27.898 D/ThemeOverlayController( 991): seed color: H269 C70 T49 = #1B6EF3
05-30 14:03:27.898 D/ThemeOverlayController( 991): style: TONAL_SPOT
05-30 14:03:27.898 D/ThemeOverlayController( 991): palettes:
05-30 14:03:27.898 D/ThemeOverlayController( 991): PRIMARY
05-30 14:03:27.898 D/ThemeOverlayController( 991): H275 C4 T99 = #FEFBFF
05-30 14:03:27.898 D/ThemeOverlayController( 991): H270 C11 T95 = #EEF0FF
05-30 14:03:27.898 D/ThemeOverlayController( 991): H268 C19 T90 = #D9E2FF
05-30 14:03:27.898 D/ThemeOverlayController( 991): H268 C35 T80 = #B0C6FF
05-30 14:03:27.898 D/ThemeOverlayController( 991): H269 C36 T70 = #94AAE4
05-30 14:03:27.898 D/ThemeOverlayController( 991): H269 C36 T60 = #7A90C8
05-30 14:03:27.898 D/ThemeOverlayController( 991): H269 C36 T50 = #5F75AB
05-30 14:03:27.898 D/ThemeOverlayController( 991): H269 C36 T40 = #475D92
05-30 14:03:27.898 D/ThemeOverlayController( 991): H269 C36 T30 = #2F4578
05-30 14:03:27.898 D/ThemeOverlayController( 991): H269 C36 T20 = #152E60
05-30 14:03:27.898 D/ThemeOverlayController( 991): H269 C33 T10 = #001945
05-30 14:03:27.898 D/ThemeOverlayController( 991): H0 C0 T0 = #000000
05-30 14:03:27.898 D/ThemeOverlayController( 991): SECONDARY
05-30 14:03:27.898 D/ThemeOverlayController( 991): H275 C4 T99 = #FEFBFF
05-30 14:03:27.898 D/ThemeOverlayController( 991): H270 C11 T95 = #EEF0FF
05-30 14:03:27.898 D/ThemeOverlayController( 991): H269 C16 T90 = #DCE2F9
05-30 14:03:27.898 D/ThemeOverlayController( 991): H269 C16 T80 = #C0C6DC
05-30 14:03:27.898 D/ThemeOverlayController( 991): H268 C16 T70 = #A4ABC1
05-30 14:03:27.898 D/ThemeOverlayController( 991): H270 C16 T60 = #8A90A5
05-30 14:03:27.898 D/ThemeOverlayController( 991): H268 C16 T50 = #6F768A
05-30 14:03:27.898 D/ThemeOverlayController( 991): H268 C16 T40 = #575E71
05-30 14:03:27.898 D/ThemeOverlayController( 991): H271 C16 T30 = #404659
05-30 14:03:27.898 D/ThemeOverlayController( 991): H271 C16 T20 = #2A3042
05-30 14:03:27.898 D/ThemeOverlayController( 991): H271 C16 T10 = #151B2C
05-30 14:03:27.898 D/ThemeOverlayController( 991): H0 C0 T0 = #000000
05-30 14:03:27.898 D/ThemeOverlayController( 991): TERTIARY
05-30 14:03:27.898 D/ThemeOverlayController( 991): H285 C3 T99 = #FFFBFF
05-30 14:03:27.898 D/ThemeOverlayController( 991): H330 C12 T95 = #FFEBFA
05-30 14:03:27.898 D/ThemeOverlayController( 991): H329 C24 T90 = #FDD7FA
05-30 14:03:27.898 D/ThemeOverlayController( 991): H329 C24 T80 = #E0BBDD
05-30 14:03:27.898 D/ThemeOverlayController( 991): H329 C24 T70 = #C3A0C1
05-30 14:03:27.898 D/ThemeOverlayController( 991): H330 C24 T60 = #A886A6
05-30 14:03:27.898 D/ThemeOverlayController( 991): H328 C24 T50 = #8B6C8B
05-30 14:03:27.898 D/ThemeOverlayController( 991): H329 C24 T40 = #725572
05-30 14:03:27.898 D/ThemeOverlayController( 991): H329 C24 T30 = #593D59
05-30 14:03:27.898 D/ThemeOverlayController( 991): H329 C24 T20 = #412742
05-30 14:03:27.898 D/ThemeOverlayController( 991): H329 C24 T10 = #2A122C
05-30 14:03:27.898 D/ThemeOverlayController( 991): H0 C0 T0 = #000000
05-30 14:03:27.898 D/ThemeOverlayController( 991): NEUTRAL
05-30 14:03:27.898 D/ThemeOverlayController( 991): H275 C4 T99 = #FEFBFF
05-30 14:03:27.898 D/ThemeOverlayController( 991): H269 C6 T95 = #F1F0F7
05-30 14:03:27.898 D/ThemeOverlayController( 991): H265 C6 T90 = #E2E2E9
05-30 14:03:27.898 D/ThemeOverlayController( 991): H267 C6 T80 = #C6C6CD
05-30 14:03:27.898 D/ThemeOverlayController( 991): H267 C5 T70 = #ABABB1
05-30 14:03:27.898 D/ThemeOverlayController( 991): H272 C6 T60 = #909097
05-30 14:03:27.898 D/ThemeOverlayController( 991): H265 C6 T50 = #75767C
05-30 14:03:27.898 D/ThemeOverlayController( 991): H268 C6 T40 = #5D5E64
05-30 14:03:27.898 D/ThemeOverlayController( 991): H270 C6 T30 = #45464C
05-30 14:03:27.898 D/ThemeOverlayController( 991): H273 C6 T20 = #2F3036
05-30 14:03:27.898 D/ThemeOverlayController( 991): H273 C6 T10 = #1A1B20
05-30 14:03:27.898 D/ThemeOverlayController( 991): H0 C0 T0 = #000000
05-30 14:03:27.898 D/ThemeOverlayController( 991): NEUTRAL VARIANT
05-30 14:03:27.898 D/ThemeOverlayController( 991): H275 C4 T99 = #FEFBFF
05-30 14:03:27.898 D/ThemeOverlayController( 991): H270 C8 T95 = #F0F0FA
05-30 14:03:27.898 D/ThemeOverlayController( 991): H267 C8 T90 = #E1E2EC
05-30 14:03:27.898 D/ThemeOverlayController( 991): H268 C8 T80 = #C5C6D0
05-30 14:03:27.898 D/ThemeOverlayController( 991): H264 C8 T70 = #A9ABB4
05-30 14:03:27.898 D/ThemeOverlayController( 991): H270 C8 T60 = #8F9099
05-30 14:03:27.898 D/ThemeOverlayController( 991): H268 C8 T50 = #74767F
05-30 14:03:27.898 D/ThemeOverlayController( 991): H269 C8 T40 = #5C5E67
05-30 14:03:27.898 D/ThemeOverlayController( 991): H271 C9 T30 = #44464F
05-30 14:03:27.898 D/ThemeOverlayController( 991): H271 C8 T20 = #2E3038
05-30 14:03:27.898 D/ThemeOverlayController( 991): H273 C9 T10 = #191B23
05-30 14:03:27.898 D/ThemeOverlayController( 991): H0 C0 T0 = #000000
05-30 14:03:27.898 D/ThemeOverlayController( 991): }
05-30 14:03:27.899 D/ThemeOverlayController( 991): ThemeHomeDelay: ThemeOverlayController ready
05-30 14:03:27.900 I/HeadsetService( 1108): start()
05-30 14:03:27.904 D/CompatibilityChangeReporter( 692): Compat change id reported: 265464455; UID 1000; state: DISABLED
05-30 14:03:27.904 D/CompatibilityChangeReporter( 692): Compat change id reported: 265452344; UID 1000; state: DISABLED
05-30 14:03:27.904 D/CompatibilityChangeReporter( 692): Compat change id reported: 266124927; UID 1000; state: DISABLED
05-30 14:03:27.905 D/CompatibilityChangeReporter( 692): Compat change id reported: 265451093; UID 1000; state: DISABLED
05-30 14:03:27.906 D/CompatibilityChangeReporter( 692): Compat change id reported: 265456536; UID 1000; state: DISABLED
05-30 14:03:27.906 D/CompatibilityChangeReporter( 692): Compat change id reported: 255940284; UID 1000; state: DISABLED
05-30 14:03:27.906 I/BluetoothHeadsetServiceJni( 1108): classInitNative: succeeds
05-30 14:03:27.907 W/HeadsetClientService( 1108): getHeadsetClientService(): service is null
05-30 14:03:27.907 I/bt_btif ( 1108): packages/modules/Bluetooth/system/btif/src/bluetooth.cc:829 get_profile_interface: get_profile_interface: id = handsfree
05-30 14:03:27.907 I/bt_stack( 1108): [INFO:btif_hf.cc(1626)] GetInterface
05-30 14:03:27.907 I/bt_btif_hf( 1108): packages/modules/Bluetooth/system/btif/src/btif_hf.cc:1590 ExecuteService: service starts to: Initialize
05-30 14:03:27.907 I/bt_btif_storage( 1108): packages/modules/Bluetooth/system/btif/src/btif_storage.cc:653 btif_storage_get_adapter_property: btif_storage_get_adapter_property service_mask:0x20000048
05-30 14:03:27.907 I/bluetooth( 1108): packages/modules/Bluetooth/system/bta/ag/bta_ag_main.cc:405 bta_ag_api_enable: AG api enable
05-30 14:03:27.907 I/bluetooth( 1108): packages/modules/Bluetooth/system/bta/ag/bta_ag_sdp.cc:146 bta_ag_add_record: features: 135023
05-30 14:03:27.907 I/bt_bta_dm( 1108): packages/modules/Bluetooth/system/bta/dm/bta_dm_act.cc:3456 bta_dm_eir_update_uuid: EIR Adding UUID=0x1112 into extended inquiry response
05-30 14:03:27.907 I/bt_bta_dm( 1108): packages/modules/Bluetooth/system/bta/dm/bta_dm_act.cc:3155 bta_dm_set_eir: Generating extended inquiry response packet EIR
05-30 14:03:27.907 I/bluetooth( 1108): packages/modules/Bluetooth/system/bta/ag/bta_ag_sdp.cc:146 bta_ag_add_record: features: 135023
05-30 14:03:27.907 I/bt_bta_dm( 1108): packages/modules/Bluetooth/system/bta/dm/bta_dm_act.cc:3456 bta_dm_eir_update_uuid: EIR Adding UUID=0x111F into extended inquiry response
05-30 14:03:27.907 I/bt_bta_dm( 1108): packages/modules/Bluetooth/system/bta/dm/bta_dm_act.cc:3155 bta_dm_set_eir: Generating extended inquiry response packet EIR
05-30 14:03:27.907 D/CompatibilityChangeReporter( 692): Compat change id reported: 236283604; UID 1000; state: DISABLED
05-30 14:03:27.907 I/bt_stack( 1108): [INFO:btif_hf.cc(318)] btif_hf_upstreams_evt: AG enable/disable event 0
05-30 14:03:27.907 I/bt_stack( 1108): [INFO:port_api.cc(220)] RFCOMM_CreateConnectionWithSecurity: bd_addr=ff:ff:ff:ff:ff:ff, scn=2, is_server=1, mtu=256, uuid=0x1112, dlci=4, signal_state=0x0b, p_port=0xc47a13b0
05-30 14:03:27.907 I/bt_stack( 1108): [INFO:port_api.cc(220)] RFCOMM_CreateConnectionWithSecurity: bd_addr=ff:ff:ff:ff:ff:ff, scn=3, is_server=1, mtu=256, uuid=0x111f, dlci=6, signal_state=0x0b, p_port=0xc47a1438
05-30 14:03:27.907 I/bt_stack( 1108): [INFO:port_api.cc(220)] RFCOMM_CreateConnectionWithSecurity: bd_addr=ff:ff:ff:ff:ff:ff, scn=2, is_server=1, mtu=256, uuid=0x1112, dlci=4, signal_state=0x0b, p_port=0xc47a14c0
05-30 14:03:27.908 I/bt_stack( 1108): [INFO:port_api.cc(220)] RFCOMM_CreateConnectionWithSecurity: bd_addr=ff:ff:ff:ff:ff:ff, scn=3, is_server=1, mtu=256, uuid=0x111f, dlci=6, signal_state=0x0b, p_port=0xc47a1548
05-30 14:03:27.908 I/bt_stack( 1108): [INFO:port_api.cc(220)] RFCOMM_CreateConnectionWithSecurity: bd_addr=ff:ff:ff:ff:ff:ff, scn=2, is_server=1, mtu=256, uuid=0x1112, dlci=4, signal_state=0x0b, p_port=0xc47a15d0
05-30 14:03:27.908 I/bt_stack( 1108): [INFO:port_api.cc(220)] RFCOMM_CreateConnectionWithSecurity: bd_addr=ff:ff:ff:ff:ff:ff, scn=3, is_server=1, mtu=256, uuid=0x111f, dlci=6, signal_state=0x0b, p_port=0xc47a1658
05-30 14:03:27.908 I/bt_stack( 1108): [INFO:port_api.cc(220)] RFCOMM_CreateConnectionWithSecurity: bd_addr=ff:ff:ff:ff:ff:ff, scn=2, is_server=1, mtu=256, uuid=0x1112, dlci=4, signal_state=0x0b, p_port=0xc47a16e0
05-30 14:03:27.908 D/CompatibilityChangeReporter( 692): Compat change id reported: 263959004; UID 1000; state: DISABLED
05-30 14:03:27.908 I/bt_stack( 1108): [INFO:port_api.cc(220)] RFCOMM_CreateConnectionWithSecurity: bd_addr=ff:ff:ff:ff:ff:ff, scn=3, is_server=1, mtu=256, uuid=0x111f, dlci=6, signal_state=0x0b, p_port=0xc47a1768
05-30 14:03:27.908 I/bt_stack( 1108): [INFO:port_api.cc(220)] RFCOMM_CreateConnectionWithSecurity: bd_addr=ff:ff:ff:ff:ff:ff, scn=2, is_server=1, mtu=256, uuid=0x1112, dlci=4, signal_state=0x0b, p_port=0xc47a17f0
05-30 14:03:27.908 I/bt_stack( 1108): [INFO:port_api.cc(220)] RFCOMM_CreateConnectionWithSecurity: bd_addr=ff:ff:ff:ff:ff:ff, scn=3, is_server=1, mtu=256, uuid=0x111f, dlci=6, signal_state=0x0b, p_port=0xc47a1878
05-30 14:03:27.908 I/bt_stack( 1108): [INFO:port_api.cc(220)] RFCOMM_CreateConnectionWithSecurity: bd_addr=ff:ff:ff:ff:ff:ff, scn=2, is_server=1, mtu=256, uuid=0x1112, dlci=4, signal_state=0x0b, p_port=0xc47a1900
05-30 14:03:27.908 I/bt_stack( 1108): [INFO:port_api.cc(220)] RFCOMM_CreateConnectionWithSecurity: bd_addr=ff:ff:ff:ff:ff:ff, scn=3, is_server=1, mtu=256, uuid=0x111f, dlci=6, signal_state=0x0b, p_port=0xc47a1988
05-30 14:03:27.908 D/CompatibilityChangeReporter( 692): Compat change id reported: 264304459; UID 1000; state: DISABLED
05-30 14:03:27.908 D/CompatibilityChangeReporter( 692): Compat change id reported: 264301586; UID 1000; state: DISABLED
05-30 14:03:27.911 D/ActivityAttributionService( 1108): notifyActivityAttributionInfo UID=1002 packageName=com.android.bluetooth deviceAddress=no_active_device_address
05-30 14:03:27.911 I/bt_btif ( 1108): packages/modules/Bluetooth/system/btif/src/bluetooth.cc:829 get_profile_interface: get_profile_interface: id = activity_attribution
05-30 14:03:27.911 D/CompatibilityChangeReporter( 692): Compat change id reported: 254631730; UID 1000; state: DISABLED
05-30 14:03:27.911 D/CompatibilityChangeReporter( 692): Compat change id reported: 273509367; UID 1000; state: DISABLED
05-30 14:03:27.912 D/HearingAidService( 1108): create()
05-30 14:03:27.912 D/CompatibilityChangeReporter( 692): Compat change id reported: 263259275; UID 1000; state: DISABLED
05-30 14:03:27.912 D/CompatibilityChangeReporter( 692): Compat change id reported: 174042980; UID 1000; state: DISABLED
05-30 14:03:27.913 D/CompatibilityChangeReporter( 692): Compat change id reported: 174042936; UID 1000; state: DISABLED
05-30 14:03:27.913 D/CompatibilityChangeReporter( 692): Compat change id reported: 181136395; UID 1000; state: DISABLED
05-30 14:03:27.916 D/HearingAidService( 1108): start()
05-30 14:03:27.916 I/bt_stack( 1108): [INFO:com_android_bluetooth_hearing_aid.cpp(97)] classInitNative: succeeds
05-30 14:03:27.918 D/HearingAidService( 1108): setHearingAidService(): set to: com.android.bluetooth.hearingaid.HearingAidService@b8d044
05-30 14:03:27.918 I/bt_btif ( 1108): packages/modules/Bluetooth/system/btif/src/bluetooth.cc:829 get_profile_interface: get_profile_interface: id = hearing_aid
05-30 14:03:27.918 D/ActivityAttributionService( 1108): notifyActivityAttributionInfo UID=1002 packageName=com.android.bluetooth deviceAddress=no_active_device_address
05-30 14:03:27.918 I/bt_btif ( 1108): packages/modules/Bluetooth/system/btif/src/bluetooth.cc:829 get_profile_interface: get_profile_interface: id = activity_attribution
05-30 14:03:27.918 I/bt_stack( 1108): [INFO:hearing_aid_software_encoding_aidl.cc(182)] init
05-30 14:03:27.918 D/ActiveDeviceManager( 1108): handleAdapterStateChanged: currentState=11
05-30 14:03:27.920 I/BTAudioProviderFactoryAIDL( 476): getProviderCapabilities - SessionType=HEARING_AID_SOFTWARE_ENCODING_DATAPATH supports 1 codecs
05-30 14:03:27.920 I/bt_stack( 1108): [INFO:client_interface_aidl.cc(124)] FetchAudioProvider: BluetoothAudioHal SessionType=HEARING_AID_SOFTWARE_ENCODING_DATAPATH has 1 AudioCapabilities
05-30 14:03:27.920 I/BTAudioProviderFactoryAIDL( 476): openProvider - SessionType=HEARING_AID_SOFTWARE_ENCODING_DATAPATH
05-30 14:03:27.920 I/BTAudioProviderHearingAid( 476): HearingAidAudioProvider - size of audio buffer 3584 byte(s)
05-30 14:03:27.921 I/bt_stack( 1108): [INFO:client_interface_aidl.cc(143)] IBluetoothAudioProvidersFactory::openProvider() returned 0xf2f24410 (remote)
05-30 14:03:27.921 I/bluetooth( 1108): packages/modules/Bluetooth/system/stack/gatt/gatt_api.cc:1257 GATT_Register: Allocated name:GattClient uuid:19167f4f-870c-2621-7e7d-29fd0104108d gatt_if:4 eatt_support:0
05-30 14:03:27.922 I/bt_btif ( 1108): packages/modules/Bluetooth/system/btif/src/bluetooth.cc:829 get_profile_interface: get_profile_interface: id = hidhost
05-30 14:03:27.922 I/bt_btif_storage( 1108): packages/modules/Bluetooth/system/btif/src/btif_storage.cc:653 btif_storage_get_adapter_property: btif_storage_get_adapter_property service_mask:0x20100048
05-30 14:03:27.922 I/bt_l2cap( 1108): packages/modules/Bluetooth/system/stack/l2cap/l2c_api.cc:172 L2CA_Register: L2CAP Registered service classic PSM: 0x0011
05-30 14:03:27.922 I/bt_l2cap( 1108): packages/modules/Bluetooth/system/stack/l2cap/l2c_api.cc:172 L2CA_Register: L2CAP Registered service classic PSM: 0x0013
05-30 14:03:27.922 I/bluetooth( 1108): packages/modules/Bluetooth/system/stack/gatt/gatt_api.cc:1257 GATT_Register: Allocated name:GattClient uuid:47fe3982-e347-df6e-7908-89292c3e1dc2 gatt_if:5 eatt_support:0
05-30 14:03:27.922 W/bt_stack( 1108): [WARNING:btif_hh.cc(467)] Added device xx:xx:xx:xx:c0:53
05-30 14:03:27.922 W/bt_btif ( 1108): packages/modules/Bluetooth/system/main/bte_logmsg.cc:108 LogMsg: BTA_HH_ADD_DEV_EVT: status = 0, handle = 16
05-30 14:03:27.922 I/bt_bta_gattc( 1108): packages/modules/Bluetooth/system/bta/gatt/bta_gattc_act.cc:429 bta_gattc_init_bk_conn: Not a connected remote device yet
05-30 14:03:27.923 I/bluetooth( 1108): packages/modules/Bluetooth/system/gd/hci/le_address_manager.cc:178 register_client: Client registered
05-30 14:03:27.923 I/bluetooth( 1108): packages/modules/Bluetooth/system/gd/hci/le_address_manager.cc:265 ack_pause: Client already in paused state
05-30 14:03:27.925 I/bluetooth( 1108): packages/modules/Bluetooth/system/gd/hci/le_address_manager.cc:596 OnCommandComplete: Received command complete with op_code LE_ADD_DEVICE_TO_FILTER_ACCEPT_LIST
05-30 14:03:27.925 I/bluetooth( 1108): packages/modules/Bluetooth/system/gd/hci/le_address_manager.cc:294 resume_registered_clients: Resuming registered clients
05-30 14:03:27.927 I/bluetooth( 1108): packages/modules/Bluetooth/system/gd/hci/acl_manager/le_impl.h:878 update_connectability_state_after_armed: Le connection state machine armed state:ConnectabilityState::ARMED status:SUCCESS
05-30 14:03:27.962 D/CompatibilityChangeReporter( 692): Compat change id reported: 194480991; UID 1000; state: ENABLED
05-30 14:03:27.966 E/CellBroadcastUtils( 692): getDefaultCellBroadcastReceiverPackageName: no package found
05-30 14:03:27.970 D/CompatibilityChangeReporter( 692): Compat change id reported: 197654537; UID 1000; state: ENABLED
05-30 14:03:27.973 I/ActivityTaskManager( 692): START u0 {act=android.intent.action.MAIN cat=[android.intent.category.HOME] flg=0x10000100 cmp=com.android.tv.settings/.system.FallbackHome (has extras)} with LAUNCH_MULTIPLE from uid 0 (BAL_ALLOW_ALLOWLISTED_UID) result code=0
05-30 14:03:27.975 D/BtOppService( 1108): setBluetoothOppService(): set to: com.android.bluetooth.opp.BluetoothOppService@b94acb0
05-30 14:03:27.975 D/ActivityAttributionService( 1108): notifyActivityAttributionInfo UID=1002 packageName=com.android.bluetooth deviceAddress=no_active_device_address
05-30 14:03:27.975 I/bt_btif ( 1108): packages/modules/Bluetooth/system/btif/src/bluetooth.cc:829 get_profile_interface: get_profile_interface: id = activity_attribution
05-30 14:03:27.976 I/ActivityManager( 692): com.android.tv.settings is exempt from freezer
05-30 14:03:27.978 D/CompatibilityChangeReporter( 692): Compat change id reported: 135634846; UID 1000; state: DISABLED
05-30 14:03:27.979 D/SystemServerTiming( 692): getUserSwitchability-0
05-30 14:03:27.979 D/SystemServerTiming( 692): TM.isInCall
05-30 14:03:27.980 D/SystemServerTiming( 692): hasUserRestriction-DISALLOW_USER_SWITCH
05-30 14:03:27.980 D/SystemServerTiming( 692): getInt-ALLOW_USER_SWITCHING_WHEN_SYSTEM_USER_LOCKED
05-30 14:03:27.980 D/SystemServerTiming( 692): isUserUnlocked-USER_SYSTEM
05-30 14:03:27.981 D/BluetoothPanServiceJni( 1108): initializeNative(L113): pan
05-30 14:03:27.981 I/bt_btif ( 1108): packages/modules/Bluetooth/system/btif/src/bluetooth.cc:829 get_profile_interface: get_profile_interface: id = pan
05-30 14:03:27.981 I/bt_l2cap( 1108): packages/modules/Bluetooth/system/stack/l2cap/l2c_api.cc:172 L2CA_Register: L2CAP Registered service classic PSM: 0x000f
05-30 14:03:27.982 I/bt_bta_dm( 1108): packages/modules/Bluetooth/system/bta/dm/bta_dm_act.cc:3456 bta_dm_eir_update_uuid: EIR Adding UUID=0x1116 into extended inquiry response
05-30 14:03:27.982 I/bt_bta_dm( 1108): packages/modules/Bluetooth/system/bta/dm/bta_dm_act.cc:3155 bta_dm_set_eir: Generating extended inquiry response packet EIR
05-30 14:03:27.982 I/bt_bta_dm( 1108): packages/modules/Bluetooth/system/bta/dm/bta_dm_act.cc:3456 bta_dm_eir_update_uuid: EIR Adding UUID=0x1115 into extended inquiry response
05-30 14:03:27.982 I/bt_bta_dm( 1108): packages/modules/Bluetooth/system/bta/dm/bta_dm_act.cc:3155 bta_dm_set_eir: Generating extended inquiry response packet EIR
05-30 14:03:27.982 I/bt_bta_dm( 1108): packages/modules/Bluetooth/system/bta/dm/bta_dm_act.cc:3456 bta_dm_eir_update_uuid: EIR Adding UUID=0x1116 into extended inquiry response
05-30 14:03:27.982 I/bt_bta_dm( 1108): packages/modules/Bluetooth/system/bta/dm/bta_dm_act.cc:3155 bta_dm_set_eir: Generating extended inquiry response packet EIR
05-30 14:03:27.982 I/bt_bta_dm( 1108): packages/modules/Bluetooth/system/bta/dm/bta_dm_act.cc:3456 bta_dm_eir_update_uuid: EIR Adding UUID=0x1115 into extended inquiry response
05-30 14:03:27.982 I/bt_bta_dm( 1108): packages/modules/Bluetooth/system/bta/dm/bta_dm_act.cc:3155 bta_dm_set_eir: Generating extended inquiry response packet EIR
05-30 14:03:27.982 D/BluetoothPanServiceJni( 1108): control_state_callback(L60): state:0, local_role:3, ifname:bt-pan
05-30 14:03:27.987 I/TetheringManager( 1108): registerTetheringEventCallback:com.android.bluetooth
05-30 14:03:27.987 I/TetheringManager( 1108): registerTetheringEventCallback caller:com.android.bluetooth
05-30 14:03:27.988 D/AvrcpVolumeManager( 1108): onAudioDevicesAdded: Not expecting device changed
05-30 14:03:27.989 D/HeadsetPhoneState( 1108): sendDeviceStateChanged. mService=0 mSignal=0 mRoam=0 mBatteryCharge=3
05-30 14:03:27.989 D/CompatibilityChangeReporter( 1108): Compat change id reported: 150939131; UID 1002; state: ENABLED
05-30 14:03:27.990 D/AdapterProperties( 1108): onBluetoothReady, state=TURNING_ON, ScanMode=20
05-30 14:03:27.996 D/BluetoothAdapterService( 1108): updateUuids() - Updating UUIDs for bonded devices
05-30 14:03:27.998 I/BluetoothAdapterService( 1108): initProfileServices: Initializing all bluetooth profile services
05-30 14:03:27.998 W/HeadsetClientService( 1108): getHeadsetClientService(): service is null
05-30 14:03:27.998 W/BluetoothMapService( 1108): getBluetoothMapService(): service is null
05-30 14:03:27.998 W/MapClientService( 1108): getMapClientService(): service is null
05-30 14:03:27.998 D/HidDeviceService( 1108): getHidDeviceService(): service is NULL
05-30 14:03:27.998 W/BluetoothPbapService( 1108): getBluetoothPbapService(): service is null
05-30 14:03:27.998 W/PbapClientService( 1108): getPbapClientService(): service is null
05-30 14:03:27.998 W/HapClientService( 1108): getHapClientService(): service is NULL
05-30 14:03:27.998 W/SapService( 1108): getSapService(): service is null
05-30 14:03:27.998 D/Zygote ( 465): Forked child process 1335
05-30 14:03:27.998 W/VolumeControlService( 1108): getVolumeControlService(): service is NULL
05-30 14:03:27.998 W/CsipSetCoordinatorService( 1108): getCsipSetCoordinatorService(): service is NULL
05-30 14:03:27.998 W/LeAudioService( 1108): getLeAudioService(): service is NULL
05-30 14:03:27.998 W/BassClientService( 1108): getBassClientService(): service is NULL
05-30 14:03:27.998 W/BatteryService( 1108): getBatteryService(): service is NULL
05-30 14:03:27.999 I/AdapterState( 1108): ON : entered
05-30 14:03:27.999 D/AdapterProperties( 1108): Setting state to ON
05-30 14:03:28.000 D/AdapterProperties( 1108): Scan Mode:21
05-30 14:03:28.000 D/AdapterProperties( 1108): Discoverable Timeout:120
05-30 14:03:28.000 D/AdapterProperties( 1108): mLocalIOCapability set to 1
05-30 14:03:28.000 D/BluetoothAdapterService( 1108): updateAdapterState() - Broadcasting state ON to 1 receivers.
05-30 14:03:28.001 D/BluetoothManagerService( 692): MESSAGE_BLUETOOTH_STATE_CHANGE: TURNING_ON > ON
05-30 14:03:28.001 D/BluetoothManagerService( 692): Broadcasting onBluetoothStateChange(true) to 13 receivers.
05-30 14:03:28.001 D/BluetoothHearingAid( 692): Binding service...
05-30 14:03:28.002 D/BluetoothManagerService( 692): Creating new ProfileServiceConnections object for profile: 21
05-30 14:03:28.003 I/ActivityManager( 692): Start proc 1335:com.android.tv.settings/1000 for top-activity {com.android.tv.settings/com.android.tv.settings.system.FallbackHome}
05-30 14:03:28.005 D/BluetoothHearingAid( 692): Binding service...
05-30 14:03:28.005 D/BluetoothLeAudio( 692): Binding service...
05-30 14:03:28.006 W/BluetoothManagerService( 692): Cannot bind profile: 22, not in supported profiles list
05-30 14:03:28.007 D/BluetoothA2dpSink( 692): Binding service...
05-30 14:03:28.007 W/BluetoothManagerService( 692): Cannot bind profile: 11, not in supported profiles list
05-30 14:03:28.007 D/BluetoothLeAudioBroadcast( 692): Binding service...
05-30 14:03:28.007 W/BluetoothManagerService( 692): Cannot bind profile: 26, not in supported profiles list
05-30 14:03:28.007 D/BluetoothLeAudio( 692): Binding service...
05-30 14:03:28.007 W/BluetoothManagerService( 692): Cannot bind profile: 22, not in supported profiles list
05-30 14:03:28.007 D/BluetoothA2dp( 692): Binding service...
05-30 14:03:28.007 D/BluetoothManagerService( 692): Creating new ProfileServiceConnections object for profile: 2
05-30 14:03:28.008 I/Zygote ( 1335): seccomp disabled by setenforce 0
05-30 14:03:28.010 D/BluetoothA2dp( 692): Binding service...
05-30 14:03:28.010 D/BluetoothHearingAid( 692): Binding service...
05-30 14:03:28.010 D/BluetoothA2dp( 692): Binding service...
05-30 14:03:28.010 D/BluetoothLeAudio( 692): Binding service...
05-30 14:03:28.010 W/BluetoothManagerService( 692): Cannot bind profile: 22, not in supported profiles list
05-30 14:03:28.010 D/BluetoothHeadset( 692): Binding service...
05-30 14:03:28.010 D/BluetoothManagerService( 692): Creating new ProfileServiceConnections object for profile: 1
05-30 14:03:28.011 I/BluetoothCompanionManager( 1108): Companion device is null, type=0
05-30 14:03:28.011 I/BluetoothAdapterService( 1108): sendUuidsInternal: Received service discovery UUIDs for device XX:XX:XX:XX:C0:53
05-30 14:03:28.011 D/BluetoothAdapterService( 1108): index=0uuid=0000180f-0000-1000-8000-00805f9b34fb
05-30 14:03:28.011 D/BluetoothAdapterService( 1108): index=1uuid=00001812-0000-1000-8000-00805f9b34fb
05-30 14:03:28.012 I/BluetoothPhonePolicy( 1108): onUuidsDiscovered: discovered services for device XX:XX:XX:XX:C0:53
05-30 14:03:28.012 I/BluetoothPhonePolicy( 1108): processInitProfilePriorities() - device XX:XX:XX:XX:C0:53
05-30 14:03:28.012 W/LeAudioService( 1108): getLeAudioService(): service is NULL
05-30 14:03:28.012 W/CsipSetCoordinatorService( 1108): getCsipSetCoordinatorService(): service is NULL
05-30 14:03:28.012 W/VolumeControlService( 1108): getVolumeControlService(): service is NULL
05-30 14:03:28.012 W/HapClientService( 1108): getHapClientService(): service is NULL
05-30 14:03:28.012 W/BassClientService( 1108): getBassClientService(): service is NULL
05-30 14:03:28.012 W/BatteryService( 1108): getBatteryService(): service is NULL
05-30 14:03:28.012 V/BluetoothDatabase( 1108): getProfileConnectionPolicy: device XX:XX:XX:XX:C0:53 profile=HID_HOST, connectionPolicy=100
05-30 14:03:28.014 I/oid.tv.settings( 1335): Using CollectorTypeCC GC.
05-30 14:03:28.016 D/BluetoothManagerService( 692): Sending BLE State Change: TURNING_ON > ON
05-30 14:03:28.016 D/BluetoothManagerService( 692): Sending State Change: TURNING_ON > ON
05-30 14:03:28.017 D/BluetoothHearingAid( 991): Binding service...
05-30 14:03:28.024 E/oid.tv.settings( 1335): Not starting debugger since process cannot load the jdwp agent.
05-30 14:03:28.025 D/LocalBluetoothProfileManager( 991): Adding local A2DP profile
05-30 14:03:28.026 D/ActiveDeviceManager( 1108): handleAdapterStateChanged: currentState=12
05-30 14:03:28.028 D/BluetoothA2dp( 991): Binding service...
05-30 14:03:28.029 D/BluetoothAdapterService( 1108): isQuietModeEnabled() - Enabled = false
05-30 14:03:28.029 I/BluetoothPhonePolicy( 1108): autoConnect: Initiate auto connection on BT on...
05-30 14:03:28.030 D/BluetoothDatabase( 1108): getMostRecentlyConnectedA2dpDevice: Invalid address for device null
05-30 14:03:28.030 E/BluetoothPhonePolicy( 1108): autoConnect: most recently active a2dp device is null
05-30 14:03:28.030 D/BtOppService( 1108): start Socket Listeners
05-30 14:03:28.030 D/BtOppService( 1108): stopListeners: mServerSocket is null
