05-30 14:03:42.305 I/wpa_supplicant( 1212): wlan0: CTRL-EVENT-REGDOM-CHANGE init=CORE type=WORLD
05-30 14:03:42.315 D/WifiHAL ( 500): error code -95 mapped to -3
05-30 14:03:42.315 E/WifiHAL ( 500): failed to set scanning mac OUI; result = -3
05-30 14:03:42.315 E/WifiChipAidlImpl( 692): getUsableChannels failed with service-specific exception: android.os.ServiceSpecificException: (code 4)
05-30 14:03:42.319 I/wpa_supplicant( 1212): wlan0: CTRL-EVENT-REGDOM-CHANGE init=USER type=COUNTRY alpha2=CN
05-30 14:03:42.319 I/wificond( 618): 2.4Ghz frequencies: 2412 2417 2422 2427 2432 2437 2442 2447 2452 2457 2462 2467 2472
05-30 14:03:42.320 I/wificond( 618): 5Ghz non-DFS frequencies: 5745 5765 5785 5805 5825
05-30 14:03:42.320 I/wificond( 618): 5Ghz DFS frequencies: 5180 5200 5220 5240 5260 5280 5300 5320
05-30 14:03:42.320 I/wificond( 618): 6Ghz frequencies:
05-30 14:03:42.320 I/wificond( 618): 60Ghz frequencies:
05-30 14:03:42.321 I/wificond( 618): Regulatory domain changed to country: CN on wiphy_index: 0
05-30 14:03:42.321 I/wificond( 618): UpdateBandInfo
05-30 14:03:42.322 D/WifiNl80211Manager( 692): OnRegDomainChanged CN
05-30 14:03:42.322 D/WifiNative( 692): onCountryCodeChanged: CN
05-30 14:03:42.322 I/WifiCountryCode( 692): Receive onDriverCountryCodeChanged CN
05-30 14:03:42.327 I/wificond( 618): 2.4Ghz frequencies: 2412 2417 2422 2427 2432 2437 2442 2447 2452 2457 2462 2467 2472
05-30 14:03:42.327 I/wificond( 618): 5Ghz non-DFS frequencies: 5745 5765 5785 5805 5825
05-30 14:03:42.327 I/wificond( 618): 5Ghz DFS frequencies: 5180 5200 5220 5240 5260 5280 5300 5320
05-30 14:03:42.327 I/wificond( 618): 6Ghz frequencies:
05-30 14:03:42.327 I/wificond( 618): 60Ghz frequencies:
05-30 14:03:42.329 I/wificond( 618): Regulatory domain changed to country: CN on wiphy_index: 0
05-30 14:03:42.329 I/wificond( 618): UpdateBandInfo
05-30 14:03:42.329 D/WifiNl80211Manager( 692): OnRegDomainChanged CN
05-30 14:03:42.329 D/WifiNative( 692): onCountryCodeChanged: CN
05-30 14:03:42.329 I/WifiCountryCode( 692): Receive onDriverCountryCodeChanged CN
05-30 14:03:42.332 I/wificond( 618): 2.4Ghz frequencies: 2412 2417 2422 2427 2432 2437 2442 2447 2452 2457 2462 2467 2472
05-30 14:03:42.332 I/wificond( 618): 5Ghz non-DFS frequencies: 5745 5765 5785 5805 5825
05-30 14:03:42.332 I/wificond( 618): 5Ghz DFS frequencies: 5180 5200 5220 5240 5260 5280 5300 5320
05-30 14:03:42.332 I/wificond( 618): 6Ghz frequencies:
05-30 14:03:42.332 I/wificond( 618): 60Ghz frequencies:
05-30 14:03:42.333 I/WifiHAL ( 500): found interface wlan0
05-30 14:03:42.333 D/WifiHAL ( 500): error code -95 mapped to -3
05-30 14:03:42.333 E/WifiHAL ( 500): failed to set scanning mac OUI; result = -3
05-30 14:03:42.334 E/WifiChipAidlImpl( 692): getUsableChannels failed with service-specific exception: android.os.ServiceSpecificException: (code 4)
05-30 14:03:42.336 E/ApConfigUtil( 692): Malformed channel value detected: java.lang.NumberFormatException: For input string: ""
05-30 14:03:42.336 D/InstantWifi( 692): Drop, size: 0
05-30 14:03:42.337 I/WifiHAL ( 500): found interface wlan0
05-30 14:03:42.345 D/WifiHAL ( 500): error code -95 mapped to -3
05-30 14:03:42.345 E/WifiHAL ( 500): failed to set scanning mac OUI; result = -3
05-30 14:03:42.345 E/WifiChipAidlImpl( 692): getUsableChannels failed with service-specific exception: android.os.ServiceSpecificException: (code 4)
05-30 14:03:42.348 I/WifiHAL ( 500): found interface wlan0
05-30 14:03:42.348 D/WifiHAL ( 500): error code -95 mapped to -3
05-30 14:03:42.348 E/WifiHAL ( 500): failed to set scanning mac OUI; result = -3
05-30 14:03:42.349 E/WifiChipAidlImpl( 692): getUsableChannels failed with service-specific exception: android.os.ServiceSpecificException: (code 4)
05-30 14:03:42.350 E/ApConfigUtil( 692): Malformed channel value detected: java.lang.NumberFormatException: For input string: ""
05-30 14:03:42.352 I/WifiHAL ( 500): found interface wlan0
05-30 14:03:42.352 D/WifiHAL ( 500): error code -95 mapped to -3
05-30 14:03:42.352 E/WifiHAL ( 500): failed to set scanning mac OUI; result = -3
05-30 14:03:42.352 E/WifiChipAidlImpl( 692): getUsableChannels failed with service-specific exception: android.os.ServiceSpecificException: (code 4)
05-30 14:03:42.356 I/WifiHAL ( 500): found interface wlan0
05-30 14:03:42.356 D/WifiHAL ( 500): error code -95 mapped to -3
05-30 14:03:42.356 E/WifiHAL ( 500): failed to set scanning mac OUI; result = -3
05-30 14:03:42.356 E/WifiChipAidlImpl( 692): getUsableChannels failed with service-specific exception: android.os.ServiceSpecificException: (code 4)
05-30 14:03:42.356 I/net_disconnect.( 2438): type=1400 audit(0.0:978): avc: denied { execute_no_trans } for path="/vendor/bin/rgb_led_ctl" dev="dm-11" ino=334364 scontext=u:r:init:s0 tcontext=u:object_r:vendor_file:s0 tclass=file permissive=1
05-30 14:03:42.359 E/ApConfigUtil( 692): Malformed channel value detected: java.lang.NumberFormatException: For input string: ""
05-30 14:03:42.361 I/WifiHAL ( 500): found interface wlan0
05-30 14:03:42.361 D/WifiHAL ( 500): error code -95 mapped to -3
05-30 14:03:42.361 E/WifiHAL ( 500): failed to set scanning mac OUI; result = -3
05-30 14:03:42.362 E/WifiChipAidlImpl( 692): getUsableChannels failed with service-specific exception: android.os.ServiceSpecificException: (code 4)
05-30 14:03:42.362 E/ApConfigUtil( 692): Malformed channel value detected: java.lang.NumberFormatException: For input string: ""
05-30 14:03:42.364 I/WifiHAL ( 500): found interface wlan0
05-30 14:03:42.364 D/WifiHAL ( 500): error code -95 mapped to -3
05-30 14:03:42.364 E/WifiHAL ( 500): failed to set scanning mac OUI; result = -3
05-30 14:03:42.364 E/WifiChipAidlImpl( 692): getUsableChannels failed with service-specific exception: android.os.ServiceSpecificException: (code 4)
05-30 14:03:42.365 E/ApConfigUtil( 692): Malformed channel value detected: java.lang.NumberFormatException: For input string: ""
05-30 14:03:42.375 D/WifiConfigStore( 692): Writing to stores completed in 8 ms.
05-30 14:03:42.379 D/WifiConfigStore( 692): Writing to stores completed in 3 ms.
05-30 14:03:42.412 D/hq ( 1482): NetWorkStateReceiver:::检查网络,并且持续更新 isConnect=false
05-30 14:03:42.408 I/UsbFfs-monitor( 1387): type=1400 audit(0.0:979): avc: denied { use } for path="anon_inode:[eventfd]" dev="anon_inodefs" ino=10206 scontext=u:r:su:s0 tcontext=u:r:adbd:s0 tclass=fd permissive=1
05-30 14:03:42.427 W/ndroid.systemui( 991): Cleared Reference was only reachable from finalizer (only reported once)
05-30 14:03:42.430 I/ndroid.systemui( 991): Background concurrent copying GC freed 116032(4349KB) AllocSpace objects, 12(304KB) LOS objects, 49% free, 4886KB/9773KB, paused 149us,46us total 123.436ms
05-30 14:03:42.433 W/System ( 991): A resource failed to call release.
05-30 14:03:42.434 W/System ( 991): A resource failed to call release.
05-30 14:03:42.434 W/System ( 991): A resource failed to call release.
05-30 14:03:42.456 I//apex/com.android.adbd/bin/adbd( 1387): type=1400 audit(0.0:980): avc: denied { connectto } for comm=75736220666673206F70656E path="/dev/socket/property_service" scontext=u:r:su:s0 tcontext=u:r:init:s0 tclass=unix_stream_socket permissive=1
05-30 14:03:43.202 I/ThermalService( 999): CPU temperatures: [52.300003]
05-30 14:03:43.532 I/ActivityManager( 692): Skip zero pid ANR, process=WebViewLoader-armeabi-v7a
05-30 14:03:43.731 D/ActivityManager( 692): freezing 2196 com.android.externalstorage
05-30 14:03:44.337 W/System ( 1108): A resource failed to call close.
05-30 14:03:44.413 D/hq ( 1482): NetWorkStateReceiver:::检查网络,并且持续更新 isConnect=false
05-30 14:03:44.871 D/WifiNl80211Manager( 692): Scan result ready event
05-30 14:03:44.871 D/WifiNative( 692): Scan result ready event
05-30 14:03:44.893 D/WificondScannerImpl( 692): Filtering out 14 scan results.
05-30 14:03:44.935 E/hq ( 1482): NetWorkStateReceiver:::NetWorkStateReceiver onReceive: 网络变化广播 >>>> intent.action=android.net.wifi.SCAN_RESULTS
05-30 14:03:44.940 I/WifiHAL ( 500): call wifi_get_link_stats handler
05-30 14:03:44.940 I/WifiHAL ( 500): Creating message to get link statistics; iface = 16
05-30 14:03:44.941 D/WifiHAL ( 500): error code -95 mapped to -3
05-30 14:03:44.941 E/WifiStaIfaceAidlImpl( 692): getLinkLayerStats failed with service-specific exception: android.os.ServiceSpecificException: (code 4)
05-30 14:03:44.977 W/eventbuscore( 1482): post Event:com.dangbei.leard.base.entity.event.NetWifiRssiEvent
05-30 14:03:44.979 D/WifiScoreReport( 692): setShouldReduceNetworkScore=false mNetworkAgent is null? true
05-30 14:03:44.980 D/WifiClientModeImpl[20588:wlan0]( 692): CMD_START_CONNECT my state DisconnectedState nid=0 roam=false
05-30 14:03:44.982 W/LastMileLogger( 692): Failed to open free_buffer pseudo-file: /sys/kernel/debug/tracing/instances/wifi/free_buffer: open failed: ENOENT (No such file or directory)
05-30 14:03:44.982 W/LastMileLogger( 692): Failed to arm fail-safe.
05-30 14:03:44.983 I/wpa_supplicant( 1212): wpa_driver_nl80211_driver_cmd: wifi vendor: aml_w2_s
05-30 14:03:44.983 I/wpa_supplicant( 1212): wpa_driver_nl80211_driver_cmd: wlan0: private command: MACADDR
05-30 14:03:44.983 W/wificond( 618): Scan is not started. Ignore abort request
05-30 14:03:44.984 D/SupplicantStaIfaceHalAidlImpl( 692): connectToNetwork "DB-machines5G"WPA_PSK, actualSsid=null
05-30 14:03:44.984 D/SupplicantStaIfaceHalAidlImpl( 692): Network is already saved, will not trigger remove and add.
05-30 14:03:44.987 D/WifiCountryCode( 692): evaluateAllCmmStateAndApplyIfAllReady: {ConcreteClientModeManager{id=16999 iface=wlan0 role=ROLE_CLIENT_PRIMARY}=false}
05-30 14:03:44.987 D/WifiClientModeImpl[20588:wlan0]( 692): Start Connecting Watchdog 2
05-30 14:03:44.991 I/ActivityManager( 692): Waited long enough for: ServiceRecord{4be0a1b u0 com.oranth.storage/.MainService}
05-30 14:03:45.205 I/ThermalService( 999): CPU temperatures: [52.100002]
05-30 14:03:45.378 I/ActivityManager( 692): Waited long enough for: ServiceRecord{64981b2 u0 com.droidlogic.mictoggle/.AssistantMicMuteService}
05-30 14:03:45.549 I/android.hardware.bluetooth@1.0-impl( 477): [HandleIncomingEvent-549]: rec adv direct packet
05-30 14:03:45.551 I/android.hardware.bluetooth@1.0-impl( 477): [HandleIncomingEvent-549]: rec adv direct packet
05-30 14:03:45.553 I/android.hardware.bluetooth@1.0-impl( 477): [HandleIncomingEvent-549]: rec adv direct packet
05-30 14:03:45.554 I/android.hardware.bluetooth@1.0-impl( 477): [HandleIncomingEvent-549]: rec adv direct packet
05-30 14:03:45.556 I/android.hardware.bluetooth@1.0-impl( 477): [HandleIncomingEvent-549]: rec adv direct packet
05-30 14:03:45.558 I/android.hardware.bluetooth@1.0-impl( 477): [HandleIncomingEvent-549]: rec adv direct packet
05-30 14:03:45.560 I/android.hardware.bluetooth@1.0-impl( 477): [HandleIncomingEvent-549]: rec adv direct packet
05-30 14:03:45.563 I/android.hardware.bluetooth@1.0-impl( 477): [HandleIncomingEvent-549]: rec adv direct packet
05-30 14:03:45.565 I/android.hardware.bluetooth@1.0-impl( 477): [HandleIncomingEvent-549]: rec adv direct packet
05-30 14:03:45.566 I/android.hardware.bluetooth@1.0-impl( 477): [HandleIncomingEvent-549]: rec adv direct packet
05-30 14:03:45.568 I/android.hardware.bluetooth@1.0-impl( 477): [HandleIncomingEvent-549]: rec adv direct packet
05-30 14:03:45.573 I/android.hardware.bluetooth@1.0-impl( 477): [HandleIncomingEvent-549]: rec adv direct packet
05-30 14:03:45.575 I/android.hardware.bluetooth@1.0-impl( 477): [HandleIncomingEvent-549]: rec adv direct packet
05-30 14:03:45.577 I/android.hardware.bluetooth@1.0-impl( 477): [HandleIncomingEvent-549]: rec adv direct packet
05-30 14:03:45.579 I/android.hardware.bluetooth@1.0-impl( 477): [HandleIncomingEvent-549]: rec adv direct packet
05-30 14:03:45.580 I/android.hardware.bluetooth@1.0-impl( 477): [HandleIncomingEvent-549]: rec adv direct packet
05-30 14:03:45.584 I/android.hardware.bluetooth@1.0-impl( 477): [HandleIncomingEvent-549]: rec adv direct packet
05-30 14:03:45.585 I/android.hardware.bluetooth@1.0-impl( 477): [HandleIncomingEvent-549]: rec adv direct packet
05-30 14:03:45.587 I/android.hardware.bluetooth@1.0-impl( 477): [HandleIncomingEvent-549]: rec adv direct packet
05-30 14:03:45.589 I/android.hardware.bluetooth@1.0-impl( 477): [HandleIncomingEvent-549]: rec adv direct packet
05-30 14:03:45.592 I/android.hardware.bluetooth@1.0-impl( 477): [HandleIncomingEvent-549]: rec adv direct packet
05-30 14:03:45.595 I/android.hardware.bluetooth@1.0-impl( 477): [HandleIncomingEvent-549]: rec adv direct packet
05-30 14:03:45.596 I/android.hardware.bluetooth@1.0-impl( 477): [HandleIncomingEvent-549]: rec adv direct packet
05-30 14:03:45.598 I/android.hardware.bluetooth@1.0-impl( 477): [HandleIncomingEvent-549]: rec adv direct packet
05-30 14:03:45.645 I/bluetooth( 1108): packages/modules/Bluetooth/system/gd/metrics/metrics_state.cc:177 AddStateChangedEvent: LEConnectionMetricsRemoteDevice: Transaction State 0x00000002, Connection Type 0x00000001, Origin Type 0x00000001
05-30 14:03:45.645 I/bluetooth( 1108): packages/modules/Bluetooth/system/gd/metrics/metrics_state.cc:58 AddStateChangedEvent: LEConnectionMetricState: Origin Type: 0x00000001, Connection Type: 0x00000001, Transaction State: 0x00000002
05-30 14:03:45.645 I/bluetooth( 1108): packages/modules/Bluetooth/system/gd/metrics/metrics_state.cc:161 UploadLEConnectionSession: LEConnectionMetricsRemoteDevice: The session is uploaded for xx:xx:xx:xx:c0:53
05-30 14:03:45.646 I/bluetooth( 1108): packages/modules/Bluetooth/system/gd/hci/le_address_manager.cc:265 ack_pause: Client already in paused state
05-30 14:03:45.646 I/bluetooth( 1108): packages/modules/Bluetooth/system/stack/gatt/connection_manager.cc:438 on_connection_complete: Le connection completed to device:xx:xx:xx:xx:c0:53
05-30 14:03:45.646 I/bluetooth( 1108): packages/modules/Bluetooth/system/stack/gatt/connection_manager.cc:438 on_connection_complete: Le connection completed to device:xx:xx:xx:xx:c0:53
05-30 14:03:45.646 I/bt_btm_ble( 1108): packages/modules/Bluetooth/system/stack/btm/btm_ble.cc:1730 btm_ble_connected: Updating device record timestamp for existing ble connection
05-30 14:03:45.646 I/bluetooth( 1108): packages/modules/Bluetooth/system/gd/hci/le_address_manager.cc:265 ack_pause: Client already in paused state
05-30 14:03:45.646 I/bluetooth( 1108): packages/modules/Bluetooth/system/gd/hci/le_address_manager.cc:265 ack_pause: Client already in paused state
05-30 14:03:45.653 I/bluetooth( 1108): packages/modules/Bluetooth/system/gd/hci/le_address_manager.cc:596 OnCommandComplete: Received command complete with op_code LE_REMOVE_DEVICE_FROM_FILTER_ACCEPT_LIST
05-30 14:03:45.653 I/bluetooth( 1108): packages/modules/Bluetooth/system/gd/hci/le_address_manager.cc:294 resume_registered_clients: Resuming registered clients
05-30 14:03:45.710 I/bt_btif_dm( 1108): packages/modules/Bluetooth/system/btif/src/btif_dm.cc:695 btif_update_remote_properties: class of device (cod) is 0x00050c
05-30 14:03:45.719 E/dangbei111( 1449): cccccc 检查遥控器是否连接: Dangbei E4:BB:D3:57:C0:53
05-30 14:03:45.722 E/dangbei111( 1449): cccccc 检查遥控器是否连接: 蓝牙的结果 Dangbei E4:BB:D3:57:C0:53 false
05-30 14:03:45.732 E/dangbei111( 1449): cccccc input中没有遥控器存在
05-30 14:03:45.732 E/dangbei111( 1449): cccccc 蓝牙状态连接 不是连接状态 啥都不干
05-30 14:03:45.734 E/dangbei111( 1449): cccccc 开始扫描
05-30 14:03:45.735 D/BluetoothAdapter( 1449): isLeEnabled(): ON
05-30 14:03:45.741 E/dangbei111( 1449): cccccc scan 得到的设备和状态 Dangbei E4:BB:D3:57:C0:53 12
05-30 14:03:45.745 E/dangbei111( 1449): cccccc 搜索到bond 确实含有 尝试连接 Dangbei E4:BB:D3:57:C0:53
05-30 14:03:45.748 D/CompatibilityChangeReporter( 1449): Compat change id reported: 265103382; UID 1000; state: DISABLED
05-30 14:03:45.748 D/BluetoothGatt( 1449): connect() - device: E4:BB:D3:57:C0:53, auto: true
05-30 14:03:45.748 D/BluetoothGatt( 1449): registerApp()
05-30 14:03:45.749 D/BluetoothGatt( 1449): registerApp() - UUID=d99a2fe3-ccd3-4ed1-9280-a24885db47eb
05-30 14:03:45.750 I/ActivityManager( 692): Waited long enough for: ServiceRecord{d298815 u0 com.dangbei.lerad.rocky/com.dangbei.phrike.core.PhrikeDownloadService}
05-30 14:03:45.753 I/bluetooth( 1108): packages/modules/Bluetooth/system/stack/gatt/gatt_api.cc:1257 GATT_Register: Allocated name:GattClient uuid:a31bb889-b15f-bb12-93bd-f0fff757f529 gatt_if:6 eatt_support:0
05-30 14:03:45.755 D/BluetoothGatt( 1449): onClientRegistered() - status=0 clientIf=6
05-30 14:03:45.755 I/bt_btif_dm( 1108): packages/modules/Bluetooth/system/btif/src/btif_dm.cc:695 btif_update_remote_properties: class of device (cod) is 0x00050c
05-30 14:03:45.757 E/dangbei111( 1449): cccccc 搜索到bond Dangbei E4:BB:D3:57:C0:53
05-30 14:03:45.758 I/bt_btif_gattc( 1108): packages/modules/Bluetooth/system/btif/src/btif_gatt_client.cc:340 btif_gattc_open_impl: Transport=2, device type=2, address type =0, phy=1
05-30 14:03:45.758 I/bt_bta_gattc( 1108): packages/modules/Bluetooth/system/bta/gatt/bta_gattc_act.cc:429 bta_gattc_init_bk_conn: Not a connected remote device yet
05-30 14:03:45.762 E/dangbei111( 1449): cccccc 检查遥控器是否连接: Dangbei E4:BB:D3:57:C0:53
05-30 14:03:45.765 E/dangbei111( 1449): cccccc 检查遥控器是否连接: 蓝牙的结果 Dangbei E4:BB:D3:57:C0:53 false
05-30 14:03:45.765 E/dangbei111( 1449): cccccc input中没有遥控器存在
05-30 14:03:45.765 E/dangbei111( 1449): cccccc 蓝牙状态连接 不是连接状态 啥都不干
05-30 14:03:45.767 E/dangbei111( 1449): cccccc 开始扫描
05-30 14:03:45.767 D/BluetoothAdapter( 1449): isLeEnabled(): ON
05-30 14:03:45.769 E/dangbei111( 1449): cccccc scan 得到的设备和状态 Dangbei E4:BB:D3:57:C0:53 12
05-30 14:03:45.772 E/dangbei111( 1449): cccccc 搜索到bond 确实含有 尝试连接 Dangbei E4:BB:D3:57:C0:53
05-30 14:03:45.774 D/BluetoothGatt( 1449): cancelOpen() - device: E4:BB:D3:57:C0:53
05-30 14:03:45.776 I/bt_btif_gattc( 1108): packages/modules/Bluetooth/system/btif/src/btif_gatt_client.cc:360 btif_gattc_close_impl: client_if=6, conn_id=0, address=xx:xx:xx:xx:c0:53
05-30 14:03:45.776 E/bt_stack( 1108): [ERROR:bta_gattc_act.cc(312)] No such connection need to be cancelled
05-30 14:03:45.776 I/bt_stack( 1108): [INFO:gatt_api.cc(1514)] GATT_CancelConnect: gatt_if:6, address: xx:xx:xx:xx:c0:53, direct:0
05-30 14:03:45.777 D/BluetoothGatt( 1449): close()
05-30 14:03:45.777 D/BluetoothGatt( 1449): unregisterApp() - mClientIf=6
05-30 14:03:45.779 I/bt_stack( 1108): [INFO:gatt_api.cc(1279)] GATT_Deregister gatt_if=6
05-30 14:03:45.779 D/BluetoothGatt( 1449): connect() - device: E4:BB:D3:57:C0:53, auto: true
05-30 14:03:45.779 D/BluetoothGatt( 1449): registerApp()
05-30 14:03:45.779 D/BluetoothGatt( 1449): registerApp() - UUID=e8a8a418-7cd8-4534-b6de-95ef705e1355
05-30 14:03:45.782 I/bluetooth( 1108): packages/modules/Bluetooth/system/stack/gatt/gatt_api.cc:1257 GATT_Register: Allocated name:GattClient uuid:a0286423-01b9-e4b2-2e61-b5064e01c953 gatt_if:6 eatt_support:0
05-30 14:03:45.783 D/BluetoothGatt( 1449): onClientRegistered() - status=0 clientIf=6
05-30 14:03:45.785 E/dangbei111( 1449): cccccc 搜索到bond Dangbei E4:BB:D3:57:C0:53
05-30 14:03:45.785 I/bt_btif_gattc( 1108): packages/modules/Bluetooth/system/btif/src/btif_gatt_client.cc:340 btif_gattc_open_impl: Transport=2, device type=2, address type =0, phy=1
05-30 14:03:45.785 I/bt_bta_gattc( 1108): packages/modules/Bluetooth/system/bta/gatt/bta_gattc_act.cc:429 bta_gattc_init_bk_conn: Not a connected remote device yet
05-30 14:03:45.805 I/bt_stack( 1108): [INFO:gatt_attr.cc(950)] gatt_sr_init_cl_status: bda=xx:xx:xx:xx:c0:53, cl_supp_feat=0000, aware=1
05-30 14:03:45.805 I/bluetooth( 1108): packages/modules/Bluetooth/system/stack/gap/gap_ble.cc:304 client_connect_cback: No active GAP service found for peer:xx:xx:xx:xx:c0:53 callback:Connected
05-30 14:03:45.805 I/bt_bta_gattc( 1108): packages/modules/Bluetooth/system/bta/gatt/bta_gattc_act.cc:1304 bta_gattc_conn_cback: Connected client_if:3 addr:xx:xx:xx:xx:c0:53, transport:BT_TRANSPORT_LE reason:GATT_CONN_OK
05-30 14:03:45.805 I/bt_bta_gattc( 1108): packages/modules/Bluetooth/system/bta/gatt/bta_gattc_act.cc:1304 bta_gattc_conn_cback: Connected client_if:4 addr:xx:xx:xx:xx:c0:53, transport:BT_TRANSPORT_LE reason:GATT_CONN_OK
05-30 14:03:45.805 I/bluetooth( 1108): packages/modules/Bluetooth/system/stack/gatt/gatt_main.cc:405 gatt_update_app_use_link_flag: disable link idle timer for xx:xx:xx:xx:c0:53
05-30 14:03:45.805 I/bt_stack( 1108): [INFO:l2c_api.cc(1607)] L2CA_MarkLeLinkAsActivesetting link to e4:bb:d3:57:c0:53 as active
05-30 14:03:45.805 I/bluetooth( 1108): packages/modules/Bluetooth/system/stack/gatt/gatt_api.cc:1206 GATT_SetIdleTimeout: idle_timeout=65535, is_active=1, status=1 (1-OK 0-not performed)
05-30 14:03:45.805 I/bt_bta_gattc( 1108): packages/modules/Bluetooth/system/bta/gatt/bta_gattc_act.cc:1304 bta_gattc_conn_cback: Connected client_if:5 addr:xx:xx:xx:xx:c0:53, transport:BT_TRANSPORT_LE reason:GATT_CONN_OK
05-30 14:03:45.805 I/bluetooth( 1108): packages/modules/Bluetooth/system/stack/gatt/gatt_main.cc:405 gatt_update_app_use_link_flag: disable link idle timer for xx:xx:xx:xx:c0:53
05-30 14:03:45.805 I/bt_stack( 1108): [INFO:l2c_api.cc(1607)] L2CA_MarkLeLinkAsActivesetting link to e4:bb:d3:57:c0:53 as active
05-30 14:03:45.805 I/bluetooth( 1108): packages/modules/Bluetooth/system/stack/gatt/gatt_api.cc:1206 GATT_SetIdleTimeout: idle_timeout=65535, is_active=1, status=1 (1-OK 0-not performed)
05-30 14:03:45.805 I/bt_bta_gattc( 1108): packages/modules/Bluetooth/system/bta/gatt/bta_gattc_act.cc:1304 bta_gattc_conn_cback: Connected client_if:6 addr:xx:xx:xx:xx:c0:53, transport:BT_TRANSPORT_LE reason:GATT_CONN_OK
05-30 14:03:45.805 I/bluetooth( 1108): packages/modules/Bluetooth/system/stack/gatt/connection_manager.cc:438 on_connection_complete: Le connection completed to device:xx:xx:xx:xx:c0:53
05-30 14:03:45.805 I/bt_stack( 1108): [INFO:l2c_api.cc(1607)] L2CA_MarkLeLinkAsActivesetting link to e4:bb:d3:57:c0:53 as active
05-30 14:03:45.805 I/bluetooth( 1108): packages/modules/Bluetooth/system/stack/gatt/gatt_api.cc:1206 GATT_SetIdleTimeout: idle_timeout=65535, is_active=1, status=1 (1-OK 0-not performed)
05-30 14:03:45.805 I/bluetooth( 1108): packages/modules/Bluetooth/system/stack/gatt/gatt_main.cc:594 check_cached_model_name: Device xx:xx:xx:xx:c0:53 no cached model name
05-30 14:03:45.805 I/bt_btif_dm( 1108): packages/modules/Bluetooth/system/btif/src/btif_dm.cc:642 btif_update_remote_version_property: Remote version info valid:true [xx:xx:xx:xx:c0:53]: 9, 1bf, 100
05-30 14:03:45.805 E/bta_gattc_main( 1108): packages/modules/Bluetooth/system/bta/gatt/bta_gattc_main.cc:395 bta_gattc_hdl_event: Ignore unknown conn ID: 3
05-30 14:03:45.805 E/bta_gattc_main( 1108): packages/modules/Bluetooth/system/bta/gatt/bta_gattc_main.cc:395 bta_gattc_hdl_event: Ignore unknown conn ID: 4
05-30 14:03:45.806 W/BatteryService( 1108): getBatteryService(): service is NULL
05-30 14:03:45.835 I/bt_bta_gattc( 1108): packages/modules/Bluetooth/system/bta/gatt/bta_gattc_act.cc:549 bta_gattc_conn: Connected to xx:xx:xx:xx:c0:53, robust caching support is 0
05-30 14:03:45.836 D/OomAdjuster( 692): Not killing cached processes
05-30 14:03:45.837 D/BtGatt.GattService( 1108): onConnected() - adding permit for address=E4:BB:D3:57:C0:53
05-30 14:03:45.837 W/bt_btm_sec( 1108): packages/modules/Bluetooth/system/stack/btm/btm_sec.cc:1153 BTM_SetEncryption: Security Manager: BTM_SetEncryption busy, enqueue request
05-30 14:03:45.837 I/bt_btm_sec( 1108): packages/modules/Bluetooth/system/stack/btm/btm_sec.cc:1156 BTM_SetEncryption: Queued start encryption
05-30 14:03:45.837 D/BluetoothGatt( 1449): onClientConnectionState() - status=0 clientIf=6 device=E4:BB:D3:57:C0:53
05-30 14:03:45.838 E/dangbei111( 1449): cccccc 连接成功 后续要去判断有没有input E4:BB:D3:57:C0:53
05-30 14:03:45.838 D/BluetoothGatt( 1449): cancelOpen() - device: E4:BB:D3:57:C0:53
05-30 14:03:45.839 I/bt_btif_gattc( 1108): packages/modules/Bluetooth/system/btif/src/btif_gatt_client.cc:360 btif_gattc_close_impl: client_if=6, conn_id=6, address=xx:xx:xx:xx:c0:53
05-30 14:03:45.839 I/bluetooth( 1108): packages/modules/Bluetooth/system/stack/gatt/gatt_api.cc:1578 GATT_Disconnect: conn_id=6
05-30 14:03:45.839 I/bluetooth( 1108): packages/modules/Bluetooth/system/stack/gatt/gatt_main.cc:361 gatt_update_app_hold_link_status: removed gatt_if=6
05-30 14:03:45.839 D/BluetoothGatt( 1449): close()
05-30 14:03:45.839 I/bluetooth( 1108): packages/modules/Bluetooth/system/stack/gatt/gatt_main.cc:434 gatt_update_app_use_link_flag: is_add=false, but some app is still using the ACL link
05-30 14:03:45.840 D/BluetoothGatt( 1449): unregisterApp() - mClientIf=6
05-30 14:03:45.840 I/bt_stack( 1108): [INFO:gatt_api.cc(1514)] GATT_CancelConnect: gatt_if:6, address: xx:xx:xx:xx:c0:53, direct:0
05-30 14:03:45.840 W/bluetooth( 1108): packages/modules/Bluetooth/system/stack/gatt/gatt_main.cc:357 gatt_update_app_hold_link_status: attempt to remove non-existing gatt_if=6
05-30 14:03:45.840 I/bluetooth( 1108): packages/modules/Bluetooth/system/stack/gatt/gatt_main.cc:389 gatt_update_app_use_link_flag: App status is not updated for gatt_if=6
05-30 14:03:45.840 I/BLE_Service( 999): >ACL LINK CONNECTED [Dangbei] - checking for supported devices after delay
05-30 14:03:45.843 D/BluetoothHidHost( 1449): Binding service...
05-30 14:03:45.845 E/BtGatt.ContextMap( 1108): Context not found for ID 6
05-30 14:03:45.845 I/BluetoothPhonePolicy( 1108): processDeviceConnected, device=XX:XX:XX:XX:C0:53
05-30 14:03:45.845 D/BluetoothDatabase( 1108): setConnection: device XX:XX:XX:XX:C0:53 and isA2dpDevice=false
05-30 14:03:45.845 D/BluetoothDatabase( 1108): Updating last connected time for device: XX:XX:XX:XX:C0:53 to 1
05-30 14:03:45.845 D/BluetoothDatabase( 1108): updateDatabase XX:XX:XX:XX:C0:53
05-30 14:03:45.847 I/dangbei111( 1449): cccccc on receiver=android.bluetooth.device.action.ACL_CONNECTED,mac=E4:BB:D3:57:C0:53
05-30 14:03:45.847 E/dangbei111( 1449): cccccc cancelDiscovery begin
05-30 14:03:45.847 D/BtGatt.GattService( 1108): onDisconnected() - removing permit for address=E4:BB:D3:57:C0:53
05-30 14:03:45.848 I/bt_stack( 1108): [INFO:gatt_api.cc(1279)] GATT_Deregister gatt_if=6
05-30 14:03:45.848 W/bluetooth( 1108): packages/modules/Bluetooth/system/stack/gatt/gatt_main.cc:357 gatt_update_app_hold_link_status: attempt to remove non-existing gatt_if=6
05-30 14:03:45.848 I/bluetooth( 1108): packages/modules/Bluetooth/system/stack/gatt/gatt_main.cc:389 gatt_update_app_use_link_flag: App status is not updated for gatt_if=6
05-30 14:03:45.851 E/dangbei111( 1449): cccccc 检查遥控器是否连接: Dangbei E4:BB:D3:57:C0:53
05-30 14:03:45.854 E/dangbei111( 1449): cccccc 检查遥控器是否连接: 蓝牙的结果 Dangbei E4:BB:D3:57:C0:53 true
05-30 14:03:45.854 E/dangbei111( 1449): cccccc input中没有遥控器存在
05-30 14:03:45.854 E/dangbei111( 1449): cccccc 蓝牙状态连接 开启30s check任务
05-30 14:03:45.855 E/dangbei111( 1449): cccccc 开始扫描
05-30 14:03:45.855 D/BluetoothAdapter( 1449): isLeEnabled(): ON
05-30 14:03:45.863 I/bt_btif_dm( 1108): packages/modules/Bluetooth/system/btif/src/btif_dm.cc:695 btif_update_remote_properties: class of device (cod) is 0x00050c
05-30 14:03:45.869 E/dangbei111( 1449): cccccc 检查遥控器是否连接: Dangbei E4:BB:D3:57:C0:53
05-30 14:03:45.873 E/dangbei111( 1449): cccccc 检查遥控器是否连接: 蓝牙的结果 Dangbei E4:BB:D3:57:C0:53 true
05-30 14:03:45.873 E/dangbei111( 1449): cccccc input中没有遥控器存在
05-30 14:03:45.873 E/dangbei111( 1449): cccccc 蓝牙状态连接 开启30s check任务
05-30 14:03:45.875 E/dangbei111( 1449): cccccc 开始扫描
05-30 14:03:45.875 D/BluetoothAdapter( 1449): isLeEnabled(): ON
05-30 14:03:45.877 E/dangbei111( 1449): cccccc scan 得到的设备和状态 Dangbei E4:BB:D3:57:C0:53 12
05-30 14:03:45.879 E/dangbei111( 1449): cccccc 搜索到bond 确实含有 尝试连接 Dangbei E4:BB:D3:57:C0:53
05-30 14:03:45.880 D/BluetoothGatt( 1449): connect() - device: E4:BB:D3:57:C0:53, auto: true
05-30 14:03:45.880 D/BluetoothGatt( 1449): registerApp()
05-30 14:03:45.881 D/BluetoothGatt( 1449): registerApp() - UUID=8e3f7d02-10f0-4461-8c19-1c4ad0fc57f2
05-30 14:03:45.882 I/bluetooth( 1108): packages/modules/Bluetooth/system/stack/gatt/gatt_api.cc:1257 GATT_Register: Allocated name:GattClient uuid:50bab970-ba83-8f00-f920-2db87669f182 gatt_if:6 eatt_support:0
05-30 14:03:45.882 I/bluetooth( 1108): packages/modules/Bluetooth/system/stack/gatt/gatt_api.cc:1371 GATT_StartIf: GATT interface 6 already has connected device xx:xx:xx:xx:c0:53
05-30 14:03:45.882 I/bluetooth( 1108): packages/modules/Bluetooth/system/stack/gatt/gatt_api.cc:1374 GATT_StartIf: Invoking callback with connection id 6
05-30 14:03:45.882 I/bt_bta_gattc( 1108): packages/modules/Bluetooth/system/bta/gatt/bta_gattc_act.cc:1304 bta_gattc_conn_cback: Connected client_if:6 addr:xx:xx:xx:xx:c0:53, transport:BT_TRANSPORT_LE reason:GATT_CONN_OK
05-30 14:03:45.882 E/bta_gattc_main( 1108): packages/modules/Bluetooth/system/bta/gatt/bta_gattc_main.cc:395 bta_gattc_hdl_event: Ignore unknown conn ID: 6
05-30 14:03:45.882 D/BluetoothGatt( 1449): onClientRegistered() - status=0 clientIf=6
05-30 14:03:45.884 I/bt_btif_gattc( 1108): packages/modules/Bluetooth/system/btif/src/btif_gatt_client.cc:340 btif_gattc_open_impl: Transport=2, device type=2, address type =0, phy=1
05-30 14:03:45.884 I/bluetooth( 1108): packages/modules/Bluetooth/system/stack/gatt/gatt_main.cc:405 gatt_update_app_use_link_flag: disable link idle timer for xx:xx:xx:xx:c0:53
05-30 14:03:45.884 I/bt_stack( 1108): [INFO:l2c_api.cc(1607)] L2CA_MarkLeLinkAsActivesetting link to e4:bb:d3:57:c0:53 as active
05-30 14:03:45.884 I/bluetooth( 1108): packages/modules/Bluetooth/system/stack/gatt/gatt_api.cc:1206 GATT_SetIdleTimeout: idle_timeout=65535, is_active=1, status=1 (1-OK 0-not performed)
05-30 14:03:45.884 D/BtGatt.GattService( 1108): onConnected() - adding permit for address=E4:BB:D3:57:C0:53
05-30 14:03:45.884 D/BluetoothGatt( 1449): onClientConnectionState() - status=0 clientIf=6 device=E4:BB:D3:57:C0:53
05-30 14:03:45.884 E/dangbei111( 1449): cccccc 搜索到bond Dangbei E4:BB:D3:57:C0:53
05-30 14:03:45.885 E/dangbei111( 1449): cccccc 连接成功 后续要去判断有没有input E4:BB:D3:57:C0:53
05-30 14:03:45.885 D/BluetoothGatt( 1449): cancelOpen() - device: E4:BB:D3:57:C0:53
05-30 14:03:45.885 E/bt_bta_dm( 1108): packages/modules/Bluetooth/system/bta/dm/bta_dm_act.cc:3560 bta_dm_set_encryption: Unable to start encryption as already in progress peer:xx:xx:xx:xx:c0:53 transport:BT_TRANSPORT_LE
05-30 14:03:45.886 I/bt_btif_gattc( 1108): packages/modules/Bluetooth/system/btif/src/btif_gatt_client.cc:360 btif_gattc_close_impl: client_if=6, conn_id=6, address=xx:xx:xx:xx:c0:53
05-30 14:03:45.886 I/bluetooth( 1108): packages/modules/Bluetooth/system/stack/gatt/gatt_api.cc:1578 GATT_Disconnect: conn_id=6
05-30 14:03:45.886 I/bluetooth( 1108): packages/modules/Bluetooth/system/stack/gatt/gatt_main.cc:361 gatt_update_app_hold_link_status: removed gatt_if=6
05-30 14:03:45.886 I/bluetooth( 1108): packages/modules/Bluetooth/system/stack/gatt/gatt_main.cc:434 gatt_update_app_use_link_flag: is_add=false, but some app is still using the ACL link
05-30 14:03:45.886 D/BluetoothGatt( 1449): close()
05-30 14:03:45.886 I/bt_stack( 1108): [INFO:gatt_api.cc(1514)] GATT_CancelConnect: gatt_if:6, address: xx:xx:xx:xx:c0:53, direct:0
05-30 14:03:45.886 D/BluetoothGatt( 1449): unregisterApp() - mClientIf=6
05-30 14:03:45.886 D/BtGatt.GattService( 1108): onDisconnected() - removing permit for address=E4:BB:D3:57:C0:53
05-30 14:03:45.886 W/bluetooth( 1108): packages/modules/Bluetooth/system/stack/gatt/gatt_main.cc:357 gatt_update_app_hold_link_status: attempt to remove non-existing gatt_if=6
05-30 14:03:45.886 I/bluetooth( 1108): packages/modules/Bluetooth/system/stack/gatt/gatt_main.cc:389 gatt_update_app_use_link_flag: App status is not updated for gatt_if=6
05-30 14:03:45.887 I/bt_stack( 1108): [INFO:gatt_api.cc(1279)] GATT_Deregister gatt_if=6
05-30 14:03:45.887 W/bluetooth( 1108): packages/modules/Bluetooth/system/stack/gatt/gatt_main.cc:357 gatt_update_app_hold_link_status: attempt to remove non-existing gatt_if=6
05-30 14:03:45.887 I/bluetooth( 1108): packages/modules/Bluetooth/system/stack/gatt/gatt_main.cc:389 gatt_update_app_use_link_flag: App status is not updated for gatt_if=6
05-30 14:03:45.888 D/BluetoothHidHost( 1449): Binding service...
05-30 14:03:45.888 D/BluetoothGatt( 1449): onClientConnectionState() - status=0 clientIf=6 device=E4:BB:D3:57:C0:53
05-30 14:03:45.892 I/bt_btif_dm( 1108): packages/modules/Bluetooth/system/btif/src/btif_dm.cc:695 btif_update_remote_properties: class of device (cod) is 0x00050c
05-30 14:03:45.896 E/dangbei111( 1449): cccccc 检查遥控器是否连接: Dangbei E4:BB:D3:57:C0:53
05-30 14:03:45.899 E/dangbei111( 1449): cccccc 检查遥控器是否连接: 蓝牙的结果 Dangbei E4:BB:D3:57:C0:53 true
05-30 14:03:45.899 E/dangbei111( 1449): cccccc input中没有遥控器存在
05-30 14:03:45.899 E/dangbei111( 1449): cccccc 蓝牙状态连接 开启30s check任务
05-30 14:03:45.900 E/dangbei111( 1449): cccccc 开始扫描
05-30 14:03:45.900 D/BluetoothAdapter( 1449): isLeEnabled(): ON
05-30 14:03:45.902 E/dangbei111( 1449): cccccc scan 得到的设备和状态 Dangbei E4:BB:D3:57:C0:53 12
05-30 14:03:45.904 E/dangbei111( 1449): cccccc 搜索到bond 确实含有 尝试连接 Dangbei E4:BB:D3:57:C0:53
05-30 14:03:45.907 D/BluetoothGatt( 1449): connect() - device: E4:BB:D3:57:C0:53, auto: true
05-30 14:03:45.907 D/BluetoothGatt( 1449): registerApp()
05-30 14:03:45.907 D/BluetoothGatt( 1449): registerApp() - UUID=939911e8-39e1-4930-a42b-e9904adcb00b
05-30 14:03:45.909 I/bluetooth( 1108): packages/modules/Bluetooth/system/stack/gatt/gatt_api.cc:1257 GATT_Register: Allocated name:GattClient uuid:ff9dbfd9-6693-a898-bd0e-6ee3821fef78 gatt_if:6 eatt_support:0
05-30 14:03:45.909 I/bluetooth( 1108): packages/modules/Bluetooth/system/stack/gatt/gatt_api.cc:1371 GATT_StartIf: GATT interface 6 already has connected device xx:xx:xx:xx:c0:53
05-30 14:03:45.909 I/bluetooth( 1108): packages/modules/Bluetooth/system/stack/gatt/gatt_api.cc:1374 GATT_StartIf: Invoking callback with connection id 6
05-30 14:03:45.909 I/bt_bta_gattc( 1108): packages/modules/Bluetooth/system/bta/gatt/bta_gattc_act.cc:1304 bta_gattc_conn_cback: Connected client_if:6 addr:xx:xx:xx:xx:c0:53, transport:BT_TRANSPORT_LE reason:GATT_CONN_OK
05-30 14:03:45.909 E/bta_gattc_main( 1108): packages/modules/Bluetooth/system/bta/gatt/bta_gattc_main.cc:395 bta_gattc_hdl_event: Ignore unknown conn ID: 6
05-30 14:03:45.909 D/BluetoothGatt( 1449): onClientRegistered() - status=0 clientIf=6
05-30 14:03:45.911 I/bt_btif_gattc( 1108): packages/modules/Bluetooth/system/btif/src/btif_gatt_client.cc:340 btif_gattc_open_impl: Transport=2, device type=2, address type =0, phy=1
05-30 14:03:45.911 I/bluetooth( 1108): packages/modules/Bluetooth/system/stack/gatt/gatt_main.cc:405 gatt_update_app_use_link_flag: disable link idle timer for xx:xx:xx:xx:c0:53
05-30 14:03:45.911 I/bt_stack( 1108): [INFO:l2c_api.cc(1607)] L2CA_MarkLeLinkAsActivesetting link to e4:bb:d3:57:c0:53 as active
05-30 14:03:45.911 I/bluetooth( 1108): packages/modules/Bluetooth/system/stack/gatt/gatt_api.cc:1206 GATT_SetIdleTimeout: idle_timeout=65535, is_active=1, status=1 (1-OK 0-not performed)
05-30 14:03:45.911 E/dangbei111( 1449): cccccc 搜索到bond Dangbei E4:BB:D3:57:C0:53
05-30 14:03:45.911 D/BtGatt.GattService( 1108): onConnected() - adding permit for address=E4:BB:D3:57:C0:53
05-30 14:03:45.912 D/BluetoothGatt( 1449): onClientConnectionState() - status=0 clientIf=6 device=E4:BB:D3:57:C0:53
05-30 14:03:45.912 E/dangbei111( 1449): cccccc 连接成功 后续要去判断有没有input E4:BB:D3:57:C0:53
05-30 14:03:45.912 E/bt_bta_dm( 1108): packages/modules/Bluetooth/system/bta/dm/bta_dm_act.cc:3560 bta_dm_set_encryption: Unable to start encryption as already in progress peer:xx:xx:xx:xx:c0:53 transport:BT_TRANSPORT_LE
05-30 14:03:45.912 D/BluetoothGatt( 1449): cancelOpen() - device: E4:BB:D3:57:C0:53
05-30 14:03:45.914 I/bt_btif_gattc( 1108): packages/modules/Bluetooth/system/btif/src/btif_gatt_client.cc:360 btif_gattc_close_impl: client_if=6, conn_id=6, address=xx:xx:xx:xx:c0:53
05-30 14:03:45.914 I/bluetooth( 1108): packages/modules/Bluetooth/system/stack/gatt/gatt_api.cc:1578 GATT_Disconnect: conn_id=6
05-30 14:03:45.914 I/bluetooth( 1108): packages/modules/Bluetooth/system/stack/gatt/gatt_main.cc:361 gatt_update_app_hold_link_status: removed gatt_if=6
05-30 14:03:45.914 I/bluetooth( 1108): packages/modules/Bluetooth/system/stack/gatt/gatt_main.cc:434 gatt_update_app_use_link_flag: is_add=false, but some app is still using the ACL link
05-30 14:03:45.914 I/bt_stack( 1108): [INFO:gatt_api.cc(1514)] GATT_CancelConnect: gatt_if:6, address: xx:xx:xx:xx:c0:53, direct:0
05-30 14:03:45.914 D/BtGatt.GattService( 1108): onDisconnected() - removing permit for address=E4:BB:D3:57:C0:53
05-30 14:03:45.914 W/bluetooth( 1108): packages/modules/Bluetooth/system/stack/gatt/gatt_main.cc:357 gatt_update_app_hold_link_status: attempt to remove non-existing gatt_if=6
05-30 14:03:45.914 I/bluetooth( 1108): packages/modules/Bluetooth/system/stack/gatt/gatt_main.cc:389 gatt_update_app_use_link_flag: App status is not updated for gatt_if=6
05-30 14:03:45.915 D/BluetoothGatt( 1449): close()
05-30 14:03:45.915 D/BluetoothGatt( 1449): unregisterApp() - mClientIf=6
05-30 14:03:45.916 I/bt_stack( 1108): [INFO:gatt_api.cc(1279)] GATT_Deregister gatt_if=6
05-30 14:03:45.916 W/bluetooth( 1108): packages/modules/Bluetooth/system/stack/gatt/gatt_main.cc:357 gatt_update_app_hold_link_status: attempt to remove non-existing gatt_if=6
05-30 14:03:45.916 I/bluetooth( 1108): packages/modules/Bluetooth/system/stack/gatt/gatt_main.cc:389 gatt_update_app_use_link_flag: App status is not updated for gatt_if=6
05-30 14:03:45.917 D/BluetoothHidHost( 1449): Binding service...
05-30 14:03:45.918 D/BluetoothGatt( 1449): onClientConnectionState() - status=0 clientIf=6 device=E4:BB:D3:57:C0:53
05-30 14:03:45.944 D/BluetoothHidHost( 1449): Proxy object connected
05-30 14:03:45.944 D/BluetoothHidHost( 1449): connect(E4:BB:D3:57:C0:53)
05-30 14:03:45.948 V/BluetoothDatabase( 1108): getProfileConnectionPolicy: device XX:XX:XX:XX:C0:53 profile=HID_HOST, connectionPolicy=100
05-30 14:03:45.949 D/BluetoothHidHost( 1449): Unbinding service...
05-30 14:03:45.950 D/BluetoothHidHost( 1449): Proxy object disconnected
05-30 14:03:45.950 W/bt_stack( 1108): [WARNING:btif_hh.cc(634)] btif_hh_connect: Device xx:xx:xx:xx:c0:53 already added, attr_mask = 0x0
05-30 14:03:45.951 D/BluetoothHidHostService( 1108): Connection state XX:XX:XX:XX:C0:53: 0->1
05-30 14:03:45.954 W/BluetoothHidHostService( 1108): no state change: 1
05-30 14:03:45.955 D/CachedBluetoothDevice( 999): onProfileStateChanged: profile HID, device XX:XX:XX:XX:C0:53, newProfileState 1
05-30 14:03:45.955 D/BluetoothAdapter( 999): getActiveDevices(profile= A2DP)
05-30 14:03:45.957 I/BluetoothAdapterService( 1108): getActiveDevices: A2dp device: null
05-30 14:03:45.958 D/BluetoothAdapter( 999): getActiveDevices(profile= HEADSET)
05-30 14:03:45.958 D/CachedBluetoothDevice( 991): onProfileStateChanged: profile HID, device XX:XX:XX:XX:C0:53, newProfileState 1
05-30 14:03:45.958 D/BluetoothAdapter( 991): getActiveDevices(profile= A2DP)
05-30 14:03:45.960 I/BluetoothAdapterService( 1108): getActiveDevices: Headset device: null
05-30 14:03:45.960 D/BluetoothAdapter( 999): getActiveDevices(profile= HEARING_AID)
05-30 14:03:45.961 I/BluetoothAdapterService( 1108): getActiveDevices: A2dp device: null
05-30 14:03:45.962 D/BluetoothAdapter( 991): getActiveDevices(profile= HEADSET)
05-30 14:03:45.963 I/BluetoothAdapterService( 1108): getActiveDevices: Hearing Aid devices: Left[null] - Right[null]
05-30 14:03:45.963 D/AdapterProperties( 1108): PROFILE_CONNECTION_STATE_CHANGE: profile=4, device=XX:XX:XX:XX:C0:53, 0 -> 1
05-30 14:03:45.965 I/BluetoothAdapterService( 1108): getActiveDevices: Headset device: null
05-30 14:03:45.965 D/BluetoothAdapter( 991): getActiveDevices(profile= HEARING_AID)
05-30 14:03:45.965 D/AdapterProperties( 1108): ADAPTER_CONNECTION_STATE_CHANGE: XX:XX:XX:XX:C0:53: 0 -> 1
05-30 14:03:45.967 I/BluetoothAdapterService( 1108): getActiveDevices: Hearing Aid devices: Left[null] - Right[null]
05-30 14:03:45.971 I/wpa_supplicant( 1212): wpa_driver_nl80211_driver_cmd: wifi vendor: aml_w2_s
05-30 14:03:45.971 I/wpa_supplicant( 1212): wpa_driver_nl80211_driver_cmd: wlan0: private command: BTCOEXSCAN-START
05-30 14:03:45.988 D/BluetoothHidHost( 1449): Proxy object connected
05-30 14:03:45.988 D/BluetoothHidHost( 1449): connect(E4:BB:D3:57:C0:53)
05-30 14:03:45.990 E/BluetoothHidHostService( 1108): Hid Device not disconnected: XX:XX:XX:XX:C0:53
05-30 14:03:45.990 D/BluetoothHidHost( 1449): Unbinding service...
05-30 14:03:45.990 D/BluetoothHidHost( 1449): Proxy object disconnected
05-30 14:03:45.993 I/bt_btif_dm( 1108): packages/modules/Bluetooth/system/btif/src/btif_dm.cc:695 btif_update_remote_properties: class of device (cod) is 0x00050c
05-30 14:03:45.998 E/dangbei111( 1449): cccccc 检查遥控器是否连接: Dangbei E4:BB:D3:57:C0:53
05-30 14:03:46.001 E/dangbei111( 1449): cccccc 检查遥控器是否连接: 蓝牙的结果 Dangbei E4:BB:D3:57:C0:53 true
05-30 14:03:46.001 E/dangbei111( 1449): cccccc input中没有遥控器存在
05-30 14:03:46.001 E/dangbei111( 1449): cccccc 蓝牙状态连接 开启30s check任务
05-30 14:03:46.003 E/dangbei111( 1449): cccccc 开始扫描
05-30 14:03:46.003 D/BluetoothAdapter( 1449): isLeEnabled(): ON
05-30 14:03:46.004 E/dangbei111( 1449): cccccc scan 得到的设备和状态 Dangbei E4:BB:D3:57:C0:53 12
05-30 14:03:46.005 W/bt_bta_dm( 1108): packages/modules/Bluetooth/system/bta/dm/bta_dm_act.cc:3504 bta_dm_encrypt_cback: Encrypted link peer:xx:xx:xx:xx:c0:53 transport:BT_TRANSPORT_LE status:BTM_SUCCESS callback:T
05-30 14:03:46.005 W/smp_act ( 1108): packages/modules/Bluetooth/system/stack/smp/smp_act.cc:2064 smp_link_encrypted: SMP state machine busy so skipping encryption enable:1 device:xx:xx:xx:xx:c0:53
05-30 14:03:46.005 W/bt_stack( 1108): [WARNING:bta_gattc_api.cc(689)] notification already registered
05-30 14:03:46.005 W/bt_stack( 1108): [WARNING:bta_gattc_api.cc(689)] notification already registered
05-30 14:03:46.005 W/bt_stack( 1108): [WARNING:bta_gattc_api.cc(689)] notification already registered
05-30 14:03:46.005 I/bluetooth( 1108): packages/modules/Bluetooth/system/stack/eatt/eatt_impl.h:1008 connect: Device xx:xx:xx:xx:c0:53, role central
05-30 14:03:46.006 I/bluetooth( 1108): packages/modules/Bluetooth/system/stack/gatt/gatt_main.cc:405 gatt_update_app_use_link_flag: disable link idle timer for xx:xx:xx:xx:c0:53
05-30 14:03:46.006 I/bt_stack( 1108): [INFO:l2c_api.cc(1607)] L2CA_MarkLeLinkAsActivesetting link to e4:bb:d3:57:c0:53 as active
05-30 14:03:46.006 I/bluetooth( 1108): packages/modules/Bluetooth/system/stack/gatt/gatt_api.cc:1206 GATT_SetIdleTimeout: idle_timeout=65535, is_active=1, status=1 (1-OK 0-not performed)
05-30 14:03:46.006 I/bt_btif_hh( 1108): packages/modules/Bluetooth/system/btif/src/btif_hh.cc:436 hh_open_handler: Found device, getting dscp info for handle 16
05-30 14:03:46.006 I/bt_btif_dm( 1108): packages/modules/Bluetooth/system/btif/src/btif_dm.cc:489 get_cod: get_cod remote_cod = 0x0000050c
05-30 14:03:46.006 I/bt_btif_dm( 1108): packages/modules/Bluetooth/system/btif/src/btif_dm.cc:489 get_cod: get_cod remote_cod = 0x0000050c
05-30 14:03:46.006 W/bt_btif ( 1108): packages/modules/Bluetooth/system/main/bte_logmsg.cc:108 LogMsg: btif_hh_upstreams_evt: name = Dangbei
05-30 14:03:46.006 W/bt_btif ( 1108): packages/modules/Bluetooth/system/main/bte_logmsg.cc:108 LogMsg: bta_hh_co_send_hid_info: fd = 154, name = [Dangbei], dscp_len = 80
05-30 14:03:46.006 W/bt_btif ( 1108): packages/modules/Bluetooth/system/main/bte_logmsg.cc:108 LogMsg: bta_hh_co_send_hid_info: vendor_id = 0x000d, product_id = 0x3838, version= 0x0000,ctry_code=0x00
05-30 14:03:46.007 W/BluetoothHidHostService( 1108): no state change: 1
05-30 14:03:46.007 D/XM_HIDREAD( 1982): add@ add@/devices/virtual/misc/uhid/0005:000D:3838.0003
05-30 14:03:46.008 D/BluetoothHidHostService( 1108): Connection state XX:XX:XX:XX:C0:53: 1->2
05-30 14:03:46.004 I/xm_hidread( 1982): type=1400 audit(0.0:981): avc: denied { read } for scontext=u:r:init:s0 tcontext=u:r:init:s0 tclass=netlink_kobject_uevent_socket permissive=1
05-30 14:03:46.011 D/CachedBluetoothDevice( 999): onProfileStateChanged: profile HID, device XX:XX:XX:XX:C0:53, newProfileState 2
05-30 14:03:46.011 D/BluetoothAdapter( 999): getActiveDevices(profile= A2DP)
05-30 14:03:46.012 D/XM_HIDREAD( 1982): add@ add@/devices/virtual/misc/uhid/0005:000D:3838.0003/input/input12
05-30 14:03:46.013 D/CachedBluetoothDevice( 991): onProfileStateChanged: profile HID, device XX:XX:XX:XX:C0:53, newProfileState 2
05-30 14:03:46.013 D/BluetoothAdapter( 991): getActiveDevices(profile= A2DP)
05-30 14:03:46.014 D/BluetoothAdapterService( 1108): enable() - Enable called with quiet mode status = false
05-30 14:03:46.014 D/AdapterProperties( 1108): PROFILE_CONNECTION_STATE_CHANGE: profile=4, device=XX:XX:XX:XX:C0:53, 1 -> 2
05-30 14:03:46.015 D/XM_HIDREAD( 1982): add@ add@/devices/virtual/misc/uhid/0005:000D:3838.0003/input/input12/event12
05-30 14:03:46.015 D/XM_HIDREAD( 1982): add@ add@/devices/virtual/misc/uhid/0005:000D:3838.0003/input/input14
05-30 14:03:46.015 D/XM_HIDREAD( 1982): add@ add@/devices/virtual/misc/uhid/0005:000D:3838.0003/input/input14/event13
05-30 14:03:46.016 I/AdapterState( 1108): ON : Unhandled message - BLE_TURN_ON
05-30 14:03:46.018 W/bt_btif ( 1108): packages/modules/Bluetooth/system/main/bte_logmsg.cc:108 LogMsg: bta_hh_co_send_hid_info: wrote descriptor to fd = 154, dscp_len = 80, result = 0
05-30 14:03:46.018 D/BluetoothHidHost( 1449): Proxy object connected
05-30 14:03:46.018 W/bt_stack( 1108): [WARNING:btif_hh.cc(461)] Device xx:xx:xx:xx:c0:53 already added
05-30 14:03:46.018 W/bt_btif ( 1108): packages/modules/Bluetooth/system/main/bte_logmsg.cc:108 LogMsg: btif_hh_upstreams_evt: Device already added
05-30 14:03:46.021 D/AdapterProperties( 1108): ADAPTER_CONNECTION_STATE_CHANGE: XX:XX:XX:XX:C0:53: 1 -> 2
05-30 14:03:46.022 D/EventHub( 692): No input device configuration file found for device 'Dangbei'.
05-30 14:03:46.023 I/bt_btif_dm( 1108): packages/modules/Bluetooth/system/btif/src/btif_dm.cc:695 btif_update_remote_properties: class of device (cod) is 0x00050c
05-30 14:03:46.024 D/XM_HIDREAD( 1982): add@ add@/devices/virtual/misc/uhid/0005:000D:3838.0003/hidraw/hidraw2
05-30 14:03:46.024 D/XM_HIDREAD( 1982): ready open:/dev/hidraw2
05-30 14:03:46.024 D/XM_HIDREAD( 1982): open:/dev/hidraw2 resultFD:-1
05-30 14:03:46.024 E/XM_HIDREAD( 1982): open hidraw error: No such file or directory, wait to retry...
05-30 14:03:46.024 I/EventHub( 692): usingClockIoctl=true
05-30 14:03:46.024 I/EventHub( 692): New device: id=13, fd=485, path='/dev/input/event12', name='Dangbei', classes=KEYBOARD | DPAD | EXTERNAL, configuration='', keyLayout='/vendor/usr/keylayout/Vendor_000d_Product_3838.kl', keyCharacterMap='/system/usr/keychars/Generic.kcm', builtinKeyboard=false,
05-30 14:03:46.025 I/InputReader( 692): Device added: id=12, eventHubId=13, name='Dangbei', descriptor='c89e8160ba9af62ce6fabad661b6a49fb6489106',sources=KEYBOARD | DPAD
05-30 14:03:46.026 E/dangbei111( 1449): cccccc 搜索到bond 确实含有 尝试连接 Dangbei E4:BB:D3:57:C0:53
05-30 14:03:46.027 I/BluetoothAdapterService( 1108): getActiveDevices: A2dp device: null
05-30 14:03:46.029 I/EventHub( 692): The AssociatedDevice changed for path '/sys/devices/virtual/misc/uhid/0005:000D:3838.0003'. Using new AssociatedDevice: path=/sys/devices/virtual/misc/uhid/0005:000D:3838.0003, numBatteries=0, numLight=0
05-30 14:03:46.029 D/EventHub( 692): No input device configuration file found for device 'Dangbei Consumer Control'.
05-30 14:03:46.031 W/EventHub( 692): Unable to disable kernel key repeat for /dev/input/event13: Function not implemented
05-30 14:03:46.031 I/EventHub( 692): usingClockIoctl=true
05-30 14:03:46.031 I/EventHub( 692): New device: id=14, fd=489, path='/dev/input/event13', name='Dangbei Consumer Control', classes=KEYBOARD | DPAD | JOYSTICK | EXTERNAL, configuration='', keyLayout='/vendor/usr/keylayout/Vendor_000d_Product_3838.kl', keyCharacterMap='/system/usr/keychars/Generic.kcm', builtinKeyboard=false,
05-30 14:03:46.033 I/wpa_supplicant( 1212): wpa_driver_nl80211_driver_cmd: wifi vendor: aml_w2_s
05-30 14:03:46.033 I/wpa_supplicant( 1212): wpa_driver_nl80211_driver_cmd: wlan0: private command: BTCOEXSCAN-START
05-30 14:03:46.037 D/BluetoothAdapter( 999): getActiveDevices(profile= HEADSET)
05-30 14:03:46.038 I/InputReader( 692): Device added: id=12, eventHubId=14, name='Dangbei Consumer Control', descriptor='896b8747b3b064e11af0a9266c8b6ec3e936b803',sources=KEYBOARD | DPAD | JOYSTICK
05-30 14:03:46.040 I/BluetoothAdapterService( 1108): getActiveDevices: A2dp device: null
05-30 14:03:46.043 D/BluetoothAdapter( 991): getActiveDevices(profile= HEADSET)
05-30 14:03:46.044 D/BluetoothGatt( 1449): connect() - device: E4:BB:D3:57:C0:53, auto: true
05-30 14:03:46.044 D/BluetoothGatt( 1449): registerApp()
05-30 14:03:46.044 D/BluetoothGatt( 1449): registerApp() - UUID=1f230415-2af5-4944-baaf-35d40a7846b8
05-30 14:03:46.045 I/bluetooth( 1108): packages/modules/Bluetooth/system/stack/gatt/gatt_sr.cc:839 gatts_process_mtu_req: MTU 247 request from remote (e4:bb:d3:57:c0:53), resulted MTU 247
05-30 14:03:46.045 I/bt_btm_ble( 1108): packages/modules/Bluetooth/system/stack/btm/btm_ble.cc:620 BTM_SetBleDataLength: xx:xx:xx:xx:c0:53, 251
05-30 14:03:46.045 W/bt_stack( 1108): [WARNING:gatt_utils.cc(831)] Call back not found for application conn_id=3
05-30 14:03:46.045 W/bt_stack( 1108): [WARNING:gatt_utils.cc(831)] Call back not found for application conn_id=4
05-30 14:03:46.045 W/bt_stack( 1108): [WARNING:gatt_utils.cc(831)] Call back not found for application conn_id=5
05-30 14:03:46.046 I/bluetooth( 1108): packages/modules/Bluetooth/system/stack/gatt/gatt_api.cc:1257 GATT_Register: Allocated name:GattClient uuid:4638e05d-143b-cc20-6324-e0cca020897a gatt_if:6 eatt_support:0
05-30 14:03:46.046 I/bluetooth( 1108): packages/modules/Bluetooth/system/stack/gatt/gatt_api.cc:1371 GATT_StartIf: GATT interface 6 already has connected device xx:xx:xx:xx:c0:53
05-30 14:03:46.046 I/bluetooth( 1108): packages/modules/Bluetooth/system/stack/gatt/gatt_api.cc:1374 GATT_StartIf: Invoking callback with connection id 6
