05-30 17:39:06.592 I/HicomNfSecureManager( 3012): StopListening, after calling NSTACKX_DMsgClose 2
05-30 17:39:06.595 I/HicomNf_java_to_c( 3012): notifyNetworkStateChanged with maskStr, networkType: 0, networkState: 1, mask: 255.255.254.0
05-30 17:39:06.595 I/HicomNfMainCtrlManager( 3012): NotifyNetworkStateChanged is called with networkState: 1
05-30 17:39:06.595 I/HicomNfSecureManager( 3012): StartListening, before calling NSTACKX_DMsgServer
05-30 17:39:06.595 I/nStackXDMsg( 3012): NSTACKX_DMsgServer:[1335] :msgReceiver is not NULL
05-30 17:39:06.595 D/nStackXDMsg( 3012): StartDMsgMainThread:[1274] :pthread_create
05-30 17:39:06.595 I/HicomNfSecureManager( 3012): StartListening, after calling NSTACKX_DMsgServer
05-30 17:39:06.595 I/HicomNfSecureManager( 3012): OnehopSecureCtrlManager: succeeded to StartListening with type 0
05-30 17:39:06.930 E/raop ( 2908): JavaCallback init
05-30 17:39:07.273 I/ThermalService( 999): CPU temperatures: [51.300003]
05-30 17:39:07.429 D/TrafficStats( 2908): tagSocket(173) with statsTag=0xffffffff, statsUid=-1
05-30 17:39:07.790 I/efs.base( 2837): lt=event`ev_ct=efs_core`ev_ac=log_lag`tm=2025-05-30 17:39:78`dn=6aee369d-97d5-42b8-aaef-4ff281a087ea`ps=com.dangbei.screencast:bg_guard`um_os=android`stime=1748597937638`pid=2837`fr=android`pkg=com.dangbei.screencast`vcode=20830`dsp_w=1920`uid=6aee369d-97d5-42b8-aaef-4ff281a087ea`rom=14`wid=6aee369d-97d5-42b8-aaef-4ff281a087ea`um_app_carrier=`um_access=wifi`um_app_channel=os`um_crash_sdk_version=1.4.0`ctime=1748597947`model=dbbox-a3`lang=zh`net=wifi`brand=amlogic`dsp_h=1080`um_network_type=0`ver=v2.8.3`cnt=3`build_model=DBBOX-A3`w_tm=1748597947`appid=5fc60c21094d637f3130af19`um_umid_header=null`sdk=34`tzone=Asia/Shanghai`sdk_ver=1.3.6.umeng
05-30 17:39:07.808 D/TrafficStats( 2837): tagSocket(155) with statsTag=0xffffffff, statsUid=-1
05-30 17:39:07.809 D/TrafficStats( 2837): tagSocket(154) with statsTag=0xffffffff, statsUid=-1
05-30 17:39:07.819 E/GuardService( 2837): killMyselfRunnable:
05-30 17:39:07.819 I/crashsdk( 2837): android_os_Process_sendSignal. PID: 2837 SIG: 9
05-30 17:39:07.819 I/crashsdk( 2837): onKillProcess. SIG: 9
05-30 17:39:07.822 I/crashsdk( 2837): Kill PID: 2837 (com.dangbei.screencast:bg_guard) by pid: 2837 (com.dangbei.screencast:bg_guard) tid: 2837 (main)
05-30 17:39:07.822 I/crashsdk( 2837): SIG: 9, fg: false, exiting: false, main process: false, time: 20250530173907
05-30 17:39:07.822 I/crashsdk( 2837): State in disk: 'b'
05-30 17:39:07.822 I/crashsdk( 2837): at android.os.Process.sendSignal(Native Method)
05-30 17:39:07.822 I/crashsdk( 2837): at android.os.Process.killProcess(Process.java:1315)
05-30 17:39:07.822 I/crashsdk( 2837): at com.dangbei.screencast.startup.GuardService$a.run(:2)
05-30 17:39:07.822 I/crashsdk( 2837): at android.os.Handler.handleCallback(Handler.java:958)
05-30 17:39:07.822 I/crashsdk( 2837): at android.os.Handler.dispatchMessage(Handler.java:99)
05-30 17:39:07.822 I/crashsdk( 2837): at android.os.Looper.loopOnce(Looper.java:205)
05-30 17:39:07.822 I/crashsdk( 2837): at android.os.Looper.loop(Looper.java:294)
05-30 17:39:07.822 I/crashsdk( 2837): at android.app.ActivityThread.main(ActivityThread.java:8255)
05-30 17:39:07.822 I/crashsdk( 2837): at java.lang.reflect.Method.invoke(Native Method)
05-30 17:39:07.822 I/crashsdk( 2837): at com.android.internal.os.RuntimeInit$MethodAndArgsCaller.run(RuntimeInit.java:552)
05-30 17:39:07.822 I/crashsdk( 2837): at com.android.internal.os.ZygoteInit.main(ZygoteInit.java:978)
05-30 17:39:07.822 I/Process ( 2837): Sending signal. PID: 2837 SIG: 9
05-30 17:39:07.856 W/efs.send_log( 2908): tryFileLock sendlock sucess! processname: com.dangbei.screencast
05-30 17:39:07.859 I/Zygote ( 465): Process 2837 exited due to signal 9 (Killed)
05-30 17:39:07.859 I/ActivityManager( 692): Process com.dangbei.screencast:bg_guard (pid 2837) has died: prcp FGS
05-30 17:39:07.859 I/libprocessgroup( 692): Successfully killed process cgroup uid 10044 pid 2837 in 0ms
05-30 17:39:07.861 W/ForegroundServiceTypeLoggerModule( 692): FGS stop call for: 10044 has no types!
05-30 17:39:08.119 I/WifiHAL ( 500): call wifi_get_link_stats handler
05-30 17:39:08.119 I/WifiHAL ( 500): Creating message to get link statistics; iface = 16
05-30 17:39:08.119 D/WifiHAL ( 500): error code -95 mapped to -3
05-30 17:39:08.120 E/WifiStaIfaceAidlImpl( 692): getLinkLayerStats failed with service-specific exception: android.os.ServiceSpecificException: (code 4)
05-30 17:39:08.813 E/crashsdk( 2908): Can not found process name start!
05-30 17:39:08.813 E/crashsdk( 2908): Can not found process name start!
05-30 17:39:08.814 E/crashsdk( 2908): Can not found process name start!
05-30 17:39:09.047 D/ActivityManager( 692): freezing 2016 com.android.permissioncontroller
05-30 17:39:09.094 D/TrafficStats( 3012): tagSocket(151) with statsTag=0xffffffff, statsUid=-1
05-30 17:39:09.277 I/ThermalService( 999): CPU temperatures: [50.9]
05-30 17:39:09.416 D/TrafficStats( 2908): tagSocket(174) with statsTag=0xffffffff, statsUid=-1
05-30 17:39:09.426 W/System.err( 2908): java.lang.NullPointerException: Attempt to invoke virtual method 'byte[] java.net.NetworkInterface.getHardwareAddress()' on a null object reference
05-30 17:39:09.427 W/System.err( 2908): at b.f.f.y.g.b(Unknown Source:11)
05-30 17:39:09.427 W/System.err( 2908): at b.d.a.a.p.c0(Unknown Source:2)
05-30 17:39:09.427 W/System.err( 2908): at b.f.f.o.f.c.a(Unknown Source:23)
05-30 17:39:09.427 W/System.err( 2908): at b.f.f.d.b.c(:5)
05-30 17:39:09.427 W/System.err( 2908): at b.f.f.n.d$a.handleMessage(:3)
05-30 17:39:09.427 W/System.err( 2908): at android.os.Handler.dispatchMessage(Handler.java:106)
05-30 17:39:09.427 W/System.err( 2908): at android.os.Looper.loopOnce(Looper.java:205)
05-30 17:39:09.427 W/System.err( 2908): at android.os.Looper.loop(Looper.java:294)
05-30 17:39:09.427 W/System.err( 2908): at android.os.HandlerThread.run(HandlerThread.java:67)
05-30 17:39:09.437 I/PlatformDependent( 2908): Your platform does not provide complete low-level API for accessing direct buffers reliably. Unless explicitly requested, heap buffer will always be preferred to avoid potential system instability.
05-30 17:39:09.449 W/AudioCapabilities( 2908): Unsupported mime audio/vnd.dts.hd;profile=lbr
05-30 17:39:09.449 W/AudioCapabilities( 2908): Unsupported mime audio/ffmpeg
05-30 17:39:09.449 W/AudioCapabilities( 2908): Unsupported mime audio/mpeg-L1
05-30 17:39:09.449 W/AudioCapabilities( 2908): Unsupported mime audio/mpeg-L2
05-30 17:39:09.452 W/VideoCapabilities( 2908): Unsupported mime video/avs
05-30 17:39:09.452 W/VideoCapabilities( 2908): Unsupported mime video/avs2
05-30 17:39:09.453 D/TrafficStats( 2908): tagSocket(214) with statsTag=0xffffffff, statsUid=-1
05-30 17:39:09.454 W/VideoCapabilities( 2908): Unsupported mime video/x-motion-jpeg
05-30 17:39:09.454 W/VideoCapabilities( 2908): Unrecognized profile/level 0/4 for video/mpeg2
05-30 17:39:09.454 I/VideoCapabilities( 2908): Unsupported profile 3 for video/mpeg2
05-30 17:39:09.454 I/VideoCapabilities( 2908): Unsupported profile 4 for video/mpeg2
05-30 17:39:09.454 I/VideoCapabilities( 2908): Unsupported profile 5 for video/mpeg2
05-30 17:39:09.454 W/VideoCapabilities( 2908): Unrecognized profile/level 0/4 for video/mpeg2
05-30 17:39:09.454 I/VideoCapabilities( 2908): Unsupported profile 3 for video/mpeg2
05-30 17:39:09.454 I/VideoCapabilities( 2908): Unsupported profile 4 for video/mpeg2
05-30 17:39:09.454 I/VideoCapabilities( 2908): Unsupported profile 5 for video/mpeg2
05-30 17:39:09.455 I/VideoCapabilities( 2908): Unsupported profile 2 for video/mp4v-es
05-30 17:39:09.455 I/VideoCapabilities( 2908): Unsupported profile 8 for video/mp4v-es
05-30 17:39:09.455 I/VideoCapabilities( 2908): Unsupported profile 16 for video/mp4v-es
05-30 17:39:09.455 I/VideoCapabilities( 2908): Unsupported profile 1024 for video/mp4v-es
05-30 17:39:09.456 W/VideoCapabilities( 2908): Unsupported mime video/rm10
05-30 17:39:09.456 W/VideoCapabilities( 2908): Unsupported mime video/rm20
05-30 17:39:09.456 W/VideoCapabilities( 2908): Unsupported mime video/rm30
05-30 17:39:09.456 W/VideoCapabilities( 2908): Unsupported mime video/rm40
05-30 17:39:09.457 W/VideoCapabilities( 2908): Unsupported mime video/vc1
05-30 17:39:09.457 W/VideoCapabilities( 2908): Unsupported mime video/vc1
05-30 17:39:09.458 W/VideoCapabilities( 2908): Unsupported mime video/x-vnd.on2.vp6a
05-30 17:39:09.458 W/VideoCapabilities( 2908): Unsupported mime video/x-vnd.on2.vp6f
05-30 17:39:09.459 W/VideoCapabilities( 2908): Unsupported mime video/wmv1
05-30 17:39:09.459 W/VideoCapabilities( 2908): Unsupported mime video/wmv2
05-30 17:39:09.459 W/VideoCapabilities( 2908): Unsupported mime video/wmv3
05-30 17:39:09.457 I/Thread-18( 2908): type=1400 audit(0.0:1155): avc: denied { read } for name="somaxconn" dev="proc" ino=36155 scontext=u:r:untrusted_app_27:s0:c44,c256,c512,c768 tcontext=u:object_r:proc_net:s0 tclass=file permissive=1 app=com.dangbei.screencast
05-30 17:39:09.457 I/Thread-18( 2908): type=1400 audit(0.0:1156): avc: denied { open } for path="/proc/sys/net/core/somaxconn" dev="proc" ino=36155 scontext=u:r:untrusted_app_27:s0:c44,c256,c512,c768 tcontext=u:object_r:proc_net:s0 tclass=file permissive=1 app=com.dangbei.screencast
05-30 17:39:09.457 I/Thread-18( 2908): type=1400 audit(0.0:1157): avc: denied { getattr } for path="/proc/sys/net/core/somaxconn" dev="proc" ino=36155 scontext=u:r:untrusted_app_27:s0:c44,c256,c512,c768 tcontext=u:object_r:proc_net:s0 tclass=file permissive=1 app=com.dangbei.screencast
05-30 17:39:09.469 I/serviceDiscovery( 692): [MdnsAdvertiser] Adding service name: 当贝投屏P8, type: _airplay._tcp, hostAddresses: , port: 40125, network: null, txtRecord: srcvers=220.68features=0x527FFFF7,0x1E'pi=2e388006-13ba-4041-9a67-25dd4a43d536Cpk=b07727d6f6cd6e08b58ede525ec3cdeaa252ad9f683feb212ef8a205246554e7vv=2 flags=0x4model=AppleTV2,1deviceid=1c:79:2d:20:62:b5 with ID 9 and subtype null
05-30 17:39:09.481 I/serviceDiscovery( 692): [MdnsAdvertiser] Adding service name: 1c792d2062b5@当贝投屏P8, type: _raop._tcp, hostAddresses: , port: 34299, network: null, txtRecord: txtvers=1 am=AppleTV2,1ch=2
05-30 17:39:09.481 I/serviceDiscovery( 692): cn=0,1,2,3da=trueet=0,3,5ft=0x527FFFF7,0x1Emd=0,1,2Cpk=b07727d6f6cd6e08b58ede525ec3cdeaa252ad9f683feb212ef8a205246554e7pw=falsesf=0x4sr=44100ss=16sv=falsetp=UDPvn=65537 vs=220.68vv=2 rhd=5.6.0.0 with ID 10 and subtype null
05-30 17:39:09.925 W/System.err( 2908): java.lang.NullPointerException: Attempt to invoke virtual method 'byte[] java.net.NetworkInterface.getHardwareAddress()' on a null object reference
05-30 17:39:09.925 W/System.err( 2908): at b.f.f.y.g.b(Unknown Source:11)
05-30 17:39:09.925 W/System.err( 2908): at b.d.a.a.p.c0(Unknown Source:2)
05-30 17:39:09.925 W/System.err( 2908): at b.f.f.o.f.c.a(Unknown Source:23)
05-30 17:39:09.925 W/System.err( 2908): at b.f.f.t.d.c(:1)
05-30 17:39:09.925 W/System.err( 2908): at b.f.f.n.d$a.handleMessage(:3)
05-30 17:39:09.925 W/System.err( 2908): at android.os.Handler.dispatchMessage(Handler.java:106)
05-30 17:39:09.925 W/System.err( 2908): at android.os.Looper.loopOnce(Looper.java:205)
05-30 17:39:09.925 W/System.err( 2908): at android.os.Looper.loop(Looper.java:294)
05-30 17:39:09.925 W/System.err( 2908): at android.os.HandlerThread.run(HandlerThread.java:67)
05-30 17:39:09.933 I/serviceDiscovery( 692): [MdnsAdvertiser] Adding service name: 当贝投屏P8, type: _db_cast_screen._tcp, hostAddresses: , port: 33491, network: null, txtRecord: au=1cV=20830mV=100h265=0maxR=4096-4096model=DBBOX-A3deviceid=1c:79:2d:20:62:b5 with ID 11 and subtype null
05-30 17:39:09.934 E/MdnsAdvertiser( 692): Name conflict adding services that should have unique names
05-30 17:39:09.934 E/MdnsAdvertiser( 692): android.net.connectivity.com.android.server.connectivity.mdns.NameConflictException
05-30 17:39:09.934 E/MdnsAdvertiser( 692): at android.net.connectivity.com.android.server.connectivity.mdns.MdnsRecordRepository.addService(MdnsRecordRepository.java:314)
05-30 17:39:09.934 E/MdnsAdvertiser( 692): at android.net.connectivity.com.android.server.connectivity.mdns.MdnsInterfaceAdvertiser.addService(MdnsInterfaceAdvertiser.java:217)
05-30 17:39:09.934 E/MdnsAdvertiser( 692): at android.net.connectivity.com.android.server.connectivity.mdns.MdnsAdvertiser$InterfaceAdvertiserRequest.addService(MdnsAdvertiser.java:273)
05-30 17:39:09.934 E/MdnsAdvertiser( 692): at android.net.connectivity.com.android.server.connectivity.mdns.MdnsAdvertiser.addService(MdnsAdvertiser.java:488)
05-30 17:39:09.934 E/MdnsAdvertiser( 692): at android.net.connectivity.com.android.server.NsdService$NsdStateMachine$EnabledState.processMessage(NsdService.java:730)
05-30 17:39:09.934 E/MdnsAdvertiser( 692): at android.net.connectivity.com.android.internal.util.StateMachine$SmHandler.processMsg(StateMachine.java:993)
05-30 17:39:09.934 E/MdnsAdvertiser( 692): at android.net.connectivity.com.android.internal.util.StateMachine$SmHandler.handleMessage(StateMachine.java:810)
05-30 17:39:09.934 E/MdnsAdvertiser( 692): at android.os.Handler.dispatchMessage(Handler.java:106)
05-30 17:39:09.934 E/MdnsAdvertiser( 692): at android.os.Looper.loopOnce(Looper.java:205)
05-30 17:39:09.934 E/MdnsAdvertiser( 692): at android.os.Looper.loop(Looper.java:294)
05-30 17:39:09.934 E/MdnsAdvertiser( 692): at android.os.HandlerThread.run(HandlerThread.java:67)
05-30 17:39:10.329 I/serviceDiscovery( 692): [MdnsAdvertiser.wlan0] Probing finished for service 10
05-30 17:39:10.425 E/accept ( 2908): myIp:192.168.3.222
05-30 17:39:10.425 D/TrafficStats( 2908): tagSocket(215) with statsTag=0xffffffff, statsUid=-1
05-30 17:39:10.427 E/accept ( 2908): connect error
05-30 17:39:10.430 I/serviceDiscovery( 692): [MdnsAdvertiser.wlan0] Probing finished for service 9
05-30 17:39:10.433 I/UpnpServiceImpl( 2908): >>> Starting UPnP service...
05-30 17:39:10.434 I/UpnpServiceImpl( 2908): Using configuration: org.fourthline.cling.android.AndroidUpnpServiceConfiguration
05-30 17:39:10.438 I/Router ( 2908): Creating Router: org.fourthline.cling.android.AndroidRouter
05-30 17:39:10.440 W/Router ( 2908): enable lock:org.fourthline.cling.android.AndroidRouter@a8de94c_java.util.concurrent.locks.ReentrantReadWriteLock$WriteLock@849ad95[Unlocked]
05-30 17:39:10.448 W/tworkAddressFactoryImpl( 2908): Network interface may not be multicast capable: dummy0
05-30 17:39:10.452 I/MulticastReceiver( 2908): Creating wildcard socket (for receiving multicast datagrams) on port: 1900
05-30 17:39:10.452 D/TrafficStats( 2908): tagSocket(215) with statsTag=0xffffffff, statsUid=-1
05-30 17:39:10.453 I/MulticastReceiver( 2908): Joining multicast group: /239.255.255.250:1900 on network interface: wlan0
05-30 17:39:10.468 E/accept ( 2908): Adding connector try: 192.168.3.222/192.168.3.222:38865
05-30 17:39:10.470 D/TrafficStats( 2908): tagSocket(220) with statsTag=0xffffffff, statsUid=-1
05-30 17:39:10.471 E/accept ( 2908): Adding connector result: 192.168.3.222/192.168.3.222:38865
05-30 17:39:10.534 I/JettyServletContainer( 2908): Registering UPnP servlet under context path: /upnp
05-30 17:39:10.537 I/DatagramIO( 2908): Creating bound socket (for datagram input/output) on: 192.168.3.222/192.168.3.222
05-30 17:39:10.537 D/TrafficStats( 2908): tagSocket(221) with statsTag=0xffffffff, statsUid=-1
05-30 17:39:10.538 E/JettyServletContainer( 2908): gogogo
05-30 17:39:10.538 I/JettyServletContainer( 2908): Starting Jetty server...
05-30 17:39:10.539 W/System.err( 2908): 2025-05-30 17:39:10.539:INFO:lcaf.p:jetty-8.y.z-SNAPSHOT
05-30 17:39:10.542 I/Router ( 2908): WiFi multicast lock acquired
05-30 17:39:10.543 I/WifiService( 692): acquireMulticastLock uid=10044
05-30 17:39:10.544 I/Router ( 2908): WiFi lock acquired
05-30 17:39:10.545 I/WifiService( 692): acquireWifiLock uid=10044 lockMode=3
05-30 17:39:10.545 D/IpClient.wlan0( 1057): set max DTIM multiplier to 1
05-30 17:39:10.546 D/WifiHAL ( 500): Setting APF program, halHandle = 0xf4002920
05-30 17:39:10.546 I/WifiHAL ( 500): createRequest: APF set program request
05-30 17:39:10.546 D/WifiHAL ( 500): error code -95 mapped to -3
05-30 17:39:10.546 I/WifiHAL ( 500): Request Response failed for APF, result = -3
05-30 17:39:10.546 E/WifiStaIfaceAidlImpl( 692): installApfPacketFilter failed with service-specific exception: android.os.ServiceSpecificException: (code 4)
05-30 17:39:10.547 D/WifiHAL ( 500): Setting DTIM config , halHandle = 0xf4002920 Multiplier = 1
05-30 17:39:10.547 I/WifiHAL ( 500): Successfully configured dtim multiplier 1
05-30 17:39:10.547 D/WifiHAL ( 500): error code -95 mapped to -3
05-30 17:39:10.548 E/WifiStaIfaceAidlImpl( 692): setDtimMultiplier failed with service-specific exception: android.os.ServiceSpecificException: (code 4)
05-30 17:39:10.549 I/WifiHAL ( 500): wifi_set_latency_mode set to 1
05-30 17:39:10.559 W/Router ( 2908): enable unlock:org.fourthline.cling.android.AndroidRouter@a8de94c
05-30 17:39:10.560 I/UpnpServiceImpl( 2908): <<< UPnP service started successfully
05-30 17:39:10.575 W/System.err( 2908): 2025-05-30 17:39:10.575:INFO:lcaf.a:Started @192.168.3.222:38865
05-30 17:39:10.618 E/g ( 2908): channel :os
05-30 17:39:10.859 I/efs.base( 2908): lt=event`ev_ct=efs_core`ev_ac=log_lag`tm=2025-05-30 17:39:85`dn=6aee369d-97d5-42b8-aaef-4ff281a087ea`ps=com.dangbei.screencast`um_os=android`stime=1748597940684`pid=2908`fr=android`pkg=com.dangbei.screencast`vcode=20830`dsp_w=1920`uid=6aee369d-97d5-42b8-aaef-4ff281a087ea`rom=14`wid=6aee369d-97d5-42b8-aaef-4ff281a087ea`um_app_carrier=`um_access=wifi`um_app_channel=os`um_crash_sdk_version=1.4.0`ctime=1748597950`model=dbbox-a3`lang=zh`net=wifi`brand=amlogic`dsp_h=1080`um_network_type=0`ver=v2.8.3`cnt=3`build_model=DBBOX-A3`w_tm=1748597950`appid=5fc60c21094d637f3130af19`um_umid_header=aid1f46722b5c1259e2d18ce903dbe35a6`sdk=34`tzone=Asia/Shanghai`sdk_ver=1.3.6.umeng
05-30 17:39:10.867 D/TrafficStats( 2908): tagSocket(224) with statsTag=0xffffffff, statsUid=-1
05-30 17:39:10.869 D/TrafficStats( 2908): tagSocket(225) with statsTag=0xffffffff, statsUid=-1
05-30 17:39:10.989 I/gbei.screencast( 2908): Background concurrent copying GC freed 212456(11MB) AllocSpace objects, 81(3264KB) LOS objects, 49% free, 5692KB/11MB, paused 256us,97us total 130.824ms
05-30 17:39:11.124 I/WifiHAL ( 500): call wifi_get_link_stats handler
05-30 17:39:11.124 I/WifiHAL ( 500): Creating message to get link statistics; iface = 16
05-30 17:39:11.124 D/WifiHAL ( 500): error code -95 mapped to -3
05-30 17:39:11.125 E/WifiStaIfaceAidlImpl( 692): getLinkLayerStats failed with service-specific exception: android.os.ServiceSpecificException: (code 4)
05-30 17:39:11.176 W/TelephonyPermissions( 692): reportAccessDeniedToReadIdentifiers:com.dangbei.screencast:getSerial:-1
05-30 17:39:11.213 W/ip ( 3107): type=1400 audit(0.0:1158): avc: granted { nlmsg_getneigh } for scontext=u:r:untrusted_app_27:s0:c44,c256,c512,c768 tcontext=u:r:untrusted_app_27:s0:c44,c256,c512,c768 tclass=netlink_route_socket app=com.dangbei.screencast
05-30 17:39:11.221 V/NFC ( 3012): this device does not have NFC support
05-30 17:39:11.242 I/efs.base( 2908): wa upload succ, HttpResponse {succ=true, code=200, data='暂不支持该服务', extra={req_url=https://errlog.umeng.com/api/crashsdk/logcollect}}
05-30 17:39:11.243 I/efs.base( 2908): wa upload succ, HttpResponse {succ=true, code=200, data='暂不支持该服务', extra={req_url=https://errlog.umeng.com/api/crashsdk/logcollect}}
05-30 17:39:11.245 D/TrafficStats( 2908): tagSocket(5) with statsTag=0xffffffff, statsUid=-1
05-30 17:39:11.248 D/TrafficStats( 2908): tagSocket(224) with statsTag=0xffffffff, statsUid=-1
05-30 17:39:11.280 I/ThermalService( 999): CPU temperatures: [51.9]
05-30 17:39:11.583 D/TrafficStats( 3012): tagSocket(162) with statsTag=0xffffffff, statsUid=-1
05-30 17:39:11.850 I/efs.base( 2908): wa upload succ, HttpResponse {succ=true, code=200, data='暂不支持该服务', extra={req_url=https://errlog.umeng.com/api/crashsdk/logcollect}}
05-30 17:39:13.206 D/ActivityManager( 692): freezing 2073 com.android.providers.calendar
05-30 17:39:13.283 I/ThermalService( 999): CPU temperatures: [51.2]
05-30 17:39:13.722 D/TrafficStats( 2908): tagSocket(5) with statsTag=0xffffffff, statsUid=-1
05-30 17:39:13.831 D/TrafficStats( 2908): tagSocket(224) with statsTag=0xffffffff, statsUid=-1
05-30 17:39:13.833 D/TrafficStats( 2908): tagSocket(225) with statsTag=0xffffffff, statsUid=-1
05-30 17:39:13.839 W/ServiceDescriptorBinder( 2908): UPnP specification violation: Not producing element to be compatible with WMP12: (ActionArgument, OUT) Actions
05-30 17:39:14.009 W/ServiceDescriptorBinder( 2908): UPnP specification violation: Not producing element to be compatible with WMP12: (ActionArgument, OUT) CurrentVolume
05-30 17:39:14.009 W/ServiceDescriptorBinder( 2908): UPnP specification violation: Not producing element to be compatible with WMP12: (ActionArgument, OUT) CurrentMute
05-30 17:39:14.010 W/ServiceDescriptorBinder( 2908): UPnP specification violation: Not producing element to be compatible with WMP12: (ActionArgument, OUT) CurrentPresetNameList
05-30 17:39:14.010 W/ServiceDescriptorBinder( 2908): UPnP specification violation: Not producing element to be compatible with WMP12: (ActionArgument, OUT) CurrentLoudness
05-30 17:39:14.010 W/ServiceDescriptorBinder( 2908): UPnP specification violation: Not producing element to be compatible with WMP12: (ActionArgument, OUT) CurrentVolume
05-30 17:39:14.076 W/ServiceDescriptorBinder( 2908): UPnP specification violation: Not producing element to be compatible with WMP12: (ActionArgument, OUT) ConnectionIDs
05-30 17:39:14.132 I/WifiHAL ( 500): call wifi_get_link_stats handler
05-30 17:39:14.132 I/WifiHAL ( 500): Creating message to get link statistics; iface = 16
05-30 17:39:14.132 D/WifiHAL ( 500): error code -95 mapped to -3
05-30 17:39:14.132 E/WifiStaIfaceAidlImpl( 692): getLinkLayerStats failed with service-specific exception: android.os.ServiceSpecificException: (code 4)
05-30 17:39:15.286 I/ThermalService( 999): CPU temperatures: [50.7]
05-30 17:39:15.922 I/crashsdk( 2908): crashsdk uploading logs
05-30 17:39:16.188 I/keystore2( 278): system/security/keystore2/src/watchdog.rs:319 - Watchdog thread idle -> terminating. Have a great day.
05-30 17:39:16.209 I//apex/com.android.adbd/bin/adbd( 1387): type=1400 audit(0.0:1159): avc: denied { write } for comm=75736220666673206F70656E name="property_service" dev="tmpfs" ino=411 scontext=u:r:su:s0 tcontext=u:object_r:property_socket:s0 tclass=sock_file permissive=1
05-30 17:39:16.535 D/nStackXCoAP( 3012): IsInSameNetwork:[276] :IsInSameNetwork exec
05-30 17:39:16.535 I/nStackXDFinder( 3012): GetLocalInterfaceDetail:[461] :GetLocalInterfaceDetail in
05-30 17:39:16.535 E/nStackXCoAP( 3012): IsInSameNetwork:[281] :IsInSameNetwork: not priority process
05-30 17:39:16.535 D/nStackXCoAP( 3012): ParseServiceDiscover:[330] :new device join
05-30 17:39:16.535 I/nStackXDFinder( 3012): NotifyDeviceListChanged:[540] :notify callback: device list changed callback is null
05-30 17:39:16.535 E/nStackXDFinder( 3012): GetLocalIp:[401] :GetLocalIp exec
05-30 17:39:16.659 D/nStackXCoAP( 3012): IsInSameNetwork:[276] :IsInSameNetwork exec
05-30 17:39:16.659 I/nStackXDFinder( 3012): GetLocalInterfaceDetail:[461] :GetLocalInterfaceDetail in
05-30 17:39:16.659 E/nStackXCoAP( 3012): IsInSameNetwork:[281] :IsInSameNetwork: not priority process
05-30 17:39:16.659 D/nStackXCoAP( 3012): ParseServiceDiscover:[330] :new device join
05-30 17:39:16.659 E/nStackXDFinder( 3012): GetLocalIp:[401] :GetLocalIp exec
05-30 17:39:16.661 D/nStackXCoAP( 3012): CoapMessageHandler:[133] :2.01
05-30 17:39:16.702 D/nStackXCoAP( 3012): CoapMessageHandler:[133] :2.01
05-30 17:39:16.885 D/nStackXCoAP( 3012): IsInSameNetwork:[276] :IsInSameNetwork exec
05-30 17:39:16.885 I/nStackXDFinder( 3012): GetLocalInterfaceDetail:[461] :GetLocalInterfaceDetail in
05-30 17:39:16.885 E/nStackXCoAP( 3012): IsInSameNetwork:[281] :IsInSameNetwork: not priority process
05-30 17:39:16.885 D/nStackXCoAP( 3012): ParseServiceDiscover:[330] :new device join
05-30 17:39:16.885 E/nStackXDFinder( 3012): GetLocalIp:[401] :GetLocalIp exec
05-30 17:39:16.905 D/nStackXCoAP( 3012): CoapMessageHandler:[133] :2.01
05-30 17:39:17.056 D/nStackXCoAP( 3012): IsInSameNetwork:[276] :IsInSameNetwork exec
05-30 17:39:17.056 I/nStackXDFinder( 3012): GetLocalInterfaceDetail:[461] :GetLocalInterfaceDetail in
05-30 17:39:17.056 E/nStackXCoAP( 3012): IsInSameNetwork:[281] :IsInSameNetwork: not priority process
05-30 17:39:17.056 D/nStackXCoAP( 3012): ParseServiceDiscover:[330] :new device join
05-30 17:39:17.056 E/nStackXDFinder( 3012): GetLocalIp:[401] :GetLocalIp exec
05-30 17:39:17.136 I/WifiHAL ( 500): call wifi_get_link_stats handler
05-30 17:39:17.136 I/WifiHAL ( 500): Creating message to get link statistics; iface = 16
05-30 17:39:17.136 D/WifiHAL ( 500): error code -95 mapped to -3
05-30 17:39:17.137 E/WifiStaIfaceAidlImpl( 692): getLinkLayerStats failed with service-specific exception: android.os.ServiceSpecificException: (code 4)
05-30 17:39:17.185 D/nStackXCoAP( 3012): CoapMessageHandler:[133] :2.01
05-30 17:39:17.288 I/ThermalService( 999): CPU temperatures: [50.800003]
05-30 17:39:19.097 D/nStackXCoAP( 3012): IsInSameNetwork:[276] :IsInSameNetwork exec
05-30 17:39:19.097 I/nStackXDFinder( 3012): GetLocalInterfaceDetail:[461] :GetLocalInterfaceDetail in
05-30 17:39:19.098 E/nStackXCoAP( 3012): IsInSameNetwork:[281] :IsInSameNetwork: not priority process
05-30 17:39:19.098 D/nStackXCoAP( 3012): ParseServiceDiscover:[330] :new device join
05-30 17:39:19.098 E/nStackXDFinder( 3012): GetLocalIp:[401] :GetLocalIp exec
05-30 17:39:19.100 D/nStackXCoAP( 3012): IsInSameNetwork:[276] :IsInSameNetwork exec
05-30 17:39:19.100 I/nStackXDFinder( 3012): GetLocalInterfaceDetail:[461] :GetLocalInterfaceDetail in
05-30 17:39:19.100 E/nStackXCoAP( 3012): IsInSameNetwork:[281] :IsInSameNetwork: not priority process
05-30 17:39:19.100 D/nStackXCoAP( 3012): ParseServiceDiscover:[330] :new device join
05-30 17:39:19.100 E/nStackXDFinder( 3012): GetLocalIp:[401] :GetLocalIp exec
05-30 17:39:19.256 D/nStackXCoAP( 3012): CoapMessageHandler:[133] :2.01
05-30 17:39:19.270 D/nStackXCoAP( 3012): CoapMessageHandler:[133] :2.01
05-30 17:39:19.292 I/ThermalService( 999): CPU temperatures: [50.9]
05-30 17:39:19.507 D/nStackXCoAP( 3012): IsInSameNetwork:[276] :IsInSameNetwork exec
05-30 17:39:19.507 I/nStackXDFinder( 3012): GetLocalInterfaceDetail:[461] :GetLocalInterfaceDetail in
05-30 17:39:19.507 E/nStackXCoAP( 3012): IsInSameNetwork:[281] :IsInSameNetwork: not priority process
05-30 17:39:19.507 D/nStackXCoAP( 3012): ParseServiceDiscover:[330] :new device join
05-30 17:39:19.507 E/nStackXDFinder( 3012): GetLocalIp:[401] :GetLocalIp exec
05-30 17:39:19.521 D/nStackXCoAP( 3012): CoapMessageHandler:[133] :2.01
05-30 17:39:20.032 D/nStackXCoAP( 3012): IsInSameNetwork:[276] :IsInSameNetwork exec
05-30 17:39:20.032 I/nStackXDFinder( 3012): GetLocalInterfaceDetail:[461] :GetLocalInterfaceDetail in
05-30 17:39:20.032 E/nStackXCoAP( 3012): IsInSameNetwork:[281] :IsInSameNetwork: not priority process
05-30 17:39:20.032 D/nStackXCoAP( 3012): ParseServiceDiscover:[330] :new device join
05-30 17:39:20.032 E/nStackXDFinder( 3012): GetLocalIp:[401] :GetLocalIp exec
05-30 17:39:20.049 D/nStackXCoAP( 3012): CoapMessageHandler:[133] :2.01
05-30 17:39:20.140 I/WifiHAL ( 500): call wifi_get_link_stats handler
05-30 17:39:20.140 I/WifiHAL ( 500): Creating message to get link statistics; iface = 16
05-30 17:39:20.140 D/WifiHAL ( 500): error code -95 mapped to -3
05-30 17:39:20.141 E/WifiStaIfaceAidlImpl( 692): getLinkLayerStats failed with service-specific exception: android.os.ServiceSpecificException: (code 4)
05-30 17:39:20.357 I//apex/com.android.adbd/bin/adbd( 1387): type=1400 audit(0.0:1160): avc: denied { dac_read_search } for comm=75736220666673206F70656E capability=2 scontext=u:r:su:s0 tcontext=u:r:su:s0 tclass=capability permissive=1
05-30 17:39:20.357 I//apex/com.android.adbd/bin/adbd( 1387): type=1400 audit(0.0:1161): avc: denied { dac_override } for comm=75736220666673206F70656E capability=1 scontext=u:r:su:s0 tcontext=u:r:su:s0 tclass=capability permissive=1
05-30 17:39:20.841 D/nStackXCoAP( 3012): IsInSameNetwork:[276] :IsInSameNetwork exec
05-30 17:39:20.841 I/nStackXDFinder( 3012): GetLocalInterfaceDetail:[461] :GetLocalInterfaceDetail in
05-30 17:39:20.841 E/nStackXCoAP( 3012): IsInSameNetwork:[281] :IsInSameNetwork: not priority process
05-30 17:39:20.841 D/nStackXCoAP( 3012): ParseServiceDiscover:[330] :new device join
05-30 17:39:20.841 I/nStackXDFinder( 3012): NotifyDeviceListChanged:[540] :notify callback: device list changed callback is null
05-30 17:39:20.841 E/nStackXDFinder( 3012): GetLocalIp:[401] :GetLocalIp exec
05-30 17:39:20.843 D/nStackXCoAP( 3012): IsInSameNetwork:[276] :IsInSameNetwork exec
05-30 17:39:20.843 I/nStackXDFinder( 3012): GetLocalInterfaceDetail:[461] :GetLocalInterfaceDetail in
05-30 17:39:20.843 E/nStackXCoAP( 3012): IsInSameNetwork:[281] :IsInSameNetwork: not priority process
05-30 17:39:20.843 D/nStackXCoAP( 3012): ParseServiceDiscover:[330] :new device join
05-30 17:39:20.843 E/nStackXDFinder( 3012): GetLocalIp:[401] :GetLocalIp exec
05-30 17:39:21.093 D/nStackXCoAP( 3012): IsInSameNetwork:[276] :IsInSameNetwork exec
05-30 17:39:21.093 I/nStackXDFinder( 3012): GetLocalInterfaceDetail:[461] :GetLocalInterfaceDetail in
05-30 17:39:21.093 E/nStackXCoAP( 3012): IsInSameNetwork:[281] :IsInSameNetwork: not priority process
05-30 17:39:21.093 D/nStackXCoAP( 3012): ParseServiceDiscover:[330] :new device join
05-30 17:39:21.093 E/nStackXDFinder( 3012): GetLocalIp:[401] :GetLocalIp exec
05-30 17:39:21.159 D/TrafficStats( 2908): tagSocket(226) with statsTag=0xffffffff, statsUid=-1
05-30 17:39:21.218 D/nStackXCoAP( 3012): CoapMessageHandler:[133] :2.01
05-30 17:39:21.295 I/ThermalService( 999): CPU temperatures: [50.7]
05-30 17:39:21.596 D/nStackXCoAP( 3012): CoapMessageHandler:[133] :2.01
05-30 17:39:21.597 D/nStackXCoAP( 3012): CoapMessageHandler:[133] :2.01
05-30 17:39:22.171 D/nStackXCoAP( 3012): IsInSameNetwork:[276] :IsInSameNetwork exec
05-30 17:39:22.171 I/nStackXDFinder( 3012): GetLocalInterfaceDetail:[461] :GetLocalInterfaceDetail in
05-30 17:39:22.171 E/nStackXCoAP( 3012): IsInSameNetwork:[281] :IsInSameNetwork: not priority process
05-30 17:39:22.171 D/nStackXCoAP( 3012): ParseServiceDiscover:[330] :new device join
05-30 17:39:22.171 E/nStackXDFinder( 3012): GetLocalIp:[401] :GetLocalIp exec
05-30 17:39:22.585 D/nStackXCoAP( 3012): IsInSameNetwork:[276] :IsInSameNetwork exec
05-30 17:39:22.585 I/nStackXDFinder( 3012): GetLocalInterfaceDetail:[461] :GetLocalInterfaceDetail in
05-30 17:39:22.585 E/nStackXCoAP( 3012): IsInSameNetwork:[281] :IsInSameNetwork: not priority process
05-30 17:39:22.585 D/nStackXCoAP( 3012): ParseServiceDiscover:[330] :new device join
05-30 17:39:22.585 E/nStackXDFinder( 3012): GetLocalIp:[401] :GetLocalIp exec
05-30 17:39:22.877 D/nStackXCoAP( 3012): CoapMessageHandler:[133] :2.01
05-30 17:39:22.971 I/WifiService( 692): startScan uid=1000
05-30 17:39:22.973 E/ccc ( 2614): cccccc i will start scan
05-30 17:39:22.981 D/InstantWifi( 692): Drop, size: 1
05-30 17:39:23.144 I/WifiHAL ( 500): call wifi_get_link_stats handler
05-30 17:39:23.144 I/WifiHAL ( 500): Creating message to get link statistics; iface = 16
05-30 17:39:23.144 D/WifiHAL ( 500): error code -95 mapped to -3
05-30 17:39:23.145 E/WifiStaIfaceAidlImpl( 692): getLinkLayerStats failed with service-specific exception: android.os.ServiceSpecificException: (code 4)
05-30 17:39:23.297 I/ThermalService( 999): CPU temperatures: [50.600002]
05-30 17:39:25.300 I/ThermalService( 999): CPU temperatures: [50.9]
05-30 17:39:25.667 D/WifiNl80211Manager( 692): Scan result ready event
05-30 17:39:25.667 D/WifiNative( 692): Scan result ready event
05-30 17:39:25.680 I/audio_hw_hal_alsamgr( 476): alsa format =0x1 delay frames =768 total frames=4957440
05-30 17:39:25.720 E/ccc ( 2614): cccccc SCAN_RESULTS_AVAILABLE_ACTION hhhh
05-30 17:39:25.721 E/hq ( 1482): NetWorkStateReceiver:::NetWorkStateReceiver onReceive: 网络变化广播 >>>> intent.action=android.net.wifi.SCAN_RESULTS
05-30 17:39:25.726 I/WifiHAL ( 500): call wifi_get_link_stats handler
05-30 17:39:25.726 I/WifiHAL ( 500): Creating message to get link statistics; iface = 16
05-30 17:39:25.726 D/WifiHAL ( 500): error code -95 mapped to -3
05-30 17:39:25.727 E/WifiStaIfaceAidlImpl( 692): getLinkLayerStats failed with service-specific exception: android.os.ServiceSpecificException: (code 4)
05-30 17:39:25.739 W/eventbuscore( 1482): post Event:com.dangbei.leard.base.entity.event.NetWifiRssiEvent
05-30 17:39:25.744 E/ccc ( 2614): cccccc result is not empty call back
05-30 17:39:25.744 E/ccc ( 2614): cccccc 666666666666666
05-30 17:39:25.757 E/ccc ( 2614): cccccc sort 2 46
05-30 17:39:26.149 I/WifiHAL ( 500): call wifi_get_link_stats handler
05-30 17:39:26.149 I/WifiHAL ( 500): Creating message to get link statistics; iface = 16
05-30 17:39:26.149 D/WifiHAL ( 500): error code -95 mapped to -3
05-30 17:39:26.149 E/WifiStaIfaceAidlImpl( 692): getLinkLayerStats failed with service-specific exception: android.os.ServiceSpecificException: (code 4)
05-30 17:39:26.577 I/cling--ap-3( 2908): type=1400 audit(0.0:1162): avc: denied { read } for name="address" dev="sysfs" ino=22127 scontext=u:r:untrusted_app_27:s0:c44,c256,c512,c768 tcontext=u:object_r:sysfs_net:s0 tclass=file permissive=1 app=com.dangbei.screencast
05-30 17:39:26.577 I/cling--ap-3( 2908): type=1400 audit(0.0:1163): avc: denied { open } for path="/sys/devices/virtual/net/dummy0/address" dev="sysfs" ino=22127 scontext=u:r:untrusted_app_27:s0:c44,c256,c512,c768 tcontext=u:object_r:sysfs_net:s0 tclass=file permissive=1 app=com.dangbei.screencast
05-30 17:39:26.577 I/cling--ap-3( 2908): type=1400 audit(0.0:1164): avc: denied { getattr } for path="/sys/devices/virtual/net/dummy0/address" dev="sysfs" ino=22127 scontext=u:r:untrusted_app_27:s0:c44,c256,c512,c768 tcontext=u:object_r:sysfs_net:s0 tclass=file permissive=1 app=com.dangbei.screencast
05-30 17:39:27.303 I/ThermalService( 999): CPU temperatures: [50.500004]
05-30 17:39:27.617 D/OomAdjuster( 692): Not killing cached processes
05-30 17:39:29.156 I/WifiHAL ( 500): call wifi_get_link_stats handler
05-30 17:39:29.156 I/WifiHAL ( 500): Creating message to get link statistics; iface = 16
05-30 17:39:29.156 D/WifiHAL ( 500): error code -95 mapped to -3
05-30 17:39:29.157 E/WifiStaIfaceAidlImpl( 692): getLinkLayerStats failed with service-specific exception: android.os.ServiceSpecificException: (code 4)
05-30 17:39:29.305 I/ThermalService( 999): CPU temperatures: [50.600002]
05-30 17:39:31.308 I/ThermalService( 999): CPU temperatures: [50.9]
05-30 17:39:32.164 I/WifiHAL ( 500): call wifi_get_link_stats handler
05-30 17:39:32.164 I/WifiHAL ( 500): Creating message to get link statistics; iface = 16
05-30 17:39:32.164 D/WifiHAL ( 500): error code -95 mapped to -3
05-30 17:39:32.164 E/WifiStaIfaceAidlImpl( 692): getLinkLayerStats failed with service-specific exception: android.os.ServiceSpecificException: (code 4)
05-30 17:39:33.311 I/ThermalService( 999): CPU temperatures: [50.4]
05-30 17:39:33.772 D/TrafficStats( 2908): tagSocket(226) with statsTag=0xffffffff, statsUid=-1
05-30 17:39:35.042 D/OomAdjuster( 692): Not killing cached processes
05-30 17:39:35.045 D/bbb ( 1578): onStartCommand begin !!!!!!! data分区剩余 54425MB
05-30 17:39:35.172 I/WifiHAL ( 500): call wifi_get_link_stats handler
05-30 17:39:35.172 I/WifiHAL ( 500): Creating message to get link statistics; iface = 16
05-30 17:39:35.172 D/WifiHAL ( 500): error code -95 mapped to -3
05-30 17:39:35.173 E/WifiStaIfaceAidlImpl( 692): getLinkLayerStats failed with service-specific exception: android.os.ServiceSpecificException: (code 4)
05-30 17:39:35.315 I/ThermalService( 999): CPU temperatures: [50.600002]
05-30 17:39:35.561 I/binder:464_4( 464): type=1400 audit(0.0:1165): avc: denied { add_name } for name="globalAlert" scontext=u:r:netd:s0 tcontext=u:object_r:proc_net:s0 tclass=dir permissive=1
05-30 17:39:36.756 D/TrafficStats( 2908): tagSocket(226) with statsTag=0xffffffff, statsUid=-1
05-30 17:39:37.318 I/ThermalService( 999): CPU temperatures: [50.9]
05-30 17:39:38.177 I/WifiHAL ( 500): call wifi_get_link_stats handler
05-30 17:39:38.178 I/WifiHAL ( 500): Creating message to get link statistics; iface = 16
05-30 17:39:38.178 D/WifiHAL ( 500): error code -95 mapped to -3
05-30 17:39:38.178 E/WifiStaIfaceAidlImpl( 692): getLinkLayerStats failed with service-specific exception: android.os.ServiceSpecificException: (code 4)
05-30 17:39:39.321 I/ThermalService( 999): CPU temperatures: [50.4]
05-30 17:39:41.184 I/WifiHAL ( 500): call wifi_get_link_stats handler
05-30 17:39:41.184 I/WifiHAL ( 500): Creating message to get link statistics; iface = 16
05-30 17:39:41.184 D/WifiHAL ( 500): error code -95 mapped to -3
05-30 17:39:41.185 E/WifiStaIfaceAidlImpl( 692): getLinkLayerStats failed with service-specific exception: android.os.ServiceSpecificException: (code 4)
05-30 17:39:41.263 D/TrafficStats( 2908): tagSocket(229) with statsTag=0xffffffff, statsUid=-1
05-30 17:39:41.325 I/ThermalService( 999): CPU temperatures: [50.500004]
05-30 17:39:43.328 I/ThermalService( 999): CPU temperatures: [50.800003]
05-30 17:39:44.190 I/WifiHAL ( 500): call wifi_get_link_stats handler
05-30 17:39:44.190 I/WifiHAL ( 500): Creating message to get link statistics; iface = 16
05-30 17:39:44.190 D/WifiHAL ( 500): error code -95 mapped to -3
05-30 17:39:44.191 E/WifiStaIfaceAidlImpl( 692): getLinkLayerStats failed with service-specific exception: android.os.ServiceSpecificException: (code 4)
05-30 17:39:45.331 I/ThermalService( 999): CPU temperatures: [50.4]
05-30 17:39:47.197 I/WifiHAL ( 500): call wifi_get_link_stats handler
05-30 17:39:47.197 I/WifiHAL ( 500): Creating message to get link statistics; iface = 16
05-30 17:39:47.198 D/WifiHAL ( 500): error code -95 mapped to -3
05-30 17:39:47.198 E/WifiStaIfaceAidlImpl( 692): getLinkLayerStats failed with service-specific exception: android.os.ServiceSpecificException: (code 4)
05-30 17:39:47.334 I/ThermalService( 999): CPU temperatures: [50.500004]
05-30 17:39:49.337 I/ThermalService( 999): CPU temperatures: [50.800003]
05-30 17:39:50.204 I/WifiHAL ( 500): call wifi_get_link_stats handler
05-30 17:39:50.204 I/WifiHAL ( 500): Creating message to get link statistics; iface = 16
05-30 17:39:50.204 D/WifiHAL ( 500): error code -95 mapped to -3
05-30 17:39:50.205 E/WifiStaIfaceAidlImpl( 692): getLinkLayerStats failed with service-specific exception: android.os.ServiceSpecificException: (code 4)
05-30 17:39:51.086 D/TrafficStats( 2908): tagSocket(229) with statsTag=0xffffffff, statsUid=-1
05-30 17:39:51.341 I/ThermalService( 999): CPU temperatures: [50.4]
05-30 17:39:53.208 I/WifiHAL ( 500): call wifi_get_link_stats handler
05-30 17:39:53.208 I/WifiHAL ( 500): Creating message to get link statistics; iface = 16
05-30 17:39:53.208 D/WifiHAL ( 500): error code -95 mapped to -3
05-30 17:39:53.209 E/WifiStaIfaceAidlImpl( 692): getLinkLayerStats failed with service-specific exception: android.os.ServiceSpecificException: (code 4)
05-30 17:39:53.344 I/ThermalService( 999): CPU temperatures: [50.600002]
05-30 17:39:55.348 I/ThermalService( 999): CPU temperatures: [50.7]
05-30 17:39:55.789 I/WifiService( 692): startScan uid=1000
05-30 17:39:55.791 E/ccc ( 2614): cccccc i will start scan
05-30 17:39:55.798 D/InstantWifi( 692): Drop, size: 1
05-30 17:39:56.213 I/WifiHAL ( 500): call wifi_get_link_stats handler
05-30 17:39:56.213 I/WifiHAL ( 500): Creating message to get link statistics; iface = 16
05-30 17:39:56.214 D/WifiHAL ( 500): error code -95 mapped to -3
05-30 17:39:56.214 E/WifiStaIfaceAidlImpl( 692): getLinkLayerStats failed with service-specific exception: android.os.ServiceSpecificException: (code 4)
05-30 17:39:57.351 I/ThermalService( 999): CPU temperatures: [50.300003]
05-30 17:39:57.678 I/audio_hw_hal_alsamgr( 476): alsa format =0x1 delay frames =768 total frames=6493440
05-30 17:39:58.503 D/WifiNl80211Manager( 692): Scan result ready event
05-30 17:39:58.503 D/WifiNative( 692): Scan result ready event
05-30 17:39:58.567 E/ccc ( 2614): cccccc SCAN_RESULTS_AVAILABLE_ACTION hhhh
05-30 17:39:58.569 E/hq ( 1482): NetWorkStateReceiver:::NetWorkStateReceiver onReceive: 网络变化广播 >>>> intent.action=android.net.wifi.SCAN_RESULTS
05-30 17:39:58.575 I/WifiHAL ( 500): call wifi_get_link_stats handler
05-30 17:39:58.575 I/WifiHAL ( 500): Creating message to get link statistics; iface = 16
05-30 17:39:58.575 D/WifiHAL ( 500): error code -95 mapped to -3
05-30 17:39:58.576 E/WifiStaIfaceAidlImpl( 692): getLinkLayerStats failed with service-specific exception: android.os.ServiceSpecificException: (code 4)
05-30 17:39:58.592 E/ccc ( 2614): cccccc result is not empty call back
05-30 17:39:58.592 E/ccc ( 2614): cccccc 666666666666666
05-30 17:39:58.593 W/eventbuscore( 1482): post Event:com.dangbei.leard.base.entity.event.NetWifiRssiEvent
05-30 17:39:58.607 E/ccc ( 2614): cccccc sort 2 52
05-30 17:39:59.035 W/BatteryExternalStatsWorker( 692): error reading Bluetooth stats: 11
05-30 17:39:59.219 I/WifiHAL ( 500): call wifi_get_link_stats handler
05-30 17:39:59.219 I/WifiHAL ( 500): Creating message to get link statistics; iface = 16
05-30 17:39:59.219 D/WifiHAL ( 500): error code -95 mapped to -3
05-30 17:39:59.219 E/WifiStaIfaceAidlImpl( 692): getLinkLayerStats failed with service-specific exception: android.os.ServiceSpecificException: (code 4)
05-30 17:39:59.355 I/ThermalService( 999): CPU temperatures: [50.500004]
05-30 17:40:01.357 I/ThermalService( 999): CPU temperatures: [50.800003]
05-30 17:40:01.458 D/TrafficStats( 2908): tagSocket(129) with statsTag=0xffffffff, statsUid=-1
05-30 17:40:02.013 D/TrafficStats( 2908): tagSocket(129) with statsTag=0xffffffff, statsUid=-1
05-30 17:40:02.224 I/WifiHAL ( 500): call wifi_get_link_stats handler
05-30 17:40:02.224 I/WifiHAL ( 500): Creating message to get link statistics; iface = 16
05-30 17:40:02.224 D/WifiHAL ( 500): error code -95 mapped to -3
05-30 17:40:02.225 E/WifiStaIfaceAidlImpl( 692): getLinkLayerStats failed with service-specific exception: android.os.ServiceSpecificException: (code 4)
05-30 17:40:02.298 I/efs.base( 2908): wa upload succ, HttpResponse {succ=true, code=200, data='暂不支持该服务', extra={req_url=https://errlog.umeng.com/api/crashsdk/logcollect}}
05-30 17:40:03.242 D/nStackXCoAP( 3012): IsInSameNetwork:[276] :IsInSameNetwork exec
05-30 17:40:03.242 I/nStackXDFinder( 3012): GetLocalInterfaceDetail:[461] :GetLocalInterfaceDetail in
05-30 17:40:03.242 E/nStackXCoAP( 3012): IsInSameNetwork:[281] :IsInSameNetwork: not priority process
05-30 17:40:03.242 D/nStackXCoAP( 3012): ParseServiceDiscover:[330] :new device join
05-30 17:40:03.242 I/nStackXDFinder( 3012): NotifyDeviceListChanged:[540] :notify callback: device list changed callback is null
05-30 17:40:03.242 E/nStackXDFinder( 3012): GetLocalIp:[401] :GetLocalIp exec
05-30 17:40:03.360 I/ThermalService( 999): CPU temperatures: [50.300003]
05-30 17:40:03.438 D/nStackXCoAP( 3012): IsInSameNetwork:[276] :IsInSameNetwork exec
05-30 17:40:03.438 I/nStackXDFinder( 3012): GetLocalInterfaceDetail:[461] :GetLocalInterfaceDetail in
05-30 17:40:03.438 E/nStackXCoAP( 3012): IsInSameNetwork:[281] :IsInSameNetwork: not priority process
05-30 17:40:03.438 D/nStackXCoAP( 3012): ParseServiceDiscover:[330] :new device join
05-30 17:40:03.438 E/nStackXDFinder( 3012): GetLocalIp:[401] :GetLocalIp exec
05-30 17:40:03.950 D/nStackXCoAP( 3012): IsInSameNetwork:[276] :IsInSameNetwork exec
05-30 17:40:03.950 I/nStackXDFinder( 3012): GetLocalInterfaceDetail:[461] :GetLocalInterfaceDetail in
05-30 17:40:03.950 E/nStackXCoAP( 3012): IsInSameNetwork:[281] :IsInSameNetwork: not priority process
05-30 17:40:03.950 D/nStackXCoAP( 3012): ParseServiceDiscover:[330] :new device join
05-30 17:40:03.950 E/nStackXDFinder( 3012): GetLocalIp:[401] :GetLocalIp exec
05-30 17:40:04.982 D/nStackXCoAP( 3012): IsInSameNetwork:[276] :IsInSameNetwork exec
05-30 17:40:04.982 I/nStackXDFinder( 3012): GetLocalInterfaceDetail:[461] :GetLocalInterfaceDetail in
05-30 17:40:04.982 E/nStackXCoAP( 3012): IsInSameNetwork:[281] :IsInSameNetwork: not priority process
05-30 17:40:04.982 D/nStackXCoAP( 3012): ParseServiceDiscover:[330] :new device join
05-30 17:40:04.982 E/nStackXDFinder( 3012): GetLocalIp:[401] :GetLocalIp exec
05-30 17:40:05.232 I/WifiHAL ( 500): call wifi_get_link_stats handler
05-30 17:40:05.232 I/WifiHAL ( 500): Creating message to get link statistics; iface = 16
05-30 17:40:05.232 D/WifiHAL ( 500): error code -95 mapped to -3
05-30 17:40:05.232 E/WifiStaIfaceAidlImpl( 692): getLinkLayerStats failed with service-specific exception: android.os.ServiceSpecificException: (code 4)
05-30 17:40:05.364 I/ThermalService( 999): CPU temperatures: [50.600002]
05-30 17:40:06.511 D/nStackXCoAP( 3012): IsInSameNetwork:[276] :IsInSameNetwork exec
05-30 17:40:06.511 I/nStackXDFinder( 3012): GetLocalInterfaceDetail:[461] :GetLocalInterfaceDetail in
05-30 17:40:06.511 E/nStackXCoAP( 3012): IsInSameNetwork:[281] :IsInSameNetwork: not priority process
05-30 17:40:06.511 D/nStackXCoAP( 3012): ParseServiceDiscover:[330] :new device join
05-30 17:40:06.511 E/nStackXDFinder( 3012): GetLocalIp:[401] :GetLocalIp exec
05-30 17:40:07.367 I/ThermalService( 999): CPU temperatures: [50.7]
05-30 17:40:08.236 I/WifiHAL ( 500): call wifi_get_link_stats handler
05-30 17:40:08.236 I/WifiHAL ( 500): Creating message to get link statistics; iface = 16
05-30 17:40:08.236 D/WifiHAL ( 500): error code -95 mapped to -3
05-30 17:40:08.237 E/WifiStaIfaceAidlImpl( 692): getLinkLayerStats failed with service-specific exception: android.os.ServiceSpecificException: (code 4)
05-30 17:40:09.369 I/ThermalService( 999): CPU temperatures: [50.4]
05-30 17:40:10.870 D/TrafficStats( 2908): tagSocket(129) with statsTag=0xffffffff, statsUid=-1
05-30 17:40:11.244 I/WifiHAL ( 500): call wifi_get_link_stats handler
05-30 17:40:11.244 I/WifiHAL ( 500): Creating message to get link statistics; iface = 16
05-30 17:40:11.244 D/WifiHAL ( 500): error code -95 mapped to -3
05-30 17:40:11.245 E/WifiStaIfaceAidlImpl( 692): getLinkLayerStats failed with service-specific exception: android.os.ServiceSpecificException: (code 4)
05-30 17:40:11.372 I/ThermalService( 999): CPU temperatures: [50.4]
05-30 17:40:11.597 D/TrafficStats( 2908): tagSocket(129) with statsTag=0xffffffff, statsUid=-1
05-30 17:40:12.335 D/TrafficStats( 2908): tagSocket(129) with statsTag=0xffffffff, statsUid=-1
05-30 17:40:12.605 I/efs.base( 2908): wa upload succ, HttpResponse {succ=true, code=200, data='暂不支持该服务', extra={req_url=https://errlog.umeng.com/api/crashsdk/logcollect}}
05-30 17:40:13.379 I/ThermalService( 999): CPU temperatures: [50.7]
05-30 17:40:14.252 I/WifiHAL ( 500): call wifi_get_link_stats handler
05-30 17:40:14.252 I/WifiHAL ( 500): Creating message to get link statistics; iface = 16
05-30 17:40:14.252 D/WifiHAL ( 500): error code -95 mapped to -3
05-30 17:40:14.253 E/WifiStaIfaceAidlImpl( 692): getLinkLayerStats failed with service-specific exception: android.os.ServiceSpecificException: (code 4)
05-30 17:40:15.382 I/ThermalService( 999): CPU temperatures: [50.300003]