05-30 14:03:23.146 D/SystemServerTiming( 692): OnBootPhase_550_com.android.server.timedetector.TimeDetectorService$Lifecycle
05-30 14:03:23.146 D/SystemServerTiming( 692): OnBootPhase_550_com.android.server.location.LocationManagerService$Lifecycle
05-30 14:03:23.146 D/SystemServerTiming( 692): OnBootPhase_550_com.android.server.timezonedetector.TimeZoneDetectorService$Lifecycle
05-30 14:03:23.146 D/SystemServerTiming( 692): OnBootPhase_550_com.android.server.location.altitude.AltitudeService$Lifecycle
05-30 14:03:23.146 D/SystemServerTiming( 692): OnBootPhase_550_com.android.server.timezonedetector.location.LocationTimeZoneManagerService$Lifecycle
05-30 14:03:23.146 D/SystemServerTiming( 692): OnBootPhase_550_com.android.server.search.SearchManagerService$Lifecycle
05-30 14:03:23.146 D/SystemServerTiming( 692): OnBootPhase_550_com.android.server.wallpaper.WallpaperManagerService$Lifecycle
05-30 14:03:23.147 V/WallpaperManagerService( 692): bindWallpaperComponentLocked: componentName=ComponentInfo{com.android.systemui/com.android.systemui.wallpapers.ImageWallpaper}
05-30 14:03:23.147 D/WallpaperManagerService( 692): WPMS.bindWallpaperComponentLocked-ComponentInfo{com.android.systemui/com.android.systemui.wallpapers.ImageWallpaper}
05-30 14:03:23.155 D/CompatibilityChangeReporter( 692): Compat change id reported: 135634846; UID 10052; state: DISABLED
05-30 14:03:23.156 D/CompatibilityChangeReporter( 692): Compat change id reported: 177438394; UID 10052; state: DISABLED
05-30 14:03:23.156 D/CompatibilityChangeReporter( 692): Compat change id reported: 135772972; UID 10052; state: DISABLED
05-30 14:03:23.156 D/CompatibilityChangeReporter( 692): Compat change id reported: 135754954; UID 10052; state: ENABLED
05-30 14:03:23.158 D/CompatibilityChangeReporter( 692): Compat change id reported: 143937733; UID 10052; state: ENABLED
05-30 14:03:23.160 I/WallpaperDataParser( 692): No static wallpaper imagery; defaults will be shown
05-30 14:03:23.164 D/WallpaperCropper( 692): WPMS.generateCrop
05-30 14:03:23.165 W/WallpaperCropper( 692): Invalid wallpaper data
05-30 14:03:23.165 E/WallpaperCropper( 692): Unable to apply new wallpaper
05-30 14:03:23.168 D/SystemServerTiming( 692): OnBootPhase_550_com.android.server.wallpapereffectsgeneration.WallpaperEffectsGenerationManagerService
05-30 14:03:23.168 D/SystemServerTiming( 692): OnBootPhase_550_com.android.server.audio.AudioService$Lifecycle
05-30 14:03:23.168 D/SystemServerTiming( 692): OnBootPhase_550_com.android.server.soundtrigger_middleware.SoundTriggerMiddlewareService$Lifecycle
05-30 14:03:23.168 D/SystemServerTiming( 692): OnBootPhase_550_com.android.server.adb.AdbService$Lifecycle
05-30 14:03:23.169 D/SystemServerTiming( 692): OnBootPhase_550_com.android.server.usb.UsbService$Lifecycle
05-30 14:03:23.169 D/SystemServerTiming( 692): OnBootPhase_550_com.android.server.twilight.TwilightService
05-30 14:03:23.169 D/SystemServerTiming( 692): OnBootPhase_550_com.android.server.display.color.ColorDisplayService
05-30 14:03:23.169 D/SystemServerTiming( 692): OnBootPhase_550_com.android.server.job.JobSchedulerService
05-30 14:03:23.169 D/SystemServerTiming( 692): OnBootPhase_550_com.android.server.soundtrigger.SoundTriggerService
05-30 14:03:23.169 D/SoundTriggerService( 692): onBootPhase: 550 : false
05-30 14:03:23.170 D/SystemServerTimingAsync( 692): InitThreadPoolExec:UsbService$Lifecycle#onBootPhase
05-30 14:03:23.173 D/SystemServerTiming( 692): OnBootPhase_550_com.android.server.trust.TrustManagerService
05-30 14:03:23.173 D/SystemServerTiming( 692): OnBootPhase_550_com.android.server.backup.BackupManagerService$Lifecycle
05-30 14:03:23.173 D/SystemServerTiming( 692): OnBootPhase_550_com.android.server.appwidget.AppWidgetService
05-30 14:03:23.173 D/SystemServerTiming( 692): OnBootPhase_550_com.android.server.voiceinteraction.VoiceInteractionManagerService
05-30 14:03:23.173 D/SystemServerTiming( 692): OnBootPhase_550_com.android.server.GestureLauncherService
05-30 14:03:23.173 D/SystemServerTiming( 692): OnBootPhase_550_com.android.server.SensorNotificationService
05-30 14:03:23.173 D/SystemServerTiming( 692): OnBootPhase_550_com.android.server.emergency.EmergencyAffordanceService
05-30 14:03:23.173 D/SystemServerTiming( 692): OnBootPhase_550_com.android.server.blob.BlobStoreManagerService
05-30 14:03:23.175 D/SystemServerTiming( 692): OnBootPhase_550_com.android.server.dreams.DreamManagerService
05-30 14:03:23.175 D/SystemServerTiming( 692): OnBootPhase_550_com.android.server.security.AttestationVerificationManagerService
05-30 14:03:23.175 D/SystemServerTiming( 692): OnBootPhase_550_com.android.server.restrictions.RestrictionsManagerService
05-30 14:03:23.175 D/SystemServerTiming( 692): OnBootPhase_550_com.android.server.media.MediaSessionService
05-30 14:03:23.179 I/UsbPortManager( 692): all: opID:1 successful
05-30 14:03:23.183 D/UsbHostManager( 692): USB device attached: vidpid 2a7a:9597 mfg/product/ver/serial null/CASUE USB KB/0.01/null hasAudio/HID/Storage: false/true/false
05-30 14:03:23.184 D/SystemServerTiming( 692): OnBootPhase_550_com.android.server.hdmi.HdmiControlService
05-30 14:03:23.184 D/SystemServerTiming( 692): OnBootPhase_550_com.android.server.tv.interactive.TvInteractiveAppManagerService
05-30 14:03:23.184 D/SystemServerTiming( 692): OnBootPhase_550_com.android.server.tv.TvInputManagerService
05-30 14:03:23.184 D/SystemServerTiming( 692): OnBootPhase_550_com.android.server.media.MediaResourceMonitorService
05-30 14:03:23.184 D/SystemServerTiming( 692): OnBootPhase_550_com.android.server.tv.TvRemoteService
05-30 14:03:23.184 D/SystemServerTiming( 692): OnBootPhase_550_com.android.server.biometrics.BiometricService
05-30 14:03:23.184 D/SystemServerTiming( 692): OnBootPhase_550_com.android.server.biometrics.AuthService
05-30 14:03:23.184 D/SystemServerTiming( 692): OnBootPhase_550_com.android.server.pm.ShortcutService$Lifecycle
05-30 14:03:23.184 D/SystemServerTiming( 692): OnBootPhase_550_com.android.server.pm.LauncherAppsService
05-30 14:03:23.184 D/SystemServerTiming( 692): OnBootPhase_550_com.android.server.pm.CrossProfileAppsService
05-30 14:03:23.184 D/SystemServerTiming( 692): OnBootPhase_550_com.android.server.people.PeopleService
05-30 14:03:23.184 D/SystemServerTiming( 692): OnBootPhase_550_com.android.server.media.metrics.MediaMetricsManagerService
05-30 14:03:23.184 D/SystemServerTiming( 692): OnBootPhase_550_com.android.server.pm.BackgroundInstallControlService
05-30 14:03:23.184 D/SystemServerTiming( 692): OnBootPhase_550_com.android.server.media.projection.MediaProjectionManagerService
05-30 14:03:23.184 D/SystemServerTiming( 692): OnBootPhase_550_com.android.server.slice.SliceManagerService$Lifecycle
05-30 14:03:23.184 D/SystemServerTiming( 692): OnBootPhase_550_com.android.server.stats.StatsCompanion$Lifecycle
05-30 14:03:23.184 D/SystemServerTiming( 692): OnBootPhase_550_com.android.server.scheduling.RebootReadinessManagerService$Lifecycle
05-30 14:03:23.184 D/SystemServerTiming( 692): OnBootPhase_550_com.android.server.stats.pull.StatsPullAtomService
05-30 14:03:23.184 D/SystemServerTiming( 692): OnBootPhase_550_com.android.server.stats.bootstrap.StatsBootstrapAtomService$Lifecycle
05-30 14:03:23.184 D/SystemServerTiming( 692): OnBootPhase_550_com.android.server.incident.IncidentCompanionService
05-30 14:03:23.184 D/SystemServerTiming( 692): OnBootPhase_550_com.android.server.sdksandbox.SdkSandboxManagerService$Lifecycle
05-30 14:03:23.184 D/SystemServerTiming( 692): OnBootPhase_550_com.android.server.adservices.AdServicesManagerService$Lifecycle
05-30 14:03:23.184 D/SystemServerTiming( 692): OnBootPhase_550_com.android.server.ondevicepersonalization.OnDevicePersonalizationSystemService$Lifecycle
05-30 14:03:23.184 D/SystemServerTiming( 692): OnBootPhase_550_com.android.server.autofill.AutofillManagerService
05-30 14:03:23.184 D/SystemServerTiming( 692): OnBootPhase_550_com.android.server.clipboard.ClipboardService
05-30 14:03:23.184 D/SystemServerTiming( 692): OnBootPhase_550_com.android.server.appbinding.AppBindingService$Lifecycle
05-30 14:03:23.187 I/ActivityManager( 692): Start proc 991:com.android.systemui/u0a52 for service {com.android.systemui/com.android.systemui.wallpapers.ImageWallpaper}
05-30 14:03:23.189 D/UsbHostManager( 692): Added device UsbDevice[mName=/dev/bus/usb/003/002,mVendorId=10874,mProductId=38295,mClass=0,mSubclass=0,mProtocol=0,mManufacturerName=null,mProductName=CASUE USB KB,mVersion=0.01,mSerialNumberReader=com.android.server.usb.UsbSerialReader@e531098, mHasAudioPlayback=false, mHasAudioCapture=false, mHasMidi=false, mHasVideoCapture=false, mHasVideoPlayback=false, mConfigurations=[
05-30 14:03:23.189 D/UsbHostManager( 692): UsbConfiguration[mId=1,mName=null,mAttributes=160,mMaxPower=50,mInterfaces=[
05-30 14:03:23.189 D/UsbHostManager( 692): UsbInterface[mId=0,mAlternateSetting=0,mName=null,mClass=3,mSubclass=1,mProtocol=1,mEndpoints=[
05-30 14:03:23.189 D/UsbHostManager( 692): UsbEndpoint[mAddress=129,mAttributes=3,mMaxPacketSize=8,mInterval=10]]
05-30 14:03:23.189 D/UsbHostManager( 692): UsbInterface[mId=1,mAlternateSetting=0,mName=null,mClass=3,mSubclass=0,mProtocol=0,mEndpoints=[
05-30 14:03:23.189 D/UsbHostManager( 692): UsbEndpoint[mAddress=130,mAttributes=3,mMaxPacketSize=4,mInterval=10]]]]
05-30 14:03:23.192 I/ActivityManager( 692): com.droidlogic is exempt from freezer
05-30 14:03:23.193 D/CompatibilityChangeReporter( 692): Compat change id reported: 135634846; UID 1000; state: DISABLED
05-30 14:03:23.196 I/AppBindingService( 692): Updating constants with: null
05-30 14:03:23.196 D/SystemServerTiming( 692): OnBootPhase_550_com.android.server.tracing.TracingServiceProxy
05-30 14:03:23.196 D/SystemServerTiming( 692): OnBootPhase_550_com.android.server.policy.PermissionPolicyService
05-30 14:03:23.196 D/SystemServerTiming( 692): Permission_grant_default_permissions-0
05-30 14:03:23.196 D/SystemServerTiming( 692): Permission_synchronize_permissions-0
05-30 14:03:23.197 D/SystemServerTiming( 692): Permission_synchronize_addPackages-0
05-30 14:03:23.202 D/HDMI ( 692): Process pid:692 is calling addHotplugEventListener
05-30 14:03:23.203 W/BroadcastLoopers( 692): Found previously unknown looper Thread[AudioDeviceBroker,5,main]
05-30 14:03:23.205 I/ActivityManager( 692): Start proc 999:com.droidlogic/1000 for broadcast {com.droidlogic/com.droidlogic.UsbCameraReceiver}
05-30 14:03:23.221 E/UsbAlsaManager( 692): usbDeviceAdded(): cannot find sound card for /dev/bus/usb/003/002
05-30 14:03:23.231 D/GameManagerService( 692): User ID '0' does not have a Game Mode selected for package: 'com.android.systemui'
05-30 14:03:23.232 D/CompatibilityChangeReporter( 692): Compat change id reported: 168419799; UID 10052; state: DISABLED
05-30 14:03:23.232 D/CompatibilityChangeReporter( 692): Compat change id reported: 273564678; UID 10052; state: DISABLED
05-30 14:03:23.248 D/CompatibilityChangeReporter( 692): Compat change id reported: 265195908; UID 10052; state: ENABLED
05-30 14:03:23.256 D/SystemServerTiming( 692): Permission_syncPackages-0
05-30 14:03:23.259 D/SystemServerTiming( 692): Permission_onInitialized-0
05-30 14:03:23.260 I/PermissionManager( 692): Permission ownership changed. Updating all permissions.
05-30 14:03:23.263 W/PermissionManager( 692): Package com.android.adservices.api is an APK in APEX, but has permission allowlist on the system image. Please bundle the allowlist in the com.android.adservices APEX instead.
05-30 14:03:23.269 D/CompatibilityChangeReporter( 692): Compat change id reported: 170503758; UID 10052; state: ENABLED
05-30 14:03:23.285 D/GameManagerService( 692): User ID '0' does not have a Game Mode selected for package: 'com.droidlogic'
05-30 14:03:23.287 D/CompatibilityChangeReporter( 692): Compat change id reported: 168419799; UID 1000; state: DISABLED
05-30 14:03:23.289 D/CompatibilityChangeReporter( 692): Compat change id reported: 273564678; UID 1000; state: DISABLED
05-30 14:03:23.334 D/AudioService( 692): No vibrator found
05-30 14:03:23.341 W/PermissionManager( 692): Package com.android.providers.media.module is an APK in APEX, but has permission allowlist on the system image. Please bundle the allowlist in the com.android.mediaprovider APEX instead.
05-30 14:03:23.341 W/PermissionManager( 692): Package com.android.providers.media.module is an APK in APEX, but has permission allowlist on the system image. Please bundle the allowlist in the com.android.mediaprovider APEX instead.
05-30 14:03:23.341 W/PermissionManager( 692): Package com.android.providers.media.module is an APK in APEX, but has permission allowlist on the system image. Please bundle the allowlist in the com.android.mediaprovider APEX instead.
05-30 14:03:23.341 W/PermissionManager( 692): Package com.android.providers.media.module is an APK in APEX, but has permission allowlist on the system image. Please bundle the allowlist in the com.android.mediaprovider APEX instead.
05-30 14:03:23.342 W/PermissionManager( 692): Package com.android.providers.media.module is an APK in APEX, but has permission allowlist on the system image. Please bundle the allowlist in the com.android.mediaprovider APEX instead.
05-30 14:03:23.342 W/PermissionManager( 692): Package com.android.providers.media.module is an APK in APEX, but has permission allowlist on the system image. Please bundle the allowlist in the com.android.mediaprovider APEX instead.
05-30 14:03:23.342 W/PermissionManager( 692): Package com.android.providers.media.module is an APK in APEX, but has permission allowlist on the system image. Please bundle the allowlist in the com.android.mediaprovider APEX instead.
05-30 14:03:23.342 W/PermissionManager( 692): Package com.android.providers.media.module is an APK in APEX, but has permission allowlist on the system image. Please bundle the allowlist in the com.android.mediaprovider APEX instead.
05-30 14:03:23.342 W/PermissionManager( 692): Package com.android.providers.media.module is an APK in APEX, but has permission allowlist on the system image. Please bundle the allowlist in the com.android.mediaprovider APEX instead.
05-30 14:03:23.342 W/PermissionManager( 692): Package com.android.providers.media.module is an APK in APEX, but has permission allowlist on the system image. Please bundle the allowlist in the com.android.mediaprovider APEX instead.
05-30 14:03:23.342 W/PermissionManager( 692): Package com.android.providers.media.module is an APK in APEX, but has permission allowlist on the system image. Please bundle the allowlist in the com.android.mediaprovider APEX instead.
05-30 14:03:23.342 W/PermissionManager( 692): Package com.android.providers.media.module is an APK in APEX, but has permission allowlist on the system image. Please bundle the allowlist in the com.android.mediaprovider APEX instead.
05-30 14:03:23.342 W/PermissionManager( 692): Package com.android.providers.media.module is an APK in APEX, but has permission allowlist on the system image. Please bundle the allowlist in the com.android.mediaprovider APEX instead.
05-30 14:03:23.356 W/SystemServiceManager( 692): Service com.android.server.policy.PermissionPolicyService took 160 ms in onBootPhase
05-30 14:03:23.356 D/SystemServerTiming( 692): OnBootPhase_550_com.android.server.pm.StagingManager$Lifecycle
05-30 14:03:23.356 D/SystemServerTiming( 692): OnBootPhase_550_com.android.server.app.GameManagerService$Lifecycle
05-30 14:03:23.356 D/SystemServerTiming( 692): OnBootPhase_550_com.android.safetycenter.SafetyCenterService
05-30 14:03:23.356 D/SystemServerTiming( 692): OnBootPhase_550_com.android.server.appsearch.AppSearchModule$Lifecycle
05-30 14:03:23.356 D/SystemServerTiming( 692): OnBootPhase_550_com.android.server.media.MediaCommunicationService
05-30 14:03:23.356 D/SystemServerTiming( 692): OnBootPhase_550_com.android.server.compat.overrides.AppCompatOverridesService$Lifecycle
05-30 14:03:23.356 D/SystemServerTiming( 692): OnBootPhase_550_com.android.server.healthconnect.HealthConnectManagerService
05-30 14:03:23.356 D/SystemServerTiming( 692): OnBootPhase_550_com.android.server.devicelock.DeviceLockService
05-30 14:03:23.366 D/DeviceLockService( 692): onBootPhase: 550
05-30 14:03:23.366 D/SystemServerTiming( 692): StartObservingNativeCrashes
05-30 14:03:23.366 D/SystemServerTiming( 692): RegisterAppOpsPolicy
05-30 14:03:23.416 D/SystemServerTiming( 692): MakeNetworkManagementServiceReady
05-30 14:03:23.417 D/SystemServerTimingAsync( 692): InitThreadPoolExec:WebViewFactoryPreparation
05-30 14:03:23.417 I/SystemServer( 692): WebViewFactoryPreparation
05-30 14:03:23.417 D/SystemServerTimingAsync( 692): WebViewFactoryPreparation
05-30 14:03:23.424 I/ActivityManager( 692): android is exempt from freezer
05-30 14:03:23.431 D/CompatibilityChangeReporter( 692): Compat change id reported: 135634846; UID 1000; state: DISABLED
05-30 14:03:23.434 D/CompatibilityChangeReporter( 692): Compat change id reported: 177438394; UID 1000; state: DISABLED
05-30 14:03:23.436 D/CompatibilityChangeReporter( 692): Compat change id reported: 135772972; UID 1000; state: DISABLED
05-30 14:03:23.438 D/CompatibilityChangeReporter( 692): Compat change id reported: 178038272; UID 1000; state: DISABLED
05-30 14:03:23.458 I/ActivityManager( 692): Start proc 1028:WebViewLoader-armeabi-v7a/1037 [android.webkit.WebViewLibraryLoader$RelroFileCreator] for
05-30 14:03:23.458 D/SystemServerTiming( 692): MakeConnectivityServiceReady
05-30 14:03:23.460 W/BatteryExternalStatsWorker( 692): error reading modem stats:ERROR_PHONE_NOT_AVAILABLE
05-30 14:03:23.512 W/NetworkPolicy( 692): setRestrictBackgroundUL: already false
05-30 14:03:23.525 I/keystore2( 278): system/security/keystore2/src/watchdog.rs:319 - Watchdog thread idle -> terminating. Have a great day.
05-30 14:03:23.529 D/GameManagerService( 692): User ID '0' does not have a Game Mode selected for package: 'android'
05-30 14:03:23.529 D/CompatibilityChangeReporter( 692): Compat change id reported: 168419799; UID 1000; state: DISABLED
05-30 14:03:23.530 D/CompatibilityChangeReporter( 692): Compat change id reported: 273564678; UID 1000; state: DISABLED
05-30 14:03:23.535 D/SystemServerTiming( 692): MakeVpnManagerServiceReady
05-30 14:03:23.560 D/SystemServerTiming( 692): MakeVcnManagementServiceReady
05-30 14:03:23.589 W/BroadcastLoopers( 692): Found previously unknown looper Thread[NetworkStats,5,main]
05-30 14:03:23.595 D/SystemServerTiming( 692): MakeNetworkPolicyServiceReady
05-30 14:03:23.607 D/SystemServerTiming( 692): PhaseThirdPartyAppsCanStart
05-30 14:03:23.607 I/SystemServiceManager( 692): Starting phase 600
05-30 14:03:23.607 D/SystemServerTiming( 692): OnBootPhase_600
05-30 14:03:23.607 W/PackageManager( 692): Invalid dex load report. loadingPackageName=null, uid=1037
05-30 14:03:23.609 D/SystemServerTiming( 692): OnBootPhase_600_com.android.server.security.FileIntegrityService
05-30 14:03:23.609 D/SystemServerTiming( 692): OnBootPhase_600_com.android.server.pm.Installer
05-30 14:03:23.609 D/SystemServerTiming( 692): OnBootPhase_600_com.android.server.os.DeviceIdentifiersPolicyService
05-30 14:03:23.609 D/SystemServerTiming( 692): OnBootPhase_600_com.android.server.flags.FeatureFlagsService
05-30 14:03:23.609 D/SystemServerTiming( 692): OnBootPhase_600_com.android.server.uri.UriGrantsManagerService$Lifecycle
05-30 14:03:23.609 D/SystemServerTiming( 692): OnBootPhase_600_com.android.server.powerstats.PowerStatsService
05-30 14:03:23.609 D/SystemServerTiming( 692): OnBootPhase_600_com.android.server.permission.access.AccessCheckingService
05-30 14:03:23.609 D/SystemServerTiming( 692): OnBootPhase_600_com.android.server.wm.ActivityTaskManagerService$Lifecycle
05-30 14:03:23.609 D/SystemServerTiming( 692): OnBootPhase_600_com.android.server.am.ActivityManagerService$Lifecycle
05-30 14:03:23.611 I/ExplicitHealthCheckController( 692): Explicit health checks enabled.
05-30 14:03:23.615 I/PackageWatchdog( 692): Syncing state, reason: health check state enabled
05-30 14:03:23.615 I/PackageWatchdog( 692): Not pruning observers, elapsed time: 0ms
05-30 14:03:23.615 I/PackageWatchdog( 692): Cancelling state sync, nothing to sync
05-30 14:03:23.615 I/PackageWatchdog( 692): Saving observer state to file
05-30 14:03:23.626 D/SystemServerTiming( 692): OnBootPhase_600_com.android.server.pm.DataLoaderManagerService
05-30 14:03:23.626 D/SystemServerTiming( 692): OnBootPhase_600_com.android.server.power.PowerManagerService
05-30 14:03:23.627 D/SystemServerTiming( 692): OnBootPhase_600_com.android.server.power.ThermalManagerService
05-30 14:03:23.627 D/SystemServerTiming( 692): OnBootPhase_600_com.android.server.power.hint.HintManagerService
05-30 14:03:23.627 D/SystemServerTiming( 692): OnBootPhase_600_com.android.server.recoverysystem.RecoverySystemService$Lifecycle
05-30 14:03:23.628 D/SystemServerTiming( 692): OnBootPhase_600_com.android.server.lights.LightsService
05-30 14:03:23.628 D/SystemServerTiming( 692): OnBootPhase_600_com.android.server.display.DisplayManagerService
05-30 14:03:23.628 D/SystemServerTiming( 692): OnBootPhase_600_com.android.server.pm.verify.domain.DomainVerificationService
05-30 14:03:23.628 D/SystemServerTiming( 692): OnBootPhase_600_com.android.server.pm.PackageInstallerService$Lifecycle
05-30 14:03:23.628 D/SystemServerTiming( 692): OnBootPhase_600_com.android.server.pm.UserManagerService$LifeCycle
05-30 14:03:23.628 D/SystemServerTiming( 692): OnBootPhase_600_com.android.server.om.OverlayManagerService
05-30 14:03:23.628 D/SystemServerTiming( 692): OnBootPhase_600_com.android.server.resources.ResourcesManagerService
05-30 14:03:23.628 D/SystemServerTiming( 692): OnBootPhase_600_com.android.server.sensorprivacy.SensorPrivacyService
05-30 14:03:23.628 D/SystemServerTiming( 692): OnBootPhase_600_com.android.server.sensors.SensorService
05-30 14:03:23.628 D/SystemServerTiming( 692): OnBootPhase_600_com.android.server.SystemConfigService
05-30 14:03:23.628 D/SystemServerTiming( 692): OnBootPhase_600_com.android.server.BatteryService
05-30 14:03:23.628 D/SystemServerTiming( 692): OnBootPhase_600_com.android.server.usage.UsageStatsService
05-30 14:03:23.628 D/SystemServerTiming( 692): OnBootPhase_600_com.android.server.webkit.WebViewUpdateService
05-30 14:03:23.628 D/SystemServerTiming( 692): OnBootPhase_600_com.android.server.CachedDeviceStateService
05-30 14:03:23.628 D/SystemServerTiming( 692): OnBootPhase_600_com.android.server.BinderCallsStatsService$LifeCycle
05-30 14:03:23.628 D/SystemServerTiming( 692): OnBootPhase_600_com.android.server.LooperStatsService$Lifecycle
05-30 14:03:23.629 D/SystemServerTiming( 692): OnBootPhase_600_com.android.server.rollback.RollbackManagerService
05-30 14:03:23.629 D/SystemServerTiming( 692): OnBootPhase_600_com.android.server.os.NativeTombstoneManagerService
05-30 14:03:23.629 D/SystemServerTiming( 692): OnBootPhase_600_com.android.server.os.BugreportManagerService
05-30 14:03:23.629 D/SystemServerTiming( 692): OnBootPhase_600_com.android.server.gpu.GpuService
05-30 14:03:23.629 D/SystemServerTiming( 692): OnBootPhase_600_com.android.server.security.rkp.RemoteProvisioningService
05-30 14:03:23.629 D/SystemServerTiming( 692): OnBootPhase_600_com.android.server.security.KeyChainSystemService
05-30 14:03:23.629 D/SystemServerTiming( 692): OnBootPhase_600_com.android.server.BinaryTransparencyService
05-30 14:03:23.629 D/SystemServerTiming( 692): OnBootPhase_600_com.android.server.accounts.AccountManagerService$Lifecycle
05-30 14:03:23.629 D/SystemServerTiming( 692): OnBootPhase_600_com.android.server.content.ContentService$Lifecycle
05-30 14:03:23.629 D/SystemServerTiming( 692): OnBootPhase_600_com.android.server.deviceconfig.DeviceConfigInit$Lifecycle
05-30 14:03:23.629 D/SystemServerTiming( 692): OnBootPhase_600_com.android.server.DropBoxManagerService
05-30 14:03:23.629 D/SystemServerTiming( 692): OnBootPhase_600_com.android.role.RoleService
05-30 14:03:23.629 D/SystemServerTiming( 692): OnBootPhase_600_com.android.server.vibrator.VibratorManagerService$Lifecycle
05-30 14:03:23.629 D/SystemServerTiming( 692): OnBootPhase_600_com.android.server.tare.InternalResourceService
05-30 14:03:23.629 D/SystemServerTiming( 692): OnBootPhase_600_com.android.server.alarm.AlarmManagerService
05-30 14:03:23.629 D/SystemServerTiming( 692): OnBootPhase_600_com.android.server.devicestate.DeviceStateManagerService
05-30 14:03:23.629 D/SystemServerTiming( 692): OnBootPhase_600_com.android.server.camera.CameraServiceProxy
05-30 14:03:23.629 D/SystemServerTiming( 692): OnBootPhase_600_com.android.server.bluetooth.BluetoothService
05-30 14:03:23.629 D/SystemServerTiming( 692): OnBootPhase_600_com.android.server.connectivity.IpConnectivityMetrics
05-30 14:03:23.629 D/SystemServerTiming( 692): OnBootPhase_600_com.android.server.net.watchlist.NetworkWatchlistService$Lifecycle
05-30 14:03:23.629 D/SystemServerTiming( 692): OnBootPhase_600_com.android.server.PinnerService
05-30 14:03:23.629 D/SystemServerTiming( 692): OnBootPhase_600_com.android.server.integrity.AppIntegrityManagerService
05-30 14:03:23.629 D/SystemServerTiming( 692): OnBootPhase_600_com.android.server.logcat.LogcatManagerService
05-30 14:03:23.629 D/SystemServerTiming( 692): OnBootPhase_600_com.android.server.inputmethod.InputMethodManagerService$Lifecycle
05-30 14:03:23.629 D/SystemServerTiming( 692): OnBootPhase_600_com.android.server.accessibility.AccessibilityManagerService$Lifecycle
05-30 14:03:23.630 D/SystemServerTiming( 692): OnBootPhase_600_com.android.server.StorageManagerService$Lifecycle
05-30 14:03:23.630 D/SystemServerTiming( 692): OnBootPhase_600_com.android.server.usage.StorageStatsService$Lifecycle
05-30 14:03:23.630 D/SystemServerTiming( 692): OnBootPhase_600_com.android.server.UiModeManagerService
05-30 14:03:23.630 D/SystemServerTiming( 692): OnBootPhase_600_com.android.server.locales.LocaleManagerService
05-30 14:03:23.630 D/SystemServerTiming( 692): OnBootPhase_600_com.android.server.grammaticalinflection.GrammaticalInflectionService
05-30 14:03:23.630 D/SystemServerTiming( 692): OnBootPhase_600_com.android.server.apphibernation.AppHibernationService
05-30 14:03:23.630 D/SystemServerTiming( 692): OnBootPhase_600_com.android.server.locksettings.LockSettingsService$Lifecycle
05-30 14:03:23.630 D/SystemServerTiming( 692): OnBootPhase_600_com.android.server.PersistentDataBlockService
05-30 14:03:23.630 D/SystemServerTiming( 692): OnBootPhase_600_com.android.server.testharness.TestHarnessModeService
05-30 14:03:23.630 D/SystemServerTiming( 692): OnBootPhase_600_com.android.server.oemlock.OemLockService
05-30 14:03:23.630 D/SystemServerTiming( 692): OnBootPhase_600_com.android.server.DeviceIdleController
05-30 14:03:23.630 D/SystemServerTiming( 692): OnBootPhase_600_com.android.server.devicepolicy.DevicePolicyManagerService$Lifecycle
05-30 14:03:23.631 D/SystemServerTiming( 692): OnBootPhase_600_com.android.server.texttospeech.TextToSpeechManagerService
05-30 14:03:23.632 D/SystemServerTiming( 692): OnBootPhase_600_com.android.server.ambientcontext.AmbientContextManagerService
05-30 14:03:23.632 D/SystemServerTiming( 692): OnBootPhase_600_com.android.server.wearable.WearableSensingManagerService
05-30 14:03:23.632 D/SystemServerTiming( 692): OnBootPhase_600_com.android.server.speech.SpeechRecognitionManagerService
05-30 14:03:23.632 D/SystemServerTiming( 692): OnBootPhase_600_com.android.server.searchui.SearchUiManagerService
05-30 14:03:23.633 D/SystemServerTiming( 692): OnBootPhase_600_com.android.server.smartspace.SmartspaceManagerService
05-30 14:03:23.633 D/SystemServerTiming( 692): OnBootPhase_600_com.android.server.graphics.fonts.FontManagerService$Lifecycle
05-30 14:03:23.633 D/SystemServerTiming( 692): OnBootPhase_600_com.android.server.textservices.TextServicesManagerService$Lifecycle
05-30 14:03:23.633 D/SystemServerTiming( 692): OnBootPhase_600_com.android.server.textclassifier.TextClassificationManagerService$Lifecycle
05-30 14:03:23.633 D/SystemServerTiming( 692): OnBootPhase_600_com.android.server.NetworkScoreService$Lifecycle
05-30 14:03:23.633 D/SystemServerTiming( 692): OnBootPhase_600_com.android.server.NetworkStatsServiceInitializer
05-30 14:03:23.633 D/SystemServerTiming( 692): OnBootPhase_600_com.android.server.wifi.WifiService
05-30 14:03:23.633 D/SystemServerTiming( 692): OnBootPhase_600_com.android.server.wifi.scanner.WifiScanningService
05-30 14:03:23.633 D/SystemServerTiming( 692): OnBootPhase_600_com.android.server.wifi.p2p.WifiP2pService
05-30 14:03:23.633 D/SystemServerTiming( 692): OnBootPhase_600_com.android.server.ConnectivityServiceInitializer
05-30 14:03:23.637 D/SystemServerTiming( 692): OnBootPhase_600_com.android.server.notification.NotificationManagerService
05-30 14:03:23.642 D/SystemServerTiming( 692): OnBootPhase_600_com.android.server.storage.DeviceStorageMonitorService
05-30 14:03:23.642 D/SystemServerTiming( 692): OnBootPhase_600_com.android.server.timedetector.TimeDetectorService$Lifecycle
05-30 14:03:23.642 D/SystemServerTiming( 692): OnBootPhase_600_com.android.server.location.LocationManagerService$Lifecycle
05-30 14:03:23.653 D/CompatibilityChangeReporter( 692): Compat change id reported: 261072174; UID 1000; state: ENABLED
05-30 14:03:23.672 D/SystemServerTiming( 692): OnBootPhase_600_com.android.server.timezonedetector.TimeZoneDetectorService$Lifecycle
05-30 14:03:23.672 D/SystemServerTiming( 692): OnBootPhase_600_com.android.server.location.altitude.AltitudeService$Lifecycle
05-30 14:03:23.672 D/SystemServerTiming( 692): OnBootPhase_600_com.android.server.timezonedetector.location.LocationTimeZoneManagerService$Lifecycle
05-30 14:03:23.672 D/SystemServerTiming( 692): OnBootPhase_600_com.android.server.search.SearchManagerService$Lifecycle
05-30 14:03:23.672 D/SystemServerTiming( 692): OnBootPhase_600_com.android.server.wallpaper.WallpaperManagerService$Lifecycle
05-30 14:03:23.673 D/WallpaperManagerService( 692): Wallpaper_switch-user-0
05-30 14:03:23.673 V/WallpaperManagerService( 692): bindWallpaperComponentLocked: componentName=ComponentInfo{com.android.systemui/com.android.systemui.wallpapers.ImageWallpaper}
05-30 14:03:23.673 D/WallpaperManagerService( 692): WPMS.bindWallpaperComponentLocked-ComponentInfo{com.android.systemui/com.android.systemui.wallpapers.ImageWallpaper}
05-30 14:03:23.675 D/SystemServerTiming( 692): OnBootPhase_600_com.android.server.wallpapereffectsgeneration.WallpaperEffectsGenerationManagerService
05-30 14:03:23.676 D/SystemServerTiming( 692): OnBootPhase_600_com.android.server.audio.AudioService$Lifecycle
05-30 14:03:23.676 D/SystemServerTiming( 692): OnBootPhase_600_com.android.server.soundtrigger_middleware.SoundTriggerMiddlewareService$Lifecycle
05-30 14:03:23.676 D/SystemServerTiming( 692): OnBootPhase_600_com.android.server.adb.AdbService$Lifecycle
05-30 14:03:23.676 D/SystemServerTiming( 692): OnBootPhase_600_com.android.server.usb.UsbService$Lifecycle
05-30 14:03:23.676 D/SystemServerTiming( 692): OnBootPhase_600_com.android.server.twilight.TwilightService
05-30 14:03:23.676 D/SystemServerTiming( 692): OnBootPhase_600_com.android.server.display.color.ColorDisplayService
05-30 14:03:23.676 D/SystemServerTiming( 692): OnBootPhase_600_com.android.server.job.JobSchedulerService
05-30 14:03:23.681 D/SystemServerTiming( 692): OnBootPhase_600_com.android.server.soundtrigger.SoundTriggerService
05-30 14:03:23.682 D/SoundTriggerService( 692): onBootPhase: 600 : false
05-30 14:03:23.684 D/SystemServerTiming( 692): OnBootPhase_600_com.android.server.trust.TrustManagerService
05-30 14:03:23.688 I/keystore2( 278): system/security/keystore2/src/authorization.rs:143 - on_lock_screen_event(r#UNLOCK, user_id=0, password.is_some()=false, unlocking_sids=Some([]))
05-30 14:03:23.689 D/SystemServerTiming( 692): OnBootPhase_600_com.android.server.backup.BackupManagerService$Lifecycle
05-30 14:03:23.689 D/SystemServerTiming( 692): OnBootPhase_600_com.android.server.appwidget.AppWidgetService
05-30 14:03:23.689 D/SystemServerTiming( 692): OnBootPhase_600_com.android.server.voiceinteraction.VoiceInteractionManagerService
05-30 14:03:23.691 D/SystemServerTiming( 692): OnBootPhase_600_com.android.server.GestureLauncherService
05-30 14:03:23.693 D/SystemServerTiming( 692): OnBootPhase_600_com.android.server.SensorNotificationService
05-30 14:03:23.694 D/SystemServerTiming( 692): OnBootPhase_600_com.android.server.emergency.EmergencyAffordanceService
05-30 14:03:23.694 D/SystemServerTiming( 692): OnBootPhase_600_com.android.server.blob.BlobStoreManagerService
05-30 14:03:23.694 E/android.hardware.wifi-service.droidlogic( 500): get aml true wifi is aml_w2_s
05-30 14:03:23.697 D/SystemServerTiming( 692): OnBootPhase_600_com.android.server.dreams.DreamManagerService
05-30 14:03:23.701 D/SystemServerTiming( 692): OnBootPhase_600_com.android.server.security.AttestationVerificationManagerService
05-30 14:03:23.701 D/SystemServerTiming( 692): OnBootPhase_600_com.android.server.restrictions.RestrictionsManagerService
05-30 14:03:23.701 D/SystemServerTiming( 692): OnBootPhase_600_com.android.server.media.MediaSessionService
05-30 14:03:23.701 D/SystemServerTiming( 692): OnBootPhase_600_com.android.server.hdmi.HdmiControlService
05-30 14:03:23.701 D/SystemServerTiming( 692): OnBootPhase_600_com.android.server.tv.interactive.TvInteractiveAppManagerService
05-30 14:03:23.704 D/SystemServerTiming( 692): OnBootPhase_600_com.android.server.tv.TvInputManagerService
05-30 14:03:23.704 D/SystemServerTiming( 692): OnBootPhase_600_com.android.server.media.MediaResourceMonitorService
05-30 14:03:23.704 D/SystemServerTiming( 692): OnBootPhase_600_com.android.server.tv.TvRemoteService
05-30 14:03:23.705 D/SystemServerTiming( 692): OnBootPhase_600_com.android.server.biometrics.BiometricService
05-30 14:03:23.705 D/SystemServerTiming( 692): OnBootPhase_600_com.android.server.biometrics.AuthService
05-30 14:03:23.705 D/SystemServerTiming( 692): OnBootPhase_600_com.android.server.pm.ShortcutService$Lifecycle
05-30 14:03:23.705 D/SystemServerTiming( 692): OnBootPhase_600_com.android.server.pm.LauncherAppsService
05-30 14:03:23.705 D/SystemServerTiming( 692): OnBootPhase_600_com.android.server.pm.CrossProfileAppsService
05-30 14:03:23.705 D/SystemServerTiming( 692): OnBootPhase_600_com.android.server.people.PeopleService
05-30 14:03:23.705 D/SystemServerTiming( 692): OnBootPhase_600_com.android.server.media.metrics.MediaMetricsManagerService
05-30 14:03:23.705 D/SystemServerTiming( 692): OnBootPhase_600_com.android.server.pm.BackgroundInstallControlService
05-30 14:03:23.705 D/SystemServerTiming( 692): OnBootPhase_600_com.android.server.media.projection.MediaProjectionManagerService
05-30 14:03:23.705 D/SystemServerTiming( 692): OnBootPhase_600_com.android.server.slice.SliceManagerService$Lifecycle
05-30 14:03:23.705 D/SystemServerTiming( 692): OnBootPhase_600_com.android.server.stats.StatsCompanion$Lifecycle
05-30 14:03:23.713 E/android.hardware.wifi-service.droidlogic( 500): multiwifi will rmmod wifi comm
05-30 14:03:23.727 D/SystemServerTiming( 692): OnBootPhase_600_com.android.server.scheduling.RebootReadinessManagerService$Lifecycle
05-30 14:03:23.727 D/SystemServerTiming( 692): OnBootPhase_600_com.android.server.stats.pull.StatsPullAtomService
05-30 14:03:23.730 D/SystemServerTiming( 692): OnBootPhase_600_com.android.server.stats.bootstrap.StatsBootstrapAtomService$Lifecycle
05-30 14:03:23.730 D/SystemServerTiming( 692): OnBootPhase_600_com.android.server.incident.IncidentCompanionService
05-30 14:03:23.730 D/SystemServerTiming( 692): OnBootPhase_600_com.android.server.sdksandbox.SdkSandboxManagerService$Lifecycle
05-30 14:03:23.730 D/SystemServerTiming( 692): OnBootPhase_600_com.android.server.adservices.AdServicesManagerService$Lifecycle
05-30 14:03:23.730 D/SystemServerTiming( 692): OnBootPhase_600_com.android.server.ondevicepersonalization.OnDevicePersonalizationSystemService$Lifecycle
05-30 14:03:23.730 D/SystemServerTiming( 692): OnBootPhase_600_com.android.server.autofill.AutofillManagerService
05-30 14:03:23.731 D/StatsPullAtomService( 692): Registering NetworkStats pullers with statsd
05-30 14:03:23.731 D/SystemServerTiming( 692): OnBootPhase_600_com.android.server.clipboard.ClipboardService
05-30 14:03:23.731 D/SystemServerTiming( 692): OnBootPhase_600_com.android.server.appbinding.AppBindingService$Lifecycle
05-30 14:03:23.732 D/SystemServerTiming( 692): OnBootPhase_600_com.android.server.tracing.TracingServiceProxy
05-30 14:03:23.732 D/SystemServerTiming( 692): OnBootPhase_600_com.android.server.policy.PermissionPolicyService
05-30 14:03:23.732 D/SystemServerTiming( 692): OnBootPhase_600_com.android.server.pm.StagingManager$Lifecycle
05-30 14:03:23.732 D/SystemServerTiming( 692): OnBootPhase_600_com.android.server.app.GameManagerService$Lifecycle
05-30 14:03:23.732 D/SystemServerTiming( 692): OnBootPhase_600_com.android.safetycenter.SafetyCenterService
05-30 14:03:23.732 D/SystemServerTiming( 692): OnBootPhase_600_com.android.server.appsearch.AppSearchModule$Lifecycle
05-30 14:03:23.732 D/SystemServerTiming( 692): OnBootPhase_600_com.android.server.media.MediaCommunicationService
05-30 14:03:23.734 D/SystemServerTiming( 692): OnBootPhase_600_com.android.server.compat.overrides.AppCompatOverridesService$Lifecycle
05-30 14:03:23.734 D/SystemServerTiming( 692): OnBootPhase_600_com.android.server.healthconnect.HealthConnectManagerService
05-30 14:03:23.734 D/SystemServerTiming( 692): OnBootPhase_600_com.android.server.devicelock.DeviceLockService
05-30 14:03:23.734 D/DeviceLockService( 692): onBootPhase: 600
05-30 14:03:23.734 D/SystemServerTiming( 692): StartNetworkStack
05-30 14:03:23.741 D/CompatibilityChangeReporter( 692): Compat change id reported: 135634846; UID 1073; state: DISABLED
05-30 14:03:23.743 D/SystemServerTiming( 692): StartTethering
05-30 14:03:23.746 D/SystemServerTiming( 692): MakeCountryDetectionServiceReady
05-30 14:03:23.746 D/SystemServerTiming( 692): MakeNetworkTimeUpdateReady
05-30 14:03:23.749 I/android.hardware.wifi-service.droidlogic( 500): found the match wifi is: aml_w2_s
05-30 14:03:23.750 I/android.hardware.wifi-service.droidlogic( 500): insmod driver: /vendor/lib/modules/w2_comm.ko
05-30 14:03:23.762 I/ActivityManager( 692): Start proc 1057:com.android.networkstack.process/1073 for service {com.android.networkstack/com.android.server.NetworkStackService}
05-30 14:03:23.819 I/android.hardware.wifi-service.droidlogic( 500): insmod driver: /vendor/lib/modules/aml_bt.ko
05-30 14:03:23.852 I/android.hardware.wifi-service.droidlogic( 500): insmod driver: /vendor/lib/modules/w2.ko
05-30 14:03:23.882 D/GameManagerService( 692): User ID '0' does not have a Game Mode selected for package: 'com.android.networkstack'
05-30 14:03:23.884 D/CompatibilityChangeReporter( 692): Compat change id reported: 168419799; UID 1073; state: DISABLED
05-30 14:03:23.886 D/CompatibilityChangeReporter( 692): Compat change id reported: 273564678; UID 1073; state: DISABLED
05-30 14:03:23.896 D/CompatibilityChangeReporter( 692): Compat change id reported: 265195908; UID 1073; state: ENABLED
05-30 14:03:23.913 D/SystemServerTiming( 692): MakeInputManagerServiceReady
05-30 14:03:23.949 D/CompatibilityChangeReporter( 692): Compat change id reported: 135634846; UID 10051; state: DISABLED
05-30 14:03:23.955 D/CompatibilityChangeReporter( 692): Compat change id reported: 177438394; UID 10051; state: DISABLED
05-30 14:03:23.955 D/CompatibilityChangeReporter( 692): Compat change id reported: 135772972; UID 10051; state: DISABLED
05-30 14:03:23.956 D/CompatibilityChangeReporter( 692): Compat change id reported: 135754954; UID 10051; state: ENABLED
05-30 14:03:23.957 D/SystemServerTiming( 692): MakeTelephonyRegistryReady
05-30 14:03:23.958 D/SystemServerTiming( 692): MakeMediaRouterServiceReady
05-30 14:03:23.958 I/MR2ServiceImpl( 692): switchUser | user: 0
05-30 14:03:23.958 D/SystemServerTiming( 692): IncidentDaemonReady
05-30 14:03:23.962 D/SystemServerTiming( 692): MakeIncrementalServiceReady
05-30 14:03:23.962 D/SystemServerTiming( 692): OdsignStatsLogger
05-30 14:03:23.963 D/SystemServerTiming( 692): getCurrentUser
05-30 14:03:23.963 I/ActivityManager( 692): Current user:0
05-30 14:03:23.963 D/SystemServerTiming( 692): ActivityManagerStartApps
05-30 14:03:23.964 D/SystemServerTimingAsync( 692): ssm.StartUser-0
05-30 14:03:23.964 I/SystemServiceManager( 692): Calling onStartUser 0
05-30 14:03:23.964 D/SystemServerTimingAsync( 692): ssm.onStartUser-0_com.android.server.security.FileIntegrityService
05-30 14:03:23.964 D/SystemServerTimingAsync( 692): ssm.onStartUser-0_com.android.server.pm.Installer
05-30 14:03:23.964 D/SystemServerTimingAsync( 692): ssm.onStartUser-0_com.android.server.os.DeviceIdentifiersPolicyService
05-30 14:03:23.964 D/SystemServerTimingAsync( 692): ssm.onStartUser-0_com.android.server.flags.FeatureFlagsService
05-30 14:03:23.964 D/SystemServerTimingAsync( 692): ssm.onStartUser-0_com.android.server.uri.UriGrantsManagerService$Lifecycle
05-30 14:03:23.964 D/SystemServerTimingAsync( 692): ssm.onStartUser-0_com.android.server.powerstats.PowerStatsService
05-30 14:03:23.964 D/SystemServerTimingAsync( 692): ssm.onStartUser-0_com.android.server.permission.access.AccessCheckingService
05-30 14:03:23.964 D/SystemServerTimingAsync( 692): ssm.onStartUser-0_com.android.server.wm.ActivityTaskManagerService$Lifecycle
05-30 14:03:23.964 D/SystemServerTimingAsync( 692): ssm.onStartUser-0_com.android.server.am.ActivityManagerService$Lifecycle
05-30 14:03:23.964 D/SystemServerTimingAsync( 692): ssm.onStartUser-0_com.android.server.pm.DataLoaderManagerService
05-30 14:03:23.964 D/SystemServerTimingAsync( 692): ssm.onStartUser-0_com.android.server.power.PowerManagerService
05-30 14:03:23.964 D/SystemServerTimingAsync( 692): ssm.onStartUser-0_com.android.server.power.ThermalManagerService
05-30 14:03:23.964 D/SystemServerTimingAsync( 692): ssm.onStartUser-0_com.android.server.power.hint.HintManagerService
05-30 14:03:23.964 D/SystemServerTimingAsync( 692): ssm.onStartUser-0_com.android.server.recoverysystem.RecoverySystemService$Lifecycle
05-30 14:03:23.964 D/SystemServerTimingAsync( 692): ssm.onStartUser-0_com.android.server.lights.LightsService
05-30 14:03:23.964 D/SystemServerTimingAsync( 692): ssm.onStartUser-0_com.android.server.display.DisplayManagerService
05-30 14:03:23.964 D/SystemServerTimingAsync( 692): ssm.onStartUser-0_com.android.server.pm.verify.domain.DomainVerificationService
05-30 14:03:23.964 D/SystemServerTimingAsync( 692): ssm.onStartUser-0_com.android.server.pm.PackageInstallerService$Lifecycle
05-30 14:03:23.964 D/SystemServerTimingAsync( 692): ssm.onStartUser-0_com.android.server.pm.UserManagerService$LifeCycle
05-30 14:03:23.964 D/SystemServerTimingAsync( 692): ssm.onStartUser-0_com.android.server.om.OverlayManagerService
05-30 14:03:24.011 V/WindowManagerShell( 991): Adding init callback for DisplayChangeController
05-30 14:03:24.011 V/WindowManagerShell( 991): Adding init callback for DisplayController
05-30 14:03:24.012 V/WindowManagerShell( 991): Adding init callback for DisplayInsetsController
05-30 14:03:24.012 V/WindowManagerShell( 991): Adding init callback for DisplayImeController
05-30 14:03:24.012 V/WindowManagerShell( 991): Adding init callback for ShellController
05-30 14:03:24.015 V/WindowManagerShell( 991): Adding init callback for DragAndDropController
05-30 14:03:24.054 I/ActivityManager( 692): Process WebViewLoader-armeabi-v7a (pid 1028) has died: psvc PER
05-30 14:03:24.056 D/DisplayManagerService( 692): Drop pending events for gone uid 1037
05-30 14:03:24.061 D/CountryDetector( 692): Using custom country detector class: com.android.server.location.ComprehensiveCountryDetector
05-30 14:03:24.062 E/CountryDetector( 692): Could not instantiate the custom country detector class
05-30 14:03:24.062 D/CountryDetector( 692): Using default country detector
05-30 14:03:24.091 V/WindowManagerShell( 991): Adding init callback for CompatUIController
05-30 14:03:24.091 D/HDMI ( 692): Process pid:999 is calling addHotplugEventListener
05-30 14:03:24.098 W/SystemServiceManager( 692): Service com.android.server.om.OverlayManagerService took 134 ms in onStartUser-0
05-30 14:03:24.098 D/SystemServerTimingAsync( 692): ssm.onStartUser-0_com.android.server.resources.ResourcesManagerService
05-30 14:03:24.098 D/SystemServerTimingAsync( 692): ssm.onStartUser-0_com.android.server.sensorprivacy.SensorPrivacyService
05-30 14:03:24.116 V/WindowManagerShell( 991): Adding init callback for ShellTaskOrganizer
05-30 14:03:24.126 D/CompatibilityChangeReporter( 692): Compat change id reported: 265464455; UID 10052; state: DISABLED
05-30 14:03:24.127 D/CompatibilityChangeReporter( 692): Compat change id reported: 265452344; UID 10052; state: DISABLED
05-30 14:03:24.128 D/CompatibilityChangeReporter( 692): Compat change id reported: 266124927; UID 10052; state: DISABLED
05-30 14:03:24.128 D/CompatibilityChangeReporter( 692): Compat change id reported: 265451093; UID 10052; state: DISABLED
05-30 14:03:24.128 D/CompatibilityChangeReporter( 692): Compat change id reported: 265456536; UID 10052; state: DISABLED
05-30 14:03:24.129 D/CompatibilityChangeReporter( 692): Compat change id reported: 255940284; UID 10052; state: DISABLED
05-30 14:03:24.129 D/CompatibilityChangeReporter( 692): Compat change id reported: 236283604; UID 10052; state: DISABLED
05-30 14:03:24.130 D/CompatibilityChangeReporter( 692): Compat change id reported: 263959004; UID 10052; state: DISABLED
05-30 14:03:24.130 D/CompatibilityChangeReporter( 692): Compat change id reported: 264304459; UID 10052; state: DISABLED
05-30 14:03:24.131 D/CompatibilityChangeReporter( 692): Compat change id reported: 264301586; UID 10052; state: DISABLED
05-30 14:03:24.132 D/CompatibilityChangeReporter( 692): Compat change id reported: 254631730; UID 10052; state: DISABLED
05-30 14:03:24.132 D/CompatibilityChangeReporter( 692): Compat change id reported: 273509367; UID 10052; state: DISABLED
05-30 14:03:24.133 D/CompatibilityChangeReporter( 692): Compat change id reported: 263259275; UID 10052; state: DISABLED
05-30 14:03:24.133 D/CompatibilityChangeReporter( 692): Compat change id reported: 174042980; UID 10052; state: DISABLED
05-30 14:03:24.133 D/CompatibilityChangeReporter( 692): Compat change id reported: 174042936; UID 10052; state: DISABLED
05-30 14:03:24.134 D/CompatibilityChangeReporter( 692): Compat change id reported: 181136395; UID 10052; state: DISABLED
05-30 14:03:24.166 D/CompatibilityChangeReporter( 692): Compat change id reported: 194480991; UID 10052; state: ENABLED
05-30 14:03:24.169 W/ActivityTaskManager( 692): startActivity called from non-Activity context; forcing Intent.FLAG_ACTIVITY_NEW_TASK for: Intent { flg=0x840000 cmp=com.android.systemui/.sensorprivacy.television.TvSensorPrivacyChangedActivity (has extras) }
05-30 14:03:24.179 D/CompatibilityChangeReporter( 692): Compat change id reported: 184838306; UID 10052; state: DISABLED
05-30 14:03:24.180 D/CompatibilityChangeReporter( 692): Compat change id reported: 185004937; UID 10052; state: DISABLED
05-30 14:03:24.183 D/CompatibilityChangeReporter( 692): Compat change id reported: 197654537; UID 10052; state: ENABLED
05-30 14:03:24.189 I/ActivityTaskManager( 692): START u0 {flg=0x840000 cmp=com.android.systemui/.sensorprivacy.television.TvSensorPrivacyChangedActivity (has extras)} with LAUNCH_SINGLE_TOP from uid 1000 (BAL_ALLOW_ALLOWLISTED_UID) result code=0
05-30 14:03:24.222 W/ActivityTaskManager( 692): startActivity called from non-Activity context; forcing Intent.FLAG_ACTIVITY_NEW_TASK for: Intent { flg=0x840000 cmp=com.android.systemui/.sensorprivacy.television.TvSensorPrivacyChangedActivity (has extras) }
05-30 14:03:24.224 W/ActivityManager( 692): Slow operation: 87ms so far, now at finishAttachApplicationInner: after mServices.attachApplicationLocked
05-30 14:03:24.224 W/ActivityManager( 692): Slow operation: 87ms so far, now at finishAttachApplicationInner: after dispatching broadcasts
05-30 14:03:24.226 I/ActivityTaskManager( 692): START u0 {flg=0x840000 cmp=com.android.systemui/.sensorprivacy.television.TvSensorPrivacyChangedActivity (has extras)} with LAUNCH_SINGLE_TOP from uid 1000 (BAL_ALLOW_ALLOWLISTED_UID) result code=3
05-30 14:03:24.234 W/ActivityTaskManager( 692): startActivity called from non-Activity context; forcing Intent.FLAG_ACTIVITY_NEW_TASK for: Intent { flg=0x840000 cmp=com.android.systemui/.sensorprivacy.television.TvSensorPrivacyChangedActivity (has extras) }
05-30 14:03:24.237 I/ActivityTaskManager( 692): START u0 {flg=0x840000 cmp=com.android.systemui/.sensorprivacy.television.TvSensorPrivacyChangedActivity (has extras)} with LAUNCH_SINGLE_TOP from uid 1000 (BAL_ALLOW_ALLOWLISTED_UID) result code=3
05-30 14:03:24.242 V/WindowManagerShell( 991): Adding init callback for DefaultTransitionHandler
05-30 14:03:24.243 V/WindowManagerShell( 991): addHandler: Default
05-30 14:03:24.243 V/WindowManagerShell( 991): addHandler: Remote
05-30 14:03:24.243 V/WindowManagerShell( 991): Adding init callback for Transitions
05-30 14:03:24.256 V/WindowManagerShell( 991): Adding init callback for FullscreenTaskListener
05-30 14:03:24.256 W/ActivityTaskManager( 692): startActivity called from non-Activity context; forcing Intent.FLAG_ACTIVITY_NEW_TASK for: Intent { flg=0x840000 cmp=com.android.systemui/.sensorprivacy.television.TvSensorPrivacyChangedActivity (has extras) }
05-30 14:03:24.258 I/ActivityTaskManager( 692): START u0 {flg=0x840000 cmp=com.android.systemui/.sensorprivacy.television.TvSensorPrivacyChangedActivity (has extras)} with LAUNCH_SINGLE_TOP from uid 1000 (BAL_ALLOW_ALLOWLISTED_UID) result code=3
05-30 14:03:24.258 W/SystemServiceManager( 692): Service com.android.server.sensorprivacy.SensorPrivacyService took 160 ms in onStartUser-0
05-30 14:03:24.259 D/SystemServerTimingAsync( 692): ssm.onStartUser-0_com.android.server.sensors.SensorService
05-30 14:03:24.259 D/SystemServerTimingAsync( 692): ssm.onStartUser-0_com.android.server.SystemConfigService
