05-30 14:03:46.047 I/bt_bta_gattc( 1108): packages/modules/Bluetooth/system/bta/gatt/bta_gattc_act.cc:1304 bta_gattc_conn_cback: Connected client_if:6 addr:xx:xx:xx:xx:c0:53, transport:BT_TRANSPORT_LE reason:GATT_CONN_OK
05-30 14:03:46.047 E/bta_gattc_main( 1108): packages/modules/Bluetooth/system/bta/gatt/bta_gattc_main.cc:395 bta_gattc_hdl_event: Ignore unknown conn ID: 6
05-30 14:03:46.048 I/BluetoothAdapterService( 1108): getActiveDevices: Headset device: null
05-30 14:03:46.048 D/BluetoothGatt( 1449): onClientRegistered() - status=0 clientIf=6
05-30 14:03:46.048 D/BluetoothAdapter( 999): getActiveDevices(profile= HEARING_AID)
05-30 14:03:46.049 I/BluetoothAdapterService( 1108): getActiveDevices: Headset device: null
05-30 14:03:46.050 I/bt_btif_gattc( 1108): packages/modules/Bluetooth/system/btif/src/btif_gatt_client.cc:340 btif_gattc_open_impl: Transport=2, device type=2, address type =0, phy=1
05-30 14:03:46.050 I/bluetooth( 1108): packages/modules/Bluetooth/system/stack/gatt/gatt_main.cc:405 gatt_update_app_use_link_flag: disable link idle timer for xx:xx:xx:xx:c0:53
05-30 14:03:46.050 I/bt_stack( 1108): [INFO:l2c_api.cc(1607)] L2CA_MarkLeLinkAsActivesetting link to e4:bb:d3:57:c0:53 as active
05-30 14:03:46.050 I/bluetooth( 1108): packages/modules/Bluetooth/system/stack/gatt/gatt_api.cc:1206 GATT_SetIdleTimeout: idle_timeout=65535, is_active=1, status=1 (1-OK 0-not performed)
05-30 14:03:46.050 D/BluetoothAdapter( 991): getActiveDevices(profile= HEARING_AID)
05-30 14:03:46.050 D/BtGatt.GattService( 1108): onConnected() - adding permit for address=E4:BB:D3:57:C0:53
05-30 14:03:46.050 D/BluetoothGatt( 1449): onClientConnectionState() - status=0 clientIf=6 device=E4:BB:D3:57:C0:53
05-30 14:03:46.050 E/dangbei111( 1449): cccccc 连接成功 后续要去判断有没有input E4:BB:D3:57:C0:53
05-30 14:03:46.051 D/BluetoothGatt( 1449): cancelOpen() - device: E4:BB:D3:57:C0:53
05-30 14:03:46.053 I/bt_btif_gattc( 1108): packages/modules/Bluetooth/system/btif/src/btif_gatt_client.cc:360 btif_gattc_close_impl: client_if=6, conn_id=6, address=xx:xx:xx:xx:c0:53
05-30 14:03:46.053 D/BluetoothGatt( 1449): close()
05-30 14:03:46.053 I/bluetooth( 1108): packages/modules/Bluetooth/system/stack/gatt/gatt_api.cc:1578 GATT_Disconnect: conn_id=6
05-30 14:03:46.053 I/bluetooth( 1108): packages/modules/Bluetooth/system/stack/gatt/gatt_main.cc:361 gatt_update_app_hold_link_status: removed gatt_if=6
05-30 14:03:46.053 I/bluetooth( 1108): packages/modules/Bluetooth/system/stack/gatt/gatt_main.cc:434 gatt_update_app_use_link_flag: is_add=false, but some app is still using the ACL link
05-30 14:03:46.053 I/bt_stack( 1108): [INFO:gatt_api.cc(1514)] GATT_CancelConnect: gatt_if:6, address: xx:xx:xx:xx:c0:53, direct:0
05-30 14:03:46.053 W/bluetooth( 1108): packages/modules/Bluetooth/system/stack/gatt/gatt_main.cc:357 gatt_update_app_hold_link_status: attempt to remove non-existing gatt_if=6
05-30 14:03:46.053 I/bluetooth( 1108): packages/modules/Bluetooth/system/stack/gatt/gatt_main.cc:389 gatt_update_app_use_link_flag: App status is not updated for gatt_if=6
05-30 14:03:46.053 D/BtGatt.GattService( 1108): onDisconnected() - removing permit for address=E4:BB:D3:57:C0:53
05-30 14:03:46.053 D/BluetoothGatt( 1449): unregisterApp() - mClientIf=6
05-30 14:03:46.053 E/dangbei111( 1449): cccccc 搜索到bond Dangbei E4:BB:D3:57:C0:53
05-30 14:03:46.054 D/BluetoothHidHost( 1449): connect(E4:BB:D3:57:C0:53)
05-30 14:03:46.055 I/bt_stack( 1108): [INFO:gatt_api.cc(1279)] GATT_Deregister gatt_if=6
05-30 14:03:46.055 W/bluetooth( 1108): packages/modules/Bluetooth/system/stack/gatt/gatt_main.cc:357 gatt_update_app_hold_link_status: attempt to remove non-existing gatt_if=6
05-30 14:03:46.055 I/bluetooth( 1108): packages/modules/Bluetooth/system/stack/gatt/gatt_main.cc:389 gatt_update_app_use_link_flag: App status is not updated for gatt_if=6
05-30 14:03:46.056 E/BluetoothHidHostService( 1108): Hid Device not disconnected: XX:XX:XX:XX:C0:53
05-30 14:03:46.056 I/BluetoothAdapterService( 1108): getActiveDevices: Hearing Aid devices: Left[null] - Right[null]
05-30 14:03:46.057 D/BluetoothHidHost( 1449): Unbinding service...
05-30 14:03:46.057 D/BluetoothHidHost( 1449): Proxy object disconnected
05-30 14:03:46.058 D/BluetoothHidHost( 1449): Binding service...
05-30 14:03:46.052 I/rgb_led_ctl( 2487): type=1400 audit(0.0:982): avc: denied { write } for name="spidev1.0" dev="tmpfs" ino=536 scontext=u:r:init:s0 tcontext=u:object_r:device:s0 tclass=chr_file permissive=1
05-30 14:03:46.052 I/rgb_led_ctl( 2487): type=1400 audit(0.0:983): avc: denied { open } for path="/dev/spidev1.0" dev="tmpfs" ino=536 scontext=u:r:init:s0 tcontext=u:object_r:device:s0 tclass=chr_file permissive=1
05-30 14:03:46.060 D/BluetoothGatt( 1449): onClientConnectionState() - status=0 clientIf=6 device=E4:BB:D3:57:C0:53
05-30 14:03:46.060 I/BluetoothAdapterService( 1108): getActiveDevices: Hearing Aid devices: Left[null] - Right[null]
05-30 14:03:46.061 I/crashsdk( 1735): crashsdk uploading logs
05-30 14:03:46.052 I/rgb_led_ctl( 2487): type=1400 audit(0.0:984): avc: denied { ioctl } for path="/dev/spidev1.0" dev="tmpfs" ino=536 ioctlcmd=0x6b01 scontext=u:r:init:s0 tcontext=u:object_r:device:s0 tclass=chr_file permissive=1
05-30 14:03:46.068 I/bt_btif_dm( 1108): packages/modules/Bluetooth/system/btif/src/btif_dm.cc:695 btif_update_remote_properties: class of device (cod) is 0x00050c
05-30 14:03:46.074 E/dangbei111( 1449): cccccc 检查遥控器是否连接: Dangbei E4:BB:D3:57:C0:53
05-30 14:03:46.077 E/dangbei111( 1449): cccccc 检查遥控器是否连接: 蓝牙的结果 Dangbei E4:BB:D3:57:C0:53 true
05-30 14:03:46.078 E/dangbei111( 1449): cccccc 确实有遥控器 存在
05-30 14:03:46.078 D/BluetoothAdapter( 1449): isLeEnabled(): ON
05-30 14:03:46.081 D/ActivityAttributionService( 1108): notifyActivityAttributionInfo UID=1002 packageName=com.android.bluetooth deviceAddress=no_active_device_address
05-30 14:03:46.081 I/bt_btif ( 1108): packages/modules/Bluetooth/system/btif/src/bluetooth.cc:829 get_profile_interface: get_profile_interface: id = activity_attribution
05-30 14:03:46.081 I/bt_stack( 1108): [INFO:le_scanning_manager.cc(168)] Scan in shim layer stopped
05-30 14:03:46.081 I/bluetooth( 1108): packages/modules/Bluetooth/system/gd/hci/le_address_manager.cc:193 unregister_client: Client unregistered
05-30 14:03:46.083 I/bt_stack( 1108): [INFO:le_scanning_manager.cc(162)] Unregister in shim layer, scanner_id:1
05-30 14:03:46.083 E/dangbei111( 1449): cccccc rc is connected, stop scan =E4:BB:D3:57:C0:53
05-30 14:03:46.088 E/dangbei111( 1449): cccccc 检查遥控器是否连接: Dangbei E4:BB:D3:57:C0:53
05-30 14:03:46.090 E/dangbei111( 1449): cccccc 检查遥控器是否连接: 蓝牙的结果 Dangbei E4:BB:D3:57:C0:53 true
05-30 14:03:46.090 E/dangbei111( 1449): cccccc 确实有遥控器 存在
05-30 14:03:46.090 E/dangbei111( 1449): cccccc rc is connected, stop scan =E4:BB:D3:57:C0:53
05-30 14:03:46.124 E/XM_HIDREAD( 1982): trying to reopen hidraw: /dev/hidraw2
05-30 14:03:46.124 D/XM_HIDREAD( 1982): ready open:/dev/hidraw2
05-30 14:03:46.124 D/XM_HIDREAD( 1982): open:/dev/hidraw2 resultFD:10
05-30 14:03:46.124 D/XM_HIDREAD( 1982): 1 ready ioctl hidrawFD 10
05-30 14:03:46.124 D/XM_HIDREAD( 1982): 2 ready ioctl hidrawFD 10
05-30 14:03:46.124 D/XM_HIDREAD( 1982): 3 ready ioctl hidrawFD 10
05-30 14:03:46.124 D/XM_HIDREAD( 1982): 4 ready ioctl hidrawFD 10
05-30 14:03:46.124 D/XM_HIDREAD( 1982): ioctl hidrawFD HIDIOCGRDESC ret 0
05-30 14:03:46.124 D/XM_HIDREAD( 1982): dinfo.vendor:13,dinfo.product:14392
05-30 14:03:46.124 D/XM_HIDREAD( 1982): m_pid:0x3838,m_vid:0x000d
05-30 14:03:46.125 D/XM_HIDREAD( 1982): /dev/hidraw2 open succussfully!
05-30 14:03:46.125 D/XM_HIDREAD( 1982): add@ add@/devices/virtual/wakeup/wakeup36
05-30 14:03:46.125 D/XM_HIDREAD( 1982): add@ add@/devices/virtual/wakeup/wakeup37
05-30 14:03:46.120 I/xm_hidread( 1982): type=1400 audit(0.0:985): avc: denied { read write } for name="hidraw2" dev="tmpfs" ino=894 scontext=u:r:init:s0 tcontext=u:object_r:hidraw_audio_device:s0 tclass=chr_file permissive=1
05-30 14:03:46.120 I/xm_hidread( 1982): type=1400 audit(0.0:986): avc: denied { open } for path="/dev/hidraw2" dev="tmpfs" ino=894 scontext=u:r:init:s0 tcontext=u:object_r:hidraw_audio_device:s0 tclass=chr_file permissive=1
05-30 14:03:46.120 I/xm_hidread( 1982): type=1400 audit(0.0:987): avc: denied { ioctl } for path="/dev/hidraw2" dev="tmpfs" ino=894 ioctlcmd=0x4803 scontext=u:r:init:s0 tcontext=u:object_r:hidraw_audio_device:s0 tclass=chr_file permissive=1
05-30 14:03:46.160 D/BluetoothHidHost( 1449): Proxy object connected
05-30 14:03:46.160 D/BluetoothHidHost( 1449): connect(E4:BB:D3:57:C0:53)
05-30 14:03:46.162 E/BluetoothHidHostService( 1108): Hid Device not disconnected: XX:XX:XX:XX:C0:53
05-30 14:03:46.163 D/BluetoothHidHost( 1449): Unbinding service...
05-30 14:03:46.163 D/BluetoothHidHost( 1449): Proxy object disconnected
05-30 14:03:46.165 I/bt_stack( 1108): [INFO:eatt_impl.h(888)] supported_features_cb e4:bb:d3:57:c0:53 is_eatt_supported = 0
05-30 14:03:46.415 D/hq ( 1482): NetWorkStateReceiver:::检查网络,并且持续更新 isConnect=false
05-30 14:03:46.525 D/XM_HIDREAD( 1982): poll ret=1, event=1
05-30 14:03:46.525 D/XM_HIDREAD( 1982): [9 bytes]:01 00 00 51 00 00 00 00 00
05-30 14:03:46.529 W/SoundPool( 692): Use of stream types is deprecated for operations other than volume control
05-30 14:03:46.529 W/SoundPool( 692): See the documentation of SoundPool() for what to use instead with android.media.AudioAttributes to qualify your playback use case
05-30 14:03:46.533 I/SogouIME( 1455): onKeyDown: keyoCode=20
05-30 14:03:46.534 I/DefaultIMS( 1455): onKeyDown: keyoCode=20
05-30 14:03:46.541 I/AmFFmpegByteIOAdapter( 608): File size : 13195
05-30 14:03:46.541 I/AmFFmpegByteIOAdapter( 608): File size : 12971
05-30 14:03:46.542 W/exFFmpeg( 608): Invalid return value 0 for stream protocol
05-30 14:03:46.543 W/exFFmpeg( 608): Invalid return value 0 for stream protocol
05-30 14:03:46.543 E/SecondScreen( 1482): FirstScreenLayoutView dispatchKeyEvent 20
05-30 14:03:46.543 I/AmFFmpegExtractor( 608): checkInList: iswhite:0, mime:audio/ogg, type:1, id:86021 tag:0
05-30 14:03:46.543 I/AmFFmpegExtractor( 608): checkInList: iswhite:1, mime:audio/ogg, type:1, id:86021 tag:0
05-30 14:03:46.543 E/AmFFmpegExtractor( 608): codec_ctx->properties: 0
05-30 14:03:46.543 I/AmFFmpegExtractor( 608): checkSupportInList ret 1
05-30 14:03:46.544 W/exFFmpeg( 608): Invalid return value 0 for stream protocol
05-30 14:03:46.544 W/exFFmpeg( 608): Invalid return value 0 for stream protocol
05-30 14:03:46.544 I/AmFFmpegExtractor( 608): checkInList: iswhite:0, mime:audio/ogg, type:1, id:86021 tag:0
05-30 14:03:46.544 I/AmFFmpegExtractor( 608): checkInList: iswhite:1, mime:audio/ogg, type:1, id:86021 tag:0
05-30 14:03:46.545 E/AmFFmpegExtractor( 608): codec_ctx->properties: 0
05-30 14:03:46.545 I/AmFFmpegExtractor( 608): checkSupportInList ret 1
05-30 14:03:46.547 I/AmFFmpegExtractor( 608): checkInList: iswhite:0, mime:audio/ogg, type:1, id:86021 tag:0
05-30 14:03:46.547 I/AmFFmpegExtractor( 608): checkInList: iswhite:1, mime:audio/ogg, type:1, id:86021 tag:0
05-30 14:03:46.547 E/AmFFmpegExtractor( 608): codec_ctx->properties: 0
05-30 14:03:46.547 I/AmFFmpegExtractor( 608): checkSupportInList ret 0
05-30 14:03:46.547 E/AmFFmpegExtractor( 608): vendor do not support
05-30 14:03:46.548 I/AmFFmpegExtractor( 608): checkInList: iswhite:0, mime:audio/ogg, type:1, id:86021 tag:0
05-30 14:03:46.549 I/AmFFmpegExtractor( 608): checkInList: iswhite:1, mime:audio/ogg, type:1, id:86021 tag:0
05-30 14:03:46.549 E/AmFFmpegExtractor( 608): codec_ctx->properties: 0
05-30 14:03:46.549 I/AmFFmpegExtractor( 608): checkSupportInList ret 0
05-30 14:03:46.549 E/AmFFmpegExtractor( 608): vendor do not support
05-30 14:03:46.554 D/MediaCodecList( 692): codecHandlesFormat: no format, so no extra checks
05-30 14:03:46.556 D/MediaCodecList( 692): codecHandlesFormat: no format, so no extra checks
05-30 14:03:46.556 D/CCodec ( 692): allocate(c2.android.vorbis.decoder)
05-30 14:03:46.557 D/CCodec ( 692): allocate(c2.android.vorbis.decoder)
05-30 14:03:46.558 I/CCodec ( 692): setting up 'default' as default (vendor) store
05-30 14:03:46.559 I/CCodec ( 692): setting up 'default' as default (vendor) store
05-30 14:03:46.561 I/CCodec ( 692): Created component [c2.android.vorbis.decoder]
05-30 14:03:46.562 D/CCodecConfig( 692): read media type: audio/vorbis
05-30 14:03:46.563 I/CCodec ( 692): Created component [c2.android.vorbis.decoder]
05-30 14:03:46.563 D/CCodecConfig( 692): read media type: audio/vorbis
05-30 14:03:46.565 D/ReflectedParamUpdater( 692): extent() != 1 for single value type: algo.buffers.max-count.values
05-30 14:03:46.566 D/ReflectedParamUpdater( 692): extent() != 1 for single value type: output.subscribed-indices.values
05-30 14:03:46.566 D/ReflectedParamUpdater( 692): extent() != 1 for single value type: input.buffers.allocator-ids.values
05-30 14:03:46.566 D/ReflectedParamUpdater( 692): extent() != 1 for single value type: output.buffers.allocator-ids.values
05-30 14:03:46.567 D/ReflectedParamUpdater( 692): extent() != 1 for single value type: algo.buffers.allocator-ids.values
05-30 14:03:46.567 D/ReflectedParamUpdater( 692): extent() != 1 for single value type: output.buffers.pool-ids.values
05-30 14:03:46.567 D/ReflectedParamUpdater( 692): extent() != 1 for single value type: algo.buffers.pool-ids.values
05-30 14:03:46.569 I/CCodecConfig( 692): query failed after returning 7 values (BAD_INDEX)
05-30 14:03:46.569 D/CCodecConfig( 692): c2 config diff is Dict {
05-30 14:03:46.569 D/CCodecConfig( 692): c2::u32 coded.bitrate.value = 64000
05-30 14:03:46.569 D/CCodecConfig( 692): c2::u32 input.buffers.max-size.value = 32768
05-30 14:03:46.569 D/CCodecConfig( 692): c2::u32 input.delay.value = 0
05-30 14:03:46.569 D/CCodecConfig( 692): string input.media-type.value = "audio/vorbis"
05-30 14:03:46.569 D/CCodecConfig( 692): string output.media-type.value = "audio/raw"
05-30 14:03:46.569 D/CCodecConfig( 692): c2::u32 raw.channel-count.value = 1
05-30 14:03:46.569 D/CCodecConfig( 692): c2::u32 raw.sample-rate.value = 48000
05-30 14:03:46.569 D/CCodecConfig( 692): }
05-30 14:03:46.556 I/adbd ( 1387): type=1400 audit(0.0:988): avc: denied { write } for path="socket:[32232]" dev="sockfs" ino=32232 scontext=u:r:su:s0 tcontext=u:r:adbd:s0 tclass=unix_stream_socket permissive=1
05-30 14:03:46.572 D/ReflectedParamUpdater( 692): extent() != 1 for single value type: algo.buffers.max-count.values
05-30 14:03:46.572 D/ReflectedParamUpdater( 692): extent() != 1 for single value type: output.subscribed-indices.values
05-30 14:03:46.573 D/MediaCodec( 692): flushMediametrics
05-30 14:03:46.574 D/ReflectedParamUpdater( 692): extent() != 1 for single value type: input.buffers.allocator-ids.values
05-30 14:03:46.574 D/CCodec ( 692): [c2.android.vorbis.decoder] buffers are bound to CCodec for this session
05-30 14:03:46.574 D/CCodecConfig( 692): no c2 equivalents for durationUs
05-30 14:03:46.574 D/CCodecConfig( 692): no c2 equivalents for track-id
05-30 14:03:46.574 D/CCodecConfig( 692): no c2 equivalents for csd-1
05-30 14:03:46.574 D/CCodecConfig( 692): no c2 equivalents for flags
05-30 14:03:46.574 D/ReflectedParamUpdater( 692): extent() != 1 for single value type: output.buffers.allocator-ids.values
05-30 14:03:46.574 D/ReflectedParamUpdater( 692): extent() != 1 for single value type: algo.buffers.allocator-ids.values
05-30 14:03:46.574 D/ReflectedParamUpdater( 692): extent() != 1 for single value type: output.buffers.pool-ids.values
05-30 14:03:46.574 D/ReflectedParamUpdater( 692): extent() != 1 for single value type: algo.buffers.pool-ids.values
05-30 14:03:46.575 D/CCodecConfig( 692): c2 config diff is c2::u32 coded.bitrate.value = 112000
05-30 14:03:46.575 D/CCodecConfig( 692): c2::u32 raw.channel-count.value = 2
05-30 14:03:46.575 D/CCodecConfig( 692): c2::u32 raw.sample-rate.value = 44100
05-30 14:03:46.576 W/Codec2Client( 692): query -- param skipped: index = 1107298332.
05-30 14:03:46.576 D/CCodec ( 692): encoding statistics level = 0
05-30 14:03:46.576 D/CCodec ( 692): setup formats input: AMessage(what = 0x00000000) = {
05-30 14:03:46.576 D/CCodec ( 692): int32_t bitrate = 112000
05-30 14:03:46.576 D/CCodec ( 692): int32_t channel-count = 2
05-30 14:03:46.576 D/CCodec ( 692): int32_t max-input-size = 32768
05-30 14:03:46.576 D/CCodec ( 692): string mime = "audio/vorbis"
05-30 14:03:46.576 D/CCodec ( 692): int32_t sample-rate = 44100
05-30 14:03:46.576 D/CCodec ( 692): }
05-30 14:03:46.576 D/CCodec ( 692): setup formats output: AMessage(what = 0x00000000) = {
05-30 14:03:46.576 D/CCodec ( 692): int32_t channel-count = 2
05-30 14:03:46.576 D/CCodec ( 692): string mime = "audio/raw"
05-30 14:03:46.576 D/CCodec ( 692): int32_t sample-rate = 44100
05-30 14:03:46.576 D/CCodec ( 692): int32_t channel-mask = 3
05-30 14:03:46.576 D/CCodec ( 692): int32_t android._config-pcm-encoding = 2
05-30 14:03:46.576 D/CCodec ( 692): }
05-30 14:03:46.576 I/CCodecConfig( 692): query failed after returning 7 values (BAD_INDEX)
05-30 14:03:46.576 I/CCodecConfig( 692): query failed after returning 7 values (BAD_INDEX)
05-30 14:03:46.576 D/CCodecConfig( 692): c2 config diff is Dict {
05-30 14:03:46.576 D/CCodecConfig( 692): c2::u32 coded.bitrate.value = 64000
05-30 14:03:46.576 D/CCodecConfig( 692): c2::u32 input.buffers.max-size.value = 32768
05-30 14:03:46.576 D/CCodecConfig( 692): c2::u32 input.delay.value = 0
05-30 14:03:46.576 D/CCodecConfig( 692): string input.media-type.value = "audio/vorbis"
05-30 14:03:46.576 D/CCodecConfig( 692): string output.media-type.value = "audio/raw"
05-30 14:03:46.576 D/CCodecConfig( 692): c2::u32 raw.channel-count.value = 1
05-30 14:03:46.576 D/CCodecConfig( 692): c2::u32 raw.sample-rate.value = 48000
05-30 14:03:46.576 D/CCodecConfig( 692): }
05-30 14:03:46.576 W/Codec2Client( 692): query -- param skipped: index = 1342179345.
05-30 14:03:46.576 W/Codec2Client( 692): query -- param skipped: index = 2415921170.
05-30 14:03:46.578 D/BufferPoolAccessor2.0( 620): bufferpool2 0xec381c48 : 0(0 size) total buffers - 0(0 size) used buffers - 6/10 (recycle/alloc) - 4/9 (fetch/transfer)
05-30 14:03:46.578 D/BufferPoolAccessor2.0( 620): Destruction - bufferpool2 0xec381c48 cached: 0/0M, 0/0% in use; allocs: 10, 60% recycled; transfers: 9, 56% unfetched
05-30 14:03:46.578 D/BufferPoolAccessor2.0( 620): bufferpool2 0xec382f68 : 0(0 size) total buffers - 0(0 size) used buffers - 4/7 (recycle/alloc) - 3/6 (fetch/transfer)
05-30 14:03:46.578 D/BufferPoolAccessor2.0( 620): Destruction - bufferpool2 0xec382f68 cached: 0/0M, 0/0% in use; allocs: 7, 57% recycled; transfers: 6, 50% unfetched
05-30 14:03:46.578 D/CCodecBufferChannel( 692): [c2.android.vorbis.decoder#644] Created input block pool with allocatorID 16 => poolID 23 - OK (0)
05-30 14:03:46.578 D/BufferPoolAccessor2.0( 620): bufferpool2 0xec382788 : 0(0 size) total buffers - 0(0 size) used buffers - 8/11 (recycle/alloc) - 4/10 (fetch/transfer)
05-30 14:03:46.578 D/BufferPoolAccessor2.0( 620): Destruction - bufferpool2 0xec382788 cached: 0/0M, 0/0% in use; allocs: 11, 73% recycled; transfers: 10, 60% unfetched
05-30 14:03:46.578 D/BufferPoolAccessor2.0( 620): bufferpool2 0xec381108 : 0(0 size) total buffers - 0(0 size) used buffers - 7/10 (recycle/alloc) - 3/9 (fetch/transfer)
05-30 14:03:46.578 D/BufferPoolAccessor2.0( 620): Destruction - bufferpool2 0xec381108 cached: 0/0M, 0/0% in use; allocs: 10, 70% recycled; transfers: 9, 67% unfetched
05-30 14:03:46.579 D/BufferPoolAccessor2.0( 620): bufferpool2 0xec383aa8 : 0(0 size) total buffers - 0(0 size) used buffers - 12/15 (recycle/alloc) - 3/14 (fetch/transfer)
05-30 14:03:46.579 D/BufferPoolAccessor2.0( 620): Destruction - bufferpool2 0xec383aa8 cached: 0/0M, 0/0% in use; allocs: 15, 80% recycled; transfers: 14, 79% unfetched
05-30 14:03:46.579 D/MediaCodec( 692): flushMediametrics
05-30 14:03:46.579 D/BufferPoolAccessor2.0( 620): bufferpool2 0xec383ce8 : 0(0 size) total buffers - 0(0 size) used buffers - 13/15 (recycle/alloc) - 2/14 (fetch/transfer)
05-30 14:03:46.579 D/BufferPoolAccessor2.0( 620): Destruction - bufferpool2 0xec383ce8 cached: 0/0M, 0/0% in use; allocs: 15, 87% recycled; transfers: 14, 86% unfetched
05-30 14:03:46.579 D/CCodec ( 692): [c2.android.vorbis.decoder] buffers are bound to CCodec for this session
05-30 14:03:46.579 D/CCodecConfig( 692): no c2 equivalents for durationUs
05-30 14:03:46.579 D/CCodecConfig( 692): no c2 equivalents for track-id
05-30 14:03:46.579 D/CCodecConfig( 692): no c2 equivalents for csd-1
05-30 14:03:46.579 D/CCodecConfig( 692): no c2 equivalents for flags
05-30 14:03:46.580 D/BufferPoolAccessor2.0( 692): bufferpool2 0xddbce368 : 0(0 size) total buffers - 0(0 size) used buffers - 1/7 (recycle/alloc) - 6/24 (fetch/transfer)
05-30 14:03:46.580 D/BufferPoolAccessor2.0( 692): Destruction - bufferpool2 0xddbce368 cached: 0/0M, 0/0% in use; allocs: 7, 14% recycled; transfers: 24, 75% unfetched
05-30 14:03:46.580 D/BufferPoolAccessor2.0( 692): bufferpool2 0xddbd2388 : 0(0 size) total buffers - 0(0 size) used buffers - 2/7 (recycle/alloc) - 8/26 (fetch/transfer)
05-30 14:03:46.580 D/BufferPoolAccessor2.0( 692): Destruction - bufferpool2 0xddbd2388 cached: 0/0M, 0/0% in use; allocs: 7, 29% recycled; transfers: 26, 69% unfetched
05-30 14:03:46.580 D/BufferPoolAccessor2.0( 692): bufferpool2 0xddbd3a08 : 0(0 size) total buffers - 0(0 size) used buffers - 2/7 (recycle/alloc) - 5/24 (fetch/transfer)
05-30 14:03:46.580 D/BufferPoolAccessor2.0( 692): Destruction - bufferpool2 0xddbd3a08 cached: 0/0M, 0/0% in use; allocs: 7, 29% recycled; transfers: 24, 79% unfetched
05-30 14:03:46.580 D/BufferPoolAccessor2.0( 692): bufferpool2 0xddbd0be8 : 0(0 size) total buffers - 0(0 size) used buffers - 2/7 (recycle/alloc) - 5/34 (fetch/transfer)
05-30 14:03:46.580 D/BufferPoolAccessor2.0( 692): Destruction - bufferpool2 0xddbd0be8 cached: 0/0M, 0/0% in use; allocs: 7, 29% recycled; transfers: 34, 85% unfetched
05-30 14:03:46.580 D/BufferPoolAccessor2.0( 692): bufferpool2 0xddbcfe68 : 0(0 size) total buffers - 0(0 size) used buffers - 2/7 (recycle/alloc) - 5/34 (fetch/transfer)
05-30 14:03:46.580 D/BufferPoolAccessor2.0( 692): Destruction - bufferpool2 0xddbcfe68 cached: 0/0M, 0/0% in use; allocs: 7, 29% recycled; transfers: 34, 85% unfetched
05-30 14:03:46.581 D/BufferPoolAccessor2.0( 692): bufferpool2 0xddbd3348 : 0(0 size) total buffers - 0(0 size) used buffers - 1/7 (recycle/alloc) - 6/18 (fetch/transfer)
05-30 14:03:46.581 D/BufferPoolAccessor2.0( 692): Destruction - bufferpool2 0xddbd3348 cached: 0/0M, 0/0% in use; allocs: 7, 14% recycled; transfers: 18, 67% unfetched
05-30 14:03:46.581 I/CCodecBufferChannel( 692): [c2.android.vorbis.decoder#644] Created output block pool with allocatorID 16 => poolID 23 - OK
05-30 14:03:46.581 D/CCodecBufferChannel( 692): [c2.android.vorbis.decoder#644] Configured output block pool ids 23 => OK
05-30 14:03:46.582 I/C2VendorComponentStore( 482): setDmaBufUsage 5
05-30 14:03:46.585 D/SimpleC2Component( 620): Using output block pool with poolID 23 => got 23 - 0
05-30 14:03:46.589 D/CCodecConfig( 692): c2 config diff is c2::u32 coded.bitrate.value = 112000
05-30 14:03:46.589 D/CCodecConfig( 692): c2::u32 raw.channel-count.value = 2
05-30 14:03:46.589 D/CCodecConfig( 692): c2::u32 raw.sample-rate.value = 44100
05-30 14:03:46.590 W/Codec2Client( 692): query -- param skipped: index = 1107298332.
05-30 14:03:46.590 D/CCodec ( 692): encoding statistics level = 0
05-30 14:03:46.590 D/CCodec ( 692): setup formats input: AMessage(what = 0x00000000) = {
05-30 14:03:46.590 D/CCodec ( 692): int32_t bitrate = 112000
05-30 14:03:46.590 D/CCodec ( 692): int32_t channel-count = 2
05-30 14:03:46.590 D/CCodec ( 692): int32_t max-input-size = 32768
05-30 14:03:46.590 D/CCodec ( 692): string mime = "audio/vorbis"
05-30 14:03:46.590 D/CCodec ( 692): int32_t sample-rate = 44100
05-30 14:03:46.590 D/CCodec ( 692): }
05-30 14:03:46.590 D/CCodec ( 692): setup formats output: AMessage(what = 0x00000000) = {
05-30 14:03:46.590 D/CCodec ( 692): int32_t channel-count = 2
05-30 14:03:46.590 D/CCodec ( 692): string mime = "audio/raw"
05-30 14:03:46.590 D/CCodec ( 692): int32_t sample-rate = 44100
05-30 14:03:46.590 D/CCodec ( 692): int32_t channel-mask = 3
05-30 14:03:46.590 D/CCodec ( 692): int32_t android._config-pcm-encoding = 2
05-30 14:03:46.590 D/CCodec ( 692): }
05-30 14:03:46.590 I/CCodecConfig( 692): query failed after returning 7 values (BAD_INDEX)
05-30 14:03:46.591 W/Codec2Client( 692): query -- param skipped: index = 1342179345.
05-30 14:03:46.591 W/Codec2Client( 692): query -- param skipped: index = 2415921170.
05-30 14:03:46.592 I/C2VendorComponentStore( 482): setDmaBufUsage 5
05-30 14:03:46.592 D/CCodecBufferChannel( 692): [c2.android.vorbis.decoder#365] Created input block pool with allocatorID 16 => poolID 24 - OK (0)
05-30 14:03:46.594 I/CCodecBufferChannel( 692): [c2.android.vorbis.decoder#365] Created output block pool with allocatorID 16 => poolID 24 - OK
05-30 14:03:46.594 D/CCodecBufferChannel( 692): [c2.android.vorbis.decoder#365] Configured output block pool ids 24 => OK
05-30 14:03:46.594 I/C2VendorComponentStore( 482): setDmaBufUsage 5
05-30 14:03:46.595 I/C2VendorComponentStore( 482): setDmaBufUsage 5
05-30 14:03:46.596 D/SimpleC2Component( 620): Using output block pool with poolID 24 => got 24 - 0
05-30 14:03:46.596 I/C2VendorComponentStore( 482): setDmaBufUsage 5
05-30 14:03:46.638 D/CCodecBufferChannel( 692): [c2.android.vorbis.decoder#365] MediaCodec discarded an unknown buffer
05-30 14:03:46.638 D/CCodecBufferChannel( 692): [c2.android.vorbis.decoder#365] MediaCodec discarded an unknown buffer
05-30 14:03:46.640 I/hw-BpHwBinder( 692): onLastStrongRef automatically unlinking death recipients
05-30 14:03:46.640 I/hw-BpHwBinder( 620): onLastStrongRef automatically unlinking death recipients
05-30 14:03:46.641 D/MediaCodec( 692): flushMediametrics
05-30 14:03:46.653 I/AmFFmpegByteIOAdapter( 608): File size : 13299
05-30 14:03:46.654 W/exFFmpeg( 608): Invalid return value 0 for stream protocol
05-30 14:03:46.654 W/exFFmpeg( 608): Invalid return value 0 for stream protocol
05-30 14:03:46.654 I/AmFFmpegExtractor( 608): checkInList: iswhite:0, mime:audio/ogg, type:1, id:86021 tag:0
05-30 14:03:46.654 I/AmFFmpegExtractor( 608): checkInList: iswhite:1, mime:audio/ogg, type:1, id:86021 tag:0
05-30 14:03:46.654 E/AmFFmpegExtractor( 608): codec_ctx->properties: 0
05-30 14:03:46.654 I/AmFFmpegExtractor( 608): checkSupportInList ret 1
05-30 14:03:46.657 I/AmFFmpegExtractor( 608): checkInList: iswhite:0, mime:audio/ogg, type:1, id:86021 tag:0
05-30 14:03:46.657 I/AmFFmpegExtractor( 608): checkInList: iswhite:1, mime:audio/ogg, type:1, id:86021 tag:0
05-30 14:03:46.657 E/AmFFmpegExtractor( 608): codec_ctx->properties: 0
05-30 14:03:46.657 I/AmFFmpegExtractor( 608): checkSupportInList ret 0
05-30 14:03:46.657 E/AmFFmpegExtractor( 608): vendor do not support
05-30 14:03:46.664 D/MediaCodecList( 692): codecHandlesFormat: no format, so no extra checks
05-30 14:03:46.665 D/CCodecBufferChannel( 692): [c2.android.vorbis.decoder#644] MediaCodec discarded an unknown buffer
05-30 14:03:46.665 D/CCodecBufferChannel( 692): [c2.android.vorbis.decoder#644] MediaCodec discarded an unknown buffer
05-30 14:03:46.665 D/CCodecBufferChannel( 692): [c2.android.vorbis.decoder#644] MediaCodec discarded an unknown buffer
05-30 14:03:46.666 D/CCodec ( 692): allocate(c2.android.vorbis.decoder)
05-30 14:03:46.668 I/hw-BpHwBinder( 692): onLastStrongRef automatically unlinking death recipients
05-30 14:03:46.669 I/hw-BpHwBinder( 620): onLastStrongRef automatically unlinking death recipients
05-30 14:03:46.669 I/hw-BpHwBinder( 620): onLastStrongRef automatically unlinking death recipients
05-30 14:03:46.670 I/CCodec ( 692): setting up 'default' as default (vendor) store
05-30 14:03:46.671 D/MediaCodec( 692): flushMediametrics
05-30 14:03:46.674 I/CCodec ( 692): Created component [c2.android.vorbis.decoder]
05-30 14:03:46.674 D/CCodecConfig( 692): read media type: audio/vorbis
05-30 14:03:46.676 D/ReflectedParamUpdater( 692): extent() != 1 for single value type: algo.buffers.max-count.values
05-30 14:03:46.676 D/ReflectedParamUpdater( 692): extent() != 1 for single value type: output.subscribed-indices.values
05-30 14:03:46.676 D/ReflectedParamUpdater( 692): extent() != 1 for single value type: input.buffers.allocator-ids.values
05-30 14:03:46.676 D/ReflectedParamUpdater( 692): extent() != 1 for single value type: output.buffers.allocator-ids.values
05-30 14:03:46.676 D/ReflectedParamUpdater( 692): extent() != 1 for single value type: algo.buffers.allocator-ids.values
05-30 14:03:46.676 D/ReflectedParamUpdater( 692): extent() != 1 for single value type: output.buffers.pool-ids.values
05-30 14:03:46.677 D/ReflectedParamUpdater( 692): extent() != 1 for single value type: algo.buffers.pool-ids.values
05-30 14:03:46.678 I/CCodecConfig( 692): query failed after returning 7 values (BAD_INDEX)
05-30 14:03:46.678 D/CCodecConfig( 692): c2 config diff is Dict {
05-30 14:03:46.678 D/CCodecConfig( 692): c2::u32 coded.bitrate.value = 64000
05-30 14:03:46.678 D/CCodecConfig( 692): c2::u32 input.buffers.max-size.value = 32768
05-30 14:03:46.678 D/CCodecConfig( 692): c2::u32 input.delay.value = 0
05-30 14:03:46.678 D/CCodecConfig( 692): string input.media-type.value = "audio/vorbis"
05-30 14:03:46.678 D/CCodecConfig( 692): string output.media-type.value = "audio/raw"
05-30 14:03:46.678 D/CCodecConfig( 692): c2::u32 raw.channel-count.value = 1
05-30 14:03:46.678 D/CCodecConfig( 692): c2::u32 raw.sample-rate.value = 48000
05-30 14:03:46.678 D/CCodecConfig( 692): }
05-30 14:03:46.680 D/MediaCodec( 692): flushMediametrics
05-30 14:03:46.680 D/CCodec ( 692): [c2.android.vorbis.decoder] buffers are bound to CCodec for this session
05-30 14:03:46.680 D/CCodecConfig( 692): no c2 equivalents for durationUs
05-30 14:03:46.680 D/CCodecConfig( 692): no c2 equivalents for track-id
05-30 14:03:46.680 D/CCodecConfig( 692): no c2 equivalents for csd-1
05-30 14:03:46.680 D/CCodecConfig( 692): no c2 equivalents for flags
05-30 14:03:46.681 D/CCodecConfig( 692): c2 config diff is c2::u32 coded.bitrate.value = 112000
05-30 14:03:46.681 D/CCodecConfig( 692): c2::u32 raw.channel-count.value = 2
05-30 14:03:46.681 D/CCodecConfig( 692): c2::u32 raw.sample-rate.value = 44100
05-30 14:03:46.682 W/Codec2Client( 692): query -- param skipped: index = 1107298332.
05-30 14:03:46.682 D/CCodec ( 692): encoding statistics level = 0
05-30 14:03:46.682 D/CCodec ( 692): setup formats input: AMessage(what = 0x00000000) = {
05-30 14:03:46.682 D/CCodec ( 692): int32_t bitrate = 112000
05-30 14:03:46.682 D/CCodec ( 692): int32_t channel-count = 2
05-30 14:03:46.682 D/CCodec ( 692): int32_t max-input-size = 32768
05-30 14:03:46.682 D/CCodec ( 692): string mime = "audio/vorbis"
05-30 14:03:46.682 D/CCodec ( 692): int32_t sample-rate = 44100
05-30 14:03:46.682 D/CCodec ( 692): }
05-30 14:03:46.682 D/CCodec ( 692): setup formats output: AMessage(what = 0x00000000) = {
05-30 14:03:46.682 D/CCodec ( 692): int32_t channel-count = 2
05-30 14:03:46.682 D/CCodec ( 692): string mime = "audio/raw"
05-30 14:03:46.682 D/CCodec ( 692): int32_t sample-rate = 44100
05-30 14:03:46.682 D/CCodec ( 692): int32_t channel-mask = 3
05-30 14:03:46.682 D/CCodec ( 692): int32_t android._config-pcm-encoding = 2
05-30 14:03:46.682 D/CCodec ( 692): }
05-30 14:03:46.682 I/CCodecConfig( 692): query failed after returning 7 values (BAD_INDEX)
05-30 14:03:46.683 W/Codec2Client( 692): query -- param skipped: index = 1342179345.
05-30 14:03:46.684 W/Codec2Client( 692): query -- param skipped: index = 2415921170.
05-30 14:03:46.686 D/CCodecBufferChannel( 692): [c2.android.vorbis.decoder#621] Created input block pool with allocatorID 16 => poolID 25 - OK (0)
05-30 14:03:46.686 D/XM_HIDREAD( 1982): poll ret=1, event=1
05-30 14:03:46.686 D/XM_HIDREAD( 1982): [9 bytes]:01 00 00 00 00 00 00 00 00
05-30 14:03:46.688 I/SogouIME( 1455): onKeyUp: keyoCode=20
05-30 14:03:46.688 I/DefaultIMS( 1455): onKeyUp: keyoCode=20
05-30 14:03:46.688 E/SecondScreen( 1482): FirstScreenLayoutView dispatchKeyEvent 20
05-30 14:03:46.689 I/CCodecBufferChannel( 692): [c2.android.vorbis.decoder#621] Created output block pool with allocatorID 16 => poolID 25 - OK
05-30 14:03:46.689 D/CCodecBufferChannel( 692): [c2.android.vorbis.decoder#621] Configured output block pool ids 25 => OK
05-30 14:03:46.690 I/C2VendorComponentStore( 482): setDmaBufUsage 5
05-30 14:03:46.691 D/SimpleC2Component( 620): Using output block pool with poolID 25 => got 25 - 0
05-30 14:03:46.696 I/C2VendorComponentStore( 482): setDmaBufUsage 5
05-30 14:03:46.722 D/CCodecBufferChannel( 692): [c2.android.vorbis.decoder#621] MediaCodec discarded an unknown buffer
05-30 14:03:46.722 D/CCodecBufferChannel( 692): [c2.android.vorbis.decoder#621] MediaCodec discarded an unknown buffer
05-30 14:03:46.723 I/hw-BpHwBinder( 692): onLastStrongRef automatically unlinking death recipients
05-30 14:03:46.723 I/hw-BpHwBinder( 620): onLastStrongRef automatically unlinking death recipients
05-30 14:03:46.723 I/hw-BpHwBinder( 620): onLastStrongRef automatically unlinking death recipients
05-30 14:03:46.725 D/MediaCodec( 692): flushMediametrics
05-30 14:03:46.765 D/XM_HIDREAD( 1982): poll ret=1, event=1
05-30 14:03:46.765 D/XM_HIDREAD( 1982): [9 bytes]:01 00 00 51 00 00 00 00 00
05-30 14:03:46.766 I/SogouIME( 1455): onKeyDown: keyoCode=20
05-30 14:03:46.766 I/DefaultIMS( 1455): onKeyDown: keyoCode=20
05-30 14:03:46.767 E/SecondScreen( 1482): FirstScreenLayoutView dispatchKeyEvent 20
05-30 14:03:46.885 D/XM_HIDREAD( 1982): poll ret=1, event=1
05-30 14:03:46.886 D/XM_HIDREAD( 1982): [9 bytes]:01 00 00 00 00 00 00 00 00
05-30 14:03:46.888 I/SogouIME( 1455): onKeyUp: keyoCode=20
05-30 14:03:46.888 I/DefaultIMS( 1455): onKeyUp: keyoCode=20
05-30 14:03:46.888 E/SecondScreen( 1482): FirstScreenLayoutView dispatchKeyEvent 20
05-30 14:03:46.902 E/SecondScreen( 1482): isShowSecondScreen()=1 getCurrentPageState()=com.monster.gamma.core.LoadService@b025b62
05-30 14:03:47.036 I/keystore2( 278): system/security/keystore2/src/watchdog.rs:319 - Watchdog thread idle -> terminating. Have a great day.
05-30 14:03:47.208 I/ThermalService( 999): CPU temperatures: [52.100002]
05-30 14:03:47.407 I/wificond( 618): Received external scan result notification from kernel.
05-30 14:03:47.407 D/WifiNl80211Manager( 692): Scan result ready event
05-30 14:03:47.407 D/WifiNative( 692): Scan result ready event
05-30 14:03:47.409 I/wpa_supplicant( 1212): wlan0: Trying to associate with 58:c7:ac:78:9e:b0 (SSID='DB-machines5G' freq=5745 MHz)
05-30 14:03:47.409 I/wpa_supplicant( 1212): assoc key_mgmt 0x2 network key_mgmt 0x142
05-30 14:03:47.411 W/ContextImpl( 692): Calling a method in the system process without a qualified user: android.app.ContextImpl.sendStickyBroadcast:1626 com.android.server.wifi.ClientModeImpl.sendNetworkChangeBroadcast:3008 com.android.server.wifi.ClientModeImpl.lambda$sendNetworkChangeBroadcastWithCurrentState$14:2985 com.android.server.wifi.ClientModeImpl.$r8$lambda$q-j88Pjw4gROgoJFr8wBlBVbuJI:0 com.android.server.wifi.ClientModeImpl$$ExternalSyntheticLambda4.send:0
05-30 14:03:47.413 I/WifiClientModeImpl[20588:wlan0]( 692): Update current security type to 2
05-30 14:03:47.415 D/RockyReceiver( 1713): action: android.net.wifi.STATE_CHANGE
05-30 14:03:47.454 D/XM_HIDREAD( 1982): poll ret=1, event=1
05-30 14:03:47.454 D/XM_HIDREAD( 1982): [9 bytes]:01 00 00 52 00 00 00 00 00
05-30 14:03:47.456 I/SogouIME( 1455): onKeyDown: keyoCode=19
05-30 14:03:47.456 I/DefaultIMS( 1455): onKeyDown: keyoCode=19
05-30 14:03:47.589 D/XM_HIDREAD( 1982): poll ret=1, event=1
05-30 14:03:47.589 D/XM_HIDREAD( 1982): [9 bytes]:01 00 00 00 00 00 00 00 00
05-30 14:03:47.591 I/SogouIME( 1455): onKeyUp: keyoCode=19
05-30 14:03:47.591 I/DefaultIMS( 1455): onKeyUp: keyoCode=19
05-30 14:03:47.679 D/XM_HIDREAD( 1982): poll ret=1, event=1
05-30 14:03:47.679 D/XM_HIDREAD( 1982): [9 bytes]:01 00 00 52 00 00 00 00 00
05-30 14:03:47.680 I/SogouIME( 1455): onKeyDown: keyoCode=19
05-30 14:03:47.680 I/DefaultIMS( 1455): onKeyDown: keyoCode=19
05-30 14:03:47.791 D/XM_HIDREAD( 1982): poll ret=1, event=1
05-30 14:03:47.791 D/XM_HIDREAD( 1982): [9 bytes]:01 00 00 00 00 00 00 00 00
05-30 14:03:47.793 I/SogouIME( 1455): onKeyUp: keyoCode=19
05-30 14:03:47.793 I/DefaultIMS( 1455): onKeyUp: keyoCode=19
05-30 14:03:47.881 D/XM_HIDREAD( 1982): poll ret=1, event=1
05-30 14:03:47.881 D/XM_HIDREAD( 1982): [9 bytes]:01 00 00 52 00 00 00 00 00
05-30 14:03:47.885 I/SogouIME( 1455): onKeyDown: keyoCode=19
05-30 14:03:47.885 I/DefaultIMS( 1455): onKeyDown: keyoCode=19
05-30 14:03:47.914 I/wpa_supplicant( 1212): assoc key_mgmt 0x2 network key_mgmt 0x142
05-30 14:03:47.915 I/wpa_supplicant( 1212): wlan0: Associated with 58:c7:ac:78:9e:b0
05-30 14:03:47.915 I/wpa_supplicant( 1212): wlan0: CTRL-EVENT-SUBNET-STATUS-UPDATE status=0
05-30 14:03:47.916 I/wpa_supplicant( 1212): wlan0: WPA: RX message 1 of 4-Way Handshake from 58:c7:ac:78:9e:b0 (ver=2)
05-30 14:03:47.916 I/wpa_supplicant( 1212): assoc key_mgmt 0x2 network key_mgmt 0x142
05-30 14:03:47.916 I/wpa_supplicant( 1212): wlan0: WPA: Sending EAPOL-Key 2/4
05-30 14:03:47.921 I/WifiClientModeImpl[20588:wlan0]( 692): Update current security type to 2
05-30 14:03:47.921 I/wpa_supplicant( 1212): wlan0: RSN: RX message 3 of 4-Way Handshake from 58:c7:ac:78:9e:b0 (ver=2)
05-30 14:03:47.921 I/wpa_supplicant( 1212): wlan0: WPA: Sending EAPOL-Key 4/4
05-30 14:03:47.925 W/ContextImpl( 692): Calling a method in the system process without a qualified user: android.app.ContextImpl.sendStickyBroadcast:1626 com.android.server.wifi.ClientModeImpl.sendNetworkChangeBroadcast:3008 com.android.server.wifi.ClientModeImpl.lambda$sendNetworkChangeBroadcastWithCurrentState$14:2985 com.android.server.wifi.ClientModeImpl.$r8$lambda$q-j88Pjw4gROgoJFr8wBlBVbuJI:0 com.android.server.wifi.ClientModeImpl$$ExternalSyntheticLambda4.send:0
05-30 14:03:47.926 I/WifiClientModeImpl[20588:wlan0]( 692): Update current security type to 2
05-30 14:03:47.932 I/wpa_supplicant( 1212): assoc key_mgmt 0x2 network key_mgmt 0x142
05-30 14:03:47.935 I/WifiClientModeImpl[20588:wlan0]( 692): Update current security type to 2
05-30 14:03:47.936 D/RockyReceiver( 1713): action: android.net.wifi.STATE_CHANGE
05-30 14:03:47.947 I/wpa_supplicant( 1212): wlan0: WPA: Key negotiation completed with 58:c7:ac:78:9e:b0 [PTK=CCMP GTK=TKIP]
05-30 14:03:47.947 I/wpa_supplicant( 1212): wlan0: CTRL-EVENT-CONNECTED - Connection to 58:c7:ac:78:9e:b0 completed [id=0 id_str=%7B%22configKey%22%3A%22%5C%22DB-machines5G%5C%22WPA_PSK%22%2C%22creatorUid%22%3A%2210029%22%7D]
05-30 14:03:47.949 I/wpa_supplicant( 1212): assoc key_mgmt 0x2 network key_mgmt 0x142
05-30 14:03:47.952 I/WifiClientModeImpl[20588:wlan0]( 692): Update current security type to 2 from network connection event.
05-30 14:03:47.966 I/wpa_supplicant( 1212): wpa_driver_nl80211_driver_cmd: wifi vendor: aml_w2_s
05-30 14:03:47.966 I/wpa_supplicant( 1212): wpa_driver_nl80211_driver_cmd: wlan0: private command: MACADDR
05-30 14:03:47.970 W/ContextImpl( 692): Calling a method in the system process without a qualified user: android.app.ContextImpl.sendStickyBroadcast:1626 com.android.server.wifi.ClientModeImpl.sendNetworkChangeBroadcast:3008 com.android.server.wifi.ClientModeImpl.lambda$sendNetworkChangeBroadcastWithCurrentState$14:2985 com.android.server.wifi.ClientModeImpl.$r8$lambda$q-j88Pjw4gROgoJFr8wBlBVbuJI:0 com.android.server.wifi.ClientModeImpl$$ExternalSyntheticLambda4.send:0
05-30 14:03:47.978 D/RockyReceiver( 1713): action: android.net.wifi.STATE_CHANGE
05-30 14:03:47.980 I/ConnectivityService( 692): Update score for net 100 : +IS_UNMETERED
05-30 14:03:47.982 D/ConnectivityService( 692): registerNetworkAgent NetworkAgentInfo{network{100} handle{432902426637} ni{WIFI CONNECTING extra: } created=2025-05-30T06:03:47.980Z Score(Policies : IS_UNMETERED ; KeepConnected : 0) lp{{LinkAddresses: [ ] DnsAddresses: [ ] Domains: null MTU: 0 Routes: [ ]}} nc{[ Transports: WIFI Capabilities: NOT_METERED&INTERNET&NOT_RESTRICTED&TRUSTED&NOT_VPN&NOT_ROAMING&NOT_CONGESTED&NOT_SUSPENDED&NOT_VCN_MANAGED LinkUpBandwidth>=1200000Kbps LinkDnBandwidth>=1200000Kbps Specifier: TransportInfo: , Provider friendly name: , Requesting package name: "DB-machines5G"wpa2-pskMLO Information: , Is TID-To-Link negotiation supported by the AP: false, AP MLD Address: , AP MLO Link Id: , AP MLO Affiliated links: > AllowedUids: <{10029}> OwnerUid: 10029 AdminUids: [10029] SSID: "DB-machines5G" UnderlyingNetworks: Null]} factorySerialNumber=4}
05-30 14:03:47.990 W/ContextImpl( 692): Calling a method in the system process without a qualified user: android.app.ContextImpl.sendStickyBroadcast:1626 com.android.server.wifi.ClientModeImpl.sendNetworkChangeBroadcast:3008 com.android.server.wifi.ClientModeImpl.lambda$sendNetworkChangeBroadcastWithCurrentState$14:2985 com.android.server.wifi.ClientModeImpl.$r8$lambda$q-j88Pjw4gROgoJFr8wBlBVbuJI:0 com.android.server.wifi.ClientModeImpl$$ExternalSyntheticLambda4.send:0
05-30 14:03:47.994 D/XM_HIDREAD( 1982): poll ret=1, event=1
05-30 14:03:47.994 D/XM_HIDREAD( 1982): [9 bytes]:01 00 00 00 00 00 00 00 00
05-30 14:03:47.994 D/RockyReceiver( 1713): action: android.net.wifi.STATE_CHANGE
05-30 14:03:47.997 I/SogouIME( 1455): onKeyUp: keyoCode=19
05-30 14:03:47.997 I/DefaultIMS( 1455): onKeyUp: keyoCode=19
05-30 14:03:48.003 I/wpa_supplicant( 1212): wpa_driver_nl80211_driver_cmd: wifi vendor: aml_w2_s
05-30 14:03:48.003 I/wpa_supplicant( 1212): wpa_driver_nl80211_driver_cmd: wlan0: private command: BTCOEXMODE 2
05-30 14:03:48.005 D/CompatibilityChangeReporter( 1057): Compat change id reported: 186082280; UID 1073; state: ENABLED
05-30 14:03:48.010 I/WifiHAL ( 500): call wifi_get_link_stats handler
05-30 14:03:48.010 I/WifiHAL ( 500): Creating message to get link statistics; iface = 16
05-30 14:03:48.010 D/WifiHAL ( 500): error code -95 mapped to -3
05-30 14:03:48.011 E/WifiStaIfaceAidlImpl( 692): getLinkLayerStats failed with service-specific exception: android.os.ServiceSpecificException: (code 4)
05-30 14:03:48.012 I/WifiClientModeImpl[20588:wlan0]( 692): Update current security type to 2
05-30 14:03:48.016 D/CompatibilityChangeReporter( 692): Compat change id reported: 171306433; UID 1073; state: ENABLED
05-30 14:03:48.017 I/WifiHAL ( 500): call wifi_get_link_stats handler
05-30 14:03:48.017 I/WifiHAL ( 500): Creating message to get link statistics; iface = 16
05-30 14:03:48.020 D/ConnectivityService( 692): [100 WIFI] EVENT_NETWORK_INFO_CHANGED, going from CONNECTING to CONNECTING
05-30 14:03:48.022 D/WifiHAL ( 500): error code -95 mapped to -3
05-30 14:03:48.022 E/WifiStaIfaceAidlImpl( 692): getLinkLayerStats failed with service-specific exception: android.os.ServiceSpecificException: (code 4)
05-30 14:03:48.012 I/IpClient.wlan0( 1057): type=1400 audit(0.0:994): avc: denied { search } for name="net" dev="sysfs" ino=12345 scontext=u:r:network_stack:s0 tcontext=u:object_r:sysfs_net:s0 tclass=dir permissive=1
05-30 14:03:48.020 I/IpClient.wlan0( 1057): type=1400 audit(0.0:995): avc: denied { read } for name="address" dev="sysfs" ino=22127 scontext=u:r:network_stack:s0 tcontext=u:object_r:sysfs_net:s0 tclass=file permissive=1
05-30 14:03:48.020 I/IpClient.wlan0( 1057): type=1400 audit(0.0:996): avc: denied { open } for path="/sys/devices/virtual/net/dummy0/address" dev="sysfs" ino=22127 scontext=u:r:network_stack:s0 tcontext=u:object_r:sysfs_net:s0 tclass=file permissive=1
05-30 14:03:48.020 I/IpClient.wlan0( 1057): type=1400 audit(0.0:997): avc: denied { getattr } for path="/sys/devices/virtual/net/dummy0/address" dev="sysfs" ino=22127 scontext=u:r:network_stack:s0 tcontext=u:object_r:sysfs_net:s0 tclass=file permissive=1
05-30 14:03:48.027 D/NetworkMonitor/100( 1057): checkAndRenewResourceConfig: update captive portal https urls to [https://www.google.com/generate_204]
05-30 14:03:48.028 D/NetworkMonitor/100( 1057): checkAndRenewResourceConfig: update captive portal http urls to [http://connectivitycheck.gstatic.com/generate_204]
05-30 14:03:48.029 D/NetworkMonitor/100( 1057): checkAndRenewResourceConfig: update captive portal fallback urls to[http://www.google.com/gen_204, http://play.googleapis.com/generate_204]
05-30 14:03:48.029 D/NetworkMonitor( 1057): Starting on network 100 with capport HTTPS URL [https://www.google.com/generate_204] and HTTP URL [http://connectivitycheck.gstatic.com/generate_204]
05-30 14:03:48.036 I/ConnectivityService( 692): Update score for net 100 : +TRANSPORT_PRIMARY
05-30 14:03:48.037 D/ConnectivityService( 692): NetReassign [no changes] [c 0] [a 0] [i 1]
05-30 14:03:48.041 D/ConnectivityService( 692): NetReassign [no changes] [c 0] [a 0] [i 0]
05-30 14:03:48.059 D/WifiHAL ( 500): Setting APF program, halHandle = 0xf4002920
05-30 14:03:48.059 I/WifiHAL ( 500): createRequest: APF set program request
05-30 14:03:48.060 D/WifiHAL ( 500): error code -95 mapped to -3
05-30 14:03:48.060 I/WifiHAL ( 500): Request Response failed for APF, result = -3
05-30 14:03:48.060 E/WifiStaIfaceAidlImpl( 692): installApfPacketFilter failed with service-specific exception: android.os.ServiceSpecificException: (code 4)
05-30 14:03:48.060 D/WifiHAL ( 500): Setting APF program, halHandle = 0xf4002920
05-30 14:03:48.061 I/WifiHAL ( 500): createRequest: APF set program request
05-30 14:03:48.061 D/WifiHAL ( 500): error code -95 mapped to -3
05-30 14:03:48.061 I/WifiHAL ( 500): Request Response failed for APF, result = -3
05-30 14:03:48.061 E/WifiStaIfaceAidlImpl( 692): installApfPacketFilter failed with service-specific exception: android.os.ServiceSpecificException: (code 4)
05-30 14:03:48.077 D/ApfFilter( 1057): (wlan0): begin monitoring
05-30 14:03:48.084 D/XM_HIDREAD( 1982): poll ret=1, event=1
05-30 14:03:48.084 D/XM_HIDREAD( 1982): [9 bytes]:01 00 00 52 00 00 00 00 00
05-30 14:03:48.085 I/SogouIME( 1455): onKeyDown: keyoCode=19
05-30 14:03:48.085 I/DefaultIMS( 1455): onKeyDown: keyoCode=19
05-30 14:03:48.086 E/SecondScreen( 1482): FirstScreenLayoutView dispatchKeyEvent 19
05-30 14:03:48.101 D/IpClient/wlan0( 1057): routeUpdated: fe80::/64 -> :: wlan0 mtu 0
05-30 14:03:48.103 D/IpClient/wlan0( 1057): addressUpdated: fe80::630c:e917:bda5:f47c/64 on ifindex 16 flags 0x000008C4 scope 253
05-30 14:03:48.106 D/TrafficStats( 1057): tagSocket(101) with statsTag=0xfffffe01, statsUid=-1
05-30 14:03:48.110 D/IpClient.wlan0( 1057): set max DTIM multiplier to 1
05-30 14:03:48.112 D/ConnectivityService( 692): Adding iface wlan0 to network 100
05-30 14:03:48.112 D/WifiHAL ( 500): Setting DTIM config , halHandle = 0xf4002920 Multiplier = 1
05-30 14:03:48.112 I/WifiHAL ( 500): Successfully configured dtim multiplier 1
05-30 14:03:48.112 D/WifiHAL ( 500): error code -95 mapped to -3
05-30 14:03:48.112 E/Netd ( 464): no such netId 100
05-30 14:03:48.112 E/WifiStaIfaceAidlImpl( 692): setDtimMultiplier failed with service-specific exception: android.os.ServiceSpecificException: (code 4)
05-30 14:03:48.113 W/ConnectivityService( 692): Exception adding interface: android.os.ServiceSpecificException: Machine is not on the network (code 64)
05-30 14:03:48.113 I/wpa_supplicant( 1212): wpa_driver_nl80211_driver_cmd: wifi vendor: aml_w2_s
05-30 14:03:48.113 I/wpa_supplicant( 1212): wpa_driver_nl80211_driver_cmd: wlan0: private command: SETSUSPENDMODE 0
05-30 14:03:48.113 D/CompatibilityChangeReporter( 692): Compat change id reported: 186082280; UID 1000; state: ENABLED
05-30 14:03:48.114 E/Netd ( 464): no such netId 100
05-30 14:03:48.116 W/BestClock( 692): java.time.DateTimeException: Missing network time fix
05-30 14:03:48.123 I/WifiHAL ( 500): call wifi_get_link_stats handler
05-30 14:03:48.124 I/WifiHAL ( 500): Creating message to get link statistics; iface = 16
05-30 14:03:48.124 D/WifiHAL ( 500): error code -95 mapped to -3
05-30 14:03:48.124 E/WifiStaIfaceAidlImpl( 692): getLinkLayerStats failed with service-specific exception: android.os.ServiceSpecificException: (code 4)
05-30 14:03:48.130 W/BestClock( 692): java.time.DateTimeException: Missing network time fix
05-30 14:03:48.136 D/DhcpClient( 1057): Broadcasting DHCPDISCOVER
05-30 14:03:48.187 D/DhcpClient( 1057): Received packet: 1c:79:2d:20:62:b5 OFFER, ip /192.168.3.222, mask /255.255.254.0, DNS servers: /202.96.134.133 /202.96.128.166 , gateways [/192.168.3.1], lease time 3600, domain null
05-30 14:03:48.189 D/DhcpClient( 1057): Got pending lease: com.android.networkstack.android.net.DhcpResults@d6811a15 DHCP server /192.168.3.1 Vendor info null lease 3600 seconds Servername
05-30 14:03:48.193 D/DhcpClient( 1057): Broadcasting DHCPREQUEST ciaddr=0.0.0.0 request=192.168.3.222 serverid=192.168.3.1
05-30 14:03:48.197 D/XM_HIDREAD( 1982): poll ret=1, event=1
05-30 14:03:48.197 D/XM_HIDREAD( 1982): [9 bytes]:01 00 00 00 00 00 00 00 00
05-30 14:03:48.199 I/SogouIME( 1455): onKeyUp: keyoCode=19
05-30 14:03:48.199 I/DefaultIMS( 1455): onKeyUp: keyoCode=19
05-30 14:03:48.199 E/SecondScreen( 1482): FirstScreenLayoutView dispatchKeyEvent 19
05-30 14:03:48.286 D/DhcpClient( 1057): Received packet: 1c:79:2d:20:62:b5 ACK: your new IP /192.168.3.222, netmask /255.255.254.0, gateways [/192.168.3.1] DNS servers: /202.96.134.133 /202.96.128.166 , lease time 3600
05-30 14:03:48.287 D/DhcpClient( 1057): Confirmed lease: com.android.networkstack.android.net.DhcpResults@d6811a15 DHCP server /192.168.3.1 Vendor info null lease 3600 seconds Servername
05-30 14:03:48.296 D/nStackXDFinder( 2271): IfAddrMsgHandle:[85] :Interface wlan0 got new address.
05-30 14:03:48.296 I/nStackXDFinder( 2271): UpdateLocalNetworkInterface:[472] :UpdateLocalNetworkInterface exec,initerfaceName:wlan0
05-30 14:03:48.296 E/nStackXDFinder( 2271): GetLocalIp:[401] :GetLocalIp exec
05-30 14:03:48.296 E/nStackXDFinder( 2271): GetLocalIp:[407] :GetLocalIp, ifInfo is null
05-30 14:03:48.296 I/nStackXDFinder( 2271): UpdateLocalNetworkInterface:[498] :UpdateLocalNetworkInterface copy ip value in default process
05-30 14:03:48.296 E/nStackXDFinder( 2271): GetLocalIp:[401] :GetLocalIp exec
