05-30 14:03:48.296 D/nStackXCoAP( 2271): CoapServerInit:[174] :CoapServerInit is called
05-30 14:03:48.296 E/nStackXDFinder( 2271): GetLocalIp:[401] :GetLocalIp exec
05-30 14:03:48.297 I/nStackXUtil( 2271): BindToDevice:[352] :BindToDevice exec
05-30 14:03:48.300 I/wpa_supplicant( 1212): wpa_driver_nl80211_driver_cmd: wifi vendor: aml_w2_s
05-30 14:03:48.300 I/wpa_supplicant( 1212): wpa_driver_nl80211_driver_cmd: wlan0: private command: BTCOEXMODE 2
05-30 14:03:48.301 I/WifiClientModeImpl[20588:wlan0]( 692): Update current security type to 2
05-30 14:03:48.301 D/XM_HIDREAD( 1982): poll ret=1, event=1
05-30 14:03:48.301 D/XM_HIDREAD( 1982): [9 bytes]:01 00 00 52 00 00 00 00 00
05-30 14:03:48.303 I/SogouIME( 1455): onKeyDown: keyoCode=19
05-30 14:03:48.303 I/DefaultIMS( 1455): onKeyDown: keyoCode=19
05-30 14:03:48.304 E/SecondScreen( 1482): FirstScreenLayoutView dispatchKeyEvent 19
05-30 14:03:48.307 I/nStackXUtil( 2271): GetInterfaceByPriority:[279] :GetInterfaceByPriority exec
05-30 14:03:48.307 I/nStackXUtil( 2271): GetInterfaceByDefault:[309] :GetInterfaceByDefault exec
05-30 14:03:48.307 I/nStackXUtil( 2271): GetInterfaceByDefault:[316] :GetInterfaceByDefault, ndevice name: lo
05-30 14:03:48.307 I/nStackXUtil( 2271): GetInterfaceByDefault:[316] :GetInterfaceByDefault, ndevice name: wlan0
05-30 14:03:48.307 I/nStackXUtil( 2271): BindToDevice:[374] :BindToDevice, Bind localAddr name: wlan0
05-30 14:03:48.307 I/nStackXUtil( 2271): BindToDeviceInner:[191] :binding interface wlan0 success
05-30 14:03:48.307 D/nStackXCoAP( 2271): CoapInitResources:[744] :CoapInitResources g_wlanOrEthContext update
05-30 14:03:48.307 W/ContextImpl( 692): Calling a method in the system process without a qualified user: android.app.ContextImpl.sendStickyBroadcast:1626 com.android.server.wifi.ClientModeImpl.sendNetworkChangeBroadcast:3008 com.android.server.wifi.ClientModeImpl.lambda$sendNetworkChangeBroadcastWithCurrentState$14:2985 com.android.server.wifi.ClientModeImpl.$r8$lambda$q-j88Pjw4gROgoJFr8wBlBVbuJI:0 com.android.server.wifi.ClientModeImpl$$ExternalSyntheticLambda4.send:0
05-30 14:03:48.309 D/IpClient/wlan0( 1057): addressUpdated: 192.168.3.222/23 on ifindex 16 flags 0x00000080 scope 0
05-30 14:03:48.311 D/RockyReceiver( 1713): action: android.net.wifi.STATE_CHANGE
05-30 14:03:48.312 E/Netd ( 464): no such netId 100
05-30 14:03:48.313 E/ConnectivityService( 692): Exception in networkAddRouteParcel for non-gateway: android.os.ServiceSpecificException: Machine is not on the network (code 64)
05-30 14:03:48.313 E/Netd ( 464): no such netId 100
05-30 14:03:48.314 E/ConnectivityService( 692): Exception in networkAddRouteParcel for gateway: android.os.ServiceSpecificException: Machine is not on the network (code 64)
05-30 14:03:48.316 D/DhcpClient( 1057): Scheduling renewal in 1799s
05-30 14:03:48.316 D/DhcpClient( 1057): Scheduling rebind in 3149s
05-30 14:03:48.317 D/DhcpClient( 1057): Scheduling expiry in 3599s
05-30 14:03:48.323 D/WifiHAL ( 500): Setting APF program, halHandle = 0xf4002920
05-30 14:03:48.323 I/WifiHAL ( 500): createRequest: APF set program request
05-30 14:03:48.323 D/WifiHAL ( 500): error code -95 mapped to -3
05-30 14:03:48.323 I/WifiHAL ( 500): Request Response failed for APF, result = -3
05-30 14:03:48.323 E/WifiStaIfaceAidlImpl( 692): installApfPacketFilter failed with service-specific exception: android.os.ServiceSpecificException: (code 4)
05-30 14:03:48.327 D/ConnectivityService( 692): Setting DNS servers for network 100 to [/202.96.134.133, /202.96.128.166]
05-30 14:03:48.327 W/BroadcastLoopers( 692): Found previously unknown looper Thread[ConnectivityServiceThread,5,main]
05-30 14:03:48.328 W/ContextImpl( 692): Calling a method in the system process without a qualified user: android.app.ContextImpl.sendStickyBroadcast:1626 com.android.server.wifi.ClientModeImpl.sendNetworkChangeBroadcast:3008 com.android.server.wifi.ClientModeImpl.lambda$sendNetworkChangeBroadcastWithCurrentState$14:2985 com.android.server.wifi.ClientModeImpl.$r8$lambda$q-j88Pjw4gROgoJFr8wBlBVbuJI:0 com.android.server.wifi.ClientModeImpl$$ExternalSyntheticLambda4.send:0
05-30 14:03:48.328 D/ConnectivityService( 692): [100 WIFI] EVENT_NETWORK_INFO_CHANGED, going from CONNECTING to CONNECTED
05-30 14:03:48.328 W/IPCThreadState( 692): Sending oneway calls to frozen process.
05-30 14:03:48.329 W/IPCThreadState( 692): Sending oneway calls to frozen process.
05-30 14:03:48.333 D/DnsManager( 692): sendDnsConfigurationForNetwork(100, [202.96.134.133, 202.96.128.166], [], 1800, 25, 8, 64, 0, 0, , [])
05-30 14:03:48.339 D/RockyReceiver( 1713): action: android.net.wifi.STATE_CHANGE
05-30 14:03:48.339 W/DnsManager( 692): updatePrivateDns(100, PrivateDnsConfig{true:/[]})
05-30 14:03:48.339 D/ConnectivityService( 692): Setting DNS servers for network 100 to [/202.96.134.133, /202.96.128.166]
05-30 14:03:48.340 D/DnsManager( 692): sendDnsConfigurationForNetwork(100, [202.96.134.133, 202.96.128.166], [], 1800, 25, 8, 64, 0, 0, , [202.96.134.133, 202.96.128.166])
05-30 14:03:48.342 W/resolv ( 464): Validating DnsTlsServer 202.96.134.133 with mark 0xf0064
05-30 14:03:48.342 D/ConnectivityService( 692): Adding iface wlan0 to network 100
05-30 14:03:48.342 W/IPCThreadState( 692): Sending oneway calls to frozen process.
05-30 14:03:48.343 W/IPCThreadState( 692): Sending oneway calls to frozen process.
05-30 14:03:48.346 W/WifiScoreReport( 692): Cannot start external scoring netId=100 currentNetId=100 currentNetCapabilities=[ Transports: WIFI Capabilities: NOT_METERED&INTERNET&NOT_RESTRICTED&TRUSTED&NOT_VPN&NOT_ROAMING&NOT_CONGESTED&NOT_SUSPENDED&NOT_VCN_MANAGED LinkUpBandwidth>=12000Kbps LinkDnBandwidth>=60000Kbps Specifier: TransportInfo: , Provider friendly name: , Requesting package name: "DB-machines5G"wpa2-pskMLO Information: , Is TID-To-Link negotiation supported by the AP: false, AP MLD Address: , AP MLO Link Id: , AP MLO Affiliated links: > SignalStrength: -60 AllowedUids: <{10029}> OwnerUid: 10029 AdminUids: [10029] SSID: "DB-machines5G" UnderlyingNetworks: Null] sessionId=1008
05-30 14:03:48.348 W/resolv ( 464): Validating DnsTlsServer 202.96.128.166 with mark 0xf0064
05-30 14:03:48.350 W/resolv ( 464): Socket failed to connect: Network is unreachable
05-30 14:03:48.350 W/resolv ( 464): Socket failed to connect: Network is unreachable
05-30 14:03:48.350 W/resolv ( 464): TCP Handshake failed: 101
05-30 14:03:48.350 W/resolv ( 464): TCP Handshake failed: 101
05-30 14:03:48.350 W/resolv ( 464): query failed
05-30 14:03:48.350 W/resolv ( 464): query failed
05-30 14:03:48.350 W/resolv ( 464): validateDnsTlsServer returned 0 for 202.96.134.133
05-30 14:03:48.350 W/resolv ( 464): validateDnsTlsServer returned 0 for 202.96.128.166
05-30 14:03:48.351 W/resolv ( 464): Validation failed
05-30 14:03:48.355 W/resolv ( 464): Validation failed
05-30 14:03:48.359 D/ConnectivityService( 692): Setting DNS servers for network 100 to [/202.96.134.133, /202.96.128.166]
05-30 14:03:48.359 D/DnsManager( 692): sendDnsConfigurationForNetwork(100, [202.96.134.133, 202.96.128.166], [], 1800, 25, 8, 64, 0, 0, , [202.96.134.133, 202.96.128.166])
05-30 14:03:48.361 D/WifiMemoryStoreImpl( 692): Set cluster G3d3ebbf601e73c21 for Wd5d96bf946e7e00c: SUCCESS
05-30 14:03:48.361 W/resolv ( 464): Validating DnsTlsServer 202.96.134.133 with mark 0xf0064
05-30 14:03:48.364 W/resolv ( 464): Validating DnsTlsServer 202.96.128.166 with mark 0xf0064
05-30 14:03:48.365 W/IPCThreadState( 692): Sending oneway calls to frozen process.
05-30 14:03:48.366 W/IPCThreadState( 692): Sending oneway calls to frozen process.
05-30 14:03:48.370 W/BestClock( 692): java.time.DateTimeException: Missing network time fix
05-30 14:03:48.372 D/WifiMemoryStoreImpl( 692): Set cluster G3d3ebbf601e73c21 for W91cf4c8ddfce3227: SUCCESS
05-30 14:03:48.379 D/WifiMemoryStoreImpl( 692): Set cluster G3d3ebbf601e73c21 for Wb8cfbf70d919f214: SUCCESS
05-30 14:03:48.381 W/BestClock( 692): java.time.DateTimeException: Missing network time fix
05-30 14:03:48.386 D/ConnectivityService( 692): Switching to new default network for: uid/pid:1000/692 activeRequest: 1 callbackRequest: 1 [NetworkRequest [ REQUEST id=1, [ Capabilities: INTERNET&NOT_RESTRICTED&TRUSTED&NOT_VPN&NOT_VCN_MANAGED RequestorUid: 1000 RequestorPkg: android UnderlyingNetworks: Null] ]] callback flags: 1 order: 2147483647 using NetworkAgentInfo{network{100} handle{432902426637} ni{WIFI CONNECTED extra: } created=2025-05-30T06:03:47.980Z Score(Policies : TRANSPORT_PRIMARY&IS_UNMETERED ; KeepConnected : 0) created 42543 lp{{InterfaceName: wlan0 LinkAddresses: [ fe80::630c:e917:bda5:f47c/64,192.168.3.222/23 ] DnsAddresses: [ /202.96.134.133,/202.96.128.166 ] Domains: null MTU: 0 ServerAddress: /192.168.3.1 TcpBufferSizes: 524288,1048576,2097152,262144,524288,1048576 Routes: [ fe80::/64 -> :: wlan0 mtu 0,192.168.2.0/23 -> 0.0.0.0 wlan0 mtu 0,0.0.0.0/0 -> 192.168.3.1 wlan0 mtu 0 ]}} nc{[ Transports: WIFI Capabilities: NOT_METERED&INTERNET&NOT_RESTRICTED&TRUSTED&NOT_VPN&NOT_ROAMING&FOREGROUND&NOT_CONGESTED&NOT_SUSPENDED&NOT_VCN_MANAGED LinkUpBandwidth>=12000Kbps LinkDnBandwidth>=60000Kbps Specifier: TransportInfo: , Provider friendly name: , Requesting package name: "DB-machines5G"wpa2-pskMLO Information: , Is TID-To-Link negotiation supported by the AP: false, AP MLD Address: , AP MLO Link Id: , AP MLO Affiliated links: > SignalStrength: -60 OwnerUid: 10029 AdminUids: [10029] SSID: "DB-machines5G" UnderlyingNetworks: Null]} factorySerialNumber=4}
05-30 14:03:48.387 E/WifiStaIfaceAidlImpl( 692): stopRssiMonitoring failed with service-specific exception: android.os.ServiceSpecificException: (code 5)
05-30 14:03:48.388 D/XM_HIDREAD( 1982): add@ add@/devices/virtual/xt_idletimer/timers
05-30 14:03:48.389 E/NetlinkEvent( 464): NetlinkEvent::FindParam(): Parameter 'INTERFACE' not found
05-30 14:03:48.389 E/NetlinkEvent( 464): NetlinkEvent::FindParam(): Parameter 'STATE' not found
05-30 14:03:48.389 E/NetlinkEvent( 464): NetlinkEvent::FindParam(): Parameter 'TIME_NS' not found
05-30 14:03:48.389 E/NetlinkEvent( 464): NetlinkEvent::FindParam(): Parameter 'UID' not found
05-30 14:03:48.389 D/WifiMemoryStoreImpl( 692): Set cluster G3d3ebbf601e73c21 for W265e7efff769d96f: SUCCESS
05-30 14:03:48.391 D/NetworkMonitor/100( 1057): Validation disabled.
05-30 14:03:48.395 W/BestClock( 692): java.time.DateTimeException: Missing network time fix
05-30 14:03:48.399 D/WifiMemoryStoreImpl( 692): Set cluster G3d3ebbf601e73c21 for W69dcac454eec14d: SUCCESS
05-30 14:03:48.405 D/WifiMemoryStoreImpl( 692): Set cluster G3d3ebbf601e73c21 for Wfa626341504f976b: SUCCESS
05-30 14:03:48.410 D/XM_HIDREAD( 1982): poll ret=1, event=1
05-30 14:03:48.410 D/XM_HIDREAD( 1982): [9 bytes]:01 00 00 00 00 00 00 00 00
05-30 14:03:48.411 D/WifiMemoryStoreImpl( 692): Set cluster G3d3ebbf601e73c21 for W3d3ebbf601e73c21: SUCCESS
05-30 14:03:48.412 I/SogouIME( 1455): onKeyUp: keyoCode=19
05-30 14:03:48.412 I/DefaultIMS( 1455): onKeyUp: keyoCode=19
05-30 14:03:48.412 E/SecondScreen( 1482): FirstScreenLayoutView dispatchKeyEvent 19
05-30 14:03:48.416 W/BestClock( 692): java.time.DateTimeException: Missing network time fix
05-30 14:03:48.416 D/hq ( 1482): NetWorkStateReceiver:::检查网络,并且持续更新 isConnect=true
05-30 14:03:48.416 W/BestClock( 692): java.time.DateTimeException: Missing network time fix
05-30 14:03:48.416 W/BestClock( 692): java.time.DateTimeException: Missing network time fix
05-30 14:03:48.416 E/hq ( 1482): NetWorkStateReceiver:::Network is available. isConnect=false 是否频次过快=false t=1748585028416
05-30 14:03:48.417 W/eventbuscore( 1482): post Event:com.dangbei.leard.base.entity.event.NetStateEvent
05-30 14:03:48.417 D/AppManager( 1482): requestBlackAndWhiteList
05-30 14:03:48.418 D/AppListModel( 1482): requestAppFilterList: true , false
05-30 14:03:48.420 E/hq ( 1482): listenerNet:::重新来网了 key=image_error isConnect=true
05-30 14:03:48.420 D/hq ( 1482): NetWorkStateReceiver:::检查网络,并且持续更新 isConnect=true
05-30 14:03:48.421 E/hq ( 1482): listenerNet:::重新来网了 key=requestAppWhiteList isConnect=true
05-30 14:03:48.422 E/hq ( 1482): listenerNet:::重新来网了 key=ConfigureInterface:Init isConnect=true
05-30 14:03:48.426 D/yc_test ( 1482): refreshWeather: null
05-30 14:03:48.436 D/UpstreamNetworkMonitor( 1057): New default Internet network: 100
05-30 14:03:48.437 D/NetworkTimeUpdateService( 692): New default network 100; checking time.
05-30 14:03:48.436 E/DangXiaoBeiManager( 1482): setMessageList: true
05-30 14:03:48.440 E/hq ( 1482): listenerNet:::重新来网了 key=requestGetMessageRemind isConnect=true
05-30 14:03:48.442 E/hq ( 1482): listenerNet:::重新来网了 key=requestMessageConfig isConnect=true
05-30 14:03:48.443 E/hq ( 1482): listenerNet:::重新来网了 key=requestMessageDialog isConnect=true
05-30 14:03:48.443 E/hq ( 1482): listenerNet:::重新来网了 key=requestNetAppAdInfo isConnect=true
05-30 14:03:48.444 E/hq ( 1482): listenerNet:::重新来网了 key=sendInspectUpdate isConnect=true
05-30 14:03:48.449 D/yc_test ( 1482): refreshWeather: null
05-30 14:03:48.452 E/hq ( 1482): 当小贝:::message list add complete data.messageList:[]
05-30 14:03:48.452 E/hq ( 1482): data.tabList=[]
05-30 14:03:48.453 I/hq ( 1482): 当小贝:::showMessage from=net_change
05-30 14:03:48.454 I/hq ( 1482): 当小贝:::showMessage 没有消息需要显示
05-30 14:03:48.464 D/InstantWifi( 692): Receive Wifi is connected, freq = 5745 and currentNetworkId : 0, wifiinfo = SSID: , BSSID: 02:00:00:00:00:00, MAC: 02:00:00:00:00:00, IP: /192.168.3.222, Security type: 2, Supplicant state: COMPLETED, Wi-Fi standard: 6, RSSI: -60, Link speed: 1200Mbps, Tx Link speed: 1200Mbps, Max Supported Tx Link speed: 1200Mbps, Rx Link speed: 34Mbps, Max Supported Rx Link speed: 1200Mbps, Frequency: 5745MHz, Net ID: -1, Metered hint: false, score: 60, isUsable: true, CarrierMerged: false, SubscriptionId: -1, IsPrimary: 1, Trusted: true, Restricted: false, Ephemeral: false, OEM paid: false, OEM private: false, OSU AP: false, FQDN: , Provider friendly name: , Requesting package name: MLO Information: , Is TID-To-Link negotiation supported by the AP: false, AP MLD Address: , AP MLO Link Id: , AP MLO Affiliated links:
05-30 14:03:48.471 W/BestClock( 692): java.time.DateTimeException: Missing network time fix
05-30 14:03:48.472 W/BestClock( 692): java.time.DateTimeException: Missing network time fix
05-30 14:03:48.472 I/NsdService( 692): type=1400 audit(0.0:998): avc: denied { read } for name="address" dev="sysfs" ino=22127 scontext=u:r:system_server:s0 tcontext=u:object_r:sysfs_net:s0 tclass=file permissive=1
05-30 14:03:48.478 D/ConnectivityService( 692): Sending CONNECTED broadcast for type 1 [100 WIFI] isDefaultNetwork=true
05-30 14:03:48.478 W/ContextImpl( 692): Calling a method in the system process without a qualified user: android.app.ContextImpl.sendStickyBroadcast:1626 android.net.connectivity.com.android.server.ConnectivityService.sendStickyBroadcast:3280 android.net.connectivity.com.android.server.ConnectivityService.sendGeneralBroadcast:3250 android.net.connectivity.com.android.server.ConnectivityService.sendConnectedBroadcast:3223 android.net.connectivity.com.android.server.ConnectivityService.sendLegacyNetworkBroadcast:10138
05-30 14:03:48.485 D/ConnectivityService( 692): NetReassign [31 : null → 100, 1 : null → 100, 16 : null → 100, 41 : null → 100, 51 : null → 100, 22 : null → 100, 39 : null → 100, 24 : null → 100, 43 : null → 100, 47 : null → 100, 18 : null → 100, 7 : null → 100, 34 : null → 100, 14 : null → 100, 26 : null → 100, 45 : null → 100, 49 : null → 100] [c 0] [a 97] [i 3]
05-30 14:03:48.493 I/ConnectivityService( 692): Update score for net 100 : +EVER_EVALUATED
05-30 14:03:48.493 D/ConnectivityService( 692): [100 WIFI] validation passed
05-30 14:03:48.493 I/ConnectivityService( 692): Update capabilities for net 100 : +VALIDATED
05-30 14:03:48.493 I/ConnectivityService( 692): Update score for net 100 : +EVER_VALIDATED+IS_VALIDATED
05-30 14:03:48.501 D/TrafficStats( 692): tagSocket(412) with statsTag=0xffffffff, statsUid=-1
05-30 14:03:48.503 D/ConnectivityService( 692): NetReassign [no changes] [c 0] [a 0] [i 5]
05-30 14:03:48.507 E/MdnsAdvertiser( 692): Name conflict adding services that should have unique names
05-30 14:03:48.507 E/MdnsAdvertiser( 692): android.net.connectivity.com.android.server.connectivity.mdns.NameConflictException
05-30 14:03:48.507 E/MdnsAdvertiser( 692): at android.net.connectivity.com.android.server.connectivity.mdns.MdnsRecordRepository.addService(MdnsRecordRepository.java:314)
05-30 14:03:48.507 E/MdnsAdvertiser( 692): at android.net.connectivity.com.android.server.connectivity.mdns.MdnsInterfaceAdvertiser.addService(MdnsInterfaceAdvertiser.java:217)
05-30 14:03:48.507 E/MdnsAdvertiser( 692): at android.net.connectivity.com.android.server.connectivity.mdns.MdnsAdvertiser$InterfaceAdvertiserRequest.onSocketCreated(MdnsAdvertiser.java:304)
05-30 14:03:48.507 E/MdnsAdvertiser( 692): at android.net.connectivity.com.android.server.connectivity.mdns.MdnsSocketProvider.notifySocketCreated(MdnsSocketProvider.java:585)
05-30 14:03:48.507 E/MdnsAdvertiser( 692): at android.net.connectivity.com.android.server.connectivity.mdns.MdnsSocketProvider.createSocket(MdnsSocketProvider.java:526)
05-30 14:03:48.507 E/MdnsAdvertiser( 692): at android.net.connectivity.com.android.server.connectivity.mdns.MdnsSocketProvider.handleLinkPropertiesChanged(MdnsSocketProvider.java:411)
05-30 14:03:48.507 E/MdnsAdvertiser( 692): at android.net.connectivity.com.android.server.connectivity.mdns.MdnsSocketProvider.-$$Nest$mhandleLinkPropertiesChanged(MdnsSocketProvider.java:0)
05-30 14:03:48.507 E/MdnsAdvertiser( 692): at android.net.connectivity.com.android.server.connectivity.mdns.MdnsSocketProvider$2.onLinkPropertiesChanged(MdnsSocketProvider.java:185)
05-30 14:03:48.507 E/MdnsAdvertiser( 692): at android.net.ConnectivityManager$NetworkCallback.onAvailable(ConnectivityManager.java:3960)
05-30 14:03:48.507 E/MdnsAdvertiser( 692): at android.net.ConnectivityManager$NetworkCallback.onAvailable(ConnectivityManager.java:3936)
05-30 14:03:48.507 E/MdnsAdvertiser( 692): at android.net.ConnectivityManager$CallbackHandler.handleMessage(ConnectivityManager.java:4263)
05-30 14:03:48.507 E/MdnsAdvertiser( 692): at android.os.Handler.dispatchMessage(Handler.java:106)
05-30 14:03:48.507 E/MdnsAdvertiser( 692): at android.os.Looper.loopOnce(Looper.java:205)
05-30 14:03:48.507 E/MdnsAdvertiser( 692): at android.os.Looper.loop(Looper.java:294)
05-30 14:03:48.507 E/MdnsAdvertiser( 692): at android.os.HandlerThread.run(HandlerThread.java:67)
05-30 14:03:48.508 D/InstantWifi( 692): Receive Wifi is connected, freq = 5745 and currentNetworkId : 0, wifiinfo = SSID: , BSSID: 02:00:00:00:00:00, MAC: 02:00:00:00:00:00, IP: /192.168.3.222, Security type: 2, Supplicant state: COMPLETED, Wi-Fi standard: 6, RSSI: -60, Link speed: 1200Mbps, Tx Link speed: 1200Mbps, Max Supported Tx Link speed: 1200Mbps, Rx Link speed: 34Mbps, Max Supported Rx Link speed: 1200Mbps, Frequency: 5745MHz, Net ID: -1, Metered hint: false, score: 60, isUsable: true, CarrierMerged: false, SubscriptionId: -1, IsPrimary: 1, Trusted: true, Restricted: false, Ephemeral: false, OEM paid: false, OEM private: false, OSU AP: false, FQDN: , Provider friendly name: , Requesting package name: MLO Information: , Is TID-To-Link negotiation supported by the AP: false, AP MLD Address: , AP MLO Link Id: , AP MLO Affiliated links:
05-30 14:03:48.509 E/hq ( 1482): WeatherRefresh:::请求网络地址后,更新的地理位置为:null
05-30 14:03:48.512 D/CompatibilityChangeReporter( 692): Compat change id reported: 261072174; UID 1000; state: ENABLED
05-30 14:03:48.525 D/XM_HIDREAD( 1982): poll ret=1, event=1
05-30 14:03:48.525 D/XM_HIDREAD( 1982): [9 bytes]:01 00 00 52 00 00 00 00 00
05-30 14:03:48.527 I/SogouIME( 1455): onKeyDown: keyoCode=19
05-30 14:03:48.527 I/DefaultIMS( 1455): onKeyDown: keyoCode=19
05-30 14:03:48.527 E/SecondScreen( 1482): FirstScreenLayoutView dispatchKeyEvent 19
05-30 14:03:48.530 D/ConnectivityService( 692): Setting DNS servers for network 100 to [/202.96.134.133, /202.96.128.166]
05-30 14:03:48.530 D/DnsManager( 692): sendDnsConfigurationForNetwork(100, [202.96.134.133, 202.96.128.166], [], 1800, 25, 8, 64, 0, 0, , [202.96.134.133, 202.96.128.166])
05-30 14:03:48.531 W/ContextImpl( 692): Calling a method in the system process without a qualified user: android.app.ContextImpl.sendStickyBroadcast:1626 android.net.connectivity.com.android.server.ConnectivityService.sendStickyBroadcast:3280 android.net.connectivity.com.android.server.ConnectivityService.sendGeneralBroadcast:3250 android.net.connectivity.com.android.server.ConnectivityService.sendInetConditionBroadcast:3227 android.net.connectivity.com.android.server.ConnectivityService.updateInetCondition:9819
05-30 14:03:48.531 W/IPCThreadState( 692): Sending oneway calls to frozen process.
05-30 14:03:48.532 W/IPCThreadState( 692): Sending oneway calls to frozen process.
05-30 14:03:48.532 W/LastMileLogger( 692): Failed to stop event tracing: /sys/kernel/debug/tracing/instances/wifi/tracing_on: open failed: ENOENT (No such file or directory)
05-30 14:03:48.539 D/WifiMemoryStoreImpl( 692): Set cluster G3d3ebbf601e73c21 for Wfa626341504f976b: SUCCESS
05-30 14:03:48.547 E/hq ( 1482): WeatherRefresh:::请求网络地址后,更新的地理位置为:null
05-30 14:03:48.555 D/WifiConfigStore( 692): Writing to stores completed in 14 ms.
05-30 14:03:48.579 D/CompatibilityChangeReporter( 2178): Compat change id reported: 263076149; UID 10027; state: DISABLED
05-30 14:03:48.590 D/XM_HIDREAD( 1982): poll ret=1, event=1
05-30 14:03:48.590 D/XM_HIDREAD( 1982): [9 bytes]:01 00 00 00 00 00 00 00 00
05-30 14:03:48.591 I/SogouIME( 1455): onKeyUp: keyoCode=19
05-30 14:03:48.591 I/DefaultIMS( 1455): onKeyUp: keyoCode=19
05-30 14:03:48.592 E/SecondScreen( 1482): FirstScreenLayoutView dispatchKeyEvent 19
05-30 14:03:48.598 D/CompatibilityChangeReporter( 2132): Compat change id reported: 263076149; UID 10071; state: ENABLED
05-30 14:03:48.604 D/CompatibilityChangeReporter( 1386): Compat change id reported: 263076149; UID 10058; state: ENABLED
05-30 14:03:48.605 E/TaskWorkerFactory( 1386): Cannot create worker: com.android.devicelockcontroller.provision.worker.DeviceCheckInWorker
05-30 14:03:48.605 E/TaskWorkerFactory( 1386): java.lang.NoSuchMethodException: com.android.devicelockcontroller.provision.worker.DeviceCheckInWorker. [class android.content.Context, class androidx.work.WorkerParameters, interface com.google.common.util.concurrent.ListeningExecutorService]
05-30 14:03:48.605 E/TaskWorkerFactory( 1386): at java.lang.Class.getConstructor0(Class.java:3325)
05-30 14:03:48.605 E/TaskWorkerFactory( 1386): at java.lang.Class.getDeclaredConstructor(Class.java:3063)
05-30 14:03:48.605 E/TaskWorkerFactory( 1386): at com.android.devicelockcontroller.policy.TaskWorkerFactory.createWorker(TaskWorkerFactory.java:53)
05-30 14:03:48.605 E/TaskWorkerFactory( 1386): at androidx.work.DelegatingWorkerFactory.createWorker(DelegatingWorkerFactory.java:71)
05-30 14:03:48.605 E/TaskWorkerFactory( 1386): at androidx.work.WorkerFactory.createWorkerWithDefaultFallback(WorkerFactory.java:82)
05-30 14:03:48.605 E/TaskWorkerFactory( 1386): at androidx.work.impl.WorkerWrapper.runWorker(WorkerWrapper.java:240)
05-30 14:03:48.605 E/TaskWorkerFactory( 1386): at androidx.work.impl.WorkerWrapper.run(WorkerWrapper.java:142)
05-30 14:03:48.605 E/TaskWorkerFactory( 1386): at androidx.work.impl.utils.SerialExecutorImpl$Task.run(SerialExecutorImpl.java:96)
05-30 14:03:48.605 E/TaskWorkerFactory( 1386): at java.util.concurrent.ThreadPoolExecutor.runWorker(ThreadPoolExecutor.java:1145)
05-30 14:03:48.605 E/TaskWorkerFactory( 1386): at java.util.concurrent.ThreadPoolExecutor$Worker.run(ThreadPoolExecutor.java:644)
05-30 14:03:48.605 E/TaskWorkerFactory( 1386): at java.lang.Thread.run(Thread.java:1012)
05-30 14:03:48.651 D/TrafficStats( 1482): tagSocket(165) with statsTag=0xffffffff, statsUid=-1
05-30 14:03:48.652 D/TrafficStats( 1482): tagSocket(128) with statsTag=0xffffffff, statsUid=-1
05-30 14:03:48.653 D/TrafficStats( 692): tagSocket(388) with statsTag=0xffffff41, statsUid=-1
05-30 14:03:48.653 D/TrafficStats( 1482): tagSocket(166) with statsTag=0xffffffff, statsUid=-1
05-30 14:03:48.654 D/TrafficStats( 1482): tagSocket(161) with statsTag=0xffffffff, statsUid=-1
05-30 14:03:48.657 D/TrafficStats( 1482): tagSocket(172) with statsTag=0xffffffff, statsUid=-1
05-30 14:03:48.660 D/TrafficStats( 1482): tagSocket(168) with statsTag=0xffffffff, statsUid=-1
05-30 14:03:48.662 I/system_server( 692): Background young concurrent copying GC freed 330581(12MB) AllocSpace objects, 38(1528KB) LOS objects, 48% free, 14MB/28MB, paused 499us,327us total 120.503ms
05-30 14:03:48.668 I/CheckInWorker( 1386): perform check-in request
05-30 14:03:48.684 W/CheckInWorker( 1386): CheckIn failed. No device identifier available!
05-30 14:03:48.687 I/WM-WorkerWrapper( 1386): Worker result FAILURE for Work [ id=fd21e077-dc97-4381-9edc-1207c8882ce4, tags={ com.android.devicelockcontroller.provision.worker.DeviceCheckInWorker } ]
05-30 14:03:48.692 D/CompatibilityChangeReporter( 991): Compat change id reported: 186082280; UID 10052; state: ENABLED
05-30 14:03:48.702 I/WM-WorkerWrapper( 2178): Worker result SUCCESS for Work [ id=f2599372-ebd7-4897-833e-3f744c6497f9, tags={ com.android.statementservice.domain.worker.RetryRequestWorker } ]
05-30 14:03:48.711 I/DrmHalHidl( 2132): No hidl drm factories found
05-30 14:03:48.711 I/DrmHalHidl( 2132): No hidl drm factories found
05-30 14:03:48.711 I/hwservicemanager( 232): getTransport: Cannot find entry android.hardware.drm@1.0::IDrmFactory/default in either framework or device VINTF manifest.
05-30 14:03:48.712 I/hwservicemanager( 232): getTransport: Cannot find entry android.hardware.drm@1.0::IDrmFactory/default in either framework or device VINTF manifest.
05-30 14:03:48.712 E/DrmHalHidl( 2132): Failed to find passthrough drm factories
05-30 14:03:48.712 E/DrmHalHidl( 2132): Failed to find passthrough drm factories
05-30 14:03:48.716 I/DrmUtils( 2132): found IDrmFactory. Instance name:[android.hardware.drm.IDrmFactory/clearkey]
05-30 14:03:48.716 I/DrmUtils( 2132): found IDrmFactory. Instance name:[android.hardware.drm.IDrmFactory/clearkey]
05-30 14:03:48.718 I/DrmUtils( 2132): found IDrmFactory. Instance name:[android.hardware.drm.IDrmFactory/widevine]
05-30 14:03:48.718 I/DrmUtils( 2132): found IDrmFactory. Instance name:[android.hardware.drm.IDrmFactory/widevine]
05-30 14:03:48.723 I/WVCdm-DrmFactory( 518): [app][com.android.rkpdapp] calling virtual ::ndk::ScopedAStatus wvdrm::hardware::drm::widevine::WVDrmFactory::createDrmPlugin(const Uuid &, const string &, std::shared_ptr< ::aidl::android::hardware::drm::IDrmPlugin> *)
05-30 14:03:48.724 D/WVCdm ( 518): Instantiating CDM metrics queue
05-30 14:03:48.724 D/WVCdm ( 518): Instantiating CDM.
05-30 14:03:48.734 D/WVCdm ( 518): [cdm_engine.cpp(581):QueryStatus] security_level = Default, query_token = WidevineCdmVersion
05-30 14:03:48.735 I/WVCdm ( 518): [file_utils.cpp(38):Exists] stat failed: ENOENT
05-30 14:03:48.736 I/WVCdm ( 518): [oemcrypto_adapter_dynamic.cpp(783):Initialize] Level 3 Build Info (v18): {"soc_vendor":"L3_34136","soc_model":"ARM 32 bit","ta_ver":"18.1.0+May 15 2024_23:17:25_","uses_opk":false,"tee_os":"none","tee_os_ver":"0.0.0","form_factor":"L3","implementer":"Widevine","fused":false}
05-30 14:03:48.736 I/WVCdm ( 518): [(0):] Level3 Library 34136 May 15 2024 23:17:25
05-30 14:03:48.772 I/WVCdm ( 518): [oemcrypto_adapter_dynamic.cpp(797):Initialize] L3 Initialized. Trying L1.
05-30 14:03:48.773 W/WVCdm ( 518): [oemcrypto_adapter_dynamic.cpp(810):Initialize] Could not load oemcrypto from path liboemcrypto.so. dlopen failed: library "liboemcrypto.so" not found
05-30 14:03:48.773 W/WVCdm ( 518): [oemcrypto_adapter_dynamic.cpp(814):Initialize] Could not load oemcrypto. Falling back to L3.
05-30 14:03:48.773 E/WVCdm ( 518): [oemcrypto_adapter_dynamic.cpp(1271):ValidateOrInstallL1KeyboxOrCert] L1 not initialized. Falling back to L3
05-30 14:03:48.773 I/WVCdm ( 518): [file_utils.cpp(38):Exists] stat failed: ENOENT
05-30 14:03:48.773 W/WVCdm ( 518): [oemcrypto_adapter_dynamic.cpp(1470):OEMCrypto_InitializeAndCheckKeybox] Keybox error: 25. Falling back to L3.
05-30 14:03:48.773 I/WVCdm ( 518): [oemcrypto_adapter_dynamic.cpp(846):Level1Terminate] L1 Terminate not needed
05-30 14:03:48.773 D/WVCdm ( 518): [crypto_session.cpp(472):CacheVersion] OEMCrypto version (default security level): 18.1
05-30 14:03:48.773 D/WVCdm ( 518): [crypto_session.cpp(481):CacheVersion] OEMCrypto version (L3 security level): 18.1
05-30 14:03:48.775 I/WVCdm-DrmFactory( 518): [app][com.android.rkpdapp] calling virtual ::ndk::ScopedAStatus wvdrm::hardware::drm::widevine::WVDrmFactory::createDrmPlugin(const Uuid &, const string &, std::shared_ptr< ::aidl::android::hardware::drm::IDrmPlugin> *)
05-30 14:03:48.776 D/WVCdm ( 518): [cdm_engine.cpp(581):QueryStatus] security_level = Default, query_token = WidevineCdmVersion
05-30 14:03:48.779 D/WVCdm ( 518): [cdm_engine.cpp(581):QueryStatus] security_level = Default, query_token = ProvisioningModel
05-30 14:03:48.781 I/RkpdWidevine( 2132): Not a WV provisioning 4.0 device. No provisioning required.
05-30 14:03:48.788 D/statsd_drm( 611): statsd_mediadrm skipping empty entry
05-30 14:03:48.791 D/WVCdm ( 518): [cdm_engine.cpp(581):QueryStatus] security_level = Default, query_token = ProvisioningModel
05-30 14:03:48.792 I/WVCdm ( 518): [(0):] L3 Terminate.
05-30 14:03:48.792 I/WM-WorkerWrapper( 2132): Worker result SUCCESS for Work [ id=aa99e12d-8047-417e-8acd-0f1c501d1127, tags={ com.android.rkpdapp.provisioner.WidevineProvisioner, WidevineProvisioner } ]
05-30 14:03:48.796 I/RkpdWidevine( 2132): Not a WV provisioning 4.0 device. No provisioning required.
05-30 14:03:48.796 E/nStackXDFinder( 2271): GetLocalIp:[401] :GetLocalIp exec
05-30 14:03:48.796 W/nStackXCoAP( 2271): CoapServiceDiscoverInner:[565] :clear device list
05-30 14:03:48.796 E/nStackXDFinder( 2271): GetLocalIp:[401] :GetLocalIp exec
05-30 14:03:48.796 E/nStackXDFinder( 2271): GetLocalIp:[401] :GetLocalIp exec
05-30 14:03:48.797 I/nStackXCoAP( 2271): CoapServiceDiscoverInner:[580] :the first time for device discover.
05-30 14:03:48.802 D/statsd_drm( 611): statsd_mediadrm skipping empty entry
05-30 14:03:48.805 I/WM-WorkerWrapper( 2132): Worker result SUCCESS for Work [ id=ac1eedf7-9ab5-4703-bfa5-54f27c8eaf11, tags={ com.android.rkpdapp.provisioner.WidevineProvisioner, WidevineProvisioner } ]
05-30 14:03:48.849 D/XM_HIDREAD( 1982): poll ret=1, event=1
05-30 14:03:48.849 D/XM_HIDREAD( 1982): [9 bytes]:01 00 00 4F 00 00 00 00 00
05-30 14:03:48.850 I/SogouIME( 1455): onKeyDown: keyoCode=22
05-30 14:03:48.850 I/DefaultIMS( 1455): onKeyDown: keyoCode=22
05-30 14:03:48.851 E/SecondScreen( 1482): FirstScreenLayoutView dispatchKeyEvent 22
05-30 14:03:48.897 E/nStackXDFinder( 2271): GetLocalIp:[401] :GetLocalIp exec
05-30 14:03:48.897 E/nStackXDFinder( 2271): GetLocalIp:[401] :GetLocalIp exec
05-30 14:03:48.897 E/nStackXDFinder( 2271): GetLocalIp:[401] :GetLocalIp exec
05-30 14:03:48.898 I/nStackXCoAP( 2271): CoapServiceDiscoverTimerHandle:[524] :the 2 times for device discover.
05-30 14:03:48.907 I/SdkSandboxManager( 692): Reconciling sdk data package directories for 0
05-30 14:03:48.936 D/nStackXCoAP( 2271): IsInSameNetwork:[276] :IsInSameNetwork exec
05-30 14:03:48.936 I/nStackXDFinder( 2271): GetLocalInterfaceDetail:[461] :GetLocalInterfaceDetail in
05-30 14:03:48.936 E/nStackXCoAP( 2271): IsInSameNetwork:[281] :IsInSameNetwork: not priority process
05-30 14:03:48.936 I/nStackXDFinder( 2271): NotifyDeviceListChanged:[540] :notify callback: device list changed callback is null
05-30 14:03:48.938 D/nStackXCoAP( 2271): IsInSameNetwork:[276] :IsInSameNetwork exec
05-30 14:03:48.938 I/nStackXDFinder( 2271): GetLocalInterfaceDetail:[461] :GetLocalInterfaceDetail in
05-30 14:03:48.938 E/nStackXCoAP( 2271): IsInSameNetwork:[281] :IsInSameNetwork: not priority process
05-30 14:03:48.938 I/nStackXDFinder( 2271): NotifyDeviceListChanged:[540] :notify callback: device list changed callback is null
05-30 14:03:48.940 D/nStackXCoAP( 2271): IsInSameNetwork:[276] :IsInSameNetwork exec
05-30 14:03:48.940 I/nStackXDFinder( 2271): GetLocalInterfaceDetail:[461] :GetLocalInterfaceDetail in
05-30 14:03:48.940 E/nStackXCoAP( 2271): IsInSameNetwork:[281] :IsInSameNetwork: not priority process
05-30 14:03:48.940 I/nStackXDFinder( 2271): NotifyDeviceListChanged:[540] :notify callback: device list changed callback is null
05-30 14:03:48.961 D/XM_HIDREAD( 1982): poll ret=1, event=1
05-30 14:03:48.961 D/XM_HIDREAD( 1982): [9 bytes]:01 00 00 00 00 00 00 00 00
05-30 14:03:48.964 I/SogouIME( 1455): onKeyUp: keyoCode=22
05-30 14:03:48.964 I/DefaultIMS( 1455): onKeyUp: keyoCode=22
05-30 14:03:48.965 E/SecondScreen( 1482): FirstScreenLayoutView dispatchKeyEvent 22
05-30 14:03:48.979 D/nStackXCoAP( 2271): IsInSameNetwork:[276] :IsInSameNetwork exec
05-30 14:03:48.979 I/nStackXDFinder( 2271): GetLocalInterfaceDetail:[461] :GetLocalInterfaceDetail in
05-30 14:03:48.979 E/nStackXCoAP( 2271): IsInSameNetwork:[281] :IsInSameNetwork: not priority process
05-30 14:03:48.979 I/nStackXDFinder( 2271): NotifyDeviceListChanged:[540] :notify callback: device list changed callback is null
05-30 14:03:48.983 D/nStackXCoAP( 2271): IsInSameNetwork:[276] :IsInSameNetwork exec
05-30 14:03:48.983 I/nStackXDFinder( 2271): GetLocalInterfaceDetail:[461] :GetLocalInterfaceDetail in
05-30 14:03:48.983 E/nStackXCoAP( 2271): IsInSameNetwork:[281] :IsInSameNetwork: not priority process
05-30 14:03:48.983 I/nStackXDFinder( 2271): NotifyDeviceListChanged:[540] :notify callback: device list changed callback is null
05-30 14:03:48.985 D/nStackXCoAP( 2271): IsInSameNetwork:[276] :IsInSameNetwork exec
05-30 14:03:48.985 I/nStackXDFinder( 2271): GetLocalInterfaceDetail:[461] :GetLocalInterfaceDetail in
05-30 14:03:48.985 E/nStackXCoAP( 2271): IsInSameNetwork:[281] :IsInSameNetwork: not priority process
05-30 14:03:48.985 I/nStackXDFinder( 2271): NotifyDeviceListChanged:[540] :notify callback: device list changed callback is null
05-30 14:03:48.987 W/System.err( 999): java.lang.NoSuchMethodException: android.net.SntpClient.requestTime [class java.lang.String, int, class android.net.Network]
05-30 14:03:48.988 W/System.err( 999): at java.lang.Class.getMethod(Class.java:2937)
05-30 14:03:48.988 W/System.err( 999): at java.lang.Class.getMethod(Class.java:2449)
05-30 14:03:48.988 W/System.err( 999): at com.droidlogic.NtpService.SyncTimeLock(NtpService.java:113)
05-30 14:03:48.988 W/System.err( 999): at com.droidlogic.NtpService.-$$Nest$mSyncTimeLock(Unknown Source:0)
05-30 14:03:48.988 W/System.err( 999): at com.droidlogic.NtpService$2.run(NtpService.java:104)
05-30 14:03:48.988 W/System.err( 999): at android.os.Handler.handleCallback(Handler.java:958)
05-30 14:03:48.988 W/System.err( 999): at android.os.Handler.dispatchMessage(Handler.java:99)
05-30 14:03:48.988 W/System.err( 999): at android.os.Looper.loopOnce(Looper.java:205)
05-30 14:03:48.988 W/System.err( 999): at android.os.Looper.loop(Looper.java:294)
05-30 14:03:48.988 W/System.err( 999): at android.os.HandlerThread.run(HandlerThread.java:67)
05-30 14:03:48.988 D/nStackXCoAP( 2271): IsInSameNetwork:[276] :IsInSameNetwork exec
05-30 14:03:48.988 I/nStackXDFinder( 2271): GetLocalInterfaceDetail:[461] :GetLocalInterfaceDetail in
05-30 14:03:48.988 E/nStackXCoAP( 2271): IsInSameNetwork:[281] :IsInSameNetwork: not priority process
05-30 14:03:48.988 I/nStackXDFinder( 2271): NotifyDeviceListChanged:[540] :notify callback: device list changed callback is null
05-30 14:03:48.990 I/SendAliveManager( 1455): doWhenNetworkStateChanged
05-30 14:03:48.992 E/StartupService( 1735): onConnected:
05-30 14:03:48.993 D/NearFieldManagerImpl( 2271): onReceive action get:android.net.conn.CONNECTIVITY_CHANGE
05-30 14:03:48.995 E/hq ( 1482): NetWorkStateReceiver:::NetWorkStateReceiver onReceive: 网络变化广播 >>>> intent.action=android.net.conn.CONNECTIVITY_CHANGE
05-30 14:03:48.995 D/RockyReceiver( 1713): action: android.net.conn.CONNECTIVITY_CHANGE
05-30 14:03:48.996 I/Receiver( 1713): 网络连接成功
05-30 14:03:48.996 E/hq ( 1482): NetWorkStateReceiver:::Network is available. isConnect=true 是否频次过快=true t=1748585028996
05-30 14:03:48.997 W/eventbuscore( 1482): post Event:com.dangbei.leard.base.entity.event.NetChangeEvent
05-30 14:03:48.997 D/aaa ( 1510): action:android.net.conn.CONNECTIVITY_CHANGE
05-30 14:03:48.998 W/BestClock( 692): java.time.DateTimeException: Missing network time fix
05-30 14:03:48.995 D/NearFieldUtils( 2271): getPreferredIpAddress exec
05-30 14:03:48.999 D/NearFieldUtils( 2271): getPreferredIpAddress by custom priority
05-30 14:03:48.999 D/NearFieldUtils( 2271): getIpByInterfaceSetting customIdnNetworkPriority:[]
05-30 14:03:48.999 D/NearFieldUtils( 2271): getPreferredIpAddress by default priority
05-30 14:03:49.007 W/BestClock( 692): java.time.DateTimeException: Missing network time fix
05-30 14:03:49.008 D/LanSocketServer( 1449): connect
05-30 14:03:49.008 D/nStackXCoAP( 2271): IsInSameNetwork:[276] :IsInSameNetwork exec
05-30 14:03:49.010 I/nStackXDFinder( 2271): GetLocalInterfaceDetail:[461] :GetLocalInterfaceDetail in
05-30 14:03:49.010 E/nStackXCoAP( 2271): IsInSameNetwork:[281] :IsInSameNetwork: not priority process
05-30 14:03:49.011 I/nStackXDFinder( 2271): NotifyDeviceListChanged:[540] :notify callback: device list changed callback is null
05-30 14:03:49.014 D/nStackXCoAP( 2271): IsInSameNetwork:[276] :IsInSameNetwork exec
05-30 14:03:49.014 I/nStackXDFinder( 2271): GetLocalInterfaceDetail:[461] :GetLocalInterfaceDetail in
05-30 14:03:49.014 E/nStackXCoAP( 2271): IsInSameNetwork:[281] :IsInSameNetwork: not priority process
05-30 14:03:49.015 I/nStackXDFinder( 2271): NotifyDeviceListChanged:[540] :notify callback: device list changed callback is null
05-30 14:03:49.016 D/nStackXCoAP( 2271): IsInSameNetwork:[276] :IsInSameNetwork exec
05-30 14:03:49.016 D/NearFieldUtils( 2271): to get wlan0 ip address
05-30 14:03:49.017 D/NearFieldUtils( 2271): get wlan0 IP succeed.
05-30 14:03:49.017 E/NearFieldManagerImpl( 2271): notifyByPriority: interfaceNameInUse is null
05-30 14:03:49.017 D/NearFieldManagerImpl( 2271): handleConnectivityAction: notified by default
05-30 14:03:49.017 I/nStackXDFinder( 2271): GetLocalInterfaceDetail:[461] :GetLocalInterfaceDetail in
05-30 14:03:49.017 E/nStackXCoAP( 2271): IsInSameNetwork:[281] :IsInSameNetwork: not priority process
05-30 14:03:49.017 D/nStackXCoAP( 2271): IsInSameNetwork:[276] :IsInSameNetwork exec
05-30 14:03:49.017 I/nStackXDFinder( 2271): GetLocalInterfaceDetail:[461] :GetLocalInterfaceDetail in
05-30 14:03:49.017 E/nStackXCoAP( 2271): IsInSameNetwork:[281] :IsInSameNetwork: not priority process
05-30 14:03:49.019 I/nStackXDFinder( 2271): NotifyDeviceListChanged:[540] :notify callback: device list changed callback is null
05-30 14:03:49.020 D/NearFieldUtils( 2271): to get wlan0 ip address
05-30 14:03:49.020 D/NearFieldUtils( 2271): get wlan0 IP succeed.
05-30 14:03:49.020 I/NearFieldManagerImpl( 2271): wlan Connected
05-30 14:03:49.021 I/HicomNf_java_to_c( 2271): notifyNetworkStateChanged with maskStr, networkType: 0, networkState: 0, mask:
05-30 14:03:49.021 I/HicomNfMainCtrlManager( 2271): NotifyNetworkStateChanged is called with networkState: 0
05-30 14:03:49.021 I/HicomNfMainCtrlManager( 2271): P2P and USB are both disconnected
05-30 14:03:49.021 I/HicomNfSecureManager( 2271): stop listening
05-30 14:03:49.021 I/HicomNfSecureManager( 2271): StopListening, m_sessionInfoLock out, before calling NSTACKX_DMsgClose 2
05-30 14:03:49.021 I/HicomNfSecureManager( 2271): StopListening, after calling NSTACKX_DMsgClose 2
05-30 14:03:49.028 I/HicomNf_java_to_c( 2271): notifyNetworkStateChanged with maskStr, networkType: 0, networkState: 1, mask: 255.255.254.0
05-30 14:03:49.028 I/HicomNfMainCtrlManager( 2271): NotifyNetworkStateChanged is called with networkState: 1
05-30 14:03:49.028 I/HicomNfSecureManager( 2271): StartListening, before calling NSTACKX_DMsgServer
05-30 14:03:49.028 I/nStackXDMsg( 2271): NSTACKX_DMsgServer:[1335] :msgReceiver is not NULL
05-30 14:03:49.029 D/nStackXDMsg( 2271): StartDMsgMainThread:[1274] :pthread_create
05-30 14:03:49.029 I/HicomNfSecureManager( 2271): StartListening, after calling NSTACKX_DMsgServer
05-30 14:03:49.029 I/HicomNfSecureManager( 2271): OnehopSecureCtrlManager: succeeded to StartListening with type 0
05-30 14:03:49.032 W/efs.info.manager( 2271): network change: wifi
05-30 14:03:49.044 I/gbei.screencast( 1735): type=1400 audit(0.0:1013): avc: denied { read } for name="u:object_r:serialno_prop:s0" dev="tmpfs" ino=323 scontext=u:r:untrusted_app_27:s0:c44,c256,c512,c768 tcontext=u:object_r:serialno_prop:s0 tclass=file permissive=1 app=com.dangbei.screencast
05-30 14:03:49.044 I/gbei.screencast( 1735): type=1400 audit(0.0:1014): avc: denied { open } for path="/dev/__properties__/u:object_r:serialno_prop:s0" dev="tmpfs" ino=323 scontext=u:r:untrusted_app_27:s0:c44,c256,c512,c768 tcontext=u:object_r:serialno_prop:s0 tclass=file permissive=1 app=com.dangbei.screencast
05-30 14:03:49.044 I/gbei.screencast( 1735): type=1400 audit(0.0:1015): avc: denied { getattr } for path="/dev/__properties__/u:object_r:serialno_prop:s0" dev="tmpfs" ino=323 scontext=u:r:untrusted_app_27:s0:c44,c256,c512,c768 tcontext=u:object_r:serialno_prop:s0 tclass=file permissive=1 app=com.dangbei.screencast
05-30 14:03:49.044 I/gbei.screencast( 1735): type=1400 audit(0.0:1016): avc: denied { map } for path="/dev/__properties__/u:object_r:serialno_prop:s0" dev="tmpfs" ino=323 scontext=u:r:untrusted_app_27:s0:c44,c256,c512,c768 tcontext=u:object_r:serialno_prop:s0 tclass=file permissive=1 app=com.dangbei.screencast
05-30 14:03:49.057 W/System.err( 1735): java.lang.NullPointerException: Attempt to invoke virtual method 'byte[] java.net.NetworkInterface.getHardwareAddress()' on a null object reference
05-30 14:03:49.057 W/System.err( 1735): at b.f.f.y.g.b(Unknown Source:11)
05-30 14:03:49.057 W/System.err( 1735): at b.d.a.a.p.c0(Unknown Source:2)
05-30 14:03:49.057 W/System.err( 1735): at b.f.f.w.b.(:16)
05-30 14:03:49.057 W/System.err( 1735): at com.dangbei.screencast.startup.StartupService.w(:2)
05-30 14:03:49.057 W/System.err( 1735): at b.f.f.h.g.b.run(:6)
05-30 14:03:49.058 W/System.err( 1735): at b.d.a.a.n.a(Unknown Source:10)
05-30 14:03:49.058 W/System.err( 1735): at b.f.f.h.g.j.onReceive(Unknown Source:20)
05-30 14:03:49.058 W/System.err( 1735): at android.app.LoadedApk$ReceiverDispatcher$Args.lambda$getRunnable$0(LoadedApk.java:1811)
05-30 14:03:49.058 W/System.err( 1735): at android.app.LoadedApk$ReceiverDispatcher$Args.$r8$lambda$gDuJqgxY6Zb-ifyeubKeivTLAwk(Unknown Source:0)
05-30 14:03:49.058 W/System.err( 1735): at android.app.LoadedApk$ReceiverDispatcher$Args$$ExternalSyntheticLambda0.run(Unknown Source:2)
05-30 14:03:49.058 W/System.err( 1735): at android.os.Handler.handleCallback(Handler.java:958)
05-30 14:03:49.058 W/System.err( 1735): at android.os.Handler.dispatchMessage(Handler.java:99)
05-30 14:03:49.058 W/System.err( 1735): at android.os.Looper.loopOnce(Looper.java:205)
05-30 14:03:49.058 W/System.err( 1735): at android.os.Looper.loop(Looper.java:294)
05-30 14:03:49.058 W/System.err( 1735): at android.app.ActivityThread.main(ActivityThread.java:8255)
05-30 14:03:49.058 W/System.err( 1735): at java.lang.reflect.Method.invoke(Native Method)
05-30 14:03:49.058 W/System.err( 1735): at com.android.internal.os.RuntimeInit$MethodAndArgsCaller.run(RuntimeInit.java:552)
05-30 14:03:49.058 W/System.err( 1735): at com.android.internal.os.ZygoteInit.main(ZygoteInit.java:978)
05-30 14:03:49.058 W/System.err( 1449): SLF4J: Failed to load class "org.slf4j.impl.StaticLoggerBinder".
05-30 14:03:49.058 W/System.err( 1449): SLF4J: Defaulting to no-operation (NOP) logger implementation
05-30 14:03:49.058 W/System.err( 1449): SLF4J: See http://www.slf4j.org/codes.html#StaticLoggerBinder for further details.
05-30 14:03:49.060 D/LanSocketServer( 1449): connect /192.168.3.222:6689
05-30 14:03:49.060 D/LanSocketServer( 1449): connect start
05-30 14:03:49.060 E/LanCommander( 1449): onNetWorkChanged: true
05-30 14:03:49.062 D/TrafficStats( 1449): tagSocket(84) with statsTag=0xffffffff, statsUid=-1
05-30 14:03:49.063 D/XM_HIDREAD( 1982): poll ret=1, event=1
05-30 14:03:49.063 D/XM_HIDREAD( 1982): [9 bytes]:01 00 00 4F 00 00 00 00 00
05-30 14:03:49.065 I/SogouIME( 1455): onKeyDown: keyoCode=22
05-30 14:03:49.065 I/DefaultIMS( 1455): onKeyDown: keyoCode=22
05-30 14:03:49.066 E/SecondScreen( 1482): FirstScreenLayoutView dispatchKeyEvent 22
05-30 14:03:49.067 E/LanCommander( 1449): onServerCreatedSuccess 192.168.3.222:6689
05-30 14:03:49.068 I/WebSocketSelect( 1449): type=1400 audit(0.0:1017): avc: denied { read } for name="devices" dev="proc" ino=4026531982 scontext=u:r:system_app:s0 tcontext=u:object_r:proc:s0 tclass=file permissive=1
05-30 14:03:49.073 E/RCInfo ( 1449): vid:000d
05-30 14:03:49.073 E/RCInfo ( 1449): pid:3838
05-30 14:03:49.073 E/RCInfo ( 1449): RCBrand:XIMI
05-30 14:03:49.074 E/RCInfo ( 1449): vid:000d
05-30 14:03:49.074 E/RCInfo ( 1449): pid:3838
05-30 14:03:49.076 E/RCInfo ( 1449): vid:000d
05-30 14:03:49.076 E/RCInfo ( 1449): pid:3838
05-30 14:03:49.077 E/RCInfo ( 1449): vid:000d
05-30 14:03:49.077 E/RCInfo ( 1449): pid:3838
05-30 14:03:49.077 E/RCInfo ( 1449): RCBrand:XIMI
05-30 14:03:49.077 E/RCInfo ( 1449): vid:000d
05-30 14:03:49.077 E/RCInfo ( 1449): pid:3838
05-30 14:03:49.078 E/RCInfo ( 1449): vid:000d
05-30 14:03:49.078 E/RCInfo ( 1449): pid:3838
05-30 14:03:49.087 D/IpClient/wlan0( 1057): addressUpdated: fe80::630c:e917:bda5:f47c/64 on ifindex 16 flags 0x00000880 scope 253
05-30 14:03:49.096 W/efs.info.manager( 1735): network change: wifi
05-30 14:03:49.098 E/nStackXDFinder( 2271): GetLocalIp:[401] :GetLocalIp exec
05-30 14:03:49.098 E/nStackXDFinder( 2271): GetLocalIp:[401] :GetLocalIp exec
05-30 14:03:49.099 E/nStackXDFinder( 2271): GetLocalIp:[401] :GetLocalIp exec
05-30 14:03:49.099 I/nStackXCoAP( 2271): CoapServiceDiscoverTimerHandle:[524] :the 3 times for device discover.
05-30 14:03:49.105 D/getEthernetMacAddr( 1449): getEthernetMacAddr use eth0
05-30 14:03:49.128 D/getEthernetMacAddr( 1449): getEthernetMacAddr use eth0
05-30 14:03:49.129 D/getEthernetMacAddr( 1449): getEthernetMacAddr use eth0
05-30 14:03:49.149 D/getEthernetMacAddr( 1449): getEthernetMacAddr use eth0
05-30 14:03:49.168 I/okhttp.OkHttpClient( 1449): --> POST http://tymsgapi.qun7.com/v1/core/rom (533-byte body)
05-30 14:03:49.170 I/okhttp.OkHttpClient( 1449): --> POST http://tyapi.qun7.com/v1/core/launcherota (533-byte body)
05-30 14:03:49.177 I/okhttp.OkHttpClient( 1449): --> POST http://tymsgapi.qun7.com/v1/core/logip (600-byte body)
05-30 14:03:49.183 I/okhttp.OkHttpClient( 1449): --> POST http://tymsgapi.qun7.com/v1/core/appupdate (2314-byte body)
05-30 14:03:49.183 E/HigherBroadcastServer( 1449): {"bluetoothBoot":false,"bluetoothController":false,"bluetoothMac":"1C:79:2D:20:62:B6","deviceModel":"DBBOX-A3","deviceModelNumber":"H5P464","deviceName":"客厅的当贝盒子","findController":0,"hostName":"192.168.3.222","inetAddress":"192.168.3.222","mac":"20:02:FE:19:C2:49","port":6689,"romCode":5007,"romVersion":"5.0.0.7","wifiMac":"1C:79:2D:20:62:B5","deviceId":"6f215fe5923ef04ed4749210af2b76b9","sn":"DZOH5P8251918026"}
05-30 14:03:49.183 W/NsdServiceInfo( 1449): Key lengths > 9 are discouraged: deviceModel
05-30 14:03:49.183 W/NsdServiceInfo( 1449): Key lengths > 9 are discouraged: deviceModelNumber
05-30 14:03:49.183 W/NsdServiceInfo( 1449): Key lengths > 9 are discouraged: deviceName
05-30 14:03:49.183 W/NsdServiceInfo( 1449): Key lengths > 9 are discouraged: romVersion
05-30 14:03:49.184 W/NsdServiceInfo( 1449): Key lengths > 9 are discouraged: findController
05-30 14:03:49.186 D/XM_HIDREAD( 1982): poll ret=1, event=1
05-30 14:03:49.186 D/XM_HIDREAD( 1982): [9 bytes]:01 00 00 00 00 00 00 00 00
05-30 14:03:49.188 I/SogouIME( 1455): onKeyUp: keyoCode=22
05-30 14:03:49.188 I/DefaultIMS( 1455): onKeyUp: keyoCode=22
05-30 14:03:49.188 E/SecondScreen( 1482): FirstScreenLayoutView dispatchKeyEvent 22
05-30 14:03:49.198 I/serviceDiscovery( 692): [MdnsAdvertiser] Adding service name: 192.168.3.222, type: _db_controller._tcp, hostAddresses: /192.168.3.222, port: 6689, network: null, txtRecord: deviceModel=DBBOX-A3romVersion=5.0.0.7findController=0sn=DZOH5P8251918026mac=20:02:FE:19:C2:49 deviceName=客厅的当贝盒子)deviceId=6f215fe5923ef04ed4749210af2b76b9deviceModelNumber=H5P464 romCode=5007 with ID 5 and subtype null
05-30 14:03:49.210 I/ThermalService( 999): CPU temperatures: [54.600002]
05-30 14:03:49.288 I/serviceDiscovery( 692): [MdnsAdvertiser.wlan0] Probing finished for service 3
05-30 14:03:49.299 E/nStackXDFinder( 2271): GetLocalIp:[401] :GetLocalIp exec
05-30 14:03:49.299 E/nStackXDFinder( 2271): GetLocalIp:[401] :GetLocalIp exec
05-30 14:03:49.299 E/nStackXDFinder( 2271): GetLocalIp:[401] :GetLocalIp exec
05-30 14:03:49.300 I/nStackXCoAP( 2271): CoapServiceDiscoverTimerHandle:[524] :the 4 times for device discover.
05-30 14:03:49.377 D/XM_HIDREAD( 1982): poll ret=1, event=1
05-30 14:03:49.377 D/XM_HIDREAD( 1982): [9 bytes]:01 00 00 28 00 00 00 00 00
05-30 14:03:49.379 I/SogouIME( 1455): onKeyDown: keyoCode=23
05-30 14:03:49.379 I/DefaultIMS( 1455): onKeyDown: keyoCode=23
05-30 14:03:49.380 E/SecondScreen( 1482): FirstScreenLayoutView dispatchKeyEvent 23
05-30 14:03:49.409 D/nStackXCoAP( 2271): IsInSameNetwork:[276] :IsInSameNetwork exec
05-30 14:03:49.409 I/nStackXDFinder( 2271): GetLocalInterfaceDetail:[461] :GetLocalInterfaceDetail in
05-30 14:03:49.409 E/nStackXCoAP( 2271): IsInSameNetwork:[281] :IsInSameNetwork: not priority process
05-30 14:03:49.409 I/nStackXDFinder( 2271): NotifyDeviceListChanged:[540] :notify callback: device list changed callback is null
05-30 14:03:49.412 D/nStackXCoAP( 2271): IsInSameNetwork:[276] :IsInSameNetwork exec
05-30 14:03:49.412 I/nStackXDFinder( 2271): GetLocalInterfaceDetail:[461] :GetLocalInterfaceDetail in
