05-30 14:03:51.403 I/nStackXDFinder( 2271): GetLocalInterfaceDetail:[461] :GetLocalInterfaceDetail in
05-30 14:03:51.403 E/nStackXCoAP( 2271): IsInSameNetwork:[281] :IsInSameNetwork: not priority process
05-30 14:03:51.403 D/nStackXCoAP( 2271): IsInSameNetwork:[276] :IsInSameNetwork exec
05-30 14:03:51.403 I/nStackXDFinder( 2271): GetLocalInterfaceDetail:[461] :GetLocalInterfaceDetail in
05-30 14:03:51.404 E/nStackXCoAP( 2271): IsInSameNetwork:[281] :IsInSameNetwork: not priority process
05-30 14:03:51.404 D/nStackXCoAP( 2271): IsInSameNetwork:[276] :IsInSameNetwork exec
05-30 14:03:51.404 I/nStackXDFinder( 2271): GetLocalInterfaceDetail:[461] :GetLocalInterfaceDetail in
05-30 14:03:51.404 E/nStackXCoAP( 2271): IsInSameNetwork:[281] :IsInSameNetwork: not priority process
05-30 14:03:51.404 D/nStackXCoAP( 2271): IsInSameNetwork:[276] :IsInSameNetwork exec
05-30 14:03:51.404 I/nStackXDFinder( 2271): GetLocalInterfaceDetail:[461] :GetLocalInterfaceDetail in
05-30 14:03:51.405 E/nStackXCoAP( 2271): IsInSameNetwork:[281] :IsInSameNetwork: not priority process
05-30 14:03:51.405 D/nStackXCoAP( 2271): IsInSameNetwork:[276] :IsInSameNetwork exec
05-30 14:03:51.405 I/nStackXDFinder( 2271): GetLocalInterfaceDetail:[461] :GetLocalInterfaceDetail in
05-30 14:03:51.405 E/nStackXCoAP( 2271): IsInSameNetwork:[281] :IsInSameNetwork: not priority process
05-30 14:03:51.405 D/nStackXCoAP( 2271): IsInSameNetwork:[276] :IsInSameNetwork exec
05-30 14:03:51.405 I/nStackXDFinder( 2271): GetLocalInterfaceDetail:[461] :GetLocalInterfaceDetail in
05-30 14:03:51.405 E/nStackXCoAP( 2271): IsInSameNetwork:[281] :IsInSameNetwork: not priority process
05-30 14:03:51.411 D/OpenGLRenderer( 2614): --- Failed to create image decoder with message 'unimplemented'
05-30 14:03:51.412 D/OpenGLRenderer( 2614): --- Failed to create image decoder with message 'unimplemented'
05-30 14:03:51.413 D/OpenGLRenderer( 2614): --- Failed to create image decoder with message 'unimplemented'
05-30 14:03:51.413 D/OpenGLRenderer( 2614): --- Failed to create image decoder with message 'unimplemented'
05-30 14:03:51.414 D/OpenGLRenderer( 2614): --- Failed to create image decoder with message 'unimplemented'
05-30 14:03:51.414 D/OpenGLRenderer( 2614): --- Failed to create image decoder with message 'unimplemented'
05-30 14:03:51.415 D/OpenGLRenderer( 2614): --- Failed to create image decoder with message 'unimplemented'
05-30 14:03:51.415 D/OpenGLRenderer( 2614): --- Failed to create image decoder with message 'unimplemented'
05-30 14:03:51.415 D/OpenGLRenderer( 2614): --- Failed to create image decoder with message 'unimplemented'
05-30 14:03:51.416 D/OpenGLRenderer( 2614): --- Failed to create image decoder with message 'unimplemented'
05-30 14:03:51.417 D/OpenGLRenderer( 2614): --- Failed to create image decoder with message 'unimplemented'
05-30 14:03:51.418 D/OpenGLRenderer( 2614): --- Failed to create image decoder with message 'unimplemented'
05-30 14:03:51.470 D/XM_HIDREAD( 1982): poll ret=1, event=1
05-30 14:03:51.470 D/XM_HIDREAD( 1982): [9 bytes]:01 00 00 51 00 00 00 00 00
05-30 14:03:51.475 I/SogouIME( 1455): onKeyDown: keyoCode=20
05-30 14:03:51.475 I/DefaultIMS( 1455): onKeyDown: keyoCode=20
05-30 14:03:51.497 D/nStackXCoAP( 2271): IsInSameNetwork:[276] :IsInSameNetwork exec
05-30 14:03:51.497 I/nStackXDFinder( 2271): GetLocalInterfaceDetail:[461] :GetLocalInterfaceDetail in
05-30 14:03:51.497 E/nStackXCoAP( 2271): IsInSameNetwork:[281] :IsInSameNetwork: not priority process
05-30 14:03:51.497 D/nStackXCoAP( 2271): IsInSameNetwork:[276] :IsInSameNetwork exec
05-30 14:03:51.497 I/nStackXDFinder( 2271): GetLocalInterfaceDetail:[461] :GetLocalInterfaceDetail in
05-30 14:03:51.497 E/nStackXCoAP( 2271): IsInSameNetwork:[281] :IsInSameNetwork: not priority process
05-30 14:03:51.499 D/nStackXCoAP( 2271): IsInSameNetwork:[276] :IsInSameNetwork exec
05-30 14:03:51.499 I/nStackXDFinder( 2271): GetLocalInterfaceDetail:[461] :GetLocalInterfaceDetail in
05-30 14:03:51.499 E/nStackXCoAP( 2271): IsInSameNetwork:[281] :IsInSameNetwork: not priority process
05-30 14:03:51.500 D/nStackXCoAP( 2271): IsInSameNetwork:[276] :IsInSameNetwork exec
05-30 14:03:51.500 I/nStackXDFinder( 2271): GetLocalInterfaceDetail:[461] :GetLocalInterfaceDetail in
05-30 14:03:51.500 E/nStackXCoAP( 2271): IsInSameNetwork:[281] :IsInSameNetwork: not priority process
05-30 14:03:51.500 D/nStackXCoAP( 2271): IsInSameNetwork:[276] :IsInSameNetwork exec
05-30 14:03:51.500 I/nStackXDFinder( 2271): GetLocalInterfaceDetail:[461] :GetLocalInterfaceDetail in
05-30 14:03:51.500 E/nStackXCoAP( 2271): IsInSameNetwork:[281] :IsInSameNetwork: not priority process
05-30 14:03:51.501 D/nStackXCoAP( 2271): IsInSameNetwork:[276] :IsInSameNetwork exec
05-30 14:03:51.501 I/nStackXDFinder( 2271): GetLocalInterfaceDetail:[461] :GetLocalInterfaceDetail in
05-30 14:03:51.501 E/nStackXCoAP( 2271): IsInSameNetwork:[281] :IsInSameNetwork: not priority process
05-30 14:03:51.501 D/nStackXCoAP( 2271): IsInSameNetwork:[276] :IsInSameNetwork exec
05-30 14:03:51.501 I/nStackXDFinder( 2271): GetLocalInterfaceDetail:[461] :GetLocalInterfaceDetail in
05-30 14:03:51.501 E/nStackXCoAP( 2271): IsInSameNetwork:[281] :IsInSameNetwork: not priority process
05-30 14:03:51.502 D/nStackXCoAP( 2271): IsInSameNetwork:[276] :IsInSameNetwork exec
05-30 14:03:51.502 I/nStackXDFinder( 2271): GetLocalInterfaceDetail:[461] :GetLocalInterfaceDetail in
05-30 14:03:51.502 E/nStackXCoAP( 2271): IsInSameNetwork:[281] :IsInSameNetwork: not priority process
05-30 14:03:51.502 I/nStackXDFinder( 2271): NotifyDeviceListChanged:[540] :notify callback: device list changed callback is null
05-30 14:03:51.553 D/nStackXCoAP( 2271): IsInSameNetwork:[276] :IsInSameNetwork exec
05-30 14:03:51.553 I/nStackXDFinder( 2271): GetLocalInterfaceDetail:[461] :GetLocalInterfaceDetail in
05-30 14:03:51.553 E/nStackXCoAP( 2271): IsInSameNetwork:[281] :IsInSameNetwork: not priority process
05-30 14:03:51.554 D/nStackXCoAP( 2271): IsInSameNetwork:[276] :IsInSameNetwork exec
05-30 14:03:51.554 I/nStackXDFinder( 2271): GetLocalInterfaceDetail:[461] :GetLocalInterfaceDetail in
05-30 14:03:51.554 E/nStackXCoAP( 2271): IsInSameNetwork:[281] :IsInSameNetwork: not priority process
05-30 14:03:51.578 D/BufferPoolAccessor2.0( 692): bufferpool2 0xeb08e488 : 0(0 size) total buffers - 0(0 size) used buffers - 2/7 (recycle/alloc) - 7/60 (fetch/transfer)
05-30 14:03:51.578 D/BufferPoolAccessor2.0( 692): evictor expired: 1, evicted: 1
05-30 14:03:51.581 D/BufferPoolAccessor2.0( 620): bufferpool2 0xec383aa8 : 0(0 size) total buffers - 0(0 size) used buffers - 24/28 (recycle/alloc) - 4/27 (fetch/transfer)
05-30 14:03:51.581 D/BufferPoolAccessor2.0( 620): evictor expired: 7, evicted: 1
05-30 14:03:51.582 D/XM_HIDREAD( 1982): poll ret=1, event=1
05-30 14:03:51.583 D/XM_HIDREAD( 1982): [9 bytes]:01 00 00 00 00 00 00 00 00
05-30 14:03:51.584 I/SogouIME( 1455): onKeyUp: keyoCode=20
05-30 14:03:51.585 I/DefaultIMS( 1455): onKeyUp: keyoCode=20
05-30 14:03:51.646 D/nStackXCoAP( 2271): IsInSameNetwork:[276] :IsInSameNetwork exec
05-30 14:03:51.647 I/nStackXDFinder( 2271): GetLocalInterfaceDetail:[461] :GetLocalInterfaceDetail in
05-30 14:03:51.647 E/nStackXCoAP( 2271): IsInSameNetwork:[281] :IsInSameNetwork: not priority process
05-30 14:03:51.706 D/CompatibilityChangeReporter( 2614): Compat change id reported: 263076149; UID 1000; state: DISABLED
05-30 14:03:51.714 I/efs.base( 1735): wa upload succ, HttpResponse {succ=true, code=200, data='暂不支持该服务', extra={req_url=https://errlog.umeng.com/api/crashsdk/logcollect}}
05-30 14:03:51.765 D/OomAdjuster( 692): Not killing cached processes
05-30 14:03:51.803 E/nStackXDFinder( 2271): GetLocalIp:[401] :GetLocalIp exec
05-30 14:03:51.803 E/nStackXDFinder( 2271): GetLocalIp:[401] :GetLocalIp exec
05-30 14:03:51.803 E/nStackXDFinder( 2271): GetLocalIp:[401] :GetLocalIp exec
05-30 14:03:51.804 I/nStackXCoAP( 2271): CoapServiceDiscoverTimerHandle:[524] :the 9 times for device discover.
05-30 14:03:51.860 D/nStackXCoAP( 2271): IsInSameNetwork:[276] :IsInSameNetwork exec
05-30 14:03:51.860 I/nStackXDFinder( 2271): GetLocalInterfaceDetail:[461] :GetLocalInterfaceDetail in
05-30 14:03:51.860 E/nStackXCoAP( 2271): IsInSameNetwork:[281] :IsInSameNetwork: not priority process
05-30 14:03:51.861 D/nStackXCoAP( 2271): IsInSameNetwork:[276] :IsInSameNetwork exec
05-30 14:03:51.861 I/nStackXDFinder( 2271): GetLocalInterfaceDetail:[461] :GetLocalInterfaceDetail in
05-30 14:03:51.861 E/nStackXCoAP( 2271): IsInSameNetwork:[281] :IsInSameNetwork: not priority process
05-30 14:03:51.871 D/nStackXCoAP( 2271): IsInSameNetwork:[276] :IsInSameNetwork exec
05-30 14:03:51.871 I/nStackXDFinder( 2271): GetLocalInterfaceDetail:[461] :GetLocalInterfaceDetail in
05-30 14:03:51.871 E/nStackXCoAP( 2271): IsInSameNetwork:[281] :IsInSameNetwork: not priority process
05-30 14:03:51.871 D/nStackXCoAP( 2271): ParseServiceDiscover:[330] :new device join
05-30 14:03:51.871 E/nStackXDFinder( 2271): GetLocalIp:[401] :GetLocalIp exec
05-30 14:03:51.937 D/nStackXCoAP( 2271): IsInSameNetwork:[276] :IsInSameNetwork exec
05-30 14:03:51.937 I/nStackXDFinder( 2271): GetLocalInterfaceDetail:[461] :GetLocalInterfaceDetail in
05-30 14:03:51.937 E/nStackXCoAP( 2271): IsInSameNetwork:[281] :IsInSameNetwork: not priority process
05-30 14:03:51.938 D/nStackXCoAP( 2271): IsInSameNetwork:[276] :IsInSameNetwork exec
05-30 14:03:51.938 I/nStackXDFinder( 2271): GetLocalInterfaceDetail:[461] :GetLocalInterfaceDetail in
05-30 14:03:51.938 E/nStackXCoAP( 2271): IsInSameNetwork:[281] :IsInSameNetwork: not priority process
05-30 14:03:51.938 D/nStackXCoAP( 2271): IsInSameNetwork:[276] :IsInSameNetwork exec
05-30 14:03:51.938 I/nStackXDFinder( 2271): GetLocalInterfaceDetail:[461] :GetLocalInterfaceDetail in
05-30 14:03:51.938 E/nStackXCoAP( 2271): IsInSameNetwork:[281] :IsInSameNetwork: not priority process
05-30 14:03:52.019 D/nStackXCoAP( 2271): IsInSameNetwork:[276] :IsInSameNetwork exec
05-30 14:03:52.019 I/nStackXDFinder( 2271): GetLocalInterfaceDetail:[461] :GetLocalInterfaceDetail in
05-30 14:03:52.019 E/nStackXCoAP( 2271): IsInSameNetwork:[281] :IsInSameNetwork: not priority process
05-30 14:03:52.020 D/nStackXCoAP( 2271): IsInSameNetwork:[276] :IsInSameNetwork exec
05-30 14:03:52.020 I/nStackXDFinder( 2271): GetLocalInterfaceDetail:[461] :GetLocalInterfaceDetail in
05-30 14:03:52.020 E/nStackXCoAP( 2271): IsInSameNetwork:[281] :IsInSameNetwork: not priority process
05-30 14:03:52.020 D/nStackXCoAP( 2271): IsInSameNetwork:[276] :IsInSameNetwork exec
05-30 14:03:52.020 I/nStackXDFinder( 2271): GetLocalInterfaceDetail:[461] :GetLocalInterfaceDetail in
05-30 14:03:52.021 E/nStackXCoAP( 2271): IsInSameNetwork:[281] :IsInSameNetwork: not priority process
05-30 14:03:52.021 D/nStackXCoAP( 2271): IsInSameNetwork:[276] :IsInSameNetwork exec
05-30 14:03:52.022 I/nStackXDFinder( 2271): GetLocalInterfaceDetail:[461] :GetLocalInterfaceDetail in
05-30 14:03:52.022 E/nStackXCoAP( 2271): IsInSameNetwork:[281] :IsInSameNetwork: not priority process
05-30 14:03:52.022 D/nStackXCoAP( 2271): IsInSameNetwork:[276] :IsInSameNetwork exec
05-30 14:03:52.022 I/nStackXDFinder( 2271): GetLocalInterfaceDetail:[461] :GetLocalInterfaceDetail in
05-30 14:03:52.022 E/nStackXCoAP( 2271): IsInSameNetwork:[281] :IsInSameNetwork: not priority process
05-30 14:03:52.024 D/nStackXCoAP( 2271): IsInSameNetwork:[276] :IsInSameNetwork exec
05-30 14:03:52.024 I/nStackXDFinder( 2271): GetLocalInterfaceDetail:[461] :GetLocalInterfaceDetail in
05-30 14:03:52.024 E/nStackXCoAP( 2271): IsInSameNetwork:[281] :IsInSameNetwork: not priority process
05-30 14:03:52.031 D/nStackXCoAP( 2271): IsInSameNetwork:[276] :IsInSameNetwork exec
05-30 14:03:52.031 I/nStackXDFinder( 2271): GetLocalInterfaceDetail:[461] :GetLocalInterfaceDetail in
05-30 14:03:52.031 E/nStackXCoAP( 2271): IsInSameNetwork:[281] :IsInSameNetwork: not priority process
05-30 14:03:52.032 D/nStackXCoAP( 2271): IsInSameNetwork:[276] :IsInSameNetwork exec
05-30 14:03:52.032 I/nStackXDFinder( 2271): GetLocalInterfaceDetail:[461] :GetLocalInterfaceDetail in
05-30 14:03:52.032 E/nStackXCoAP( 2271): IsInSameNetwork:[281] :IsInSameNetwork: not priority process
05-30 14:03:52.032 D/nStackXCoAP( 2271): CoapMessageHandler:[133] :2.01
05-30 14:03:52.032 D/nStackXCoAP( 2271): IsInSameNetwork:[276] :IsInSameNetwork exec
05-30 14:03:52.032 I/nStackXDFinder( 2271): GetLocalInterfaceDetail:[461] :GetLocalInterfaceDetail in
05-30 14:03:52.032 E/nStackXCoAP( 2271): IsInSameNetwork:[281] :IsInSameNetwork: not priority process
05-30 14:03:52.033 D/nStackXCoAP( 2271): IsInSameNetwork:[276] :IsInSameNetwork exec
05-30 14:03:52.033 I/nStackXDFinder( 2271): GetLocalInterfaceDetail:[461] :GetLocalInterfaceDetail in
05-30 14:03:52.033 E/nStackXCoAP( 2271): IsInSameNetwork:[281] :IsInSameNetwork: not priority process
05-30 14:03:52.033 D/nStackXCoAP( 2271): IsInSameNetwork:[276] :IsInSameNetwork exec
05-30 14:03:52.034 I/nStackXDFinder( 2271): GetLocalInterfaceDetail:[461] :GetLocalInterfaceDetail in
05-30 14:03:52.034 E/nStackXCoAP( 2271): IsInSameNetwork:[281] :IsInSameNetwork: not priority process
05-30 14:03:52.035 D/nStackXCoAP( 2271): IsInSameNetwork:[276] :IsInSameNetwork exec
05-30 14:03:52.035 I/nStackXDFinder( 2271): GetLocalInterfaceDetail:[461] :GetLocalInterfaceDetail in
05-30 14:03:52.035 E/nStackXCoAP( 2271): IsInSameNetwork:[281] :IsInSameNetwork: not priority process
05-30 14:03:52.035 D/nStackXCoAP( 2271): IsInSameNetwork:[276] :IsInSameNetwork exec
05-30 14:03:52.035 I/nStackXDFinder( 2271): GetLocalInterfaceDetail:[461] :GetLocalInterfaceDetail in
05-30 14:03:52.035 E/nStackXCoAP( 2271): IsInSameNetwork:[281] :IsInSameNetwork: not priority process
05-30 14:03:52.036 E/hq ( 1482): ErrorCoroutineExceptionHandler:::runTry error:com.dangbei.leard.base.proider.error.EmptyApiException: 数据为空 from=requestMessageDialog from=requestMessageDialog
05-30 14:03:52.036 D/nStackXCoAP( 2271): IsInSameNetwork:[276] :IsInSameNetwork exec
05-30 14:03:52.036 I/nStackXDFinder( 2271): GetLocalInterfaceDetail:[461] :GetLocalInterfaceDetail in
05-30 14:03:52.036 E/nStackXCoAP( 2271): IsInSameNetwork:[281] :IsInSameNetwork: not priority process
05-30 14:03:52.037 D/nStackXCoAP( 2271): IsInSameNetwork:[276] :IsInSameNetwork exec
05-30 14:03:52.037 I/nStackXDFinder( 2271): GetLocalInterfaceDetail:[461] :GetLocalInterfaceDetail in
05-30 14:03:52.037 E/nStackXCoAP( 2271): IsInSameNetwork:[281] :IsInSameNetwork: not priority process
05-30 14:03:52.038 D/nStackXCoAP( 2271): IsInSameNetwork:[276] :IsInSameNetwork exec
05-30 14:03:52.038 I/nStackXDFinder( 2271): GetLocalInterfaceDetail:[461] :GetLocalInterfaceDetail in
05-30 14:03:52.038 E/nStackXCoAP( 2271): IsInSameNetwork:[281] :IsInSameNetwork: not priority process
05-30 14:03:52.038 D/nStackXCoAP( 2271): IsInSameNetwork:[276] :IsInSameNetwork exec
05-30 14:03:52.038 I/nStackXDFinder( 2271): GetLocalInterfaceDetail:[461] :GetLocalInterfaceDetail in
05-30 14:03:52.038 E/nStackXCoAP( 2271): IsInSameNetwork:[281] :IsInSameNetwork: not priority process
05-30 14:03:52.041 D/nStackXCoAP( 2271): IsInSameNetwork:[276] :IsInSameNetwork exec
05-30 14:03:52.041 I/nStackXDFinder( 2271): GetLocalInterfaceDetail:[461] :GetLocalInterfaceDetail in
05-30 14:03:52.041 E/nStackXCoAP( 2271): IsInSameNetwork:[281] :IsInSameNetwork: not priority process
05-30 14:03:52.144 W/bei.lerad.rocky( 1713): ApkAssets: Deleting an ApkAssets object ' and /system/app/dangbei-feedback/dangbei-feedback.apk' with 1 weak references
05-30 14:03:52.144 W/bei.lerad.rocky( 1713): ApkAssets: Deleting an ApkAssets object ' and /apex/com.android.uwb/priv-app/ServiceUwbResources@UD2A.240505.001.W1/ServiceUwbResources.apk' with 1 weak references
05-30 14:03:52.145 W/bei.lerad.rocky( 1713): ApkAssets: Deleting an ApkAssets object ' and /apex/com.android.adservices/priv-app/AdServicesApk@UD2A.240505.001.W1/AdServicesApk.apk' with 1 weak references
05-30 14:03:52.145 W/bei.lerad.rocky( 1713): ApkAssets: Deleting an ApkAssets object ' and /system/priv-app/DynamicSystemInstallationService/DynamicSystemInstallationService.apk' with 1 weak references
05-30 14:03:52.146 W/bei.lerad.rocky( 1713): ApkAssets: Deleting an ApkAssets object ' and /apex/com.android.healthfitness/priv-app/HealthConnectController@UD2A.240505.001.W1/HealthConnectController.apk' with 1 weak references
05-30 14:03:52.146 W/bei.lerad.rocky( 1713): ApkAssets: Deleting an ApkAssets object ' and /system/priv-app/CalendarProvider/CalendarProvider.apk' with 1 weak references
05-30 14:03:52.146 W/bei.lerad.rocky( 1713): ApkAssets: Deleting an ApkAssets object ' and /system_ext/priv-app/TvSettings/TvSettings.apk' with 1 weak references
05-30 14:03:52.147 W/bei.lerad.rocky( 1713): ApkAssets: Deleting an ApkAssets object ' and /system/app/dangbei-steward/dangbei-steward.apk' with 1 weak references
05-30 14:03:52.147 W/bei.lerad.rocky( 1713): ApkAssets: Deleting an ApkAssets object ' and /system/app/com.sohu.inputmethod.sogou.tv/com.sohu.inputmethod.sogou.tv.apk' with 1 weak references
05-30 14:03:52.147 W/bei.lerad.rocky( 1713): ApkAssets: Deleting an ApkAssets object ' and /system/priv-app/ExternalStorageProvider/ExternalStorageProvider.apk' with 1 weak references
05-30 14:03:52.147 W/bei.lerad.rocky( 1713): ApkAssets: Deleting an ApkAssets object ' and /system/app/HTMLViewer/HTMLViewer.apk' with 1 weak references
05-30 14:03:52.148 W/bei.lerad.rocky( 1713): ApkAssets: Deleting an ApkAssets object ' and /system/app/CompanionDeviceManager/CompanionDeviceManager.apk' with 1 weak references
05-30 14:03:52.148 W/bei.lerad.rocky( 1713): ApkAssets: Deleting an ApkAssets object ' and /system/priv-app/DownloadProvider/DownloadProvider.apk' with 1 weak references
05-30 14:03:52.148 W/bei.lerad.rocky( 1713): ApkAssets: Deleting an ApkAssets object ' and /system/priv-app/TvProvider/TvProvider.apk' with 1 weak references
05-30 14:03:52.148 W/bei.lerad.rocky( 1713): ApkAssets: Deleting an ApkAssets object '/product/overlay/TvProviderOverlay.apk' with 1 weak references
05-30 14:03:52.148 W/bei.lerad.rocky( 1713): ApkAssets: Deleting an ApkAssets object ' and /product/app/DLNA/DLNA.apk' with 1 weak references
05-30 14:03:52.148 W/bei.lerad.rocky( 1713): ApkAssets: Deleting an ApkAssets object ' and /system_ext/priv-app/droidlogic-res/droidlogic-res.apk' with 1 weak references
05-30 14:03:52.149 W/bei.lerad.rocky( 1713): ApkAssets: Deleting an ApkAssets object ' and /system_ext/priv-app/DroidTvSettings/DroidTvSettings.apk' with 1 weak references
05-30 14:03:52.149 W/bei.lerad.rocky( 1713): ApkAssets: Deleting an ApkAssets object ' and /system/app/LedCtrl/LedCtrl.apk' with 1 weak references
05-30 14:03:52.149 W/bei.lerad.rocky( 1713): ApkAssets: Deleting an ApkAssets object ' and /system/app/dangbei-media-player/dangbei-media-player.apk' with 1 weak references
05-30 14:03:52.150 W/bei.lerad.rocky( 1713): ApkAssets: Deleting an ApkAssets object ' and /system/app/PacProcessor/PacProcessor.apk' with 1 weak references
05-30 14:03:52.150 W/bei.lerad.rocky( 1713): ApkAssets: Deleting an ApkAssets object ' and /apex/com.android.permission/priv-app/SafetyCenterResources@UD2A.240505.001.W1/SafetyCenterResources.apk' with 1 weak references
05-30 14:03:52.150 W/bei.lerad.rocky( 1713): ApkAssets: Deleting an ApkAssets object ' and /system/priv-app/NetworkStack/NetworkStack.apk' with 1 weak references
05-30 14:03:52.150 W/bei.lerad.rocky( 1713): ApkAssets: Deleting an ApkAssets object '/product/overlay/TvNetworkStackOverlay.apk' with 1 weak references
05-30 14:03:52.150 W/bei.lerad.rocky( 1713): ApkAssets: Deleting an ApkAssets object ' and /apex/com.android.tethering/priv-app/ServiceConnectivityResources@UD2A.240505.001.W1/ServiceConnectivityResources.apk' with 1 weak references
05-30 14:03:52.150 W/bei.lerad.rocky( 1713): ApkAssets: Deleting an ApkAssets object ' and /product/app/ModuleMetadata/ModuleMetadata.apk' with 1 weak references
05-30 14:03:52.151 W/bei.lerad.rocky( 1713): ApkAssets: Deleting an ApkAssets object ' and /system/app/CertInstaller/CertInstaller.apk' with 1 weak references
05-30 14:03:52.151 W/bei.lerad.rocky( 1713): ApkAssets: Deleting an ApkAssets object ' and /system/framework/framework-res.apk' with 1 weak references
05-30 14:03:52.152 W/bei.lerad.rocky( 1713): ApkAssets: Deleting an ApkAssets object ' and /product/app/Camera2/Camera2.apk' with 1 weak references
05-30 14:03:52.152 W/bei.lerad.rocky( 1713): ApkAssets: Deleting an ApkAssets object ' and /system/priv-app/MtpService/MtpService.apk' with 1 weak references
05-30 14:03:52.153 W/bei.lerad.rocky( 1713): ApkAssets: Deleting an ApkAssets object ' and /system/priv-app/StatementService/StatementService.apk' with 1 weak references
05-30 14:03:52.153 W/bei.lerad.rocky( 1713): ApkAssets: Deleting an ApkAssets object ' and /system/app/dangbei-screencast/dangbei-screencast.apk' with 1 weak references
05-30 14:03:52.153 W/bei.lerad.rocky( 1713): ApkAssets: Deleting an ApkAssets object ' and /product/priv-app/SettingsIntelligence/SettingsIntelligence.apk' with 1 weak references
05-30 14:03:52.153 W/bei.lerad.rocky( 1713): ApkAssets: Deleting an ApkAssets object ' and /system/app/dangbei-launcher/dangbei-launcher.apk' with 1 weak references
05-30 14:03:52.153 W/bei.lerad.rocky( 1713): ApkAssets: Deleting an ApkAssets object ' and /system/app/PrintSpooler/PrintSpooler.apk' with 1 weak references
05-30 14:03:52.153 W/bei.lerad.rocky( 1713): ApkAssets: Deleting an ApkAssets object ' and /system/app/BasicDreams/BasicDreams.apk' with 1 weak references
05-30 14:03:52.154 W/bei.lerad.rocky( 1713): ApkAssets: Deleting an ApkAssets object ' and /system/priv-app/InputDevices/InputDevices.apk' with 1 weak references
05-30 14:03:52.154 W/bei.lerad.rocky( 1713): ApkAssets: Deleting an ApkAssets object ' and /apex/com.android.rkpd/priv-app/rkpdapp@UD2A.240505.001.W1/rkpdapp.apk' with 1 weak references
05-30 14:03:52.154 W/bei.lerad.rocky( 1713): ApkAssets: Deleting an ApkAssets object ' and /system/app/InputMacSn/InputMacSn.apk' with 1 weak references
05-30 14:03:52.154 W/bei.lerad.rocky( 1713): ApkAssets: Deleting an ApkAssets object ' and /system/priv-app/MusicFX/MusicFX.apk' with 1 weak references
05-30 14:03:52.154 W/bei.lerad.rocky( 1713): ApkAssets: Deleting an ApkAssets object ' and /system/priv-app/dangbei-boot-guide/dangbei-boot-guide.apk' with 1 weak references
05-30 14:03:52.154 W/bei.lerad.rocky( 1713): ApkAssets: Deleting an ApkAssets object ' and /system/app/ExtShared/ExtShared.apk' with 1 weak references
05-30 14:03:52.154 W/bei.lerad.rocky( 1713): ApkAssets: Deleting an ApkAssets object ' and /system/app/KeyChain/KeyChain.apk' with 1 weak references
05-30 14:03:52.155 W/bei.lerad.rocky( 1713): ApkAssets: Deleting an ApkAssets object ' and /apex/com.android.extservices/priv-app/ExtServices@UD2A.240505.001.W1/ExtServices.apk' with 1 weak references
05-30 14:03:52.155 W/bei.lerad.rocky( 1713): ApkAssets: Deleting an ApkAssets object ' and /apex/com.android.wifi/priv-app/ServiceWifiResources@UD2A.240505.001.W1/ServiceWifiResources.apk' with 1 weak references
05-30 14:03:52.155 W/bei.lerad.rocky( 1713): ApkAssets: Deleting an ApkAssets object '/product/overlay/TvWifiOverlay.apk' with 1 weak references
05-30 14:03:52.155 W/bei.lerad.rocky( 1713): ApkAssets: Deleting an ApkAssets object '/product/overlay/WiFiTetheringOverlay.apk' with 1 weak references
05-30 14:03:52.155 W/bei.lerad.rocky( 1713): ApkAssets: Deleting an ApkAssets object ' and /system/app/CameraExtensionsProxy/CameraExtensionsProxy.apk' with 1 weak references
05-30 14:03:52.156 W/bei.lerad.rocky( 1713): ApkAssets: Deleting an ApkAssets object ' and /system_ext/priv-app/MicToggleProvider/MicToggleProvider.apk' with 1 weak references
05-30 14:03:52.156 W/bei.lerad.rocky( 1713): ApkAssets: Deleting an ApkAssets object ' and /system/priv-app/PackageInstaller_tv/PackageInstaller_tv.apk' with 1 weak references
05-30 14:03:52.156 W/bei.lerad.rocky( 1713): ApkAssets: Deleting an ApkAssets object ' and /system/app/FactoryTest_oranth/FactoryTest_oranth.apk' with 1 weak references
05-30 14:03:52.156 W/bei.lerad.rocky( 1713): ApkAssets: Deleting an ApkAssets object ' and /system/priv-app/ProxyHandler/ProxyHandler.apk' with 1 weak references
05-30 14:03:52.156 W/bei.lerad.rocky( 1713): ApkAssets: Deleting an ApkAssets object ' and /system/priv-app/IntentResolver/IntentResolver.apk' with 1 weak references
05-30 14:03:52.156 W/bei.lerad.rocky( 1713): ApkAssets: Deleting an ApkAssets object ' and /system/priv-app/ManagedProvisioning/ManagedProvisioning.apk' with 1 weak references
05-30 14:03:52.157 W/bei.lerad.rocky( 1713): ApkAssets: Deleting an ApkAssets object ' and /system/app/UsbOpenFT/UsbOpenFT.apk' with 1 weak references
05-30 14:03:52.157 W/bei.lerad.rocky( 1713): ApkAssets: Deleting an ApkAssets object ' and /system/priv-app/SoundPicker/SoundPicker.apk' with 1 weak references
05-30 14:03:52.157 W/bei.lerad.rocky( 1713): ApkAssets: Deleting an ApkAssets object ' and /system/app/dangbei-etna-service/dangbei-etna-service.apk' with 1 weak references
05-30 14:03:52.157 W/bei.lerad.rocky( 1713): ApkAssets: Deleting an ApkAssets object ' and /product/app/Miracast/Miracast.apk' with 1 weak references
05-30 14:03:52.157 W/bei.lerad.rocky( 1713): ApkAssets: Deleting an ApkAssets object ' and /system/app/dangbei-file-manager/dangbei-file-manager.apk' with 1 weak references
05-30 14:03:52.158 W/bei.lerad.rocky( 1713): ApkAssets: Deleting an ApkAssets object ' and /system/app/PowerUI/PowerUI.apk' with 1 weak references
05-30 14:03:52.158 W/bei.lerad.rocky( 1713): ApkAssets: Deleting an ApkAssets object ' and /system/app/dangbei-screensaver/dangbei-screensaver.apk' with 1 weak references
05-30 14:03:52.158 W/bei.lerad.rocky( 1713): ApkAssets: Deleting an ApkAssets object ' and /product/app/Music/Music.apk' with 1 weak references
05-30 14:03:52.158 W/bei.lerad.rocky( 1713): ApkAssets: Deleting an ApkAssets object ' and /system/priv-app/Shell/Shell.apk' with 1 weak references
05-30 14:03:52.159 W/bei.lerad.rocky( 1713): ApkAssets: Deleting an ApkAssets object ' and /system/priv-app/UserDictionaryProvider/UserDictionaryProvider.apk' with 1 weak references
05-30 14:03:52.159 W/bei.lerad.rocky( 1713): ApkAssets: Deleting an ApkAssets object ' and /apex/com.android.mediaprovider/priv-app/MediaProvider@UD2A.240505.001.W1/MediaProvider.apk' with 1 weak references
05-30 14:03:52.159 W/bei.lerad.rocky( 1713): ApkAssets: Deleting an ApkAssets object ' and /system/app/Low_storage_dialog/Low_storage_dialog.apk' with 1 weak references
05-30 14:03:52.159 W/bei.lerad.rocky( 1713): ApkAssets: Deleting an ApkAssets object ' and /apex/com.android.wifi/app/OsuLogin@UD2A.240505.001.W1/OsuLogin.apk' with 1 weak references
05-30 14:03:52.159 W/bei.lerad.rocky( 1713): ApkAssets: Deleting an ApkAssets object ' and /system/priv-app/FusedLocation/FusedLocation.apk' with 1 weak references
05-30 14:03:52.160 W/bei.lerad.rocky( 1713): ApkAssets: Deleting an ApkAssets object ' and /product/app/DeskClock/DeskClock.apk' with 1 weak references
05-30 14:03:52.160 W/bei.lerad.rocky( 1713): ApkAssets: Deleting an ApkAssets object ' and /system_ext/priv-app/TvSystemUI/TvSystemUI.apk' with 1 weak references
05-30 14:03:52.161 W/bei.lerad.rocky( 1713): ApkAssets: Deleting an ApkAssets object '/vendor/overlay/TvSystemUI__auto_generated_rro_vendor.apk' with 1 weak references
05-30 14:03:52.161 W/bei.lerad.rocky( 1713): ApkAssets: Deleting an ApkAssets object '/product/overlay/SystemUIOverlay.apk' with 1 weak references
05-30 14:03:52.161 W/bei.lerad.rocky( 1713): ApkAssets: Deleting an ApkAssets object ' and /system/app/dangbei-setting/dangbei-setting.apk' with 1 weak references
05-30 14:03:52.162 W/bei.lerad.rocky( 1713): ApkAssets: Deleting an ApkAssets object ' and /apex/com.android.permission/priv-app/PermissionController@UD2A.240505.001.W1/PermissionController.apk' with 1 weak references
05-30 14:03:52.162 W/bei.lerad.rocky( 1713): ApkAssets: Deleting an ApkAssets object ' and /vendor/priv-app/AppInstaller/AppInstaller.apk' with 1 weak references
05-30 14:03:52.163 W/bei.lerad.rocky( 1713): ApkAssets: Deleting an ApkAssets object ' and /apex/com.android.btservices/app/Bluetooth@UD2A.240505.001.W1/Bluetooth.apk' with 1 weak references
05-30 14:03:52.163 W/bei.lerad.rocky( 1713): ApkAssets: Deleting an ApkAssets object ' and /system/priv-app/ContactsProvider/ContactsProvider.apk' with 1 weak references
05-30 14:03:52.163 W/bei.lerad.rocky( 1713): ApkAssets: Deleting an ApkAssets object ' and /system/app/CaptivePortalLogin/CaptivePortalLogin.apk' with 1 weak references
05-30 14:03:52.163 W/bei.lerad.rocky( 1713): ApkAssets: Deleting an ApkAssets object ' and /apex/com.android.devicelock/priv-app/DeviceLockController@UD2A.240505.001.W1/DeviceLockController.apk' with 1 weak references
05-30 14:03:52.163 W/bei.lerad.rocky( 1713): ApkAssets: Deleting an ApkAssets object ' and /apex/com.android.extservices/priv-app/AdExtServicesApk@UD2A.240505.001.W1/AdExtServicesApk.apk' with 1 weak references
05-30 14:03:52.304 E/nStackXDFinder( 2271): GetLocalIp:[401] :GetLocalIp exec
05-30 14:03:52.304 E/nStackXDFinder( 2271): GetLocalIp:[401] :GetLocalIp exec
05-30 14:03:52.304 E/nStackXDFinder( 2271): GetLocalIp:[401] :GetLocalIp exec
05-30 14:03:52.305 I/nStackXCoAP( 2271): CoapServiceDiscoverTimerHandle:[524] :the 10 times for device discover.
05-30 14:03:52.337 D/nStackXCoAP( 2271): IsInSameNetwork:[276] :IsInSameNetwork exec
05-30 14:03:52.338 I/nStackXDFinder( 2271): GetLocalInterfaceDetail:[461] :GetLocalInterfaceDetail in
05-30 14:03:52.338 E/nStackXCoAP( 2271): IsInSameNetwork:[281] :IsInSameNetwork: not priority process
05-30 14:03:52.347 D/nStackXCoAP( 2271): IsInSameNetwork:[276] :IsInSameNetwork exec
05-30 14:03:52.348 I/nStackXDFinder( 2271): GetLocalInterfaceDetail:[461] :GetLocalInterfaceDetail in
05-30 14:03:52.348 E/nStackXCoAP( 2271): IsInSameNetwork:[281] :IsInSameNetwork: not priority process
05-30 14:03:52.348 D/nStackXCoAP( 2271): IsInSameNetwork:[276] :IsInSameNetwork exec
05-30 14:03:52.348 I/nStackXDFinder( 2271): GetLocalInterfaceDetail:[461] :GetLocalInterfaceDetail in
05-30 14:03:52.348 E/nStackXCoAP( 2271): IsInSameNetwork:[281] :IsInSameNetwork: not priority process
05-30 14:03:52.352 D/nStackXCoAP( 2271): IsInSameNetwork:[276] :IsInSameNetwork exec
05-30 14:03:52.352 I/nStackXDFinder( 2271): GetLocalInterfaceDetail:[461] :GetLocalInterfaceDetail in
05-30 14:03:52.352 E/nStackXCoAP( 2271): IsInSameNetwork:[281] :IsInSameNetwork: not priority process
05-30 14:03:52.479 D/nStackXCoAP( 2271): IsInSameNetwork:[276] :IsInSameNetwork exec
05-30 14:03:52.479 I/nStackXDFinder( 2271): GetLocalInterfaceDetail:[461] :GetLocalInterfaceDetail in
05-30 14:03:52.479 E/nStackXCoAP( 2271): IsInSameNetwork:[281] :IsInSameNetwork: not priority process
05-30 14:03:52.484 D/nStackXCoAP( 2271): IsInSameNetwork:[276] :IsInSameNetwork exec
05-30 14:03:52.484 I/nStackXDFinder( 2271): GetLocalInterfaceDetail:[461] :GetLocalInterfaceDetail in
05-30 14:03:52.484 E/nStackXCoAP( 2271): IsInSameNetwork:[281] :IsInSameNetwork: not priority process
05-30 14:03:52.484 D/nStackXCoAP( 2271): ParseServiceDiscover:[330] :new device join
05-30 14:03:52.484 E/nStackXDFinder( 2271): GetLocalIp:[401] :GetLocalIp exec
05-30 14:03:52.490 D/nStackXCoAP( 2271): IsInSameNetwork:[276] :IsInSameNetwork exec
05-30 14:03:52.490 I/nStackXDFinder( 2271): GetLocalInterfaceDetail:[461] :GetLocalInterfaceDetail in
05-30 14:03:52.490 E/nStackXCoAP( 2271): IsInSameNetwork:[281] :IsInSameNetwork: not priority process
05-30 14:03:52.491 D/nStackXCoAP( 2271): IsInSameNetwork:[276] :IsInSameNetwork exec
05-30 14:03:52.491 I/nStackXDFinder( 2271): GetLocalInterfaceDetail:[461] :GetLocalInterfaceDetail in
05-30 14:03:52.491 E/nStackXCoAP( 2271): IsInSameNetwork:[281] :IsInSameNetwork: not priority process
05-30 14:03:52.491 D/nStackXCoAP( 2271): IsInSameNetwork:[276] :IsInSameNetwork exec
05-30 14:03:52.491 I/nStackXDFinder( 2271): GetLocalInterfaceDetail:[461] :GetLocalInterfaceDetail in
05-30 14:03:52.491 E/nStackXCoAP( 2271): IsInSameNetwork:[281] :IsInSameNetwork: not priority process
05-30 14:03:52.492 D/nStackXCoAP( 2271): IsInSameNetwork:[276] :IsInSameNetwork exec
05-30 14:03:52.492 I/nStackXDFinder( 2271): GetLocalInterfaceDetail:[461] :GetLocalInterfaceDetail in
05-30 14:03:52.492 E/nStackXCoAP( 2271): IsInSameNetwork:[281] :IsInSameNetwork: not priority process
05-30 14:03:52.493 D/nStackXCoAP( 2271): IsInSameNetwork:[276] :IsInSameNetwork exec
05-30 14:03:52.493 I/nStackXDFinder( 2271): GetLocalInterfaceDetail:[461] :GetLocalInterfaceDetail in
05-30 14:03:52.493 E/nStackXCoAP( 2271): IsInSameNetwork:[281] :IsInSameNetwork: not priority process
05-30 14:03:52.493 D/nStackXCoAP( 2271): IsInSameNetwork:[276] :IsInSameNetwork exec
05-30 14:03:52.493 I/nStackXDFinder( 2271): GetLocalInterfaceDetail:[461] :GetLocalInterfaceDetail in
05-30 14:03:52.493 E/nStackXCoAP( 2271): IsInSameNetwork:[281] :IsInSameNetwork: not priority process
05-30 14:03:52.494 D/nStackXCoAP( 2271): IsInSameNetwork:[276] :IsInSameNetwork exec
05-30 14:03:52.494 I/nStackXDFinder( 2271): GetLocalInterfaceDetail:[461] :GetLocalInterfaceDetail in
05-30 14:03:52.494 E/nStackXCoAP( 2271): IsInSameNetwork:[281] :IsInSameNetwork: not priority process
05-30 14:03:52.494 D/nStackXCoAP( 2271): IsInSameNetwork:[276] :IsInSameNetwork exec
05-30 14:03:52.494 I/nStackXDFinder( 2271): GetLocalInterfaceDetail:[461] :GetLocalInterfaceDetail in
05-30 14:03:52.494 E/nStackXCoAP( 2271): IsInSameNetwork:[281] :IsInSameNetwork: not priority process
05-30 14:03:52.495 D/nStackXCoAP( 2271): IsInSameNetwork:[276] :IsInSameNetwork exec
05-30 14:03:52.495 I/nStackXDFinder( 2271): GetLocalInterfaceDetail:[461] :GetLocalInterfaceDetail in
05-30 14:03:52.495 E/nStackXCoAP( 2271): IsInSameNetwork:[281] :IsInSameNetwork: not priority process
05-30 14:03:52.495 D/nStackXCoAP( 2271): IsInSameNetwork:[276] :IsInSameNetwork exec
05-30 14:03:52.495 I/nStackXDFinder( 2271): GetLocalInterfaceDetail:[461] :GetLocalInterfaceDetail in
05-30 14:03:52.495 E/nStackXCoAP( 2271): IsInSameNetwork:[281] :IsInSameNetwork: not priority process
05-30 14:03:52.496 D/nStackXCoAP( 2271): IsInSameNetwork:[276] :IsInSameNetwork exec
05-30 14:03:52.496 I/nStackXDFinder( 2271): GetLocalInterfaceDetail:[461] :GetLocalInterfaceDetail in
05-30 14:03:52.496 E/nStackXCoAP( 2271): IsInSameNetwork:[281] :IsInSameNetwork: not priority process
05-30 14:03:52.497 D/nStackXCoAP( 2271): IsInSameNetwork:[276] :IsInSameNetwork exec
05-30 14:03:52.497 I/nStackXDFinder( 2271): GetLocalInterfaceDetail:[461] :GetLocalInterfaceDetail in
05-30 14:03:52.497 E/nStackXCoAP( 2271): IsInSameNetwork:[281] :IsInSameNetwork: not priority process
05-30 14:03:52.497 D/nStackXCoAP( 2271): IsInSameNetwork:[276] :IsInSameNetwork exec
05-30 14:03:52.497 I/nStackXDFinder( 2271): GetLocalInterfaceDetail:[461] :GetLocalInterfaceDetail in
05-30 14:03:52.497 E/nStackXCoAP( 2271): IsInSameNetwork:[281] :IsInSameNetwork: not priority process
05-30 14:03:52.498 D/nStackXCoAP( 2271): IsInSameNetwork:[276] :IsInSameNetwork exec
05-30 14:03:52.498 I/nStackXDFinder( 2271): GetLocalInterfaceDetail:[461] :GetLocalInterfaceDetail in
05-30 14:03:52.498 E/nStackXCoAP( 2271): IsInSameNetwork:[281] :IsInSameNetwork: not priority process
05-30 14:03:52.498 D/nStackXCoAP( 2271): IsInSameNetwork:[276] :IsInSameNetwork exec
05-30 14:03:52.499 I/nStackXDFinder( 2271): GetLocalInterfaceDetail:[461] :GetLocalInterfaceDetail in
05-30 14:03:52.499 E/nStackXCoAP( 2271): IsInSameNetwork:[281] :IsInSameNetwork: not priority process
05-30 14:03:52.499 D/nStackXCoAP( 2271): IsInSameNetwork:[276] :IsInSameNetwork exec
05-30 14:03:52.499 I/nStackXDFinder( 2271): GetLocalInterfaceDetail:[461] :GetLocalInterfaceDetail in
05-30 14:03:52.499 E/nStackXCoAP( 2271): IsInSameNetwork:[281] :IsInSameNetwork: not priority process
05-30 14:03:52.500 D/nStackXCoAP( 2271): IsInSameNetwork:[276] :IsInSameNetwork exec
05-30 14:03:52.500 I/nStackXDFinder( 2271): GetLocalInterfaceDetail:[461] :GetLocalInterfaceDetail in
05-30 14:03:52.500 E/nStackXCoAP( 2271): IsInSameNetwork:[281] :IsInSameNetwork: not priority process
05-30 14:03:52.578 D/BufferPoolAccessor2.0( 692): bufferpool2 0xddbc4168 : 0(0 size) total buffers - 0(0 size) used buffers - 2/7 (recycle/alloc) - 5/50 (fetch/transfer)
05-30 14:03:52.578 D/BufferPoolAccessor2.0( 692): bufferpool2 0xddbcfe68 : 0(0 size) total buffers - 0(0 size) used buffers - 2/7 (recycle/alloc) - 5/42 (fetch/transfer)
05-30 14:03:52.578 D/BufferPoolAccessor2.0( 692): evictor expired: 8, evicted: 2
05-30 14:03:52.581 D/BufferPoolAccessor2.0( 620): bufferpool2 0xec382f68 : 0(0 size) total buffers - 0(0 size) used buffers - 16/19 (recycle/alloc) - 3/18 (fetch/transfer)
05-30 14:03:52.581 D/BufferPoolAccessor2.0( 620): bufferpool2 0xec381108 : 0(0 size) total buffers - 0(0 size) used buffers - 21/23 (recycle/alloc) - 2/22 (fetch/transfer)
05-30 14:03:52.581 D/BufferPoolAccessor2.0( 620): evictor expired: 2, evicted: 2
05-30 14:03:52.633 D/nStackXCoAP( 2271): CoapMessageHandler:[133] :2.01
05-30 14:03:52.793 D/nStackXCoAP( 2271): IsInSameNetwork:[276] :IsInSameNetwork exec
05-30 14:03:52.793 I/nStackXDFinder( 2271): GetLocalInterfaceDetail:[461] :GetLocalInterfaceDetail in
05-30 14:03:52.793 E/nStackXCoAP( 2271): IsInSameNetwork:[281] :IsInSameNetwork: not priority process
05-30 14:03:52.793 D/nStackXCoAP( 2271): ParseServiceDiscover:[330] :new device join
05-30 14:03:52.793 E/nStackXDFinder( 2271): GetLocalIp:[401] :GetLocalIp exec
05-30 14:03:52.805 E/nStackXDFinder( 2271): GetLocalIp:[401] :GetLocalIp exec
05-30 14:03:52.805 E/nStackXDFinder( 2271): GetLocalIp:[401] :GetLocalIp exec
05-30 14:03:52.805 E/nStackXDFinder( 2271): GetLocalIp:[401] :GetLocalIp exec
05-30 14:03:52.806 I/nStackXCoAP( 2271): CoapServiceDiscoverTimerHandle:[524] :the 11 times for device discover.
05-30 14:03:52.913 D/nStackXCoAP( 2271): CoapMessageHandler:[133] :2.01
05-30 14:03:52.914 D/nStackXCoAP( 2271): IsInSameNetwork:[276] :IsInSameNetwork exec
05-30 14:03:52.914 I/nStackXDFinder( 2271): GetLocalInterfaceDetail:[461] :GetLocalInterfaceDetail in
05-30 14:03:52.914 E/nStackXCoAP( 2271): IsInSameNetwork:[281] :IsInSameNetwork: not priority process
05-30 14:03:52.929 D/nStackXCoAP( 2271): IsInSameNetwork:[276] :IsInSameNetwork exec
05-30 14:03:52.929 I/nStackXDFinder( 2271): GetLocalInterfaceDetail:[461] :GetLocalInterfaceDetail in
05-30 14:03:52.929 E/nStackXCoAP( 2271): IsInSameNetwork:[281] :IsInSameNetwork: not priority process
05-30 14:03:52.929 D/nStackXCoAP( 2271): IsInSameNetwork:[276] :IsInSameNetwork exec
05-30 14:03:52.929 I/nStackXDFinder( 2271): GetLocalInterfaceDetail:[461] :GetLocalInterfaceDetail in
05-30 14:03:52.929 E/nStackXCoAP( 2271): IsInSameNetwork:[281] :IsInSameNetwork: not priority process
05-30 14:03:52.934 D/nStackXCoAP( 2271): IsInSameNetwork:[276] :IsInSameNetwork exec
05-30 14:03:52.935 I/nStackXDFinder( 2271): GetLocalInterfaceDetail:[461] :GetLocalInterfaceDetail in
05-30 14:03:52.935 E/nStackXCoAP( 2271): IsInSameNetwork:[281] :IsInSameNetwork: not priority process
05-30 14:03:52.935 D/nStackXCoAP( 2271): IsInSameNetwork:[276] :IsInSameNetwork exec
05-30 14:03:52.935 I/nStackXDFinder( 2271): GetLocalInterfaceDetail:[461] :GetLocalInterfaceDetail in
05-30 14:03:52.935 E/nStackXCoAP( 2271): IsInSameNetwork:[281] :IsInSameNetwork: not priority process
05-30 14:03:52.936 D/nStackXCoAP( 2271): IsInSameNetwork:[276] :IsInSameNetwork exec
05-30 14:03:52.936 I/nStackXDFinder( 2271): GetLocalInterfaceDetail:[461] :GetLocalInterfaceDetail in
05-30 14:03:52.936 E/nStackXCoAP( 2271): IsInSameNetwork:[281] :IsInSameNetwork: not priority process
05-30 14:03:53.010 E/TaskPersister( 692): File error accessing recents directory (directory doesn't exist?).
05-30 14:03:53.056 D/nStackXCoAP( 2271): IsInSameNetwork:[276] :IsInSameNetwork exec
05-30 14:03:53.056 I/nStackXDFinder( 2271): GetLocalInterfaceDetail:[461] :GetLocalInterfaceDetail in
05-30 14:03:53.056 E/nStackXCoAP( 2271): IsInSameNetwork:[281] :IsInSameNetwork: not priority process
05-30 14:03:53.057 D/nStackXCoAP( 2271): IsInSameNetwork:[276] :IsInSameNetwork exec
05-30 14:03:53.057 I/nStackXDFinder( 2271): GetLocalInterfaceDetail:[461] :GetLocalInterfaceDetail in
05-30 14:03:53.057 E/nStackXCoAP( 2271): IsInSameNetwork:[281] :IsInSameNetwork: not priority process
05-30 14:03:53.058 D/nStackXCoAP( 2271): IsInSameNetwork:[276] :IsInSameNetwork exec
05-30 14:03:53.058 I/nStackXDFinder( 2271): GetLocalInterfaceDetail:[461] :GetLocalInterfaceDetail in
05-30 14:03:53.058 E/nStackXCoAP( 2271): IsInSameNetwork:[281] :IsInSameNetwork: not priority process
05-30 14:03:53.059 D/nStackXCoAP( 2271): IsInSameNetwork:[276] :IsInSameNetwork exec
05-30 14:03:53.059 I/nStackXDFinder( 2271): GetLocalInterfaceDetail:[461] :GetLocalInterfaceDetail in
05-30 14:03:53.059 E/nStackXCoAP( 2271): IsInSameNetwork:[281] :IsInSameNetwork: not priority process
05-30 14:03:53.060 D/nStackXCoAP( 2271): IsInSameNetwork:[276] :IsInSameNetwork exec
05-30 14:03:53.060 I/nStackXDFinder( 2271): GetLocalInterfaceDetail:[461] :GetLocalInterfaceDetail in
05-30 14:03:53.060 E/nStackXCoAP( 2271): IsInSameNetwork:[281] :IsInSameNetwork: not priority process
05-30 14:03:53.061 D/nStackXCoAP( 2271): IsInSameNetwork:[276] :IsInSameNetwork exec
05-30 14:03:53.061 I/nStackXDFinder( 2271): GetLocalInterfaceDetail:[461] :GetLocalInterfaceDetail in
05-30 14:03:53.061 E/nStackXCoAP( 2271): IsInSameNetwork:[281] :IsInSameNetwork: not priority process
05-30 14:03:53.062 D/nStackXCoAP( 2271): IsInSameNetwork:[276] :IsInSameNetwork exec
05-30 14:03:53.062 I/nStackXDFinder( 2271): GetLocalInterfaceDetail:[461] :GetLocalInterfaceDetail in
05-30 14:03:53.062 E/nStackXCoAP( 2271): IsInSameNetwork:[281] :IsInSameNetwork: not priority process
05-30 14:03:53.063 D/nStackXCoAP( 2271): IsInSameNetwork:[276] :IsInSameNetwork exec
05-30 14:03:53.063 I/nStackXDFinder( 2271): GetLocalInterfaceDetail:[461] :GetLocalInterfaceDetail in
05-30 14:03:53.063 E/nStackXCoAP( 2271): IsInSameNetwork:[281] :IsInSameNetwork: not priority process
05-30 14:03:53.064 D/nStackXCoAP( 2271): IsInSameNetwork:[276] :IsInSameNetwork exec
05-30 14:03:53.064 I/nStackXDFinder( 2271): GetLocalInterfaceDetail:[461] :GetLocalInterfaceDetail in
05-30 14:03:53.064 E/nStackXCoAP( 2271): IsInSameNetwork:[281] :IsInSameNetwork: not priority process
05-30 14:03:53.064 D/nStackXCoAP( 2271): IsInSameNetwork:[276] :IsInSameNetwork exec
05-30 14:03:53.065 I/nStackXDFinder( 2271): GetLocalInterfaceDetail:[461] :GetLocalInterfaceDetail in
05-30 14:03:53.065 E/nStackXCoAP( 2271): IsInSameNetwork:[281] :IsInSameNetwork: not priority process
05-30 14:03:53.065 D/nStackXCoAP( 2271): IsInSameNetwork:[276] :IsInSameNetwork exec
05-30 14:03:53.065 I/nStackXDFinder( 2271): GetLocalInterfaceDetail:[461] :GetLocalInterfaceDetail in
05-30 14:03:53.065 E/nStackXCoAP( 2271): IsInSameNetwork:[281] :IsInSameNetwork: not priority process
05-30 14:03:53.066 D/nStackXCoAP( 2271): IsInSameNetwork:[276] :IsInSameNetwork exec
05-30 14:03:53.066 I/nStackXDFinder( 2271): GetLocalInterfaceDetail:[461] :GetLocalInterfaceDetail in
05-30 14:03:53.066 E/nStackXCoAP( 2271): IsInSameNetwork:[281] :IsInSameNetwork: not priority process
05-30 14:03:53.067 D/nStackXCoAP( 2271): IsInSameNetwork:[276] :IsInSameNetwork exec
05-30 14:03:53.067 I/nStackXDFinder( 2271): GetLocalInterfaceDetail:[461] :GetLocalInterfaceDetail in
05-30 14:03:53.067 E/nStackXCoAP( 2271): IsInSameNetwork:[281] :IsInSameNetwork: not priority process
05-30 14:03:53.068 D/nStackXCoAP( 2271): IsInSameNetwork:[276] :IsInSameNetwork exec
05-30 14:03:53.068 I/nStackXDFinder( 2271): GetLocalInterfaceDetail:[461] :GetLocalInterfaceDetail in
05-30 14:03:53.068 E/nStackXCoAP( 2271): IsInSameNetwork:[281] :IsInSameNetwork: not priority process
05-30 14:03:53.069 D/nStackXCoAP( 2271): IsInSameNetwork:[276] :IsInSameNetwork exec
05-30 14:03:53.069 I/nStackXDFinder( 2271): GetLocalInterfaceDetail:[461] :GetLocalInterfaceDetail in
05-30 14:03:53.069 E/nStackXCoAP( 2271): IsInSameNetwork:[281] :IsInSameNetwork: not priority process
05-30 14:03:53.069 D/nStackXCoAP( 2271): IsInSameNetwork:[276] :IsInSameNetwork exec
05-30 14:03:53.069 I/nStackXDFinder( 2271): GetLocalInterfaceDetail:[461] :GetLocalInterfaceDetail in
05-30 14:03:53.069 E/nStackXCoAP( 2271): IsInSameNetwork:[281] :IsInSameNetwork: not priority process
05-30 14:03:53.215 I/ThermalService( 999): CPU temperatures: [52.500004]
05-30 14:03:53.306 E/nStackXDFinder( 2271): GetLocalIp:[401] :GetLocalIp exec
05-30 14:03:53.306 E/nStackXDFinder( 2271): GetLocalIp:[401] :GetLocalIp exec
05-30 14:03:53.306 E/nStackXDFinder( 2271): GetLocalIp:[401] :GetLocalIp exec
05-30 14:03:53.306 I/nStackXCoAP( 2271): CoapServiceDiscoverTimerHandle:[524] :the 12 times for device discover.
05-30 14:03:53.352 D/nStackXCoAP( 2271): IsInSameNetwork:[276] :IsInSameNetwork exec
05-30 14:03:53.352 I/nStackXDFinder( 2271): GetLocalInterfaceDetail:[461] :GetLocalInterfaceDetail in
05-30 14:03:53.352 E/nStackXCoAP( 2271): IsInSameNetwork:[281] :IsInSameNetwork: not priority process
05-30 14:03:53.353 D/nStackXCoAP( 2271): IsInSameNetwork:[276] :IsInSameNetwork exec
05-30 14:03:53.353 I/nStackXDFinder( 2271): GetLocalInterfaceDetail:[461] :GetLocalInterfaceDetail in
05-30 14:03:53.353 E/nStackXCoAP( 2271): IsInSameNetwork:[281] :IsInSameNetwork: not priority process
05-30 14:03:53.354 D/nStackXCoAP( 2271): IsInSameNetwork:[276] :IsInSameNetwork exec
05-30 14:03:53.354 I/nStackXDFinder( 2271): GetLocalInterfaceDetail:[461] :GetLocalInterfaceDetail in
05-30 14:03:53.354 E/nStackXCoAP( 2271): IsInSameNetwork:[281] :IsInSameNetwork: not priority process
05-30 14:03:53.359 D/nStackXCoAP( 2271): IsInSameNetwork:[276] :IsInSameNetwork exec
05-30 14:03:53.360 I/nStackXDFinder( 2271): GetLocalInterfaceDetail:[461] :GetLocalInterfaceDetail in
05-30 14:03:53.360 E/nStackXCoAP( 2271): IsInSameNetwork:[281] :IsInSameNetwork: not priority process
05-30 14:03:53.446 E/hq ( 1482): Etna:::sendInspectLauncherUpdate
05-30 14:03:53.448 E/ccc ( 1449): cccccc SystemUpdateHelper launcherUpdate {"launcherCodeLocal":102941,"launcherCodeNet":0,"launcherVersionLocal":"2.9.4.1","launcherVersionNet":"","otaCodeLocal":0,"otaCodeNet":0,"remoteNeedUpdate":false,"updateType":""}
05-30 14:03:53.451 D/etnaManager( 1482): 不需要更新桌面
05-30 14:03:53.480 D/nStackXCoAP( 2271): IsInSameNetwork:[276] :IsInSameNetwork exec
05-30 14:03:53.480 I/nStackXDFinder( 2271): GetLocalInterfaceDetail:[461] :GetLocalInterfaceDetail in
05-30 14:03:53.480 E/nStackXCoAP( 2271): IsInSameNetwork:[281] :IsInSameNetwork: not priority process
05-30 14:03:53.481 D/nStackXCoAP( 2271): IsInSameNetwork:[276] :IsInSameNetwork exec
05-30 14:03:53.481 I/nStackXDFinder( 2271): GetLocalInterfaceDetail:[461] :GetLocalInterfaceDetail in
05-30 14:03:53.481 E/nStackXCoAP( 2271): IsInSameNetwork:[281] :IsInSameNetwork: not priority process
05-30 14:03:53.485 D/nStackXCoAP( 2271): IsInSameNetwork:[276] :IsInSameNetwork exec
05-30 14:03:53.486 I/nStackXDFinder( 2271): GetLocalInterfaceDetail:[461] :GetLocalInterfaceDetail in
05-30 14:03:53.486 E/nStackXCoAP( 2271): IsInSameNetwork:[281] :IsInSameNetwork: not priority process
05-30 14:03:53.494 D/nStackXCoAP( 2271): IsInSameNetwork:[276] :IsInSameNetwork exec
05-30 14:03:53.494 I/nStackXDFinder( 2271): GetLocalInterfaceDetail:[461] :GetLocalInterfaceDetail in
05-30 14:03:53.494 E/nStackXCoAP( 2271): IsInSameNetwork:[281] :IsInSameNetwork: not priority process
05-30 14:03:53.495 D/nStackXCoAP( 2271): IsInSameNetwork:[276] :IsInSameNetwork exec
05-30 14:03:53.495 I/nStackXDFinder( 2271): GetLocalInterfaceDetail:[461] :GetLocalInterfaceDetail in
05-30 14:03:53.495 E/nStackXCoAP( 2271): IsInSameNetwork:[281] :IsInSameNetwork: not priority process
05-30 14:03:53.496 D/nStackXCoAP( 2271): IsInSameNetwork:[276] :IsInSameNetwork exec
05-30 14:03:53.496 I/nStackXDFinder( 2271): GetLocalInterfaceDetail:[461] :GetLocalInterfaceDetail in
05-30 14:03:53.496 E/nStackXCoAP( 2271): IsInSameNetwork:[281] :IsInSameNetwork: not priority process
05-30 14:03:53.497 D/nStackXCoAP( 2271): IsInSameNetwork:[276] :IsInSameNetwork exec
05-30 14:03:53.497 I/efs.base( 1735): wa upload succ, HttpResponse {succ=true, code=200, data='暂不支持该服务', extra={req_url=https://errlog.umeng.com/api/crashsdk/logcollect}}
05-30 14:03:53.497 I/nStackXDFinder( 2271): GetLocalInterfaceDetail:[461] :GetLocalInterfaceDetail in
05-30 14:03:53.497 E/nStackXCoAP( 2271): IsInSameNetwork:[281] :IsInSameNetwork: not priority process
05-30 14:03:53.498 D/nStackXCoAP( 2271): IsInSameNetwork:[276] :IsInSameNetwork exec
05-30 14:03:53.498 I/nStackXDFinder( 2271): GetLocalInterfaceDetail:[461] :GetLocalInterfaceDetail in
05-30 14:03:53.498 E/nStackXCoAP( 2271): IsInSameNetwork:[281] :IsInSameNetwork: not priority process
05-30 14:03:53.499 D/nStackXCoAP( 2271): IsInSameNetwork:[276] :IsInSameNetwork exec
05-30 14:03:53.499 I/nStackXDFinder( 2271): GetLocalInterfaceDetail:[461] :GetLocalInterfaceDetail in
05-30 14:03:53.499 E/nStackXCoAP( 2271): IsInSameNetwork:[281] :IsInSameNetwork: not priority process
05-30 14:03:53.500 D/nStackXCoAP( 2271): IsInSameNetwork:[276] :IsInSameNetwork exec
05-30 14:03:53.500 I/nStackXDFinder( 2271): GetLocalInterfaceDetail:[461] :GetLocalInterfaceDetail in
05-30 14:03:53.500 E/nStackXCoAP( 2271): IsInSameNetwork:[281] :IsInSameNetwork: not priority process
05-30 14:03:53.501 D/nStackXCoAP( 2271): IsInSameNetwork:[276] :IsInSameNetwork exec
05-30 14:03:53.501 I/nStackXDFinder( 2271): GetLocalInterfaceDetail:[461] :GetLocalInterfaceDetail in
05-30 14:03:53.501 E/nStackXCoAP( 2271): IsInSameNetwork:[281] :IsInSameNetwork: not priority process
05-30 14:03:53.501 D/nStackXCoAP( 2271): IsInSameNetwork:[276] :IsInSameNetwork exec
05-30 14:03:53.501 I/nStackXDFinder( 2271): GetLocalInterfaceDetail:[461] :GetLocalInterfaceDetail in
