05-30 14:04:06.068 D/WifiHAL ( 500): error code -95 mapped to -3
05-30 14:04:06.068 E/WifiStaIfaceAidlImpl( 692): getLinkLayerStats failed with service-specific exception: android.os.ServiceSpecificException: (code 4)
05-30 14:04:06.496 W/method.sogou.tv( 1455): Cleared Reference was only reachable from finalizer (only reported once)
05-30 14:04:07.235 I/ThermalService( 999): CPU temperatures: [50.9]
05-30 14:04:08.687 D/SntpClient( 692): request time failed: java.net.SocketTimeoutException: Poll timed out
05-30 14:04:08.687 D/SntpClient( 692): request time failed
05-30 14:04:08.698 D/TrafficStats( 692): tagSocket(354) with statsTag=0xffffff41, statsUid=-1
05-30 14:04:08.740 D/CompatibilityChangeReporter( 692): Compat change id reported: 261072174; UID 1000; state: ENABLED
05-30 14:04:08.997 D/SntpClient( 692): round trip: 297ms, clock offset: 12865989ms
05-30 14:04:09.000 D/SystemClockTime( 692): Setting time of day to sec=1748597914
05-30 17:38:34.989 E/LazyAlarmStore( 692): Removed TIME_TICK alarm
05-30 17:38:34.993 W/SyncManager( 692): Clock is valid now.
05-30 17:38:34.994 D/ConditionProviders.SCP( 692): onReceive android.intent.action.TIME_SET
05-30 17:38:34.997 D/ActivityManager( 692): sync unfroze 2073 com.android.providers.calendar for 3
05-30 17:38:35.025 D/bbb ( 1578): onStartCommand begin !!!!!!! data分区剩余 54425MB
05-30 17:38:35.027 D/ConditionProviders.SCP( 692): evaluateSubscriptionLocked cal=ScheduleCalendar[mDays={1, 2, 3, 4, 5, 6, 7}, mSchedule=ScheduleInfo{days=[1, 2, 3, 4, 5, 6, 7], startHour=22, startMinute=0, endHour=7, endMinute=0, exitAtAlarm=true, nextAlarm=Thu Jan 01 08:00:00 GMT+08:00 1970 (0)}], now=Fri May 30 17:38:34 GMT+08:00 2025 (1748597914994), nextUserAlarmTime=Thu Jan 01 08:00:00 GMT+08:00 1970 (0)
05-30 17:38:35.028 D/ConditionProviders.SCP( 692): notifyCondition condition://android/schedule?days=1.2.3.4.5.6.7&start=22.0&end=7.0&exitAtAlarm=true STATE_FALSE reason=!meetsSchedule
05-30 17:38:35.028 D/ActivityManager( 692): sync unfroze 2132 com.android.rkpdapp for 3
05-30 17:38:35.029 D/ConditionProviders.SCP( 692): Scheduling evaluate for Fri May 30 22:00:00 GMT+08:00 2025 (1748613600000), in +4h21m25s6ms, now=Fri May 30 17:38:34 GMT+08:00 2025 (1748597914994)
05-30 17:38:35.029 D/CompatibilityChangeReporter( 692): Compat change id reported: 171306433; UID 1000; state: ENABLED
05-30 17:38:35.030 D/CompatibilityChangeReporter( 692): Compat change id reported: 218533173; UID 1000; state: ENABLED
05-30 17:38:35.031 D/ActivityManager( 692): sync unfroze 2178 com.android.statementservice for 3
05-30 17:38:35.037 D/PermissionStorageTimeChangeReceiver( 2016): Time changed by 12865 seconds
05-30 17:38:35.042 D/PermissionStorageTimeChangeReceiver( 2016): systemTimeSnapshot set to 1748597915037
05-30 17:38:35.042 D/PermissionStorageTimeChangeReceiver( 2016): realtimeSnapshot set to 63257
05-30 17:38:35.056 D/CompatibilityChangeReporter( 692): Compat change id reported: 143231523; UID 1000; state: DISABLED
05-30 17:38:35.061 I/WifiHAL ( 500): call wifi_get_link_stats handler
05-30 17:38:35.061 I/WifiHAL ( 500): Creating message to get link statistics; iface = 16
05-30 17:38:35.061 D/WifiHAL ( 500): error code -95 mapped to -3
05-30 17:38:35.062 E/WifiStaIfaceAidlImpl( 692): getLinkLayerStats failed with service-specific exception: android.os.ServiceSpecificException: (code 4)
05-30 17:38:35.077 I/UsageStatsService( 692): User[0] Time changed in by 12865 seconds
05-30 17:38:35.078 I/UsageStatsService( 692): User[0] Flushing usage stats to disk
05-30 17:38:35.090 I/UsageStatsDatabase( 692): Time changed by +3h34m25s988ms. files deleted: 0 files moved: 4
05-30 17:38:35.094 I/UsageStatsService( 692): User[0] Rollover scheduled @ 2025-05-31 17:37:54(1748684274996)
05-30 17:38:35.098 D/CompatibilityChangeReporter( 692): Compat change id reported: 218533173; UID 10017; state: ENABLED
05-30 17:38:35.098 D/CompatibilityChangeReporter( 692): Compat change id reported: 262645982; UID 10017; state: ENABLED
05-30 17:38:35.099 D/CompatibilityChangeReporter( 692): Compat change id reported: 218533173; UID 10039; state: DISABLED
05-30 17:38:35.099 D/CompatibilityChangeReporter( 692): Compat change id reported: 262645982; UID 10039; state: DISABLED
05-30 17:38:35.100 D/CompatibilityChangeReporter( 692): Compat change id reported: 218533173; UID 10019; state: ENABLED
05-30 17:38:35.100 D/CompatibilityChangeReporter( 692): Compat change id reported: 262645982; UID 10019; state: ENABLED
05-30 17:38:35.101 D/CompatibilityChangeReporter( 692): Compat change id reported: 218533173; UID 10026; state: ENABLED
05-30 17:38:35.102 D/CompatibilityChangeReporter( 692): Compat change id reported: 262645982; UID 10026; state: ENABLED
05-30 17:38:35.105 D/CompatibilityChangeReporter( 692): Compat change id reported: 218533173; UID 10027; state: DISABLED
05-30 17:38:35.105 D/CompatibilityChangeReporter( 692): Compat change id reported: 262645982; UID 10027; state: DISABLED
05-30 17:38:35.106 D/CompatibilityChangeReporter( 692): Compat change id reported: 218533173; UID 10044; state: DISABLED
05-30 17:38:35.106 D/CompatibilityChangeReporter( 692): Compat change id reported: 262645982; UID 10044; state: DISABLED
05-30 17:38:35.107 D/CompatibilityChangeReporter( 692): Compat change id reported: 218533173; UID 10071; state: ENABLED
05-30 17:38:35.108 D/CompatibilityChangeReporter( 692): Compat change id reported: 262645982; UID 10071; state: ENABLED
05-30 17:38:35.110 D/CompatibilityChangeReporter( 692): Compat change id reported: 218533173; UID 10025; state: ENABLED
05-30 17:38:35.111 D/CompatibilityChangeReporter( 692): Compat change id reported: 262645982; UID 10025; state: ENABLED
05-30 17:38:35.112 D/CompatibilityChangeReporter( 692): Compat change id reported: 218533173; UID 10021; state: ENABLED
05-30 17:38:35.112 D/CompatibilityChangeReporter( 692): Compat change id reported: 262645982; UID 10021; state: ENABLED
05-30 17:38:35.114 D/CompatibilityChangeReporter( 692): Compat change id reported: 218533173; UID 10049; state: DISABLED
05-30 17:38:35.114 D/CompatibilityChangeReporter( 692): Compat change id reported: 262645982; UID 10049; state: DISABLED
05-30 17:38:35.114 D/CompatibilityChangeReporter( 692): Compat change id reported: 218533173; UID 10018; state: ENABLED
05-30 17:38:35.115 D/CompatibilityChangeReporter( 692): Compat change id reported: 262645982; UID 10018; state: ENABLED
05-30 17:38:35.116 D/CompatibilityChangeReporter( 692): Compat change id reported: 218533173; UID 10074; state: ENABLED
05-30 17:38:35.116 D/CompatibilityChangeReporter( 692): Compat change id reported: 262645982; UID 10074; state: ENABLED
05-30 17:38:35.117 I/cling--ap-3( 1735): type=1400 audit(0.0:1083): avc: denied { search } for name="net" dev="sysfs" ino=12345 scontext=u:r:untrusted_app_27:s0:c44,c256,c512,c768 tcontext=u:object_r:sysfs_net:s0 tclass=dir permissive=1 app=com.dangbei.screencast
05-30 17:38:35.227 I/ThermalService( 999): CPU temperatures: [51.300003]
05-30 17:38:35.429 I/UsbFfs-monitor( 1387): type=1400 audit(0.0:1084): avc: denied { use } for path="anon_inode:[eventfd]" dev="anon_inodefs" ino=10206 scontext=u:r:su:s0 tcontext=u:r:adbd:s0 tclass=fd permissive=1
05-30 17:38:37.230 I/ThermalService( 999): CPU temperatures: [51.300003]
05-30 17:38:38.068 I/WifiHAL ( 500): call wifi_get_link_stats handler
05-30 17:38:38.068 I/WifiHAL ( 500): Creating message to get link statistics; iface = 16
05-30 17:38:38.068 D/WifiHAL ( 500): error code -95 mapped to -3
05-30 17:38:38.069 E/WifiStaIfaceAidlImpl( 692): getLinkLayerStats failed with service-specific exception: android.os.ServiceSpecificException: (code 4)
05-30 17:38:38.263 E/WifiHealthMonitor( 692): Hit PackageManager exception
05-30 17:38:38.263 E/WifiHealthMonitor( 692): android.content.pm.PackageManager$NameNotFoundException: No module info for package: com.android.wifi
05-30 17:38:38.263 E/WifiHealthMonitor( 692): at android.app.ApplicationPackageManager.getModuleInfo(ApplicationPackageManager.java:1190)
05-30 17:38:38.263 E/WifiHealthMonitor( 692): at com.android.server.wifi.WifiHealthMonitor.getWifiStackVersion(WifiHealthMonitor.java:367)
05-30 17:38:38.263 E/WifiHealthMonitor( 692): at com.android.server.wifi.WifiHealthMonitor.extractCurrentSoftwareBuildInfo(WifiHealthMonitor.java:588)
05-30 17:38:38.263 E/WifiHealthMonitor( 692): at com.android.server.wifi.WifiHealthMonitor.postBootSwBuildCheck(WifiHealthMonitor.java:523)
05-30 17:38:38.263 E/WifiHealthMonitor( 692): at com.android.server.wifi.WifiHealthMonitor.postBootDetectionHandler(WifiHealthMonitor.java:514)
05-30 17:38:38.263 E/WifiHealthMonitor( 692): at com.android.server.wifi.WifiHealthMonitor.-$$Nest$mpostBootDetectionHandler(WifiHealthMonitor.java:0)
05-30 17:38:38.263 E/WifiHealthMonitor( 692): at com.android.server.wifi.WifiHealthMonitor$2.onAlarm(WifiHealthMonitor.java:190)
05-30 17:38:38.263 E/WifiHealthMonitor( 692): at android.app.AlarmManager$ListenerWrapper.run(AlarmManager.java:375)
05-30 17:38:38.263 E/WifiHealthMonitor( 692): at android.os.Handler.handleCallback(Handler.java:958)
05-30 17:38:38.263 E/WifiHealthMonitor( 692): at android.os.Handler.dispatchMessage(Handler.java:99)
05-30 17:38:38.263 E/WifiHealthMonitor( 692): at com.android.server.wifi.RunnerHandler.dispatchMessage(RunnerHandler.java:122)
05-30 17:38:38.263 E/WifiHealthMonitor( 692): at android.os.Looper.loopOnce(Looper.java:205)
05-30 17:38:38.263 E/WifiHealthMonitor( 692): at android.os.Looper.loop(Looper.java:294)
05-30 17:38:38.263 E/WifiHealthMonitor( 692): at android.os.HandlerThread.run(HandlerThread.java:67)
05-30 17:38:38.267 D/ActivityManager( 692): sync unfroze 2109 com.android.providers.tv for 6
05-30 17:38:38.282 D/EpgDataCleanupService( 2109): Received intent: Intent { act=com.android.providers.tv.intent.CLEAN_UP_EPG_DATA cmp=com.android.providers.tv/.EpgDataCleanupService }
05-30 17:38:38.285 I/binder:464_4( 464): type=1400 audit(0.0:1085): avc: denied { add_name } for name="globalAlert" scontext=u:r:netd:s0 tcontext=u:object_r:proc_net:s0 tclass=dir permissive=1
05-30 17:38:38.304 D/OomAdjuster( 692): Not killing cached processes
05-30 17:38:39.232 I/ThermalService( 999): CPU temperatures: [50.800003]
05-30 17:38:41.072 I/WifiHAL ( 500): call wifi_get_link_stats handler
05-30 17:38:41.072 I/WifiHAL ( 500): Creating message to get link statistics; iface = 16
05-30 17:38:41.072 D/WifiHAL ( 500): error code -95 mapped to -3
05-30 17:38:41.073 E/WifiStaIfaceAidlImpl( 692): getLinkLayerStats failed with service-specific exception: android.os.ServiceSpecificException: (code 4)
05-30 17:38:41.236 I/ThermalService( 999): CPU temperatures: [50.7]
05-30 17:38:41.257 I/adbd ( 1387): type=1400 audit(0.0:1086): avc: denied { read } for name="u:object_r:device_logging_prop:s0" dev="tmpfs" ino=213 scontext=u:r:su:s0 tcontext=u:object_r:device_logging_prop:s0 tclass=file permissive=1
05-30 17:38:41.257 I/adbd ( 1387): type=1400 audit(0.0:1087): avc: denied { open } for path="/dev/__properties__/u:object_r:device_logging_prop:s0" dev="tmpfs" ino=213 scontext=u:r:su:s0 tcontext=u:object_r:device_logging_prop:s0 tclass=file permissive=1
05-30 17:38:41.257 I/adbd ( 1387): type=1400 audit(0.0:1088): avc: denied { getattr } for path="/dev/__properties__/u:object_r:device_logging_prop:s0" dev="tmpfs" ino=213 scontext=u:r:su:s0 tcontext=u:object_r:device_logging_prop:s0 tclass=file permissive=1
05-30 17:38:41.257 I/adbd ( 1387): type=1400 audit(0.0:1089): avc: denied { map } for path="/dev/__properties__/u:object_r:device_logging_prop:s0" dev="tmpfs" ino=213 scontext=u:r:su:s0 tcontext=u:object_r:device_logging_prop:s0 tclass=file permissive=1
05-30 17:38:41.261 I/adbd ( 2797): type=1400 audit(0.0:1090): avc: denied { execute } for name="sh" dev="dm-8" ino=19226000 scontext=u:r:su:s0 tcontext=u:object_r:shell_exec:s0 tclass=file permissive=1
05-30 17:38:41.261 I/adbd ( 2797): type=1400 audit(0.0:1091): avc: denied { read open } for path="/system/bin/sh" dev="dm-8" ino=19226000 scontext=u:r:su:s0 tcontext=u:object_r:shell_exec:s0 tclass=file permissive=1
05-30 17:38:41.261 I/adbd ( 2797): type=1400 audit(0.0:1092): avc: denied { execute_no_trans } for path="/system/bin/sh" dev="dm-8" ino=19226000 scontext=u:r:su:s0 tcontext=u:object_r:shell_exec:s0 tclass=file permissive=1
05-30 17:38:41.298 D/XM_HIDREAD( 1982): poll ret=1, event=1
05-30 17:38:41.298 D/XM_HIDREAD( 1982): [9 bytes]:01 00 00 51 00 00 00 00 00
05-30 17:38:41.300 I/SogouIME( 1455): onKeyDown: keyoCode=20
05-30 17:38:41.300 I/DefaultIMS( 1455): onKeyDown: keyoCode=20
05-30 17:38:41.411 D/XM_HIDREAD( 1982): poll ret=1, event=1
05-30 17:38:41.411 D/XM_HIDREAD( 1982): [9 bytes]:01 00 00 00 00 00 00 00 00
05-30 17:38:41.413 I/SogouIME( 1455): onKeyUp: keyoCode=20
05-30 17:38:41.413 I/DefaultIMS( 1455): onKeyUp: keyoCode=20
05-30 17:38:41.513 E/ccc ( 1449): cccccc led current is 100 标准
05-30 17:38:41.513 E/ccc ( 1449): cccccc led current is null
05-30 17:38:41.517 D/BluetoothAdapterService( 1108): cancelDiscovery
05-30 17:38:41.517 I/bt_btif_dm( 1108): packages/modules/Bluetooth/system/btif/src/btif_dm.cc:2470 btif_dm_cancel_discovery: Cancel search
05-30 17:38:41.517 I/bluetooth( 1108): packages/modules/Bluetooth/system/bta/dm/bta_dm_main.cc:96 bta_dm_search_sm_execute: state:BTA_DM_SEARCH_IDLE, event:BTA_DM_API_SEARCH_CANCEL_EVT[0x201]
05-30 17:38:42.021 D/ActivityManager( 692): freezing 1611 android.process.acore
05-30 17:38:42.022 D/ActivityManager( 692): freezing 1658 android.process.media
05-30 17:38:42.255 D/XM_HIDREAD( 1982): poll ret=1, event=1
05-30 17:38:42.255 D/XM_HIDREAD( 1982): [9 bytes]:01 00 00 52 00 00 00 00 00
05-30 17:38:42.257 I/SogouIME( 1455): onKeyDown: keyoCode=19
05-30 17:38:42.257 I/DefaultIMS( 1455): onKeyDown: keyoCode=19
05-30 17:38:42.389 D/XM_HIDREAD( 1982): poll ret=1, event=1
05-30 17:38:42.390 D/XM_HIDREAD( 1982): [9 bytes]:01 00 00 00 00 00 00 00 00
05-30 17:38:42.391 I/SogouIME( 1455): onKeyUp: keyoCode=19
05-30 17:38:42.392 I/DefaultIMS( 1455): onKeyUp: keyoCode=19
05-30 17:38:42.465 D/TrafficStats( 1735): tagSocket(215) with statsTag=0xffffffff, statsUid=-1
05-30 17:38:43.239 I/ThermalService( 999): CPU temperatures: [51.300003]
05-30 17:38:44.080 I/WifiHAL ( 500): call wifi_get_link_stats handler
05-30 17:38:44.080 I/WifiHAL ( 500): Creating message to get link statistics; iface = 16
05-30 17:38:44.080 D/WifiHAL ( 500): error code -95 mapped to -3
05-30 17:38:44.080 E/WifiStaIfaceAidlImpl( 692): getLinkLayerStats failed with service-specific exception: android.os.ServiceSpecificException: (code 4)
05-30 17:38:45.033 I/binder:464_4( 464): type=1400 audit(0.0:1104): avc: denied { add_name } for name="globalAlert" scontext=u:r:netd:s0 tcontext=u:object_r:proc_net:s0 tclass=dir permissive=1
05-30 17:38:45.243 I/ThermalService( 999): CPU temperatures: [50.9]
05-30 17:38:47.084 I/WifiHAL ( 500): call wifi_get_link_stats handler
05-30 17:38:47.084 I/WifiHAL ( 500): Creating message to get link statistics; iface = 16
05-30 17:38:47.084 D/WifiHAL ( 500): error code -95 mapped to -3
05-30 17:38:47.085 E/WifiStaIfaceAidlImpl( 692): getLinkLayerStats failed with service-specific exception: android.os.ServiceSpecificException: (code 4)
05-30 17:38:47.245 I/ThermalService( 999): CPU temperatures: [50.800003]
05-30 17:38:48.317 D/ActivityManager( 692): freezing 2109 com.android.providers.tv
05-30 17:38:48.821 I/UsageStatsService( 692): Time changed in by 12865 seconds
05-30 17:38:48.824 D/OomAdjuster( 692): Not killing cached processes
05-30 17:38:48.826 I/PermissionControllerServiceImpl( 2016): Updating user sensitive for user 0
05-30 17:38:49.248 I/ThermalService( 999): CPU temperatures: [51.2]
05-30 17:38:50.091 I/WifiHAL ( 500): call wifi_get_link_stats handler
05-30 17:38:50.091 I/WifiHAL ( 500): Creating message to get link statistics; iface = 16
05-30 17:38:50.091 D/WifiHAL ( 500): error code -95 mapped to -3
05-30 17:38:50.092 E/WifiStaIfaceAidlImpl( 692): getLinkLayerStats failed with service-specific exception: android.os.ServiceSpecificException: (code 4)
05-30 17:38:50.188 I/WifiService( 692): startScan uid=1000
05-30 17:38:50.190 E/ccc ( 2614): cccccc i will start scan
05-30 17:38:50.197 D/InstantWifi( 692): Drop, size: 1
05-30 17:38:50.588 D/TrafficStats( 1735): tagSocket(215) with statsTag=0xffffffff, statsUid=-1
05-30 17:38:51.252 I/ThermalService( 999): CPU temperatures: [50.600002]
05-30 17:38:52.871 D/WifiNl80211Manager( 692): Scan result ready event
05-30 17:38:52.871 D/WifiNative( 692): Scan result ready event
05-30 17:38:52.926 E/ccc ( 2614): cccccc SCAN_RESULTS_AVAILABLE_ACTION hhhh
05-30 17:38:52.928 E/hq ( 1482): NetWorkStateReceiver:::NetWorkStateReceiver onReceive: 网络变化广播 >>>> intent.action=android.net.wifi.SCAN_RESULTS
05-30 17:38:52.932 I/WifiHAL ( 500): call wifi_get_link_stats handler
05-30 17:38:52.932 I/WifiHAL ( 500): Creating message to get link statistics; iface = 16
05-30 17:38:52.932 D/WifiHAL ( 500): error code -95 mapped to -3
05-30 17:38:52.933 E/WifiStaIfaceAidlImpl( 692): getLinkLayerStats failed with service-specific exception: android.os.ServiceSpecificException: (code 4)
05-30 17:38:52.942 W/eventbuscore( 1482): post Event:com.dangbei.leard.base.entity.event.NetWifiRssiEvent
05-30 17:38:52.948 E/ccc ( 2614): cccccc result is not empty call back
05-30 17:38:52.948 E/ccc ( 2614): cccccc 666666666666666
05-30 17:38:52.961 E/ccc ( 2614): cccccc sort 2 52
05-30 17:38:53.096 I/WifiHAL ( 500): call wifi_get_link_stats handler
05-30 17:38:53.096 I/WifiHAL ( 500): Creating message to get link statistics; iface = 16
05-30 17:38:53.096 D/WifiHAL ( 500): error code -95 mapped to -3
05-30 17:38:53.096 E/WifiStaIfaceAidlImpl( 692): getLinkLayerStats failed with service-specific exception: android.os.ServiceSpecificException: (code 4)
05-30 17:38:53.255 I/ThermalService( 999): CPU temperatures: [50.9]
05-30 17:38:53.295 I/audio_hw_hal_alsamgr( 476): alsa format =0x1 delay frames =768 total frames=3421440
05-30 17:38:54.934 W/BatteryExternalStatsWorker( 692): error reading Bluetooth stats: 11
05-30 17:38:55.029 D/OomAdjuster( 692): Not killing cached processes
05-30 17:38:55.257 I/ThermalService( 999): CPU temperatures: [51.4]
05-30 17:38:56.100 I/WifiHAL ( 500): call wifi_get_link_stats handler
05-30 17:38:56.100 I/WifiHAL ( 500): Creating message to get link statistics; iface = 16
05-30 17:38:56.100 D/WifiHAL ( 500): error code -95 mapped to -3
05-30 17:38:56.101 E/WifiStaIfaceAidlImpl( 692): getLinkLayerStats failed with service-specific exception: android.os.ServiceSpecificException: (code 4)
05-30 17:38:57.260 I/ThermalService( 999): CPU temperatures: [50.600002]
05-30 17:38:57.605 I/ActivityManager( 692): Background started FGS: Allowed [callingPackage: com.dangbei.screencast; callingUid: 10044; uidState: FGS ; uidBFSL: [BFSL]; intent: Intent { cmp=com.dangbei.screencast/.startup.GuardService }; code:PROC_STATE_FGS; tempAllowListReason:; targetSdkVersion:28; callerTargetSdkVersion:28; startForegroundCount:0; bindFromPackage:null: isBindService:false]
05-30 17:38:57.608 D/CompatibilityChangeReporter( 692): Compat change id reported: 135634846; UID 10044; state: DISABLED
05-30 17:38:57.609 D/CompatibilityChangeReporter( 692): Compat change id reported: 143937733; UID 10044; state: DISABLED
05-30 17:38:57.621 W/System.err( 1735): java.net.SocketException: Socket closed
05-30 17:38:57.622 W/System.err( 1735): at java.net.PlainSocketImpl.socketAccept(PlainSocketImpl.java:213)
05-30 17:38:57.622 W/System.err( 1735): at java.net.AbstractPlainSocketImpl.accept(AbstractPlainSocketImpl.java:451)
05-30 17:38:57.622 W/System.err( 1735): at java.net.ServerSocket.implAccept(ServerSocket.java:569)
05-30 17:38:57.622 W/System.err( 1735): at java.net.ServerSocket.accept(ServerSocket.java:537)
05-30 17:38:57.622 W/System.err( 1735): at b.f.f.t.f.run(Unknown Source:40)
05-30 17:38:57.622 W/System.err( 1735): at java.lang.Thread.run(Thread.java:1012)
05-30 17:38:57.622 I/serviceDiscovery( 692): [MdnsAdvertiser] Removing service with ID 7
05-30 17:38:57.623 I/serviceDiscovery( 692): [MdnsAdvertiser] Removing service with ID 8
05-30 17:38:57.624 W/UpnpServiceImpl( 1735): >>> Shutting down UPnP service...
05-30 17:38:57.628 I/serviceDiscovery( 692): [MdnsAdvertiser] Removing service with ID 6
05-30 17:38:57.633 W/AbstractChannel( 1735): Can't invoke task later as EventLoop rejected it
05-30 17:38:57.633 W/AbstractChannel( 1735): java.util.concurrent.RejectedExecutionException: event executor terminated
05-30 17:38:57.633 W/AbstractChannel( 1735): at io.netty.util.concurrent.SingleThreadEventExecutor.reject(Unknown Source:4)
05-30 17:38:57.633 W/AbstractChannel( 1735): at io.netty.util.concurrent.SingleThreadEventExecutor.offerTask(Unknown Source:6)
05-30 17:38:57.633 W/AbstractChannel( 1735): at io.netty.util.concurrent.SingleThreadEventExecutor.addTask(Unknown Source:5)
05-30 17:38:57.633 W/AbstractChannel( 1735): at io.netty.util.concurrent.SingleThreadEventExecutor.execute(Unknown Source:4)
05-30 17:38:57.633 W/AbstractChannel( 1735): at io.netty.util.concurrent.SingleThreadEventExecutor.execute(Unknown Source:18)
05-30 17:38:57.633 W/AbstractChannel( 1735): at io.netty.channel.AbstractChannel$AbstractUnsafe.invokeLater(Unknown Source:6)
05-30 17:38:57.633 W/AbstractChannel( 1735): at io.netty.channel.AbstractChannel$AbstractUnsafe.deregister(Unknown Source:24)
05-30 17:38:57.633 W/AbstractChannel( 1735): at io.netty.channel.AbstractChannel$AbstractUnsafe.fireChannelInactiveAndDeregister(Unknown Source:17)
05-30 17:38:57.633 W/AbstractChannel( 1735): at io.netty.channel.AbstractChannel$AbstractUnsafe.close(Unknown Source:112)
05-30 17:38:57.633 W/AbstractChannel( 1735): at io.netty.channel.AbstractChannel$AbstractUnsafe.close(Unknown Source:12)
05-30 17:38:57.633 W/AbstractChannel( 1735): at io.netty.channel.nio.NioEventLoop.closeAll(Unknown Source:86)
05-30 17:38:57.633 W/AbstractChannel( 1735): at io.netty.channel.nio.NioEventLoop.run(Unknown Source:202)
05-30 17:38:57.633 W/AbstractChannel( 1735): at io.netty.util.concurrent.SingleThreadEventExecutor$4.run(Unknown Source:41)
05-30 17:38:57.633 W/AbstractChannel( 1735): at io.netty.util.internal.ThreadExecutorMap$2.run(Unknown Source:8)
05-30 17:38:57.633 W/AbstractChannel( 1735): at io.netty.util.concurrent.FastThreadLocalRunnable.run(Unknown Source:2)
05-30 17:38:57.633 W/AbstractChannel( 1735): at java.lang.Thread.run(Thread.java:1012)
05-30 17:38:57.633 D/Zygote ( 465): Forked child process 2837
05-30 17:38:57.634 I/ActivityManager( 692): Start proc 2837:com.dangbei.screencast:bg_guard/u0a44 for service {com.dangbei.screencast/com.dangbei.screencast.startup.GuardService}
05-30 17:38:57.640 I/Zygote ( 2837): seccomp disabled by setenforce 0
05-30 17:38:57.648 E/raop ( 1735): httpd_stop running 1 joined 0
05-30 17:38:57.648 E/raop ( 1735): httpd_stop connection->socket_fd=0
05-30 17:38:57.648 E/raop ( 1735): httpd_stop connection->socket_fd=0
05-30 17:38:57.648 E/raop ( 1735): httpd_stop connection->socket_fd=0
05-30 17:38:57.648 E/raop ( 1735): httpd_stop connection->socket_fd=0
05-30 17:38:57.648 E/raop ( 1735): httpd_stop connection->socket_fd=0
05-30 17:38:57.648 E/raop ( 1735): httpd_stop connection->socket_fd=0
05-30 17:38:57.648 E/raop ( 1735): httpd_stop connection->socket_fd=0
05-30 17:38:57.648 E/raop ( 1735): httpd_stop connection->socket_fd=0
05-30 17:38:57.648 E/raop ( 1735): httpd_stop connection->socket_fd=0
05-30 17:38:57.648 E/raop ( 1735): httpd_stop connection->socket_fd=0
05-30 17:38:57.645 I/rainbow_flow( 2658): type=1400 audit(0.0:1105): avc: denied { ioctl } for path="/dev/spidev1.0" dev="tmpfs" ino=536 ioctlcmd=0x6b00 scontext=u:r:init:s0 tcontext=u:object_r:device:s0 tclass=chr_file permissive=1
05-30 17:38:57.651 I/encast:bg_guard( 2837): Using CollectorTypeCC GC.
05-30 17:38:57.649 I/adbd ( 1387): type=1400 audit(0.0:1106): avc: denied { read } for path="socket:[30494]" dev="sockfs" ino=30494 scontext=u:r:su:s0 tcontext=u:r:su:s0 tclass=tcp_socket permissive=1
05-30 17:38:57.649 I/adbd ( 1387): type=1400 audit(0.0:1107): avc: denied { write } for path="socket:[30494]" dev="sockfs" ino=30494 scontext=u:r:su:s0 tcontext=u:r:su:s0 tclass=tcp_socket permissive=1
05-30 17:38:57.657 E/encast:bg_guard( 2837): Not starting debugger since process cannot load the jdwp agent.
05-30 17:38:57.668 D/CompatibilityChangeReporter( 692): Compat change id reported: 168419799; UID 10044; state: DISABLED
05-30 17:38:57.668 D/CompatibilityChangeReporter( 692): Compat change id reported: 273564678; UID 10044; state: DISABLED
05-30 17:38:57.671 D/CompatibilityChangeReporter( 2837): Compat change id reported: 171979766; UID 10044; state: DISABLED
05-30 17:38:57.671 D/CompatibilityChangeReporter( 2837): Compat change id reported: 242716250; UID 10044; state: DISABLED
05-30 17:38:57.674 D/CompatibilityChangeReporter( 692): Compat change id reported: 170503758; UID 10044; state: DISABLED
05-30 17:38:57.677 D/ApplicationLoaders( 2837): Returning zygote-cached class loader: /system/framework/android.test.base.jar
05-30 17:38:57.677 D/ApplicationLoaders( 2837): Returning zygote-cached class loader: /system/framework/android.hidl.manager-V1.0-java.jar
05-30 17:38:57.677 D/ApplicationLoaders( 2837): Returning zygote-cached class loader: /system/framework/android.hidl.base-V1.0-java.jar
05-30 17:38:57.686 D/nativeloader( 2837): Configuring clns-shared-4 for other apk /system/app/dangbei-screencast/dangbei-screencast.apk. target_sdk_version=28, uses_libraries=, library_path=/system/app/dangbei-screencast/lib/arm:/system/app/dangbei-screencast/dangbei-screencast.apk!/lib/armeabi-v7a:/system/lib:/system_ext/lib, permitted_path=/data:/mnt/expand:/data/user/0/com.dangbei.screencast:/system/app/dangbei-screencast:/system/lib:/system_ext/lib
05-30 17:38:57.689 W/System ( 692): A resource failed to call release.
05-30 17:38:57.710 V/GraphicsEnvironment( 2837): Currently set values for:
05-30 17:38:57.710 V/GraphicsEnvironment( 2837): angle_gl_driver_selection_pkgs=[]
05-30 17:38:57.710 V/GraphicsEnvironment( 2837): angle_gl_driver_selection_values=[]
05-30 17:38:57.711 V/GraphicsEnvironment( 2837): ANGLE GameManagerService for com.dangbei.screencast: false
05-30 17:38:57.711 V/GraphicsEnvironment( 2837): com.dangbei.screencast is not listed in per-application setting
05-30 17:38:57.711 V/GraphicsEnvironment( 2837): Neither updatable production driver nor prerelease driver is supported.
05-30 17:38:57.715 I/MultiDex( 2837): VM with version 2.1.0 has multidex support
05-30 17:38:57.715 I/MultiDex( 2837): Installing application
05-30 17:38:57.715 I/MultiDex( 2837): VM has multidex support, MultiDex support library is disabled.
05-30 17:38:57.716 D/CompatibilityChangeReporter( 2837): Compat change id reported: 247079863; UID 10044; state: DISABLED
05-30 17:38:57.724 D/CompatibilityChangeReporter( 692): Compat change id reported: 161145287; UID 10044; state: DISABLED
05-30 17:38:57.730 W/System.err( 2837): com.umeng.analytics.pro.br: Required field 'version' was not found in serialized data! Struct: com.umeng.commonsdk.statistics.proto.d$a@ecf9954
05-30 17:38:57.730 W/System.err( 2837): at com.umeng.commonsdk.statistics.proto.d$a.a(Unknown Source:43)
05-30 17:38:57.730 W/System.err( 2837): at com.umeng.commonsdk.statistics.proto.d$a.b(Unknown Source:2)
05-30 17:38:57.730 W/System.err( 2837): at com.umeng.commonsdk.statistics.proto.d.read(Unknown Source:16)
05-30 17:38:57.730 W/System.err( 2837): at com.umeng.analytics.pro.au.a(Unknown Source:7)
05-30 17:38:57.730 W/System.err( 2837): at com.umeng.commonsdk.statistics.idtracking.ImprintHandler.e(Unknown Source:66)
05-30 17:38:57.730 W/System.err( 2837): at com.umeng.commonsdk.statistics.idtracking.ImprintHandler.onFileLock(Unknown Source:5)
05-30 17:38:57.730 W/System.err( 2837): at com.umeng.commonsdk.utils.FileLockUtil.doFileOperateion(Unknown Source:20)
05-30 17:38:57.730 W/System.err( 2837): at com.umeng.commonsdk.statistics.idtracking.ImprintHandler.getImprintService(Unknown Source:41)
05-30 17:38:57.730 W/System.err( 2837): at com.umeng.commonsdk.framework.UMEnvelopeBuild.imprintProperty(Unknown Source:7)
05-30 17:38:57.730 W/System.err( 2837): at com.umeng.commonsdk.config.FieldManager.a(Unknown Source:43)
05-30 17:38:57.730 W/System.err( 2837): at com.umeng.commonsdk.UMConfigure.preInit(Unknown Source:73)
05-30 17:38:57.730 W/System.err( 2837): at com.umeng.commonsdk.UMConfigure.init(Unknown Source:161)
05-30 17:38:57.730 W/System.err( 2837): at b.f.f.b.a(:4)
05-30 17:38:57.730 W/System.err( 2837): at h.o.a.run(Unknown Source:2)
05-30 17:38:57.741 I/encast:bg_guard( 2837): type=1400 audit(0.0:1108): avc: denied { read } for name="address" dev="sysfs" ino=22127 scontext=u:r:untrusted_app_27:s0:c44,c256,c512,c768 tcontext=u:object_r:sysfs_net:s0 tclass=file permissive=1 app=com.dangbei.screencast
05-30 17:38:57.752 I/crashsdk( 2837): version unique build id: 6230cced
05-30 17:38:57.741 I/encast:bg_guard( 2837): type=1400 audit(0.0:1109): avc: denied { open } for path="/sys/devices/virtual/net/dummy0/address" dev="sysfs" ino=22127 scontext=u:r:untrusted_app_27:s0:c44,c256,c512,c768 tcontext=u:object_r:sysfs_net:s0 tclass=file permissive=1 app=com.dangbei.screencast
05-30 17:38:57.754 D/crashsdk( 2837): Native log stat thread 2872 setup, waiting
05-30 17:38:57.756 I/crashsdk( 2837): begin hack android.os.Process
05-30 17:38:57.756 I/crashsdk( 2837): end hack android.os.Process
05-30 17:38:57.741 I/encast:bg_guard( 2837): type=1400 audit(0.0:1110): avc: denied { getattr } for path="/sys/devices/virtual/net/dummy0/address" dev="sysfs" ino=22127 scontext=u:r:untrusted_app_27:s0:c44,c256,c512,c768 tcontext=u:object_r:sysfs_net:s0 tclass=file permissive=1 app=com.dangbei.screencast
05-30 17:38:57.749 I/Thread-3( 2837): type=1400 audit(0.0:1111): avc: denied { read } for name="version" dev="proc" ino=4026532005 scontext=u:r:untrusted_app_27:s0:c44,c256,c512,c768 tcontext=u:object_r:proc_version:s0 tclass=file permissive=1 app=com.dangbei.screencast
05-30 17:38:57.749 I/Thread-3( 2837): type=1400 audit(0.0:1112): avc: denied { open } for path="/proc/version" dev="proc" ino=4026532005 scontext=u:r:untrusted_app_27:s0:c44,c256,c512,c768 tcontext=u:object_r:proc_version:s0 tclass=file permissive=1 app=com.dangbei.screencast
05-30 17:38:57.749 I/Thread-3( 2837): type=1400 audit(0.0:1113): avc: denied { getattr } for path="/proc/version" dev="proc" ino=4026532005 scontext=u:r:untrusted_app_27:s0:c44,c256,c512,c768 tcontext=u:object_r:proc_version:s0 tclass=file permissive=1 app=com.dangbei.screencast
05-30 17:38:57.772 I/Matrix.AnrTracer( 2837): anrTrace, final mAnrBeatTime:400, mAnrBeatRate:400
05-30 17:38:57.772 I/TDLog ( 2837): setReportUncaughtExceptions: true
05-30 17:38:57.773 W/efs.send_log( 2837): tryFileLock start!
05-30 17:38:57.773 E/Application( 2837): onCreate:Version:v2.8.3/20830/883432e
05-30 17:38:57.774 E/LaunchManager( 2837): Non main process !
05-30 17:38:57.774 W/System.err( 2837): java.lang.NullPointerException: Attempt to invoke virtual method 'boolean com.efs.sdk.launch.LaunchConfigManager.enableTracer()' on a null object reference
05-30 17:38:57.774 W/System.err( 2837): at com.umeng.umcrash.UMCrash.init(Unknown Source:403)
05-30 17:38:57.774 W/System.err( 2837): at java.lang.reflect.Method.invoke(Native Method)
05-30 17:38:57.774 W/System.err( 2837): at com.umeng.commonsdk.UMConfigure.init(Unknown Source:811)
05-30 17:38:57.774 W/System.err( 2837): at b.f.f.b.a(:4)
05-30 17:38:57.774 W/System.err( 2837): at h.o.a.run(Unknown Source:2)
05-30 17:38:57.774 I/UMCrash ( 2837): begin register common callback. key is umid.
05-30 17:38:57.778 I/efs.config( 2837): --->>> 删除旧的配置文件 false
05-30 17:38:57.778 I/efs.base( 2837): lt=event`ev_ct=efs_core`ev_ac=pvuv`tm=2025-05-30 17:38:77`dn=6aee369d-97d5-42b8-aaef-4ff281a087ea`ps=com.dangbei.screencast:bg_guard`um_os=android`stime=1748597937638`pid=2837`fr=android`pkg=com.dangbei.screencast`vcode=20830`dsp_w=1920`uid=6aee369d-97d5-42b8-aaef-4ff281a087ea`rom=14`wid=6aee369d-97d5-42b8-aaef-4ff281a087ea`um_app_carrier=`um_access=wifi`um_app_channel=os`um_crash_sdk_version=1.4.0`ctime=1748597937`model=dbbox-a3`lang=zh`net=wifi`brand=amlogic`dsp_h=1080`um_network_type=0`ver=v2.8.3`build_model=DBBOX-A3`w_tm=1748597937`appid=5fc60c21094d637f3130af19`um_umid_header=null`sdk=34`tzone=Asia/Shanghai`sdk_ver=1.3.6.umeng
05-30 17:38:57.792 I/crashsdk( 2837): Catcher mask: 5000, 20480
05-30 17:38:57.793 I/crashsdk( 2837): Catcher thread 2848
05-30 17:38:57.793 D/crashsdk( 2837): Register ANR handler ...
05-30 17:38:57.793 I/efs.config( 2837): current config version (-1) is older than another (1735614866)
05-30 17:38:57.793 I/efs.config( 2837): load config from storage and notify observer
05-30 17:38:57.799 D/CompatibilityChangeReporter( 692): Compat change id reported: 170668199; UID 10044; state: DISABLED
05-30 17:38:57.799 W/ActivityManager( 692): Foreground service started from background can not have location/camera/microphone access: service com.dangbei.screencast/.startup.GuardService
05-30 17:38:57.800 D/CompatibilityChangeReporter( 692): Compat change id reported: 255038118; UID 10044; state: DISABLED
05-30 17:38:57.800 D/CompatibilityChangeReporter( 692): Compat change id reported: 255042465; UID 10044; state: DISABLED
05-30 17:38:57.801 W/ForegroundServiceTypeLoggerModule( 692): Foreground service start for UID: 10044 does not have any types
05-30 17:38:57.815 E/GuardService( 2837): onStartCommand:
05-30 17:38:57.816 E/GuardService( 2837): onStartCommand: cmd:1
05-30 17:38:57.816 E/GuardService( 2837): result:2
05-30 17:38:57.820 I/TDLog ( 2837): TalkingData SDK init...
05-30 17:38:57.820 I/TDLog ( 2837): SDK_VERSION is: Android+TD+V5.0.7 gp Type:Native Build_Num:2141
05-30 17:38:57.820 I/TDLog ( 2837): App ID is: B9D7815EC975466AB1332111FCE62DF5
05-30 17:38:57.820 I/TDLog ( 2837): App Channel is: os
05-30 17:38:57.820 I/TDLog ( 2837): App Custom is:
05-30 17:38:57.820 I/TDLog ( 2837): SDK_OVC is: TDOVC+a3bb7754719798526508b6caad480dd7+SaaS
05-30 17:38:57.820 D/TrafficStats( 2837): tagSocket(137) with statsTag=0xffffffff, statsUid=-1
05-30 17:38:57.850 D/TrafficStats( 2837): tagSocket(137) with statsTag=0xffffffff, statsUid=-1
05-30 17:38:57.957 E/audio_hw_hal_alsamgr( 476): aml_alsa_output_get_delayframe:824, pcm_ioctl fail, ret:0xffffffff, error info:Broken pipe
05-30 17:38:57.957 I/audio_hw_hal_alsamgr( 476): aml_alsa_output_write alsa_running_status[0xf3c81cd0] change from 1 to 0
05-30 17:38:57.957 W/audio_hw_hal_alsamgr( 476): [aml_alsa_output_write:616] alsa underrun
05-30 17:38:57.960 D/TrafficStats( 2837): tagSocket(137) with statsTag=0xffffffff, statsUid=-1
05-30 17:38:57.961 W/Router ( 1735): disable lock:org.fourthline.cling.android.AndroidRouter@942a0d4_java.util.concurrent.locks.ReentrantReadWriteLock$WriteLock@657427d[Unlocked]
05-30 17:38:57.962 I/Router ( 1735): WiFi multicast lock released
05-30 17:38:57.962 I/WifiService( 692): releaseMulticastLock uid=10044
05-30 17:38:57.964 I/Router ( 1735): WiFi lock released
05-30 17:38:57.964 I/WifiService( 692): releaseWifiLock uid=10044
05-30 17:38:57.966 I/WifiHAL ( 500): wifi_set_latency_mode set to 0
05-30 17:38:57.973 D/IpClient.wlan0( 1057): set max DTIM multiplier to 9
05-30 17:38:58.009 W/BatteryExternalStatsWorker( 692): error reading modem stats:ERROR_PHONE_NOT_AVAILABLE
05-30 17:38:58.010 W/BatteryExternalStatsWorker( 692): error reading Bluetooth stats: 11
05-30 17:38:58.020 D/WifiHAL ( 500): Setting APF program, halHandle = 0xf4002920
05-30 17:38:58.020 I/WifiHAL ( 500): createRequest: APF set program request
05-30 17:38:58.020 D/WifiHAL ( 500): error code -95 mapped to -3
05-30 17:38:58.020 I/WifiHAL ( 500): Request Response failed for APF, result = -3
05-30 17:38:58.038 I/JettyServletContainer( 1735): No more connectors, stopping Jetty server
05-30 17:38:58.038 I/JettyServletContainer( 1735): Stopping Jetty server...
05-30 17:38:58.039 W/System.err( 1735): 2025-05-30 17:38:58.038:INFO:lcaf.p:Graceful shutdown l.c.a.g.d{/upnp,null}
05-30 17:38:58.039 E/JettyServletContainer( 1735): error:java.net.SocketException: Socket closed
05-30 17:38:58.039 W/System.err( 1735): java.net.SocketException: Socket closed
05-30 17:38:58.039 W/System.err( 1735): at java.net.PlainSocketImpl.socketAccept(PlainSocketImpl.java:213)
05-30 17:38:58.039 W/System.err( 1735): at java.net.AbstractPlainSocketImpl.accept(AbstractPlainSocketImpl.java:451)
05-30 17:38:58.039 W/System.err( 1735): at java.net.ServerSocket.implAccept(ServerSocket.java:569)
05-30 17:38:58.039 W/System.err( 1735): at java.net.ServerSocket.accept(ServerSocket.java:537)
05-30 17:38:58.039 W/System.err( 1735): at l.c.a.f.w.a.accept(Unknown Source:2)
05-30 17:38:58.039 W/System.err( 1735): at org.fourthline.cling.transport.impl.jetty.JettyServletContainer$2.accept(Unknown Source:1)
05-30 17:38:58.039 W/System.err( 1735): at l.c.a.f.a$a.run(Unknown Source:113)
05-30 17:38:58.039 W/System.err( 1735): at java.util.concurrent.ThreadPoolExecutor.runWorker(ThreadPoolExecutor.java:1145)
05-30 17:38:58.039 W/System.err( 1735): at java.util.concurrent.ThreadPoolExecutor$Worker.run(ThreadPoolExecutor.java:644)
05-30 17:38:58.039 W/System.err( 1735): at java.lang.Thread.run(Thread.java:1012)
05-30 17:38:58.040 E/WifiStaIfaceAidlImpl( 692): installApfPacketFilter failed with service-specific exception: android.os.ServiceSpecificException: (code 4)
05-30 17:38:58.040 D/WifiHAL ( 500): Setting DTIM config , halHandle = 0xf4002920 Multiplier = 9
05-30 17:38:58.040 I/WifiHAL ( 500): Successfully configured dtim multiplier 9
05-30 17:38:58.041 D/WifiHAL ( 500): error code -95 mapped to -3
05-30 17:38:58.041 E/WifiStaIfaceAidlImpl( 692): setDtimMultiplier failed with service-specific exception: android.os.ServiceSpecificException: (code 4)
05-30 17:38:58.234 I/SystemControl( 318): [/UEventObserver.cpp, HDMITxUenventThreadLoop, 451] HDMI TX switch_name:hdmitx_current_status, switch_state: 7
05-30 17:38:58.258 W/efs.info.manager( 2837): network change: wifi
05-30 17:38:58.280 I/audio_hw_hal_ms12v2( 476): dolby_ms12_threadloop alsa is not running
05-30 17:38:58.280 I/audio_hw_hal_alsamgr( 476): aml_alsa_output_write alsa_running_status[0xf3c81cd0] change from 0 to 1
05-30 17:38:58.294 E/raop ( 1735): httpd_stop running 0 joined 1
05-30 17:38:59.040 W/System.err( 1735): 2025-05-30 17:38:59.040:INFO:lcafx.c:stopped l.c.a.g.d{/upnp,null}
05-30 17:38:59.041 W/Router ( 1735): disable unlock:org.fourthline.cling.android.AndroidRouter@942a0d4
05-30 17:38:59.041 W/UpnpServiceImpl( 1735): <<< UPnP service shutdown completed
05-30 17:38:59.104 I/WifiHAL ( 500): call wifi_get_link_stats handler
05-30 17:38:59.104 I/WifiHAL ( 500): Creating message to get link statistics; iface = 16
05-30 17:38:59.104 D/WifiHAL ( 500): error code -95 mapped to -3
05-30 17:38:59.105 E/WifiStaIfaceAidlImpl( 692): getLinkLayerStats failed with service-specific exception: android.os.ServiceSpecificException: (code 4)
05-30 17:38:59.263 I/ThermalService( 999): CPU temperatures: [51.2]
05-30 17:38:59.621 I/crashsdk( 1735): android_os_Process_sendSignal. PID: 1735 SIG: 9
05-30 17:38:59.621 I/crashsdk( 1735): onKillProcess. SIG: 9
05-30 17:38:59.622 I/crashsdk( 1735): Kill PID: 1735 (com.dangbei.screencast) by pid: 1735 (com.dangbei.screencast) tid: 1735 (main)
05-30 17:38:59.622 I/crashsdk( 1735): SIG: 9, fg: false, exiting: false, main process: true, time: 20250530173859
05-30 17:38:59.622 I/crashsdk( 1735): State in disk: 'b'
05-30 17:38:59.622 I/crashsdk( 1735): at android.os.Process.sendSignal(Native Method)
05-30 17:38:59.622 I/crashsdk( 1735): at android.os.Process.killProcess(Process.java:1315)
05-30 17:38:59.622 I/crashsdk( 1735): at com.dangbei.screencast.startup.JumpService$i.run(:2)
05-30 17:38:59.622 I/crashsdk( 1735): at android.os.Handler.handleCallback(Handler.java:958)
05-30 17:38:59.622 I/crashsdk( 1735): at android.os.Handler.dispatchMessage(Handler.java:99)
05-30 17:38:59.622 I/crashsdk( 1735): at android.os.Looper.loopOnce(Looper.java:205)
05-30 17:38:59.622 I/crashsdk( 1735): at android.os.Looper.loop(Looper.java:294)
05-30 17:38:59.622 I/crashsdk( 1735): at android.app.ActivityThread.main(ActivityThread.java:8255)
05-30 17:38:59.622 I/crashsdk( 1735): at java.lang.reflect.Method.invoke(Native Method)
05-30 17:38:59.622 I/crashsdk( 1735): at com.android.internal.os.RuntimeInit$MethodAndArgsCaller.run(RuntimeInit.java:552)
05-30 17:38:59.622 I/crashsdk( 1735): at com.android.internal.os.ZygoteInit.main(ZygoteInit.java:978)
05-30 17:38:59.623 I/Process ( 1735): Sending signal. PID: 1735 SIG: 9
05-30 17:38:59.655 W/efs.send_log( 2271): tryFileLock sendlock sucess! processname: com.huawei.connection
05-30 17:38:59.661 I/ActivityManager( 692): Process com.dangbei.screencast (pid 1735) has died: prcp FGS
05-30 17:38:59.661 I/libprocessgroup( 692): Successfully killed process cgroup uid 10044 pid 1735 in 0ms
05-30 17:38:59.662 I/Zygote ( 465): Process 1735 exited due to signal 9 (Killed)
05-30 17:38:59.663 D/CompatibilityChangeReporter( 692): Compat change id reported: 261072174; UID 10044; state: DISABLED
05-30 17:38:59.664 D/NearFieldManagerService( 2271): onDestroy, enter.
05-30 17:38:59.664 I/NearFieldManagerService( 2271): killCurrentProcess.
05-30 17:38:59.664 I/crashsdk( 2271): android_os_Process_sendSignal. PID: 2271 SIG: 9
05-30 17:38:59.664 I/crashsdk( 2271): onKillProcess. SIG: 9
05-30 17:38:59.664 W/ActivityManager( 692): Scheduling restart of crashed service com.dangbei.screencast/.huaweicast.service.HuaweiCastService in 1000ms for start-requested
05-30 17:38:59.665 W/ActivityManager( 692): Scheduling restart of crashed service com.dangbei.screencast/.startup.StartupService in 10999ms for start-requested
05-30 17:38:59.668 I/crashsdk( 2271): Kill PID: 2271 (com.huawei.connection) by pid: 2271 (com.huawei.connection) tid: 2271 (main)
05-30 17:38:59.668 I/crashsdk( 2271): SIG: 9, fg: false, exiting: false, main process: false, time: 20250530173859
05-30 17:38:59.668 I/crashsdk( 2271): State in disk: 'b'
05-30 17:38:59.668 I/crashsdk( 2271): at android.os.Process.sendSignal(Native Method)
05-30 17:38:59.668 I/crashsdk( 2271): at android.os.Process.killProcess(Process.java:1315)
05-30 17:38:59.668 I/crashsdk( 2271): at com.huawei.connection.service.NearFieldManagerService.c(Unknown Source:11)
05-30 17:38:59.668 I/crashsdk( 2271): at com.huawei.connection.service.NearFieldManagerService.onDestroy(Unknown Source:10)
05-30 17:38:59.668 I/crashsdk( 2271): at android.app.ActivityThread.handleStopService(ActivityThread.java:4896)
05-30 17:38:59.668 I/crashsdk( 2271): at android.app.ActivityThread.-$$Nest$mhandleStopService(Unknown Source:0)
05-30 17:38:59.668 I/crashsdk( 2271): at android.app.ActivityThread$H.handleMessage(ActivityThread.java:2326)
05-30 17:38:59.668 I/crashsdk( 2271): at android.os.Handler.dispatchMessage(Handler.java:106)
05-30 17:38:59.668 I/crashsdk( 2271): at android.os.Looper.loopOnce(Looper.java:205)
05-30 17:38:59.668 I/crashsdk( 2271): at android.os.Looper.loop(Looper.java:294)
05-30 17:38:59.668 I/crashsdk( 2271): at android.app.ActivityThread.main(ActivityThread.java:8255)
05-30 17:38:59.668 I/crashsdk( 2271): at java.lang.reflect.Method.invoke(Native Method)
05-30 17:38:59.668 I/crashsdk( 2271): at com.android.internal.os.RuntimeInit$MethodAndArgsCaller.run(RuntimeInit.java:552)
05-30 17:38:59.668 I/crashsdk( 2271): at com.android.internal.os.ZygoteInit.main(ZygoteInit.java:978)
05-30 17:38:59.669 I/Process ( 2271): Sending signal. PID: 2271 SIG: 9
05-30 17:38:59.697 W/efs.send_log( 2837): tryFileLock sendlock sucess! processname: com.dangbei.screencast:bg_guard
05-30 17:38:59.698 I/ActivityManager( 692): Process com.huawei.connection (pid 2271) has died: fg SVC
05-30 17:38:59.698 I/libprocessgroup( 692): Successfully killed process cgroup uid 10044 pid 2271 in 0ms
05-30 17:38:59.699 I/Zygote ( 465): Process 2271 exited due to signal 9 (Killed)
05-30 17:38:59.736 W/SocketClient( 464): write error (Broken pipe)
05-30 17:38:59.736 W/resolv ( 464): GetAddrInfoHandler::run: Error writing DNS result to client uid 10044 pid 1735: Broken pipe
05-30 17:38:59.781 W/SocketClient( 464): write error (Broken pipe)
05-30 17:38:59.781 W/resolv ( 464): GetAddrInfoHandler::run: Error writing DNS result to client uid 10044 pid 1735: Broken pipe
05-30 17:39:00.666 D/CompatibilityChangeReporter( 692): Compat change id reported: 135634846; UID 10044; state: DISABLED
05-30 17:39:00.668 D/CompatibilityChangeReporter( 692): Compat change id reported: 143937733; UID 10044; state: DISABLED
05-30 17:39:00.683 D/Zygote ( 465): Forked child process 2908
05-30 17:39:00.684 I/ActivityManager( 692): Start proc 2908:com.dangbei.screencast/u0a44 for service {com.dangbei.screencast/com.dangbei.screencast.huaweicast.service.HuaweiCastService}
05-30 17:39:00.690 I/Zygote ( 2908): seccomp disabled by setenforce 0
05-30 17:39:00.696 I/gbei.screencast( 2908): Using CollectorTypeCC GC.
05-30 17:39:00.702 E/gbei.screencast( 2908): Not starting debugger since process cannot load the jdwp agent.
05-30 17:39:00.705 I/rainbow_flow( 2658): type=1400 audit(0.0:1124): avc: denied { ioctl } for path="/dev/spidev1.0" dev="tmpfs" ino=536 ioctlcmd=0x6b00 scontext=u:r:init:s0 tcontext=u:object_r:device:s0 tclass=chr_file permissive=1
05-30 17:39:00.714 D/CompatibilityChangeReporter( 2908): Compat change id reported: 171979766; UID 10044; state: DISABLED
05-30 17:39:00.715 D/CompatibilityChangeReporter( 2908): Compat change id reported: 242716250; UID 10044; state: DISABLED
05-30 17:39:00.719 D/ApplicationLoaders( 2908): Returning zygote-cached class loader: /system/framework/android.test.base.jar
05-30 17:39:00.719 D/ApplicationLoaders( 2908): Returning zygote-cached class loader: /system/framework/android.hidl.manager-V1.0-java.jar
05-30 17:39:00.719 D/ApplicationLoaders( 2908): Returning zygote-cached class loader: /system/framework/android.hidl.base-V1.0-java.jar
05-30 17:39:00.729 D/nativeloader( 2908): Configuring clns-shared-4 for other apk /system/app/dangbei-screencast/dangbei-screencast.apk. target_sdk_version=28, uses_libraries=, library_path=/system/app/dangbei-screencast/lib/arm:/system/app/dangbei-screencast/dangbei-screencast.apk!/lib/armeabi-v7a:/system/lib:/system_ext/lib, permitted_path=/data:/mnt/expand:/data/user/0/com.dangbei.screencast:/system/app/dangbei-screencast:/system/lib:/system_ext/lib
05-30 17:39:00.754 V/GraphicsEnvironment( 2908): Currently set values for:
05-30 17:39:00.754 V/GraphicsEnvironment( 2908): angle_gl_driver_selection_pkgs=[]
05-30 17:39:00.754 V/GraphicsEnvironment( 2908): angle_gl_driver_selection_values=[]
05-30 17:39:00.755 V/GraphicsEnvironment( 2908): ANGLE GameManagerService for com.dangbei.screencast: false
05-30 17:39:00.755 V/GraphicsEnvironment( 2908): com.dangbei.screencast is not listed in per-application setting
05-30 17:39:00.755 V/GraphicsEnvironment( 2908): Neither updatable production driver nor prerelease driver is supported.
05-30 17:39:00.759 I/MultiDex( 2908): VM with version 2.1.0 has multidex support
05-30 17:39:00.759 I/MultiDex( 2908): Installing application
05-30 17:39:00.759 I/MultiDex( 2908): VM has multidex support, MultiDex support library is disabled.
05-30 17:39:00.759 E/PartsInfoProvider( 2908): onCreate:
05-30 17:39:00.761 E/ServiceUtils( 2908): start main service
05-30 17:39:00.762 D/TrafficStats( 2837): tagSocket(141) with statsTag=0xffffffff, statsUid=-1
05-30 17:39:00.763 E/ServiceUtils( 2908): start main service
05-30 17:39:00.771 D/AndroidAutoSize( 2908): designWidthInDp = 1920, designHeightInDp = 1080, screenWidth = 1920, screenHeight = 1080
05-30 17:39:00.771 D/AndroidAutoSize( 2908): initDensity = 1.5, initScaledDensity = 1.5
05-30 17:39:00.781 D/CompatibilityChangeReporter( 2908): Compat change id reported: 247079863; UID 10044; state: DISABLED
05-30 17:39:00.792 W/System.err( 2908): com.umeng.analytics.pro.br: Required field 'version' was not found in serialized data! Struct: com.umeng.commonsdk.statistics.proto.d$a@9705d4a
05-30 17:39:00.793 W/System.err( 2908): at com.umeng.commonsdk.statistics.proto.d$a.a(Unknown Source:43)
05-30 17:39:00.793 W/System.err( 2908): at com.umeng.commonsdk.statistics.proto.d$a.b(Unknown Source:2)
05-30 17:39:00.793 W/System.err( 2908): at com.umeng.commonsdk.statistics.proto.d.read(Unknown Source:16)
05-30 17:39:00.793 W/System.err( 2908): at com.umeng.analytics.pro.au.a(Unknown Source:7)
05-30 17:39:00.793 W/System.err( 2908): at com.umeng.commonsdk.statistics.idtracking.ImprintHandler.e(Unknown Source:66)
05-30 17:39:00.793 W/System.err( 2908): at com.umeng.commonsdk.statistics.idtracking.ImprintHandler.onFileLock(Unknown Source:5)
05-30 17:39:00.793 W/System.err( 2908): at com.umeng.commonsdk.utils.FileLockUtil.doFileOperateion(Unknown Source:20)
05-30 17:39:00.793 W/System.err( 2908): at com.umeng.commonsdk.statistics.idtracking.ImprintHandler.getImprintService(Unknown Source:41)
05-30 17:39:00.793 W/System.err( 2908): at com.umeng.commonsdk.framework.UMEnvelopeBuild.imprintProperty(Unknown Source:7)
05-30 17:39:00.793 W/System.err( 2908): at com.umeng.commonsdk.config.FieldManager.a(Unknown Source:43)
05-30 17:39:00.793 W/System.err( 2908): at com.umeng.commonsdk.UMConfigure.preInit(Unknown Source:73)
05-30 17:39:00.793 W/System.err( 2908): at com.umeng.commonsdk.UMConfigure.init(Unknown Source:161)
05-30 17:39:00.793 W/System.err( 2908): at b.f.f.b.a(:4)
05-30 17:39:00.793 W/System.err( 2908): at h.o.a.run(Unknown Source:2)
05-30 17:39:00.801 I/gbei.screencast( 2908): type=1400 audit(0.0:1125): avc: denied { search } for name="net" dev="sysfs" ino=12345 scontext=u:r:untrusted_app_27:s0:c44,c256,c512,c768 tcontext=u:object_r:sysfs_net:s0 tclass=dir permissive=1 app=com.dangbei.screencast
