05-30 14:03:27.488 D/ActiveDeviceManager( 1108): onAudioDevicesAdded
05-30 14:03:27.488 D/ActiveDeviceManager( 1108): Audio device added: DBBOX-A3 type: 2
05-30 14:03:27.488 D/ActiveDeviceManager( 1108): Audio device added: DBBOX-A3 type: 9
05-30 14:03:27.488 D/ActiveDeviceManager( 1108): Audio device added: DBBOX-A3 type: 14
05-30 14:03:27.488 D/ActiveDeviceManager( 1108): Audio device added: DBBOX-A3 type: 15
05-30 14:03:27.488 D/ActiveDeviceManager( 1108): Audio device added: DBBOX-A3 type: 25
05-30 14:03:27.488 D/ActiveDeviceManager( 1108): Audio device added: DBBOX-A3 type: 17
05-30 14:03:27.488 D/ActiveDeviceManager( 1108): Audio device added: DBBOX-A3 type: 28
05-30 14:03:27.489 I/droid.bluetooth( 1108): [0530/140327.489487:INFO:com_android_bluetooth_btservice_ActivityAttribution.cpp(96)] classInitNative: succeeds
05-30 14:03:27.489 D/BluetoothDatabase( 1108): compactLastConnectionTime: Compacting metadata after load
05-30 14:03:27.489 D/xm_audio( 476): adev_get_parameters
05-30 14:03:27.489 D/BluetoothAdapterService( 1108): setAdapterService() - trying to set service to com.android.bluetooth.btservice.AdapterService@fc36cdb
05-30 14:03:27.489 D/BluetoothDatabase( 1108): compactLastConnectionTime: Setting last_active_item for device: XX:XX:XX:XX:C0:53 from 1 to 0
05-30 14:03:27.489 D/BluetoothDatabase( 1108): updateDatabase XX:XX:XX:XX:C0:53
05-30 14:03:27.490 I/BluetoothDatabase( 1108): cacheMetadata
05-30 14:03:27.490 V/BluetoothDatabase( 1108): cacheMetadata: found device XX:XX:XX:XX:C0:53
05-30 14:03:27.490 V/BluetoothDatabase( 1108): cacheMetadata: found device null
05-30 14:03:27.490 I/BluetoothDatabase( 1108): cacheMetadata: Database is ready
05-30 14:03:27.498 I/audio_hw_hal_primary( 476): [audiohal_get_latency:1333] io 13: out:0xf3c80010 frames:1280 rate:48000 whole_latency:26 alsa_latency:26
05-30 14:03:27.498 D/BluetoothAdapterService( 1108): onBind()
05-30 14:03:27.500 D/audioserver( 519): logFgsApiEnd: FGS Logger Transaction failed, -129
05-30 14:03:27.502 D/xm_audio( 476): adev_get_parameters
05-30 14:03:27.510 D/xm_audio( 476): adev_get_parameters
05-30 14:03:27.518 D/ConnectivityService( 692): NetReassign [no changes] [c 0] [a 0] [i 0]
05-30 14:03:27.520 D/xm_audio( 476): adev_get_parameters
05-30 14:03:27.524 D/audioserver( 519): logFgsApiEnd: FGS Logger Transaction failed, -129
05-30 14:03:27.526 D/xm_audio( 476): adev_get_parameters
05-30 14:03:27.532 D/xm_audio( 476): adev_get_parameters
05-30 14:03:27.532 V/WifiManager( 991): registerTrafficStateCallback: callback=com.android.systemui.statusbar.pipeline.wifi.data.repository.prod.WifiRepositoryHelper$createActivityFlow$1$callback$1@4a2c4ed, executor=android.os.HandlerExecutor@8fd0d92
05-30 14:03:27.536 I/StatusBarManagerService( 692): registerStatusBar bar=com.android.internal.statusbar.IStatusBar$Stub$Proxy@433f3c6
05-30 14:03:27.538 D/xm_audio( 476): adev_get_parameters
05-30 14:03:27.541 D/ConnectivityService( 692): NetReassign [no changes] [c 0] [a 0] [i 0]
05-30 14:03:27.545 D/xm_audio( 476): adev_get_parameters
05-30 14:03:27.549 D/CompatibilityChangeReporter( 991): Compat change id reported: 205919743; UID 10052; state: ENABLED
05-30 14:03:27.556 D/xm_audio( 476): adev_get_parameters
05-30 14:03:27.557 D/ThemeOverlayController( 991): Start
05-30 14:03:27.565 D/StorageNotification( 991): Notifying about private volume: VolumeInfo{private}:
05-30 14:03:27.565 D/StorageNotification( 991): type=PRIVATE diskId=null partGuid=null mountFlags=0 mountUserId=-10000
05-30 14:03:27.565 D/StorageNotification( 991): state=MOUNTED
05-30 14:03:27.565 D/StorageNotification( 991): fsType=null fsUuid=null fsLabel=null
05-30 14:03:27.565 D/StorageNotification( 991): path=/data internalPath=null
05-30 14:03:27.567 D/xm_audio( 476): adev_get_parameters
05-30 14:03:27.583 D/xm_audio( 476): adev_get_parameters
05-30 14:03:27.589 I/update_engine( 622): [INFO:cleanup_previous_update_action.cc(112)] Executing task 7
05-30 14:03:27.593 D/AudioService( 692): Restoring device volume behavior
05-30 14:03:27.594 D/AudioService( 692): Retrieving Volume Behavior for DeviceType: 8192
05-30 14:03:27.594 D/AudioService( 692): Skipping Setting Volume Behavior for DeviceType: 8192
05-30 14:03:27.594 D/AudioService( 692): Retrieving Volume Behavior for DeviceType: 512
05-30 14:03:27.594 D/AudioService( 692): Skipping Setting Volume Behavior for DeviceType: 512
05-30 14:03:27.594 D/AudioService( 692): Retrieving Volume Behavior for DeviceType: 64
05-30 14:03:27.594 D/AudioService( 692): Skipping Setting Volume Behavior for DeviceType: 64
05-30 14:03:27.594 D/AudioService( 692): Retrieving Volume Behavior for DeviceType: 128
05-30 14:03:27.594 D/AudioService( 692): Skipping Setting Volume Behavior for DeviceType: 128
05-30 14:03:27.594 D/AudioService( 692): Retrieving Volume Behavior for DeviceType: 256
05-30 14:03:27.594 D/AudioService( 692): Skipping Setting Volume Behavior for DeviceType: 256
05-30 14:03:27.594 D/AudioService( 692): Retrieving Volume Behavior for DeviceType: 1024
05-30 14:03:27.594 D/AudioService( 692): Skipping Setting Volume Behavior for DeviceType: 1024
05-30 14:03:27.594 D/AudioService( 692): Retrieving Volume Behavior for DeviceType: 2048
05-30 14:03:27.594 D/AudioService( 692): Skipping Setting Volume Behavior for DeviceType: 2048
05-30 14:03:27.594 D/AudioService( 692): Retrieving Volume Behavior for DeviceType: 4096
05-30 14:03:27.594 D/AudioService( 692): Skipping Setting Volume Behavior for DeviceType: 4096
05-30 14:03:27.594 D/AudioService( 692): Retrieving Volume Behavior for DeviceType: 16384
05-30 14:03:27.594 D/AudioService( 692): Skipping Setting Volume Behavior for DeviceType: 16384
05-30 14:03:27.594 D/AudioService( 692): Retrieving Volume Behavior for DeviceType: 32768
05-30 14:03:27.594 D/AudioService( 692): Skipping Setting Volume Behavior for DeviceType: 32768
05-30 14:03:27.594 D/AudioService( 692): Retrieving Volume Behavior for DeviceType: 4194304
05-30 14:03:27.594 D/AudioService( 692): Skipping Setting Volume Behavior for DeviceType: 4194304
05-30 14:03:27.594 D/AudioService( 692): Retrieving Volume Behavior for DeviceType: 8388608
05-30 14:03:27.594 D/AudioService( 692): Skipping Setting Volume Behavior for DeviceType: 8388608
05-30 14:03:27.594 D/AudioService( 692): Retrieving Volume Behavior for DeviceType: 16777216
05-30 14:03:27.594 D/AudioService( 692): Skipping Setting Volume Behavior for DeviceType: 16777216
05-30 14:03:27.594 D/AudioService( 692): Retrieving Volume Behavior for DeviceType: 33554432
05-30 14:03:27.594 D/AudioService( 692): Skipping Setting Volume Behavior for DeviceType: 33554432
05-30 14:03:27.594 D/AudioService( 692): Retrieving Volume Behavior for DeviceType: 67108864
05-30 14:03:27.594 D/AudioService( 692): Skipping Setting Volume Behavior for DeviceType: 67108864
05-30 14:03:27.594 D/AudioService( 692): Retrieving Volume Behavior for DeviceType: 134217728
05-30 14:03:27.594 D/AudioService( 692): Skipping Setting Volume Behavior for DeviceType: 134217728
05-30 14:03:27.594 D/AudioService( 692): Retrieving Volume Behavior for DeviceType: 268435456
05-30 14:03:27.594 D/AudioService( 692): Skipping Setting Volume Behavior for DeviceType: 268435456
05-30 14:03:27.594 D/AudioService( 692): Retrieving Volume Behavior for DeviceType: 536870912
05-30 14:03:27.594 D/AudioService( 692): Skipping Setting Volume Behavior for DeviceType: 536870912
05-30 14:03:27.594 D/AudioService( 692): Retrieving Volume Behavior for DeviceType: 1073741824
05-30 14:03:27.594 D/AudioService( 692): Skipping Setting Volume Behavior for DeviceType: 1073741824
05-30 14:03:27.594 D/AudioService( 692): Retrieving Volume Behavior for DeviceType: 1
05-30 14:03:27.595 D/AudioService( 692): Skipping Setting Volume Behavior for DeviceType: 1
05-30 14:03:27.595 D/AudioService( 692): Retrieving Volume Behavior for DeviceType: 65536
05-30 14:03:27.595 D/AudioService( 692): Skipping Setting Volume Behavior for DeviceType: 65536
05-30 14:03:27.595 D/AudioService( 692): Retrieving Volume Behavior for DeviceType: 536870913
05-30 14:03:27.595 D/AudioService( 692): Skipping Setting Volume Behavior for DeviceType: 536870913
05-30 14:03:27.595 D/AudioService( 692): Retrieving Volume Behavior for DeviceType: 2
05-30 14:03:27.595 D/AudioService( 692): Skipping Setting Volume Behavior for DeviceType: 2
05-30 14:03:27.595 D/AudioService( 692): Retrieving Volume Behavior for DeviceType: 131072
05-30 14:03:27.595 D/AudioService( 692): Skipping Setting Volume Behavior for DeviceType: 131072
05-30 14:03:27.595 D/AudioService( 692): Retrieving Volume Behavior for DeviceType: 536870914
05-30 14:03:27.595 I/vol.Events( 991): writeEvent collection_started
05-30 14:03:27.595 D/AudioService( 692): Skipping Setting Volume Behavior for DeviceType: 536870914
05-30 14:03:27.595 D/AudioService( 692): Retrieving Volume Behavior for DeviceType: 4
05-30 14:03:27.595 D/AudioService( 692): Skipping Setting Volume Behavior for DeviceType: 4
05-30 14:03:27.595 D/AudioService( 692): Retrieving Volume Behavior for DeviceType: 262144
05-30 14:03:27.595 D/AudioService( 692): Skipping Setting Volume Behavior for DeviceType: 262144
05-30 14:03:27.595 D/AudioService( 692): Retrieving Volume Behavior for DeviceType: 262145
05-30 14:03:27.595 D/AudioService( 692): Skipping Setting Volume Behavior for DeviceType: 262145
05-30 14:03:27.595 D/AudioService( 692): Retrieving Volume Behavior for DeviceType: 8
05-30 14:03:27.595 D/AudioService( 692): Skipping Setting Volume Behavior for DeviceType: 8
05-30 14:03:27.595 D/AudioService( 692): Retrieving Volume Behavior for DeviceType: 524288
05-30 14:03:27.595 D/AudioService( 692): Skipping Setting Volume Behavior for DeviceType: 524288
05-30 14:03:27.595 D/AudioService( 692): Retrieving Volume Behavior for DeviceType: 16
05-30 14:03:27.595 D/AudioService( 692): Skipping Setting Volume Behavior for DeviceType: 16
05-30 14:03:27.595 D/AudioService( 692): Retrieving Volume Behavior for DeviceType: 1048576
05-30 14:03:27.595 D/AudioService( 692): Skipping Setting Volume Behavior for DeviceType: 1048576
05-30 14:03:27.595 D/AudioService( 692): Retrieving Volume Behavior for DeviceType: 32
05-30 14:03:27.595 D/AudioService( 692): Skipping Setting Volume Behavior for DeviceType: 32
05-30 14:03:27.595 D/AudioService( 692): Retrieving Volume Behavior for DeviceType: 2097152
05-30 14:03:27.595 D/AudioService( 692): Skipping Setting Volume Behavior for DeviceType: 2097152
05-30 14:03:27.595 W/Looper ( 692): Slow dispatch took 883ms main h=android.app.ActivityThread$H c=android.app.LoadedApk$ReceiverDispatcher$Args$$ExternalSyntheticLambda0@47fb57b m=0
05-30 14:03:27.597 I/update_engine( 622): [INFO:cleanup_previous_update_action.cc(124)] CleanupPreviousUpdateAction scheduled task ID 8 for WaitBootCompleted
05-30 14:03:27.601 D/BluetoothA2dp( 692): Binding service...
05-30 14:03:27.601 D/BluetoothManagerService( 692): Trying to bind to profile: 2, while Bluetooth was disabled
05-30 14:03:27.601 D/BluetoothHearingAid( 692): Binding service...
05-30 14:03:27.601 D/BluetoothManagerService( 692): Trying to bind to profile: 21, while Bluetooth was disabled
05-30 14:03:27.602 D/BluetoothLeAudio( 692): Binding service...
05-30 14:03:27.602 D/BluetoothManagerService( 692): Trying to bind to profile: 22, while Bluetooth was disabled
05-30 14:03:27.603 D/xm_audio( 476): adev_get_parameters
05-30 14:03:27.604 I/ExplicitHealthCheckController( 692): Explicit health check service is connected ComponentInfo{android.ext.services/android.ext.services.watchdog.ExplicitHealthCheckServiceImpl}
05-30 14:03:27.605 I/ExplicitHealthCheckController( 692): Service initialized, syncing requests
05-30 14:03:27.605 D/WallpaperManagerService( 692): WPMS.onServiceConnected-ComponentInfo{com.android.systemui/com.android.systemui.wallpapers.ImageWallpaper}
05-30 14:03:27.605 D/WallpaperManagerService( 692): WPMS.attachServiceLocked
05-30 14:03:27.605 D/WallpaperManagerService( 692): WPMS.connectLocked-ComponentInfo{com.android.systemui/com.android.systemui.wallpapers.ImageWallpaper}
05-30 14:03:27.607 W/WindowManager( 692): Keyguard drawn timeout. Setting mKeyguardDrawComplete
05-30 14:03:27.612 D/WallpaperManagerService( 692): WPMS.saveSettingsLocked-0
05-30 14:03:27.614 D/vol.VolumeDialogImpl( 991): initDialog: called!
05-30 14:03:27.617 D/WallpaperManagerService( 692): WPMS.onServiceConnected-ComponentInfo{com.android.systemui/com.android.systemui.wallpapers.ImageWallpaper}
05-30 14:03:27.617 D/WallpaperManagerService( 692): WPMS.attachServiceLocked
05-30 14:03:27.617 D/InstantWifi( 692): mWifiEnabled is changed to false
05-30 14:03:27.618 D/WifiP2pService( 692): Wifi enabled=true, P2P disallowed by admin=false
05-30 14:03:27.618 D/InstantWifi( 692): mWifiEnabled is changed to true
05-30 14:03:27.620 I/AutofillManagerService( 692): Updating for user 0: disabled=false
05-30 14:03:27.620 D/xm_audio( 476): adev_get_parameters
05-30 14:03:27.621 V/MediaRouter( 692): Audio routes updated: AudioRoutesInfo{ type=HDMI }, a2dp=false
05-30 14:03:27.623 D/WifiService( 692): user restrictions changed
05-30 14:03:27.624 V/MediaRouter( 692): Selecting route: RouteInfo{ name=外部设备, description=null, status=null, category=RouteCategory{ name=系统 types=ROUTE_TYPE_LIVE_AUDIO ROUTE_TYPE_LIVE_VIDEO groupable=false }, supportedTypes=ROUTE_TYPE_LIVE_AUDIO ROUTE_TYPE_LIVE_VIDEO , presentationDisplay=null }
05-30 14:03:27.628 V/NotificationAssistants( 692): 0 notification assistant service connected: ComponentInfo{android.ext.services/android.ext.services.notification.Assistant}
05-30 14:03:27.635 D/xm_audio( 476): adev_get_parameters
05-30 14:03:27.636 W/WindowManager( 692): [addWindow] title:com.android.systemui.wallpapers.ImageWallpaper
05-30 14:03:27.647 D/xm_audio( 476): adev_get_parameters
05-30 14:03:27.648 D/PermissionCache( 261): checking android.permission.ACCESS_SURFACE_FLINGER for uid=10052 => granted (1425 us)
05-30 14:03:27.649 D/PermissionCache( 261): checking android.permission.ROTATE_SURFACE_FLINGER for uid=10052 => granted (279 us)
05-30 14:03:27.651 D/PermissionCache( 261): checking android.permission.INTERNAL_SYSTEM_WINDOW for uid=10052 => granted (1800 us)
05-30 14:03:27.653 D/WallpaperService( 991): reportEngineShown: shouldWait=true
05-30 14:03:27.658 D/WallpaperService( 991): reportEngineShown: shouldWait=true
05-30 14:03:27.658 I/mali ( 991): Successfully parsed 1 environment variable(s) from /vendor/etc/mali_platform.config.
05-30 14:03:27.659 I/mali ( 991): Successfully parsed 1 environment variable(s) from /vendor/etc/mali_platform.config.
05-30 14:03:27.660 D/xm_audio( 476): adev_get_parameters
05-30 14:03:27.667 D/xm_audio( 476): adev_get_parameters
05-30 14:03:27.673 I/hwservicemanager( 232): getTransport: Cannot find entry android.hardware.configstore@1.0::ISurfaceFlingerConfigs/default in either framework or device VINTF manifest.
05-30 14:03:27.677 D/xm_audio( 476): adev_get_parameters
05-30 14:03:27.684 D/BluetoothManagerService( 692): Bluetooth Adapter name changed to DBBOX-A3 62b6 by android
05-30 14:03:27.684 I/vol.Events( 991): writeEvent level_changed STREAM_VOICE_CALL 100
05-30 14:03:27.684 D/BluetoothManagerService( 692): Stored Bluetooth name: DBBOX-A3 62b6
05-30 14:03:27.684 D/BluetoothManagerService( 692): BluetoothServiceConnection: com.android.bluetooth.btservice.AdapterService
05-30 14:03:27.685 D/BluetoothManagerService( 692): MESSAGE_BLUETOOTH_SERVICE_CONNECTED: 1
05-30 14:03:27.685 I/PackageWatchdog( 692): Syncing health check requests for packages: {}
05-30 14:03:27.685 D/ExplicitHealthCheckController( 692): Getting health check supported packages
05-30 14:03:27.688 V/BluetoothManagerService( 692): Searching package com.android.bluetooth
05-30 14:03:27.688 V/BluetoothManagerService( 692): Checking activity com.android.bluetooth.BluetoothPrefs
05-30 14:03:27.688 V/BluetoothManagerService( 692): Checking activity com.android.bluetooth.map.BluetoothMapSettings
05-30 14:03:27.688 V/BluetoothManagerService( 692): Checking activity com.android.bluetooth.opp.BluetoothOppLauncherActivity
05-30 14:03:27.689 D/WifiP2pService( 692): user restrictions changed
05-30 14:03:27.689 W/Looper ( 692): Drained
05-30 14:03:27.691 I/ExplicitHealthCheckController( 692): Explicit health check supported packages [PackageConfig{com.android.networkstack, 86400000}]
05-30 14:03:27.691 D/PackageWatchdog( 692): Received supported packages [PackageConfig{com.android.networkstack, 86400000}]
05-30 14:03:27.691 D/ExplicitHealthCheckController( 692): Getting health check requested packages
05-30 14:03:27.692 D/xm_audio( 476): adev_get_parameters
05-30 14:03:27.695 I/ExplicitHealthCheckController( 692): Explicit health check requested packages []
05-30 14:03:27.695 I/ExplicitHealthCheckController( 692): No more health check requests, unbinding...
05-30 14:03:27.697 I/ExplicitHealthCheckController( 692): Explicit health check service is unbound
05-30 14:03:27.700 D/BluetoothManagerService( 692): Broadcasting onBluetoothServiceUp() to 3 receivers.
05-30 14:03:27.700 D/BluetoothAdapter( 692): onBluetoothServiceUp: android.bluetooth.IBluetooth$Stub$Proxy@3a35be
05-30 14:03:27.700 D/BluetoothAdapter( 991): onBluetoothServiceUp: android.bluetooth.IBluetooth$Stub$Proxy@2af2ea
05-30 14:03:27.701 D/BluetoothAdapter( 1108): onBluetoothServiceUp: com.android.bluetooth.btservice.AdapterService$AdapterServiceBinder@5ae1e87
05-30 14:03:27.703 D/xm_audio( 476): adev_get_parameters
05-30 14:03:27.704 D/BluetoothAdapterService( 1108): enable() - Enable called with quiet mode status = false
05-30 14:03:27.704 I/AdapterState( 1108): BLE_TURNING_ON : entered
05-30 14:03:27.704 D/AdapterProperties( 1108): Setting state to BLE_TURNING_ON
05-30 14:03:27.705 D/BluetoothAdapterService( 1108): updateAdapterState() - Broadcasting state BLE_TURNING_ON to 1 receivers.
05-30 14:03:27.706 D/BluetoothManagerService( 692): MESSAGE_BLUETOOTH_STATE_CHANGE: OFF > BLE_TURNING_ON
05-30 14:03:27.706 D/BluetoothManagerService( 692): Sending BLE State Change: OFF > BLE_TURNING_ON
05-30 14:03:27.706 D/AudioService( 692): Volume controller: VolumeController(android.os.BinderProxy@d69af35,mVisible=false)
05-30 14:03:27.706 W/BroadcastLoopers( 692): Found previously unknown looper Thread[BluetoothManagerService,5,main]
05-30 14:03:27.709 D/xm_audio( 476): adev_get_parameters
05-30 14:03:27.714 D/AdapterState( 1108): Start Timeout Delay: 4000
05-30 14:03:27.714 D/BluetoothAdapterService( 1108): bleOnProcessStart()
05-30 14:03:27.715 I/AdapterProperties( 1108): init(), maxConnectedAudioDevices, default=5, propertyOverlayed=5, finalValue=5
05-30 14:03:27.716 D/xm_audio( 476): adev_get_parameters
05-30 14:03:27.721 I/vol.Events( 991): writeEvent level_changed STREAM_SYSTEM 100
05-30 14:03:27.723 I/vol.Events( 991): writeEvent level_changed STREAM_RING 100
05-30 14:03:27.725 D/BluetoothAdapterService( 1108): bleOnProcessStart() - Make Bond State Machine
05-30 14:03:27.726 D/BluetoothBondStateMachine( 1108): make
05-30 14:03:27.728 I/BluetoothBondStateMachine( 1108): StableState(): Entering Off State
05-30 14:03:27.739 I/vol.Events( 991): writeEvent level_changed STREAM_MUSIC 20
05-30 14:03:27.742 I/BtGatt.JNI( 1108): classInitNative(L1347): classInitNative: Success!
05-30 14:03:27.742 I/bt_btif ( 1108): packages/modules/Bluetooth/system/btif/src/bluetooth.cc:829 get_profile_interface: get_profile_interface: id = gatt
05-30 14:03:27.742 I/droid.bluetooth( 1108): [0530/140327.742530:INFO:btif_ble_advertiser.cc(271)] get_ble_advertiser_instance use gd le advertiser
05-30 14:03:27.742 I/droid.bluetooth( 1108): [0530/140327.742764:INFO:bta_gatts_api.cc(379)] BTA_GATTS_InitBonded
05-30 14:03:27.742 I/droid.bluetooth( 1108): [0530/140327.742851:INFO:le_scanning_manager.cc(483)] RegisterCallbacks in shim layer
05-30 14:03:27.742 I/bt_bta_sys_main( 1108): packages/modules/Bluetooth/system/bta/sys/bta_sys_main.cc:101 bta_sys_event: Ignoring receipt of unregistered event id:GATT server
05-30 14:03:27.744 D/WindowManager( 692): ThemeHomeDelay: Home launch was deferred.
05-30 14:03:27.745 I/vol.Events( 991): writeEvent level_changed STREAM_ALARM 100
05-30 14:03:27.752 D/CompatibilityChangeReporter( 1108): Compat change id reported: 160794467; UID 1002; state: ENABLED
05-30 14:03:27.755 I/vol.Events( 991): writeEvent level_changed STREAM_BLUETOOTH_SCO 7
05-30 14:03:27.757 W/AudioManager( 991): attempt to call registerAudioRecordingCallback() on a previouslyregistered callback
05-30 14:03:27.757 I/MesonDisplay( 289): [/mode_policy.c, meson_mode_set_policy, 1177] connector:0 to policy:0
05-30 14:03:27.757 I/MesonDisplay( 289): [/mode_policy.c, is_dv_prefer, 66] not prefer dv, hdr_priority:10000010
05-30 14:03:27.757 I/MesonDisplay( 289): [/mode_policy.c, is_dv_prefer, 66] not prefer dv, hdr_priority:10000010
05-30 14:03:27.757 I/MesonDisplay( 289): [/mode_policy.c, hdr_scene_process, 724] policy:0 is_bestcolorspace:1 state:0
05-30 14:03:27.757 I/MesonDisplay( 289): [/mode_policy_parser.c, is_support_hdmimode, 110] is_support_hdmimode mode: 2160p60hz
05-30 14:03:27.757 I/MesonDisplay( 289): [/mode_policy_parser.c, is_support_hdmimode, 110] is_support_hdmimode mode: 2160p60hz
05-30 14:03:27.757 D/MesonDisplay( 289): meson_write /sys/class/amhdmitx/amhdmitx0/valid_mode, outputmode:2160p60hz420,10bit
05-30 14:03:27.757 D/MesonDisplay( 289): valid mode is true!
05-30 14:03:27.757 I/MesonDisplay( 289): [/mode_policy.c, is_support_4kHDR, 499] is_support_4kHDR mode:[420,10bit], deep color:[2160p60hz]
05-30 14:03:27.757 I/MesonDisplay( 289): [/mode_policy.c, meson_mode_get_policy_output, 1289] final_displaymode:2160p60hz, final_deepcolor:420,10bit, amdv_type:0
05-30 14:03:27.757 I/MesonDisplay( 289): [/mode_policy.c, meson_mode_set_policy, 1177] connector:0 to policy:0
05-30 14:03:27.760 D/WallpaperService( 991): reportEngineShown: shouldWait=false
05-30 14:03:27.761 D/WallpaperService( 991): Wallpaper has updated the surface:null
05-30 14:03:27.764 D/QSTileHost( 991): Loaded tile specs from setting: internet,bt,dnd,alarm,airplane,cast,screenrecord,mictoggle,cameratoggle
05-30 14:03:27.765 D/QSTileHost( 991): Recreating tiles: [internet, bt, dnd, alarm, airplane, cast, screenrecord, mictoggle, cameratoggle]
05-30 14:03:27.766 D/QSTileHost( 991): Creating tile: internet
05-30 14:03:27.776 I/bt_stack_manager( 1108): packages/modules/Bluetooth/system/btif/src/stack_manager.cc:310 event_start_up_stack: event_start_up_stack is bringing up the stack
05-30 14:03:27.776 I/bt_stack_manager( 1108): packages/modules/Bluetooth/system/btif/src/stack_manager.cc:314 event_start_up_stack: event_start_up_stack Gd shim module enabled
05-30 14:03:27.776 I/bt_core_module( 1108): packages/modules/Bluetooth/system/btcore/src/module.cc:86 module_start_up: module_start_up Starting module "btif_config_module"
05-30 14:03:27.776 I/bt_core_module( 1108): packages/modules/Bluetooth/system/btcore/src/module.cc:91 module_start_up: module_start_up Started module "btif_config_module"
05-30 14:03:27.776 I/bt_l2cap( 1108): packages/modules/Bluetooth/system/stack/l2cap/l2c_api.cc:172 L2CA_Register: L2CAP Registered service classic PSM: 0x0001
05-30 14:03:27.776 I/bt_l2cap( 1108): packages/modules/Bluetooth/system/stack/l2cap/l2c_api.cc:172 L2CA_Register: L2CAP Registered service classic PSM: 0x001f
05-30 14:03:27.777 I/bluetooth( 1108): packages/modules/Bluetooth/system/stack/gatt/gatt_api.cc:1257 GATT_Register: Allocated name:GattProfileDb uuid:81818181-8181-8181-8181-818181818181 gatt_if:1 eatt_support:0
05-30 14:03:27.777 I/droid.bluetooth( 1108): [0530/140327.777100:INFO:gatt_api.cc(174)] GATTS_AddService
05-30 14:03:27.777 I/droid.bluetooth( 1108): [0530/140327.777184:INFO:gatt_api.cc(289)] GATTS_AddService: service parsed correctly, now starting
05-30 14:03:27.777 I/droid.bluetooth( 1108): [0530/140327.777283:INFO:gatt_sr_hash.cc(127)] gatts_calculate_database_hash: hash=80AEB10BC70DCCEFA207489DCED98FED
05-30 14:03:27.777 I/bt_l2cap( 1108): packages/modules/Bluetooth/system/stack/l2cap/l2c_api.cc:472 L2CA_RegisterLECoc: Registered service LE COC PSM: 0x0027
05-30 14:03:27.777 I/bt_l2cap( 1108): packages/modules/Bluetooth/system/stack/l2cap/l2c_api.cc:172 L2CA_Register: L2CAP Registered service classic PSM: 0x0003
05-30 14:03:27.777 I/bluetooth( 1108): packages/modules/Bluetooth/system/stack/gatt/gatt_api.cc:1257 GATT_Register: Allocated name:Gap uuid:82828282-8282-8282-8282-828282828282 gatt_if:2 eatt_support:0
05-30 14:03:27.777 I/droid.bluetooth( 1108): [0530/140327.777731:INFO:gatt_api.cc(174)] GATTS_AddService
05-30 14:03:27.777 I/droid.bluetooth( 1108): [0530/140327.777799:INFO:gatt_api.cc(289)] GATTS_AddService: service parsed correctly, now starting
05-30 14:03:27.777 I/droid.bluetooth( 1108): [0530/140327.777872:INFO:gatt_sr_hash.cc(127)] gatts_calculate_database_hash: hash=8991C462EBE9D90B9EA0DA3E16D0F513
05-30 14:03:27.777 I/bt_bte ( 1108): packages/modules/Bluetooth/system/btif/src/profile_log_levels.cc:146 load_levels_from_config: BTE_InitTraceLevels -- TRC_HCI : Level 2
05-30 14:03:27.777 I/bt_bte ( 1108): packages/modules/Bluetooth/system/btif/src/profile_log_levels.cc:146 load_levels_from_config: BTE_InitTraceLevels -- TRC_L2CAP : Level 2
05-30 14:03:27.777 I/bt_bte ( 1108): packages/modules/Bluetooth/system/btif/src/profile_log_levels.cc:146 load_levels_from_config: BTE_InitTraceLevels -- TRC_RFCOMM : Level 2
05-30 14:03:27.777 I/bt_bte ( 1108): packages/modules/Bluetooth/system/btif/src/profile_log_levels.cc:146 load_levels_from_config: BTE_InitTraceLevels -- TRC_AVCT : Level 2
05-30 14:03:27.777 I/bt_bte ( 1108): packages/modules/Bluetooth/system/btif/src/profile_log_levels.cc:146 load_levels_from_config: BTE_InitTraceLevels -- TRC_AVDT : Level 2
05-30 14:03:27.778 I/bt_bte ( 1108): packages/modules/Bluetooth/system/btif/src/profile_log_levels.cc:146 load_levels_from_config: BTE_InitTraceLevels -- TRC_AVRC : Level 2
05-30 14:03:27.778 I/bt_bte ( 1108): packages/modules/Bluetooth/system/btif/src/profile_log_levels.cc:146 load_levels_from_config: BTE_InitTraceLevels -- TRC_A2D : Level 2
05-30 14:03:27.778 I/bt_bte ( 1108): packages/modules/Bluetooth/system/btif/src/profile_log_levels.cc:146 load_levels_from_config: BTE_InitTraceLevels -- TRC_BNEP : Level 2
05-30 14:03:27.778 I/bt_bte ( 1108): packages/modules/Bluetooth/system/btif/src/profile_log_levels.cc:146 load_levels_from_config: BTE_InitTraceLevels -- TRC_BTM : Level 2
05-30 14:03:27.778 I/bt_bte ( 1108): packages/modules/Bluetooth/system/btif/src/profile_log_levels.cc:146 load_levels_from_config: BTE_InitTraceLevels -- TRC_HID_HOST : Level 2
05-30 14:03:27.778 I/bt_bte ( 1108): packages/modules/Bluetooth/system/btif/src/profile_log_levels.cc:146 load_levels_from_config: BTE_InitTraceLevels -- TRC_PAN : Level 2
05-30 14:03:27.778 I/bt_bte ( 1108): packages/modules/Bluetooth/system/btif/src/profile_log_levels.cc:146 load_levels_from_config: BTE_InitTraceLevels -- TRC_SDP : Level 2
05-30 14:03:27.778 I/bt_bte ( 1108): packages/modules/Bluetooth/system/btif/src/profile_log_levels.cc:146 load_levels_from_config: BTE_InitTraceLevels -- TRC_SMP : Level 2
05-30 14:03:27.778 I/bt_bte ( 1108): packages/modules/Bluetooth/system/btif/src/profile_log_levels.cc:146 load_levels_from_config: BTE_InitTraceLevels -- TRC_HID_DEV : Level 2
05-30 14:03:27.778 I/bt_bte ( 1108): packages/modules/Bluetooth/system/btif/src/profile_log_levels.cc:146 load_levels_from_config: BTE_InitTraceLevels -- TRC_BTAPP : Level 2
05-30 14:03:27.778 I/bt_bte ( 1108): packages/modules/Bluetooth/system/btif/src/profile_log_levels.cc:146 load_levels_from_config: BTE_InitTraceLevels -- TRC_BTIF : Level 2
05-30 14:03:27.778 W/bluetooth( 1108): packages/modules/Bluetooth/system/stack/btm/btm_inq.cc:1073 btm_clr_inq_result_flt: Memory being reset multiple times
05-30 14:03:27.778 I/bt_core_module( 1108): packages/modules/Bluetooth/system/btcore/src/module.cc:86 module_start_up: module_start_up Starting module "gd_controller_module"
05-30 14:03:27.778 I/bt_shim_controller( 1108): packages/modules/Bluetooth/system/main/shim/controller.cc:65 start_up: start_up Starting up
05-30 14:03:27.778 I/bt_shim_controller( 1108): packages/modules/Bluetooth/system/main/shim/controller.cc:84 start_up: Mac address:xx:xx:xx:xx:62:b6
05-30 14:03:27.778 I/bt_core_module( 1108): packages/modules/Bluetooth/system/btcore/src/module.cc:91 module_start_up: module_start_up Started module "gd_controller_module"
05-30 14:03:27.778 I/bt_btm_pm( 1108): packages/modules/Bluetooth/system/stack/acl/btm_pm.cc:381 btm_pm_reset: reset pm
05-30 14:03:27.778 I/bt_bta_dm( 1108): packages/modules/Bluetooth/system/bta/dm/bta_dm_act.cc:393 BTA_dm_on_hw_on: BTA_dm_on_hw_on: Read default class of device {0x2c, 0x4, 0x20}
05-30 14:03:27.778 I/bt_btm_sec( 1108): packages/modules/Bluetooth/system/stack/btm/btm_sec.cc:268 BTM_SecRegister: BTM_SecRegister p_cb_info->p_le_callback == 0x0xc40f8a11
05-30 14:03:27.778 I/bt_btm_sec( 1108): packages/modules/Bluetooth/system/stack/btm/btm_sec.cc:283 BTM_SecRegister: BTM_SecRegister btm_cb.api.p_le_callback = 0x0xc40f8a11
05-30 14:03:27.778 I/bt_stack( 1108): [INFO:ble_scanner_hci_interface.cc(329)] Advertiser list in controller can be used
05-30 14:03:27.778 I/bt_stack( 1108): [INFO:ble_scanner_hci_interface.cc(330)] Periodic Adv Sync Transfer Sender role is supported
05-30 14:03:27.782 D/QSTileHost( 991): Creating tile: bt
05-30 14:03:27.784 I/bluetooth( 1108): packages/modules/Bluetooth/system/stack/gatt/gatt_api.cc:1257 GATT_Register: Allocated name:GattClient uuid:1a208e56-f560-c05e-2722-f6896d4f6ed4 gatt_if:3 eatt_support:0
05-30 14:03:27.788 D/QSTileHost( 991): Creating tile: dnd
05-30 14:03:27.790 D/QSTileHost( 991): Creating tile: alarm
05-30 14:03:27.791 D/QSTileHost( 991): Creating tile: airplane
05-30 14:03:27.792 D/QSTileHost( 991): Creating tile: cast
05-30 14:03:27.793 D/QSTileHost( 991): Creating tile: screenrecord
05-30 14:03:27.795 D/QSTileHost( 991): Creating tile: mictoggle
05-30 14:03:27.796 D/QSTileHost( 991): Creating tile: cameratoggle
05-30 14:03:27.797 I/bt_stack( 1108): [INFO:ble_advertiser_hci_interface.cc(775)] Extended advertising will be in use
05-30 14:03:27.797 D/AdapterProperties( 1108): BT_PROPERTY_LOCAL_LE_FEATURES: update from BT controller mNumOfAdvertisementInstancesSupported = 5 mRpaOffloadSupported = true mNumOfOffloadedIrkSupported = 8 mNumOfOffloadedScanFilterSupported = 0 mOffloadedScanResultStorageBytes= 256 mIsActivityAndEnergyReporting = false mVersSupported = 96 mTotNumOfTrackableAdv = 0 mIsExtendedScanSupported = true mIsDebugLogSupported = false mIsLe2MPhySupported = false mIsLeCodedPhySupported = true mIsLeExtendedAdvertisingSupported = true mIsLePeriodicAdvertisingSupported = true mLeMaximumAdvertisingDataLength = 1650 mDynamicAudioBufferSizeSupportedCodecsGroup1 = 0 mDynamicAudioBufferSizeSupportedCodecsGroup2 = 0 mIsLePeriodicAdvertisingSyncTransferSenderSupported = true mIsLeConnectedIsochronousStreamCentralSupported = false mIsLeIsochronousBroadcasterSupported = false mIsLePeriodicAdvertisingSyncTransferRecipientSupported = true mIsOffloadedTransportDiscoveryDataScanSupported = false
05-30 14:03:27.799 I/bt_btif_dm( 1108): packages/modules/Bluetooth/system/btif/src/btif_dm.cc:2090 BTIF_dm_enable: BTIF_dm_enable BLE Privacy: 0
05-30 14:03:27.799 E/bt_btif_storage( 1108): packages/modules/Bluetooth/system/btif/src/btif_storage.cc:626 btif_storage_get_adapter_property: btif_storage_get_adapter_property: Controller ready!
05-30 14:03:27.800 I/bt_btif_storage( 1108): packages/modules/Bluetooth/system/btif/src/btif_storage.cc:653 btif_storage_get_adapter_property: btif_storage_get_adapter_property service_mask:0x20000000
05-30 14:03:27.800 I/bt_stack( 1108): [INFO:btif_bqr.cc(292)] EnableBtQualityReport: is_enable: true
05-30 14:03:27.800 W/bt_stack( 1108): [WARNING:btif_bqr.cc(304)] EnableBtQualityReport: Bluetooth Quality Report is disabled. bqr_prop_evtmask: , bqr_prop_interval_ms:
05-30 14:03:27.800 V/AdapterServiceConfig( 1108): Remove McpService from supported list.
05-30 14:03:27.801 I/bt_osi_thread( 1108): packages/modules/Bluetooth/system/osi/src/thread.cc:210 run_thread: run_thread: thread id 1324, thread name btif_sock started
05-30 14:03:27.801 I/bt_bte_conf( 1108): packages/modules/Bluetooth/system/main/bte_conf.cc:83 bte_load_did_conf: Device ID record 1 : primary
05-30 14:03:27.801 I/bt_bte_conf( 1108): packages/modules/Bluetooth/system/main/bte_conf.cc:84 bte_load_did_conf: vendorId = 00e0
05-30 14:03:27.801 I/bt_bte_conf( 1108): packages/modules/Bluetooth/system/main/bte_conf.cc:85 bte_load_did_conf: vendorIdSource = 0001
05-30 14:03:27.801 I/bt_bte_conf( 1108): packages/modules/Bluetooth/system/main/bte_conf.cc:86 bte_load_did_conf: product = 1200
05-30 14:03:27.801 I/bt_bte_conf( 1108): packages/modules/Bluetooth/system/main/bte_conf.cc:87 bte_load_did_conf: version = 1436
05-30 14:03:27.801 I/bt_bte_conf( 1108): packages/modules/Bluetooth/system/main/bte_conf.cc:88 bte_load_did_conf: clientExecutableURL =
05-30 14:03:27.801 I/bt_bte_conf( 1108): packages/modules/Bluetooth/system/main/bte_conf.cc:89 bte_load_did_conf: serviceDescription =
05-30 14:03:27.801 I/bt_bte_conf( 1108): packages/modules/Bluetooth/system/main/bte_conf.cc:90 bte_load_did_conf: documentationURL =
05-30 14:03:27.801 I/bt_bta_dm( 1108): packages/modules/Bluetooth/system/bta/dm/bta_dm_act.cc:3456 bta_dm_eir_update_uuid: EIR Adding UUID=0x1200 into extended inquiry response
05-30 14:03:27.801 I/bt_bta_dm( 1108): packages/modules/Bluetooth/system/bta/dm/bta_dm_act.cc:3155 bta_dm_set_eir: Generating extended inquiry response packet EIR
05-30 14:03:27.801 I/bt_bte_conf( 1108): packages/modules/Bluetooth/system/main/bte_conf.cc:46 bte_load_did_conf: bte_load_did_conf no section named DID2.
05-30 14:03:27.801 I/bt_btif_core( 1108): packages/modules/Bluetooth/system/btif/src/btif_core.cc:294 btif_enable_bluetooth_evt: Bluetooth enable event completed
05-30 14:03:27.802 I/bt_bta_dm( 1108): packages/modules/Bluetooth/system/bta/dm/bta_dm_act.cc:3155 bta_dm_set_eir: Generating extended inquiry response packet EIR
05-30 14:03:27.802 I/bt_core_module( 1108): packages/modules/Bluetooth/system/btcore/src/module.cc:86 module_start_up: module_start_up Starting module "rust_module"
05-30 14:03:27.802 W/bt_btm ( 1108): packages/modules/Bluetooth/system/main/bte_logmsg.cc:108 LogMsg: BTM_BleConfigPrivacy 0
05-30 14:03:27.802 I/bluetooth( 1108): packages/modules/Bluetooth/system/gd/hci/le_address_manager.cc:72 SetPrivacyPolicyForInitiatorAddress: SetPrivacyPolicyForInitiatorAddress with policy 1
05-30 14:03:27.802 I/bluetooth( 1108): packages/modules/Bluetooth/system/gd/hci/le_address_manager.cc:294 resume_registered_clients: Resuming registered clients
05-30 14:03:27.802 I/bt ( 1108): bluetooth_core: starting Rust modules
05-30 14:03:27.803 I/bluetooth( 1108): packages/modules/Bluetooth/system/stack/arbiter/acl_arbiter.cc:153 StoreCallbacksFromRust: Received callbacks from Rust, registering in Arbiter
05-30 14:03:27.803 I/bt ( 1108): bluetooth_core: starting Tokio event loop
05-30 14:03:27.803 I/bt_core_module( 1108): packages/modules/Bluetooth/system/btcore/src/module.cc:91 module_start_up: module_start_up Started module "rust_module"
05-30 14:03:27.803 I/bt_stack_manager( 1108): packages/modules/Bluetooth/system/btif/src/stack_manager.cc:354 event_start_up_stack: event_start_up_stack finished
05-30 14:03:27.807 I/vol.Events( 991): writeEvent external_ringer_mode_changed unknown
05-30 14:03:27.808 D/BluetoothManagerService( 692): Bluetooth Adapter address changed to 1C:79:2D:20:62:B6
05-30 14:03:27.809 D/BluetoothManagerService( 692): Stored Bluetoothaddress: 1C:79:2D:20:62:B6
05-30 14:03:27.809 I/vol.Events( 991): writeEvent zen_mode_config_changed [disallowAlarms=false disallowMedia=false disallowSystem=true disallowRinger=false]
05-30 14:03:27.812 D/AdapterProperties( 1108): Name is: DBBOX-A3 62b6
05-30 14:03:27.812 D/BluetoothManagerService( 692): Bluetooth Adapter name changed to DBBOX-A3 62b6 by android
05-30 14:03:27.813 D/AdapterProperties( 1108): Scan Mode:20
05-30 14:03:27.813 D/AdapterProperties( 1108): Discoverable Timeout:120
05-30 14:03:27.813 D/BluetoothManagerService( 692): Stored Bluetooth name: DBBOX-A3 62b6
05-30 14:03:27.816 D/CompatibilityChangeReporter( 1108): Compat change id reported: 265103382; UID 1002; state: ENABLED
05-30 14:03:27.817 D/AdapterProperties( 1108): Adding bonded device:XX:XX:XX:XX:C0:53
05-30 14:03:27.817 D/AdapterProperties( 1108): cleanupPrevBondRecordsFor: XX:XX:XX:XX:C0:53
05-30 14:03:27.819 V/WifiManager( 991): registerSoftApCallback: callback=com.android.systemui.statusbar.policy.HotspotControllerImpl@515fe69, executor=android.os.HandlerExecutor@c1780ee
05-30 14:03:27.820 V/WifiManager( 991): SoftApCallbackProxy on mode 1, send InfoChanged, newInfo: SoftApInfo{bandwidth= 0, frequency= 0, wifiStandard= 0, mApInstanceIdentifier= null, mIdleShutdownTimeoutMillis= 0}
05-30 14:03:27.820 V/WifiManager( 991): SoftApCallbackProxy on mode 1, send InfoChanged, changedInfoList: []
05-30 14:03:27.821 V/WifiManager( 991): SoftApCallbackProxy on mode 1, send onConnectedClientsChanged(clients): []
05-30 14:03:27.822 I/WalletControllerImpl( 991): Setting WalletTile position: null
05-30 14:03:27.830 D/AdapterProperties( 1108): player_name: com.google.android.apps.youtube.music
05-30 14:03:27.830 D/AdapterProperties( 1108): updateAllowlistedMediaPlayers
05-30 14:03:27.830 D/AdapterProperties( 1108): Adding to Allowlisted Players list:com.google.android.apps.youtube.music
05-30 14:03:27.830 D/AdapterProperties( 1108): player_name: com.gaana
05-30 14:03:27.830 D/AdapterProperties( 1108): updateAllowlistedMediaPlayers
05-30 14:03:27.830 D/AdapterProperties( 1108): Adding to Allowlisted Players list:com.gaana
05-30 14:03:27.830 I/AdapterState( 1108): BLE_ON : entered
05-30 14:03:27.830 D/AdapterProperties( 1108): Setting state to BLE_ON
05-30 14:03:27.831 D/BluetoothAdapterService( 1108): updateAdapterState() - Broadcasting state BLE_ON to 1 receivers.
05-30 14:03:27.833 D/BluetoothManagerService( 692): MESSAGE_BLUETOOTH_STATE_CHANGE: BLE_TURNING_ON > BLE_ON
05-30 14:03:27.833 D/BluetoothManagerService( 692): Bluetooth is in LE only mode
05-30 14:03:27.833 D/BluetoothManagerService( 692): Binding Bluetooth GATT service
05-30 14:03:27.835 D/BluetoothManagerService( 692): Sending BLE State Change: BLE_TURNING_ON > BLE_ON
05-30 14:03:27.836 D/BluetoothManagerService( 692): BluetoothServiceConnection: com.android.bluetooth.gatt.GattService
05-30 14:03:27.836 D/BluetoothManagerService( 692): MESSAGE_BLUETOOTH_SERVICE_CONNECTED: 2
05-30 14:03:27.836 D/BluetoothManagerService( 692): continueFromBleOnState()
05-30 14:03:27.838 I/AdapterState( 1108): TURNING_ON : entered
05-30 14:03:27.838 D/AdapterProperties( 1108): Setting state to TURNING_ON
05-30 14:03:27.839 D/BluetoothAdapterService( 1108): updateAdapterState() - Broadcasting state TURNING_ON to 1 receivers.
05-30 14:03:27.839 D/BluetoothManagerService( 692): Persisting Bluetooth Setting: 1
05-30 14:03:27.840 D/BluetoothManagerService( 692): MESSAGE_BLUETOOTH_STATE_CHANGE: BLE_ON > TURNING_ON
05-30 14:03:27.840 D/BluetoothAdapterService( 1108): startCoreServices()
05-30 14:03:27.840 D/BluetoothManagerService( 692): Sending BLE State Change: BLE_ON > TURNING_ON
05-30 14:03:27.843 D/BluetoothManagerService( 692): Sending State Change: OFF > TURNING_ON
05-30 14:03:27.843 I/A2dpService( 1108): create()
05-30 14:03:27.845 D/ThemeOverlayController( 991): Boot colors: [WallpaperColors: ff000000 h: 6]
05-30 14:03:27.848 D/ConnectivityService( 692): NetReassign [no changes] [c 0] [a 0] [i 0]
05-30 14:03:27.849 D/ConnectivityService( 692): requestNetwork for uid/pid:10052/991 activeRequest: null callbackRequest: 30 [NetworkRequest [ REQUEST id=31, [ Capabilities: INTERNET&NOT_RESTRICTED&TRUSTED&NOT_VCN_MANAGED Uid: 10052 RequestorUid: 10052 RequestorPkg: com.android.systemui UnderlyingNetworks: Null] ]] callback flags: 1 order: 2147483647
05-30 14:03:27.850 D/ConnectivityService( 692): NetReassign [no changes] [c 0] [a 0] [i 0]
05-30 14:03:27.860 I/A2dpService( 1108): start()
05-30 14:03:27.860 I/BluetoothA2dpServiceJni( 1108): classInitNative: succeeds
05-30 14:03:27.861 I/A2dpService( 1108): Max connected audio devices set to 5
05-30 14:03:27.863 I/bt_btif ( 1108): packages/modules/Bluetooth/system/btif/src/bluetooth.cc:829 get_profile_interface: get_profile_interface: id = a2dp
05-30 14:03:27.863 I/btif_av ( 1108): packages/modules/Bluetooth/system/btif/src/btif_av.cc:1012 Init: bt_status_t BtifAvSource::Init(btav_source_callbacks_t *, int, const std::vector &, const std::vector &): max_connected_audio_devices=5
05-30 14:03:27.863 I/a2dp_codec( 1108): packages/modules/Bluetooth/system/stack/a2dp/a2dp_codec_config.cc:601 init: init
05-30 14:03:27.863 I/a2dp_codec( 1108): packages/modules/Bluetooth/system/stack/a2dp/a2dp_codec_config.cc:116 createCodec: SBC
05-30 14:03:27.863 I/a2dp_codec( 1108): packages/modules/Bluetooth/system/stack/a2dp/a2dp_codec_config.cc:642 init: init: updated SBC codec priority to 1001
05-30 14:03:27.863 I/a2dp_codec( 1108): packages/modules/Bluetooth/system/stack/a2dp/a2dp_codec_config.cc:116 createCodec: AAC
05-30 14:03:27.863 I/a2dp_codec( 1108): packages/modules/Bluetooth/system/stack/a2dp/a2dp_codec_config.cc:642 init: init: updated AAC codec priority to 2001
05-30 14:03:27.863 I/a2dp_codec( 1108): packages/modules/Bluetooth/system/stack/a2dp/a2dp_codec_config.cc:116 createCodec: aptX
05-30 14:03:27.863 I/a2dp_codec( 1108): packages/modules/Bluetooth/system/stack/a2dp/a2dp_codec_config.cc:642 init: init: updated aptX codec priority to 3001
05-30 14:03:27.863 I/a2dp_codec( 1108): packages/modules/Bluetooth/system/stack/a2dp/a2dp_codec_config.cc:116 createCodec: aptX-HD
05-30 14:03:27.863 I/a2dp_codec( 1108): packages/modules/Bluetooth/system/stack/a2dp/a2dp_codec_config.cc:642 init: init: updated aptX-HD codec priority to 4001
05-30 14:03:27.863 I/a2dp_codec( 1108): packages/modules/Bluetooth/system/stack/a2dp/a2dp_codec_config.cc:116 createCodec: LDAC
05-30 14:03:27.863 I/a2dp_codec( 1108): packages/modules/Bluetooth/system/stack/a2dp/a2dp_codec_config.cc:642 init: init: updated LDAC codec priority to 5001
05-30 14:03:27.863 I/a2dp_codec( 1108): packages/modules/Bluetooth/system/stack/a2dp/a2dp_codec_config.cc:116 createCodec: LC3 not implemented
05-30 14:03:27.863 I/a2dp_codec( 1108): packages/modules/Bluetooth/system/stack/a2dp/a2dp_codec_config.cc:633 init: init: OPUS codec disabled, updated priority to -1
05-30 14:03:27.863 I/a2dp_codec( 1108): packages/modules/Bluetooth/system/stack/a2dp/a2dp_codec_config.cc:116 createCodec: Opus
05-30 14:03:27.863 I/a2dp_codec( 1108): packages/modules/Bluetooth/system/stack/a2dp/a2dp_codec_config.cc:642 init: init: updated Opus codec priority to -1
05-30 14:03:27.863 I/a2dp_codec( 1108): packages/modules/Bluetooth/system/stack/a2dp/a2dp_codec_config.cc:116 createCodec: SBC SINK
05-30 14:03:27.863 I/a2dp_codec( 1108): packages/modules/Bluetooth/system/stack/a2dp/a2dp_codec_config.cc:116 createCodec: AAC SINK
05-30 14:03:27.863 I/a2dp_codec( 1108): packages/modules/Bluetooth/system/stack/a2dp/a2dp_codec_config.cc:116 createCodec: LDAC SINK
05-30 14:03:27.865 I/a2dp_vendor_ldac_decoder( 1108): packages/modules/Bluetooth/system/stack/a2dp/a2dp_vendor_ldac_decoder.cc:130 A2DP_VendorLoadDecoderLdac: A2DP_VendorLoadDecoderLdac: cannot open LDAC decoder library libldacBT_bco.so: dlopen failed: library "libldacBT_bco.so" not found
05-30 14:03:27.865 E/a2dp_vendor_ldac( 1108): packages/modules/Bluetooth/system/stack/a2dp/a2dp_vendor_ldac.cc:1422 init: init: cannot load the decoder
05-30 14:03:27.865 I/a2dp_codec( 1108): packages/modules/Bluetooth/system/stack/a2dp/a2dp_codec_config.cc:116 createCodec: Opus SINK
05-30 14:03:27.865 I/a2dp_codec( 1108): packages/modules/Bluetooth/system/stack/a2dp/a2dp_codec_config.cc:667 init: init: initialized Source codec LDAC
05-30 14:03:27.865 I/a2dp_codec( 1108): packages/modules/Bluetooth/system/stack/a2dp/a2dp_codec_config.cc:667 init: init: initialized Source codec aptX-HD
05-30 14:03:27.865 I/a2dp_codec( 1108): packages/modules/Bluetooth/system/stack/a2dp/a2dp_codec_config.cc:667 init: init: initialized Source codec aptX
05-30 14:03:27.865 I/a2dp_codec( 1108): packages/modules/Bluetooth/system/stack/a2dp/a2dp_codec_config.cc:667 init: init: initialized Source codec AAC
05-30 14:03:27.865 I/a2dp_codec( 1108): packages/modules/Bluetooth/system/stack/a2dp/a2dp_codec_config.cc:667 init: init: initialized Source codec SBC
05-30 14:03:27.865 I/a2dp_codec( 1108): packages/modules/Bluetooth/system/stack/a2dp/a2dp_codec_config.cc:674 init: init: initialized Sink codec Opus SINK
05-30 14:03:27.865 I/a2dp_codec( 1108): packages/modules/Bluetooth/system/stack/a2dp/a2dp_codec_config.cc:674 init: init: initialized Sink codec AAC SINK
05-30 14:03:27.865 I/a2dp_codec( 1108): packages/modules/Bluetooth/system/stack/a2dp/a2dp_codec_config.cc:674 init: init: initialized Sink codec SBC SINK
05-30 14:03:27.865 I/a2dp_codec( 1108): packages/modules/Bluetooth/system/stack/a2dp/a2dp_codec_config.cc:601 init: init
05-30 14:03:27.865 I/a2dp_codec( 1108): packages/modules/Bluetooth/system/stack/a2dp/a2dp_codec_config.cc:116 createCodec: SBC
05-30 14:03:27.865 I/a2dp_codec( 1108): packages/modules/Bluetooth/system/stack/a2dp/a2dp_codec_config.cc:642 init: init: updated SBC codec priority to 1001
05-30 14:03:27.865 I/a2dp_codec( 1108): packages/modules/Bluetooth/system/stack/a2dp/a2dp_codec_config.cc:116 createCodec: AAC
05-30 14:03:27.865 I/a2dp_codec( 1108): packages/modules/Bluetooth/system/stack/a2dp/a2dp_codec_config.cc:642 init: init: updated AAC codec priority to 2001
05-30 14:03:27.865 I/a2dp_codec( 1108): packages/modules/Bluetooth/system/stack/a2dp/a2dp_codec_config.cc:116 createCodec: aptX
05-30 14:03:27.865 I/a2dp_codec( 1108): packages/modules/Bluetooth/system/stack/a2dp/a2dp_codec_config.cc:642 init: init: updated aptX codec priority to 3001
05-30 14:03:27.865 I/a2dp_codec( 1108): packages/modules/Bluetooth/system/stack/a2dp/a2dp_codec_config.cc:116 createCodec: aptX-HD
05-30 14:03:27.865 I/a2dp_codec( 1108): packages/modules/Bluetooth/system/stack/a2dp/a2dp_codec_config.cc:642 init: init: updated aptX-HD codec priority to 4001
05-30 14:03:27.865 I/a2dp_codec( 1108): packages/modules/Bluetooth/system/stack/a2dp/a2dp_codec_config.cc:116 createCodec: LDAC
05-30 14:03:27.865 I/a2dp_codec( 1108): packages/modules/Bluetooth/system/stack/a2dp/a2dp_codec_config.cc:642 init: init: updated LDAC codec priority to 5001
05-30 14:03:27.865 I/a2dp_codec( 1108): packages/modules/Bluetooth/system/stack/a2dp/a2dp_codec_config.cc:116 createCodec: LC3 not implemented
05-30 14:03:27.865 I/a2dp_codec( 1108): packages/modules/Bluetooth/system/stack/a2dp/a2dp_codec_config.cc:633 init: init: OPUS codec disabled, updated priority to -1
05-30 14:03:27.865 I/a2dp_codec( 1108): packages/modules/Bluetooth/system/stack/a2dp/a2dp_codec_config.cc:116 createCodec: Opus
05-30 14:03:27.865 I/a2dp_codec( 1108): packages/modules/Bluetooth/system/stack/a2dp/a2dp_codec_config.cc:642 init: init: updated Opus codec priority to -1
05-30 14:03:27.865 I/a2dp_codec( 1108): packages/modules/Bluetooth/system/stack/a2dp/a2dp_codec_config.cc:116 createCodec: SBC SINK
05-30 14:03:27.866 I/a2dp_codec( 1108): packages/modules/Bluetooth/system/stack/a2dp/a2dp_codec_config.cc:116 createCodec: AAC SINK
05-30 14:03:27.866 I/a2dp_codec( 1108): packages/modules/Bluetooth/system/stack/a2dp/a2dp_codec_config.cc:116 createCodec: LDAC SINK
05-30 14:03:27.866 I/a2dp_vendor_ldac_decoder( 1108): packages/modules/Bluetooth/system/stack/a2dp/a2dp_vendor_ldac_decoder.cc:130 A2DP_VendorLoadDecoderLdac: A2DP_VendorLoadDecoderLdac: cannot open LDAC decoder library libldacBT_bco.so: dlopen failed: library "libldacBT_bco.so" not found
05-30 14:03:27.866 E/a2dp_vendor_ldac( 1108): packages/modules/Bluetooth/system/stack/a2dp/a2dp_vendor_ldac.cc:1422 init: init: cannot load the decoder
05-30 14:03:27.866 I/a2dp_codec( 1108): packages/modules/Bluetooth/system/stack/a2dp/a2dp_codec_config.cc:116 createCodec: Opus SINK
05-30 14:03:27.866 I/a2dp_codec( 1108): packages/modules/Bluetooth/system/stack/a2dp/a2dp_codec_config.cc:667 init: init: initialized Source codec LDAC
05-30 14:03:27.866 I/a2dp_codec( 1108): packages/modules/Bluetooth/system/stack/a2dp/a2dp_codec_config.cc:667 init: init: initialized Source codec aptX-HD
05-30 14:03:27.866 I/a2dp_codec( 1108): packages/modules/Bluetooth/system/stack/a2dp/a2dp_codec_config.cc:667 init: init: initialized Source codec aptX
05-30 14:03:27.866 I/a2dp_codec( 1108): packages/modules/Bluetooth/system/stack/a2dp/a2dp_codec_config.cc:667 init: init: initialized Source codec AAC
05-30 14:03:27.866 I/a2dp_codec( 1108): packages/modules/Bluetooth/system/stack/a2dp/a2dp_codec_config.cc:667 init: init: initialized Source codec SBC
05-30 14:03:27.866 I/a2dp_codec( 1108): packages/modules/Bluetooth/system/stack/a2dp/a2dp_codec_config.cc:674 init: init: initialized Sink codec Opus SINK
05-30 14:03:27.866 I/a2dp_codec( 1108): packages/modules/Bluetooth/system/stack/a2dp/a2dp_codec_config.cc:674 init: init: initialized Sink codec AAC SINK
05-30 14:03:27.866 I/a2dp_codec( 1108): packages/modules/Bluetooth/system/stack/a2dp/a2dp_codec_config.cc:674 init: init: initialized Sink codec SBC SINK
05-30 14:03:27.866 I/a2dp_codec( 1108): packages/modules/Bluetooth/system/stack/a2dp/a2dp_codec_config.cc:601 init: init
05-30 14:03:27.866 I/a2dp_codec( 1108): packages/modules/Bluetooth/system/stack/a2dp/a2dp_codec_config.cc:116 createCodec: SBC
05-30 14:03:27.866 I/a2dp_codec( 1108): packages/modules/Bluetooth/system/stack/a2dp/a2dp_codec_config.cc:642 init: init: updated SBC codec priority to 1001
05-30 14:03:27.866 I/a2dp_codec( 1108): packages/modules/Bluetooth/system/stack/a2dp/a2dp_codec_config.cc:116 createCodec: AAC
