05-30 14:03:31.490 D/View ( 1482):
05-30 14:03:31.490 D/View ( 1482):
05-30 14:03:31.491 D/View ( 1482):
05-30 14:03:31.491 D/View ( 1482):
05-30 14:03:31.491 D/View ( 1482):
05-30 14:03:31.491 D/View ( 1482):
05-30 14:03:31.492 D/View ( 1482):
05-30 14:03:31.492 D/View ( 1482):
05-30 14:03:31.492 D/View ( 1482):
05-30 14:03:31.492 D/View ( 1482):
05-30 14:03:31.493 D/View ( 1482):
05-30 14:03:31.494 E/HuaweiCastService( 1735): onStartCommand in 0
05-30 14:03:31.495 D/CompatibilityChangeReporter( 1918): Compat change id reported: 171979766; UID 1000; state: ENABLED
05-30 14:03:31.495 D/CompatibilityChangeReporter( 1918): Compat change id reported: 242716250; UID 1000; state: ENABLED
05-30 14:03:31.497 D/CompatibilityChangeReporter( 1887): Compat change id reported: 242716250; UID 10021; state: ENABLED
05-30 14:03:31.502 D/CompatibilityChangeReporter( 692): Compat change id reported: 178209446; UID 1000; state: DISABLED
05-30 14:03:31.503 D/CompatibilityChangeReporter( 692): Compat change id reported: 178209446; UID 1000; state: ENABLED
05-30 14:03:31.516 D/CompatibilityChangeReporter( 692): Compat change id reported: 261072174; UID 1000; state: DISABLED
05-30 14:03:31.533 W/System.err( 1713): com.google.gson.JsonSyntaxException: java.lang.IllegalStateException: Expected BEGIN_OBJECT but was STRING at line 1 column 1 path $
05-30 14:03:31.533 W/System.err( 1713): at com.google.gson.internal.bind.ReflectiveTypeAdapterFactory$Adapter.read(ReflectiveTypeAdapterFactory.java:224)
05-30 14:03:31.533 W/System.err( 1713): at com.google.gson.Gson.fromJson(Gson.java:887)
05-30 14:03:31.533 W/System.err( 1713): at com.google.gson.Gson.fromJson(Gson.java:852)
05-30 14:03:31.533 W/System.err( 1713): at com.google.gson.Gson.fromJson(Gson.java:801)
05-30 14:03:31.533 W/System.err( 1713): at com.google.gson.Gson.fromJson(Gson.java:773)
05-30 14:03:31.533 W/System.err( 1713): at com.dangbei.util.RockyNetMessageUtil.initDefaultMediaControlPage(RockyNetMessageUtil.java:415)
05-30 14:03:31.533 W/System.err( 1713): at com.dangbei.util.RockyNetMessageUtil.access$300(RockyNetMessageUtil.java:45)
05-30 14:03:31.533 W/System.err( 1713): at com.dangbei.util.RockyNetMessageUtil$2.onErrorCompat(RockyNetMessageUtil.java:461)
05-30 14:03:31.533 W/System.err( 1713): at com.dangbei.support.bridge.compat.RxCompatBaseObserver.onError(RxCompatBaseObserver.java:40)
05-30 14:03:31.533 W/System.err( 1713): at io.reactivex.internal.operators.observable.ObservableObserveOn$ObserveOnObserver.checkTerminated(ObservableObserveOn.java:281)
05-30 14:03:31.533 W/System.err( 1713): at io.reactivex.internal.operators.observable.ObservableObserveOn$ObserveOnObserver.drainNormal(ObservableObserveOn.java:172)
05-30 14:03:31.533 W/System.err( 1713): at io.reactivex.internal.operators.observable.ObservableObserveOn$ObserveOnObserver.run(ObservableObserveOn.java:255)
05-30 14:03:31.534 W/System.err( 1713): at io.reactivex.android.schedulers.HandlerScheduler$ScheduledRunnable.run(HandlerScheduler.java:119)
05-30 14:03:31.534 W/System.err( 1713): at android.os.Handler.handleCallback(Handler.java:958)
05-30 14:03:31.534 W/System.err( 1713): at android.os.Handler.dispatchMessage(Handler.java:99)
05-30 14:03:31.534 W/System.err( 1713): at android.os.Looper.loopOnce(Looper.java:205)
05-30 14:03:31.534 W/System.err( 1713): at android.os.Looper.loop(Looper.java:294)
05-30 14:03:31.534 W/System.err( 1713): at android.app.ActivityThread.main(ActivityThread.java:8255)
05-30 14:03:31.534 W/System.err( 1713): at java.lang.reflect.Method.invoke(Native Method)
05-30 14:03:31.534 W/System.err( 1713): at com.android.internal.os.RuntimeInit$MethodAndArgsCaller.run(RuntimeInit.java:552)
05-30 14:03:31.534 W/System.err( 1713): at com.android.internal.os.ZygoteInit.main(ZygoteInit.java:978)
05-30 14:03:31.534 W/System.err( 1713): Caused by: java.lang.IllegalStateException: Expected BEGIN_OBJECT but was STRING at line 1 column 1 path $
05-30 14:03:31.534 W/System.err( 1713): at com.google.gson.stream.JsonReader.beginObject(JsonReader.java:385)
05-30 14:03:31.534 W/System.err( 1713): at com.google.gson.internal.bind.ReflectiveTypeAdapterFactory$Adapter.read(ReflectiveTypeAdapterFactory.java:213)
05-30 14:03:31.534 W/System.err( 1713): ... 20 more
05-30 14:03:31.542 D/WifiScoreReport( 692): setShouldReduceNetworkScore=false mNetworkAgent is null? true
05-30 14:03:31.543 D/WifiClientModeImpl[20588:wlan0]( 692): CMD_START_CONNECT my state DisconnectedState nid=0 roam=false
05-30 14:03:31.543 D/CompatibilityChangeReporter( 692): Compat change id reported: 170503758; UID 10021; state: ENABLED
05-30 14:03:31.547 D/View ( 1482):
05-30 14:03:31.549 D/HiSight-SinkService( 1735): onCreate.
05-30 14:03:31.556 E/ccc ( 1449): cccccc etnaService addListener com.dangbei.lerad.etna.aidl.IEtnaAidlListener$Stub$Proxy@7954302 com.dangbei.leard.leradlauncher
05-30 14:03:31.558 W/LastMileLogger( 692): Failed to open free_buffer pseudo-file: /sys/kernel/debug/tracing/instances/wifi/free_buffer: open failed: ENOENT (No such file or directory)
05-30 14:03:31.558 W/LastMileLogger( 692): Failed to arm fail-safe.
05-30 14:03:31.559 I/wpa_supplicant( 1212): wpa_driver_nl80211_driver_cmd: wifi vendor: aml_w2_s
05-30 14:03:31.559 I/wpa_supplicant( 1212): wpa_driver_nl80211_driver_cmd: wlan0: private command: MACADDR
05-30 14:03:31.560 W/wificond( 618): Scan is not started. Ignore abort request
05-30 14:03:31.560 D/SupplicantStaIfaceHalAidlImpl( 692): connectToNetwork "DB-machines5G"WPA_PSK, actualSsid=null
05-30 14:03:31.561 D/nativeloader( 1918): Configuring clns-shared-4 for other apk /system/priv-app/DynamicSystemInstallationService/DynamicSystemInstallationService.apk. target_sdk_version=34, uses_libraries=, library_path=/system/priv-app/DynamicSystemInstallationService/lib/arm:/system/priv-app/DynamicSystemInstallationService/DynamicSystemInstallationService.apk!/lib/armeabi-v7a:/system/lib:/system_ext/lib, permitted_path=/data:/mnt/expand:/data/user/0/com.android.dynsystem:/system/priv-app/DynamicSystemInstallationService:/system/lib:/system_ext/lib
05-30 14:03:31.562 D/SupplicantStaIfaceHalAidlImpl( 692): Selecting supplicant SSID "DB-machines5G"
05-30 14:03:31.564 D/HiSight-ConnectionManager( 1735): start ConnectionManager
05-30 14:03:31.570 I/SupplicantStaNetworkHalAidlImpl( 692): Successfully set SSID
05-30 14:03:31.572 D/SupplicantStaNetworkHalAidlImpl( 692): The target security params: Security Parameters:
05-30 14:03:31.572 D/SupplicantStaNetworkHalAidlImpl( 692): Type: 2
05-30 14:03:31.572 D/SupplicantStaNetworkHalAidlImpl( 692): Enabled: true
05-30 14:03:31.572 D/SupplicantStaNetworkHalAidlImpl( 692): KeyMgmt: WPA_PSK
05-30 14:03:31.572 D/SupplicantStaNetworkHalAidlImpl( 692): Protocols: WPA RSN
05-30 14:03:31.572 D/SupplicantStaNetworkHalAidlImpl( 692): AuthAlgorithms:
05-30 14:03:31.572 D/SupplicantStaNetworkHalAidlImpl( 692): PairwiseCiphers: TKIP CCMP
05-30 14:03:31.572 D/SupplicantStaNetworkHalAidlImpl( 692): GroupCiphers: WEP40 WEP104 TKIP CCMP
05-30 14:03:31.572 D/SupplicantStaNetworkHalAidlImpl( 692): GroupMgmtCiphers:
05-30 14:03:31.572 D/SupplicantStaNetworkHalAidlImpl( 692): SuiteBCiphers:
05-30 14:03:31.572 D/SupplicantStaNetworkHalAidlImpl( 692): RequirePmf: false
05-30 14:03:31.572 D/SupplicantStaNetworkHalAidlImpl( 692): IsAddedByAutoUpgrade: false
05-30 14:03:31.572 D/SupplicantStaNetworkHalAidlImpl( 692): IsSaeH2eOnlyMode: false
05-30 14:03:31.572 D/SupplicantStaNetworkHalAidlImpl( 692): IsSaePkOnlyMode: false
05-30 14:03:31.578 I/WifiService( 692): acquireMulticastLock uid=10044
05-30 14:03:31.579 I/WifiService( 692): acquireMulticastLock uid=10044
05-30 14:03:31.596 W/gedprovisioning( 1887): ClassLoaderContext shared library size mismatch. Expected=2, found=0 (PCL[]{PCL[/system_ext/framework/androidx.window.extensions.jar*875812793]#PCL[/system_ext/framework/androidx.window.sidecar.jar*2298648165]} | PCL[])
05-30 14:03:31.597 D/View ( 1482):
05-30 14:03:31.597 D/HiSight-SinkService( 1735): onBind.
05-30 14:03:31.602 D/PlayerClient( 1735): service connected.
05-30 14:03:31.602 D/HiSight-SinkService( 1735): ITaskBinder registerCallback: true
05-30 14:03:31.603 D/HiSight-HiSightManager( 1735): ITaskBinder registerCallback.
05-30 14:03:31.603 D/HiSight-CallbackManager( 1735): addNewCallback. com.dangbei.screencast.huaweicast.service.HuaweiCastService$a@a323ae6
05-30 14:03:31.603 E/HuaweiCastService( 1735): eventId: 4001
05-30 14:03:31.603 E/HuaweiCastService( 1735): mPlayerClient is null.
05-30 14:03:31.603 D/HiSight-HiSightManager( 1735): check capability vbr range not setting, using default value
05-30 14:03:31.604 E/HuaweiCastService( 1735): mPlayerClient is null.
05-30 14:03:31.604 D/HiSight-SinkService( 1735): setAuthMode
05-30 14:03:31.604 W/HiSight-ConnectionManager( 1735): mSinkId is empty
05-30 14:03:31.608 D/View ( 1482):
05-30 14:03:31.608 D/View ( 1482):
05-30 14:03:31.608 D/View ( 1482):
05-30 14:03:31.608 D/View ( 1482):
05-30 14:03:31.609 D/View ( 1482):
05-30 14:03:31.609 D/View ( 1482):
05-30 14:03:31.609 D/View ( 1482):
05-30 14:03:31.609 D/View ( 1482):
05-30 14:03:31.610 D/View ( 1482):
05-30 14:03:31.610 D/View ( 1482):
05-30 14:03:31.610 D/View ( 1482):
05-30 14:03:31.610 D/View ( 1482):
05-30 14:03:31.612 V/GraphicsEnvironment( 1918): Currently set values for:
05-30 14:03:31.612 V/GraphicsEnvironment( 1918): angle_gl_driver_selection_pkgs=[]
05-30 14:03:31.612 V/GraphicsEnvironment( 1918): angle_gl_driver_selection_values=[]
05-30 14:03:31.613 V/GraphicsEnvironment( 1918): ANGLE GameManagerService for com.android.dynsystem: false
05-30 14:03:31.613 V/GraphicsEnvironment( 1918): com.android.dynsystem is not listed in per-application setting
05-30 14:03:31.613 V/GraphicsEnvironment( 1918): Neither updatable production driver nor prerelease driver is supported.
05-30 14:03:31.615 D/View ( 1482):
05-30 14:03:31.616 D/View ( 1482):
05-30 14:03:31.616 D/View ( 1482):
05-30 14:03:31.616 D/View ( 1482):
05-30 14:03:31.617 D/View ( 1482):
05-30 14:03:31.617 D/View ( 1482):
05-30 14:03:31.617 D/View ( 1482):
05-30 14:03:31.617 D/View ( 1482):
05-30 14:03:31.618 D/View ( 1482):
05-30 14:03:31.618 D/View ( 1482):
05-30 14:03:31.618 D/View ( 1482):
05-30 14:03:31.618 D/nativeloader( 1887): Configuring clns-shared-4 for other apk /system/priv-app/ManagedProvisioning/ManagedProvisioning.apk. target_sdk_version=34, uses_libraries=, library_path=/system/priv-app/ManagedProvisioning/lib/arm:/system/lib:/system_ext/lib, permitted_path=/data:/mnt/expand:/data/user/0/com.android.managedprovisioning:/system/priv-app/ManagedProvisioning:/system/lib:/system_ext/lib
05-30 14:03:31.618 D/View ( 1482):
05-30 14:03:31.619 D/View ( 1482):
05-30 14:03:31.619 D/View ( 1482):
05-30 14:03:31.619 D/View ( 1482):
05-30 14:03:31.628 D/View ( 1482):
05-30 14:03:31.628 D/View ( 1482):
05-30 14:03:31.628 D/View ( 1482):
05-30 14:03:31.629 D/View ( 1482):
05-30 14:03:31.629 D/View ( 1482):
05-30 14:03:31.629 D/View ( 1482):
05-30 14:03:31.629 D/View ( 1482):
05-30 14:03:31.630 D/View ( 1482):
05-30 14:03:31.630 D/View ( 1482):
05-30 14:03:31.630 D/View ( 1482):
05-30 14:03:31.633 D/View ( 1482):
05-30 14:03:31.633 D/View ( 1482):
05-30 14:03:31.634 D/View ( 1482):
05-30 14:03:31.635 D/View ( 1482):
05-30 14:03:31.635 D/View ( 1482):
05-30 14:03:31.635 D/View ( 1482):
05-30 14:03:31.636 D/View ( 1482):
05-30 14:03:31.636 D/View ( 1482):
05-30 14:03:31.641 D/View ( 1482):
05-30 14:03:31.641 D/View ( 1482):
05-30 14:03:31.642 D/View ( 1482):
05-30 14:03:31.642 D/View ( 1482):
05-30 14:03:31.642 D/View ( 1482):
05-30 14:03:31.642 D/View ( 1482):
05-30 14:03:31.643 D/View ( 1482):
05-30 14:03:31.643 D/View ( 1482):
05-30 14:03:31.643 D/View ( 1482):
05-30 14:03:31.643 D/View ( 1482):
05-30 14:03:31.644 D/View ( 1482):
05-30 14:03:31.644 D/View ( 1482):
05-30 14:03:31.644 D/View ( 1482):
05-30 14:03:31.644 D/View ( 1482):
05-30 14:03:31.645 D/View ( 1482):
05-30 14:03:31.645 D/View ( 1482):
05-30 14:03:31.645 D/View ( 1482):
05-30 14:03:31.646 I/wpa_supplicant( 1212): wlan0: Trying to associate with 58:c7:ac:78:f0:10 (SSID='DB-machines5G' freq=5745 MHz)
05-30 14:03:31.646 I/wpa_supplicant( 1212): assoc key_mgmt 0x2 network key_mgmt 0x142
05-30 14:03:31.649 D/WifiCountryCode( 692): evaluateAllCmmStateAndApplyIfAllReady: {ConcreteClientModeManager{id=16999 iface=wlan0 role=ROLE_CLIENT_PRIMARY}=false}
05-30 14:03:31.650 D/WifiClientModeImpl[20588:wlan0]( 692): Start Connecting Watchdog 1
05-30 14:03:31.659 D/View ( 1482):
05-30 14:03:31.659 D/View ( 1482):
05-30 14:03:31.659 D/View ( 1482):
05-30 14:03:31.660 D/View ( 1482):
05-30 14:03:31.660 D/View ( 1482):
05-30 14:03:31.660 D/View ( 1482):
05-30 14:03:31.660 D/View ( 1482):
05-30 14:03:31.661 D/View ( 1482):
05-30 14:03:31.661 D/View ( 1482):
05-30 14:03:31.661 D/DynamicSystemInstallationService( 1918): onStartCommand(): action=android.os.image.action.NOTIFY_IF_IN_USE
05-30 14:03:31.662 D/View ( 1482):
05-30 14:03:31.662 D/View ( 1482):
05-30 14:03:31.662 E/hq ( 1482): AdHelper:::启动延迟检查,支持广告的最长播放时间:25000 isLoadAd=false
05-30 14:03:31.664 I/DynamicSystemService( 692): isInstalled(): false
05-30 14:03:31.667 D/OsInitLaunch( 1482): send cache: launchAd, playAd, start, null
05-30 14:03:31.668 I/dangbei ad sdk( 1482): ADSDK::play splash ad
05-30 14:03:31.671 D/View ( 1482):
05-30 14:03:31.671 D/View ( 1482):
05-30 14:03:31.672 D/View ( 1482):
05-30 14:03:31.672 D/View ( 1482):
05-30 14:03:31.672 I/dangbei ad sdk( 1482): AdSplashView::show offline ad
05-30 14:03:31.672 D/View ( 1482):
05-30 14:03:31.673 V/WindowManagerShell( 991): Transition animation finished (aborted=false), notifying core (#1)android.os.BinderProxy@2b04cdc@0
05-30 14:03:31.675 D/View ( 1482):
05-30 14:03:31.676 D/View ( 1482):
05-30 14:03:31.676 V/WindowManager( 692): Finish Transition #1: created at
05-30 14:03:29.022 collect-started=0.161ms request-sent=1.236ms started=8.747ms ready=367.355ms sent=2185.277ms finished=2652.281ms
05-30 14:03:31.676 D/View ( 1482):
05-30 14:03:31.677 D/View ( 1482):
05-30 14:03:31.677 D/View ( 1482):
05-30 14:03:31.677 D/View ( 1482):
05-30 14:03:31.678 D/View ( 1482):
05-30 14:03:31.678 D/View ( 1482):
05-30 14:03:31.679 D/View ( 1482):
05-30 14:03:31.679 D/View ( 1482):
05-30 14:03:31.679 D/View ( 1482):
05-30 14:03:31.680 D/View ( 1482):
05-30 14:03:31.681 D/View ( 1482):
05-30 14:03:31.681 D/View ( 1482):
05-30 14:03:31.681 D/View ( 1482):
05-30 14:03:31.681 D/View ( 1482):
05-30 14:03:31.682 D/View ( 1482):
05-30 14:03:31.682 D/View ( 1482):
05-30 14:03:31.682 D/View ( 1482):
05-30 14:03:31.682 D/View ( 1482):
05-30 14:03:31.683 D/View ( 1482):
05-30 14:03:31.683 D/View ( 1482):
05-30 14:03:31.683 D/View ( 1482):
05-30 14:03:31.684 D/View ( 1482):
05-30 14:03:31.684 D/View ( 1482):
05-30 14:03:31.684 D/View ( 1482):
05-30 14:03:31.685 D/View ( 1482):
05-30 14:03:31.685 D/View ( 1482):
05-30 14:03:31.685 D/View ( 1482):
05-30 14:03:31.685 D/View ( 1482):
05-30 14:03:31.686 D/View ( 1482):
05-30 14:03:31.686 D/View ( 1482):
05-30 14:03:31.686 D/View ( 1482):
05-30 14:03:31.686 W/ContextImpl( 692): Calling a method in the system process without a qualified user: android.app.ContextImpl.sendStickyBroadcast:1626 com.android.server.wifi.ClientModeImpl.sendNetworkChangeBroadcast:3008 com.android.server.wifi.ClientModeImpl.lambda$sendNetworkChangeBroadcastWithCurrentState$14:2985 com.android.server.wifi.ClientModeImpl.$r8$lambda$q-j88Pjw4gROgoJFr8wBlBVbuJI:0 com.android.server.wifi.ClientModeImpl$$ExternalSyntheticLambda4.send:0
05-30 14:03:31.686 D/View ( 1482):
05-30 14:03:31.687 D/View ( 1482):
05-30 14:03:31.687 D/View ( 1482):
05-30 14:03:31.687 D/View ( 1482):
05-30 14:03:31.688 D/View ( 1482):
05-30 14:03:31.688 D/View ( 1482):
05-30 14:03:31.688 D/View ( 1482):
05-30 14:03:31.688 D/View ( 1482):
05-30 14:03:31.689 D/View ( 1482):
05-30 14:03:31.689 D/View ( 1482):
05-30 14:03:31.689 D/View ( 1482):
05-30 14:03:31.689 D/View ( 1482):
05-30 14:03:31.690 D/View ( 1482):
05-30 14:03:31.690 D/View ( 1482):
05-30 14:03:31.690 D/View ( 1482):
05-30 14:03:31.691 I/WifiClientModeImpl[20588:wlan0]( 692): Update current security type to 2
05-30 14:03:31.692 V/GraphicsEnvironment( 1887): Currently set values for:
05-30 14:03:31.692 V/GraphicsEnvironment( 1887): angle_gl_driver_selection_pkgs=[]
05-30 14:03:31.692 V/GraphicsEnvironment( 1887): angle_gl_driver_selection_values=[]
05-30 14:03:31.692 V/GraphicsEnvironment( 1887): ANGLE GameManagerService for com.android.managedprovisioning: false
05-30 14:03:31.693 V/GraphicsEnvironment( 1887): com.android.managedprovisioning is not listed in per-application setting
05-30 14:03:31.693 V/GraphicsEnvironment( 1887): Neither updatable production driver nor prerelease driver is supported.
05-30 14:03:31.694 V/WindowManagerShell( 991): Track 0 became idle
05-30 14:03:31.694 V/WindowManagerShell( 991): All active transition animations finished
05-30 14:03:31.698 D/RockyReceiver( 1713): action: android.net.wifi.STATE_CHANGE
05-30 14:03:31.703 D/View ( 1482):
05-30 14:03:31.703 D/View ( 1482):
05-30 14:03:31.703 D/View ( 1482):
05-30 14:03:31.704 D/View ( 1482):
05-30 14:03:31.704 D/View ( 1482):
05-30 14:03:31.704 D/View ( 1482):
05-30 14:03:31.705 D/View ( 1482):
05-30 14:03:31.705 D/View ( 1482):
05-30 14:03:31.705 D/View ( 1482):
05-30 14:03:31.705 D/View ( 1482):
05-30 14:03:31.706 D/View ( 1482):
05-30 14:03:31.707 D/View ( 1482):
05-30 14:03:31.707 D/View ( 1482):
05-30 14:03:31.707 D/View ( 1482):
05-30 14:03:31.707 D/View ( 1482):
05-30 14:03:31.708 D/View ( 1482):
05-30 14:03:31.708 D/View ( 1482):
05-30 14:03:31.708 D/View ( 1482):
05-30 14:03:31.709 D/View ( 1482):
05-30 14:03:31.709 D/View ( 1482):
05-30 14:03:31.709 D/View ( 1482):
05-30 14:03:31.709 D/View ( 1482):
05-30 14:03:31.710 D/View ( 1482):
05-30 14:03:31.710 D/View ( 1482):
05-30 14:03:31.710 D/View ( 1482):
05-30 14:03:31.711 D/View ( 1482):
05-30 14:03:31.711 D/View ( 1482):
05-30 14:03:31.711 D/View ( 1482):
05-30 14:03:31.711 D/View ( 1482):
05-30 14:03:31.712 D/View ( 1482):
05-30 14:03:31.712 E/hq ( 1482): AdHelper:::notFetchAd: main
05-30 14:03:31.712 E/hq ( 1482): AdHelper:::onComplete:main
05-30 14:03:31.712 D/View ( 1482):
05-30 14:03:31.712 E/hq ( 1482): AdHelper:::adFinish: com.dangbei.launcher.home.callback.LauncherCallback$onAttach$1$1@4f41308
05-30 14:03:31.713 D/View ( 1482):
05-30 14:03:31.713 D/View ( 1482):
05-30 14:03:31.713 D/View ( 1482):
05-30 14:03:31.713 D/View ( 1482):
05-30 14:03:31.714 D/View ( 1482):
05-30 14:03:31.718 E/hq ( 1482): LauncherCallback:::onDetach
05-30 14:03:31.718 E/hq ( 1482): AdHelper:::handleFinishAd: true
05-30 14:03:31.718 D/View ( 1482):
05-30 14:03:31.718 D/View ( 1482):
05-30 14:03:31.719 D/View ( 1482):
05-30 14:03:31.719 D/View ( 1482):
05-30 14:03:31.719 D/View ( 1482):
05-30 14:03:31.719 D/View ( 1482):
05-30 14:03:31.723 E/DangXiaoBeiManager( 1482): setMessageList: false
05-30 14:03:31.724 E/hq ( 1482): 当小贝:::显示消息type=SIMPLE_TEXT ,data.isShowInCur=false ,delay=60000 ,message.mandatoryMessage=null , message=null
05-30 14:03:31.724 E/hq ( 1482): 当小贝:::当前显示了消息,不显示新消息
05-30 14:03:31.726 D/View ( 1482):
05-30 14:03:31.729 D/OsInitLaunch( 1482): send cache: launchAd, playAd, complete, null
05-30 14:03:31.730 D/View ( 1482):
05-30 14:03:31.730 D/View ( 1482):
05-30 14:03:31.730 D/View ( 1482):
05-30 14:03:31.733 D/View ( 1482):
05-30 14:03:31.734 D/View ( 1482):
05-30 14:03:31.734 D/View ( 1482):
05-30 14:03:31.734 D/View ( 1482):
05-30 14:03:31.735 D/View ( 1482):
05-30 14:03:31.735 D/View ( 1482):
05-30 14:03:31.736 D/View ( 1482):
05-30 14:03:31.736 D/View ( 1482):
05-30 14:03:31.737 D/View ( 1482):
05-30 14:03:31.740 D/CompatibilityChangeReporter( 692): Compat change id reported: 214016041; UID 1000; state: DISABLED
05-30 14:03:31.740 D/CompatibilityChangeReporter( 692): Compat change id reported: 214016041; UID 1000; state: ENABLED
05-30 14:03:31.744 D/OomAdjuster( 692): Not killing cached processes
05-30 14:03:31.748 I/DefaultIMS( 1455): onStartInput attribute=android.view.inputmethod.EditorInfo@582acfa restarting=false inputType: 0
05-30 14:03:31.748 D/View ( 1482):
05-30 14:03:31.748 D/View ( 1482):
05-30 14:03:31.748 D/View ( 1482):
05-30 14:03:31.749 D/View ( 1482):
05-30 14:03:31.751 D/View ( 1482):
05-30 14:03:31.752 D/View ( 1482):
05-30 14:03:31.753 D/View ( 1482):
05-30 14:03:31.753 D/View ( 1482):
05-30 14:03:31.753 D/View ( 1482):
05-30 14:03:31.754 D/View ( 1482):
05-30 14:03:31.760 I/ActivityManager( 692): com.android.packageinstaller is exempt from freezer
05-30 14:03:31.761 D/CompatibilityChangeReporter( 692): Compat change id reported: 135634846; UID 10025; state: DISABLED
05-30 14:03:31.761 D/CompatibilityChangeReporter( 692): Compat change id reported: 177438394; UID 10025; state: DISABLED
05-30 14:03:31.762 D/CompatibilityChangeReporter( 692): Compat change id reported: 135772972; UID 10025; state: DISABLED
05-30 14:03:31.762 D/CompatibilityChangeReporter( 692): Compat change id reported: 135754954; UID 10025; state: ENABLED
05-30 14:03:31.763 D/CompatibilityChangeReporter( 692): Compat change id reported: 143937733; UID 10025; state: ENABLED
05-30 14:03:31.771 D/View ( 1482):
05-30 14:03:31.771 D/View ( 1482):
05-30 14:03:31.772 D/View ( 1482):
05-30 14:03:31.779 D/View ( 1482):
05-30 14:03:31.780 D/View ( 1482):
05-30 14:03:31.781 D/View ( 1482):
05-30 14:03:31.782 D/View ( 1482):
05-30 14:03:31.782 D/View ( 1482):
05-30 14:03:31.784 D/View ( 1482):
05-30 14:03:31.784 D/View ( 1482):
05-30 14:03:31.786 D/View ( 1482):
05-30 14:03:31.786 D/View ( 1482):
05-30 14:03:31.786 D/View ( 1482):
05-30 14:03:31.789 D/View ( 1482):
05-30 14:03:31.789 D/View ( 1482):
05-30 14:03:31.790 D/View ( 1482):
05-30 14:03:31.790 D/View ( 1482):
05-30 14:03:31.790 D/View ( 1482):
05-30 14:03:31.790 D/View ( 1482):
05-30 14:03:31.791 D/View ( 1482):
05-30 14:03:31.792 W/TelephonyPermissions( 692): reportAccessDeniedToReadIdentifiers:com.dangbei.screencast:getSerial:-1
05-30 14:03:31.816 I/UsbFfs-monitor( 1387): type=1400 audit(0.0:826): avc: denied { use } for path="anon_inode:[eventfd]" dev="anon_inodefs" ino=10206 scontext=u:r:su:s0 tcontext=u:r:adbd:s0 tclass=fd permissive=1
05-30 14:03:31.816 I/adbd ( 1387): type=1400 audit(0.0:827): avc: denied { write } for path="socket:[32232]" dev="sockfs" ino=32232 scontext=u:r:su:s0 tcontext=u:r:adbd:s0 tclass=unix_stream_socket permissive=1
05-30 14:03:31.816 I/adbd ( 1387): type=1400 audit(0.0:828): avc: denied { read } for path="socket:[32233]" dev="sockfs" ino=32233 scontext=u:r:su:s0 tcontext=u:r:adbd:s0 tclass=unix_stream_socket permissive=1
05-30 14:03:31.794 D/View ( 1482):
05-30 14:03:31.794 D/View ( 1482):
05-30 14:03:31.794 D/View ( 1482):
05-30 14:03:31.795 D/View ( 1482):
05-30 14:03:31.795 D/View ( 1482):
05-30 14:03:31.795 D/View ( 1482):
05-30 14:03:31.795 D/View ( 1482):
05-30 14:03:31.796 D/View ( 1482):
05-30 14:03:31.796 D/View ( 1482):
05-30 14:03:31.796 D/View ( 1482):
05-30 14:03:31.796 D/View ( 1482):
05-30 14:03:31.797 D/View ( 1482):
05-30 14:03:31.797 D/View ( 1482):
05-30 14:03:31.797 D/View ( 1482):
05-30 14:03:31.797 D/View ( 1482):
05-30 14:03:31.798 D/View ( 1482):
05-30 14:03:31.798 D/View ( 1482):
05-30 14:03:31.798 D/View ( 1482):
05-30 14:03:31.798 D/View ( 1482):
05-30 14:03:31.799 D/View ( 1482):
05-30 14:03:31.799 D/View ( 1482):
05-30 14:03:31.799 D/View ( 1482):
05-30 14:03:31.800 D/View ( 1482):
05-30 14:03:31.800 D/View ( 1482):
05-30 14:03:31.800 D/View ( 1482):
05-30 14:03:31.802 E/hq ( 1482): ErrorCoroutineExceptionHandler:::runTry error:java.net.UnknownHostException: Unable to resolve host "ottdbui-tyapiqun7.yysh.mgtv.com": No address associated with hostname from=requestMessageDialog
05-30 14:03:31.839 D/View ( 1482):
05-30 14:03:31.836 I/init ( 1968): type=1400 audit(0.0:829): avc: denied { execute_no_trans } for path="/system/bin/preinstall.sh" dev="dm-8" ino=19195831 scontext=u:r:init:s0 tcontext=u:object_r:system_file:s0 tclass=file permissive=1
05-30 14:03:31.908 I/init ( 1982): type=1400 audit(0.0:830): avc: denied { execute_no_trans } for path="/system/bin/xm_hidread" dev="dm-8" ino=19517281 scontext=u:r:init:s0 tcontext=u:object_r:system_file:s0 tclass=file permissive=1
05-30 14:03:31.845 D/View ( 1482):
05-30 14:03:31.845 D/View ( 1482):
05-30 14:03:31.846 D/View ( 1482):
05-30 14:03:31.847 D/View ( 1482):
05-30 14:03:31.848 D/View ( 1482):
05-30 14:03:31.848 D/Zygote ( 465): Forked child process 1969
05-30 14:03:31.848 D/View ( 1482):
05-30 14:03:31.848 W/ActivityManager( 692): Slow operation: 88ms so far, now at startProcess: returned from zygote!
05-30 14:03:31.848 D/View ( 1482):
05-30 14:03:31.848 D/View ( 1482):
05-30 14:03:31.848 W/ActivityManager( 692): Slow operation: 88ms so far, now at startProcess: done updating battery stats
05-30 14:03:31.849 W/ActivityManager( 692): Slow operation: 88ms so far, now at startProcess: building log message
05-30 14:03:31.849 I/ActivityManager( 692): Start proc 1969:com.android.packageinstaller/u0a25 for broadcast {com.android.packageinstaller/com.android.packageinstaller.TemporaryFileManager}
05-30 14:03:31.849 W/ActivityManager( 692): Slow operation: 88ms so far, now at startProcess: starting to update pids map
05-30 14:03:31.849 W/ActivityManager( 692): Slow operation: 89ms so far, now at startProcess: done updating pids map
05-30 14:03:31.849 D/View ( 1482):
05-30 14:03:31.849 D/View ( 1482):
05-30 14:03:31.849 D/View ( 1482):
05-30 14:03:31.850 D/View ( 1482):
05-30 14:03:31.850 D/View ( 1482):
05-30 14:03:31.850 D/View ( 1482):
05-30 14:03:31.850 D/View ( 1482):
05-30 14:03:31.850 D/View ( 1482):
05-30 14:03:31.851 D/View ( 1482):
05-30 14:03:31.852 D/View ( 1482):
05-30 14:03:31.852 D/View ( 1482):
05-30 14:03:31.852 D/View ( 1482):
05-30 14:03:31.852 D/View ( 1482):
05-30 14:03:31.853 D/View ( 1482):
05-30 14:03:31.853 D/View ( 1482):
05-30 14:03:31.853 D/View ( 1482):
05-30 14:03:31.854 D/View ( 1482):
05-30 14:03:31.854 D/View ( 1482):
05-30 14:03:31.854 D/View ( 1482):
05-30 14:03:31.854 D/View ( 1482):
05-30 14:03:31.862 I/Zygote ( 1969): seccomp disabled by setenforce 0
05-30 14:03:31.869 I/ackageinstaller( 1969): Using CollectorTypeCC GC.
05-30 14:03:31.888 D/BufferPoolAccessor2.0( 692): bufferpool2 0xddbce368 : 0(0 size) total buffers - 0(0 size) used buffers - 1/7 (recycle/alloc) - 6/24 (fetch/transfer)
05-30 14:03:31.888 D/BufferPoolAccessor2.0( 692): evictor expired: 1, evicted: 1
05-30 14:03:31.890 E/ackageinstaller( 1969): Not starting debugger since process cannot load the jdwp agent.
05-30 14:03:31.899 D/BufferPoolAccessor2.0( 620): bufferpool2 0xec381c48 : 0(0 size) total buffers - 0(0 size) used buffers - 6/10 (recycle/alloc) - 4/9 (fetch/transfer)
05-30 14:03:31.899 D/BufferPoolAccessor2.0( 620): evictor expired: 1, evicted: 1
05-30 14:03:31.939 V/NFC ( 1735): this device does not have NFC support
05-30 14:03:31.945 D/CompatibilityChangeReporter( 692): Compat change id reported: 168419799; UID 10025; state: DISABLED
05-30 14:03:31.946 D/CompatibilityChangeReporter( 692): Compat change id reported: 273564678; UID 10025; state: DISABLED
05-30 14:03:31.966 D/CompatibilityChangeReporter( 692): Compat change id reported: 265195908; UID 10025; state: ENABLED
05-30 14:03:31.973 D/CompatibilityChangeReporter( 1969): Compat change id reported: 171979766; UID 10025; state: ENABLED
05-30 14:03:31.973 D/CompatibilityChangeReporter( 1969): Compat change id reported: 242716250; UID 10025; state: ENABLED
05-30 14:03:31.982 D/CompatibilityChangeReporter( 692): Compat change id reported: 170503758; UID 10025; state: ENABLED
05-30 14:03:32.009 D/nativeloader( 1969): Configuring clns-shared-4 for other apk /system/priv-app/PackageInstaller_tv/PackageInstaller_tv.apk. target_sdk_version=34, uses_libraries=, library_path=/system/priv-app/PackageInstaller_tv/lib/arm:/system/lib:/system_ext/lib, permitted_path=/data:/mnt/expand:/data/user_de/0/com.android.packageinstaller:/system/priv-app/PackageInstaller_tv:/system/lib:/system_ext/lib
05-30 14:03:32.039 D/XM_HIDREAD( 1982): hidread running 0429 d06.
05-30 14:03:32.040 D/XM_HIDREAD( 1982): pFileName:hidraw0
05-30 14:03:32.040 D/XM_HIDREAD( 1982): pFilePathName:/sys/class/hidraw/hidraw0
05-30 14:03:32.040 D/XM_HIDREAD( 1982): pHidrawName:hidraw0,hidrawPathName:/dev/hidraw0
05-30 14:03:32.040 D/XM_HIDREAD( 1982): ready open:/dev/hidraw0
05-30 14:03:32.040 D/XM_HIDREAD( 1982): open:/dev/hidraw0 resultFD:5
05-30 14:03:32.040 D/XM_HIDREAD( 1982): 1 ready ioctl hidrawFD 5
05-30 14:03:32.040 D/XM_HIDREAD( 1982): 2 ready ioctl hidrawFD 5
05-30 14:03:32.040 D/XM_HIDREAD( 1982): 3 ready ioctl hidrawFD 5
05-30 14:03:32.040 D/XM_HIDREAD( 1982): 4 ready ioctl hidrawFD 5
05-30 14:03:32.040 D/XM_HIDREAD( 1982): ioctl hidrawFD HIDIOCGRDESC ret 0
05-30 14:03:32.040 D/XM_HIDREAD( 1982): dinfo.vendor:10874,dinfo.product:38295
05-30 14:03:32.040 E/XM_HIDREAD( 1982): : /dev/hidraw0
05-30 14:03:32.040 D/XM_HIDREAD( 1982): pFileName:hidraw1
05-30 14:03:32.040 D/XM_HIDREAD( 1982): pFilePathName:/sys/class/hidraw/hidraw1
05-30 14:03:32.040 D/XM_HIDREAD( 1982): pHidrawName:hidraw1,hidrawPathName:/dev/hidraw1
05-30 14:03:32.040 D/XM_HIDREAD( 1982): ready open:/dev/hidraw1
05-30 14:03:32.040 D/XM_HIDREAD( 1982): open:/dev/hidraw1 resultFD:6
05-30 14:03:32.040 D/XM_HIDREAD( 1982): 1 ready ioctl hidrawFD 6
05-30 14:03:32.040 D/XM_HIDREAD( 1982): 2 ready ioctl hidrawFD 6
05-30 14:03:32.040 D/XM_HIDREAD( 1982): 3 ready ioctl hidrawFD 6
05-30 14:03:32.040 D/XM_HIDREAD( 1982): 4 ready ioctl hidrawFD 6
05-30 14:03:32.040 D/XM_HIDREAD( 1982): ioctl hidrawFD HIDIOCGRDESC ret 0
05-30 14:03:32.040 D/XM_HIDREAD( 1982): dinfo.vendor:10874,dinfo.product:38295
05-30 14:03:32.040 E/XM_HIDREAD( 1982): : /dev/hidraw1
05-30 14:03:32.040 D/XM_HIDREAD( 1982): addr_len_t:26,addr_len:26
05-30 14:03:32.040 D/XM_HIDREAD( 1982): server_socket:4
05-30 14:03:32.040 D/XM_HIDREAD( 1982): pthread_join listen_thread before
05-30 14:03:32.040 D/XM_HIDREAD( 1982): >> start monitor uevent ...
05-30 14:03:32.040 D/XM_HIDREAD( 1982): listener_thread has start 4.
05-30 14:03:32.041 D/XM_HIDREAD( 1982): accept before.
05-30 14:03:32.049 I/audio_hw_hal_alsamgr( 476): alsa format =0x1 delay frames =1024 total frames=768000
05-30 14:03:32.072 E/hq ( 1482): ErrorCoroutineExceptionHandler:::runTry error:java.net.UnknownHostException: Unable to resolve host "ottdbui-tyapiqun7.yysh.mgtv.com": No address associated with hostname from=requestUserAgreement
05-30 14:03:32.073 E/UserProtocolInterceptorImpl( 1482): isAgree: 20210615 20210615 true
05-30 14:03:32.083 E/UserProtocolInterceptorImpl( 1482): version===>0
05-30 14:03:32.145 V/GraphicsEnvironment( 1969): Currently set values for:
05-30 14:03:32.145 V/GraphicsEnvironment( 1969): angle_gl_driver_selection_pkgs=[]
05-30 14:03:32.145 V/GraphicsEnvironment( 1969): angle_gl_driver_selection_values=[]
05-30 14:03:32.146 V/GraphicsEnvironment( 1969): ANGLE GameManagerService for com.android.packageinstaller: false
05-30 14:03:32.146 V/GraphicsEnvironment( 1969): com.android.packageinstaller is not listed in per-application setting
05-30 14:03:32.146 V/GraphicsEnvironment( 1969): Neither updatable production driver nor prerelease driver is supported.
05-30 14:03:32.158 I/wpa_supplicant( 1212): assoc key_mgmt 0x2 network key_mgmt 0x142
05-30 14:03:32.159 I/wpa_supplicant( 1212): wlan0: Associated with 58:c7:ac:78:f0:10
05-30 14:03:32.159 I/wpa_supplicant( 1212): wlan0: CTRL-EVENT-SUBNET-STATUS-UPDATE status=0
05-30 14:03:32.162 I/Tethering( 1057): adding IpServer for: wlan0
05-30 14:03:32.166 I/WifiClientModeImpl[20588:wlan0]( 692): Update current security type to 2
05-30 14:03:32.168 I/WifiService( 692): updateInterfaceIpState uid=1073
05-30 14:03:32.191 D/WifiService( 692): updateInterfaceIpState: ifaceName=wlan0 mode=-1 previous LOHS mode= -1
05-30 14:03:32.205 D/CompatibilityChangeReporter( 692): Compat change id reported: 135634846; UID 10074; state: DISABLED
05-30 14:03:32.205 D/CompatibilityChangeReporter( 692): Compat change id reported: 177438394; UID 10074; state: DISABLED
05-30 14:03:32.205 D/CompatibilityChangeReporter( 692): Compat change id reported: 135772972; UID 10074; state: DISABLED
05-30 14:03:32.206 D/CompatibilityChangeReporter( 692): Compat change id reported: 135754954; UID 10074; state: ENABLED
05-30 14:03:32.206 D/CompatibilityChangeReporter( 692): Compat change id reported: 143937733; UID 10074; state: ENABLED
05-30 14:03:32.238 I/system_server( 692): Background concurrent copying GC freed 227211(10MB) AllocSpace objects, 10(2364KB) LOS objects, 49% free, 14MB/28MB, paused 294us,195us total 791.768ms
05-30 14:03:32.248 D/Zygote ( 465): Forked child process 2016
05-30 14:03:32.249 I/ActivityManager( 692): Start proc 2016:com.android.permissioncontroller/u0a74 for broadcast {com.android.permissioncontroller/com.android.permissioncontroller.permission.service.LocationAccessCheck$SetupPeriodicBackgroundLocationAccessCheck}
05-30 14:03:32.276 I/Zygote ( 2016): seccomp disabled by setenforce 0
05-30 14:03:32.282 I/ssioncontroller( 2016): Using CollectorTypeCC GC.
05-30 14:03:32.301 E/ssioncontroller( 2016): Not starting debugger since process cannot load the jdwp agent.
05-30 14:03:32.315 D/CompatibilityChangeReporter( 692): Compat change id reported: 168419799; UID 10074; state: DISABLED
05-30 14:03:32.315 D/CompatibilityChangeReporter( 692): Compat change id reported: 273564678; UID 10074; state: DISABLED
05-30 14:03:32.322 D/CompatibilityChangeReporter( 692): Compat change id reported: 265195908; UID 10074; state: ENABLED
05-30 14:03:32.322 I/ActivityManager( 692): com.android.localtransport is exempt from freezer
05-30 14:03:32.322 D/CompatibilityChangeReporter( 692): Compat change id reported: 135634846; UID 1000; state: DISABLED
05-30 14:03:32.324 D/CompatibilityChangeReporter( 2016): Compat change id reported: 171979766; UID 10074; state: ENABLED
05-30 14:03:32.325 D/CompatibilityChangeReporter( 2016): Compat change id reported: 242716250; UID 10074; state: ENABLED
05-30 14:03:32.329 D/CompatibilityChangeReporter( 692): Compat change id reported: 170503758; UID 10074; state: ENABLED
05-30 14:03:32.346 D/nativeloader( 2016): Configuring clns-shared-4 for other apk /system/framework/org.apache.http.legacy.jar. target_sdk_version=34, uses_libraries=ALL, library_path=/apex/com.android.permission/priv-app/PermissionController@UD2A.240505.001.W1/lib/arm:/system/lib:/system_ext/lib, permitted_path=/data:/mnt/expand:/data/user_de/0/com.android.permissioncontroller:/apex/com.android.permission/priv-app/PermissionController@UD2A.240505.001.W1:/system/lib:/system_ext/lib
05-30 14:03:32.359 D/Zygote ( 465): Forked child process 2034
05-30 14:03:32.360 I/ActivityManager( 692): Start proc 2034:com.android.localtransport/1000 for service {com.android.localtransport/com.android.localtransport.LocalTransportService}
05-30 14:03:32.373 I/Zygote ( 2034): seccomp disabled by setenforce 0
05-30 14:03:32.389 I/.localtransport( 2034): Using CollectorTypeCC GC.
05-30 14:03:32.405 D/hq ( 1482): NetWorkStateReceiver:::检查网络,并且持续更新 isConnect=false
05-30 14:03:32.413 E/.localtransport( 2034): Not starting debugger since process cannot load the jdwp agent.
05-30 14:03:32.430 D/CompatibilityChangeReporter( 692): Compat change id reported: 168419799; UID 1000; state: DISABLED
05-30 14:03:32.430 D/CompatibilityChangeReporter( 692): Compat change id reported: 273564678; UID 1000; state: DISABLED
05-30 14:03:32.444 D/nativeloader( 2016): Configuring clns-shared-5 for other apk /apex/com.android.permission/priv-app/PermissionController@UD2A.240505.001.W1/PermissionController.apk. target_sdk_version=34, uses_libraries=, library_path=/apex/com.android.permission/priv-app/PermissionController@UD2A.240505.001.W1/lib/arm:/system/lib:/system_ext/lib, permitted_path=/data:/mnt/expand:/data/user_de/0/com.android.permissioncontroller:/apex/com.android.permission/priv-app/PermissionController@UD2A.240505.001.W1:/system/lib:/system_ext/lib
05-30 14:03:32.446 D/nativeloader( 2016): InitApexLibraries:
05-30 14:03:32.446 D/nativeloader( 2016): com_android_adservices: libhpke_jni.so:libtflite_support_classifiers_native.so
05-30 14:03:32.446 D/nativeloader( 2016): com_android_appsearch: libicing.so
05-30 14:03:32.446 D/nativeloader( 2016): com_android_art: libartservice.so
05-30 14:03:32.446 D/nativeloader( 2016): com_android_btservices: libbluetooth_jni.so
05-30 14:03:32.446 D/nativeloader( 2016): com_android_conscrypt: libjavacrypto.so
05-30 14:03:32.446 D/nativeloader( 2016): com_android_extservices: libhpke_jni.so:libtflite_support_classifiers_native.so
05-30 14:03:32.446 D/nativeloader( 2016): com_android_os_statsd: libstats_jni.so
05-30 14:03:32.446 D/nativeloader( 2016): com_android_tethering: libandroid_net_connectivity_com_android_net_module_util_jni.so:libcronet.114.0.5735.84.so:libframework-connectivity-jni.so:libframework-connectivity-tiramisu-jni.so:libservice-connectivity.so
05-30 14:03:32.446 D/nativeloader( 2016): com_android_uwb: libuwb_uci_jni_rust.so
05-30 14:03:32.446 D/nativeloader( 2016): com_android_virt: libvirtualizationservice_jni.so:libvirtualmachine_jni.so
05-30 14:03:32.449 D/CompatibilityChangeReporter( 2034): Compat change id reported: 171979766; UID 1000; state: ENABLED
05-30 14:03:32.452 D/CompatibilityChangeReporter( 2034): Compat change id reported: 242716250; UID 1000; state: ENABLED
05-30 14:03:32.485 D/nativeloader( 2034): Configuring clns-shared-4 for other apk /system/priv-app/LocalTransport/LocalTransport.apk. target_sdk_version=34, uses_libraries=, library_path=/system/priv-app/LocalTransport/lib/arm:/system/priv-app/LocalTransport/LocalTransport.apk!/lib/armeabi-v7a:/system/lib:/system_ext/lib, permitted_path=/data:/mnt/expand:/data/user/0/com.android.localtransport:/system/priv-app/LocalTransport:/system/lib:/system_ext/lib
05-30 14:03:32.520 V/GraphicsEnvironment( 2034): Currently set values for:
05-30 14:03:32.520 V/GraphicsEnvironment( 2034): angle_gl_driver_selection_pkgs=[]
05-30 14:03:32.520 V/GraphicsEnvironment( 2034): angle_gl_driver_selection_values=[]
05-30 14:03:32.521 V/GraphicsEnvironment( 2034): ANGLE GameManagerService for com.android.localtransport: false
05-30 14:03:32.522 V/GraphicsEnvironment( 2034): com.android.localtransport is not listed in per-application setting
05-30 14:03:32.522 V/GraphicsEnvironment( 2034): Neither updatable production driver nor prerelease driver is supported.
05-30 14:03:32.519 I/MediaProvider( 1434): Scanned external_primary due to REASON_MOUNTED, found 46 items in 1104ms, 0 inserts 7 updates 0 deletes
05-30 14:03:32.534 I/MediaProvider( 1434): End Intent { act=com.android.providers.media.action.SCAN_VOLUME (has extras) }
05-30 14:03:32.536 I/MediaProvider( 1434): Begin Intent { act=android.intent.action.MEDIA_MOUNTED dat=file:///... flg=0x5000010 cmp=com.android.providers.media.module/com.android.providers.media.MediaService (has extras) }
05-30 14:03:32.537 I/MediaProvider( 1434): Volume MediaVolume name: [external_primary] id: [emulated;0] user: [UserHandle{0}] path: [/storage/emulated/0] externallyManaged: [false] mPublicVolume: [false] already attached
05-30 14:03:32.537 I/MediaProvider( 1434): End Intent { act=android.intent.action.MEDIA_MOUNTED dat=file:///... flg=0x5000010 cmp=com.android.providers.media.module/com.android.providers.media.MediaService (has extras) }
05-30 14:03:32.549 I/TransportConnection( 692): LocalTransportService#0: Notifying [TransportManager.registerTransport()] transport = BackupTransportClient
05-30 14:03:32.560 D/BackupTransportManager( 692): [UserID:0] Transport com.android.localtransport/.LocalTransportService registered
05-30 14:03:32.562 D/BackupManagerService( 692): [UserID:0] Transport com.android.localtransport/.LocalTransport registered 3291ms after first request (delay = 3000ms)
05-30 14:03:32.572 I/BackupManagerService( 692): [UserID:0] Found 5 stale backup journal(s), scheduling.
05-30 14:03:32.599 I/BackupManagerService( 692): [UserID:0] Stale backup journals: Scheduled 5 package(s) total
05-30 14:03:32.635 V/GraphicsEnvironment( 2016): Currently set values for:
05-30 14:03:32.635 V/GraphicsEnvironment( 2016): angle_gl_driver_selection_pkgs=[]
05-30 14:03:32.635 V/GraphicsEnvironment( 2016): angle_gl_driver_selection_values=[]
05-30 14:03:32.636 V/GraphicsEnvironment( 2016): ANGLE GameManagerService for com.android.permissioncontroller: false
05-30 14:03:32.636 V/GraphicsEnvironment( 2016): com.android.permissioncontroller is not listed in per-application setting
05-30 14:03:32.637 V/GraphicsEnvironment( 2016): Neither updatable production driver nor prerelease driver is supported.
05-30 14:03:32.717 I/carui ( 2016): CarUi plugin is disabled
05-30 14:03:32.766 W/Role ( 2016): Cannot get ApplicationInfo for default holder: com.android.messaging
05-30 14:03:32.796 D/CompatibilityChangeReporter( 692): Compat change id reported: 135634846; UID 10016; state: DISABLED
05-30 14:03:32.796 D/CompatibilityChangeReporter( 692): Compat change id reported: 177438394; UID 10016; state: DISABLED
05-30 14:03:32.796 D/CompatibilityChangeReporter( 692): Compat change id reported: 135772972; UID 10016; state: DISABLED
05-30 14:03:32.797 D/CompatibilityChangeReporter( 692): Compat change id reported: 135754954; UID 10016; state: ENABLED
05-30 14:03:32.797 D/CompatibilityChangeReporter( 692): Compat change id reported: 143937733; UID 10016; state: ENABLED
05-30 14:03:32.814 D/Zygote ( 465): Forked child process 2073
05-30 14:03:32.815 I/ActivityManager( 692): Start proc 2073:com.android.providers.calendar/u0a16 for broadcast {com.android.providers.calendar/com.android.providers.calendar.CalendarReceiver}
05-30 14:03:32.817 D/CompatibilityChangeReporter( 2016): Compat change id reported: 194532703; UID 10074; state: ENABLED
05-30 14:03:32.817 D/CompatibilityChangeReporter( 2016): Compat change id reported: 253665015; UID 10074; state: ENABLED
05-30 14:03:32.818 D/CompatibilityChangeReporter( 692): Compat change id reported: 253665015; UID 10074; state: ENABLED
05-30 14:03:32.819 D/CompatibilityChangeReporter( 692): Compat change id reported: 194532703; UID 10074; state: ENABLED
05-30 14:03:32.823 I/Zygote ( 2073): seccomp disabled by setenforce 0
05-30 14:03:32.820 I/cmd ( 2071): type=1400 audit(0.0:884): avc: denied { call } for scontext=u:r:init:s0 tcontext=u:r:servicemanager:s0 tclass=binder permissive=1
05-30 14:03:32.824 I/servicemanager( 231): type=1400 audit(0.0:885): avc: denied { transfer } for scontext=u:r:servicemanager:s0 tcontext=u:r:init:s0 tclass=binder permissive=1
05-30 14:03:32.830 I/viders.calendar( 2073): Using CollectorTypeCC GC.
05-30 14:03:32.824 I/cmd ( 2071): type=1400 audit(0.0:886): avc: denied { call } for scontext=u:r:init:s0 tcontext=u:r:system_server:s0 tclass=binder permissive=1
05-30 14:03:32.824 I/cmd ( 2071): type=1400 audit(0.0:887): avc: denied { transfer } for scontext=u:r:init:s0 tcontext=u:r:system_server:s0 tclass=binder permissive=1
05-30 14:03:32.838 E/viders.calendar( 2073): Not starting debugger since process cannot load the jdwp agent.
05-30 14:03:32.844 D/aaa ( 1510): LedStatusService onStartCommand begin
05-30 14:03:32.840 I/binder:692_6( 692): type=1400 audit(0.0:888): avc: denied { call } for scontext=u:r:system_server:s0 tcontext=u:r:init:s0 tclass=binder permissive=1
05-30 14:03:32.847 D/aaa ( 1510): topPkg is -------------- :com.dangbei.leard.leradlauncher
05-30 14:03:32.849 I/HibernationPolicy( 2016): scheduleHibernationJob with frequency 1296000000ms and threshold 7776000000ms
05-30 14:03:32.856 D/CompatibilityChangeReporter( 692): Compat change id reported: 168419799; UID 10016; state: DISABLED
05-30 14:03:32.856 D/CompatibilityChangeReporter( 692): Compat change id reported: 273564678; UID 10016; state: DISABLED
05-30 14:03:32.863 D/CompatibilityChangeReporter( 692): Compat change id reported: 265195908; UID 10016; state: ENABLED
05-30 14:03:32.865 D/CompatibilityChangeReporter( 2073): Compat change id reported: 171979766; UID 10016; state: ENABLED
05-30 14:03:32.865 D/CompatibilityChangeReporter( 2073): Compat change id reported: 242716250; UID 10016; state: ENABLED
05-30 14:03:32.869 D/CompatibilityChangeReporter( 692): Compat change id reported: 170503758; UID 10016; state: ENABLED
05-30 14:03:32.881 I/HibernationPolicy( 2016): user 0 is a profileowner. Running hibernation job.
05-30 14:03:32.882 D/nativeloader( 2073): Configuring clns-shared-4 for other apk /system/priv-app/CalendarProvider/CalendarProvider.apk. target_sdk_version=34, uses_libraries=, library_path=/system/priv-app/CalendarProvider/lib/arm:/system/lib:/system_ext/lib, permitted_path=/data:/mnt/expand:/data/user/0/com.android.providers.calendar:/system/priv-app/CalendarProvider:/system/lib:/system_ext/lib
05-30 14:03:32.885 I/HibernationPolicy( 2016): Job already scheduled.
05-30 14:03:32.888 D/BufferPoolAccessor2.0( 692): bufferpool2 0xddbd3a08 : 0(0 size) total buffers - 0(0 size) used buffers - 2/7 (recycle/alloc) - 5/24 (fetch/transfer)
05-30 14:03:32.888 D/BufferPoolAccessor2.0( 692): bufferpool2 0xddbd2388 : 0(0 size) total buffers - 0(0 size) used buffers - 2/7 (recycle/alloc) - 8/26 (fetch/transfer)
05-30 14:03:32.888 D/BufferPoolAccessor2.0( 692): bufferpool2 0xddbd0be8 : 0(0 size) total buffers - 0(0 size) used buffers - 2/7 (recycle/alloc) - 5/34 (fetch/transfer)
05-30 14:03:32.888 D/BufferPoolAccessor2.0( 692): bufferpool2 0xddbcfe68 : 0(0 size) total buffers - 0(0 size) used buffers - 2/7 (recycle/alloc) - 5/34 (fetch/transfer)
05-30 14:03:32.888 D/BufferPoolAccessor2.0( 692): bufferpool2 0xddbd3348 : 0(0 size) total buffers - 0(0 size) used buffers - 1/7 (recycle/alloc) - 6/18 (fetch/transfer)
05-30 14:03:32.888 D/BufferPoolAccessor2.0( 692): evictor expired: 5, evicted: 5
05-30 14:03:32.899 D/BufferPoolAccessor2.0( 620): bufferpool2 0xec383ce8 : 0(0 size) total buffers - 0(0 size) used buffers - 13/15 (recycle/alloc) - 2/14 (fetch/transfer)
05-30 14:03:32.899 D/BufferPoolAccessor2.0( 620): bufferpool2 0xec382788 : 0(0 size) total buffers - 0(0 size) used buffers - 8/11 (recycle/alloc) - 4/10 (fetch/transfer)
05-30 14:03:32.899 D/BufferPoolAccessor2.0( 620): bufferpool2 0xec381108 : 0(0 size) total buffers - 0(0 size) used buffers - 7/10 (recycle/alloc) - 3/9 (fetch/transfer)
05-30 14:03:32.899 D/BufferPoolAccessor2.0( 620): bufferpool2 0xec382f68 : 0(0 size) total buffers - 0(0 size) used buffers - 4/7 (recycle/alloc) - 3/6 (fetch/transfer)
05-30 14:03:32.899 D/BufferPoolAccessor2.0( 620): bufferpool2 0xec383aa8 : 0(0 size) total buffers - 0(0 size) used buffers - 12/15 (recycle/alloc) - 3/14 (fetch/transfer)
05-30 14:03:32.899 D/BufferPoolAccessor2.0( 620): evictor expired: 5, evicted: 5
05-30 14:03:32.921 V/GraphicsEnvironment( 2073): Currently set values for:
05-30 14:03:32.921 V/GraphicsEnvironment( 2073): angle_gl_driver_selection_pkgs=[]
05-30 14:03:32.921 V/GraphicsEnvironment( 2073): angle_gl_driver_selection_values=[]
05-30 14:03:32.922 V/GraphicsEnvironment( 2073): ANGLE GameManagerService for com.android.providers.calendar: false
05-30 14:03:32.922 V/GraphicsEnvironment( 2073): com.android.providers.calendar is not listed in per-application setting
05-30 14:03:32.922 V/GraphicsEnvironment( 2073): Neither updatable production driver nor prerelease driver is supported.
05-30 14:03:32.924 V/SafetyCenterBackgroundR( 2016): Received a android.intent.action.BOOT_COMPLETED broadcast, but safety center is currently disabled. Cancelling any existing job.
05-30 14:03:32.928 D/SafetyLabelChangesJobService( 2016): Received broadcast with intent action 'android.intent.action.BOOT_COMPLETED'
05-30 14:03:32.928 I/SafetyLabelChangesJobService( 2016): onReceive: Safety label change notifications are not enabled.
05-30 14:03:32.941 I/PermissionEventCleanupJobService( 2016): Job already scheduled.
05-30 14:03:32.944 D/PermissionStorageTimeChangeReceiver( 2016): systemTimeSnapshot set to 1748585012944
05-30 14:03:32.944 D/PermissionStorageTimeChangeReceiver( 2016): realtimeSnapshot set to 27153
05-30 14:03:32.958 D/CompatibilityChangeReporter( 692): Compat change id reported: 161145287; UID 10016; state: ENABLED
05-30 14:03:32.959 I/CalendarProvider2( 2073): Created com.android.providers.calendar.CalendarAlarmManager@490401d(com.android.providers.calendar.CalendarProvider2@8625292)
05-30 14:03:32.970 D/AppManager( 1482): checkLocalAppsIsValid:
05-30 14:03:32.970 D/CompatibilityChangeReporter( 692): Compat change id reported: 135634846; UID 10026; state: DISABLED
05-30 14:03:32.971 D/CompatibilityChangeReporter( 692): Compat change id reported: 177438394; UID 10026; state: DISABLED
05-30 14:03:32.971 D/CompatibilityChangeReporter( 692): Compat change id reported: 135772972; UID 10026; state: DISABLED
05-30 14:03:32.971 D/CompatibilityChangeReporter( 692): Compat change id reported: 135754954; UID 10026; state: ENABLED
05-30 14:03:32.972 D/CompatibilityChangeReporter( 692): Compat change id reported: 143937733; UID 10026; state: ENABLED
05-30 14:03:32.987 D/Zygote ( 465): Forked child process 2109
05-30 14:03:32.988 D/CompatibilityChangeReporter( 2073): Compat change id reported: 160794467; UID 10016; state: ENABLED
05-30 14:03:32.988 I/ActivityManager( 692): Start proc 2109:com.android.providers.tv/u0a26 for broadcast {com.android.providers.tv/com.android.providers.tv.BootCompletedReceiver}
05-30 14:03:32.991 E/hq ( 1482): ErrorCoroutineExceptionHandler:::runTry error:java.net.UnknownHostException: Unable to resolve host "ottdbui-tyapiqun7.yysh.mgtv.com": No address associated with hostname from=requestAppAdInfo
05-30 14:03:32.994 I/Zygote ( 2109): seccomp disabled by setenforce 0
05-30 14:03:32.997 D/CompatibilityChangeReporter( 2073): Compat change id reported: 183155436; UID 10016; state: ENABLED
05-30 14:03:33.001 I/id.providers.tv( 2109): Using CollectorTypeCC GC.
05-30 14:03:33.003 D/CompatibilityChangeReporter( 692): Compat change id reported: 171306433; UID 10016; state: ENABLED
05-30 14:03:33.004 D/CompatibilityChangeReporter( 692): Compat change id reported: 218533173; UID 10016; state: ENABLED
