05-30 14:03:33.012 E/id.providers.tv( 2109): Not starting debugger since process cannot load the jdwp agent.
05-30 14:03:33.030 D/CompatibilityChangeReporter( 692): Compat change id reported: 168419799; UID 10026; state: DISABLED
05-30 14:03:33.030 D/CompatibilityChangeReporter( 692): Compat change id reported: 273564678; UID 10026; state: DISABLED
05-30 14:03:33.035 D/CompatibilityChangeReporter( 2109): Compat change id reported: 171979766; UID 10026; state: ENABLED
05-30 14:03:33.035 D/CompatibilityChangeReporter( 2109): Compat change id reported: 242716250; UID 10026; state: ENABLED
05-30 14:03:33.036 D/CompatibilityChangeReporter( 692): Compat change id reported: 265195908; UID 10026; state: ENABLED
05-30 14:03:33.038 D/CompatibilityChangeReporter( 692): Compat change id reported: 143231523; UID 10016; state: DISABLED
05-30 14:03:33.038 D/CompatibilityChangeReporter( 692): Compat change id reported: 170503758; UID 10026; state: ENABLED
05-30 14:03:33.053 D/nativeloader( 2109): Configuring clns-shared-4 for other apk /system/priv-app/TvProvider/TvProvider.apk. target_sdk_version=34, uses_libraries=, library_path=/system/priv-app/TvProvider/lib/arm:/system/lib:/system_ext/lib, permitted_path=/data:/mnt/expand:/data/user_de/0/com.android.providers.tv:/system/priv-app/TvProvider:/system/lib:/system_ext/lib
05-30 14:03:33.085 V/GraphicsEnvironment( 2109): Currently set values for:
05-30 14:03:33.085 V/GraphicsEnvironment( 2109): angle_gl_driver_selection_pkgs=[]
05-30 14:03:33.085 V/GraphicsEnvironment( 2109): angle_gl_driver_selection_values=[]
05-30 14:03:33.086 V/GraphicsEnvironment( 2109): ANGLE GameManagerService for com.android.providers.tv: false
05-30 14:03:33.086 V/GraphicsEnvironment( 2109): com.android.providers.tv is not listed in per-application setting
05-30 14:03:33.086 V/GraphicsEnvironment( 2109): Neither updatable production driver nor prerelease driver is supported.
05-30 14:03:33.092 D/CompatibilityChangeReporter( 2109): Compat change id reported: 160794467; UID 10026; state: ENABLED
05-30 14:03:33.107 D/CompatibilityChangeReporter( 692): Compat change id reported: 135634846; UID 10071; state: DISABLED
05-30 14:03:33.108 D/CompatibilityChangeReporter( 692): Compat change id reported: 177438394; UID 10071; state: DISABLED
05-30 14:03:33.108 D/CompatibilityChangeReporter( 692): Compat change id reported: 135772972; UID 10071; state: DISABLED
05-30 14:03:33.108 D/CompatibilityChangeReporter( 692): Compat change id reported: 135754954; UID 10071; state: ENABLED
05-30 14:03:33.109 D/CompatibilityChangeReporter( 692): Compat change id reported: 143937733; UID 10071; state: ENABLED
05-30 14:03:33.130 D/Zygote ( 465): Forked child process 2132
05-30 14:03:33.131 I/ActivityManager( 692): Start proc 2132:com.android.rkpdapp/u0a71 for broadcast {com.android.rkpdapp/com.android.rkpdapp.BootReceiver}
05-30 14:03:33.140 E/hq ( 1482): CrashHandler:::图片加载异常 message=Failed to load resource
05-30 14:03:33.140 E/hq ( 1482): There was 1 root cause:
05-30 14:03:33.140 E/hq ( 1482): java.net.UnknownHostException(Unable to resolve host "zmimg.dangbei.net": No address associated with hostname)
05-30 14:03:33.140 E/hq ( 1482): call GlideException#logRootCauses(String) for more detail
05-30 14:03:33.140 E/hq ( 1482): model=https://zmimg.dangbei.net/operatecenter/20250530/ebdjjifjhv0sk.jpg
05-30 14:03:33.140 E/hq ( 1482): target=Target for: android.widget.ImageView{8ce2a1b V.ED..... ........ 0,0-560,206}
05-30 14:03:33.144 I/Zygote ( 2132): seccomp disabled by setenforce 0
05-30 14:03:33.151 I/android.rkpdapp( 2132): Using CollectorTypeCC GC.
05-30 14:03:33.158 E/android.rkpdapp( 2132): Not starting debugger since process cannot load the jdwp agent.
05-30 14:03:33.170 D/CompatibilityChangeReporter( 692): Compat change id reported: 168419799; UID 10071; state: DISABLED
05-30 14:03:33.170 D/CompatibilityChangeReporter( 692): Compat change id reported: 273564678; UID 10071; state: DISABLED
05-30 14:03:33.173 D/CompatibilityChangeReporter( 692): Compat change id reported: 265195908; UID 10071; state: ENABLED
05-30 14:03:33.176 D/CompatibilityChangeReporter( 2132): Compat change id reported: 171979766; UID 10071; state: ENABLED
05-30 14:03:33.176 D/CompatibilityChangeReporter( 2132): Compat change id reported: 242716250; UID 10071; state: ENABLED
05-30 14:03:33.180 D/CompatibilityChangeReporter( 692): Compat change id reported: 170503758; UID 10071; state: ENABLED
05-30 14:03:33.188 I/ThermalService( 999): CPU temperatures: [57.500004]
05-30 14:03:33.198 D/nativeloader( 2132): Configuring clns-shared-4 for other apk /apex/com.android.rkpd/priv-app/rkpdapp@UD2A.240505.001.W1/rkpdapp.apk. target_sdk_version=34, uses_libraries=, library_path=/apex/com.android.rkpd/priv-app/rkpdapp@UD2A.240505.001.W1/lib/arm:/system/lib:/system_ext/lib, permitted_path=/data:/mnt/expand:/data/user/0/com.android.rkpdapp:/apex/com.android.rkpd/priv-app/rkpdapp@UD2A.240505.001.W1:/system/lib:/system_ext/lib
05-30 14:03:33.204 E/xxxxxxxxxxxxxxx( 1482): onReceive: true , configuration = {1.0 ?mcc0mnc [zh_CN] ldltr sw720dp w1280dp h720dp 240dpi xlrg long land television -touch qwerty/v/v dpad/v winConfig={ mBounds=Rect(0, 0 - 1920, 1080) mAppBounds=Rect(0, 0 - 1920, 1080) mMaxBounds=Rect(0, 0 - 1920, 1080) mDisplayRotation=ROTATION_0 mWindowingMode=fullscreen mDisplayWindowingMode=fullscreen mActivityType=undefined mAlwaysOnTop=undefined mRotation=ROTATION_0} s.6 fontWeightAdjustment=0}
05-30 14:03:33.205 D/AppManager( 1482): checkLocalAppsIsValid: size
05-30 14:03:33.205 D/AppManager( 1482): AppManager resetData:
05-30 14:03:33.205 E/xxxxxxxxxxxxxxx( 1482): isScreenSizeChange=false app onConfigurationChanged={1.0 ?mcc0mnc [zh_CN] ldltr sw720dp w1280dp h720dp 240dpi xlrg long land television -touch qwerty/v/v dpad/v winConfig={ mBounds=Rect(0, 0 - 1920, 1080) mAppBounds=Rect(0, 0 - 1920, 1080) mMaxBounds=Rect(0, 0 - 1920, 1080) mDisplayRotation=ROTATION_0 mWindowingMode=fullscreen mDisplayWindowingMode=fullscreen mActivityType=undefined mAlwaysOnTop=undefined mRotation=ROTATION_0} s.6 fontWeightAdjustment=0}
05-30 14:03:33.206 D/nativeloader( 2132): InitApexLibraries:
05-30 14:03:33.206 D/nativeloader( 2132): com_android_adservices: libhpke_jni.so:libtflite_support_classifiers_native.so
05-30 14:03:33.206 D/nativeloader( 2132): com_android_appsearch: libicing.so
05-30 14:03:33.206 D/nativeloader( 2132): com_android_art: libartservice.so
05-30 14:03:33.206 D/nativeloader( 2132): com_android_btservices: libbluetooth_jni.so
05-30 14:03:33.206 D/nativeloader( 2132): com_android_conscrypt: libjavacrypto.so
05-30 14:03:33.206 D/nativeloader( 2132): com_android_extservices: libhpke_jni.so:libtflite_support_classifiers_native.so
05-30 14:03:33.206 D/nativeloader( 2132): com_android_os_statsd: libstats_jni.so
05-30 14:03:33.206 D/nativeloader( 2132): com_android_tethering: libandroid_net_connectivity_com_android_net_module_util_jni.so:libcronet.114.0.5735.84.so:libframework-connectivity-jni.so:libframework-connectivity-tiramisu-jni.so:libservice-connectivity.so
05-30 14:03:33.206 D/nativeloader( 2132): com_android_uwb: libuwb_uci_jni_rust.so
05-30 14:03:33.206 D/nativeloader( 2132): com_android_virt: libvirtualizationservice_jni.so:libvirtualmachine_jni.so
05-30 14:03:33.240 V/GraphicsEnvironment( 2132): Currently set values for:
05-30 14:03:33.240 V/GraphicsEnvironment( 2132): angle_gl_driver_selection_pkgs=[]
05-30 14:03:33.240 V/GraphicsEnvironment( 2132): angle_gl_driver_selection_values=[]
05-30 14:03:33.241 V/GraphicsEnvironment( 2132): ANGLE GameManagerService for com.android.rkpdapp: false
05-30 14:03:33.241 V/GraphicsEnvironment( 2132): com.android.rkpdapp is not listed in per-application setting
05-30 14:03:33.241 V/GraphicsEnvironment( 2132): Neither updatable production driver nor prerelease driver is supported.
05-30 14:03:33.246 D/WM-WrkMgrInitializer( 2132): Initializing WorkManager with default configuration.
05-30 14:03:33.253 D/WM-PackageManagerHelper( 2132): androidx.work.impl.background.systemjob.SystemJobService enabled
05-30 14:03:33.253 D/WM-Schedulers( 2132): Created SystemJobScheduler and enabled SystemJobService
05-30 14:03:33.262 I/ActivityManager( 692): com.android.shell is exempt from freezer
05-30 14:03:33.262 D/CompatibilityChangeReporter( 692): Compat change id reported: 135634846; UID 2000; state: DISABLED
05-30 14:03:33.262 D/CompatibilityChangeReporter( 692): Compat change id reported: 177438394; UID 2000; state: DISABLED
05-30 14:03:33.262 D/CompatibilityChangeReporter( 692): Compat change id reported: 135772972; UID 2000; state: DISABLED
05-30 14:03:33.262 D/CompatibilityChangeReporter( 692): Compat change id reported: 135754954; UID 2000; state: ENABLED
05-30 14:03:33.263 I/RkpdBootReceiver( 2132): Caught boot intent, waking up.
05-30 14:03:33.278 D/Zygote ( 465): Forked child process 2155
05-30 14:03:33.280 I/ActivityManager( 692): Start proc 2155:com.android.shell/2000 for broadcast {com.android.shell/com.android.shell.HeapDumpReceiver}
05-30 14:03:33.282 I/Zygote ( 2155): seccomp disabled by setenforce 0
05-30 14:03:33.288 I/RkpdBootReceiver( 2132): Queueing a one-time provisioning job for widevine provisioning.
05-30 14:03:33.290 I/m.android.shell( 2155): Using CollectorTypeCC GC.
05-30 14:03:33.296 E/m.android.shell( 2155): Not starting debugger since process cannot load the jdwp agent.
05-30 14:03:33.313 D/CompatibilityChangeReporter( 692): Compat change id reported: 168419799; UID 2000; state: DISABLED
05-30 14:03:33.313 D/CompatibilityChangeReporter( 692): Compat change id reported: 273564678; UID 2000; state: DISABLED
05-30 14:03:33.317 D/CompatibilityChangeReporter( 692): Compat change id reported: 265195908; UID 2000; state: ENABLED
05-30 14:03:33.321 D/CompatibilityChangeReporter( 2155): Compat change id reported: 171979766; UID 2000; state: ENABLED
05-30 14:03:33.321 D/CompatibilityChangeReporter( 2155): Compat change id reported: 242716250; UID 2000; state: ENABLED
05-30 14:03:33.326 D/AppManager( 1482): checkLocalAppsIsValid:
05-30 14:03:33.341 E/hq ( 1482): ErrorCoroutineExceptionHandler:::runTry error:java.net.UnknownHostException: Unable to resolve host "ottdbui-tyapiqun7.yysh.mgtv.com": No address associated with hostname from=requestAppUpdateInfo 2
05-30 14:03:33.342 D/nativeloader( 2155): Configuring clns-shared-4 for other apk /system/priv-app/Shell/Shell.apk. target_sdk_version=34, uses_libraries=, library_path=/system/priv-app/Shell/lib/arm:/system/lib:/system_ext/lib, permitted_path=/data:/mnt/expand:/data/user_de/0/com.android.shell:/system/priv-app/Shell:/system/lib:/system_ext/lib
05-30 14:03:33.348 D/CompatibilityChangeReporter( 2132): Compat change id reported: 160794467; UID 10071; state: ENABLED
05-30 14:03:33.350 D/audio_hw_hal_ms12common( 476): func:ms12_timer_callback_handler sigv:0 ~~~~~~~~~~
05-30 14:03:33.350 D/audio_hw_hal_ms12v2( 476): set_dolby_ms12_continuous_state audio_continuous_standby_set status 1
05-30 14:03:33.350 D/audio_hw_hal_continuous_standby( 476): audio_continuous_standby_set, type 0, params 1
05-30 14:03:33.350 D/audio_hw_hal_ms12common( 476): aml_send_ms12_scheduler_state_2_ms12 adev:0xf3d43dc0, sch_state:1(SCHEDULER_STANDBY)
05-30 14:03:33.391 D/CompatibilityChangeReporter( 2132): Compat change id reported: 194532703; UID 10071; state: ENABLED
05-30 14:03:33.392 D/CompatibilityChangeReporter( 2132): Compat change id reported: 253665015; UID 10071; state: ENABLED
05-30 14:03:33.393 D/CompatibilityChangeReporter( 692): Compat change id reported: 271850009; UID 10071; state: ENABLED
05-30 14:03:33.394 D/CompatibilityChangeReporter( 692): Compat change id reported: 253665015; UID 10071; state: ENABLED
05-30 14:03:33.394 D/CompatibilityChangeReporter( 692): Compat change id reported: 194532703; UID 10071; state: ENABLED
05-30 14:03:33.395 D/ConnectivityService( 692): requestNetwork for uid/pid:1000/692 asUid: 10071 activeRequest: null callbackRequest: 44 [NetworkRequest [ REQUEST id=45, [ Capabilities: INTERNET&NOT_RESTRICTED&TRUSTED&NOT_VCN_MANAGED Uid: 10071 RequestorUid: 1000 RequestorPkg: android UnderlyingNetworks: Null] ]] callback flags: 0 order: 2147483647
05-30 14:03:33.397 D/WifiNetworkFactory( 692): got request NetworkRequest [ REQUEST id=45, [ Capabilities: INTERNET&NOT_RESTRICTED&TRUSTED&NOT_VCN_MANAGED Uid: 10071 RequestorUid: 1000 RequestorPkg: android UnderlyingNetworks: Null] ]
05-30 14:03:33.397 D/ConnectivityService( 692): NetReassign [no changes] [c 1] [a 0] [i 0]
05-30 14:03:33.397 D/UntrustedWifiNetworkFactory( 692): got request NetworkRequest [ REQUEST id=45, [ Capabilities: INTERNET&NOT_RESTRICTED&TRUSTED&NOT_VCN_MANAGED Uid: 10071 RequestorUid: 1000 RequestorPkg: android UnderlyingNetworks: Null] ]
05-30 14:03:33.397 D/OemPaidWifiNetworkFactory( 692): got request NetworkRequest [ REQUEST id=45, [ Capabilities: INTERNET&NOT_RESTRICTED&TRUSTED&NOT_VCN_MANAGED Uid: 10071 RequestorUid: 1000 RequestorPkg: android UnderlyingNetworks: Null] ]
05-30 14:03:33.397 D/MultiInternetWifiNetworkFactory( 692): got request NetworkRequest [ REQUEST id=45, [ Capabilities: INTERNET&NOT_RESTRICTED&TRUSTED&NOT_VCN_MANAGED Uid: 10071 RequestorUid: 1000 RequestorPkg: android UnderlyingNetworks: Null] ]
05-30 14:03:33.408 V/GraphicsEnvironment( 2155): Currently set values for:
05-30 14:03:33.408 V/GraphicsEnvironment( 2155): angle_gl_driver_selection_pkgs=[]
05-30 14:03:33.409 V/GraphicsEnvironment( 2155): angle_gl_driver_selection_values=[]
05-30 14:03:33.409 V/GraphicsEnvironment( 2155): ANGLE GameManagerService for com.android.shell: false
05-30 14:03:33.410 V/GraphicsEnvironment( 2155): com.android.shell is not listed in per-application setting
05-30 14:03:33.410 V/GraphicsEnvironment( 2155): Neither updatable production driver nor prerelease driver is supported.
05-30 14:03:33.425 D/ConnectivityService( 692): requestNetwork for uid/pid:10071/2132 activeRequest: null callbackRequest: 46 [NetworkRequest [ REQUEST id=47, [ Capabilities: INTERNET&NOT_RESTRICTED&TRUSTED&NOT_VCN_MANAGED Uid: 10071 RequestorUid: 10071 RequestorPkg: com.android.rkpdapp UnderlyingNetworks: Null] ]] callback flags: 0 order: 2147483647
05-30 14:03:33.426 D/WifiNetworkFactory( 692): got request NetworkRequest [ REQUEST id=47, [ Capabilities: INTERNET&NOT_RESTRICTED&TRUSTED&NOT_VCN_MANAGED Uid: 10071 RequestorUid: 10071 RequestorPkg: com.android.rkpdapp UnderlyingNetworks: Null] ]
05-30 14:03:33.426 D/UntrustedWifiNetworkFactory( 692): got request NetworkRequest [ REQUEST id=47, [ Capabilities: INTERNET&NOT_RESTRICTED&TRUSTED&NOT_VCN_MANAGED Uid: 10071 RequestorUid: 10071 RequestorPkg: com.android.rkpdapp UnderlyingNetworks: Null] ]
05-30 14:03:33.426 D/OemPaidWifiNetworkFactory( 692): got request NetworkRequest [ REQUEST id=47, [ Capabilities: INTERNET&NOT_RESTRICTED&TRUSTED&NOT_VCN_MANAGED Uid: 10071 RequestorUid: 10071 RequestorPkg: com.android.rkpdapp UnderlyingNetworks: Null] ]
05-30 14:03:33.426 D/MultiInternetWifiNetworkFactory( 692): got request NetworkRequest [ REQUEST id=47, [ Capabilities: INTERNET&NOT_RESTRICTED&TRUSTED&NOT_VCN_MANAGED Uid: 10071 RequestorUid: 10071 RequestorPkg: com.android.rkpdapp UnderlyingNetworks: Null] ]
05-30 14:03:33.426 D/ConnectivityService( 692): NetReassign [no changes] [c 0] [a 0] [i 1]
05-30 14:03:33.432 D/HeapDumpReceiver( 2155): onReceive(): Intent { act=android.intent.action.BOOT_COMPLETED flg=0x89000010 cmp=com.android.shell/.HeapDumpReceiver (has extras) }
05-30 14:03:33.434 D/CompatibilityChangeReporter( 692): Compat change id reported: 135634846; UID 10027; state: DISABLED
05-30 14:03:33.434 D/CompatibilityChangeReporter( 692): Compat change id reported: 177438394; UID 10027; state: DISABLED
05-30 14:03:33.434 D/CompatibilityChangeReporter( 692): Compat change id reported: 135772972; UID 10027; state: DISABLED
05-30 14:03:33.434 D/CompatibilityChangeReporter( 692): Compat change id reported: 135754954; UID 10027; state: DISABLED
05-30 14:03:33.435 D/CompatibilityChangeReporter( 692): Compat change id reported: 143937733; UID 10027; state: DISABLED
05-30 14:03:33.436 D/HeapDumpReceiver( 2155): Deleting from /data/user_de/0/com.android.shell/files/heapdumps
05-30 14:03:33.462 D/Zygote ( 465): Forked child process 2178
05-30 14:03:33.463 I/ActivityManager( 692): Start proc 2178:com.android.statementservice/u0a27 for broadcast {com.android.statementservice/com.android.statementservice.domain.BootCompletedReceiver}
05-30 14:03:33.469 I/Zygote ( 2178): seccomp disabled by setenforce 0
05-30 14:03:33.476 I/tatementservice( 2178): Using CollectorTypeCC GC.
05-30 14:03:33.482 E/tatementservice( 2178): Not starting debugger since process cannot load the jdwp agent.
05-30 14:03:33.496 D/CompatibilityChangeReporter( 692): Compat change id reported: 168419799; UID 10027; state: DISABLED
05-30 14:03:33.496 D/CompatibilityChangeReporter( 692): Compat change id reported: 273564678; UID 10027; state: DISABLED
05-30 14:03:33.512 D/CompatibilityChangeReporter( 692): Compat change id reported: 265195908; UID 10027; state: ENABLED
05-30 14:03:33.513 D/CompatibilityChangeReporter( 2178): Compat change id reported: 171979766; UID 10027; state: DISABLED
05-30 14:03:33.513 D/CompatibilityChangeReporter( 2178): Compat change id reported: 242716250; UID 10027; state: DISABLED
05-30 14:03:33.516 D/CompatibilityChangeReporter( 692): Compat change id reported: 170503758; UID 10027; state: DISABLED
05-30 14:03:33.523 D/ApplicationLoaders( 2178): Returning zygote-cached class loader: /system/framework/android.test.base.jar
05-30 14:03:33.524 I/d.leradlauncher( 1482): NativeAlloc concurrent copying GC freed 295823(43MB) AllocSpace objects, 47(9536KB) LOS objects, 49% free, 6525KB/12MB, paused 216us,81us total 156.553ms
05-30 14:03:33.534 W/d.leradlauncher( 1482): ApkAssets: Deleting an ApkAssets object ' and /product/app/webview/webview.apk' with 1 weak references
05-30 14:03:33.534 D/nativeloader( 2178): Configuring clns-shared-4 for other apk /system/priv-app/StatementService/StatementService.apk. target_sdk_version=29, uses_libraries=, library_path=/system/priv-app/StatementService/lib/arm:/system/lib:/system_ext/lib, permitted_path=/data:/mnt/expand:/data/user/0/com.android.statementservice:/system/priv-app/StatementService:/system/lib:/system_ext/lib
05-30 14:03:33.536 W/d.leradlauncher( 1482): ApkAssets: Deleting an ApkAssets object ' and /system/app/dangbei-steward/dangbei-steward.apk' with 1 weak references
05-30 14:03:33.536 W/d.leradlauncher( 1482): ApkAssets: Deleting an ApkAssets object ' and /system/app/dangbei-setting/dangbei-setting.apk' with 1 weak references
05-30 14:03:33.537 W/d.leradlauncher( 1482): ApkAssets: Deleting an ApkAssets object ' and /system/app/dangbei-feedback/dangbei-feedback.apk' with 1 weak references
05-30 14:03:33.537 W/d.leradlauncher( 1482): ApkAssets: Deleting an ApkAssets object ' and /system/app/dangbei-screencast/dangbei-screencast.apk' with 1 weak references
05-30 14:03:33.538 W/d.leradlauncher( 1482): ApkAssets: Deleting an ApkAssets object ' and /system/app/dangbei-file-manager/dangbei-file-manager.apk' with 1 weak references
05-30 14:03:33.538 W/d.leradlauncher( 1482): ApkAssets: Deleting an ApkAssets object ' and /system/app/dangbei-media-player/dangbei-media-player.apk' with 1 weak references
05-30 14:03:33.541 D/AppManager( 1482): checkLocalAppsIsValid: success
05-30 14:03:33.570 V/GraphicsEnvironment( 2178): Currently set values for:
05-30 14:03:33.570 V/GraphicsEnvironment( 2178): angle_gl_driver_selection_pkgs=[]
05-30 14:03:33.571 V/GraphicsEnvironment( 2178): angle_gl_driver_selection_values=[]
05-30 14:03:33.571 V/GraphicsEnvironment( 2178): ANGLE GameManagerService for com.android.statementservice: false
05-30 14:03:33.571 V/GraphicsEnvironment( 2178): com.android.statementservice is not listed in per-application setting
05-30 14:03:33.571 V/GraphicsEnvironment( 2178): Neither updatable production driver nor prerelease driver is supported.
05-30 14:03:33.580 D/WM-WrkMgrInitializer( 2178): Initializing WorkManager with default configuration.
05-30 14:03:33.585 D/WM-PackageManagerHelper( 2178): androidx.work.impl.background.systemjob.SystemJobService enabled
05-30 14:03:33.585 D/WM-Schedulers( 2178): Created SystemJobScheduler and enabled SystemJobService
05-30 14:03:33.588 D/CompatibilityChangeReporter( 2178): Compat change id reported: 183155436; UID 10027; state: DISABLED
05-30 14:03:33.601 D/CompatibilityChangeReporter( 692): Compat change id reported: 135634846; UID 10019; state: DISABLED
05-30 14:03:33.601 D/CompatibilityChangeReporter( 692): Compat change id reported: 177438394; UID 10019; state: DISABLED
05-30 14:03:33.601 D/CompatibilityChangeReporter( 692): Compat change id reported: 135772972; UID 10019; state: DISABLED
05-30 14:03:33.602 D/CompatibilityChangeReporter( 692): Compat change id reported: 135754954; UID 10019; state: ENABLED
05-30 14:03:33.602 D/CompatibilityChangeReporter( 692): Compat change id reported: 143937733; UID 10019; state: ENABLED
05-30 14:03:33.615 D/Zygote ( 465): Forked child process 2196
05-30 14:03:33.616 I/ActivityManager( 692): Start proc 2196:com.android.externalstorage/u0a19 for broadcast {com.android.externalstorage/com.android.externalstorage.MountReceiver}
05-30 14:03:33.622 I/Zygote ( 2196): seccomp disabled by setenforce 0
05-30 14:03:33.626 D/CompatibilityChangeReporter( 2178): Compat change id reported: 160794467; UID 10027; state: DISABLED
05-30 14:03:33.627 I/externalstorage( 2196): Using CollectorTypeCC GC.
05-30 14:03:33.632 E/externalstorage( 2196): Not starting debugger since process cannot load the jdwp agent.
05-30 14:03:33.641 D/CompatibilityChangeReporter( 2178): Compat change id reported: 194532703; UID 10027; state: DISABLED
05-30 14:03:33.642 D/CompatibilityChangeReporter( 2178): Compat change id reported: 253665015; UID 10027; state: DISABLED
05-30 14:03:33.642 D/CompatibilityChangeReporter( 692): Compat change id reported: 168419799; UID 10019; state: DISABLED
05-30 14:03:33.642 D/CompatibilityChangeReporter( 692): Compat change id reported: 273564678; UID 10019; state: DISABLED
05-30 14:03:33.643 D/CompatibilityChangeReporter( 692): Compat change id reported: 271850009; UID 10027; state: DISABLED
05-30 14:03:33.644 D/CompatibilityChangeReporter( 692): Compat change id reported: 253665015; UID 10027; state: DISABLED
05-30 14:03:33.644 D/CompatibilityChangeReporter( 692): Compat change id reported: 194532703; UID 10027; state: DISABLED
05-30 14:03:33.645 D/CompatibilityChangeReporter( 692): Compat change id reported: 265195908; UID 10019; state: ENABLED
05-30 14:03:33.645 D/ConnectivityService( 692): requestNetwork for uid/pid:1000/692 asUid: 10027 activeRequest: null callbackRequest: 48 [NetworkRequest [ REQUEST id=49, [ Capabilities: INTERNET&NOT_RESTRICTED&TRUSTED&NOT_VCN_MANAGED Uid: 10027 RequestorUid: 1000 RequestorPkg: android UnderlyingNetworks: Null] ]] callback flags: 0 order: 2147483647
05-30 14:03:33.646 D/WifiNetworkFactory( 692): got request NetworkRequest [ REQUEST id=49, [ Capabilities: INTERNET&NOT_RESTRICTED&TRUSTED&NOT_VCN_MANAGED Uid: 10027 RequestorUid: 1000 RequestorPkg: android UnderlyingNetworks: Null] ]
05-30 14:03:33.646 D/UntrustedWifiNetworkFactory( 692): got request NetworkRequest [ REQUEST id=49, [ Capabilities: INTERNET&NOT_RESTRICTED&TRUSTED&NOT_VCN_MANAGED Uid: 10027 RequestorUid: 1000 RequestorPkg: android UnderlyingNetworks: Null] ]
05-30 14:03:33.646 D/OemPaidWifiNetworkFactory( 692): got request NetworkRequest [ REQUEST id=49, [ Capabilities: INTERNET&NOT_RESTRICTED&TRUSTED&NOT_VCN_MANAGED Uid: 10027 RequestorUid: 1000 RequestorPkg: android UnderlyingNetworks: Null] ]
05-30 14:03:33.647 D/ConnectivityService( 692): NetReassign [no changes] [c 0] [a 0] [i 0]
05-30 14:03:33.647 D/MultiInternetWifiNetworkFactory( 692): got request NetworkRequest [ REQUEST id=49, [ Capabilities: INTERNET&NOT_RESTRICTED&TRUSTED&NOT_VCN_MANAGED Uid: 10027 RequestorUid: 1000 RequestorPkg: android UnderlyingNetworks: Null] ]
05-30 14:03:33.649 D/CompatibilityChangeReporter( 2196): Compat change id reported: 171979766; UID 10019; state: ENABLED
05-30 14:03:33.649 D/CompatibilityChangeReporter( 2196): Compat change id reported: 242716250; UID 10019; state: ENABLED
05-30 14:03:33.652 D/CompatibilityChangeReporter( 692): Compat change id reported: 170503758; UID 10019; state: ENABLED
05-30 14:03:33.654 I/BroadcastQueue( 692): BOOT_COMPLETED_BROADCAST_COMPLETION_LATENCY_REPORTED action:android.intent.action.BOOT_COMPLETED dispatchLatency:-23140 completeLatency:4723 dispatchRealLatency:-23140 completeRealLatency:4723 receiversSize:39 userId:0 userType:android.os.usertype.full.SYSTEM
05-30 14:03:33.654 I/ActivityManager( 692): Finished processing BOOT_COMPLETED for u0
05-30 14:03:33.661 D/nativeloader( 2196): Configuring clns-shared-4 for other apk /system/priv-app/ExternalStorageProvider/ExternalStorageProvider.apk. target_sdk_version=34, uses_libraries=, library_path=/system/priv-app/ExternalStorageProvider/lib/arm:/system/lib:/system_ext/lib, permitted_path=/data:/mnt/expand:/data/user/0/com.android.externalstorage:/system/priv-app/ExternalStorageProvider:/system/lib:/system_ext/lib
05-30 14:03:33.680 D/ConnectivityService( 692): requestNetwork for uid/pid:10027/2178 activeRequest: null callbackRequest: 50 [NetworkRequest [ REQUEST id=51, [ Capabilities: INTERNET&NOT_RESTRICTED&TRUSTED&NOT_VCN_MANAGED Uid: 10027 RequestorUid: 10027 RequestorPkg: com.android.statementservice UnderlyingNetworks: Null] ]] callback flags: 0 order: 2147483647
05-30 14:03:33.681 D/WifiNetworkFactory( 692): got request NetworkRequest [ REQUEST id=51, [ Capabilities: INTERNET&NOT_RESTRICTED&TRUSTED&NOT_VCN_MANAGED Uid: 10027 RequestorUid: 10027 RequestorPkg: com.android.statementservice UnderlyingNetworks: Null] ]
05-30 14:03:33.681 D/UntrustedWifiNetworkFactory( 692): got request NetworkRequest [ REQUEST id=51, [ Capabilities: INTERNET&NOT_RESTRICTED&TRUSTED&NOT_VCN_MANAGED Uid: 10027 RequestorUid: 10027 RequestorPkg: com.android.statementservice UnderlyingNetworks: Null] ]
05-30 14:03:33.681 D/OemPaidWifiNetworkFactory( 692): got request NetworkRequest [ REQUEST id=51, [ Capabilities: INTERNET&NOT_RESTRICTED&TRUSTED&NOT_VCN_MANAGED Uid: 10027 RequestorUid: 10027 RequestorPkg: com.android.statementservice UnderlyingNetworks: Null] ]
05-30 14:03:33.681 D/MultiInternetWifiNetworkFactory( 692): got request NetworkRequest [ REQUEST id=51, [ Capabilities: INTERNET&NOT_RESTRICTED&TRUSTED&NOT_VCN_MANAGED Uid: 10027 RequestorUid: 10027 RequestorPkg: com.android.statementservice UnderlyingNetworks: Null] ]
05-30 14:03:33.681 D/ConnectivityService( 692): NetReassign [no changes] [c 0] [a 0] [i 1]
05-30 14:03:33.692 V/GraphicsEnvironment( 2196): Currently set values for:
05-30 14:03:33.692 V/GraphicsEnvironment( 2196): angle_gl_driver_selection_pkgs=[]
05-30 14:03:33.692 V/GraphicsEnvironment( 2196): angle_gl_driver_selection_values=[]
05-30 14:03:33.693 V/GraphicsEnvironment( 2196): ANGLE GameManagerService for com.android.externalstorage: false
05-30 14:03:33.693 V/GraphicsEnvironment( 2196): com.android.externalstorage is not listed in per-application setting
05-30 14:03:33.693 V/GraphicsEnvironment( 2196): Neither updatable production driver nor prerelease driver is supported.
05-30 14:03:33.703 D/RockyManager( 1713): switchWakeIsAllow isQuitBootGuide: true isBtMode: false
05-30 14:03:33.703 D/RockyManager( 1713): switchWakeIsAllow isAllowFarWake: true
05-30 14:03:33.703 D/ExternalStorage( 2196): After updating volumes, found 1 active roots
05-30 14:03:33.710 I/ActivityManager( 692): com.oranth.usbopenft is exempt from freezer
05-30 14:03:33.710 D/CompatibilityChangeReporter( 692): Compat change id reported: 135634846; UID 1000; state: DISABLED
05-30 14:03:33.711 D/ExternalStorage( 2196): After updating volumes, found 1 active roots
05-30 14:03:33.715 D/ExternalStorage( 2196): After updating volumes, found 1 active roots
05-30 14:03:33.724 D/Zygote ( 465): Forked child process 2218
05-30 14:03:33.725 I/ActivityManager( 692): Start proc 2218:com.oranth.usbopenft/1000 for broadcast {com.oranth.usbopenft/com.oranth.usbopenft.UsbReceiver}
05-30 14:03:33.729 I/Zygote ( 2218): seccomp disabled by setenforce 0
05-30 14:03:33.736 I/ranth.usbopenft( 2218): Using CollectorTypeCC GC.
05-30 14:03:33.741 E/ranth.usbopenft( 2218): Not starting debugger since process cannot load the jdwp agent.
05-30 14:03:33.752 D/CompatibilityChangeReporter( 692): Compat change id reported: 168419799; UID 1000; state: DISABLED
05-30 14:03:33.752 D/CompatibilityChangeReporter( 692): Compat change id reported: 273564678; UID 1000; state: DISABLED
05-30 14:03:33.757 D/CompatibilityChangeReporter( 2218): Compat change id reported: 171979766; UID 1000; state: ENABLED
05-30 14:03:33.757 D/CompatibilityChangeReporter( 2218): Compat change id reported: 242716250; UID 1000; state: ENABLED
05-30 14:03:33.774 D/nativeloader( 2218): Configuring clns-shared-4 for other apk /system/app/UsbOpenFT/UsbOpenFT.apk. target_sdk_version=35, uses_libraries=, library_path=/system/app/UsbOpenFT/lib/arm:/system/app/UsbOpenFT/UsbOpenFT.apk!/lib/armeabi-v7a:/system/lib:/system_ext/lib, permitted_path=/data:/mnt/expand:/data/user/0/com.oranth.usbopenft:/system/app/UsbOpenFT:/system/lib:/system_ext/lib
05-30 14:03:33.798 V/GraphicsEnvironment( 2218): Currently set values for:
05-30 14:03:33.798 V/GraphicsEnvironment( 2218): angle_gl_driver_selection_pkgs=[]
05-30 14:03:33.798 V/GraphicsEnvironment( 2218): angle_gl_driver_selection_values=[]
05-30 14:03:33.798 V/GraphicsEnvironment( 2218): ANGLE GameManagerService for com.oranth.usbopenft: false
05-30 14:03:33.798 V/GraphicsEnvironment( 2218): com.oranth.usbopenft is not listed in per-application setting
05-30 14:03:33.799 V/GraphicsEnvironment( 2218): Neither updatable production driver nor prerelease driver is supported.
05-30 14:03:33.920 I/net_disconnect.( 2234): type=1400 audit(0.0:918): avc: denied { execute_no_trans } for path="/vendor/bin/rgb_led_ctl" dev="dm-11" ino=334364 scontext=u:r:init:s0 tcontext=u:object_r:vendor_file:s0 tclass=file permissive=1
05-30 14:03:33.975 I/ActivityManager( 692): reportOnUserCompletedEvent(0): stored=10, eligible=111
05-30 14:03:33.976 D/SystemServerTimingAsync( 692): ssm.CompletedEventUser-0
05-30 14:03:33.976 I/SystemServiceManager( 692): Calling onCompletedEventUser 0
05-30 14:03:33.977 D/SystemServerTimingAsync( 692): ssm.onCompletedEventUser-0_{|Unlocked|}_com.android.server.security.FileIntegrityService
05-30 14:03:33.977 D/SystemServerTimingAsync( 692): ssm.onCompletedEventUser-0_{|Unlocked|}_com.android.server.pm.Installer
05-30 14:03:33.977 D/SystemServerTimingAsync( 692): ssm.onCompletedEventUser-0_{|Unlocked|}_com.android.server.flags.FeatureFlagsService
05-30 14:03:33.977 D/SystemServerTimingAsync( 692): ssm.onCompletedEventUser-0_{|Unlocked|}_com.android.server.uri.UriGrantsManagerService$Lifecycle
05-30 14:03:33.977 D/SystemServerTimingAsync( 692): ssm.onCompletedEventUser-0_{|Unlocked|}_com.android.server.powerstats.PowerStatsService
05-30 14:03:33.977 D/SystemServerTimingAsync( 692): ssm.onCompletedEventUser-0_{|Unlocked|}_com.android.server.permission.access.AccessCheckingService
05-30 14:03:33.977 D/SystemServerTimingAsync( 692): ssm.onCompletedEventUser-0_{|Unlocked|}_com.android.server.os.DeviceIdentifiersPolicyService
05-30 14:03:33.977 D/SystemServerTimingAsync( 692): ssm.onCompletedEventUser-0_{|Unlocked|}_com.android.server.am.ActivityManagerService$Lifecycle
05-30 14:03:33.977 D/SystemServerTimingAsync( 692): ssm.onCompletedEventUser-0_{|Unlocked|}_com.android.server.power.PowerManagerService
05-30 14:03:33.977 D/SystemServerTimingAsync( 692): ssm.onCompletedEventUser-0_{|Unlocked|}_com.android.server.wm.ActivityTaskManagerService$Lifecycle
05-30 14:03:33.977 D/SystemServerTimingAsync( 692): ssm.onCompletedEventUser-0_{|Unlocked|}_com.android.server.pm.DataLoaderManagerService
05-30 14:03:33.977 D/SystemServerTimingAsync( 692): ssm.onCompletedEventUser-0_{|Unlocked|}_com.android.server.power.hint.HintManagerService
05-30 14:03:33.977 D/SystemServerTimingAsync( 692): ssm.onCompletedEventUser-0_{|Unlocked|}_com.android.server.lights.LightsService
05-30 14:03:33.977 D/SystemServerTimingAsync( 692): ssm.onCompletedEventUser-0_{|Unlocked|}_com.android.server.recoverysystem.RecoverySystemService$Lifecycle
05-30 14:03:33.977 D/SystemServerTimingAsync( 692): ssm.onCompletedEventUser-0_{|Unlocked|}_com.android.server.display.DisplayManagerService
05-30 14:03:33.977 D/SystemServerTimingAsync( 692): ssm.onCompletedEventUser-0_{|Unlocked|}_com.android.server.power.ThermalManagerService
05-30 14:03:33.977 D/SystemServerTimingAsync( 692): ssm.onCompletedEventUser-0_{|Unlocked|}_com.android.server.pm.verify.domain.DomainVerificationService
05-30 14:03:33.977 D/SystemServerTimingAsync( 692): ssm.onCompletedEventUser-0_{|Unlocked|}_com.android.server.pm.PackageInstallerService$Lifecycle
05-30 14:03:33.977 D/SystemServerTimingAsync( 692): ssm.onCompletedEventUser-0_{|Unlocked|}_com.android.server.pm.UserManagerService$LifeCycle
05-30 14:03:33.977 D/SystemServerTimingAsync( 692): ssm.onCompletedEventUser-0_{|Unlocked|}_com.android.server.om.OverlayManagerService
05-30 14:03:33.977 D/SystemServerTimingAsync( 692): ssm.onCompletedEventUser-0_{|Unlocked|}_com.android.server.resources.ResourcesManagerService
05-30 14:03:33.977 D/SystemServerTimingAsync( 692): ssm.onCompletedEventUser-0_{|Unlocked|}_com.android.server.sensorprivacy.SensorPrivacyService
05-30 14:03:33.977 D/SystemServerTimingAsync( 692): ssm.onCompletedEventUser-0_{|Unlocked|}_com.android.server.sensors.SensorService
05-30 14:03:33.977 D/SystemServerTimingAsync( 692): ssm.onCompletedEventUser-0_{|Unlocked|}_com.android.server.SystemConfigService
05-30 14:03:33.977 D/SystemServerTimingAsync( 692): ssm.onCompletedEventUser-0_{|Unlocked|}_com.android.server.BatteryService
05-30 14:03:33.977 D/SystemServerTimingAsync( 692): ssm.onCompletedEventUser-0_{|Unlocked|}_com.android.server.webkit.WebViewUpdateService
05-30 14:03:33.977 D/SystemServerTimingAsync( 692): ssm.onCompletedEventUser-0_{|Unlocked|}_com.android.server.usage.UsageStatsService
05-30 14:03:33.977 D/SystemServerTimingAsync( 692): ssm.onCompletedEventUser-0_{|Unlocked|}_com.android.server.BinderCallsStatsService$LifeCycle
05-30 14:03:33.978 D/SystemServerTimingAsync( 692): ssm.onCompletedEventUser-0_{|Unlocked|}_com.android.server.LooperStatsService$Lifecycle
05-30 14:03:33.978 D/SystemServerTimingAsync( 692): ssm.onCompletedEventUser-0_{|Unlocked|}_com.android.server.rollback.RollbackManagerService
05-30 14:03:33.978 D/SystemServerTimingAsync( 692): ssm.onCompletedEventUser-0_{|Unlocked|}_com.android.server.CachedDeviceStateService
05-30 14:03:33.978 D/SystemServerTimingAsync( 692): ssm.onCompletedEventUser-0_{|Unlocked|}_com.android.server.os.BugreportManagerService
05-30 14:03:33.978 D/SystemServerTimingAsync( 692): ssm.onCompletedEventUser-0_{|Unlocked|}_com.android.server.gpu.GpuService
05-30 14:03:33.978 D/SystemServerTimingAsync( 692): ssm.onCompletedEventUser-0_{|Unlocked|}_com.android.server.security.rkp.RemoteProvisioningService
05-30 14:03:33.978 D/SystemServerTimingAsync( 692): ssm.onCompletedEventUser-0_{|Unlocked|}_com.android.server.security.KeyChainSystemService
05-30 14:03:33.978 D/SystemServerTimingAsync( 692): ssm.onCompletedEventUser-0_{|Unlocked|}_com.android.server.BinaryTransparencyService
05-30 14:03:33.978 D/SystemServerTimingAsync( 692): ssm.onCompletedEventUser-0_{|Unlocked|}_com.android.server.accounts.AccountManagerService$Lifecycle
05-30 14:03:33.978 D/SystemServerTimingAsync( 692): ssm.onCompletedEventUser-0_{|Unlocked|}_com.android.server.content.ContentService$Lifecycle
05-30 14:03:33.978 D/SystemServerTimingAsync( 692): ssm.onCompletedEventUser-0_{|Unlocked|}_com.android.server.deviceconfig.DeviceConfigInit$Lifecycle
05-30 14:03:33.978 D/SystemServerTimingAsync( 692): ssm.onCompletedEventUser-0_{|Unlocked|}_com.android.server.DropBoxManagerService
05-30 14:03:33.978 D/SystemServerTimingAsync( 692): ssm.onCompletedEventUser-0_{|Unlocked|}_com.android.role.RoleService
05-30 14:03:33.978 D/SystemServerTimingAsync( 692): ssm.onCompletedEventUser-0_{|Unlocked|}_com.android.server.vibrator.VibratorManagerService$Lifecycle
05-30 14:03:33.978 D/SystemServerTimingAsync( 692): ssm.onCompletedEventUser-0_{|Unlocked|}_com.android.server.tare.InternalResourceService
05-30 14:03:33.978 D/SystemServerTimingAsync( 692): ssm.onCompletedEventUser-0_{|Unlocked|}_com.android.server.os.NativeTombstoneManagerService
05-30 14:03:33.978 D/SystemServerTimingAsync( 692): ssm.onCompletedEventUser-0_{|Unlocked|}_com.android.server.alarm.AlarmManagerService
05-30 14:03:33.978 D/SystemServerTimingAsync( 692): ssm.onCompletedEventUser-0_{|Unlocked|}_com.android.server.camera.CameraServiceProxy
05-30 14:03:33.978 D/SystemServerTimingAsync( 692): ssm.onCompletedEventUser-0_{|Unlocked|}_com.android.server.bluetooth.BluetoothService
05-30 14:03:33.978 D/SystemServerTimingAsync( 692): ssm.onCompletedEventUser-0_{|Unlocked|}_com.android.server.connectivity.IpConnectivityMetrics
05-30 14:03:33.978 D/SystemServerTimingAsync( 692): ssm.onCompletedEventUser-0_{|Unlocked|}_com.android.server.devicestate.DeviceStateManagerService
05-30 14:03:33.978 D/SystemServerTimingAsync( 692): ssm.onCompletedEventUser-0_{|Unlocked|}_com.android.server.net.watchlist.NetworkWatchlistService$Lifecycle
05-30 14:03:33.978 D/SystemServerTimingAsync( 692): ssm.onCompletedEventUser-0_{|Unlocked|}_com.android.server.PinnerService
05-30 14:03:33.978 D/SystemServerTimingAsync( 692): ssm.onCompletedEventUser-0_{|Unlocked|}_com.android.server.logcat.LogcatManagerService
05-30 14:03:33.978 D/SystemServerTimingAsync( 692): ssm.onCompletedEventUser-0_{|Unlocked|}_com.android.server.inputmethod.InputMethodManagerService$Lifecycle
05-30 14:03:33.978 D/SystemServerTimingAsync( 692): ssm.onCompletedEventUser-0_{|Unlocked|}_com.android.server.accessibility.AccessibilityManagerService$Lifecycle
05-30 14:03:33.978 D/SystemServerTimingAsync( 692): ssm.onCompletedEventUser-0_{|Unlocked|}_com.android.server.integrity.AppIntegrityManagerService
05-30 14:03:33.978 D/SystemServerTimingAsync( 692): ssm.onCompletedEventUser-0_{|Unlocked|}_com.android.server.usage.StorageStatsService$Lifecycle
05-30 14:03:33.978 D/SystemServerTimingAsync( 692): ssm.onCompletedEventUser-0_{|Unlocked|}_com.android.server.StorageManagerService$Lifecycle
05-30 14:03:33.978 D/SystemServerTimingAsync( 692): ssm.onCompletedEventUser-0_{|Unlocked|}_com.android.server.UiModeManagerService
05-30 14:03:33.978 D/SystemServerTimingAsync( 692): ssm.onCompletedEventUser-0_{|Unlocked|}_com.android.server.grammaticalinflection.GrammaticalInflectionService
05-30 14:03:33.978 D/SystemServerTimingAsync( 692): ssm.onCompletedEventUser-0_{|Unlocked|}_com.android.server.locales.LocaleManagerService
05-30 14:03:33.978 D/SystemServerTimingAsync( 692): ssm.onCompletedEventUser-0_{|Unlocked|}_com.android.server.locksettings.LockSettingsService$Lifecycle
05-30 14:03:33.978 D/SystemServerTimingAsync( 692): ssm.onCompletedEventUser-0_{|Unlocked|}_com.android.server.apphibernation.AppHibernationService
05-30 14:03:33.978 D/SystemServerTimingAsync( 692): ssm.onCompletedEventUser-0_{|Unlocked|}_com.android.server.testharness.TestHarnessModeService
05-30 14:03:33.978 D/SystemServerTimingAsync( 692): ssm.onCompletedEventUser-0_{|Unlocked|}_com.android.server.PersistentDataBlockService
05-30 14:03:33.978 D/SystemServerTimingAsync( 692): ssm.onCompletedEventUser-0_{|Unlocked|}_com.android.server.oemlock.OemLockService
05-30 14:03:33.978 D/SystemServerTimingAsync( 692): ssm.onCompletedEventUser-0_{|Unlocked|}_com.android.server.devicepolicy.DevicePolicyManagerService$Lifecycle
05-30 14:03:33.978 D/SystemServerTimingAsync( 692): ssm.onCompletedEventUser-0_{|Unlocked|}_com.android.server.DeviceIdleController
05-30 14:03:33.978 D/SystemServerTimingAsync( 692): ssm.onCompletedEventUser-0_{|Unlocked|}_com.android.server.texttospeech.TextToSpeechManagerService
05-30 14:03:33.978 D/SystemServerTimingAsync( 692): ssm.onCompletedEventUser-0_{|Unlocked|}_com.android.server.wearable.WearableSensingManagerService
05-30 14:03:33.978 D/SystemServerTimingAsync( 692): ssm.onCompletedEventUser-0_{|Unlocked|}_com.android.server.speech.SpeechRecognitionManagerService
05-30 14:03:33.978 D/SystemServerTimingAsync( 692): ssm.onCompletedEventUser-0_{|Unlocked|}_com.android.server.searchui.SearchUiManagerService
05-30 14:03:33.978 D/SystemServerTimingAsync( 692): ssm.onCompletedEventUser-0_{|Unlocked|}_com.android.server.ambientcontext.AmbientContextManagerService
05-30 14:03:33.978 D/SystemServerTimingAsync( 692): ssm.onCompletedEventUser-0_{|Unlocked|}_com.android.server.graphics.fonts.FontManagerService$Lifecycle
05-30 14:03:33.978 D/SystemServerTimingAsync( 692): ssm.onCompletedEventUser-0_{|Unlocked|}_com.android.server.smartspace.SmartspaceManagerService
05-30 14:03:33.978 D/SystemServerTimingAsync( 692): ssm.onCompletedEventUser-0_{|Unlocked|}_com.android.server.textclassifier.TextClassificationManagerService$Lifecycle
05-30 14:03:33.978 D/SystemServerTimingAsync( 692): ssm.onCompletedEventUser-0_{|Unlocked|}_com.android.server.textservices.TextServicesManagerService$Lifecycle
05-30 14:03:33.978 D/SystemServerTimingAsync( 692): ssm.onCompletedEventUser-0_{|Unlocked|}_com.android.server.NetworkStatsServiceInitializer
05-30 14:03:33.978 D/SystemServerTimingAsync( 692): ssm.onCompletedEventUser-0_{|Unlocked|}_com.android.server.NetworkScoreService$Lifecycle
05-30 14:03:33.978 D/SystemServerTimingAsync( 692): ssm.onCompletedEventUser-0_{|Unlocked|}_com.android.server.wifi.WifiService
05-30 14:03:33.978 D/SystemServerTimingAsync( 692): ssm.onCompletedEventUser-0_{|Unlocked|}_com.android.server.wifi.scanner.WifiScanningService
05-30 14:03:33.978 D/SystemServerTimingAsync( 692): ssm.onCompletedEventUser-0_{|Unlocked|}_com.android.server.wifi.p2p.WifiP2pService
05-30 14:03:33.978 D/SystemServerTimingAsync( 692): ssm.onCompletedEventUser-0_{|Unlocked|}_com.android.server.ConnectivityServiceInitializer
05-30 14:03:33.978 D/SystemServerTimingAsync( 692): ssm.onCompletedEventUser-0_{|Unlocked|}_com.android.server.notification.NotificationManagerService
05-30 14:03:33.978 D/SystemServerTimingAsync( 692): ssm.onCompletedEventUser-0_{|Unlocked|}_com.android.server.timedetector.TimeDetectorService$Lifecycle
05-30 14:03:33.979 D/SystemServerTimingAsync( 692): ssm.onCompletedEventUser-0_{|Unlocked|}_com.android.server.storage.DeviceStorageMonitorService
05-30 14:03:33.979 D/SystemServerTimingAsync( 692): ssm.onCompletedEventUser-0_{|Unlocked|}_com.android.server.timezonedetector.TimeZoneDetectorService$Lifecycle
05-30 14:03:33.979 D/SystemServerTimingAsync( 692): ssm.onCompletedEventUser-0_{|Unlocked|}_com.android.server.location.LocationManagerService$Lifecycle
05-30 14:03:33.979 D/SystemServerTimingAsync( 692): ssm.onCompletedEventUser-0_{|Unlocked|}_com.android.server.location.altitude.AltitudeService$Lifecycle
05-30 14:03:33.979 D/SystemServerTimingAsync( 692): ssm.onCompletedEventUser-0_{|Unlocked|}_com.android.server.search.SearchManagerService$Lifecycle
05-30 14:03:33.979 D/SystemServerTimingAsync( 692): ssm.onCompletedEventUser-0_{|Unlocked|}_com.android.server.timezonedetector.location.LocationTimeZoneManagerService$Lifecycle
05-30 14:03:33.979 D/SystemServerTimingAsync( 692): ssm.onCompletedEventUser-0_{|Unlocked|}_com.android.server.wallpapereffectsgeneration.WallpaperEffectsGenerationManagerService
05-30 14:03:33.979 D/SystemServerTimingAsync( 692): ssm.onCompletedEventUser-0_{|Unlocked|}_com.android.server.wallpaper.WallpaperManagerService$Lifecycle
05-30 14:03:33.979 D/SystemServerTimingAsync( 692): ssm.onCompletedEventUser-0_{|Unlocked|}_com.android.server.audio.AudioService$Lifecycle
05-30 14:03:33.979 D/SystemServerTimingAsync( 692): ssm.onCompletedEventUser-0_{|Unlocked|}_com.android.server.soundtrigger_middleware.SoundTriggerMiddlewareService$Lifecycle
05-30 14:03:33.979 D/SystemServerTimingAsync( 692): ssm.onCompletedEventUser-0_{|Unlocked|}_com.android.server.usb.UsbService$Lifecycle
05-30 14:03:33.979 D/SystemServerTimingAsync( 692): ssm.onCompletedEventUser-0_{|Unlocked|}_com.android.server.adb.AdbService$Lifecycle
05-30 14:03:33.979 D/SystemServerTimingAsync( 692): ssm.onCompletedEventUser-0_{|Unlocked|}_com.android.server.twilight.TwilightService
05-30 14:03:33.979 D/SystemServerTimingAsync( 692): ssm.onCompletedEventUser-0_{|Unlocked|}_com.android.server.job.JobSchedulerService
05-30 14:03:33.979 D/SystemServerTimingAsync( 692): ssm.onCompletedEventUser-0_{|Unlocked|}_com.android.server.soundtrigger.SoundTriggerService
05-30 14:03:33.979 D/SystemServerTimingAsync( 692): ssm.onCompletedEventUser-0_{|Unlocked|}_com.android.server.display.color.ColorDisplayService
05-30 14:03:33.979 D/SystemServerTimingAsync( 692): ssm.onCompletedEventUser-0_{|Unlocked|}_com.android.server.trust.TrustManagerService
05-30 14:03:33.979 D/SystemServerTimingAsync( 692): ssm.onCompletedEventUser-0_{|Unlocked|}_com.android.server.appwidget.AppWidgetService
05-30 14:03:33.979 D/SystemServerTimingAsync( 692): ssm.onCompletedEventUser-0_{|Unlocked|}_com.android.server.backup.BackupManagerService$Lifecycle
05-30 14:03:33.979 D/SystemServerTimingAsync( 692): ssm.onCompletedEventUser-0_{|Unlocked|}_com.android.server.voiceinteraction.VoiceInteractionManagerService
05-30 14:03:33.979 D/SystemServerTimingAsync( 692): ssm.onCompletedEventUser-0_{|Unlocked|}_com.android.server.GestureLauncherService
05-30 14:03:33.979 D/SystemServerTimingAsync( 692): ssm.onCompletedEventUser-0_{|Unlocked|}_com.android.server.emergency.EmergencyAffordanceService
05-30 14:03:33.979 D/SystemServerTimingAsync( 692): ssm.onCompletedEventUser-0_{|Unlocked|}_com.android.server.dreams.DreamManagerService
05-30 14:03:33.979 D/SystemServerTimingAsync( 692): ssm.onCompletedEventUser-0_{|Unlocked|}_com.android.server.SensorNotificationService
05-30 14:03:33.979 D/SystemServerTimingAsync( 692): ssm.onCompletedEventUser-0_{|Unlocked|}_com.android.server.blob.BlobStoreManagerService
05-30 14:03:33.979 D/SystemServerTimingAsync( 692): ssm.onCompletedEventUser-0_{|Unlocked|}_com.android.server.security.AttestationVerificationManagerService
05-30 14:03:33.979 D/SystemServerTimingAsync( 692): ssm.onCompletedEventUser-0_{|Unlocked|}_com.android.server.restrictions.RestrictionsManagerService
05-30 14:03:33.979 D/SystemServerTimingAsync( 692): ssm.onCompletedEventUser-0_{|Unlocked|}_com.android.server.media.MediaSessionService
05-30 14:03:33.979 D/SystemServerTimingAsync( 692): ssm.onCompletedEventUser-0_{|Unlocked|}_com.android.server.tv.interactive.TvInteractiveAppManagerService
05-30 14:03:33.979 D/SystemServerTimingAsync( 692): ssm.onCompletedEventUser-0_{|Unlocked|}_com.android.server.hdmi.HdmiControlService
05-30 14:03:33.979 D/SystemServerTimingAsync( 692): ssm.onCompletedEventUser-0_{|Unlocked|}_com.android.server.tv.TvInputManagerService
05-30 14:03:33.979 D/SystemServerTimingAsync( 692): ssm.onCompletedEventUser-0_{|Unlocked|}_com.android.server.media.MediaResourceMonitorService
05-30 14:03:33.979 D/SystemServerTimingAsync( 692): ssm.onCompletedEventUser-0_{|Unlocked|}_com.android.server.tv.TvRemoteService
05-30 14:03:33.979 D/SystemServerTimingAsync( 692): ssm.onCompletedEventUser-0_{|Unlocked|}_com.android.server.biometrics.AuthService
05-30 14:03:33.979 D/SystemServerTimingAsync( 692): ssm.onCompletedEventUser-0_{|Unlocked|}_com.android.server.biometrics.BiometricService
05-30 14:03:33.979 D/SystemServerTimingAsync( 692): ssm.onCompletedEventUser-0_{|Unlocked|}_com.android.server.pm.LauncherAppsService
05-30 14:03:33.979 D/SystemServerTimingAsync( 692): ssm.onCompletedEventUser-0_{|Unlocked|}_com.android.server.pm.CrossProfileAppsService
05-30 14:03:33.979 D/SystemServerTimingAsync( 692): ssm.onCompletedEventUser-0_{|Unlocked|}_com.android.server.people.PeopleService
05-30 14:03:33.979 D/SystemServerTimingAsync( 692): ssm.onCompletedEventUser-0_{|Unlocked|}_com.android.server.pm.ShortcutService$Lifecycle
05-30 14:03:33.979 D/SystemServerTimingAsync( 692): ssm.onCompletedEventUser-0_{|Unlocked|}_com.android.server.media.metrics.MediaMetricsManagerService
05-30 14:03:33.979 D/SystemServerTimingAsync( 692): ssm.onCompletedEventUser-0_{|Unlocked|}_com.android.server.media.projection.MediaProjectionManagerService
05-30 14:03:33.979 D/SystemServerTimingAsync( 692): ssm.onCompletedEventUser-0_{|Unlocked|}_com.android.server.slice.SliceManagerService$Lifecycle
05-30 14:03:33.979 D/SystemServerTimingAsync( 692): ssm.onCompletedEventUser-0_{|Unlocked|}_com.android.server.stats.StatsCompanion$Lifecycle
05-30 14:03:33.979 D/SystemServerTimingAsync( 692): ssm.onCompletedEventUser-0_{|Unlocked|}_com.android.server.pm.BackgroundInstallControlService
05-30 14:03:33.979 D/SystemServerTimingAsync( 692): ssm.onCompletedEventUser-0_{|Unlocked|}_com.android.server.stats.pull.StatsPullAtomService
05-30 14:03:33.979 D/SystemServerTimingAsync( 692): ssm.onCompletedEventUser-0_{|Unlocked|}_com.android.server.stats.bootstrap.StatsBootstrapAtomService$Lifecycle
05-30 14:03:33.979 D/SystemServerTimingAsync( 692): ssm.onCompletedEventUser-0_{|Unlocked|}_com.android.server.incident.IncidentCompanionService
05-30 14:03:33.979 D/SystemServerTimingAsync( 692): ssm.onCompletedEventUser-0_{|Unlocked|}_com.android.server.sdksandbox.SdkSandboxManagerService$Lifecycle
05-30 14:03:33.979 D/SystemServerTimingAsync( 692): ssm.onCompletedEventUser-0_{|Unlocked|}_com.android.server.adservices.AdServicesManagerService$Lifecycle
05-30 14:03:33.979 D/SystemServerTimingAsync( 692): ssm.onCompletedEventUser-0_{|Unlocked|}_com.android.server.ondevicepersonalization.OnDevicePersonalizationSystemService$Lifecycle
05-30 14:03:33.979 D/SystemServerTimingAsync( 692): ssm.onCompletedEventUser-0_{|Unlocked|}_com.android.server.scheduling.RebootReadinessManagerService$Lifecycle
