05-30 14:03:29.157 D/SystemServerTiming( 692): isUserUnlocked-USER_SYSTEM
05-30 14:03:29.157 W/AudioVideoDevReconnectService( 999): oncreate
05-30 14:03:29.160 D/CompatibilityChangeReporter( 692): Compat change id reported: 265195908; UID 10068; state: ENABLED
05-30 14:03:29.160 D/CompatibilityChangeReporter( 692): Compat change id reported: 265195908; UID 10039; state: ENABLED
05-30 14:03:29.169 D/SystemServerTiming( 692): getUserSwitchability-0
05-30 14:03:29.169 D/SystemServerTiming( 692): TM.isInCall
05-30 14:03:29.169 D/SystemServerTiming( 692): hasUserRestriction-DISALLOW_USER_SWITCH
05-30 14:03:29.169 D/SystemServerTiming( 692): getInt-ALLOW_USER_SWITCHING_WHEN_SYSTEM_USER_LOCKED
05-30 14:03:29.169 D/SystemServerTiming( 692): isUserUnlocked-USER_SYSTEM
05-30 14:03:29.170 D/LocalBluetoothProfileManager( 999): LocalBluetoothProfileManager construction complete
05-30 14:03:29.171 V/NotificationAssistants( 692): 0 notification assistant service connected: ComponentInfo{android.ext.services/android.ext.services.notification.Assistant}
05-30 14:03:29.174 D/LocalBluetoothProfileManager( 999): Adding local A2DP profile
05-30 14:03:29.174 I/MediaSessionStack( 692): addSession to bottom of stack | record: com.android.bluetooth/BluetoothMediaBrowserService (userId=0)
05-30 14:03:29.176 D/Zygote ( 465): Forked child process 1482
05-30 14:03:29.176 W/ActivityManager( 692): Slow operation: 62ms so far, now at startProcess: returned from zygote!
05-30 14:03:29.178 D/BluetoothA2dp( 999): Binding service...
05-30 14:03:29.178 D/WindowManagerShell( 991): TvPipController: onTaskStackChanged()
05-30 14:03:29.179 D/LocalBluetoothProfileManager( 999): Adding local HEADSET profile
05-30 14:03:29.180 D/BluetoothHeadset( 999): Binding service...
05-30 14:03:29.181 D/SystemServerTiming( 692): getUserSwitchability-0
05-30 14:03:29.181 D/SystemServerTiming( 692): TM.isInCall
05-30 14:03:29.181 W/ActivityManager( 692): Slow operation: 67ms so far, now at startProcess: done updating battery stats
05-30 14:03:29.182 W/ActivityManager( 692): Slow operation: 67ms so far, now at startProcess: building log message
05-30 14:03:29.182 I/ActivityManager( 692): Start proc 1482:com.dangbei.leard.leradlauncher/1000 for top-activity {com.dangbei.leard.leradlauncher/com.dangbei.launcher.home.LauncherActivity}
05-30 14:03:29.182 D/SystemServerTiming( 692): hasUserRestriction-DISALLOW_USER_SWITCH
05-30 14:03:29.182 W/ActivityManager( 692): Slow operation: 68ms so far, now at startProcess: starting to update pids map
05-30 14:03:29.182 D/SystemServerTiming( 692): getInt-ALLOW_USER_SWITCHING_WHEN_SYSTEM_USER_LOCKED
05-30 14:03:29.182 D/SystemServerTiming( 692): isUserUnlocked-USER_SYSTEM
05-30 14:03:29.182 W/ActivityManager( 692): Slow operation: 68ms so far, now at startProcess: done updating pids map
05-30 14:03:29.182 W/ActivityManager( 692): Slow operation: 62ms so far, now at startProcess: asking zygote to start proc
05-30 14:03:29.182 D/CompatibilityChangeReporter( 692): Compat change id reported: 143937733; UID 10049; state: ENABLED
05-30 14:03:29.184 I/Zygote ( 1482): seccomp disabled by setenforce 0
05-30 14:03:29.185 D/LocalBluetoothProfileManager( 999): Adding local OPP profile
05-30 14:03:29.185 D/LocalBluetoothProfileManager( 999): Adding local Hearing Aid profile
05-30 14:03:29.189 I/SyncManager( 692): Loaded persisted syncs: 0 periodic syncs, 0 oneshot syncs, 0 total system server jobs, JobStats: FirstLoad: 5/3/0 LastSave: -1/-1/-1
05-30 14:03:29.190 I/d.leradlauncher( 1482): Using CollectorTypeCC GC.
05-30 14:03:29.191 D/SystemServerTiming( 692): getUserSwitchability-0
05-30 14:03:29.191 D/SystemServerTiming( 692): TM.isInCall
05-30 14:03:29.192 D/SystemServerTiming( 692): hasUserRestriction-DISALLOW_USER_SWITCH
05-30 14:03:29.192 D/SystemServerTiming( 692): getInt-ALLOW_USER_SWITCHING_WHEN_SYSTEM_USER_LOCKED
05-30 14:03:29.192 D/SystemServerTiming( 692): isUserUnlocked-USER_SYSTEM
05-30 14:03:29.197 D/SystemServerTiming( 692): getUserSwitchability-0
05-30 14:03:29.197 D/SystemServerTiming( 692): TM.isInCall
05-30 14:03:29.197 E/d.leradlauncher( 1482): Not starting debugger since process cannot load the jdwp agent.
05-30 14:03:29.197 D/SystemServerTiming( 692): hasUserRestriction-DISALLOW_USER_SWITCH
05-30 14:03:29.197 D/SystemServerTiming( 692): getInt-ALLOW_USER_SWITCHING_WHEN_SYSTEM_USER_LOCKED
05-30 14:03:29.197 D/SystemServerTiming( 692): isUserUnlocked-USER_SYSTEM
05-30 14:03:29.202 D/nativeloader( 1455): Configuring clns-shared-4 for other apk /system/app/com.sohu.inputmethod.sogou.tv/com.sohu.inputmethod.sogou.tv.apk. target_sdk_version=28, uses_libraries=, library_path=/system/app/com.sohu.inputmethod.sogou.tv/lib/arm:/system/app/com.sohu.inputmethod.sogou.tv/com.sohu.inputmethod.sogou.tv.apk!/lib/armeabi-v7a:/system/lib:/system_ext/lib, permitted_path=/data:/mnt/expand:/data/user_de/0/com.sohu.inputmethod.sogou.tv:/system/app/com.sohu.inputmethod.sogou.tv:/system/lib:/system_ext/lib
05-30 14:03:29.202 D/nativeloader( 1434): Configuring clns-shared-4 for other apk /apex/com.android.mediaprovider/priv-app/MediaProvider@UD2A.240505.001.W1/MediaProvider.apk. target_sdk_version=34, uses_libraries=, library_path=/apex/com.android.mediaprovider/priv-app/MediaProvider@UD2A.240505.001.W1/lib/arm:/apex/com.android.mediaprovider/priv-app/MediaProvider@UD2A.240505.001.W1/MediaProvider.apk!/lib/armeabi-v7a:/system/lib:/system_ext/lib, permitted_path=/data:/mnt/expand:/data/user/0/com.android.providers.media.module:/apex/com.android.mediaprovider/priv-app/MediaProvider@UD2A.240505.001.W1:/system/lib:/system_ext/lib
05-30 14:03:29.204 D/SystemServerTiming( 692): getUserSwitchability-0
05-30 14:03:29.205 D/SystemServerTiming( 692): TM.isInCall
05-30 14:03:29.206 D/nativeloader( 1434): InitApexLibraries:
05-30 14:03:29.206 D/nativeloader( 1434): com_android_adservices: libhpke_jni.so:libtflite_support_classifiers_native.so
05-30 14:03:29.206 D/nativeloader( 1434): com_android_appsearch: libicing.so
05-30 14:03:29.206 D/nativeloader( 1434): com_android_art: libartservice.so
05-30 14:03:29.206 D/nativeloader( 1434): com_android_btservices: libbluetooth_jni.so
05-30 14:03:29.206 D/nativeloader( 1434): com_android_conscrypt: libjavacrypto.so
05-30 14:03:29.206 D/nativeloader( 1434): com_android_extservices: libhpke_jni.so:libtflite_support_classifiers_native.so
05-30 14:03:29.206 D/nativeloader( 1434): com_android_os_statsd: libstats_jni.so
05-30 14:03:29.206 D/nativeloader( 1434): com_android_tethering: libandroid_net_connectivity_com_android_net_module_util_jni.so:libcronet.114.0.5735.84.so:libframework-connectivity-jni.so:libframework-connectivity-tiramisu-jni.so:libservice-connectivity.so
05-30 14:03:29.206 D/nativeloader( 1434): com_android_uwb: libuwb_uci_jni_rust.so
05-30 14:03:29.206 D/nativeloader( 1434): com_android_virt: libvirtualizationservice_jni.so:libvirtualmachine_jni.so
05-30 14:03:29.206 I/BrowsedPlayerWrapper( 1108): onConnected: com.android.bluetooth is connected
05-30 14:03:29.207 D/AvrcpBrowsablePlayerConnector( 1108): Browse player callback called: package=com.android.bluetooth : status=0
05-30 14:03:29.207 D/AvrcpBrowsablePlayerConnector( 1108): Received a message: msg.what=1
05-30 14:03:29.207 I/AvrcpBrowsablePlayerConnector( 1108): Checking root contents for com.android.bluetooth
05-30 14:03:29.208 D/CompatibilityChangeReporter( 692): Compat change id reported: 168419799; UID 1000; state: DISABLED
05-30 14:03:29.208 D/CompatibilityChangeReporter( 692): Compat change id reported: 273564678; UID 1000; state: DISABLED
05-30 14:03:29.211 D/SystemServerTiming( 692): hasUserRestriction-DISALLOW_USER_SWITCH
05-30 14:03:29.211 D/SystemServerTiming( 692): getInt-ALLOW_USER_SWITCHING_WHEN_SYSTEM_USER_LOCKED
05-30 14:03:29.211 D/SystemServerTiming( 692): isUserUnlocked-USER_SYSTEM
05-30 14:03:29.212 D/BluetoothHearingAid( 999): Binding service...
05-30 14:03:29.212 D/LocalBluetoothProfileManager( 999): Adding local HID_HOST profile
05-30 14:03:29.213 D/SystemServerTiming( 692): getUserSwitchability-0
05-30 14:03:29.213 D/SystemServerTiming( 692): TM.isInCall
05-30 14:03:29.214 D/BluetoothHidHost( 999): Binding service...
05-30 14:03:29.214 D/CompatibilityChangeReporter( 1482): Compat change id reported: 171979766; UID 1000; state: DISABLED
05-30 14:03:29.214 D/CompatibilityChangeReporter( 1482): Compat change id reported: 242716250; UID 1000; state: DISABLED
05-30 14:03:29.215 D/LocalBluetoothProfileManager( 999): Adding local PAN profile
05-30 14:03:29.215 D/SystemServerTiming( 692): hasUserRestriction-DISALLOW_USER_SWITCH
05-30 14:03:29.215 D/SystemServerTiming( 692): getInt-ALLOW_USER_SWITCHING_WHEN_SYSTEM_USER_LOCKED
05-30 14:03:29.215 D/SystemServerTiming( 692): isUserUnlocked-USER_SYSTEM
05-30 14:03:29.216 D/BluetoothPan( 999): Binding service...
05-30 14:03:29.220 D/nativeloader( 1449): Configuring clns-shared-4 for other apk /system/app/dangbei-etna-service/dangbei-etna-service.apk. target_sdk_version=28, uses_libraries=, library_path=/system/app/dangbei-etna-service/lib/arm:/system/app/dangbei-etna-service/dangbei-etna-service.apk!/lib/armeabi-v7a:/system/lib:/system_ext/lib, permitted_path=/data:/mnt/expand:/data/user/0/com.dangbei.lerad.etna.haqu:/system/app/dangbei-etna-service:/system/lib:/system_ext/lib
05-30 14:03:29.221 D/ApplicationLoaders( 1482): Returning zygote-cached class loader: /system/framework/android.test.base.jar
05-30 14:03:29.221 D/ApplicationLoaders( 1482): Returning zygote-cached class loader: /system/framework/android.hidl.manager-V1.0-java.jar
05-30 14:03:29.221 D/ApplicationLoaders( 1482): Returning zygote-cached class loader: /system/framework/android.hidl.base-V1.0-java.jar
05-30 14:03:29.226 W/MediaSessionCompat( 1108): Couldn't find a unique registered media button receiver in the given context.
05-30 14:03:29.228 I/MediaSessionStack( 692): addSession to bottom of stack | record: com.android.bluetooth/BluetoothMediaBrowserService (userId=0)
05-30 14:03:29.233 I/UsageStatsService( 692): User[0] Flushing usage stats to disk
05-30 14:03:29.243 V/MediaPlayerList( 1108): onActiveSessionsChanged: number of controllers: 0
05-30 14:03:29.243 D/AvrcpTargetJni( 1108): sendPlayerSettingsNative
05-30 14:03:29.244 I/bt_stack( 1108): [INFO:avrcp_service.cc(551)] virtual void bluetooth::avrcp::AvrcpService::SendPlayerSettingsChanged(std::vector, std::vector)
05-30 14:03:29.244 I/bt_stack( 1108): [INFO:avrcp_service.cc(565)] attribute=PlayerAttribute::REPEAT : value=PlayerRepeatValue::OFF
05-30 14:03:29.244 I/bt_stack( 1108): attribute=PlayerAttribute::SHUFFLE : value=PlayerShuffleValue::OFF
05-30 14:03:29.244 I/bt_stack( 1108):
05-30 14:03:29.244 V/MediaPlayerList( 1108): onActiveSessionsChanged: number of controllers: 0
05-30 14:03:29.244 D/AvrcpTargetJni( 1108): sendPlayerSettingsNative
05-30 14:03:29.244 I/bt_stack( 1108): [INFO:avrcp_service.cc(551)] virtual void bluetooth::avrcp::AvrcpService::SendPlayerSettingsChanged(std::vector, std::vector)
05-30 14:03:29.244 I/bt_stack( 1108): [INFO:avrcp_service.cc(565)] attribute=PlayerAttribute::REPEAT : value=PlayerRepeatValue::OFF
05-30 14:03:29.244 I/bt_stack( 1108): attribute=PlayerAttribute::SHUFFLE : value=PlayerShuffleValue::OFF
05-30 14:03:29.244 I/bt_stack( 1108):
05-30 14:03:29.245 I/BrowsedPlayerWrapper( 1108): onConnected: com.android.bluetooth is connected
05-30 14:03:29.245 I/BrowsedPlayerWrapper( 1108): getFolderItems: Connected to browsable player: com.android.bluetooth
05-30 14:03:29.250 D/Zygote ( 465): Forked child process 1503
05-30 14:03:29.251 W/ActivityManager( 692): Slow operation: 131ms so far, now at startProcess: returned from zygote!
05-30 14:03:29.251 W/ActivityManager( 692): Slow operation: 131ms so far, now at startProcess: done updating battery stats
05-30 14:03:29.251 W/ActivityManager( 692): Slow operation: 131ms so far, now at startProcess: building log message
05-30 14:03:29.251 I/ActivityManager( 692): Start proc 1503:com.android.music/u0a49 for service {com.android.music/com.android.music.MediaPlaybackService}
05-30 14:03:29.251 W/ActivityManager( 692): Slow operation: 131ms so far, now at startProcess: starting to update pids map
05-30 14:03:29.252 W/ActivityManager( 692): Slow operation: 131ms so far, now at startProcess: done updating pids map
05-30 14:03:29.252 W/ActivityManager( 692): Slow operation: 120ms so far, now at startProcess: asking zygote to start proc
05-30 14:03:29.258 I/Zygote ( 1503): seccomp disabled by setenforce 0
05-30 14:03:29.265 I/m.android.music( 1503): Using CollectorTypeCC GC.
05-30 14:03:29.272 D/Zygote ( 465): Forked child process 1510
05-30 14:03:29.272 W/ActivityManager( 692): Slow operation: 141ms so far, now at startProcess: returned from zygote!
05-30 14:03:29.273 W/ActivityManager( 692): Slow operation: 142ms so far, now at startProcess: done updating battery stats
05-30 14:03:29.273 W/ActivityManager( 692): Slow operation: 142ms so far, now at startProcess: building log message
05-30 14:03:29.273 I/ActivityManager( 692): Start proc 1510:com.oranth.ledstatus/1000 for broadcast {com.oranth.ledstatus/com.oranth.ledstatus.BootCompletedReceiver}
05-30 14:03:29.273 W/ActivityManager( 692): Slow operation: 142ms so far, now at startProcess: starting to update pids map
05-30 14:03:29.273 W/ActivityManager( 692): Slow operation: 142ms so far, now at startProcess: done updating pids map
05-30 14:03:29.273 W/ActivityManager( 692): Slow operation: 138ms so far, now at startProcess: asking zygote to start proc
05-30 14:03:29.273 D/nativeloader( 1482): Configuring clns-shared-4 for other apk /system/app/dangbei-launcher/dangbei-launcher.apk. target_sdk_version=28, uses_libraries=, library_path=/system/app/dangbei-launcher/lib/arm:/system/app/dangbei-launcher/dangbei-launcher.apk!/lib/armeabi-v7a:/system/lib:/system_ext/lib, permitted_path=/data:/mnt/expand:/data/user/0/com.dangbei.leard.leradlauncher:/system/app/dangbei-launcher:/system/lib:/system_ext/lib
05-30 14:03:29.277 D/LocalBluetoothProfileManager( 999): Current Profiles[]
05-30 14:03:29.277 D/LocalBluetoothProfileManager( 999): New Profiles[HID]
05-30 14:03:29.277 D/CachedBluetoothDevice( 999): updating profiles for XX:XX:XX:XX:C0:53
05-30 14:03:29.281 E/m.android.music( 1503): Not starting debugger since process cannot load the jdwp agent.
05-30 14:03:29.281 D/BluetoothHeadset( 999): Proxy object connected
05-30 14:03:29.282 D/BluetoothA2dp( 999): Proxy object connected
05-30 14:03:29.285 I/Zygote ( 1510): seccomp disabled by setenforce 0
05-30 14:03:29.285 V/CachedBluetoothDevice( 999): Class: 50c
05-30 14:03:29.285 V/CachedBluetoothDevice( 999): UUID:
05-30 14:03:29.285 V/CachedBluetoothDevice( 999): 0000180f-0000-1000-8000-00805f9b34fb
05-30 14:03:29.285 V/CachedBluetoothDevice( 999): 00001812-0000-1000-8000-00805f9b34fb
05-30 14:03:29.285 D/BluetoothAdapter( 999): getActiveDevices(profile= A2DP)
05-30 14:03:29.292 I/BluetoothAdapterService( 1108): getActiveDevices: A2dp device: null
05-30 14:03:29.292 I/ranth.ledstatus( 1510): Late-enabling -Xcheck:jni
05-30 14:03:29.293 D/BluetoothAdapter( 999): getActiveDevices(profile= HEADSET)
05-30 14:03:29.294 D/Zygote ( 465): Forked child process 1519
05-30 14:03:29.297 W/ActivityManager( 692): Slow operation: 162ms so far, now at startProcess: returned from zygote!
05-30 14:03:29.297 W/ActivityManager( 692): Slow operation: 162ms so far, now at startProcess: done updating battery stats
05-30 14:03:29.297 W/ActivityManager( 692): Slow operation: 162ms so far, now at startProcess: building log message
05-30 14:03:29.297 I/ActivityManager( 692): Start proc 1519:com.android.keychain/1000 for service {com.android.keychain/com.android.keychain.KeyChainService}
05-30 14:03:29.297 W/ActivityManager( 692): Slow operation: 162ms so far, now at startProcess: starting to update pids map
05-30 14:03:29.298 W/ActivityManager( 692): Slow operation: 163ms so far, now at startProcess: done updating pids map
05-30 14:03:29.302 I/Zygote ( 1519): seccomp disabled by setenforce 0
05-30 14:03:29.306 I/BluetoothAdapterService( 1108): getActiveDevices: Headset device: null
05-30 14:03:29.306 V/BackupManagerService( 692): [UserID:0] No ancestral data
05-30 14:03:29.306 I/ndroid.keychain( 1519): Using CollectorTypeCC GC.
05-30 14:03:29.307 D/BluetoothAdapter( 999): getActiveDevices(profile= HEARING_AID)
05-30 14:03:29.313 D/BluetoothHearingAid( 999): Proxy object connected
05-30 14:03:29.315 D/BluetoothHidHost( 999): Proxy object connected
05-30 14:03:29.315 E/ndroid.keychain( 1519): Not starting debugger since process cannot load the jdwp agent.
05-30 14:03:29.319 I/BluetoothAdapterService( 1108): getActiveDevices: Hearing Aid devices: Left[null] - Right[null]
05-30 14:03:29.320 D/BluetoothPan( 999): Proxy object connected
05-30 14:03:29.322 V/GraphicsEnvironment( 1449): Currently set values for:
05-30 14:03:29.322 V/GraphicsEnvironment( 1449): angle_gl_driver_selection_pkgs=[]
05-30 14:03:29.322 V/GraphicsEnvironment( 1449): angle_gl_driver_selection_values=[]
05-30 14:03:29.323 V/GraphicsEnvironment( 1455): Currently set values for:
05-30 14:03:29.323 V/GraphicsEnvironment( 1455): angle_gl_driver_selection_pkgs=[]
05-30 14:03:29.323 V/GraphicsEnvironment( 1455): angle_gl_driver_selection_values=[]
05-30 14:03:29.323 V/GraphicsEnvironment( 1449): ANGLE GameManagerService for com.dangbei.lerad.etna.haqu: false
05-30 14:03:29.323 V/GraphicsEnvironment( 1449): com.dangbei.lerad.etna.haqu is not listed in per-application setting
05-30 14:03:29.323 V/GraphicsEnvironment( 1449): Neither updatable production driver nor prerelease driver is supported.
05-30 14:03:29.324 V/GraphicsEnvironment( 1455): ANGLE GameManagerService for com.sohu.inputmethod.sogou.tv: false
05-30 14:03:29.324 V/GraphicsEnvironment( 1455): com.sohu.inputmethod.sogou.tv is not listed in per-application setting
05-30 14:03:29.325 V/GraphicsEnvironment( 1455): Neither updatable production driver nor prerelease driver is supported.
05-30 14:03:29.326 I/ranth.ledstatus( 1510): Using CollectorTypeCC GC.
05-30 14:03:29.332 V/GraphicsEnvironment( 1482): Currently set values for:
05-30 14:03:29.332 V/GraphicsEnvironment( 1482): angle_gl_driver_selection_pkgs=[]
05-30 14:03:29.332 V/GraphicsEnvironment( 1482): angle_gl_driver_selection_values=[]
05-30 14:03:29.333 V/GraphicsEnvironment( 1482): ANGLE GameManagerService for com.dangbei.leard.leradlauncher: false
05-30 14:03:29.333 V/GraphicsEnvironment( 1482): com.dangbei.leard.leradlauncher is not listed in per-application setting
05-30 14:03:29.333 V/GraphicsEnvironment( 1482): Neither updatable production driver nor prerelease driver is supported.
05-30 14:03:29.333 V/BackupManagerConstants( 692): getKeyValueBackupIntervalMilliseconds(...) returns 14400000
05-30 14:03:29.333 V/BackupManagerConstants( 692): getKeyValueBackupFuzzMilliseconds(...) returns 600000
05-30 14:03:29.340 V/BackupManagerConstants( 692): getKeyValueBackupRequiredNetworkType(...) returns 1
05-30 14:03:29.340 V/BackupManagerConstants( 692): getKeyValueBackupRequireCharging(...) returns true
05-30 14:03:29.340 V/KeyValueBackupJob( 692): Scheduling k/v pass in 245 minutes
05-30 14:03:29.341 D/CompatibilityChangeReporter( 692): Compat change id reported: 271850009; UID 1000; state: DISABLED
05-30 14:03:29.342 D/CompatibilityChangeReporter( 692): Compat change id reported: 271850009; UID 1000; state: ENABLED
05-30 14:03:29.342 D/CompatibilityChangeReporter( 692): Compat change id reported: 168419799; UID 1000; state: DISABLED
05-30 14:03:29.342 D/CompatibilityChangeReporter( 692): Compat change id reported: 273564678; UID 1000; state: DISABLED
05-30 14:03:29.346 I/adbd ( 1387): jdwp connection from 1510
05-30 14:03:29.347 D/CompatibilityChangeReporter( 692): Compat change id reported: 271850009; UID 1000; state: ENABLED
05-30 14:03:29.348 I/BLE_Service( 999): mConnRunnable, looking on bonded devices in order to find connection target...
05-30 14:03:29.348 I/BLE_Service( 999): connectToBondedDevices><
05-30 14:03:29.349 D/CompatibilityChangeReporter( 1519): Compat change id reported: 171979766; UID 1000; state: ENABLED
05-30 14:03:29.351 I/BLE_Service( 999): bondedDevices size:1
05-30 14:03:29.352 D/CompatibilityChangeReporter( 1519): Compat change id reported: 242716250; UID 1000; state: ENABLED
05-30 14:03:29.362 D/CompatibilityChangeReporter( 692): Compat change id reported: 168419799; UID 10049; state: DISABLED
05-30 14:03:29.362 D/CompatibilityChangeReporter( 692): Compat change id reported: 273564678; UID 10049; state: DISABLED
05-30 14:03:29.365 I/BLE_Service( 999): GetToBondedDevicesMacAddress><
05-30 14:03:29.366 V/GraphicsEnvironment( 1434): Currently set values for:
05-30 14:03:29.367 V/GraphicsEnvironment( 1434): angle_gl_driver_selection_pkgs=[]
05-30 14:03:29.367 V/GraphicsEnvironment( 1434): angle_gl_driver_selection_values=[]
05-30 14:03:29.367 I/BLE_Service( 999): bondedDevices size: 1
05-30 14:03:29.368 W/System.err( 999): java.io.FileNotFoundException: /sys/class/aml_btusb/aml_btusb/aml_rclist: open failed: ENOENT (No such file or directory)
05-30 14:03:29.368 W/System.err( 999): at libcore.io.IoBridge.open(IoBridge.java:574)
05-30 14:03:29.368 W/System.err( 999): at java.io.FileOutputStream.(FileOutputStream.java:236)
05-30 14:03:29.368 W/System.err( 999): at java.io.FileOutputStream.(FileOutputStream.java:125)
05-30 14:03:29.368 W/System.err( 999): at java.io.FileWriter.(FileWriter.java:66)
05-30 14:03:29.368 W/System.err( 999): at com.droidlogic.btpair.DialogBluetoothService.writeFileFromString(DialogBluetoothService.java:294)
05-30 14:03:29.368 W/System.err( 999): at com.droidlogic.btpair.DialogBluetoothService.GetToBondedDevicesMacAddress(DialogBluetoothService.java:452)
05-30 14:03:29.368 W/System.err( 999): at com.droidlogic.btpair.DialogBluetoothService$2.run(DialogBluetoothService.java:349)
05-30 14:03:29.368 V/GraphicsEnvironment( 1434): ANGLE GameManagerService for com.android.providers.media.module: false
05-30 14:03:29.368 W/System.err( 999): at android.os.Handler.handleCallback(Handler.java:958)
05-30 14:03:29.368 W/System.err( 999): at android.os.Handler.dispatchMessage(Handler.java:99)
05-30 14:03:29.368 W/System.err( 999): at android.os.Looper.loopOnce(Looper.java:205)
05-30 14:03:29.368 W/System.err( 999): at android.os.Looper.loop(Looper.java:294)
05-30 14:03:29.368 W/System.err( 999): at android.app.ActivityThread.main(ActivityThread.java:8255)
05-30 14:03:29.368 W/System.err( 999): at java.lang.reflect.Method.invoke(Native Method)
05-30 14:03:29.368 W/System.err( 999): at com.android.internal.os.RuntimeInit$MethodAndArgsCaller.run(RuntimeInit.java:552)
05-30 14:03:29.368 W/System.err( 999): at com.android.internal.os.ZygoteInit.main(ZygoteInit.java:978)
05-30 14:03:29.368 V/GraphicsEnvironment( 1434): com.android.providers.media.module is not listed in per-application setting
05-30 14:03:29.369 W/System.err( 999): Caused by: android.system.ErrnoException: open failed: ENOENT (No such file or directory)
05-30 14:03:29.369 W/System.err( 999): at libcore.io.Linux.open(Native Method)
05-30 14:03:29.369 W/System.err( 999): at libcore.io.ForwardingOs.open(ForwardingOs.java:563)
05-30 14:03:29.369 W/System.err( 999): at libcore.io.BlockGuardOs.open(BlockGuardOs.java:274)
05-30 14:03:29.369 W/System.err( 999): at libcore.io.ForwardingOs.open(ForwardingOs.java:563)
05-30 14:03:29.369 W/System.err( 999): at android.app.ActivityThread$AndroidOs.open(ActivityThread.java:8138)
05-30 14:03:29.369 W/System.err( 999): at libcore.io.IoBridge.open(IoBridge.java:560)
05-30 14:03:29.369 V/GraphicsEnvironment( 1434): Neither updatable production driver nor prerelease driver is supported.
05-30 14:03:29.369 W/System.err( 999): ... 14 more
05-30 14:03:29.370 D/CompatibilityChangeReporter( 692): Compat change id reported: 265195908; UID 10049; state: ENABLED
05-30 14:03:29.371 D/CompatibilityChangeReporter( 692): Compat change id reported: 253665015; UID 1000; state: DISABLED
05-30 14:03:29.372 I/BLE_Service( 999): Device Name: Dangbei, MAC Address: E4:BB:D3:57:C0:53
05-30 14:03:29.373 W/System.err( 999): java.io.FileNotFoundException: /sys/class/aml_btusb/aml_btusb/aml_rclist: open failed: ENOENT (No such file or directory)
05-30 14:03:29.373 W/System.err( 999): at libcore.io.IoBridge.open(IoBridge.java:574)
05-30 14:03:29.373 W/System.err( 999): at java.io.FileInputStream.(FileInputStream.java:160)
05-30 14:03:29.373 W/System.err( 999): at java.io.FileReader.(FileReader.java:75)
05-30 14:03:29.373 W/System.err( 999): at com.droidlogic.btpair.DialogBluetoothService.readCurrentMacAddresses(DialogBluetoothService.java:325)
05-30 14:03:29.373 W/System.err( 999): at com.droidlogic.btpair.DialogBluetoothService.writeMacAddressToFile(DialogBluetoothService.java:307)
05-30 14:03:29.373 W/System.err( 999): at com.droidlogic.btpair.DialogBluetoothService.GetToBondedDevicesMacAddress(DialogBluetoothService.java:456)
05-30 14:03:29.373 W/System.err( 999): at com.droidlogic.btpair.DialogBluetoothService$2.run(DialogBluetoothService.java:349)
05-30 14:03:29.373 I/MultiDex( 1455): VM with version 2.1.0 has multidex support
05-30 14:03:29.373 W/System.err( 999): at android.os.Handler.handleCallback(Handler.java:958)
05-30 14:03:29.373 W/System.err( 999): at android.os.Handler.dispatchMessage(Handler.java:99)
05-30 14:03:29.373 W/System.err( 999): at android.os.Looper.loopOnce(Looper.java:205)
05-30 14:03:29.373 W/System.err( 999): at android.os.Looper.loop(Looper.java:294)
05-30 14:03:29.373 I/MultiDex( 1455): Installing application
05-30 14:03:29.373 W/System.err( 999): at android.app.ActivityThread.main(ActivityThread.java:8255)
05-30 14:03:29.373 W/System.err( 999): at java.lang.reflect.Method.invoke(Native Method)
05-30 14:03:29.373 I/MultiDex( 1455): VM has multidex support, MultiDex support library is disabled.
05-30 14:03:29.373 W/System.err( 999): at com.android.internal.os.RuntimeInit$MethodAndArgsCaller.run(RuntimeInit.java:552)
05-30 14:03:29.373 W/System.err( 999): at com.android.internal.os.ZygoteInit.main(ZygoteInit.java:978)
05-30 14:03:29.373 D/CompatibilityChangeReporter( 1503): Compat change id reported: 171979766; UID 10049; state: DISABLED
05-30 14:03:29.373 W/System.err( 999): Caused by: android.system.ErrnoException: open failed: ENOENT (No such file or directory)
05-30 14:03:29.373 W/System.err( 999): at libcore.io.Linux.open(Native Method)
05-30 14:03:29.373 W/System.err( 999): at libcore.io.ForwardingOs.open(ForwardingOs.java:563)
05-30 14:03:29.373 W/System.err( 999): at libcore.io.BlockGuardOs.open(BlockGuardOs.java:274)
05-30 14:03:29.373 W/System.err( 999): at libcore.io.ForwardingOs.open(ForwardingOs.java:563)
05-30 14:03:29.373 W/System.err( 999): at android.app.ActivityThread$AndroidOs.open(ActivityThread.java:8138)
05-30 14:03:29.373 W/System.err( 999): at libcore.io.IoBridge.open(IoBridge.java:560)
05-30 14:03:29.373 W/System.err( 999): ... 14 more
05-30 14:03:29.373 E/BLE_Service( 999): error /sys/class/aml_btusb/aml_btusb/aml_rclist: open failed: ENOENT (No such file or directory)
05-30 14:03:29.373 D/CompatibilityChangeReporter( 1503): Compat change id reported: 242716250; UID 10049; state: DISABLED
05-30 14:03:29.374 W/System.err( 999): java.io.FileNotFoundException: /sys/class/aml_btusb/aml_btusb/aml_rclist: open failed: ENOENT (No such file or directory)
05-30 14:03:29.374 W/System.err( 999): at libcore.io.IoBridge.open(IoBridge.java:574)
05-30 14:03:29.374 W/System.err( 999): at java.io.FileOutputStream.(FileOutputStream.java:236)
05-30 14:03:29.374 W/System.err( 999): at java.io.FileOutputStream.(FileOutputStream.java:125)
05-30 14:03:29.374 W/System.err( 999): at java.io.FileWriter.(FileWriter.java:66)
05-30 14:03:29.374 W/System.err( 999): at com.droidlogic.btpair.DialogBluetoothService.writeMacAddressToFile(DialogBluetoothService.java:310)
05-30 14:03:29.374 W/System.err( 999): at com.droidlogic.btpair.DialogBluetoothService.GetToBondedDevicesMacAddress(DialogBluetoothService.java:456)
05-30 14:03:29.374 W/System.err( 999): at com.droidlogic.btpair.DialogBluetoothService$2.run(DialogBluetoothService.java:349)
05-30 14:03:29.374 W/System.err( 999): at android.os.Handler.handleCallback(Handler.java:958)
05-30 14:03:29.374 W/System.err( 999): at android.os.Handler.dispatchMessage(Handler.java:99)
05-30 14:03:29.374 W/System.err( 999): at android.os.Looper.loopOnce(Looper.java:205)
05-30 14:03:29.374 W/System.err( 999): at android.os.Looper.loop(Looper.java:294)
05-30 14:03:29.374 W/System.err( 999): at android.app.ActivityThread.main(ActivityThread.java:8255)
05-30 14:03:29.374 W/System.err( 999): at java.lang.reflect.Method.invoke(Native Method)
05-30 14:03:29.374 W/System.err( 999): at com.android.internal.os.RuntimeInit$MethodAndArgsCaller.run(RuntimeInit.java:552)
05-30 14:03:29.374 W/System.err( 999): at com.android.internal.os.ZygoteInit.main(ZygoteInit.java:978)
05-30 14:03:29.374 W/System.err( 999): Caused by: android.system.ErrnoException: open failed: ENOENT (No such file or directory)
05-30 14:03:29.374 W/System.err( 999): at libcore.io.Linux.open(Native Method)
05-30 14:03:29.374 W/System.err( 999): at libcore.io.ForwardingOs.open(ForwardingOs.java:563)
05-30 14:03:29.374 W/System.err( 999): at libcore.io.BlockGuardOs.open(BlockGuardOs.java:274)
05-30 14:03:29.374 W/System.err( 999): at libcore.io.ForwardingOs.open(ForwardingOs.java:563)
05-30 14:03:29.374 W/System.err( 999): at android.app.ActivityThread$AndroidOs.open(ActivityThread.java:8138)
05-30 14:03:29.374 W/System.err( 999): at libcore.io.IoBridge.open(IoBridge.java:560)
05-30 14:03:29.374 W/System.err( 999): ... 14 more
05-30 14:03:29.376 D/CompatibilityChangeReporter( 692): Compat change id reported: 253665015; UID 1000; state: ENABLED
05-30 14:03:29.378 D/CompatibilityChangeReporter( 692): Compat change id reported: 194532703; UID 1000; state: DISABLED
05-30 14:03:29.379 D/CompatibilityChangeReporter( 692): Compat change id reported: 194532703; UID 1000; state: ENABLED
05-30 14:03:29.379 I/MultiDex( 1482): VM with version 2.1.0 has multidex support
05-30 14:03:29.379 I/MultiDex( 1482): Installing application
05-30 14:03:29.379 I/MultiDex( 1482): VM has multidex support, MultiDex support library is disabled.
05-30 14:03:29.383 D/CompatibilityChangeReporter( 692): Compat change id reported: 170503758; UID 10049; state: DISABLED
05-30 14:03:29.385 V/WindowManager( 692): app ------------- force_land :0
05-30 14:03:29.393 D/CompatibilityChangeReporter( 692): Compat change id reported: 197654537; UID 1000; state: DISABLED
05-30 14:03:29.394 I/MultiDex( 1449): VM with version 2.1.0 has multidex support
05-30 14:03:29.394 I/MultiDex( 1449): Installing application
05-30 14:03:29.394 I/MultiDex( 1449): VM has multidex support, MultiDex support library is disabled.
05-30 14:03:29.409 E/AppSearchIcing( 692): usage-store.cc:61: Inconsistent element size, expected 24, actual 0Failed to initialize usage_score_cache
05-30 14:03:29.409 W/AppSearchIcing( 692): document-store.cc:381: Couldn't find derived files or failed to initialize them, regenerating derived files for DocumentStore.
05-30 14:03:29.410 I/system_server( 692): Using smaps_rollup for pss collection
05-30 14:03:29.420 D/nativeloader( 1519): Configuring clns-shared-4 for other apk /system/app/KeyChain/KeyChain.apk. target_sdk_version=34, uses_libraries=, library_path=/system/app/KeyChain/lib/arm:/system/app/KeyChain/KeyChain.apk!/lib/armeabi-v7a:/system/lib:/system_ext/lib, permitted_path=/data:/mnt/expand:/data/user/0/com.android.keychain:/system/app/KeyChain:/system/lib:/system_ext/lib
05-30 14:03:29.421 D/ConnectivityService( 692): requestNetwork for uid/pid:1000/692 activeRequest: null callbackRequest: 33 [NetworkRequest [ REQUEST id=34, [ Capabilities: INTERNET&NOT_RESTRICTED&TRUSTED&NOT_VCN_MANAGED Uid: 1000 RequestorUid: 1000 RequestorPkg: android UnderlyingNetworks: Null] ]] callback flags: 0 order: 2147483647
05-30 14:03:29.421 I/BackupManagerService( 692): isBackupEnabled() => false due to absent settings file
05-30 14:03:29.421 D/BackupManagerService( 692): user:0 readBackupEnableState enabled:false
05-30 14:03:29.421 I/BackupManagerService( 692): [UserID:0] Backup enabled => false
05-30 14:03:29.425 D/ConnectivityService( 692): NetReassign [no changes] [c 0] [a 0] [i 1]
05-30 14:03:29.425 D/WifiNetworkFactory( 692): got request NetworkRequest [ REQUEST id=34, [ Capabilities: INTERNET&NOT_RESTRICTED&TRUSTED&NOT_VCN_MANAGED Uid: 1000 RequestorUid: 1000 RequestorPkg: android UnderlyingNetworks: Null] ]
05-30 14:03:29.425 D/UntrustedWifiNetworkFactory( 692): got request NetworkRequest [ REQUEST id=34, [ Capabilities: INTERNET&NOT_RESTRICTED&TRUSTED&NOT_VCN_MANAGED Uid: 1000 RequestorUid: 1000 RequestorPkg: android UnderlyingNetworks: Null] ]
05-30 14:03:29.425 D/OemPaidWifiNetworkFactory( 692): got request NetworkRequest [ REQUEST id=34, [ Capabilities: INTERNET&NOT_RESTRICTED&TRUSTED&NOT_VCN_MANAGED Uid: 1000 RequestorUid: 1000 RequestorPkg: android UnderlyingNetworks: Null] ]
05-30 14:03:29.425 D/MultiInternetWifiNetworkFactory( 692): got request NetworkRequest [ REQUEST id=34, [ Capabilities: INTERNET&NOT_RESTRICTED&TRUSTED&NOT_VCN_MANAGED Uid: 1000 RequestorUid: 1000 RequestorPkg: android UnderlyingNetworks: Null] ]
05-30 14:03:29.437 D/CompatibilityChangeReporter( 692): Compat change id reported: 168419799; UID 1000; state: DISABLED
05-30 14:03:29.437 D/CompatibilityChangeReporter( 692): Compat change id reported: 273564678; UID 1000; state: DISABLED
05-30 14:03:29.438 D/nativeloader( 1503): InitLlndkLibrariesProduct: libEGL.so:libGLESv1_CM.so:libGLESv2.so:libGLESv3.so:libRS.so:libandroid_net.so:libbinder_ndk.so:libc.so:libcgrouprc.so:libclang_rt.asan-arm-android.so:libcom.android.tethering.connectivity_native.so:libdl.so:libft2.so:liblog.so:libm.so:libmediandk.so:libnativewindow.so:libneuralnetworks.so:libselinux.so:libsync.so:libvndksupport.so:libvulkan.so
05-30 14:03:29.440 I/system_server( 692): Background young concurrent copying GC freed 204551(10MB) AllocSpace objects, 25(964KB) LOS objects, 30% free, 17MB/25MB, paused 1.549ms,985us total 510.217ms
05-30 14:03:29.448 D/nativeloader( 1503): Configuring product-clns-4 for unbundled product apk /product/app/Music/Music.apk. target_sdk_version=30, uses_libraries=, library_path=/product/app/Music/lib/arm:/product/lib:/system/product/lib, permitted_path=/data:/mnt/expand:/data/user/0/com.android.music:/product/lib:/system/product/lib
05-30 14:03:29.449 D/nativeloader( 1503): InitVndkspLibrariesProduct: android.hardware.common-V2-ndk.so:android.hardware.common.fmq-V1-ndk.so:android.hardware.graphics.allocator-V2-ndk.so:android.hardware.graphics.common-V4-ndk.so:android.hardware.graphics.common@1.0.so:android.hardware.graphics.common@1.1.so:android.hardware.graphics.common@1.2.so:android.hardware.graphics.composer3-V1-ndk.so:android.hardware.graphics.mapper@2.0.so:android.hardware.graphics.mapper@2.1.so:android.hardware.graphics.mapper@3.0.so:android.hardware.graphics.mapper@4.0.so:android.hardware.renderscript@1.0.so:android.hidl.memory.token@1.0.so:android.hidl.memory@1.0-impl.so:android.hidl.memory@1.0.so:android.hidl.safe_union@1.0.so:libRSCpuRef.so:libRSDriver.so:libRS_internal.so:libbase.so:libbcinfo.so:libblas.so:libc++.so:libcompiler_rt.so:libcutils.so:libdmabufheap.so:libgralloctypes.so:libhardware.so:libhidlbase.so:libhidlmemory.so:libion.so:libjsoncpp.so:liblzma.so:libprocessgroup.so:libunwindstack.so:libutils.so:libutilscallstack.so:libz.so
05-30 14:03:29.453 E/SogouIME( 1455): setupInputSurface
05-30 14:03:29.454 V/BackupManagerConstants( 692): getKeyValueBackupIntervalMilliseconds(...) returns 14400000
05-30 14:03:29.455 V/BackupManagerConstants( 692): getKeyValueBackupFuzzMilliseconds(...) returns 600000
05-30 14:03:29.455 V/BackupManagerConstants( 692): getKeyValueBackupRequiredNetworkType(...) returns 1
05-30 14:03:29.455 V/BackupManagerConstants( 692): getKeyValueBackupRequireCharging(...) returns true
05-30 14:03:29.455 V/KeyValueBackupJob( 692): Scheduling k/v pass in 243 minutes
05-30 14:03:29.467 D/CompatibilityChangeReporter( 1510): Compat change id reported: 171979766; UID 1000; state: DISABLED
05-30 14:03:29.468 D/CompatibilityChangeReporter( 1510): Compat change id reported: 242716250; UID 1000; state: DISABLED
05-30 14:03:29.491 V/MediaProvider( 1434): Attached media from com.android.providers.media.module
05-30 14:03:29.495 D/ApplicationLoaders( 1510): Returning zygote-cached class loader: /system/framework/android.test.base.jar
05-30 14:03:29.495 D/ApplicationLoaders( 1510): Returning zygote-cached class loader: /system/framework/android.hidl.manager-V1.0-java.jar
05-30 14:03:29.495 D/ApplicationLoaders( 1510): Returning zygote-cached class loader: /system/framework/android.hidl.base-V1.0-java.jar
05-30 14:03:29.497 V/GraphicsEnvironment( 1519): Currently set values for:
05-30 14:03:29.497 V/GraphicsEnvironment( 1519): angle_gl_driver_selection_pkgs=[]
05-30 14:03:29.497 V/GraphicsEnvironment( 1519): angle_gl_driver_selection_values=[]
05-30 14:03:29.497 V/GraphicsEnvironment( 1519): ANGLE GameManagerService for com.android.keychain: false
05-30 14:03:29.498 V/GraphicsEnvironment( 1519): com.android.keychain is not listed in per-application setting
05-30 14:03:29.498 V/GraphicsEnvironment( 1519): Neither updatable production driver nor prerelease driver is supported.
05-30 14:03:29.499 E/AppSearchIcing( 692): usage-store.cc:61: Inconsistent element size, expected 24, actual 0Failed to initialize usage_score_cache
05-30 14:03:29.499 E/AppSearchIcing( 692): document-store.cc:394: Failed to regenerate derived files for DocumentStore
05-30 14:03:29.499 W/AppSearchIcing( 692): icing-search-engine.cc:283: Error: 13, Message: Inconsistent element size, expected 24, actual 0
05-30 14:03:29.501 V/GraphicsEnvironment( 1503): Currently set values for:
05-30 14:03:29.501 V/GraphicsEnvironment( 1503): angle_gl_driver_selection_pkgs=[]
05-30 14:03:29.501 V/GraphicsEnvironment( 1503): angle_gl_driver_selection_values=[]
05-30 14:03:29.502 V/GraphicsEnvironment( 1503): ANGLE GameManagerService for com.android.music: false
05-30 14:03:29.502 V/GraphicsEnvironment( 1503): com.android.music is not listed in per-application setting
05-30 14:03:29.502 V/GraphicsEnvironment( 1503): Neither updatable production driver nor prerelease driver is supported.
05-30 14:03:29.505 D/nativeloader( 1510): Configuring clns-shared-4 for other apk /system/framework/org.apache.http.legacy.jar. target_sdk_version=1, uses_libraries=ALL, library_path=/system/app/LedCtrl/lib/arm:/system/fake-libs:/system/app/LedCtrl/LedCtrl.apk!/lib/armeabi-v7a:/system/lib:/system_ext/lib, permitted_path=/data:/mnt/expand:/data/user/0/com.oranth.ledstatus:/system/app/LedCtrl:/system/lib:/system_ext/lib
05-30 14:03:29.505 E/AppSearchImpl( 692): Error initializing, resetting IcingSearchEngine.
05-30 14:03:29.505 E/AppSearchImpl( 692): android.app.appsearch.exceptions.AppSearchException: Inconsistent element size, expected 24, actual 0
05-30 14:03:29.505 E/AppSearchImpl( 692): at com.android.server.appsearch.external.localstorage.AppSearchImpl.checkCodeOneOf(AppSearchImpl.java:2715)
05-30 14:03:29.505 E/AppSearchImpl( 692): at com.android.server.appsearch.external.localstorage.AppSearchImpl.checkSuccess(AppSearchImpl.java:2690)
05-30 14:03:29.505 E/AppSearchImpl( 692): at com.android.server.appsearch.external.localstorage.AppSearchImpl.(AppSearchImpl.java:352)
05-30 14:03:29.505 E/AppSearchImpl( 692): at com.android.server.appsearch.external.localstorage.AppSearchImpl.create(AppSearchImpl.java:279)
05-30 14:03:29.505 E/AppSearchImpl( 692): at com.android.server.appsearch.AppSearchUserInstanceManager.createUserInstance(AppSearchUserInstanceManager.java:223)
05-30 14:03:29.505 E/AppSearchImpl( 692): at com.android.server.appsearch.AppSearchUserInstanceManager.getOrCreateUserInstance(AppSearchUserInstanceManager.java:100)
05-30 14:03:29.505 E/AppSearchImpl( 692): at com.android.server.appsearch.AppSearchManagerService.lambda$onUserUnlocking$1(AppSearchManagerService.java:297)
05-30 14:03:29.505 E/AppSearchImpl( 692): at com.android.server.appsearch.AppSearchManagerService.$r8$lambda$ZH_Wh40z7sSaYNG_ZaRlwVx9GmY(AppSearchManagerService.java:0)
05-30 14:03:29.505 E/AppSearchImpl( 692): at com.android.server.appsearch.AppSearchManagerService$$ExternalSyntheticLambda1.run(R8$$SyntheticClass:0)
05-30 14:03:29.505 E/AppSearchImpl( 692): at java.util.concurrent.ThreadPoolExecutor.runWorker(ThreadPoolExecutor.java:1145)
05-30 14:03:29.505 E/AppSearchImpl( 692): at java.util.concurrent.ThreadPoolExecutor$Worker.run(ThreadPoolExecutor.java:644)
05-30 14:03:29.505 E/AppSearchImpl( 692): at java.lang.Thread.run(Thread.java:1012)
05-30 14:03:29.518 I/DefaultIMS( 1455): DefaultIMS::onCreate()
05-30 14:03:29.519 I/DefaultIMS( 1455): DefaultIMS::onCreate() finish
05-30 14:03:29.519 I/MediaSessionStack( 692): addSession to bottom of stack | record: com.android.music/MediaPlaybackService (userId=0)
05-30 14:03:29.520 V/MediaPlayerList( 1108): onActiveSessionsChanged: number of controllers: 0
05-30 14:03:29.520 D/AvrcpTargetJni( 1108): sendPlayerSettingsNative
05-30 14:03:29.520 W/ranth.ledstatus( 1510): ClassLoaderContext shared library size mismatch. Expected=0, found=4 (PCL[] | PCL[]{PCL[/system/framework/android.test.base.jar*1004523826]#PCL[/system/framework/android.hidl.manager-V1.0-java.jar*1860506820]#PCL[/system/framework/android.hidl.base-V1.0-java.jar*741655320]#PCL[/system/framework/org.apache.http.legacy.jar*2889266191]})
05-30 14:03:29.520 I/bt_stack( 1108): [INFO:avrcp_service.cc(551)] virtual void bluetooth::avrcp::AvrcpService::SendPlayerSettingsChanged(std::vector, std::vector)
05-30 14:03:29.520 I/bt_stack( 1108): [INFO:avrcp_service.cc(565)] attribute=PlayerAttribute::REPEAT : value=PlayerRepeatValue::OFF
05-30 14:03:29.520 I/bt_stack( 1108): attribute=PlayerAttribute::SHUFFLE : value=PlayerShuffleValue::OFF
05-30 14:03:29.520 I/bt_stack( 1108):
05-30 14:03:29.524 D/nativeloader( 1510): Configuring clns-shared-5 for other apk /system/app/LedCtrl/LedCtrl.apk. target_sdk_version=1, uses_libraries=, library_path=/system/app/LedCtrl/lib/arm:/system/fake-libs:/system/app/LedCtrl/LedCtrl.apk!/lib/armeabi-v7a:/system/lib:/system_ext/lib, permitted_path=/data:/mnt/expand:/data/user/0/com.oranth.ledstatus:/system/app/LedCtrl:/system/lib:/system_ext/lib
05-30 14:03:29.528 D/CompatibilityChangeReporter( 1503): Compat change id reported: 160794467; UID 10049; state: DISABLED
05-30 14:03:29.530 D/CompatibilityChangeReporter( 1455): Compat change id reported: 237531167; UID 10039; state: DISABLED
05-30 14:03:29.532 W/OpenGLRenderer( 1455): Unknown dataspace 0
05-30 14:03:29.561 I/AppSearchIcing( 692): document-store.cc:348: Starting Document Store Recovery with cause=0, and create result { new_file=1, preeisting_file_version=1, data_loss=0} and kCurrentVersion=1
05-30 14:03:29.579 W/WindowManager( 692): [addWindow] title:InputMethod
05-30 14:03:29.580 D/CompatibilityChangeReporter( 692): Compat change id reported: 168419799; UID 10039; state: DISABLED
05-30 14:03:29.580 D/CompatibilityChangeReporter( 692): Compat change id reported: 273564678; UID 10039; state: DISABLED
05-30 14:03:29.587 I/MediaBrowserService( 1503): No root for client com.android.bluetooth from service android.service.media.MediaBrowserService$ServiceBinder$1
05-30 14:03:29.587 E/MediaBrowser( 1108): onConnectFailed for ComponentInfo{com.android.music/com.android.music.MediaPlaybackService}
05-30 14:03:29.593 W/BrowsedPlayerWrapper( 1108): onConnectionFailed: Connection Failed with com.android.music
05-30 14:03:29.593 D/AvrcpBrowsablePlayerConnector( 1108): Browse player callback called: package=com.android.music : status=1
05-30 14:03:29.593 D/AvrcpBrowsablePlayerConnector( 1108): Received a message: msg.what=1
05-30 14:03:29.593 I/AvrcpBrowsablePlayerConnector( 1108): com.android.music is not browsable
05-30 14:03:29.596 V/GraphicsEnvironment( 1510): Currently set values for:
05-30 14:03:29.596 V/GraphicsEnvironment( 1510): angle_gl_driver_selection_pkgs=[]
05-30 14:03:29.597 D/CoreBackPreview( 692): Window{615fb57 u0 InputMethod}: Setting back callback OnBackInvokedCallbackInfo{mCallback=android.window.IOnBackInvokedCallback$Stub$Proxy@b6beae5, mPriority=0, mIsAnimationCallback=false}
05-30 14:03:29.603 I/update_engine( 622): [INFO:cleanup_previous_update_action.cc(112)] Executing task 8
05-30 14:03:29.604 V/GraphicsEnvironment( 1510): angle_gl_driver_selection_values=[]
05-30 14:03:29.604 D/CompatibilityChangeReporter( 692): Compat change id reported: 261072174; UID 10052; state: ENABLED
05-30 14:03:29.605 D/CompatibilityChangeReporter( 692): Compat change id reported: 161145287; UID 10039; state: DISABLED
05-30 14:03:29.605 V/GraphicsEnvironment( 1510): ANGLE GameManagerService for com.oranth.ledstatus: false
05-30 14:03:29.605 I/DefaultIMS( 1455): onInitializeInterface:
05-30 14:03:29.605 V/GraphicsEnvironment( 1510): com.oranth.ledstatus is not listed in per-application setting
05-30 14:03:29.608 V/GraphicsEnvironment( 1510): Neither updatable production driver nor prerelease driver is supported.
05-30 14:03:29.610 V/PickerDatabaseHelper( 1434): onConfigure() for picker.db
05-30 14:03:29.615 I/update_engine( 622): [INFO:cleanup_previous_update_action.cc(189)] Boot completed, waiting on markBootSuccessful()
05-30 14:03:29.623 D/PickerSyncController( 1434): Cloud-Media-in-Photo-Picker feature is disabled during PickerSyncController construction.
05-30 14:03:29.633 I/InputModelManager( 1455): mLanguageId+0 mInputType=0mChInputType=2
05-30 14:03:29.634 D/PickerSyncController( 1434): Updated cloud provider to: null
05-30 14:03:29.634 D/PickerSyncController( 1434): Ignoring cache media info for null authority with bundle: null
05-30 14:03:29.634 I/nw ( 1455): loadKeyData: loadLanguageInfoSuccess ? true
05-30 14:03:29.634 I/InputModelManager( 1455): getCurrentLanguageBean inputMode languageId:0
05-30 14:03:29.635 I/nw ( 1455): onChanged: languageResStatusBean=Language load status:
05-30 14:03:29.635 I/nw ( 1455): {}
05-30 14:03:29.638 I/ActivityManager( 692): com.oranth.storage is exempt from freezer
05-30 14:03:29.639 D/CompatibilityChangeReporter( 692): Compat change id reported: 135634846; UID 1000; state: DISABLED
05-30 14:03:29.644 I/InputModelManager( 1455): getCurrentLanguageBean inputMode languageId:0
05-30 14:03:29.649 I/update_engine( 622): [INFO:snapshot.cpp(3835)] EnsureMetadataMounted does nothing in Android mode.
05-30 14:03:29.650 D/MediaCodecList( 1434): codecHandlesFormat: no format, so no extra checks
05-30 14:03:29.650 I/LanguageResManager( 1455): prepareResource onSuccess:
05-30 14:03:29.650 D/MediaCodecList( 1434): codecHandlesFormat: no format, so no extra checks
05-30 14:03:29.652 I/aaa ( 1510): BootCompleteService is start !!!
05-30 14:03:29.653 D/InputSurface( 1455): initView:
05-30 14:03:29.653 I/MainPresenter( 1455): initView:
05-30 14:03:29.654 D/MainLayer( 1455): initView:
05-30 14:03:29.654 W/ContextImpl( 1510): Calling a method in the system process without a qualified user: android.app.ContextImpl.startService:1899 android.content.ContextWrapper.startService:825 android.content.ContextWrapper.startService:825 com.oranth.ledstatus.BootCompletedReceiver.onReceive:15 android.app.ActivityThread.handleReceiver:4494
05-30 14:03:29.655 D/BodyAreaPresenter( 1455): initView:
05-30 14:03:29.656 W/AppSearchIcing( 692): icing-search-engine.cc:283: Error: 5, Message: Missing file: /data/system_ce/0/appsearch/icing/schema_dir/schema.pb
05-30 14:03:29.658 I/LanguageResManager( 1455): prepareResource onSuccess:
05-30 14:03:29.658 W/AppSearchIcing( 692): icing-search-engine.cc:283: Error: 5, Message: Missing file: /data/system_ce/0/appsearch/icing/schema_dir/schema.pb
05-30 14:03:29.664 D/CCodec ( 1434): allocate(c2.amlogic.hevc.decoder)
05-30 14:03:29.665 D/Zygote ( 465): Forked child process 1578
05-30 14:03:29.666 I/ActivityManager( 692): Start proc 1578:com.oranth.storage/1000 for broadcast {com.oranth.storage/com.oranth.storage.BootCompletedReceiver}
05-30 14:03:29.669 I/Codec2Client( 1434): Available Codec2 services: "default" "software"
05-30 14:03:29.670 D/aaa ( 1510): onCreate()
05-30 14:03:29.671 I/CCodec ( 1434): setting up 'default' as default (vendor) store
05-30 14:03:29.672 I/Zygote ( 1578): seccomp disabled by setenforce 0
05-30 14:03:29.674 I/C2VendorComponentStore( 482): C2VendorComponentStore::createComponent name c2.amlogic.hevc.decoder
05-30 14:03:29.674 I/C2VendorComponentStore( 482): findComponent
05-30 14:03:29.674 I/C2VendorComponentStore( 482): C2VendorComponentStore::createComponent fetchModule
05-30 14:03:29.674 I/C2VendorComponentStore( 482): localModule libpath libcodec2_aml_video_decoder.so 2
05-30 14:03:29.674 V/C2VendorComponentStore( 482): Loading dll
05-30 14:03:29.675 I/C2VendorComponentStore( 482): in init ===> start codec:2 secure:0 isAudio:0
05-30 14:03:29.675 V/C2VendorComponentStore( 482): init libPath:libcodec2_aml_video_decoder.so --> isAudio:0, createFactoryName:CreateC2VdecH265Factory
05-30 14:03:29.675 V/C2VdecComponent( 482): create component H265 secure:0
05-30 14:03:29.675 I/C2VendorComponentStore( 482): GetCodec2VendorComponentStore, line:861
05-30 14:03:29.675 W/C2VdecComponent( 482): Initialize() instances: 0
05-30 14:03:29.675 E/C2VdecCodecConfig( 482): c2.amlogic.hevc.decoder can support 4K
05-30 14:03:29.675 I/update_engine( 622): [INFO:cleanup_previous_update_action.cc(261)] Waiting for any previous merge request to complete. This can take up to several minutes.
05-30 14:03:29.676 I/C2VdecCodecConfig( 482): isCodecSupportHdr10Plus hdr10:(0)
05-30 14:03:29.676 E/C2VdecCodecConfig( 482): can support 8K
05-30 14:03:29.676 I/C2VdecComponentIntfImpl( 482): [onHdrDeclareParam:1048] mSupportHdr10Plus 0
05-30 14:03:29.677 I/C2VdecComponentIntfImpl( 482): not set prop not support 10bit
05-30 14:03:29.680 I/C2VdecComponent( 482): [1##-1]"Create C2VdecComponent(c2.amlogic.hevc.decoder)"
05-30 14:03:29.679 I/.oranth.storage( 1578): Late-enabling -Xcheck:jni
