05-30 14:03:28.879 D/SystemServerTimingAsync( 692): ssm.onUnlockingUser-0_com.android.server.wallpaper.WallpaperManagerService$Lifecycle
05-30 14:03:28.879 D/SystemServerTimingAsync( 692): ssm.onUnlockingUser-0_com.android.server.wallpapereffectsgeneration.WallpaperEffectsGenerationManagerService
05-30 14:03:28.879 D/SystemServerTimingAsync( 692): ssm.onUnlockingUser-0_com.android.server.audio.AudioService$Lifecycle
05-30 14:03:28.879 D/SystemServerTimingAsync( 692): ssm.onUnlockingUser-0_com.android.server.soundtrigger_middleware.SoundTriggerMiddlewareService$Lifecycle
05-30 14:03:28.879 D/SystemServerTimingAsync( 692): ssm.onUnlockingUser-0_com.android.server.adb.AdbService$Lifecycle
05-30 14:03:28.879 D/SystemServerTimingAsync( 692): ssm.onUnlockingUser-0_com.android.server.usb.UsbService$Lifecycle
05-30 14:03:28.880 I/StorageManagerService( 692): Mounting volume VolumeInfo{emulated;0}:
05-30 14:03:28.880 I/StorageManagerService( 692): type=EMULATED diskId=null partGuid= mountFlags=PRIMARY|VISIBLE_FOR_WRITE
05-30 14:03:28.880 I/StorageManagerService( 692): mountUserId=0 state=UNMOUNTED
05-30 14:03:28.880 I/StorageManagerService( 692): fsType=null fsUuid=null fsLabel=null
05-30 14:03:28.880 I/StorageManagerService( 692): path=null internalPath=null
05-30 14:03:28.881 I/vold ( 246): Mounting emulated fuse volume
05-30 14:03:28.881 D/WakeupConfigStoreData( 692): WifiWake user data has been read
05-30 14:03:28.883 D/WifiConfigStore( 692): Reading from user stores completed in 4 ms.
05-30 14:03:28.883 D/SystemServerTimingAsync( 692): ssm.onUnlockingUser-0_com.android.server.twilight.TwilightService
05-30 14:03:28.883 D/SystemServerTimingAsync( 692): ssm.onUnlockingUser-0_com.android.server.display.color.ColorDisplayService
05-30 14:03:28.883 D/SystemServerTimingAsync( 692): ssm.onUnlockingUser-0_com.android.server.job.JobSchedulerService
05-30 14:03:28.883 D/SystemServerTimingAsync( 692): ssm.onUnlockingUser-0_com.android.server.soundtrigger.SoundTriggerService
05-30 14:03:28.883 D/SystemServerTimingAsync( 692): ssm.onUnlockingUser-0_com.android.server.trust.TrustManagerService
05-30 14:03:28.883 D/SystemServerTimingAsync( 692): ssm.onUnlockingUser-0_com.android.server.backup.BackupManagerService$Lifecycle
05-30 14:03:28.884 D/SystemServerTimingAsync( 692): ssm.onUnlockingUser-0_com.android.server.appwidget.AppWidgetService
05-30 14:03:28.884 D/SystemServerTimingAsync( 692): ssm.onUnlockingUser-0_com.android.server.voiceinteraction.VoiceInteractionManagerService
05-30 14:03:28.884 W/VoiceInteractionManager( 692): no available voice recognition services found for user 0
05-30 14:03:28.884 I/BackupManagerService( 692): Starting service for user: 0
05-30 14:03:28.886 D/SystemServerTimingAsync( 692): ssm.onUnlockingUser-0_com.android.server.GestureLauncherService
05-30 14:03:28.886 D/SystemServerTimingAsync( 692): ssm.onUnlockingUser-0_com.android.server.SensorNotificationService
05-30 14:03:28.886 D/SystemServerTimingAsync( 692): ssm.onUnlockingUser-0_com.android.server.emergency.EmergencyAffordanceService
05-30 14:03:28.886 D/SystemServerTimingAsync( 692): ssm.onUnlockingUser-0_com.android.server.blob.BlobStoreManagerService
05-30 14:03:28.886 D/SystemServerTimingAsync( 692): ssm.onUnlockingUser-0_com.android.server.dreams.DreamManagerService
05-30 14:03:28.886 D/SystemServerTimingAsync( 692): ssm.onUnlockingUser-0_com.android.server.security.AttestationVerificationManagerService
05-30 14:03:28.886 D/SystemServerTimingAsync( 692): ssm.onUnlockingUser-0_com.android.server.restrictions.RestrictionsManagerService
05-30 14:03:28.886 D/SystemServerTimingAsync( 692): ssm.onUnlockingUser-0_com.android.server.media.MediaSessionService
05-30 14:03:28.886 D/SystemServerTimingAsync( 692): ssm.onUnlockingUser-0_com.android.server.hdmi.HdmiControlService
05-30 14:03:28.886 D/SystemServerTimingAsync( 692): ssm.onUnlockingUser-0_com.android.server.tv.interactive.TvInteractiveAppManagerService
05-30 14:03:28.886 D/SystemServerTimingAsync( 692): ssm.onUnlockingUser-0_com.android.server.tv.TvInputManagerService
05-30 14:03:28.886 D/SystemServerTimingAsync( 692): ssm.onUnlockingUser-0_com.android.server.media.MediaResourceMonitorService
05-30 14:03:28.886 D/SystemServerTimingAsync( 692): ssm.onUnlockingUser-0_com.android.server.tv.TvRemoteService
05-30 14:03:28.886 D/SystemServerTimingAsync( 692): ssm.onUnlockingUser-0_com.android.server.biometrics.BiometricService
05-30 14:03:28.886 D/SystemServerTimingAsync( 692): ssm.onUnlockingUser-0_com.android.server.biometrics.AuthService
05-30 14:03:28.886 D/SystemServerTimingAsync( 692): ssm.onUnlockingUser-0_com.android.server.pm.ShortcutService$Lifecycle
05-30 14:03:28.887 W/BatteryExternalStatsWorker( 692): error reading modem stats:ERROR_PHONE_NOT_AVAILABLE
05-30 14:03:28.887 D/SystemServerTimingAsync( 692): ssm.onUnlockingUser-0_com.android.server.pm.LauncherAppsService
05-30 14:03:28.887 D/SystemServerTimingAsync( 692): ssm.onUnlockingUser-0_com.android.server.pm.CrossProfileAppsService
05-30 14:03:28.887 D/SystemServerTimingAsync( 692): ssm.onUnlockingUser-0_com.android.server.people.PeopleService
05-30 14:03:28.887 D/SystemServerTimingAsync( 692): ssm.onUnlockingUser-0_com.android.server.media.metrics.MediaMetricsManagerService
05-30 14:03:28.887 D/SystemServerTimingAsync( 692): ssm.onUnlockingUser-0_com.android.server.pm.BackgroundInstallControlService
05-30 14:03:28.887 D/SystemServerTimingAsync( 692): ssm.onUnlockingUser-0_com.android.server.media.projection.MediaProjectionManagerService
05-30 14:03:28.887 D/SystemServerTimingAsync( 692): ssm.onUnlockingUser-0_com.android.server.slice.SliceManagerService$Lifecycle
05-30 14:03:28.887 D/SystemServerTimingAsync( 692): ssm.onUnlockingUser-0_com.android.server.stats.StatsCompanion$Lifecycle
05-30 14:03:28.887 D/SystemServerTimingAsync( 692): ssm.onUnlockingUser-0_com.android.server.scheduling.RebootReadinessManagerService$Lifecycle
05-30 14:03:28.887 D/SystemServerTimingAsync( 692): ssm.onUnlockingUser-0_com.android.server.stats.pull.StatsPullAtomService
05-30 14:03:28.887 D/SystemServerTimingAsync( 692): ssm.onUnlockingUser-0_com.android.server.stats.bootstrap.StatsBootstrapAtomService$Lifecycle
05-30 14:03:28.887 D/SystemServerTimingAsync( 692): ssm.onUnlockingUser-0_com.android.server.incident.IncidentCompanionService
05-30 14:03:28.887 D/SystemServerTimingAsync( 692): ssm.onUnlockingUser-0_com.android.server.sdksandbox.SdkSandboxManagerService$Lifecycle
05-30 14:03:28.887 I/SdkSandboxManager( 692): onUserUnlocking 0
05-30 14:03:28.888 D/SystemServerTimingAsync( 692): ssm.onUnlockingUser-0_com.android.server.adservices.AdServicesManagerService$Lifecycle
05-30 14:03:28.888 D/SystemServerTimingAsync( 692): ssm.onUnlockingUser-0_com.android.server.ondevicepersonalization.OnDevicePersonalizationSystemService$Lifecycle
05-30 14:03:28.888 D/SystemServerTimingAsync( 692): ssm.onUnlockingUser-0_com.android.server.autofill.AutofillManagerService
05-30 14:03:28.888 W/BatteryExternalStatsWorker( 692): error reading Bluetooth stats: 11
05-30 14:03:28.888 V/BackupManagerService( 692): [UserID:0] Starting with transport com.android.localtransport/.LocalTransport
05-30 14:03:28.889 D/SystemServerTimingAsync( 692): ssm.onUnlockingUser-0_com.android.server.clipboard.ClipboardService
05-30 14:03:28.889 D/SystemServerTimingAsync( 692): ssm.onUnlockingUser-0_com.android.server.appbinding.AppBindingService$Lifecycle
05-30 14:03:28.889 W/AppBindingService( 692): [Default SMS app] u0 Target package not found
05-30 14:03:28.889 D/SystemServerTimingAsync( 692): ssm.onUnlockingUser-0_com.android.server.tracing.TracingServiceProxy
05-30 14:03:28.890 D/SystemServerTimingAsync( 692): ssm.onUnlockingUser-0_com.android.server.policy.PermissionPolicyService
05-30 14:03:28.890 D/SystemServerTimingAsync( 692): ssm.onUnlockingUser-0_com.android.server.pm.StagingManager$Lifecycle
05-30 14:03:28.890 D/SystemServerTimingAsync( 692): ssm.onUnlockingUser-0_com.android.server.app.GameManagerService$Lifecycle
05-30 14:03:28.890 D/SystemServerTimingAsync( 692): ssm.onUnlockingUser-0_com.android.safetycenter.SafetyCenterService
05-30 14:03:28.890 D/SystemServerTimingAsync( 692): ssm.onUnlockingUser-0_com.android.server.appsearch.AppSearchModule$Lifecycle
05-30 14:03:28.890 D/CompatibilityChangeReporter( 692): Compat change id reported: 261072174; UID 1000; state: ENABLED
05-30 14:03:28.890 I/vold ( 246): Bind mounting /data/media to /mnt/pass_through/0/emulated
05-30 14:03:28.893 I/StorageSessionController( 692): On volume mount VolumeInfo{emulated;0}:
05-30 14:03:28.893 I/StorageSessionController( 692): type=EMULATED diskId=null partGuid= mountFlags=PRIMARY|VISIBLE_FOR_WRITE
05-30 14:03:28.893 I/StorageSessionController( 692): mountUserId=0 state=CHECKING
05-30 14:03:28.893 I/StorageSessionController( 692): fsType=null fsUuid=null fsLabel=null
05-30 14:03:28.893 I/StorageSessionController( 692): path=/storage/emulated internalPath=/data/media
05-30 14:03:28.894 D/BackupManagerService( 692): [UserID:0] Started thread backup-0
05-30 14:03:28.896 D/WifiConfigStore( 692): Writing to stores completed in 12 ms.
05-30 14:03:28.897 I/AppSearchUserInstanceMa( 692): Creating new AppSearch instance at: /data/system_ce/0/appsearch/icing
05-30 14:03:28.899 I/StorageSessionController( 692): Creating connection for user: 0
05-30 14:03:28.900 I/StorageSessionController( 692): Creating and starting session with id: emulated;0
05-30 14:03:28.900 I/StorageUserConnection( 692): Binding to the ExternalStorageService for user 0
05-30 14:03:28.904 D/CompatibilityChangeReporter( 692): Compat change id reported: 135634846; UID 10068; state: DISABLED
05-30 14:03:28.905 D/CompatibilityChangeReporter( 692): Compat change id reported: 143937733; UID 10068; state: ENABLED
05-30 14:03:28.905 I/StorageUserConnection( 692): Bound to the ExternalStorageService for user 0
05-30 14:03:28.905 D/SystemServerTimingAsync( 692): ssm.onUnlockingUser-0_com.android.server.media.MediaCommunicationService
05-30 14:03:28.905 D/SystemServerTimingAsync( 692): ssm.onUnlockingUser-0_com.android.server.compat.overrides.AppCompatOverridesService$Lifecycle
05-30 14:03:28.905 D/SystemServerTimingAsync( 692): ssm.onUnlockingUser-0_com.android.server.healthconnect.HealthConnectManagerService
05-30 14:03:28.905 D/SystemServerTimingAsync( 692): ssm.onUnlockingUser-0_com.android.server.devicelock.DeviceLockService
05-30 14:03:28.905 D/DeviceLockService( 692): onUserUnlocking
05-30 14:03:28.906 D/SystemServerTiming( 692): finishUserUnlocked-0
05-30 14:03:28.906 I/ActivityManager( 692): User 0 state changed from RUNNING_UNLOCKING to RUNNING_UNLOCKED
05-30 14:03:28.907 V/SystemServerTiming( 692): SystemUserUnlock took to complete: 338ms
05-30 14:03:28.908 I/ActivityManager( 692): com.dangbei.lerad.etna.haqu is exempt from freezer
05-30 14:03:28.909 D/CompatibilityChangeReporter( 692): Compat change id reported: 135634846; UID 1000; state: DISABLED
05-30 14:03:28.910 I/ActivityTaskManager( 692): Loading recents for user 0 into memory.
05-30 14:03:28.912 W/BroadcastLoopers( 692): Found previously unknown looper Thread[ActivityManager,5,main]
05-30 14:03:28.913 I/ActivityManager( 692): Posting BOOT_COMPLETED user #0
05-30 14:03:28.914 D/SystemServerTimingAsync( 692): ssm.UnlockedUser-0
05-30 14:03:28.914 I/SystemServiceManager( 692): Calling onUnlockedUser 0
05-30 14:03:28.914 D/SystemServerTimingAsync( 692): ssm.onUnlockedUser-0_com.android.server.security.FileIntegrityService
05-30 14:03:28.914 D/SystemServerTimingAsync( 692): ssm.onUnlockedUser-0_com.android.server.pm.Installer
05-30 14:03:28.915 D/SystemServerTimingAsync( 692): ssm.onUnlockedUser-0_com.android.server.os.DeviceIdentifiersPolicyService
05-30 14:03:28.915 D/SystemServerTimingAsync( 692): ssm.onUnlockedUser-0_com.android.server.flags.FeatureFlagsService
05-30 14:03:28.915 D/SystemServerTimingAsync( 692): ssm.onUnlockedUser-0_com.android.server.uri.UriGrantsManagerService$Lifecycle
05-30 14:03:28.915 D/SystemServerTimingAsync( 692): ssm.onUnlockedUser-0_com.android.server.powerstats.PowerStatsService
05-30 14:03:28.915 D/SystemServerTimingAsync( 692): ssm.onUnlockedUser-0_com.android.server.permission.access.AccessCheckingService
05-30 14:03:28.915 D/SystemServerTimingAsync( 692): ssm.onUnlockedUser-0_com.android.server.wm.ActivityTaskManagerService$Lifecycle
05-30 14:03:28.919 I/SELinux ( 692): SELinux: Loaded file context from:
05-30 14:03:28.920 I/SELinux ( 692): /system/etc/selinux/plat_file_contexts
05-30 14:03:28.920 V/PackageConfigPersister( 692): loadPackages: empty list files from /data/system_ce/0/package_configs
05-30 14:03:28.920 I/LaunchParamsPersister( 692): Didn't find launch param folder for user 0
05-30 14:03:28.921 D/SystemServerTimingAsync( 692): ssm.onUnlockedUser-0_com.android.server.am.ActivityManagerService$Lifecycle
05-30 14:03:28.921 D/SystemServerTimingAsync( 692): ssm.onUnlockedUser-0_com.android.server.pm.DataLoaderManagerService
05-30 14:03:28.921 D/SystemServerTimingAsync( 692): ssm.onUnlockedUser-0_com.android.server.power.PowerManagerService
05-30 14:03:28.921 D/SystemServerTimingAsync( 692): ssm.onUnlockedUser-0_com.android.server.power.ThermalManagerService
05-30 14:03:28.921 D/SystemServerTimingAsync( 692): ssm.onUnlockedUser-0_com.android.server.power.hint.HintManagerService
05-30 14:03:28.921 D/SystemServerTimingAsync( 692): ssm.onUnlockedUser-0_com.android.server.recoverysystem.RecoverySystemService$Lifecycle
05-30 14:03:28.921 D/SystemServerTimingAsync( 692): ssm.onUnlockedUser-0_com.android.server.lights.LightsService
05-30 14:03:28.921 D/SystemServerTimingAsync( 692): ssm.onUnlockedUser-0_com.android.server.display.DisplayManagerService
05-30 14:03:28.921 D/SystemServerTimingAsync( 692): ssm.onUnlockedUser-0_com.android.server.pm.verify.domain.DomainVerificationService
05-30 14:03:28.921 D/SystemServerTimingAsync( 692): ssm.onUnlockedUser-0_com.android.server.pm.PackageInstallerService$Lifecycle
05-30 14:03:28.921 D/SystemServerTimingAsync( 692): ssm.onUnlockedUser-0_com.android.server.pm.UserManagerService$LifeCycle
05-30 14:03:28.921 D/SystemServerTimingAsync( 692): ssm.onUnlockedUser-0_com.android.server.om.OverlayManagerService
05-30 14:03:28.921 D/SystemServerTimingAsync( 692): ssm.onUnlockedUser-0_com.android.server.resources.ResourcesManagerService
05-30 14:03:28.921 D/SystemServerTimingAsync( 692): ssm.onUnlockedUser-0_com.android.server.sensorprivacy.SensorPrivacyService
05-30 14:03:28.921 D/SystemServerTimingAsync( 692): ssm.onUnlockedUser-0_com.android.server.sensors.SensorService
05-30 14:03:28.921 D/SystemServerTimingAsync( 692): ssm.onUnlockedUser-0_com.android.server.SystemConfigService
05-30 14:03:28.921 D/SystemServerTimingAsync( 692): ssm.onUnlockedUser-0_com.android.server.BatteryService
05-30 14:03:28.921 D/SystemServerTimingAsync( 692): ssm.onUnlockedUser-0_com.android.server.usage.UsageStatsService
05-30 14:03:28.921 D/SystemServerTimingAsync( 692): ssm.onUnlockedUser-0_com.android.server.webkit.WebViewUpdateService
05-30 14:03:28.921 D/SystemServerTimingAsync( 692): ssm.onUnlockedUser-0_com.android.server.CachedDeviceStateService
05-30 14:03:28.921 D/SystemServerTimingAsync( 692): ssm.onUnlockedUser-0_com.android.server.BinderCallsStatsService$LifeCycle
05-30 14:03:28.921 D/SystemServerTimingAsync( 692): ssm.onUnlockedUser-0_com.android.server.LooperStatsService$Lifecycle
05-30 14:03:28.921 D/SystemServerTimingAsync( 692): ssm.onUnlockedUser-0_com.android.server.rollback.RollbackManagerService
05-30 14:03:28.921 D/SystemServerTimingAsync( 692): ssm.onUnlockedUser-0_com.android.server.os.NativeTombstoneManagerService
05-30 14:03:28.921 D/SystemServerTimingAsync( 692): ssm.onUnlockedUser-0_com.android.server.os.BugreportManagerService
05-30 14:03:28.921 D/SystemServerTimingAsync( 692): ssm.onUnlockedUser-0_com.android.server.gpu.GpuService
05-30 14:03:28.921 D/SystemServerTimingAsync( 692): ssm.onUnlockedUser-0_com.android.server.security.rkp.RemoteProvisioningService
05-30 14:03:28.921 D/SystemServerTimingAsync( 692): ssm.onUnlockedUser-0_com.android.server.security.KeyChainSystemService
05-30 14:03:28.921 D/SystemServerTimingAsync( 692): ssm.onUnlockedUser-0_com.android.server.BinaryTransparencyService
05-30 14:03:28.921 D/SystemServerTimingAsync( 692): ssm.onUnlockedUser-0_com.android.server.accounts.AccountManagerService$Lifecycle
05-30 14:03:28.921 D/SystemServerTimingAsync( 692): ssm.onUnlockedUser-0_com.android.server.content.ContentService$Lifecycle
05-30 14:03:28.921 D/SystemServerTimingAsync( 692): ssm.onUnlockedUser-0_com.android.server.deviceconfig.DeviceConfigInit$Lifecycle
05-30 14:03:28.921 D/SystemServerTimingAsync( 692): ssm.onUnlockedUser-0_com.android.server.DropBoxManagerService
05-30 14:03:28.921 D/SystemServerTimingAsync( 692): ssm.onUnlockedUser-0_com.android.role.RoleService
05-30 14:03:28.921 D/SystemServerTimingAsync( 692): ssm.onUnlockedUser-0_com.android.server.vibrator.VibratorManagerService$Lifecycle
05-30 14:03:28.921 D/SystemServerTimingAsync( 692): ssm.onUnlockedUser-0_com.android.server.tare.InternalResourceService
05-30 14:03:28.921 D/SystemServerTimingAsync( 692): ssm.onUnlockedUser-0_com.android.server.alarm.AlarmManagerService
05-30 14:03:28.921 D/SystemServerTimingAsync( 692): ssm.onUnlockedUser-0_com.android.server.devicestate.DeviceStateManagerService
05-30 14:03:28.921 D/SystemServerTimingAsync( 692): ssm.onUnlockedUser-0_com.android.server.camera.CameraServiceProxy
05-30 14:03:28.921 D/SystemServerTimingAsync( 692): ssm.onUnlockedUser-0_com.android.server.bluetooth.BluetoothService
05-30 14:03:28.921 D/SystemServerTimingAsync( 692): ssm.onUnlockedUser-0_com.android.server.connectivity.IpConnectivityMetrics
05-30 14:03:28.921 D/SystemServerTimingAsync( 692): ssm.onUnlockedUser-0_com.android.server.net.watchlist.NetworkWatchlistService$Lifecycle
05-30 14:03:28.921 D/SystemServerTimingAsync( 692): ssm.onUnlockedUser-0_com.android.server.PinnerService
05-30 14:03:28.921 D/SystemServerTimingAsync( 692): ssm.onUnlockedUser-0_com.android.server.integrity.AppIntegrityManagerService
05-30 14:03:28.922 D/SystemServerTimingAsync( 692): ssm.onUnlockedUser-0_com.android.server.logcat.LogcatManagerService
05-30 14:03:28.922 D/SystemServerTimingAsync( 692): ssm.onUnlockedUser-0_com.android.server.inputmethod.InputMethodManagerService$Lifecycle
05-30 14:03:28.922 D/SystemServerTimingAsync( 692): ssm.onUnlockedUser-0_com.android.server.accessibility.AccessibilityManagerService$Lifecycle
05-30 14:03:28.922 D/SystemServerTimingAsync( 692): ssm.onUnlockedUser-0_com.android.server.StorageManagerService$Lifecycle
05-30 14:03:28.922 D/SystemServerTimingAsync( 692): ssm.onUnlockedUser-0_com.android.server.usage.StorageStatsService$Lifecycle
05-30 14:03:28.922 D/SystemServerTimingAsync( 692): ssm.onUnlockedUser-0_com.android.server.UiModeManagerService
05-30 14:03:28.922 D/SystemServerTimingAsync( 692): ssm.onUnlockedUser-0_com.android.server.locales.LocaleManagerService
05-30 14:03:28.922 D/SystemServerTimingAsync( 692): ssm.onUnlockedUser-0_com.android.server.grammaticalinflection.GrammaticalInflectionService
05-30 14:03:28.922 D/SystemServerTimingAsync( 692): ssm.onUnlockedUser-0_com.android.server.apphibernation.AppHibernationService
05-30 14:03:28.922 D/SystemServerTimingAsync( 692): ssm.onUnlockedUser-0_com.android.server.locksettings.LockSettingsService$Lifecycle
05-30 14:03:28.922 D/SystemServerTimingAsync( 692): ssm.onUnlockedUser-0_com.android.server.PersistentDataBlockService
05-30 14:03:28.922 D/SystemServerTimingAsync( 692): ssm.onUnlockedUser-0_com.android.server.testharness.TestHarnessModeService
05-30 14:03:28.922 D/SystemServerTimingAsync( 692): ssm.onUnlockedUser-0_com.android.server.oemlock.OemLockService
05-30 14:03:28.922 D/SystemServerTimingAsync( 692): ssm.onUnlockedUser-0_com.android.server.DeviceIdleController
05-30 14:03:28.922 D/SystemServerTimingAsync( 692): ssm.onUnlockedUser-0_com.android.server.devicepolicy.DevicePolicyManagerService$Lifecycle
05-30 14:03:28.922 D/SystemServerTimingAsync( 692): ssm.onUnlockedUser-0_com.android.server.texttospeech.TextToSpeechManagerService
05-30 14:03:28.922 D/SystemServerTimingAsync( 692): ssm.onUnlockedUser-0_com.android.server.ambientcontext.AmbientContextManagerService
05-30 14:03:28.922 D/SystemServerTimingAsync( 692): ssm.onUnlockedUser-0_com.android.server.wearable.WearableSensingManagerService
05-30 14:03:28.922 D/SystemServerTimingAsync( 692): ssm.onUnlockedUser-0_com.android.server.speech.SpeechRecognitionManagerService
05-30 14:03:28.922 D/SystemServerTimingAsync( 692): ssm.onUnlockedUser-0_com.android.server.searchui.SearchUiManagerService
05-30 14:03:28.922 D/SystemServerTimingAsync( 692): ssm.onUnlockedUser-0_com.android.server.smartspace.SmartspaceManagerService
05-30 14:03:28.922 D/SystemServerTimingAsync( 692): ssm.onUnlockedUser-0_com.android.server.graphics.fonts.FontManagerService$Lifecycle
05-30 14:03:28.922 D/SystemServerTimingAsync( 692): ssm.onUnlockedUser-0_com.android.server.textservices.TextServicesManagerService$Lifecycle
05-30 14:03:28.922 D/SystemServerTimingAsync( 692): ssm.onUnlockedUser-0_com.android.server.textclassifier.TextClassificationManagerService$Lifecycle
05-30 14:03:28.922 D/SystemServerTimingAsync( 692): ssm.onUnlockedUser-0_com.android.server.NetworkScoreService$Lifecycle
05-30 14:03:28.922 D/SystemServerTimingAsync( 692): ssm.onUnlockedUser-0_com.android.server.NetworkStatsServiceInitializer
05-30 14:03:28.922 D/SystemServerTimingAsync( 692): ssm.onUnlockedUser-0_com.android.server.wifi.WifiService
05-30 14:03:28.922 D/SystemServerTimingAsync( 692): ssm.onUnlockedUser-0_com.android.server.wifi.scanner.WifiScanningService
05-30 14:03:28.922 D/SystemServerTimingAsync( 692): ssm.onUnlockedUser-0_com.android.server.wifi.p2p.WifiP2pService
05-30 14:03:28.922 D/SystemServerTimingAsync( 692): ssm.onUnlockedUser-0_com.android.server.ConnectivityServiceInitializer
05-30 14:03:28.922 D/SystemServerTimingAsync( 692): ssm.onUnlockedUser-0_com.android.server.notification.NotificationManagerService
05-30 14:03:28.922 D/SystemServerTimingAsync( 692): ssm.onUnlockedUser-0_com.android.server.storage.DeviceStorageMonitorService
05-30 14:03:28.922 D/SystemServerTimingAsync( 692): ssm.onUnlockedUser-0_com.android.server.timedetector.TimeDetectorService$Lifecycle
05-30 14:03:28.922 D/SystemServerTimingAsync( 692): ssm.onUnlockedUser-0_com.android.server.location.LocationManagerService$Lifecycle
05-30 14:03:28.922 D/SystemServerTimingAsync( 692): ssm.onUnlockedUser-0_com.android.server.timezonedetector.TimeZoneDetectorService$Lifecycle
05-30 14:03:28.922 D/SystemServerTimingAsync( 692): ssm.onUnlockedUser-0_com.android.server.location.altitude.AltitudeService$Lifecycle
05-30 14:03:28.922 D/SystemServerTimingAsync( 692): ssm.onUnlockedUser-0_com.android.server.timezonedetector.location.LocationTimeZoneManagerService$Lifecycle
05-30 14:03:28.922 D/SystemServerTimingAsync( 692): ssm.onUnlockedUser-0_com.android.server.search.SearchManagerService$Lifecycle
05-30 14:03:28.922 D/SystemServerTimingAsync( 692): ssm.onUnlockedUser-0_com.android.server.wallpaper.WallpaperManagerService$Lifecycle
05-30 14:03:28.922 D/SystemServerTimingAsync( 692): ssm.onUnlockedUser-0_com.android.server.wallpapereffectsgeneration.WallpaperEffectsGenerationManagerService
05-30 14:03:28.922 D/SystemServerTimingAsync( 692): ssm.onUnlockedUser-0_com.android.server.audio.AudioService$Lifecycle
05-30 14:03:28.922 D/SystemServerTimingAsync( 692): ssm.onUnlockedUser-0_com.android.server.soundtrigger_middleware.SoundTriggerMiddlewareService$Lifecycle
05-30 14:03:28.922 I/NotificationHistory( 692): Attempted to unlock gone/disabled user 0
05-30 14:03:28.923 I/SELinux ( 692): /system_ext/etc/selinux/system_ext_file_contexts
05-30 14:03:28.923 D/SystemServerTimingAsync( 692): ssm.onUnlockedUser-0_com.android.server.adb.AdbService$Lifecycle
05-30 14:03:28.923 D/SystemServerTimingAsync( 692): ssm.onUnlockedUser-0_com.android.server.usb.UsbService$Lifecycle
05-30 14:03:28.923 D/SystemServerTimingAsync( 692): ssm.onUnlockedUser-0_com.android.server.twilight.TwilightService
05-30 14:03:28.923 D/SystemServerTimingAsync( 692): ssm.onUnlockedUser-0_com.android.server.display.color.ColorDisplayService
05-30 14:03:28.923 D/SystemServerTimingAsync( 692): ssm.onUnlockedUser-0_com.android.server.job.JobSchedulerService
05-30 14:03:28.923 D/SystemServerTimingAsync( 692): ssm.onUnlockedUser-0_com.android.server.soundtrigger.SoundTriggerService
05-30 14:03:28.923 D/SystemServerTimingAsync( 692): ssm.onUnlockedUser-0_com.android.server.trust.TrustManagerService
05-30 14:03:28.923 D/SystemServerTimingAsync( 692): ssm.onUnlockedUser-0_com.android.server.backup.BackupManagerService$Lifecycle
05-30 14:03:28.923 D/SystemServerTimingAsync( 692): ssm.onUnlockedUser-0_com.android.server.appwidget.AppWidgetService
05-30 14:03:28.923 D/SystemServerTimingAsync( 692): ssm.onUnlockedUser-0_com.android.server.voiceinteraction.VoiceInteractionManagerService
05-30 14:03:28.923 D/SystemServerTimingAsync( 692): ssm.onUnlockedUser-0_com.android.server.GestureLauncherService
05-30 14:03:28.923 D/SystemServerTimingAsync( 692): ssm.onUnlockedUser-0_com.android.server.SensorNotificationService
05-30 14:03:28.923 D/SystemServerTimingAsync( 692): ssm.onUnlockedUser-0_com.android.server.emergency.EmergencyAffordanceService
05-30 14:03:28.923 D/SystemServerTimingAsync( 692): ssm.onUnlockedUser-0_com.android.server.blob.BlobStoreManagerService
05-30 14:03:28.923 D/SystemServerTimingAsync( 692): ssm.onUnlockedUser-0_com.android.server.dreams.DreamManagerService
05-30 14:03:28.923 D/SystemServerTimingAsync( 692): ssm.onUnlockedUser-0_com.android.server.security.AttestationVerificationManagerService
05-30 14:03:28.923 D/SystemServerTimingAsync( 692): ssm.onUnlockedUser-0_com.android.server.restrictions.RestrictionsManagerService
05-30 14:03:28.923 D/SystemServerTimingAsync( 692): ssm.onUnlockedUser-0_com.android.server.media.MediaSessionService
05-30 14:03:28.923 D/SystemServerTimingAsync( 692): ssm.onUnlockedUser-0_com.android.server.hdmi.HdmiControlService
05-30 14:03:28.923 D/SystemServerTimingAsync( 692): ssm.onUnlockedUser-0_com.android.server.tv.interactive.TvInteractiveAppManagerService
05-30 14:03:28.923 D/SystemServerTimingAsync( 692): ssm.onUnlockedUser-0_com.android.server.tv.TvInputManagerService
05-30 14:03:28.923 D/SystemServerTimingAsync( 692): ssm.onUnlockedUser-0_com.android.server.media.MediaResourceMonitorService
05-30 14:03:28.923 D/SystemServerTimingAsync( 692): ssm.onUnlockedUser-0_com.android.server.tv.TvRemoteService
05-30 14:03:28.923 D/SystemServerTimingAsync( 692): ssm.onUnlockedUser-0_com.android.server.biometrics.BiometricService
05-30 14:03:28.923 D/SystemServerTimingAsync( 692): ssm.onUnlockedUser-0_com.android.server.biometrics.AuthService
05-30 14:03:28.923 D/SystemServerTimingAsync( 692): ssm.onUnlockedUser-0_com.android.server.pm.ShortcutService$Lifecycle
05-30 14:03:28.923 D/SystemServerTimingAsync( 692): ssm.onUnlockedUser-0_com.android.server.pm.LauncherAppsService
05-30 14:03:28.923 D/SystemServerTimingAsync( 692): ssm.onUnlockedUser-0_com.android.server.pm.CrossProfileAppsService
05-30 14:03:28.923 D/SystemServerTimingAsync( 692): ssm.onUnlockedUser-0_com.android.server.people.PeopleService
05-30 14:03:28.924 D/SystemServerTimingAsync( 692): ssm.onUnlockedUser-0_com.android.server.media.metrics.MediaMetricsManagerService
05-30 14:03:28.924 D/SystemServerTimingAsync( 692): ssm.onUnlockedUser-0_com.android.server.pm.BackgroundInstallControlService
05-30 14:03:28.924 D/SystemServerTimingAsync( 692): ssm.onUnlockedUser-0_com.android.server.media.projection.MediaProjectionManagerService
05-30 14:03:28.924 D/SystemServerTimingAsync( 692): ssm.onUnlockedUser-0_com.android.server.slice.SliceManagerService$Lifecycle
05-30 14:03:28.924 D/SystemServerTimingAsync( 692): ssm.onUnlockedUser-0_com.android.server.stats.StatsCompanion$Lifecycle
05-30 14:03:28.924 D/SystemServerTimingAsync( 692): ssm.onUnlockedUser-0_com.android.server.scheduling.RebootReadinessManagerService$Lifecycle
05-30 14:03:28.924 D/SystemServerTimingAsync( 692): ssm.onUnlockedUser-0_com.android.server.stats.pull.StatsPullAtomService
05-30 14:03:28.924 D/SystemServerTimingAsync( 692): ssm.onUnlockedUser-0_com.android.server.stats.bootstrap.StatsBootstrapAtomService$Lifecycle
05-30 14:03:28.924 D/SystemServerTimingAsync( 692): ssm.onUnlockedUser-0_com.android.server.incident.IncidentCompanionService
05-30 14:03:28.924 D/SystemServerTimingAsync( 692): ssm.onUnlockedUser-0_com.android.server.sdksandbox.SdkSandboxManagerService$Lifecycle
05-30 14:03:28.924 D/SystemServerTimingAsync( 692): ssm.onUnlockedUser-0_com.android.server.adservices.AdServicesManagerService$Lifecycle
05-30 14:03:28.924 D/SystemServerTimingAsync( 692): ssm.onUnlockedUser-0_com.android.server.ondevicepersonalization.OnDevicePersonalizationSystemService$Lifecycle
05-30 14:03:28.924 D/SystemServerTimingAsync( 692): ssm.onUnlockedUser-0_com.android.server.autofill.AutofillManagerService
05-30 14:03:28.925 D/SystemServerTimingAsync( 692): ssm.onUnlockedUser-0_com.android.server.clipboard.ClipboardService
05-30 14:03:28.925 D/SystemServerTimingAsync( 692): ssm.onUnlockedUser-0_com.android.server.appbinding.AppBindingService$Lifecycle
05-30 14:03:28.925 D/SystemServerTimingAsync( 692): ssm.onUnlockedUser-0_com.android.server.tracing.TracingServiceProxy
05-30 14:03:28.925 D/SystemServerTimingAsync( 692): ssm.onUnlockedUser-0_com.android.server.policy.PermissionPolicyService
05-30 14:03:28.925 D/SystemServerTimingAsync( 692): ssm.onUnlockedUser-0_com.android.server.pm.StagingManager$Lifecycle
05-30 14:03:28.925 D/SystemServerTimingAsync( 692): ssm.onUnlockedUser-0_com.android.server.app.GameManagerService$Lifecycle
05-30 14:03:28.925 D/SystemServerTimingAsync( 692): ssm.onUnlockedUser-0_com.android.safetycenter.SafetyCenterService
05-30 14:03:28.925 D/SystemServerTimingAsync( 692): ssm.onUnlockedUser-0_com.android.server.appsearch.AppSearchModule$Lifecycle
05-30 14:03:28.925 D/SystemServerTimingAsync( 692): ssm.onUnlockedUser-0_com.android.server.media.MediaCommunicationService
05-30 14:03:28.925 D/SystemServerTimingAsync( 692): ssm.onUnlockedUser-0_com.android.server.compat.overrides.AppCompatOverridesService$Lifecycle
05-30 14:03:28.925 D/SystemServerTimingAsync( 692): ssm.onUnlockedUser-0_com.android.server.healthconnect.HealthConnectManagerService
05-30 14:03:28.925 D/HealthConnectManagerService( 692): switchToSetupForUser: UserHandle{0}
05-30 14:03:28.925 D/HealthConnectBackupRestore( 692): Performing user switch operations.
05-30 14:03:28.925 D/AppWidgetServiceImpl( 692): Unable to load widget provider info from xml for ComponentInfo{com.android.deskclock/com.android.alarmclock.AnalogAppWidgetProvider}
05-30 14:03:28.926 D/AppWidgetServiceImpl( 692): Unable to load widget provider info from xml for ComponentInfo{com.android.deskclock/com.android.alarmclock.DigitalAppWidgetProvider}
05-30 14:03:28.926 I/SELinux ( 692): /product/etc/selinux/product_file_contexts
05-30 14:03:28.926 I/SELinux ( 692): /vendor/etc/selinux/vendor_file_contexts
05-30 14:03:28.927 D/AppWidgetServiceImpl( 692): Unable to load widget provider info from xml for ComponentInfo{com.android.systemui/com.android.systemui.people.widget.PeopleSpaceWidgetProvider}
05-30 14:03:28.927 I/AppWidgetServiceImpl( 692): Processing of handleUserUnlocked u0 took 7 ms
05-30 14:03:28.930 I/libperfmgr( 484): Hint type not present in actions: DISPLAY_UPDATE_IMMINENT
05-30 14:03:28.930 I/android.hardware.power-service.libperfmgr( 484): Power boost DISPLAY_UPDATE_IMMINENT isBoostSupported: 0
05-30 14:03:28.931 E/TaskPersister( 692): File error accessing recents directory (directory doesn't exist?).
05-30 14:03:28.941 D/CompatibilityChangeReporter( 692): Compat change id reported: 289878283; UID 1000; state: ENABLED
05-30 14:03:28.945 E/BackupPasswordManager( 692): Unable to read backup pw version
05-30 14:03:28.946 E/BackupPasswordManager( 692): Unable to read saved backup pw hash
05-30 14:03:28.949 D/CompatibilityChangeReporter( 692): Compat change id reported: 214016041; UID 1000; state: DISABLED
05-30 14:03:28.950 D/CompatibilityChangeReporter( 692): Compat change id reported: 214016041; UID 1000; state: ENABLED
05-30 14:03:28.952 I/ImeTracker( 692): com.android.tv.settings:2551138b: onRequestHide at ORIGIN_SERVER_HIDE_INPUT reason HIDE_UNSPECIFIED_WINDOW
05-30 14:03:28.953 I/ImeTracker( 692): com.android.tv.settings:2551138b: onCancelled at PHASE_SERVER_SHOULD_HIDE
05-30 14:03:28.956 D/Zygote ( 465): Forked child process 1434
05-30 14:03:28.957 W/ActivityManager( 692): Slow operation: 53ms so far, now at startProcess: returned from zygote!
05-30 14:03:28.957 D/CompatibilityChangeReporter( 692): Compat change id reported: 135634846; UID 10039; state: DISABLED
05-30 14:03:28.964 W/ActivityManager( 692): Slow operation: 60ms so far, now at startProcess: done updating battery stats
05-30 14:03:28.964 I/Watchdog( 692): Interesting Java process com.android.providers.media.module started. Pid 1434
05-30 14:03:28.964 W/ActivityManager( 692): Slow operation: 61ms so far, now at startProcess: building log message
05-30 14:03:28.964 I/ActivityManager( 692): Start proc 1434:com.android.providers.media.module/u0a68 for service {com.android.providers.media.module/com.android.providers.media.fuse.ExternalStorageServiceImpl}
05-30 14:03:28.964 W/ActivityManager( 692): Slow operation: 61ms so far, now at startProcess: starting to update pids map
05-30 14:03:28.966 W/ActivityManager( 692): Slow operation: 63ms so far, now at startProcess: done updating pids map
05-30 14:03:28.966 W/ActivityManager( 692): Slow operation: 58ms so far, now at startProcess: asking zygote to start proc
05-30 14:03:28.974 D/SystemServerTimingAsync( 692): ssm.onUnlockedUser-0_com.android.server.devicelock.DeviceLockService
05-30 14:03:28.980 I/Zygote ( 1434): seccomp disabled by setenforce 0
05-30 14:03:28.990 V/NotificationAssistants( 692): disabling notification assistant for user 0: ComponentInfo{android.ext.services/android.ext.services.notification.Assistant}
05-30 14:03:28.990 D/NotificationListeners( 692): Removing active service ComponentInfo{android.ext.services/android.ext.services.notification.Assistant}
05-30 14:03:28.993 D/GattService( 1108): Unlocked userId 0
05-30 14:03:28.997 I/rs.media.module( 1434): Using CollectorTypeCC GC.
05-30 14:03:28.998 D/A2dpService( 1108): Unlocked userId 0
05-30 14:03:29.000 D/AvrcpTargetService( 1108): Unlocked userId 0
05-30 14:03:29.000 I/AvrcpTargetService( 1108): User unlocked, initializing the service
05-30 14:03:29.001 V/MediaPlayerList( 1108): Initializing MediaPlayerList
05-30 14:03:29.002 E/rs.media.module( 1434): Not starting debugger since process cannot load the jdwp agent.
05-30 14:03:29.006 I/BrowsedPlayerWrapper( 1108): Wrapping Media Browser com.android.bluetooth
05-30 14:03:29.007 D/Zygote ( 465): Forked child process 1449
05-30 14:03:29.007 I/BrowsedPlayerWrapper( 1108): Wrapping Media Browser com.android.music
05-30 14:03:29.008 W/ActivityManager( 692): Slow operation: 100ms so far, now at startProcess: returned from zygote!
05-30 14:03:29.014 I/Zygote ( 1449): seccomp disabled by setenforce 0
05-30 14:03:29.014 V/NotificationAssistants( 692): enabling notification assistant for 0: ComponentInfo{android.ext.services/android.ext.services.notification.Assistant}
05-30 14:03:29.015 W/ActivityManager( 692): Slow operation: 107ms so far, now at startProcess: done updating battery stats
05-30 14:03:29.015 W/ActivityManager( 692): Slow operation: 107ms so far, now at startProcess: building log message
05-30 14:03:29.015 I/ActivityManager( 692): Start proc 1449:com.dangbei.lerad.etna.haqu/1000 for added application com.dangbei.lerad.etna.haqu
05-30 14:03:29.015 W/ActivityManager( 692): Slow operation: 107ms so far, now at startProcess: starting to update pids map
05-30 14:03:29.016 W/ActivityManager( 692): Slow operation: 107ms so far, now at startProcess: done updating pids map
05-30 14:03:29.016 W/ActivityManager( 692): Slow operation: 60ms so far, now at startProcess: asking zygote to start proc
05-30 14:03:29.016 D/CompatibilityChangeReporter( 692): Compat change id reported: 143937733; UID 10039; state: DISABLED
05-30 14:03:29.018 I/FastBootComplete( 999): action:android.intent.action.BOOT_COMPLETED
05-30 14:03:29.019 D/FallbackHome( 1335): User unlocked and real home found; let's go!
05-30 14:03:29.021 I/lerad.etna.haqu( 1449): Using CollectorTypeCC GC.
05-30 14:03:29.029 D/Zygote ( 465): Forked child process 1455
05-30 14:03:29.029 V/WindowManagerShell( 991): Transition requested: android.os.BinderProxy@2b04cdc TransitionRequestInfo { type = 2, triggerTask = TaskInfo{userId=0 taskId=3 displayId=0 isRunning=false baseIntent=Intent { act=android.intent.action.MAIN cat=[android.intent.category.HOME] flg=0x10800100 cmp=com.android.tv.settings/.system.FallbackHome } baseActivity=null topActivity=null origActivity=null realActivity=ComponentInfo{com.android.tv.settings/com.android.tv.settings.system.FallbackHome} numActivities=0 lastActiveTime=22376 supportsMultiWindow=true resizeMode=0 isResizeable=false minWidth=-1 minHeight=-1 defaultMinSize=220 token=WCT{android.window.IWindowContainerToken$Stub$Proxy@aa3f1e5} topActivityType=2 pictureInPictureParams=null shouldDockBigOverlays=false launchIntoPipHostTaskId=-1 lastParentTaskIdBeforePip=-1 displayCutoutSafeInsets=null topActivityInfo=null launchCookies=[] positionInParent=Point(0, 0) parentTaskId=-1 isFocused=true isVisible=true isVisibleRequested=true isSleeping=false topActivityInSizeCompat=false topActivityEligibleForLetterboxEducation= false isLetterboxDoubleTapEnabled= false topActivityEligibleForUserAspectRatioButton= false topActivityBoundsLetterboxed= false isFromLetterboxDoubleTap= false topActivityLetterboxVerticalPosition= -1 topActivityLetterboxHorizontalPosition= -1 topActivityLetterboxWidth=-1 topActivityLetterboxHeight=-1 isUserFullscreenOverrideEnabled=false isTopActivityTransparent=false locusId=null displayAreaFeatureId=1 cameraCompatControlState=hidden}, remoteTransition = null, displayChange = null, flags = 0 }
05-30 14:03:29.030 W/ActivityManager( 692): Slow operation: 74ms so far, now at startProcess: returned from zygote!
05-30 14:03:29.030 W/ActivityManager( 692): Slow operation: 74ms so far, now at startProcess: done updating battery stats
05-30 14:03:29.030 W/ActivityManager( 692): Slow operation: 74ms so far, now at startProcess: building log message
05-30 14:03:29.030 I/ActivityManager( 692): Start proc 1455:com.sohu.inputmethod.sogou.tv/u0a39 for service {com.sohu.inputmethod.sogou.tv/com.sohu.inputmethod.sogou.tv.SogouIME}
05-30 14:03:29.030 W/ActivityManager( 692): Slow operation: 74ms so far, now at startProcess: starting to update pids map
05-30 14:03:29.030 W/ActivityManager( 692): Slow operation: 74ms so far, now at startProcess: done updating pids map
05-30 14:03:29.032 E/lerad.etna.haqu( 1449): Not starting debugger since process cannot load the jdwp agent.
05-30 14:03:29.036 E/TimeSparseArray( 692): Overwriting value AtomicFile[/data/system_ce/0/usagestats/daily/1748585009266.new] by AtomicFile[/data/system_ce/0/usagestats/daily/1748585009266]
05-30 14:03:29.037 D/CompatibilityChangeReporter( 692): Compat change id reported: 265464455; UID 1000; state: DISABLED
05-30 14:03:29.037 D/CompatibilityChangeReporter( 692): Compat change id reported: 265452344; UID 1000; state: DISABLED
05-30 14:03:29.037 E/TimeSparseArray( 692): Overwriting value AtomicFile[/data/system_ce/0/usagestats/weekly/1748585009266.new] by AtomicFile[/data/system_ce/0/usagestats/weekly/1748585009266]
05-30 14:03:29.038 D/CompatibilityChangeReporter( 692): Compat change id reported: 266124927; UID 1000; state: DISABLED
05-30 14:03:29.038 D/CompatibilityChangeReporter( 692): Compat change id reported: 265451093; UID 1000; state: DISABLED
05-30 14:03:29.038 E/TimeSparseArray( 692): Overwriting value AtomicFile[/data/system_ce/0/usagestats/monthly/1748585009266.new] by AtomicFile[/data/system_ce/0/usagestats/monthly/1748585009266]
05-30 14:03:29.039 D/CompatibilityChangeReporter( 692): Compat change id reported: 265456536; UID 1000; state: DISABLED
05-30 14:03:29.039 E/TimeSparseArray( 692): Overwriting value AtomicFile[/data/system_ce/0/usagestats/yearly/1748585009266.new] by AtomicFile[/data/system_ce/0/usagestats/yearly/1748585009266]
05-30 14:03:29.039 D/CompatibilityChangeReporter( 692): Compat change id reported: 255940284; UID 1000; state: DISABLED
05-30 14:03:29.040 D/CompatibilityChangeReporter( 692): Compat change id reported: 236283604; UID 1000; state: DISABLED
05-30 14:03:29.040 D/CompatibilityChangeReporter( 692): Compat change id reported: 263959004; UID 1000; state: DISABLED
05-30 14:03:29.040 I/Zygote ( 1455): seccomp disabled by setenforce 0
05-30 14:03:29.041 D/CompatibilityChangeReporter( 692): Compat change id reported: 264304459; UID 1000; state: DISABLED
05-30 14:03:29.041 D/CompatibilityChangeReporter( 692): Compat change id reported: 264301586; UID 1000; state: DISABLED
05-30 14:03:29.041 D/CompatibilityChangeReporter( 692): Compat change id reported: 254631730; UID 1000; state: DISABLED
05-30 14:03:29.042 D/CompatibilityChangeReporter( 692): Compat change id reported: 273509367; UID 1000; state: DISABLED
05-30 14:03:29.042 D/CompatibilityChangeReporter( 692): Compat change id reported: 263259275; UID 1000; state: DISABLED
05-30 14:03:29.043 D/CompatibilityChangeReporter( 692): Compat change id reported: 174042980; UID 1000; state: DISABLED
05-30 14:03:29.043 D/CompatibilityChangeReporter( 692): Compat change id reported: 174042936; UID 1000; state: DISABLED
05-30 14:03:29.043 D/CompatibilityChangeReporter( 692): Compat change id reported: 181136395; UID 1000; state: DISABLED
05-30 14:03:29.049 I/HealthConnectBackupRestore( 692): Attempt to schedule download timeout job with state: 0
05-30 14:03:29.050 I/HealthConnectBackupRestore( 692): Attempt to schedule staging timeout job with state: 0
05-30 14:03:29.050 I/HealthConnectBackupRestore( 692): Attempt to schedule merging timeout job with state: 0
05-30 14:03:29.050 I/UsageStatsService( 692): User[0] Rollover scheduled @ 2025-05-31 14:03:29(1748671409008)
05-30 14:03:29.051 I/method.sogou.tv( 1455): Using CollectorTypeCC GC.
05-30 14:03:29.052 W/ContextImpl( 999): Calling a method in the system process without a qualified user: android.app.ContextImpl.startService:1899 android.content.ContextWrapper.startService:825 android.content.ContextWrapper.startService:825 com.droidlogic.btpair.FastBootComplete.onReceive:20 android.app.ActivityThread.handleReceiver:4494
05-30 14:03:29.053 I/UsageStatsService( 692): Time changed in by 1748584985 seconds
05-30 14:03:29.059 D/CompatibilityChangeReporter( 692): Compat change id reported: 194480991; UID 1000; state: ENABLED
05-30 14:03:29.063 E/method.sogou.tv( 1455): Not starting debugger since process cannot load the jdwp agent.
05-30 14:03:29.063 E/CellBroadcastUtils( 692): getDefaultCellBroadcastReceiverPackageName: no package found
05-30 14:03:29.069 D/CompatibilityChangeReporter( 692): Compat change id reported: 197654537; UID 1000; state: DISABLED
05-30 14:03:29.069 V/NotificationAssistants( 692): binding: Intent { act=android.service.notification.NotificationAssistantService cmp=android.ext.services/.notification.Assistant (has extras) }
05-30 14:03:29.073 I/ActivityTaskManager( 692): START u0 {act=android.intent.action.MAIN cat=[android.intent.category.HOME] flg=0x10000100 cmp=com.dangbei.leard.leradlauncher/com.dangbei.launcher.home.LauncherActivity (has extras)} with LAUNCH_SINGLE_TASK from uid 0 (BAL_ALLOW_ALLOWLISTED_UID) result code=0
05-30 14:03:29.080 D/CompatibilityChangeReporter( 692): Compat change id reported: 168419799; UID 1000; state: DISABLED
05-30 14:03:29.080 D/CompatibilityChangeReporter( 692): Compat change id reported: 273564678; UID 1000; state: DISABLED
05-30 14:03:29.082 I/BpBinder( 261): onLastStrongRef automatically unlinking death recipients:
05-30 14:03:29.093 D/CompatibilityChangeReporter( 692): Compat change id reported: 261072174; UID 1000; state: ENABLED
05-30 14:03:29.094 D/CompatibilityChangeReporter( 1449): Compat change id reported: 171979766; UID 1000; state: DISABLED
05-30 14:03:29.094 D/CompatibilityChangeReporter( 1449): Compat change id reported: 242716250; UID 1000; state: DISABLED
05-30 14:03:29.095 D/CompatibilityChangeReporter( 692): Compat change id reported: 261072174; UID 1002; state: ENABLED
05-30 14:03:29.101 W/Looper ( 692): Slow dispatch took 112ms main h=android.app.ActivityThread$H c=android.app.LoadedApk$ReceiverDispatcher$Args$$ExternalSyntheticLambda0@a6f7930 m=0
05-30 14:03:29.106 W/ContextImpl( 999): Calling a method in the system process without a qualified user: android.app.ContextImpl.startService:1899 android.content.ContextWrapper.startService:825 android.content.ContextWrapper.startService:825 com.droidlogic.btpair.FastBootComplete.onReceive:23 android.app.ActivityThread.handleReceiver:4494
05-30 14:03:29.107 D/CompatibilityChangeReporter( 692): Compat change id reported: 168419799; UID 10068; state: DISABLED
05-30 14:03:29.107 D/CompatibilityChangeReporter( 692): Compat change id reported: 273564678; UID 10068; state: DISABLED
05-30 14:03:29.109 D/ApplicationLoaders( 1449): Returning zygote-cached class loader: /system/framework/android.test.base.jar
05-30 14:03:29.109 D/ApplicationLoaders( 1449): Returning zygote-cached class loader: /system/framework/android.hidl.manager-V1.0-java.jar
05-30 14:03:29.109 D/ApplicationLoaders( 1449): Returning zygote-cached class loader: /system/framework/android.hidl.base-V1.0-java.jar
05-30 14:03:29.112 D/CompatibilityChangeReporter( 692): Compat change id reported: 168419799; UID 10039; state: DISABLED
05-30 14:03:29.112 D/CompatibilityChangeReporter( 692): Compat change id reported: 273564678; UID 10039; state: DISABLED
05-30 14:03:29.116 I/ActivityManager( 692): com.dangbei.leard.leradlauncher is exempt from freezer
05-30 14:03:29.116 D/CompatibilityChangeReporter( 692): Compat change id reported: 135634846; UID 1000; state: DISABLED
05-30 14:03:29.117 D/CompatibilityChangeReporter( 692): Compat change id reported: 161252188; UID 10049; state: DISABLED
05-30 14:03:29.120 D/CompatibilityChangeReporter( 1455): Compat change id reported: 171979766; UID 10039; state: DISABLED
05-30 14:03:29.121 D/CompatibilityChangeReporter( 692): Compat change id reported: 135634846; UID 10049; state: DISABLED
05-30 14:03:29.121 D/CompatibilityChangeReporter( 1455): Compat change id reported: 242716250; UID 10039; state: DISABLED
05-30 14:03:29.121 D/CompatibilityChangeReporter( 692): Compat change id reported: 177438394; UID 10049; state: DISABLED
05-30 14:03:29.121 D/CompatibilityChangeReporter( 692): Compat change id reported: 135772972; UID 10049; state: DISABLED
05-30 14:03:29.121 D/CompatibilityChangeReporter( 692): Compat change id reported: 135754954; UID 10049; state: ENABLED
05-30 14:03:29.125 D/HeadsetService( 1108): Unlocked userId 0
05-30 14:03:29.125 D/HearingAidService( 1108): Unlocked userId 0
05-30 14:03:29.125 D/HidHostService( 1108): Unlocked userId 0
05-30 14:03:29.125 D/BluetoothOppService( 1108): Unlocked userId 0
05-30 14:03:29.125 D/PanService( 1108): Unlocked userId 0
05-30 14:03:29.128 D/CompatibilityChangeReporter( 1434): Compat change id reported: 171979766; UID 10068; state: ENABLED
05-30 14:03:29.128 D/CompatibilityChangeReporter( 1434): Compat change id reported: 242716250; UID 10068; state: ENABLED
05-30 14:03:29.129 D/BLE_Service( 999): Service onCreate
05-30 14:03:29.132 I/ActivityManager( 692): com.oranth.ledstatus is exempt from freezer
05-30 14:03:29.134 D/CompatibilityChangeReporter( 692): Compat change id reported: 161252188; UID 1000; state: DISABLED
05-30 14:03:29.136 I/ActivityManager( 692): com.android.keychain is exempt from freezer
05-30 14:03:29.143 D/CompatibilityChangeReporter( 692): Compat change id reported: 170503758; UID 10068; state: ENABLED
05-30 14:03:29.145 D/SystemServerTiming( 692): getUserSwitchability-0
05-30 14:03:29.145 D/SystemServerTiming( 692): TM.isInCall
05-30 14:03:29.145 D/CompatibilityChangeReporter( 692): Compat change id reported: 170503758; UID 10039; state: DISABLED
05-30 14:03:29.145 I/AccountManagerService( 692): User 0 is unlocked - opening CE database
05-30 14:03:29.146 D/SystemServerTiming( 692): hasUserRestriction-DISALLOW_USER_SWITCH
05-30 14:03:29.146 D/SystemServerTiming( 692): getInt-ALLOW_USER_SWITCHING_WHEN_SYSTEM_USER_LOCKED
05-30 14:03:29.146 D/SystemServerTiming( 692): isUserUnlocked-USER_SYSTEM
05-30 14:03:29.148 D/CompatibilityChangeReporter( 692): Compat change id reported: 161145287; UID 1000; state: DISABLED
05-30 14:03:29.148 D/CompatibilityChangeReporter( 692): Compat change id reported: 161145287; UID 1000; state: ENABLED
05-30 14:03:29.151 W/MediaSessionCompat( 1108): Couldn't find a unique registered media button receiver in the given context.
05-30 14:03:29.151 D/ApplicationLoaders( 1455): Returning zygote-cached class loader: /system/framework/android.test.base.jar
05-30 14:03:29.151 D/ApplicationLoaders( 1455): Returning zygote-cached class loader: /system/framework/android.hidl.manager-V1.0-java.jar
05-30 14:03:29.151 D/ApplicationLoaders( 1455): Returning zygote-cached class loader: /system/framework/android.hidl.base-V1.0-java.jar
05-30 14:03:29.154 D/CompatibilityChangeReporter( 692): Compat change id reported: 218533173; UID 10068; state: ENABLED
05-30 14:03:29.155 D/CompatibilityChangeReporter( 692): Compat change id reported: 262645982; UID 10068; state: ENABLED
05-30 14:03:29.156 D/SystemServerTiming( 692): getUserSwitchability-0
05-30 14:03:29.156 D/SystemServerTiming( 692): TM.isInCall
05-30 14:03:29.157 D/SystemServerTiming( 692): hasUserRestriction-DISALLOW_USER_SWITCH
05-30 14:03:29.157 D/SystemServerTiming( 692): getInt-ALLOW_USER_SWITCHING_WHEN_SYSTEM_USER_LOCKED
