05-30 14:03:53.501 E/nStackXCoAP( 2271): IsInSameNetwork:[281] :IsInSameNetwork: not priority process
05-30 14:03:53.502 D/nStackXCoAP( 2271): IsInSameNetwork:[276] :IsInSameNetwork exec
05-30 14:03:53.502 I/nStackXDFinder( 2271): GetLocalInterfaceDetail:[461] :GetLocalInterfaceDetail in
05-30 14:03:53.502 E/nStackXCoAP( 2271): IsInSameNetwork:[281] :IsInSameNetwork: not priority process
05-30 14:03:53.503 D/nStackXCoAP( 2271): IsInSameNetwork:[276] :IsInSameNetwork exec
05-30 14:03:53.503 I/nStackXDFinder( 2271): GetLocalInterfaceDetail:[461] :GetLocalInterfaceDetail in
05-30 14:03:53.503 E/nStackXCoAP( 2271): IsInSameNetwork:[281] :IsInSameNetwork: not priority process
05-30 14:03:53.505 D/nStackXCoAP( 2271): IsInSameNetwork:[276] :IsInSameNetwork exec
05-30 14:03:53.505 I/nStackXDFinder( 2271): GetLocalInterfaceDetail:[461] :GetLocalInterfaceDetail in
05-30 14:03:53.505 E/nStackXCoAP( 2271): IsInSameNetwork:[281] :IsInSameNetwork: not priority process
05-30 14:03:53.506 D/nStackXCoAP( 2271): IsInSameNetwork:[276] :IsInSameNetwork exec
05-30 14:03:53.506 I/nStackXDFinder( 2271): GetLocalInterfaceDetail:[461] :GetLocalInterfaceDetail in
05-30 14:03:53.506 E/nStackXCoAP( 2271): IsInSameNetwork:[281] :IsInSameNetwork: not priority process
05-30 14:03:53.507 D/nStackXCoAP( 2271): IsInSameNetwork:[276] :IsInSameNetwork exec
05-30 14:03:53.507 I/nStackXDFinder( 2271): GetLocalInterfaceDetail:[461] :GetLocalInterfaceDetail in
05-30 14:03:53.507 E/nStackXCoAP( 2271): IsInSameNetwork:[281] :IsInSameNetwork: not priority process
05-30 14:03:53.545 D/nStackXCoAP( 2271): IsInSameNetwork:[276] :IsInSameNetwork exec
05-30 14:03:53.545 I/nStackXDFinder( 2271): GetLocalInterfaceDetail:[461] :GetLocalInterfaceDetail in
05-30 14:03:53.545 E/nStackXCoAP( 2271): IsInSameNetwork:[281] :IsInSameNetwork: not priority process
05-30 14:03:53.545 D/nStackXCoAP( 2271): ParseServiceDiscover:[330] :new device join
05-30 14:03:53.545 E/nStackXDFinder( 2271): GetLocalIp:[401] :GetLocalIp exec
05-30 14:03:53.575 D/nStackXCoAP( 2271): IsInSameNetwork:[276] :IsInSameNetwork exec
05-30 14:03:53.575 I/nStackXDFinder( 2271): GetLocalInterfaceDetail:[461] :GetLocalInterfaceDetail in
05-30 14:03:53.575 E/nStackXCoAP( 2271): IsInSameNetwork:[281] :IsInSameNetwork: not priority process
05-30 14:03:53.578 D/nStackXCoAP( 2271): IsInSameNetwork:[276] :IsInSameNetwork exec
05-30 14:03:53.578 I/nStackXDFinder( 2271): GetLocalInterfaceDetail:[461] :GetLocalInterfaceDetail in
05-30 14:03:53.578 E/nStackXCoAP( 2271): IsInSameNetwork:[281] :IsInSameNetwork: not priority process
05-30 14:03:53.578 D/nStackXCoAP( 2271): CoapMessageHandler:[133] :2.01
05-30 14:03:53.673 D/SntpClient( 692): request time failed: java.net.SocketTimeoutException: Poll timed out
05-30 14:03:53.673 D/TrafficStats( 692): tagSocket(388) with statsTag=0xffffff41, statsUid=-1
05-30 14:03:53.807 W/nStackXCoAP( 2271): CoapServiceDiscoverTimerHandle:[512] :clear device list backup
05-30 14:03:53.821 D/nStackXCoAP( 2271): IsInSameNetwork:[276] :IsInSameNetwork exec
05-30 14:03:53.821 I/nStackXDFinder( 2271): GetLocalInterfaceDetail:[461] :GetLocalInterfaceDetail in
05-30 14:03:53.821 E/nStackXCoAP( 2271): IsInSameNetwork:[281] :IsInSameNetwork: not priority process
05-30 14:03:53.821 D/nStackXCoAP( 2271): ParseServiceDiscover:[330] :new device join
05-30 14:03:53.822 E/nStackXDFinder( 2271): GetLocalIp:[401] :GetLocalIp exec
05-30 14:03:53.855 D/XM_HIDREAD( 1982): poll ret=1, event=1
05-30 14:03:53.855 D/XM_HIDREAD( 1982): [9 bytes]:01 00 00 51 00 00 00 00 00
05-30 14:03:53.858 I/SogouIME( 1455): onKeyDown: keyoCode=20
05-30 14:03:53.858 I/DefaultIMS( 1455): onKeyDown: keyoCode=20
05-30 14:03:54.001 D/XM_HIDREAD( 1982): poll ret=1, event=1
05-30 14:03:54.001 D/XM_HIDREAD( 1982): [9 bytes]:01 00 00 00 00 00 00 00 00
05-30 14:03:54.004 I/SogouIME( 1455): onKeyUp: keyoCode=20
05-30 14:03:54.004 I/DefaultIMS( 1455): onKeyUp: keyoCode=20
05-30 14:03:54.025 D/WifiNl80211Manager( 692): Scan result ready event
05-30 14:03:54.025 D/WifiNative( 692): Scan result ready event
05-30 14:03:54.044 I/WifiHAL ( 500): call wifi_get_link_stats handler
05-30 14:03:54.044 I/WifiHAL ( 500): Creating message to get link statistics; iface = 16
05-30 14:03:54.044 D/WifiHAL ( 500): error code -95 mapped to -3
05-30 14:03:54.045 E/WifiStaIfaceAidlImpl( 692): getLinkLayerStats failed with service-specific exception: android.os.ServiceSpecificException: (code 4)
05-30 14:03:54.063 D/WificondScannerImpl( 692): Filtering out 30 scan results.
05-30 14:03:54.087 I/DroidAudioManager.J( 1449): getService get IDroidAudio service success. ^_^
05-30 14:03:54.088 I/DroidAudio( 242): [registerClient:120] pid:1449, uid:1000
05-30 14:03:54.088 I/DroidAudio( 242): [registerClient:130] client:0xf410391c, uid:1000 pid:1449, client cout:2
05-30 14:03:54.092 I/serviceDiscovery( 692): [MdnsAdvertiser] Removing service with ID 3
05-30 14:03:54.093 I/serviceDiscovery( 692): [MdnsAdvertiser] Removing service with ID 4
05-30 14:03:54.095 E/ccc ( 1449): cccccc led current is 100 标准
05-30 14:03:54.095 E/ccc ( 1449): cccccc led current is null
05-30 14:03:54.096 W/System.err( 1735): java.net.SocketException: Socket closed
05-30 14:03:54.096 W/System.err( 1735): at java.net.PlainSocketImpl.socketAccept(PlainSocketImpl.java:213)
05-30 14:03:54.096 W/System.err( 1735): at java.net.AbstractPlainSocketImpl.accept(AbstractPlainSocketImpl.java:451)
05-30 14:03:54.096 W/System.err( 1735): at java.net.ServerSocket.implAccept(ServerSocket.java:569)
05-30 14:03:54.096 W/System.err( 1735): at java.net.ServerSocket.accept(ServerSocket.java:537)
05-30 14:03:54.096 W/System.err( 1735): at b.f.f.t.f.run(Unknown Source:40)
05-30 14:03:54.096 W/System.err( 1735): at java.lang.Thread.run(Thread.java:1012)
05-30 14:03:54.098 I/serviceDiscovery( 692): [MdnsAdvertiser] Removing service with ID 2
05-30 14:03:54.099 E/hq ( 1482): NetWorkStateReceiver:::NetWorkStateReceiver onReceive: 网络变化广播 >>>> intent.action=android.net.wifi.SCAN_RESULTS
05-30 14:03:54.088 I/binder:1449_5( 1449): type=1400 audit(0.0:1055): avc: denied { open } for path="/dev/__properties__/u:object_r:vendor_default_prop:s0" dev="tmpfs" ino=377 scontext=u:r:system_app:s0 tcontext=u:object_r:vendor_default_prop:s0 tclass=file permissive=1
05-30 14:03:54.105 D/BluetoothAdapterService( 1108): cancelDiscovery
05-30 14:03:54.106 I/bt_btif_dm( 1108): packages/modules/Bluetooth/system/btif/src/btif_dm.cc:2470 btif_dm_cancel_discovery: Cancel search
05-30 14:03:54.106 I/bluetooth( 1108): packages/modules/Bluetooth/system/bta/dm/bta_dm_main.cc:96 bta_dm_search_sm_execute: state:BTA_DM_SEARCH_IDLE, event:BTA_DM_API_SEARCH_CANCEL_EVT[0x201]
05-30 14:03:54.108 I/WifiHAL ( 500): call wifi_get_link_stats handler
05-30 14:03:54.108 I/WifiHAL ( 500): Creating message to get link statistics; iface = 16
05-30 14:03:54.108 D/WifiHAL ( 500): error code -95 mapped to -3
05-30 14:03:54.092 I/binder:1449_5( 1449): type=1400 audit(0.0:1056): avc: denied { getattr } for path="/dev/__properties__/u:object_r:vendor_default_prop:s0" dev="tmpfs" ino=377 scontext=u:r:system_app:s0 tcontext=u:object_r:vendor_default_prop:s0 tclass=file permissive=1
05-30 14:03:54.109 E/WifiStaIfaceAidlImpl( 692): getLinkLayerStats failed with service-specific exception: android.os.ServiceSpecificException: (code 4)
05-30 14:03:54.109 W/UpnpServiceImpl( 1735): >>> Shutting down UPnP service...
05-30 14:03:54.110 W/AbstractChannel( 1735): Can't invoke task later as EventLoop rejected it
05-30 14:03:54.110 W/AbstractChannel( 1735): java.util.concurrent.RejectedExecutionException: event executor terminated
05-30 14:03:54.110 W/AbstractChannel( 1735): at io.netty.util.concurrent.SingleThreadEventExecutor.reject(Unknown Source:4)
05-30 14:03:54.110 W/AbstractChannel( 1735): at io.netty.util.concurrent.SingleThreadEventExecutor.offerTask(Unknown Source:6)
05-30 14:03:54.110 W/AbstractChannel( 1735): at io.netty.util.concurrent.SingleThreadEventExecutor.addTask(Unknown Source:5)
05-30 14:03:54.110 W/AbstractChannel( 1735): at io.netty.util.concurrent.SingleThreadEventExecutor.execute(Unknown Source:4)
05-30 14:03:54.110 W/AbstractChannel( 1735): at io.netty.util.concurrent.SingleThreadEventExecutor.execute(Unknown Source:18)
05-30 14:03:54.110 W/AbstractChannel( 1735): at io.netty.channel.AbstractChannel$AbstractUnsafe.invokeLater(Unknown Source:6)
05-30 14:03:54.110 W/AbstractChannel( 1735): at io.netty.channel.AbstractChannel$AbstractUnsafe.deregister(Unknown Source:24)
05-30 14:03:54.110 W/AbstractChannel( 1735): at io.netty.channel.AbstractChannel$AbstractUnsafe.fireChannelInactiveAndDeregister(Unknown Source:17)
05-30 14:03:54.110 W/AbstractChannel( 1735): at io.netty.channel.AbstractChannel$AbstractUnsafe.close(Unknown Source:112)
05-30 14:03:54.110 W/AbstractChannel( 1735): at io.netty.channel.AbstractChannel$AbstractUnsafe.close(Unknown Source:12)
05-30 14:03:54.110 W/AbstractChannel( 1735): at io.netty.channel.nio.NioEventLoop.closeAll(Unknown Source:86)
05-30 14:03:54.110 W/AbstractChannel( 1735): at io.netty.channel.nio.NioEventLoop.run(Unknown Source:202)
05-30 14:03:54.110 W/AbstractChannel( 1735): at io.netty.util.concurrent.SingleThreadEventExecutor$4.run(Unknown Source:41)
05-30 14:03:54.110 W/AbstractChannel( 1735): at io.netty.util.internal.ThreadExecutorMap$2.run(Unknown Source:8)
05-30 14:03:54.110 W/AbstractChannel( 1735): at io.netty.util.concurrent.FastThreadLocalRunnable.run(Unknown Source:2)
05-30 14:03:54.110 W/AbstractChannel( 1735): at java.lang.Thread.run(Thread.java:1012)
05-30 14:03:54.110 E/ccc ( 1449): cccccc led current is 100 标准
05-30 14:03:54.110 E/ccc ( 1449): cccccc led current is null
05-30 14:03:54.111 W/Router ( 1735): disable lock:org.fourthline.cling.android.AndroidRouter@429d37b_java.util.concurrent.locks.ReentrantReadWriteLock$WriteLock@60b598[Unlocked]
05-30 14:03:54.112 W/Router ( 1735): disable unlock:org.fourthline.cling.android.AndroidRouter@429d37b
05-30 14:03:54.112 W/UpnpServiceImpl( 1735): <<< UPnP service shutdown completed
05-30 14:03:54.113 E/raop ( 1735): httpd_stop running 1 joined 0
05-30 14:03:54.113 E/raop ( 1735): httpd_stop connection->socket_fd=0
05-30 14:03:54.113 E/raop ( 1735): httpd_stop connection->socket_fd=0
05-30 14:03:54.113 E/raop ( 1735): httpd_stop connection->socket_fd=0
05-30 14:03:54.113 E/raop ( 1735): httpd_stop connection->socket_fd=0
05-30 14:03:54.113 E/raop ( 1735): httpd_stop connection->socket_fd=0
05-30 14:03:54.113 E/raop ( 1735): httpd_stop connection->socket_fd=0
05-30 14:03:54.113 E/raop ( 1735): httpd_stop connection->socket_fd=0
05-30 14:03:54.113 E/raop ( 1735): httpd_stop connection->socket_fd=0
05-30 14:03:54.113 E/raop ( 1735): httpd_stop connection->socket_fd=0
05-30 14:03:54.113 E/raop ( 1735): httpd_stop connection->socket_fd=0
05-30 14:03:54.092 I/binder:1449_5( 1449): type=1400 audit(0.0:1057): avc: denied { map } for path="/dev/__properties__/u:object_r:vendor_default_prop:s0" dev="tmpfs" ino=377 scontext=u:r:system_app:s0 tcontext=u:object_r:vendor_default_prop:s0 tclass=file permissive=1
05-30 14:03:54.117 W/eventbuscore( 1482): post Event:com.dangbei.leard.base.entity.event.NetWifiRssiEvent
05-30 14:03:54.138 E/StartupService( 1735): showToast: app is background
05-30 14:03:54.140 D/HiSight-SinkService( 1735): setDiscoverable true
05-30 14:03:54.141 D/HiSight-Discovery( 1735): set deviceInfo type:46
05-30 14:03:54.141 D/HiSight-Discovery( 1735): startAdvertise 3
05-30 14:03:54.141 D/HiSight-Discovery( 1735): stopAdvertise.
05-30 14:03:54.141 D/NearFieldManager( 1735): StopListen moduleId: CastPlusDiscoveryModule
05-30 14:03:54.141 D/NearFieldManagerImpl( 2271): stopListen: moduleId: CastPlusDiscoveryModule
05-30 14:03:54.141 D/NearFieldManagerImpl( 2271): registerCapability() called with: capabilityBitmapNum = 1, capabilityBitmap = [0]
05-30 14:03:54.141 I/HicomNf_java_to_c( 2271): registerCapability, capabilityBitmapNum: 1
05-30 14:03:54.141 I/HicomNfMainCtrlManager( 2271): RegisterCapability: 1, 0
05-30 14:03:54.141 D/NearFieldManagerImpl( 2271): Register capability succeed with capabilityBitmapNum = 1, capabilityBitmap = [0]
05-30 14:03:54.142 D/HiSight-Discovery( 1735): nearFieldStartListen deviceType 46
05-30 14:03:54.146 D/NearFieldManagerImpl( 2271): setServiceData, sServiceData=[32], serviceData=[32]
05-30 14:03:54.146 E/NearFieldManagerImpl( 2271): setServiceData, serviceData exists
05-30 14:03:54.147 D/wenhc ( 1482): getScreenInfo uri = content://com.dangbei.screencast.parts.info/screen_cast
05-30 14:03:54.154 E/NearFieldManager( 1735): setIdnNetworkPriority: networkPortPriority is empty
05-30 14:03:54.154 D/NearFieldManager( 1735): StartListen moduleId: CastPlusDiscoveryModule
05-30 14:03:54.154 D/NearFieldManagerImpl( 2271): startListen: moduleId: CastPlusDiscoveryModule
05-30 14:03:54.155 D/NearFieldUtils( 2271): getPreferredIpAddress exec
05-30 14:03:54.155 D/NearFieldUtils( 2271): getPreferredIpAddress by custom priority
05-30 14:03:54.155 D/NearFieldUtils( 2271): getIpByInterfaceSetting customIdnNetworkPriority:[]
05-30 14:03:54.155 D/NearFieldUtils( 2271): getPreferredIpAddress by default priority
05-30 14:03:54.152 I/binder:2271_2( 2271): type=1400 audit(0.0:1058): avc: denied { search } for name="net" dev="sysfs" ino=12345 scontext=u:r:untrusted_app_27:s0:c44,c256,c512,c768 tcontext=u:object_r:sysfs_net:s0 tclass=dir permissive=1 app=com.dangbei.screencast
05-30 14:03:54.164 D/NearFieldUtils( 2271): to get wlan0 ip address
05-30 14:03:54.164 D/NearFieldUtils( 2271): get wlan0 IP succeed.
05-30 14:03:54.164 D/NearFieldManagerImpl( 2271): sDeviceType: 46
05-30 14:03:54.164 D/NearFieldManagerImpl( 2271): registerDevice() is called.
05-30 14:03:54.164 I/HicomNfMainCtrlManager( 2271): NSTACKX_RegisterDevice is called
05-30 14:03:54.164 D/NearFieldManagerImpl( 2271): Register device success.
05-30 14:03:54.164 I/nStackXDFinder( 2271): UpdateLocalNetworkInterface:[472] :UpdateLocalNetworkInterface exec,initerfaceName:wlan0
05-30 14:03:54.152 I/binder:2271_2( 2271): type=1400 audit(0.0:1059): avc: denied { read } for name="address" dev="sysfs" ino=22127 scontext=u:r:untrusted_app_27:s0:c44,c256,c512,c768 tcontext=u:object_r:sysfs_net:s0 tclass=file permissive=1 app=com.dangbei.screencast
05-30 14:03:54.164 I/NearFieldManagerImpl( 2271): serviceName is castPlus
05-30 14:03:54.164 E/nStackXDFinder( 2271): GetLocalIp:[401] :GetLocalIp exec
05-30 14:03:54.164 I/nStackXDFinder( 2271): UpdateLocalNetworkInterface:[498] :UpdateLocalNetworkInterface copy ip value in default process
05-30 14:03:54.164 E/nStackXDFinder( 2271): GetLocalIp:[401] :GetLocalIp exec
05-30 14:03:54.164 I/nStackXDFinder( 2271): UpdateLocalNetworkInterface:[505] :UpdateLocalNetworkInterface: ip not change
05-30 14:03:54.164 D/NearFieldManagerImpl( 2271): registerCapability() called with: capabilityBitmapNum = 1, capabilityBitmap = [8]
05-30 14:03:54.164 I/HicomNf_java_to_c( 2271): registerCapability, capabilityBitmapNum: 1
05-30 14:03:54.164 I/HicomNfMainCtrlManager( 2271): RegisterCapability: 1, 8
05-30 14:03:54.164 D/NearFieldManagerImpl( 2271): Register capability succeed with capabilityBitmapNum = 1, capabilityBitmap = [8]
05-30 14:03:54.164 D/NearFieldManagerImpl( 2271): registerServiceData() called with: serviceData = 32
05-30 14:03:54.164 D/NearFieldManagerImpl( 2271): registerModule() called with: packageModuleName = com.huawei.connection+CastPlusDiscoveryModule
05-30 14:03:54.164 D/NearFieldManagerImpl( 2271): registerModule, registered before
05-30 14:03:54.164 I/HicomNf_java_to_c( 2271): registerModule, moduleName: com.huawei.connection+CastPlusDiscoveryModule
05-30 14:03:54.164 I/HicomNfMainCtrlManager( 2271): Enter RegisterModule
05-30 14:03:54.164 I/HicomNfRegManager( 2271): RegisterModule OK, already registered com.huawei.connection+CastPlusDiscoveryModule
05-30 14:03:54.164 I/nStackXDFinder( 2271): RegisterServiceData:[728] :RegisterServiceData, serviceData=[32]
05-30 14:03:54.168 E/HuaweiCastService( 1735): onStartCommand in 0
05-30 14:03:54.169 I/WifiService( 692): acquireMulticastLock uid=10044
05-30 14:03:54.170 I/WifiService( 692): acquireMulticastLock uid=10044
05-30 14:03:54.174 D/WifiHAL ( 500): Setting APF program, halHandle = 0xf4002920
05-30 14:03:54.174 I/WifiHAL ( 500): createRequest: APF set program request
05-30 14:03:54.174 D/WifiHAL ( 500): error code -95 mapped to -3
05-30 14:03:54.174 I/WifiHAL ( 500): Request Response failed for APF, result = -3
05-30 14:03:54.174 E/WifiStaIfaceAidlImpl( 692): installApfPacketFilter failed with service-specific exception: android.os.ServiceSpecificException: (code 4)
05-30 14:03:54.178 E/ccc ( 2614): cccccc SCAN_RESULTS_AVAILABLE_ACTION hhhh
05-30 14:03:54.182 E/ccc ( 2614): cccccc result is not empty call back
05-30 14:03:54.182 E/ccc ( 2614): cccccc 666666666666666
05-30 14:03:54.193 E/ccc ( 2614): cccccc sort 2 42
05-30 14:03:54.273 E/hq ( 1482): ErrorCoroutineExceptionHandler:::runTry error:com.dangbei.leard.base.proider.error.EmptyApiException: 数据为空 from=requestMessageDialog from=requestMessageDialog
05-30 14:03:54.372 D/nStackXCoAP( 2271): IsInSameNetwork:[276] :IsInSameNetwork exec
05-30 14:03:54.372 I/nStackXDFinder( 2271): GetLocalInterfaceDetail:[461] :GetLocalInterfaceDetail in
05-30 14:03:54.372 E/nStackXCoAP( 2271): IsInSameNetwork:[281] :IsInSameNetwork: not priority process
05-30 14:03:54.372 D/nStackXCoAP( 2271): ParseServiceDiscover:[330] :new device join
05-30 14:03:54.372 E/nStackXDFinder( 2271): GetLocalIp:[401] :GetLocalIp exec
05-30 14:03:54.409 E/raop ( 1735): httpd_stop running 0 joined 1
05-30 14:03:54.497 D/nStackXCoAP( 2271): IsInSameNetwork:[276] :IsInSameNetwork exec
05-30 14:03:54.497 I/nStackXDFinder( 2271): GetLocalInterfaceDetail:[461] :GetLocalInterfaceDetail in
05-30 14:03:54.497 E/nStackXCoAP( 2271): IsInSameNetwork:[281] :IsInSameNetwork: not priority process
05-30 14:03:54.497 D/nStackXCoAP( 2271): ParseServiceDiscover:[330] :new device join
05-30 14:03:54.497 E/nStackXDFinder( 2271): GetLocalIp:[401] :GetLocalIp exec
05-30 14:03:54.620 D/XM_HIDREAD( 1982): poll ret=1, event=1
05-30 14:03:54.620 D/XM_HIDREAD( 1982): [9 bytes]:01 00 00 52 00 00 00 00 00
05-30 14:03:54.623 I/SogouIME( 1455): onKeyDown: keyoCode=19
05-30 14:03:54.623 I/DefaultIMS( 1455): onKeyDown: keyoCode=19
05-30 14:03:54.629 D/nStackXCoAP( 2271): CoapMessageHandler:[133] :2.01
05-30 14:03:54.710 D/XM_HIDREAD( 1982): poll ret=1, event=1
05-30 14:03:54.711 D/XM_HIDREAD( 1982): [9 bytes]:01 00 00 00 00 00 00 00 00
05-30 14:03:54.712 I/SogouIME( 1455): onKeyUp: keyoCode=19
05-30 14:03:54.712 I/DefaultIMS( 1455): onKeyUp: keyoCode=19
05-30 14:03:54.949 D/nStackXCoAP( 2271): IsInSameNetwork:[276] :IsInSameNetwork exec
05-30 14:03:54.949 I/nStackXDFinder( 2271): GetLocalInterfaceDetail:[461] :GetLocalInterfaceDetail in
05-30 14:03:54.949 E/nStackXCoAP( 2271): IsInSameNetwork:[281] :IsInSameNetwork: not priority process
05-30 14:03:54.949 D/nStackXCoAP( 2271): ParseServiceDiscover:[330] :new device join
05-30 14:03:54.949 E/nStackXDFinder( 2271): GetLocalIp:[401] :GetLocalIp exec
05-30 14:03:54.984 D/nStackXCoAP( 2271): CoapMessageHandler:[133] :2.01
05-30 14:03:54.984 D/nStackXCoAP( 2271): CoapMessageHandler:[133] :2.01
05-30 14:03:55.218 I/ThermalService( 999): CPU temperatures: [52.000004]
05-30 14:03:55.296 D/nStackXCoAP( 2271): IsInSameNetwork:[276] :IsInSameNetwork exec
05-30 14:03:55.297 I/nStackXDFinder( 2271): GetLocalInterfaceDetail:[461] :GetLocalInterfaceDetail in
05-30 14:03:55.297 E/nStackXCoAP( 2271): IsInSameNetwork:[281] :IsInSameNetwork: not priority process
05-30 14:03:55.297 D/nStackXCoAP( 2271): ParseServiceDiscover:[330] :new device join
05-30 14:03:55.297 E/nStackXDFinder( 2271): GetLocalIp:[401] :GetLocalIp exec
05-30 14:03:55.306 I/audio_hw_hal_alsamgr( 476): alsa format =0x1 delay frames =768 total frames=1885440
05-30 14:03:55.636 D/nStackXCoAP( 2271): CoapMessageHandler:[133] :2.01
05-30 14:03:55.761 D/nStackXCoAP( 2271): IsInSameNetwork:[276] :IsInSameNetwork exec
05-30 14:03:55.761 I/nStackXDFinder( 2271): GetLocalInterfaceDetail:[461] :GetLocalInterfaceDetail in
05-30 14:03:55.761 E/nStackXCoAP( 2271): IsInSameNetwork:[281] :IsInSameNetwork: not priority process
05-30 14:03:55.761 D/nStackXCoAP( 2271): ParseServiceDiscover:[330] :new device join
05-30 14:03:55.761 E/nStackXDFinder( 2271): GetLocalIp:[401] :GetLocalIp exec
05-30 14:03:55.776 D/nStackXCoAP( 2271): CoapMessageHandler:[133] :2.01
05-30 14:03:55.953 D/nStackXCoAP( 2271): IsInSameNetwork:[276] :IsInSameNetwork exec
05-30 14:03:55.953 I/nStackXDFinder( 2271): GetLocalInterfaceDetail:[461] :GetLocalInterfaceDetail in
05-30 14:03:55.953 E/nStackXCoAP( 2271): IsInSameNetwork:[281] :IsInSameNetwork: not priority process
05-30 14:03:55.970 D/nStackXCoAP( 2271): IsInSameNetwork:[276] :IsInSameNetwork exec
05-30 14:03:55.970 I/nStackXDFinder( 2271): GetLocalInterfaceDetail:[461] :GetLocalInterfaceDetail in
05-30 14:03:55.970 E/nStackXCoAP( 2271): IsInSameNetwork:[281] :IsInSameNetwork: not priority process
05-30 14:03:55.970 D/nStackXCoAP( 2271): ParseServiceDiscover:[330] :new device join
05-30 14:03:55.970 E/nStackXDFinder( 2271): GetLocalIp:[401] :GetLocalIp exec
05-30 14:03:56.123 D/nStackXCoAP( 2271): CoapMessageHandler:[133] :2.01
05-30 14:03:56.155 D/nStackXCoAP( 2271): IsInSameNetwork:[276] :IsInSameNetwork exec
05-30 14:03:56.155 I/nStackXDFinder( 2271): GetLocalInterfaceDetail:[461] :GetLocalInterfaceDetail in
05-30 14:03:56.155 E/nStackXCoAP( 2271): IsInSameNetwork:[281] :IsInSameNetwork: not priority process
05-30 14:03:56.171 D/nStackXCoAP( 2271): IsInSameNetwork:[276] :IsInSameNetwork exec
05-30 14:03:56.171 I/nStackXDFinder( 2271): GetLocalInterfaceDetail:[461] :GetLocalInterfaceDetail in
05-30 14:03:56.171 E/nStackXCoAP( 2271): IsInSameNetwork:[281] :IsInSameNetwork: not priority process
05-30 14:03:56.171 D/nStackXCoAP( 2271): ParseServiceDiscover:[330] :new device join
05-30 14:03:56.171 E/nStackXDFinder( 2271): GetLocalIp:[401] :GetLocalIp exec
05-30 14:03:56.184 D/nStackXCoAP( 2271): CoapMessageHandler:[133] :2.01
05-30 14:03:56.441 D/nStackXCoAP( 2271): IsInSameNetwork:[276] :IsInSameNetwork exec
05-30 14:03:56.441 I/nStackXDFinder( 2271): GetLocalInterfaceDetail:[461] :GetLocalInterfaceDetail in
05-30 14:03:56.441 E/nStackXCoAP( 2271): IsInSameNetwork:[281] :IsInSameNetwork: not priority process
05-30 14:03:56.441 D/nStackXCoAP( 2271): ParseServiceDiscover:[330] :new device join
05-30 14:03:56.441 E/nStackXDFinder( 2271): GetLocalIp:[401] :GetLocalIp exec
05-30 14:03:56.466 D/nStackXCoAP( 2271): CoapMessageHandler:[133] :2.01
05-30 14:03:56.719 D/nStackXCoAP( 2271): IsInSameNetwork:[276] :IsInSameNetwork exec
05-30 14:03:56.719 I/nStackXDFinder( 2271): GetLocalInterfaceDetail:[461] :GetLocalInterfaceDetail in
05-30 14:03:56.719 E/nStackXCoAP( 2271): IsInSameNetwork:[281] :IsInSameNetwork: not priority process
05-30 14:03:56.720 D/nStackXCoAP( 2271): CoapMessageHandler:[133] :2.01
05-30 14:03:57.051 I/WifiHAL ( 500): call wifi_get_link_stats handler
05-30 14:03:57.051 I/WifiHAL ( 500): Creating message to get link statistics; iface = 16
05-30 14:03:57.051 D/WifiHAL ( 500): error code -95 mapped to -3
05-30 14:03:57.052 E/WifiStaIfaceAidlImpl( 692): getLinkLayerStats failed with service-specific exception: android.os.ServiceSpecificException: (code 4)
05-30 14:03:57.222 I/ThermalService( 999): CPU temperatures: [51.600002]
05-30 14:03:58.679 D/SntpClient( 692): request time failed: java.net.SocketTimeoutException: Poll timed out
05-30 14:03:58.679 D/TrafficStats( 692): tagSocket(354) with statsTag=0xffffff41, statsUid=-1
05-30 14:03:58.707 W/Searchables( 692): No global search activity found
05-30 14:03:58.711 I/RoleService( 692): Granting default roles...
05-30 14:03:58.717 V/MediaPlayerList( 1108): mPackageChangedBroadcastReceiver: action: android.intent.action.PACKAGE_CHANGED
05-30 14:03:58.720 D/OomAdjuster( 692): Not killing cached processes
05-30 14:03:58.723 I/InputReader( 692): Reconfiguring input devices, changes=KEYBOARD_LAYOUTS
05-30 14:03:58.728 I/PermissionControllerServiceImpl( 2016): Updating user sensitive for uid 10058
05-30 14:03:58.731 W/VoiceInteractionManager( 692): no available voice recognition services found for user 0
05-30 14:03:58.733 W/Role ( 2016): Cannot get ApplicationInfo for default holder: com.android.messaging
05-30 14:03:58.739 W/Role ( 2016): Cannot get ApplicationInfo for default holder: com.android.tv.frameworkpackagestubs
05-30 14:03:58.777 E/DocumentManagerRoleBehavior( 2016): There should be exactly one documenter; found 0: matches=[]
05-30 14:03:58.779 W/Role ( 2016): Cannot get ApplicationInfo for default holder: com.android.gallery3d
05-30 14:03:59.070 E/RCInfo ( 1449): vid:000d
05-30 14:03:59.070 E/RCInfo ( 1449): pid:3838
05-30 14:03:59.072 E/RCInfo ( 1449): vid:000d
05-30 14:03:59.072 E/RCInfo ( 1449): pid:3838
05-30 14:03:59.078 D/BluetoothGatt( 1449): connect(void) - device: E4:BB:D3:57:C0:53, auto=true
05-30 14:03:59.080 I/bt_btif_gattc( 1108): packages/modules/Bluetooth/system/btif/src/btif_gatt_client.cc:340 btif_gattc_open_impl: Transport=2, device type=2, address type =0, phy=1
05-30 14:03:59.081 D/BluetoothGatt( 1449): discoverServices() - device: E4:BB:D3:57:C0:53
05-30 14:03:59.081 I/bluetooth( 1108): packages/modules/Bluetooth/system/stack/gatt/gatt_main.cc:405 gatt_update_app_use_link_flag: disable link idle timer for xx:xx:xx:xx:c0:53
05-30 14:03:59.081 I/bt_stack( 1108): [INFO:l2c_api.cc(1607)] L2CA_MarkLeLinkAsActivesetting link to e4:bb:d3:57:c0:53 as active
05-30 14:03:59.081 I/bluetooth( 1108): packages/modules/Bluetooth/system/stack/gatt/gatt_api.cc:1206 GATT_SetIdleTimeout: idle_timeout=65535, is_active=1, status=1 (1-OK 0-not performed)
05-30 14:03:59.083 I/bt_bta_gattc( 1108): packages/modules/Bluetooth/system/bta/gatt/bta_gattc_cache.cc:1035 bta_gattc_get_gatt_db: bta_gattc_get_gatt_db
05-30 14:03:59.085 D/BluetoothGatt( 1449): onSearchComplete() = Device=E4:BB:D3:57:C0:53 Status=0
05-30 14:03:59.092 I/WifiService( 692): releaseMulticastLock uid=10044
05-30 14:03:59.094 I/WifiService( 692): releaseMulticastLock uid=10044
05-30 14:03:59.092 I/gbei.screencast( 1735): type=1400 audit(0.0:1062): avc: denied { write } for name="property_service" dev="tmpfs" ino=411 scontext=u:r:untrusted_app_27:s0:c44,c256,c512,c768 tcontext=u:object_r:property_socket:s0 tclass=sock_file permissive=1 app=com.dangbei.screencast
05-30 14:03:59.092 I/gbei.screencast( 1735): type=1400 audit(0.0:1063): avc: denied { connectto } for path="/dev/socket/property_service" scontext=u:r:untrusted_app_27:s0:c44,c256,c512,c768 tcontext=u:r:init:s0 tclass=unix_stream_socket permissive=1 app=com.dangbei.screencast
05-30 14:03:59.103 D/WifiHAL ( 500): Setting APF program, halHandle = 0xf4002920
05-30 14:03:59.103 I/WifiHAL ( 500): createRequest: APF set program request
05-30 14:03:59.103 D/WifiHAL ( 500): error code -95 mapped to -3
05-30 14:03:59.103 I/WifiHAL ( 500): Request Response failed for APF, result = -3
05-30 14:03:59.104 E/WifiStaIfaceAidlImpl( 692): installApfPacketFilter failed with service-specific exception: android.os.ServiceSpecificException: (code 4)
05-30 14:03:59.108 I//apex/com.android.adbd/bin/adbd( 1387): type=1400 audit(0.0:1064): avc: denied { search } for comm=75736220666673206F70656E name="/" dev="functionfs" ino=25740 scontext=u:r:su:s0 tcontext=u:object_r:functionfs:s0 tclass=dir permissive=1
05-30 14:03:59.119 D/HiSight-SinkService( 1735): setDiscoverable true
05-30 14:03:59.119 D/HiSight-Discovery( 1735): set deviceInfo type:46
05-30 14:03:59.119 D/HiSight-Discovery( 1735): startAdvertise 3
05-30 14:03:59.119 D/HiSight-Discovery( 1735): stopAdvertise.
05-30 14:03:59.119 D/NearFieldManager( 1735): StopListen moduleId: CastPlusDiscoveryModule
05-30 14:03:59.120 D/NearFieldManagerImpl( 2271): stopListen: moduleId: CastPlusDiscoveryModule
05-30 14:03:59.120 D/NearFieldManagerImpl( 2271): registerCapability() called with: capabilityBitmapNum = 1, capabilityBitmap = [0]
05-30 14:03:59.120 I/HicomNf_java_to_c( 2271): registerCapability, capabilityBitmapNum: 1
05-30 14:03:59.120 I/HicomNfMainCtrlManager( 2271): RegisterCapability: 1, 0
05-30 14:03:59.120 D/NearFieldManagerImpl( 2271): Register capability succeed with capabilityBitmapNum = 1, capabilityBitmap = [0]
05-30 14:03:59.120 D/wenhc ( 1482): getScreenInfo uri = content://com.dangbei.screencast.parts.info/screen_cast
05-30 14:03:59.120 D/HiSight-Discovery( 1735): nearFieldStartListen deviceType 46
05-30 14:03:59.121 I/NearFieldManagerImpl( 2271): setDeviceInfo, sDeviceName changes
05-30 14:03:59.121 D/NearFieldManagerImpl( 2271): setServiceData, sServiceData=[32], serviceData=[32]
05-30 14:03:59.121 E/NearFieldManagerImpl( 2271): setServiceData, serviceData exists
05-30 14:03:59.121 E/NearFieldManager( 1735): setIdnNetworkPriority: networkPortPriority is empty
05-30 14:03:59.121 D/NearFieldManager( 1735): StartListen moduleId: CastPlusDiscoveryModule
05-30 14:03:59.122 D/NearFieldManagerImpl( 2271): startListen: moduleId: CastPlusDiscoveryModule
05-30 14:03:59.122 D/NearFieldUtils( 2271): getPreferredIpAddress exec
05-30 14:03:59.122 D/NearFieldUtils( 2271): getPreferredIpAddress by custom priority
05-30 14:03:59.122 D/NearFieldUtils( 2271): getIpByInterfaceSetting customIdnNetworkPriority:[]
05-30 14:03:59.122 D/NearFieldUtils( 2271): getPreferredIpAddress by default priority
05-30 14:03:59.129 D/NearFieldUtils( 2271): to get wlan0 ip address
05-30 14:03:59.129 D/NearFieldUtils( 2271): get wlan0 IP succeed.
05-30 14:03:59.129 D/NearFieldManagerImpl( 2271): sDeviceType: 46
05-30 14:03:59.129 D/NearFieldManagerImpl( 2271): registerDevice() is called.
05-30 14:03:59.129 I/HicomNfMainCtrlManager( 2271): NSTACKX_RegisterDevice is called
05-30 14:03:59.129 D/NearFieldManagerImpl( 2271): Register device success.
05-30 14:03:59.129 I/NearFieldManagerImpl( 2271): serviceName is castPlus
05-30 14:03:59.129 I/nStackXDFinder( 2271): UpdateLocalNetworkInterface:[472] :UpdateLocalNetworkInterface exec,initerfaceName:wlan0
05-30 14:03:59.129 E/nStackXDFinder( 2271): GetLocalIp:[401] :GetLocalIp exec
05-30 14:03:59.129 I/nStackXDFinder( 2271): UpdateLocalNetworkInterface:[498] :UpdateLocalNetworkInterface copy ip value in default process
05-30 14:03:59.129 D/NearFieldManagerImpl( 2271): registerCapability() called with: capabilityBitmapNum = 1, capabilityBitmap = [8]
05-30 14:03:59.129 I/HicomNf_java_to_c( 2271): registerCapability, capabilityBitmapNum: 1
05-30 14:03:59.129 I/HicomNfMainCtrlManager( 2271): RegisterCapability: 1, 8
05-30 14:03:59.129 E/nStackXDFinder( 2271): GetLocalIp:[401] :GetLocalIp exec
05-30 14:03:59.129 I/nStackXDFinder( 2271): UpdateLocalNetworkInterface:[505] :UpdateLocalNetworkInterface: ip not change
05-30 14:03:59.129 D/NearFieldManagerImpl( 2271): Register capability succeed with capabilityBitmapNum = 1, capabilityBitmap = [8]
05-30 14:03:59.129 D/NearFieldManagerImpl( 2271): registerServiceData() called with: serviceData = 32
05-30 14:03:59.129 D/NearFieldManagerImpl( 2271): registerModule() called with: packageModuleName = com.huawei.connection+CastPlusDiscoveryModule
05-30 14:03:59.129 D/NearFieldManagerImpl( 2271): registerModule, registered before
05-30 14:03:59.129 I/HicomNf_java_to_c( 2271): registerModule, moduleName: com.huawei.connection+CastPlusDiscoveryModule
05-30 14:03:59.129 I/HicomNfMainCtrlManager( 2271): Enter RegisterModule
05-30 14:03:59.129 I/HicomNfRegManager( 2271): RegisterModule OK, already registered com.huawei.connection+CastPlusDiscoveryModule
05-30 14:03:59.129 I/nStackXDFinder( 2271): RegisterServiceData:[728] :RegisterServiceData, serviceData=[32]
05-30 14:03:59.130 D/HiSight-Discovery( 1735): startAdvertise 3
05-30 14:03:59.130 D/HiSight-Discovery( 1735): stopAdvertise.
05-30 14:03:59.130 D/NearFieldManager( 1735): StopListen moduleId: CastPlusDiscoveryModule
05-30 14:03:59.130 D/NearFieldManagerImpl( 2271): stopListen: moduleId: CastPlusDiscoveryModule
05-30 14:03:59.131 D/NearFieldManagerImpl( 2271): registerCapability() called with: capabilityBitmapNum = 1, capabilityBitmap = [0]
05-30 14:03:59.131 I/HicomNf_java_to_c( 2271): registerCapability, capabilityBitmapNum: 1
05-30 14:03:59.131 I/HicomNfMainCtrlManager( 2271): RegisterCapability: 1, 0
05-30 14:03:59.131 D/NearFieldManagerImpl( 2271): Register capability succeed with capabilityBitmapNum = 1, capabilityBitmap = [0]
05-30 14:03:59.131 D/HiSight-Discovery( 1735): nearFieldStartListen deviceType 46
05-30 14:03:59.131 D/NearFieldManagerImpl( 2271): setServiceData, sServiceData=[32], serviceData=[32]
05-30 14:03:59.131 E/NearFieldManagerImpl( 2271): setServiceData, serviceData exists
05-30 14:03:59.132 E/NearFieldManager( 1735): setIdnNetworkPriority: networkPortPriority is empty
05-30 14:03:59.132 D/NearFieldManager( 1735): StartListen moduleId: CastPlusDiscoveryModule
05-30 14:03:59.132 D/NearFieldManagerImpl( 2271): startListen: moduleId: CastPlusDiscoveryModule
05-30 14:03:59.132 D/NearFieldUtils( 2271): getPreferredIpAddress exec
05-30 14:03:59.132 D/NearFieldUtils( 2271): getPreferredIpAddress by custom priority
05-30 14:03:59.132 D/NearFieldUtils( 2271): getIpByInterfaceSetting customIdnNetworkPriority:[]
05-30 14:03:59.132 D/NearFieldUtils( 2271): getPreferredIpAddress by default priority
05-30 14:03:59.138 D/NearFieldUtils( 2271): to get wlan0 ip address
05-30 14:03:59.138 D/NearFieldUtils( 2271): get wlan0 IP succeed.
05-30 14:03:59.138 D/NearFieldManagerImpl( 2271): sDeviceType: 46
05-30 14:03:59.138 D/NearFieldManagerImpl( 2271): registerDevice() is called.
05-30 14:03:59.138 I/HicomNfMainCtrlManager( 2271): NSTACKX_RegisterDevice is called
05-30 14:03:59.138 D/NearFieldManagerImpl( 2271): Register device success.
05-30 14:03:59.138 I/NearFieldManagerImpl( 2271): serviceName is castPlus
05-30 14:03:59.138 I/nStackXDFinder( 2271): UpdateLocalNetworkInterface:[472] :UpdateLocalNetworkInterface exec,initerfaceName:wlan0
05-30 14:03:59.138 E/nStackXDFinder( 2271): GetLocalIp:[401] :GetLocalIp exec
05-30 14:03:59.138 D/NearFieldManagerImpl( 2271): registerCapability() called with: capabilityBitmapNum = 1, capabilityBitmap = [8]
05-30 14:03:59.138 I/nStackXDFinder( 2271): UpdateLocalNetworkInterface:[498] :UpdateLocalNetworkInterface copy ip value in default process
05-30 14:03:59.138 I/HicomNf_java_to_c( 2271): registerCapability, capabilityBitmapNum: 1
05-30 14:03:59.138 I/HicomNfMainCtrlManager( 2271): RegisterCapability: 1, 8
05-30 14:03:59.138 D/NearFieldManagerImpl( 2271): Register capability succeed with capabilityBitmapNum = 1, capabilityBitmap = [8]
05-30 14:03:59.138 D/NearFieldManagerImpl( 2271): registerServiceData() called with: serviceData = 32
05-30 14:03:59.138 E/nStackXDFinder( 2271): GetLocalIp:[401] :GetLocalIp exec
05-30 14:03:59.138 I/nStackXDFinder( 2271): UpdateLocalNetworkInterface:[505] :UpdateLocalNetworkInterface: ip not change
05-30 14:03:59.138 D/NearFieldManagerImpl( 2271): registerModule() called with: packageModuleName = com.huawei.connection+CastPlusDiscoveryModule
05-30 14:03:59.138 D/NearFieldManagerImpl( 2271): registerModule, registered before
05-30 14:03:59.138 I/HicomNf_java_to_c( 2271): registerModule, moduleName: com.huawei.connection+CastPlusDiscoveryModule
05-30 14:03:59.138 I/HicomNfMainCtrlManager( 2271): Enter RegisterModule
05-30 14:03:59.138 I/HicomNfRegManager( 2271): RegisterModule OK, already registered com.huawei.connection+CastPlusDiscoveryModule
05-30 14:03:59.138 I/nStackXDFinder( 2271): RegisterServiceData:[728] :RegisterServiceData, serviceData=[32]
05-30 14:03:59.223 I/ThermalService( 999): CPU temperatures: [52.000004]
05-30 14:04:00.055 I/WifiHAL ( 500): call wifi_get_link_stats handler
05-30 14:04:00.055 I/WifiHAL ( 500): Creating message to get link statistics; iface = 16
05-30 14:04:00.055 D/WifiHAL ( 500): error code -95 mapped to -3
05-30 14:04:00.056 E/WifiStaIfaceAidlImpl( 692): getLinkLayerStats failed with service-specific exception: android.os.ServiceSpecificException: (code 4)
05-30 14:04:00.111 E/raop ( 1735): JavaCallback init
05-30 14:04:00.460 E/ccc ( 1449): cccccc hhhhhhhhhh RC version is DB-15B-H5-R0111
05-30 14:04:00.461 E/RCInfo ( 1449): vid:000d
05-30 14:04:00.461 E/RCInfo ( 1449): pid:3838
05-30 14:04:00.463 E/RCInfo ( 1449): vid:000d
05-30 14:04:00.463 E/RCInfo ( 1449): pid:3838
05-30 14:04:00.463 E/ccc ( 1449): cccccc 请求remote实时 DB-15B-H5-R0111
05-30 14:04:00.463 E/ccc ( 1449): cccccc requestRemoteInfoInner factory XIMI version DB-15B-H5-R0111
05-30 14:04:00.484 I/okhttp.OkHttpClient( 1449): --> POST http://tymsgapi.qun7.com/v1/core/ykota (604-byte body)
05-30 14:04:00.541 I/okhttp.OkHttpClient( 1449): <-- 200 OK http://tymsgapi.qun7.com/v1/core/ykota (57ms, unknown-length body)
05-30 14:04:00.548 I/lerad.etna.haqu( 1449): type=1400 audit(0.0:1065): avc: denied { read } for name="114.zip" dev="dm-50" ino=3883 scontext=u:r:system_app:s0 tcontext=u:object_r:system_data_root_file:s0 tclass=file permissive=1
05-30 14:04:00.548 I/lerad.etna.haqu( 1449): type=1400 audit(0.0:1066): avc: denied { open } for path="/data/etna_download/remote/114.zip" dev="dm-50" ino=3883 scontext=u:r:system_app:s0 tcontext=u:object_r:system_data_root_file:s0 tclass=file permissive=1
05-30 14:04:00.561 E/ccc ( 2614): cccccc notifyUpdateChanged {"code":1,"data":{"hasUpdate":true,"what":2,"why":-1},"message":"更新状态变化"}
05-30 14:04:00.548 I/lerad.etna.haqu( 1449): type=1400 audit(0.0:1067): avc: denied { getattr } for path="/data/etna_download/remote/114.zip" dev="dm-50" ino=3883 scontext=u:r:system_app:s0 tcontext=u:object_r:system_data_root_file:s0 tclass=file permissive=1
05-30 14:04:00.567 E/ccc ( 2614): cccccc EtnaSendUpdateStatusChangeBean.remoteUpdateChanged
05-30 14:04:00.567 E/ccc ( 2614): cccccc event HomeActivity REMOTE_UPDATE_STATUS_CHANGED
05-30 14:04:00.568 E/ccc ( 1449): cccccc updateHelper 通知更新
05-30 14:04:00.568 E/ccc ( 1449): cccccc 有更新 且存在文件 RemoteUpdateBean{downloadId='114', name='H5Pro', rommodel='DBBOX-A2,DBBOX-A3', versionName='DB-15B-H5-R01111', downUrl='http://dl.qun7.com/YKQ/XIMI/20250521H5P/DB-15B-H5-R0111.zip', reUrl='http://dl.v5tv.com/YKQ/XIMI/20250521H5P/DB-15B-H5-R0111.zip', reUrl2='http://dl.tymcdn.com/YKQ/XIMI/20250521H5P/DB-15B-H5-R0111.zip', contentLength=39139, md5v='fffea0f41575b3a9cf6f36c303f890d9', tempUrl='http://dl.qun7.com/YKQ/XIMI/20250521H5P/DB-15B-H5-R0111.zip', desc='null', status=completed, progress=100.0, isPaused=false, cancelled=true, extraInfo='null', localPath='/data/etna_download/remote/114.zip', current=39139, create_time=0, remark='H5/H5Pro遥控器OTA测试,版本R0111,20250521'}
05-30 14:04:00.569 E/ccc ( 1449): cccccc UpdateHelper onMessageReceived com.dangbei.haqusetting com.dangbei.etna.update {"action":"get","functionTag":"leaf_controller_function_controller_dangbei_update","value":0} com.dangbei.lerad.etna.aidl.IEtnaAidlCallback$Stub$Proxy@49bf12a
05-30 14:04:00.570 E/ccc ( 1449): cccccc 请求电量缓存 75
05-30 14:04:00.571 E/ccc ( 1449): cccccc 缓存获取遥控器版本 DB-15B-H5-R0111
05-30 14:04:00.590 W/System ( 1449): A resource failed to call close.
05-30 14:04:00.590 W/System ( 1449): A resource failed to call close.
05-30 14:04:00.590 W/System ( 1449): A resource failed to call close.
05-30 14:04:00.591 W/System ( 1449): A resource failed to call close.
05-30 14:04:00.591 W/System ( 1449): A resource failed to call close.
05-30 14:04:00.591 W/System ( 1449): A resource failed to call close.
05-30 14:04:00.591 W/System ( 1449): A resource failed to call close.
05-30 14:04:00.610 D/TrafficStats( 1735): tagSocket(164) with statsTag=0xffffffff, statsUid=-1
05-30 14:04:01.225 I/ThermalService( 999): CPU temperatures: [51.2]
05-30 14:04:02.111 D/TrafficStats( 1735): tagSocket(165) with statsTag=0xffffffff, statsUid=-1
05-30 14:04:02.113 I/serviceDiscovery( 692): [MdnsAdvertiser] Adding service name: 当贝投屏P8, type: _airplay._tcp, hostAddresses: , port: 46065, network: null, txtRecord: srcvers=220.68features=0x527FFFF7,0x1E'pi=2e388006-13ba-4041-9a67-25dd4a43d536Cpk=b07727d6f6cd6e08b58ede525ec3cdeaa252ad9f683feb212ef8a205246554e7vv=2 flags=0x4model=AppleTV2,1deviceid=1c:79:2d:20:62:b5 with ID 6 and subtype null
05-30 14:04:02.125 I/serviceDiscovery( 692): [MdnsAdvertiser] Adding service name: 1c792d2062b5@当贝投屏P8, type: _raop._tcp, hostAddresses: , port: 33451, network: null, txtRecord: txtvers=1 am=AppleTV2,1ch=2
05-30 14:04:02.125 I/serviceDiscovery( 692): cn=0,1,2,3da=trueet=0,3,5ft=0x527FFFF7,0x1Emd=0,1,2Cpk=b07727d6f6cd6e08b58ede525ec3cdeaa252ad9f683feb212ef8a205246554e7pw=falsesf=0x4sr=44100ss=16sv=falsetp=UDPvn=65537 vs=220.68vv=2 rhd=5.6.0.0 with ID 7 and subtype null
05-30 14:04:02.125 D/TrafficStats( 1735): tagSocket(208) with statsTag=0xffffffff, statsUid=-1
05-30 14:04:02.613 I/serviceDiscovery( 692): [MdnsAdvertiser] Adding service name: 当贝投屏P8, type: _db_cast_screen._tcp, hostAddresses: , port: 37825, network: null, txtRecord: au=1cV=20830mV=100h265=0maxR=4096-4096model=DBBOX-A3deviceid=1c:79:2d:20:62:b5 with ID 8 and subtype null
05-30 14:04:02.614 E/MdnsAdvertiser( 692): Name conflict adding services that should have unique names
05-30 14:04:02.614 E/MdnsAdvertiser( 692): android.net.connectivity.com.android.server.connectivity.mdns.NameConflictException
05-30 14:04:02.614 E/MdnsAdvertiser( 692): at android.net.connectivity.com.android.server.connectivity.mdns.MdnsRecordRepository.addService(MdnsRecordRepository.java:314)
05-30 14:04:02.614 E/MdnsAdvertiser( 692): at android.net.connectivity.com.android.server.connectivity.mdns.MdnsInterfaceAdvertiser.addService(MdnsInterfaceAdvertiser.java:217)
05-30 14:04:02.614 E/MdnsAdvertiser( 692): at android.net.connectivity.com.android.server.connectivity.mdns.MdnsAdvertiser$InterfaceAdvertiserRequest.addService(MdnsAdvertiser.java:273)
05-30 14:04:02.614 E/MdnsAdvertiser( 692): at android.net.connectivity.com.android.server.connectivity.mdns.MdnsAdvertiser.addService(MdnsAdvertiser.java:488)
05-30 14:04:02.614 E/MdnsAdvertiser( 692): at android.net.connectivity.com.android.server.NsdService$NsdStateMachine$EnabledState.processMessage(NsdService.java:730)
05-30 14:04:02.614 E/MdnsAdvertiser( 692): at android.net.connectivity.com.android.internal.util.StateMachine$SmHandler.processMsg(StateMachine.java:993)
05-30 14:04:02.614 E/MdnsAdvertiser( 692): at android.net.connectivity.com.android.internal.util.StateMachine$SmHandler.handleMessage(StateMachine.java:810)
05-30 14:04:02.614 E/MdnsAdvertiser( 692): at android.os.Handler.dispatchMessage(Handler.java:106)
05-30 14:04:02.614 E/MdnsAdvertiser( 692): at android.os.Looper.loopOnce(Looper.java:205)
05-30 14:04:02.614 E/MdnsAdvertiser( 692): at android.os.Looper.loop(Looper.java:294)
05-30 14:04:02.614 E/MdnsAdvertiser( 692): at android.os.HandlerThread.run(HandlerThread.java:67)
05-30 14:04:02.982 D/ActivityManager( 692): freezing 2073 com.android.providers.calendar
05-30 14:04:02.993 I/serviceDiscovery( 692): [MdnsAdvertiser.wlan0] Probing finished for service 7
05-30 14:04:03.061 I/WifiHAL ( 500): call wifi_get_link_stats handler
05-30 14:04:03.061 I/WifiHAL ( 500): Creating message to get link statistics; iface = 16
05-30 14:04:03.062 D/WifiHAL ( 500): error code -95 mapped to -3
05-30 14:04:03.062 E/WifiStaIfaceAidlImpl( 692): getLinkLayerStats failed with service-specific exception: android.os.ServiceSpecificException: (code 4)
05-30 14:04:03.090 I/serviceDiscovery( 692): [MdnsAdvertiser.wlan0] Probing finished for service 6
05-30 14:04:03.107 D/ActivityManager( 692): freezing 2109 com.android.providers.tv
05-30 14:04:03.116 E/accept ( 1735): myIp:192.168.3.222
05-30 14:04:03.116 D/TrafficStats( 1735): tagSocket(209) with statsTag=0xffffffff, statsUid=-1
05-30 14:04:03.118 E/accept ( 1735): connect error
05-30 14:04:03.119 I/UpnpServiceImpl( 1735): >>> Starting UPnP service...
05-30 14:04:03.119 I/UpnpServiceImpl( 1735): Using configuration: org.fourthline.cling.android.AndroidUpnpServiceConfiguration
05-30 14:04:03.120 I/Router ( 1735): Creating Router: org.fourthline.cling.android.AndroidRouter
05-30 14:04:03.121 W/Router ( 1735): enable lock:org.fourthline.cling.android.AndroidRouter@942a0d4_java.util.concurrent.locks.ReentrantReadWriteLock$WriteLock@657427d[Unlocked]
05-30 14:04:03.127 W/tworkAddressFactoryImpl( 1735): Network interface may not be multicast capable: dummy0
05-30 14:04:03.128 I/MulticastReceiver( 1735): Creating wildcard socket (for receiving multicast datagrams) on port: 1900
05-30 14:04:03.129 D/TrafficStats( 1735): tagSocket(209) with statsTag=0xffffffff, statsUid=-1
05-30 14:04:03.129 I/MulticastReceiver( 1735): Joining multicast group: /239.255.255.250:1900 on network interface: wlan0
05-30 14:04:03.141 E/accept ( 1735): Adding connector try: 192.168.3.222/192.168.3.222:38865
05-30 14:04:03.144 D/TrafficStats( 1735): tagSocket(211) with statsTag=0xffffffff, statsUid=-1
05-30 14:04:03.144 E/accept ( 1735): Adding connector result: 192.168.3.222/192.168.3.222:38865
05-30 14:04:03.213 I/JettyServletContainer( 1735): Registering UPnP servlet under context path: /upnp
05-30 14:04:03.217 I/DatagramIO( 1735): Creating bound socket (for datagram input/output) on: 192.168.3.222/192.168.3.222
05-30 14:04:03.217 D/TrafficStats( 1735): tagSocket(212) with statsTag=0xffffffff, statsUid=-1
05-30 14:04:03.218 E/JettyServletContainer( 1735): gogogo
05-30 14:04:03.218 I/JettyServletContainer( 1735): Starting Jetty server...
05-30 14:04:03.219 W/System.err( 1735): 2025-05-30 14:04:03.219:INFO:lcaf.p:jetty-8.y.z-SNAPSHOT
05-30 14:04:03.222 I/Router ( 1735): WiFi multicast lock acquired
05-30 14:04:03.223 I/WifiService( 692): acquireMulticastLock uid=10044
05-30 14:04:03.224 I/Router ( 1735): WiFi lock acquired
05-30 14:04:03.225 I/WifiService( 692): acquireWifiLock uid=10044 lockMode=3
05-30 14:04:03.226 D/WifiHAL ( 500): Setting APF program, halHandle = 0xf4002920
05-30 14:04:03.226 I/WifiHAL ( 500): createRequest: APF set program request
05-30 14:04:03.226 D/WifiHAL ( 500): error code -95 mapped to -3
05-30 14:04:03.226 I/WifiHAL ( 500): Request Response failed for APF, result = -3
05-30 14:04:03.226 E/WifiStaIfaceAidlImpl( 692): installApfPacketFilter failed with service-specific exception: android.os.ServiceSpecificException: (code 4)
05-30 14:04:03.228 I/WifiHAL ( 500): wifi_set_latency_mode set to 1
05-30 14:04:03.228 I/ThermalService( 999): CPU temperatures: [52.300003]
05-30 14:04:03.238 W/Router ( 1735): enable unlock:org.fourthline.cling.android.AndroidRouter@942a0d4
05-30 14:04:03.238 I/UpnpServiceImpl( 1735): <<< UPnP service started successfully
05-30 14:04:03.267 W/System.err( 1735): 2025-05-30 14:04:03.267:INFO:lcaf.a:Started @192.168.3.222:38865
05-30 14:04:03.293 D/ActivityManager( 692): freezing 2132 com.android.rkpdapp
05-30 14:04:03.607 D/ActivityManager( 692): freezing 2178 com.android.statementservice
05-30 14:04:03.683 D/SntpClient( 692): request time failed: java.net.SocketTimeoutException: Poll timed out
05-30 14:04:03.683 D/TrafficStats( 692): tagSocket(354) with statsTag=0xffffff41, statsUid=-1
05-30 14:04:04.523 D/nStackXCoAP( 2271): IsInSameNetwork:[276] :IsInSameNetwork exec
05-30 14:04:04.523 I/nStackXDFinder( 2271): GetLocalInterfaceDetail:[461] :GetLocalInterfaceDetail in
05-30 14:04:04.523 E/nStackXCoAP( 2271): IsInSameNetwork:[281] :IsInSameNetwork: not priority process
05-30 14:04:04.737 I/adbd ( 1387): host-20: read thread spawning
05-30 14:04:04.737 I/adbd ( 1387): host-20: write thread spawning
05-30 14:04:04.732 I//apex/com.android.adbd/bin/adbd( 1387): type=1400 audit(0.0:1068): avc: denied { getopt } for comm=73657276657220736F636B6574 laddr=::ffff:192.168.3.222 lport=5555 faddr=::ffff:192.168.15.10 fport=49348 scontext=u:r:su:s0 tcontext=u:r:su:s0 tclass=tcp_socket permissive=1
05-30 14:04:04.732 I//apex/com.android.adbd/bin/adbd( 1387): type=1400 audit(0.0:1069): avc: denied { write } for comm=73657276657220736F636B6574 name="fwmarkd" dev="tmpfs" ino=867 scontext=u:r:su:s0 tcontext=u:object_r:fwmarkd_socket:s0 tclass=sock_file permissive=1
05-30 14:04:04.743 I/adbd ( 1387): authentication not required
05-30 14:04:04.732 I//apex/com.android.adbd/bin/adbd( 1387): type=1400 audit(0.0:1070): avc: denied { connectto } for comm=73657276657220736F636B6574 path="/dev/socket/fwmarkd" scontext=u:r:su:s0 tcontext=u:r:netd:s0 tclass=unix_stream_socket permissive=1
05-30 14:04:04.732 I/binder:464_2( 464): type=1400 audit(0.0:1071): avc: denied { use } for path="socket:[30494]" dev="sockfs" ino=30494 scontext=u:r:netd:s0 tcontext=u:r:su:s0 tclass=fd permissive=1
05-30 14:04:04.732 I/binder:464_2( 464): type=1400 audit(0.0:1072): avc: denied { read write } for path="socket:[30494]" dev="sockfs" ino=30494 scontext=u:r:netd:s0 tcontext=u:r:su:s0 tclass=tcp_socket permissive=1
05-30 14:04:04.732 I/binder:464_2( 464): type=1400 audit(0.0:1073): avc: denied { getopt } for laddr=::ffff:192.168.3.222 lport=5555 faddr=::ffff:192.168.15.10 fport=49348 scontext=u:r:netd:s0 tcontext=u:r:su:s0 tclass=tcp_socket permissive=1
05-30 14:04:04.732 I/binder:464_2( 464): type=1400 audit(0.0:1074): avc: denied { setopt } for laddr=::ffff:192.168.3.222 lport=5555 faddr=::ffff:192.168.15.10 fport=49348 scontext=u:r:netd:s0 tcontext=u:r:su:s0 tclass=tcp_socket permissive=1
05-30 14:04:04.732 I//apex/com.android.adbd/bin/adbd( 1387): type=1400 audit(0.0:1075): avc: denied { setopt } for comm=73657276657220736F636B6574 laddr=::ffff:192.168.3.222 lport=5555 faddr=::ffff:192.168.15.10 fport=49348 scontext=u:r:su:s0 tcontext=u:r:su:s0 tclass=tcp_socket permissive=1
05-30 14:04:04.732 I//apex/com.android.adbd/bin/adbd( 1387): type=1400 audit(0.0:1076): avc: denied { accept } for comm=73657276657220736F636B6574 lport=5555 scontext=u:r:su:s0 tcontext=u:r:su:s0 tclass=tcp_socket permissive=1
05-30 14:04:05.232 I/ThermalService( 999): CPU temperatures: [51.4]
05-30 14:04:06.013 D/OomAdjuster( 692): Not killing cached processes
05-30 14:04:06.068 I/WifiHAL ( 500): call wifi_get_link_stats handler
05-30 14:04:06.068 I/WifiHAL ( 500): Creating message to get link statistics; iface = 16
