05-30 14:03:33.979 D/SystemServerTimingAsync( 692): ssm.onCompletedEventUser-0_{|Unlocked|}_com.android.server.autofill.AutofillManagerService
05-30 14:03:33.980 D/SystemServerTimingAsync( 692): ssm.onCompletedEventUser-0_{|Unlocked|}_com.android.server.clipboard.ClipboardService
05-30 14:03:33.980 D/SystemServerTimingAsync( 692): ssm.onCompletedEventUser-0_{|Unlocked|}_com.android.server.tracing.TracingServiceProxy
05-30 14:03:33.980 D/SystemServerTimingAsync( 692): ssm.onCompletedEventUser-0_{|Unlocked|}_com.android.server.pm.StagingManager$Lifecycle
05-30 14:03:33.980 D/SystemServerTimingAsync( 692): ssm.onCompletedEventUser-0_{|Unlocked|}_com.android.server.policy.PermissionPolicyService
05-30 14:03:33.980 D/SystemServerTimingAsync( 692): ssm.onCompletedEventUser-0_{|Unlocked|}_com.android.server.app.GameManagerService$Lifecycle
05-30 14:03:33.980 D/SystemServerTimingAsync( 692): ssm.onCompletedEventUser-0_{|Unlocked|}_com.android.safetycenter.SafetyCenterService
05-30 14:03:33.980 D/SystemServerTimingAsync( 692): ssm.onCompletedEventUser-0_{|Unlocked|}_com.android.server.appsearch.AppSearchModule$Lifecycle
05-30 14:03:33.980 D/SystemServerTimingAsync( 692): ssm.onCompletedEventUser-0_{|Unlocked|}_com.android.server.appbinding.AppBindingService$Lifecycle
05-30 14:03:33.980 D/SystemServerTimingAsync( 692): ssm.onCompletedEventUser-0_{|Unlocked|}_com.android.server.compat.overrides.AppCompatOverridesService$Lifecycle
05-30 14:03:33.980 D/SystemServerTimingAsync( 692): ssm.onCompletedEventUser-0_{|Unlocked|}_com.android.server.media.MediaCommunicationService
05-30 14:03:33.980 D/SystemServerTimingAsync( 692): ssm.onCompletedEventUser-0_{|Unlocked|}_com.android.server.healthconnect.HealthConnectManagerService
05-30 14:03:33.980 D/SystemServerTimingAsync( 692): ssm.onCompletedEventUser-0_{|Unlocked|}_com.android.server.devicelock.DeviceLockService
05-30 14:03:34.052 I/UsbFfs-monitor( 1387): type=1400 audit(0.0:919): avc: denied { use } for path="anon_inode:[eventfd]" dev="anon_inodefs" ino=10206 scontext=u:r:su:s0 tcontext=u:r:adbd:s0 tclass=fd permissive=1
05-30 14:03:34.052 I/adbd ( 1387): type=1400 audit(0.0:920): avc: denied { write } for path="socket:[32232]" dev="sockfs" ino=32232 scontext=u:r:su:s0 tcontext=u:r:adbd:s0 tclass=unix_stream_socket permissive=1
05-30 14:03:34.052 I/adbd ( 1387): type=1400 audit(0.0:921): avc: denied { read } for path="socket:[32233]" dev="sockfs" ino=32233 scontext=u:r:su:s0 tcontext=u:r:adbd:s0 tclass=unix_stream_socket permissive=1
05-30 14:03:34.096 W/OverlayManager( 692): service 'idmap' died
05-30 14:03:34.104 I//apex/com.android.adbd/bin/adbd( 1387): type=1400 audit(0.0:922): avc: denied { dac_read_search } for comm=75736220666673206F70656E capability=2 scontext=u:r:su:s0 tcontext=u:r:su:s0 tclass=capability permissive=1
05-30 14:03:34.333 D/xm_audio( 476): socket_thread start
05-30 14:03:34.333 D/xm_audio( 476): create socket g_is_running4
05-30 14:03:34.333 D/xm_audio( 476): create socket g_is_running5
05-30 14:03:34.333 E/xm_audio( 476): so socket connect suc
05-30 14:03:34.333 D/XM_HIDREAD( 1982): Client connected.
05-30 14:03:34.334 D/XM_HIDREAD( 1982): accept before.
05-30 14:03:34.334 D/xm_audio( 476): data_thread start
05-30 14:03:34.334 D/XM_HIDREAD( 1982): handle_client start.
05-30 14:03:34.407 D/hq ( 1482): NetWorkStateReceiver:::检查网络,并且持续更新 isConnect=false
05-30 14:03:34.669 I/dangbei ad sdk( 1482): AdSplashView::show offline ad
05-30 14:03:35.104 I/adbd ( 1387): type=1400 audit(0.0:932): avc: denied { write } for path="socket:[32232]" dev="sockfs" ino=32232 scontext=u:r:su:s0 tcontext=u:r:adbd:s0 tclass=unix_stream_socket permissive=1
05-30 14:03:35.104 I/adbd ( 1387): type=1400 audit(0.0:933): avc: denied { read } for path="socket:[32233]" dev="sockfs" ino=32233 scontext=u:r:su:s0 tcontext=u:r:adbd:s0 tclass=unix_stream_socket permissive=1
05-30 14:03:35.148 I//apex/com.android.adbd/bin/adbd( 1387): type=1400 audit(0.0:934): avc: denied { read write } for comm=75736220666673206F70656E name="ep0" dev="functionfs" ino=25741 scontext=u:r:su:s0 tcontext=u:object_r:functionfs:s0 tclass=file permissive=1
05-30 14:03:35.148 I//apex/com.android.adbd/bin/adbd( 1387): type=1400 audit(0.0:935): avc: denied { open } for comm=75736220666673206F70656E path="/dev/usb-ffs/adb/ep0" dev="functionfs" ino=25741 scontext=u:r:su:s0 tcontext=u:object_r:functionfs:s0 tclass=file permissive=1
05-30 14:03:35.192 I/ThermalService( 999): CPU temperatures: [53.7]
05-30 14:03:36.219 I/efs.config( 1735): No update is required, less than 8h since the last update
05-30 14:03:36.292 I/WifiService( 692): releaseMulticastLock uid=10044
05-30 14:03:36.294 I/WifiService( 692): releaseMulticastLock uid=10044
05-30 14:03:36.288 I/gbei.screencast( 1735): type=1400 audit(0.0:936): avc: denied { write } for name="property_service" dev="tmpfs" ino=411 scontext=u:r:untrusted_app_27:s0:c44,c256,c512,c768 tcontext=u:object_r:property_socket:s0 tclass=sock_file permissive=1 app=com.dangbei.screencast
05-30 14:03:36.288 I/gbei.screencast( 1735): type=1400 audit(0.0:937): avc: denied { connectto } for path="/dev/socket/property_service" scontext=u:r:untrusted_app_27:s0:c44,c256,c512,c768 tcontext=u:r:init:s0 tclass=unix_stream_socket permissive=1 app=com.dangbei.screencast
05-30 14:03:36.288 I//system/bin/init( 1): type=1107 audit(0.0:938): uid=0 auid=4294967295 ses=4294967295 subj=u:r:init:s0 msg='avc: denied { set } for property=persist.sys.wfd.devicename pid=1735 uid=10044 gid=10044 scontext=u:r:untrusted_app_27:s0:c44,c256,c512,c768 tcontext=u:object_r:system_prop:s0 tclass=property_service permissive=1'
05-30 14:03:36.306 D/HiSight-SinkService( 1735): setDiscoverable true
05-30 14:03:36.307 D/wenhc ( 1482): getScreenInfo uri = content://com.dangbei.screencast.parts.info/screen_cast
05-30 14:03:36.308 D/NearFieldManager( 1735): init.
05-30 14:03:36.308 D/NearFieldManager( 1735): try check dmsdp
05-30 14:03:36.321 D/NearFieldManager( 1735): package not exist
05-30 14:03:36.324 D/CompatibilityChangeReporter( 692): Compat change id reported: 135634846; UID 10044; state: DISABLED
05-30 14:03:36.325 D/CompatibilityChangeReporter( 692): Compat change id reported: 143937733; UID 10044; state: DISABLED
05-30 14:03:36.326 D/NearFieldManager( 1735): bind nearfield service true
05-30 14:03:36.327 D/NearFieldManager( 1735): registerCallback true
05-30 14:03:36.327 D/HiSight-Discovery( 1735): set deviceInfo type:46
05-30 14:03:36.327 D/HiSight-Discovery( 1735): startAdvertise 1
05-30 14:03:36.344 D/Zygote ( 465): Forked child process 2271
05-30 14:03:36.344 I/ActivityManager( 692): Start proc 2271:com.huawei.connection/u0a44 for service {com.dangbei.screencast/com.huawei.connection.service.NearFieldManagerService}
05-30 14:03:36.350 I/Zygote ( 2271): seccomp disabled by setenforce 0
05-30 14:03:36.358 I/awei.connection( 2271): Using CollectorTypeCC GC.
05-30 14:03:36.363 E/awei.connection( 2271): Not starting debugger since process cannot load the jdwp agent.
05-30 14:03:36.373 D/CompatibilityChangeReporter( 692): Compat change id reported: 168419799; UID 10044; state: DISABLED
05-30 14:03:36.374 D/CompatibilityChangeReporter( 692): Compat change id reported: 273564678; UID 10044; state: DISABLED
05-30 14:03:36.375 D/ProfileInstaller( 1482): Installing profile for com.dangbei.leard.leradlauncher
05-30 14:03:36.377 D/CompatibilityChangeReporter( 2271): Compat change id reported: 171979766; UID 10044; state: DISABLED
05-30 14:03:36.377 D/CompatibilityChangeReporter( 2271): Compat change id reported: 242716250; UID 10044; state: DISABLED
05-30 14:03:36.380 D/CompatibilityChangeReporter( 692): Compat change id reported: 170503758; UID 10044; state: DISABLED
05-30 14:03:36.382 D/ApplicationLoaders( 2271): Returning zygote-cached class loader: /system/framework/android.test.base.jar
05-30 14:03:36.382 D/ApplicationLoaders( 2271): Returning zygote-cached class loader: /system/framework/android.hidl.manager-V1.0-java.jar
05-30 14:03:36.382 D/ApplicationLoaders( 2271): Returning zygote-cached class loader: /system/framework/android.hidl.base-V1.0-java.jar
05-30 14:03:36.391 D/nativeloader( 2271): Configuring clns-shared-4 for other apk /system/app/dangbei-screencast/dangbei-screencast.apk. target_sdk_version=28, uses_libraries=, library_path=/system/app/dangbei-screencast/lib/arm:/system/app/dangbei-screencast/dangbei-screencast.apk!/lib/armeabi-v7a:/system/lib:/system_ext/lib, permitted_path=/data:/mnt/expand:/data/user/0/com.dangbei.screencast:/system/app/dangbei-screencast:/system/lib:/system_ext/lib
05-30 14:03:36.408 D/hq ( 1482): NetWorkStateReceiver:::检查网络,并且持续更新 isConnect=false
05-30 14:03:36.418 V/GraphicsEnvironment( 2271): Currently set values for:
05-30 14:03:36.418 V/GraphicsEnvironment( 2271): angle_gl_driver_selection_pkgs=[]
05-30 14:03:36.418 V/GraphicsEnvironment( 2271): angle_gl_driver_selection_values=[]
05-30 14:03:36.418 V/GraphicsEnvironment( 2271): ANGLE GameManagerService for com.dangbei.screencast: false
05-30 14:03:36.418 V/GraphicsEnvironment( 2271): com.dangbei.screencast is not listed in per-application setting
05-30 14:03:36.419 V/GraphicsEnvironment( 2271): Neither updatable production driver nor prerelease driver is supported.
05-30 14:03:36.422 I/MultiDex( 2271): VM with version 2.1.0 has multidex support
05-30 14:03:36.422 I/MultiDex( 2271): Installing application
05-30 14:03:36.422 I/MultiDex( 2271): VM has multidex support, MultiDex support library is disabled.
05-30 14:03:36.423 D/CompatibilityChangeReporter( 2271): Compat change id reported: 247079863; UID 10044; state: DISABLED
05-30 14:03:36.436 W/System.err( 2271): com.umeng.analytics.pro.br: Required field 'version' was not found in serialized data! Struct: com.umeng.commonsdk.statistics.proto.d$a@a1410fd
05-30 14:03:36.437 W/System.err( 2271): at com.umeng.commonsdk.statistics.proto.d$a.a(Unknown Source:43)
05-30 14:03:36.437 W/System.err( 2271): at com.umeng.commonsdk.statistics.proto.d$a.b(Unknown Source:2)
05-30 14:03:36.437 W/System.err( 2271): at com.umeng.commonsdk.statistics.proto.d.read(Unknown Source:16)
05-30 14:03:36.437 W/System.err( 2271): at com.umeng.analytics.pro.au.a(Unknown Source:7)
05-30 14:03:36.437 W/System.err( 2271): at com.umeng.commonsdk.statistics.idtracking.ImprintHandler.e(Unknown Source:66)
05-30 14:03:36.437 W/System.err( 2271): at com.umeng.commonsdk.statistics.idtracking.ImprintHandler.onFileLock(Unknown Source:5)
05-30 14:03:36.437 W/System.err( 2271): at com.umeng.commonsdk.utils.FileLockUtil.doFileOperateion(Unknown Source:20)
05-30 14:03:36.437 W/System.err( 2271): at com.umeng.commonsdk.statistics.idtracking.ImprintHandler.getImprintService(Unknown Source:41)
05-30 14:03:36.437 W/System.err( 2271): at com.umeng.commonsdk.framework.UMEnvelopeBuild.imprintProperty(Unknown Source:7)
05-30 14:03:36.437 W/System.err( 2271): at com.umeng.commonsdk.config.FieldManager.a(Unknown Source:43)
05-30 14:03:36.437 W/System.err( 2271): at com.umeng.commonsdk.UMConfigure.preInit(Unknown Source:73)
05-30 14:03:36.437 W/System.err( 2271): at com.umeng.commonsdk.UMConfigure.init(Unknown Source:161)
05-30 14:03:36.437 W/System.err( 2271): at b.f.f.b.a(:4)
05-30 14:03:36.437 W/System.err( 2271): at h.o.a.run(Unknown Source:2)
05-30 14:03:36.453 I/crashsdk( 2271): version unique build id: 6230cced
05-30 14:03:36.448 I/Thread-3( 2271): type=1400 audit(0.0:939): avc: denied { read } for name="version" dev="proc" ino=4026532005 scontext=u:r:untrusted_app_27:s0:c44,c256,c512,c768 tcontext=u:object_r:proc_version:s0 tclass=file permissive=1 app=com.dangbei.screencast
05-30 14:03:36.448 I/Thread-3( 2271): type=1400 audit(0.0:940): avc: denied { open } for path="/proc/version" dev="proc" ino=4026532005 scontext=u:r:untrusted_app_27:s0:c44,c256,c512,c768 tcontext=u:object_r:proc_version:s0 tclass=file permissive=1 app=com.dangbei.screencast
05-30 14:03:36.448 I/Thread-3( 2271): type=1400 audit(0.0:941): avc: denied { getattr } for path="/proc/version" dev="proc" ino=4026532005 scontext=u:r:untrusted_app_27:s0:c44,c256,c512,c768 tcontext=u:object_r:proc_version:s0 tclass=file permissive=1 app=com.dangbei.screencast
05-30 14:03:36.455 D/crashsdk( 2271): Native log stat thread 2302 setup, waiting
05-30 14:03:36.457 I/crashsdk( 2271): begin hack android.os.Process
05-30 14:03:36.457 I/crashsdk( 2271): end hack android.os.Process
05-30 14:03:36.459 I/TDLog ( 2271): setReportUncaughtExceptions: true
05-30 14:03:36.460 E/Application( 2271): onCreate:Version:v2.8.3/20830/883432e
05-30 14:03:36.472 I/crashsdk( 2271): Catcher mask: 5000, 20480
05-30 14:03:36.473 I/crashsdk( 2271): Catcher thread 2277
05-30 14:03:36.473 D/crashsdk( 2271): Register ANR handler ...
05-30 14:03:36.474 D/NearFieldManagerService( 2271): NearFieldManagerService.
05-30 14:03:36.475 D/NearFieldManagerService( 2271): onCreate, enter.
05-30 14:03:36.475 I/NearFieldManagerService( 2271): onBind, enter.
05-30 14:03:36.475 D/NearFieldManagerService( 2271): initService
05-30 14:03:36.475 D/NearFieldManagerService( 2271): NearField starting...
05-30 14:03:36.476 D/NearFieldUtils( 2271): checkSystemProperty in
05-30 14:03:36.476 D/NearFieldUtils( 2271): checkSystemProperty: systemProperties:
05-30 14:03:36.476 E/NearFieldUtils( 2271): validProperty: priority is null
05-30 14:03:36.476 I/TDLog ( 2271): TalkingData SDK init...
05-30 14:03:36.476 I/TDLog ( 2271): SDK_VERSION is: Android+TD+V5.0.7 gp Type:Native Build_Num:2141
05-30 14:03:36.476 I/TDLog ( 2271): App ID is: B9D7815EC975466AB1332111FCE62DF5
05-30 14:03:36.476 I/TDLog ( 2271): App Channel is: os
05-30 14:03:36.476 I/TDLog ( 2271): App Custom is:
05-30 14:03:36.476 I/TDLog ( 2271): SDK_OVC is: TDOVC+a3bb7754719798526508b6caad480dd7+SaaS
05-30 14:03:36.478 D/NearFieldManager( 1735): service connected.
05-30 14:03:36.479 W/efs.send_log( 2271): tryFileLock start!
05-30 14:03:36.479 D/HiSight-Discovery( 1735): eventId: 4001
05-30 14:03:36.479 D/HiSight-Discovery( 1735): msg 4001
05-30 14:03:36.479 D/HiSight-Discovery( 1735): bind success, status Ready
05-30 14:03:36.479 D/HiSight-Discovery( 1735): startAdvertise 2
05-30 14:03:36.480 D/HiSight-Discovery( 1735): stopAdvertise.
05-30 14:03:36.480 D/HiSight-Discovery( 1735): nearFieldStartListen deviceType 46
05-30 14:03:36.480 I/NearFieldManagerImpl( 2271): setDeviceInfo, sDeviceId changes
05-30 14:03:36.481 I/NearFieldManagerImpl( 2271): setDeviceInfo, sDeviceName changes
05-30 14:03:36.481 D/NearFieldManagerImpl( 2271): setServiceData, sServiceData=[], serviceData=[32]
05-30 14:03:36.481 E/NearFieldManager( 1735): setIdnNetworkPriority: networkPortPriority is empty
05-30 14:03:36.481 D/NearFieldManager( 1735): StartListen moduleId: CastPlusDiscoveryModule
05-30 14:03:36.482 D/NearFieldManagerImpl( 2271): startListen: moduleId: CastPlusDiscoveryModule
05-30 14:03:36.482 D/NearFieldUtils( 2271): getPreferredIpAddress exec
05-30 14:03:36.482 D/NearFieldUtils( 2271): getPreferredIpAddress by custom priority
05-30 14:03:36.482 D/NearFieldUtils( 2271): getIpByInterfaceSetting customIdnNetworkPriority:[]
05-30 14:03:36.482 D/NearFieldUtils( 2271): getPreferredIpAddress by default priority
05-30 14:03:36.482 I/efs.config( 2271): --->>> 删除旧的配置文件 false
05-30 14:03:36.483 I/efs.base( 2271): lt=event`ev_ct=efs_core`ev_ac=pvuv`tm=2025-05-30 14:03:48`dn=6aee369d-97d5-42b8-aaef-4ff281a087ea`ps=com.huawei.connection`um_os=android`stime=1748585016327`pid=2271`fr=android`pkg=com.dangbei.screencast`vcode=20830`dsp_w=1920`uid=6aee369d-97d5-42b8-aaef-4ff281a087ea`rom=14`wid=6aee369d-97d5-42b8-aaef-4ff281a087ea`um_app_carrier=`um_access=unknow`um_app_channel=os`um_crash_sdk_version=1.4.0`ctime=1748585016`model=dbbox-a3`lang=zh`net=disconnected`brand=amlogic`dsp_h=1080`um_network_type=0`ver=v2.8.3`build_model=DBBOX-A3`w_tm=1748585016`appid=5fc60c21094d637f3130af19`um_umid_header=null`sdk=34`tzone=Asia/Shanghai`sdk_ver=1.3.6.umeng
05-30 14:03:36.494 D/NearFieldUtils( 2271): get Ip Address failed.
05-30 14:03:36.494 D/NearFieldManagerImpl( 2271): sDeviceType: 46
05-30 14:03:36.494 D/NearFieldManagerImpl( 2271): registerDevice() is called.
05-30 14:03:36.494 E/NearFieldManagerUtilsNative( 2271): Begin System.loadLibrary()
05-30 14:03:36.496 I/Matrix.AnrTracer( 2271): anrTrace, final mAnrBeatTime:400, mAnrBeatRate:400
05-30 14:03:36.497 I/efs.config( 2271): current config version (-1) is older than another (1735614866)
05-30 14:03:36.497 I/efs.config( 2271): load config from storage and notify observer
05-30 14:03:36.498 E/LaunchManager( 2271): Non main process !
05-30 14:03:36.498 W/System.err( 2271): java.lang.NullPointerException: Attempt to invoke virtual method 'boolean com.efs.sdk.launch.LaunchConfigManager.enableTracer()' on a null object reference
05-30 14:03:36.498 W/System.err( 2271): at com.umeng.umcrash.UMCrash.init(Unknown Source:403)
05-30 14:03:36.498 W/System.err( 2271): at java.lang.reflect.Method.invoke(Native Method)
05-30 14:03:36.498 W/System.err( 2271): at com.umeng.commonsdk.UMConfigure.init(Unknown Source:811)
05-30 14:03:36.498 W/System.err( 2271): at b.f.f.b.a(:4)
05-30 14:03:36.498 W/System.err( 2271): at h.o.a.run(Unknown Source:2)
05-30 14:03:36.499 I/UMCrash ( 2271): begin register common callback. key is umid.
05-30 14:03:36.511 I/HicomNfTimerManager( 2271): epoll fd:122 create success
05-30 14:03:36.511 I/HicomNfTimerManager( 2271): epoll add fd:132--->122 success
05-30 14:03:36.511 I/HicomNfTimerManager( 2271): time fd:132 add to epoll success
05-30 14:03:36.528 D/nStackXDFinder( 2271): NSTACKX_Init:[146] :nstack ctrl creat epollfd 134
05-30 14:03:36.529 I/nStackXDFinder( 2271): InitDefaultInterfaceName:[779] :InitDefaultInterfaceName exec
05-30 14:03:36.529 D/nStackXCoAP( 2271): CoapServerInit:[174] :CoapServerInit is called
05-30 14:03:36.529 E/nStackXDFinder( 2271): GetLocalIp:[401] :GetLocalIp exec
05-30 14:03:36.529 E/nStackXDFinder( 2271): GetLocalIp:[407] :GetLocalIp, ifInfo is null
05-30 14:03:36.529 I/HicomNfMainCtrlManager( 2271): NSTACKX_RegisterDevice is called
05-30 14:03:36.529 D/nStackXDFinder( 2271): ConfigureLocalDeviceInfo:[616] :Invalid if name or ip address. Ignore
05-30 14:03:36.529 D/NearFieldManagerImpl( 2271): Register device success.
05-30 14:03:36.529 I/NearFieldManagerImpl( 2271): serviceName is castPlus
05-30 14:03:36.530 D/NearFieldManagerImpl( 2271): registerCapability() called with: capabilityBitmapNum = 1, capabilityBitmap = [8]
05-30 14:03:36.530 I/HicomNf_java_to_c( 2271): registerCapability, capabilityBitmapNum: 1
05-30 14:03:36.530 I/HicomNfMainCtrlManager( 2271): RegisterCapability: 1, 8
05-30 14:03:36.530 D/NearFieldManagerImpl( 2271): Register capability succeed with capabilityBitmapNum = 1, capabilityBitmap = [8]
05-30 14:03:36.530 D/NearFieldManagerImpl( 2271): registerServiceData() called with: serviceData = 32
05-30 14:03:36.530 I/nStackXDFinder( 2271): RegisterServiceData:[728] :RegisterServiceData, serviceData=[32]
05-30 14:03:36.530 D/NearFieldManagerImpl( 2271): registerModule() called with: packageModuleName = com.huawei.connection+CastPlusDiscoveryModule
05-30 14:03:36.530 I/HicomNf_java_to_c( 2271): registerModule, moduleName: com.huawei.connection+CastPlusDiscoveryModule
05-30 14:03:36.530 I/HicomNfMainCtrlManager( 2271): Enter RegisterModule
05-30 14:03:36.530 I/HicomNfRegManager( 2271): RegisterModule OK, add module name com.huawei.connection+CastPlusDiscoveryModule
05-30 14:03:36.531 I/Hisight-DeviceListManager( 1735): init DeviceListManager.
05-30 14:03:36.534 D/Hisight-DeviceListManager( 1735): get old secret key
05-30 14:03:36.537 E/Hisight-ConnectAuthCallBack( 1735): readSecureFile failed, no such file
05-30 14:03:36.537 W/Hisight-DeviceListManager( 1735): deviceRecords is empty
05-30 14:03:36.537 W/Hisight-DeviceListManager( 1735): occur error, clear all the list
05-30 14:03:36.537 D/Hisight-HiChainAuthControl( 1735): start HiChainAuthControl
05-30 14:03:36.546 I/ConnectAuthJNI( 1735): JNI_OnLoad begin load
05-30 14:03:36.546 I/ConnectAuthJNI( 1735): RegisterNativeMethod begin
05-30 14:03:36.546 I/ConnectAuthJNI( 1735): RegisterNativeMethod end
05-30 14:03:36.546 I/ConnectAuthJNI( 1735): RegisterNativeMethod 1004 methodLen=10
05-30 14:03:36.546 I/ConnectAuthJNI( 1735): RegisterNativeMethod 1007 RegisterNatives=0
05-30 14:03:36.546 I/ConnectAuthJNI( 1735): InitArraylist 1013
05-30 14:03:36.546 I/ConnectAuthJNI( 1735): InitConnectAuthStaticJNIMethod 1114 methodRet=0
05-30 14:03:36.546 E/ConnectAuthJNI( 1735): JNI_OnLoad finish....1138
05-30 14:03:36.546 D/Hisight-HiChainAuthControl( 1735): setupAuthIfNeeded, HiChainInstance hasn't been initialized
05-30 14:03:36.546 I/ConnectAuthJNI( 1735): Java_com_huawei_hisight_security_ConnectAuthNative_nativeSetup 795 call HiChainNativeSetup
05-30 14:03:36.546 I/ConnectAuthJNI( 1735): HiChainNativeSetup 565 registe_log
05-30 14:03:36.546 I/ConnectAuthJNI( 1735): HksStorageRegisterFileCallbacks 245 register hks file callback status =0
05-30 14:03:36.546 I/ConnectAuthJNI( 1735): HksRegisterGetDeviceIdCallback 268 register hks get hardware udid callback status =0
05-30 14:03:36.547 D/ConnectAuthJNI( 1735): [HiChain] get_instance Begin get instance
05-30 14:03:36.547 I/ConnectAuthJNI( 1735): [HKS] hks_service_key_info_init hks init : begin
05-30 14:03:36.547 I/ConnectAuthJNI( 1735): FileRead 113 FileRead
05-30 14:03:36.547 I/ConnectAuthJNI( 1735): FileRead 122 FileRead call readSecureFile begin
05-30 14:03:36.547 E/Hisight-ConnectAuthCallBack( 1735): readSecureFile failed, no such file
05-30 14:03:36.547 W/ConnectAuthJNI( 1735): FileRead 132 FileRead call readSecureFile byteArray is null
05-30 14:03:36.548 I/ConnectAuthJNI( 1735): [HKS] hks_rkc_init RKC init:begin, is_key_info_exist=0
05-30 14:03:36.548 I/ConnectAuthJNI( 1735): [HKS] hks_rkc_init_entropy the entropy is empty
05-30 14:03:36.548 I/ConnectAuthJNI( 1735): FileSize 214 FileSize
05-30 14:03:36.548 I/ConnectAuthJNI( 1735): FileSize 230 fileSize=258
05-30 14:03:36.548 I/ConnectAuthJNI( 1735): FileRead 113 FileRead
05-30 14:03:36.548 I/ConnectAuthJNI( 1735): FileRead 122 FileRead call readSecureFile begin
05-30 14:03:36.549 I/ConnectAuthJNI( 1735): FileRead 135 FileRead call readSecureFile end
05-30 14:03:36.549 I/ConnectAuthJNI( 1735): FileRead 150 fileBuff size 258, buf len 258
05-30 14:03:36.549 I/ConnectAuthJNI( 1735): FileSize 214 FileSize
05-30 14:03:36.550 I/ConnectAuthJNI( 1735): FileSize 230 fileSize=258
05-30 14:03:36.550 I/ConnectAuthJNI( 1735): FileRead 113 FileRead
05-30 14:03:36.550 I/ConnectAuthJNI( 1735): FileRead 122 FileRead call readSecureFile begin
05-30 14:03:36.550 I/ConnectAuthJNI( 1735): FileRead 135 FileRead call readSecureFile end
05-30 14:03:36.551 I/ConnectAuthJNI( 1735): FileRead 150 fileBuff size 258, buf len 258
05-30 14:03:36.551 I/ConnectAuthJNI( 1735): [HKS] hks_rkc_load_ksf load ksf success
05-30 14:03:36.551 I/ConnectAuthJNI( 1735): [HKS] hks_rkc_init root key component init success
05-30 14:03:36.551 I/ConnectAuthJNI( 1735): [HKS] hks_rkc_init RKC init:end,rc=0
05-30 14:03:36.551 I/ConnectAuthJNI( 1735): [HKS] hks_service_key_info_init hks init : end
05-30 14:03:36.551 I/ConnectAuthJNI( 1735): GetHiChainProtocolParamsCallback 371 GetHiChainProtocolParamsCallback operation_code= 99
05-30 14:03:36.551 I/ConnectAuthJNI( 1735): paramLen is ,=0
05-30 14:03:36.551 I/ConnectAuthJNI( 1735): paramLen is ,=0
05-30 14:03:36.551 I/ConnectAuthJNI( 1735): GetHiChainProtocolParamsCallback 402 GetHiChainProtocolParamsCallback end
05-30 14:03:36.551 I/ConnectAuthJNI( 1735): [HiChain] get_instance Get instance success
05-30 14:03:36.551 I/ConnectAuthJNI( 1735): Java_com_huawei_hisight_security_ConnectAuthNative_nativeGetHiChainInstance 598 get instance success
05-30 14:03:36.551 D/Hisight-HiChainAuthControl( 1735): destroyAuth
05-30 14:03:36.551 I/ConnectAuthJNI( 1735): Java_com_huawei_hisight_security_ConnectAuthNative_nativeDestroy 603 destroy
05-30 14:03:36.551 D/Hisight-HiChainAuthControl( 1735): setupAuthIfNeeded, HiChainInstance hasn't been initialized
05-30 14:03:36.551 I/ConnectAuthJNI( 1735): Java_com_huawei_hisight_security_ConnectAuthNative_nativeSetup 795 call HiChainNativeSetup
05-30 14:03:36.551 I/ConnectAuthJNI( 1735): HiChainNativeSetup 565 registe_log
05-30 14:03:36.551 I/ConnectAuthJNI( 1735): HksStorageRegisterFileCallbacks 245 register hks file callback status =0
05-30 14:03:36.551 I/ConnectAuthJNI( 1735): HksRegisterGetDeviceIdCallback 268 register hks get hardware udid callback status =0
05-30 14:03:36.551 D/ConnectAuthJNI( 1735): [HiChain] get_instance Begin get instance
05-30 14:03:36.551 I/ConnectAuthJNI( 1735): [HKS] hks_service_key_info_init hks init : begin
05-30 14:03:36.551 I/ConnectAuthJNI( 1735): [HKS] hks_service_key_info_init hks init : end
05-30 14:03:36.551 I/ConnectAuthJNI( 1735): GetHiChainProtocolParamsCallback 371 GetHiChainProtocolParamsCallback operation_code= 99
05-30 14:03:36.551 I/ConnectAuthJNI( 1735): paramLen is ,=0
05-30 14:03:36.551 I/ConnectAuthJNI( 1735): paramLen is ,=0
05-30 14:03:36.551 I/ConnectAuthJNI( 1735): GetHiChainProtocolParamsCallback 402 GetHiChainProtocolParamsCallback end
05-30 14:03:36.551 I/ConnectAuthJNI( 1735): [HiChain] get_instance Get instance success
05-30 14:03:36.551 I/ConnectAuthJNI( 1735): Java_com_huawei_hisight_security_ConnectAuthNative_nativeGetHiChainInstance 598 get instance success
05-30 14:03:36.551 W/ConnectAuthJNI( 1735): GetListTrustPeers 899 trustPeerSize=0
05-30 14:03:36.551 D/Hisight-HiChainAuthControl( 1735): destroyAuth
05-30 14:03:36.551 I/ConnectAuthJNI( 1735): Java_com_huawei_hisight_security_ConnectAuthNative_nativeDestroy 603 destroy
05-30 14:03:36.551 D/Hisight-HiChainAuthControl( 1735): setupAuthIfNeeded, HiChainInstance hasn't been initialized
05-30 14:03:36.551 I/ConnectAuthJNI( 1735): Java_com_huawei_hisight_security_ConnectAuthNative_nativeSetup 795 call HiChainNativeSetup
05-30 14:03:36.551 I/ConnectAuthJNI( 1735): HiChainNativeSetup 565 registe_log
05-30 14:03:36.551 I/ConnectAuthJNI( 1735): HksStorageRegisterFileCallbacks 245 register hks file callback status =0
05-30 14:03:36.551 I/ConnectAuthJNI( 1735): HksRegisterGetDeviceIdCallback 268 register hks get hardware udid callback status =0
05-30 14:03:36.552 D/ConnectAuthJNI( 1735): [HiChain] get_instance Begin get instance
05-30 14:03:36.552 I/ConnectAuthJNI( 1735): [HKS] hks_service_key_info_init hks init : begin
05-30 14:03:36.552 I/ConnectAuthJNI( 1735): [HKS] hks_service_key_info_init hks init : end
05-30 14:03:36.552 I/ConnectAuthJNI( 1735): GetHiChainProtocolParamsCallback 371 GetHiChainProtocolParamsCallback operation_code= 99
05-30 14:03:36.552 I/ConnectAuthJNI( 1735): paramLen is ,=0
05-30 14:03:36.552 I/ConnectAuthJNI( 1735): paramLen is ,=0
05-30 14:03:36.552 I/ConnectAuthJNI( 1735): GetHiChainProtocolParamsCallback 402 GetHiChainProtocolParamsCallback end
05-30 14:03:36.552 I/ConnectAuthJNI( 1735): [HiChain] get_instance Get instance success
05-30 14:03:36.552 I/ConnectAuthJNI( 1735): Java_com_huawei_hisight_security_ConnectAuthNative_nativeGetHiChainInstance 598 get instance success
05-30 14:03:36.552 W/ConnectAuthJNI( 1735): GetListTrustPeers 899 trustPeerSize=0
05-30 14:03:36.552 D/Hisight-DeviceListManager( 1735): init trusted list size: 0
05-30 14:03:36.553 D/HiSight-ConnectionManager( 1735): setAuthInfo, authMode: 1
05-30 14:03:36.748 E/hq ( 1482): ErrorCoroutineExceptionHandler:::runTry error:java.net.UnknownHostException: Unable to resolve host "ottdbui-tyapiqun7.yysh.mgtv.com": No address associated with hostname from=requestMessageList
05-30 14:03:37.196 I/ThermalService( 999): CPU temperatures: [52.7]
05-30 14:03:37.306 E/raop ( 1735): JavaCallback init
05-30 14:03:37.805 D/TrafficStats( 1735): tagSocket(165) with statsTag=0xffffffff, statsUid=-1
05-30 14:03:38.007 D/OomAdjuster( 692): Not killing cached processes
05-30 14:03:38.009 D/CompatibilityChangeReporter( 2073): Compat change id reported: 253665015; UID 10016; state: ENABLED
05-30 14:03:38.010 D/CompatibilityChangeReporter( 2073): Compat change id reported: 194532703; UID 10016; state: ENABLED
05-30 14:03:38.011 D/CompatibilityChangeReporter( 692): Compat change id reported: 253665015; UID 10016; state: ENABLED
05-30 14:03:38.012 D/CompatibilityChangeReporter( 692): Compat change id reported: 194532703; UID 10016; state: ENABLED
05-30 14:03:38.030 W/BroadcastLoopers( 692): Found previously unknown looper Thread[appscheduling.default,5,main]
05-30 14:03:38.236 I/adbd ( 1387): type=1400 audit(0.0:960): avc: denied { write } for path="socket:[32232]" dev="sockfs" ino=32232 scontext=u:r:su:s0 tcontext=u:r:adbd:s0 tclass=unix_stream_socket permissive=1
05-30 14:03:38.236 I/adbd ( 1387): type=1400 audit(0.0:961): avc: denied { read } for path="socket:[32233]" dev="sockfs" ino=32233 scontext=u:r:su:s0 tcontext=u:r:adbd:s0 tclass=unix_stream_socket permissive=1
05-30 14:03:38.264 I//apex/com.android.adbd/bin/adbd( 1387): type=1400 audit(0.0:962): avc: denied { read write } for comm=75736220666673206F70656E name="ep0" dev="functionfs" ino=25741 scontext=u:r:su:s0 tcontext=u:object_r:functionfs:s0 tclass=file permissive=1
05-30 14:03:38.264 I//apex/com.android.adbd/bin/adbd( 1387): type=1400 audit(0.0:963): avc: denied { open } for comm=75736220666673206F70656E path="/dev/usb-ffs/adb/ep0" dev="functionfs" ino=25741 scontext=u:r:su:s0 tcontext=u:object_r:functionfs:s0 tclass=file permissive=1
05-30 14:03:38.410 D/hq ( 1482): NetWorkStateReceiver:::检查网络,并且持续更新 isConnect=false
05-30 14:03:38.938 E/crashsdk( 1735): Can not found process name start!
05-30 14:03:38.938 E/crashsdk( 1735): Can not found process name start!
05-30 14:03:38.939 E/crashsdk( 1735): Can not found process name start!
05-30 14:03:39.008 D/AvrcpBrowsablePlayerConnector( 1108): Received a message: msg.what=2
05-30 14:03:39.008 V/AvrcpBrowsablePlayerConnector( 1108): Timed out waiting for players
05-30 14:03:39.008 I/AvrcpBrowsablePlayerConnector( 1108): Successfully connected to 0 browsable players.
05-30 14:03:39.008 I/MediaPlayerList( 1108): init: Browsable Player list size is 0
05-30 14:03:39.158 I/BLE_Service( 999): mStartDiscoveryRunnable, return for nonGTV or usersetup finished
05-30 14:03:39.197 I/ThermalService( 999): CPU temperatures: [52.300003]
05-30 14:03:39.307 D/TrafficStats( 1735): tagSocket(166) with statsTag=0xffffffff, statsUid=-1
05-30 14:03:39.335 I/PlatformDependent( 1735): Your platform does not provide complete low-level API for accessing direct buffers reliably. Unless explicitly requested, heap buffer will always be preferred to avoid potential system instability.
05-30 14:03:39.347 D/TrafficStats( 1735): tagSocket(209) with statsTag=0xffffffff, statsUid=-1
05-30 14:03:39.344 I/getprop ( 2367): type=1400 audit(0.0:964): avc: denied { open } for path="/dev/__properties__/u:object_r:wifi_hal_prop:s0" dev="tmpfs" ino=403 scontext=u:r:untrusted_app_27:s0:c44,c256,c512,c768 tcontext=u:object_r:wifi_hal_prop:s0 tclass=file permissive=1 app=com.dangbei.screencast
05-30 14:03:39.344 I/getprop ( 2367): type=1400 audit(0.0:965): avc: denied { getattr } for path="/dev/__properties__/u:object_r:wifi_hal_prop:s0" dev="tmpfs" ino=403 scontext=u:r:untrusted_app_27:s0:c44,c256,c512,c768 tcontext=u:object_r:wifi_hal_prop:s0 tclass=file permissive=1 app=com.dangbei.screencast
05-30 14:03:39.344 I/getprop ( 2367): type=1400 audit(0.0:966): avc: denied { map } for path="/dev/__properties__/u:object_r:wifi_hal_prop:s0" dev="tmpfs" ino=403 scontext=u:r:untrusted_app_27:s0:c44,c256,c512,c768 tcontext=u:object_r:wifi_hal_prop:s0 tclass=file permissive=1 app=com.dangbei.screencast
05-30 14:03:39.348 I/Thread-16( 1735): type=1400 audit(0.0:967): avc: denied { read } for name="somaxconn" dev="proc" ino=36155 scontext=u:r:untrusted_app_27:s0:c44,c256,c512,c768 tcontext=u:object_r:proc_net:s0 tclass=file permissive=1 app=com.dangbei.screencast
05-30 14:03:39.348 I/Thread-16( 1735): type=1400 audit(0.0:968): avc: denied { open } for path="/proc/sys/net/core/somaxconn" dev="proc" ino=36155 scontext=u:r:untrusted_app_27:s0:c44,c256,c512,c768 tcontext=u:object_r:proc_net:s0 tclass=file permissive=1 app=com.dangbei.screencast
05-30 14:03:39.348 I/Thread-16( 1735): type=1400 audit(0.0:969): avc: denied { getattr } for path="/proc/sys/net/core/somaxconn" dev="proc" ino=36155 scontext=u:r:untrusted_app_27:s0:c44,c256,c512,c768 tcontext=u:object_r:proc_net:s0 tclass=file permissive=1 app=com.dangbei.screencast
05-30 14:03:39.390 W/System.err( 1735): java.lang.NullPointerException: Attempt to invoke virtual method 'byte[] java.net.NetworkInterface.getHardwareAddress()' on a null object reference
05-30 14:03:39.390 W/System.err( 1735): at b.f.f.y.g.b(Unknown Source:11)
05-30 14:03:39.390 W/System.err( 1735): at b.d.a.a.p.c0(Unknown Source:2)
05-30 14:03:39.391 W/System.err( 1735): at b.f.f.o.f.c.a(Unknown Source:23)
05-30 14:03:39.391 W/System.err( 1735): at b.f.f.d.b.c(:5)
05-30 14:03:39.391 W/System.err( 1735): at b.f.f.n.d$a.handleMessage(:3)
05-30 14:03:39.391 W/System.err( 1735): at android.os.Handler.dispatchMessage(Handler.java:106)
05-30 14:03:39.391 W/System.err( 1735): at android.os.Looper.loopOnce(Looper.java:205)
05-30 14:03:39.391 W/System.err( 1735): at android.os.Looper.loop(Looper.java:294)
05-30 14:03:39.391 W/System.err( 1735): at android.os.HandlerThread.run(HandlerThread.java:67)
05-30 14:03:39.482 W/AudioCapabilities( 1735): Unsupported mime audio/vnd.dts.hd;profile=lbr
05-30 14:03:39.484 W/AudioCapabilities( 1735): Unsupported mime audio/ffmpeg
05-30 14:03:39.484 W/AudioCapabilities( 1735): Unsupported mime audio/mpeg-L1
05-30 14:03:39.484 W/AudioCapabilities( 1735): Unsupported mime audio/mpeg-L2
05-30 14:03:39.486 W/VideoCapabilities( 1735): Unsupported mime video/avs
05-30 14:03:39.486 W/VideoCapabilities( 1735): Unsupported mime video/avs2
05-30 14:03:39.487 W/VideoCapabilities( 1735): Unsupported mime video/x-motion-jpeg
05-30 14:03:39.488 W/VideoCapabilities( 1735): Unrecognized profile/level 0/4 for video/mpeg2
05-30 14:03:39.488 I/VideoCapabilities( 1735): Unsupported profile 3 for video/mpeg2
05-30 14:03:39.488 I/VideoCapabilities( 1735): Unsupported profile 4 for video/mpeg2
05-30 14:03:39.488 I/VideoCapabilities( 1735): Unsupported profile 5 for video/mpeg2
05-30 14:03:39.488 W/VideoCapabilities( 1735): Unrecognized profile/level 0/4 for video/mpeg2
05-30 14:03:39.488 I/VideoCapabilities( 1735): Unsupported profile 3 for video/mpeg2
05-30 14:03:39.488 I/VideoCapabilities( 1735): Unsupported profile 4 for video/mpeg2
05-30 14:03:39.488 I/VideoCapabilities( 1735): Unsupported profile 5 for video/mpeg2
05-30 14:03:39.489 I/VideoCapabilities( 1735): Unsupported profile 2 for video/mp4v-es
05-30 14:03:39.489 I/VideoCapabilities( 1735): Unsupported profile 8 for video/mp4v-es
05-30 14:03:39.489 I/VideoCapabilities( 1735): Unsupported profile 16 for video/mp4v-es
05-30 14:03:39.489 I/VideoCapabilities( 1735): Unsupported profile 1024 for video/mp4v-es
05-30 14:03:39.489 W/VideoCapabilities( 1735): Unsupported mime video/rm10
05-30 14:03:39.489 W/VideoCapabilities( 1735): Unsupported mime video/rm20
05-30 14:03:39.490 W/VideoCapabilities( 1735): Unsupported mime video/rm30
05-30 14:03:39.490 W/VideoCapabilities( 1735): Unsupported mime video/rm40
05-30 14:03:39.490 W/VideoCapabilities( 1735): Unsupported mime video/vc1
05-30 14:03:39.490 W/VideoCapabilities( 1735): Unsupported mime video/vc1
05-30 14:03:39.490 W/VideoCapabilities( 1735): Unsupported mime video/x-vnd.on2.vp6a
05-30 14:03:39.491 W/VideoCapabilities( 1735): Unsupported mime video/x-vnd.on2.vp6f
05-30 14:03:39.492 W/VideoCapabilities( 1735): Unsupported mime video/wmv1
05-30 14:03:39.492 W/VideoCapabilities( 1735): Unsupported mime video/wmv2
05-30 14:03:39.492 W/VideoCapabilities( 1735): Unsupported mime video/wmv3
05-30 14:03:39.500 I/serviceDiscovery( 692): [MdnsSocketProvider] Start monitoring sockets.
05-30 14:03:39.501 I/TetheringManager( 692): registerTetheringEventCallback caller:android
05-30 14:03:39.502 D/ConnectivityService( 692): NetReassign [no changes] [c 0] [a 0] [i 0]
05-30 14:03:39.502 I/serviceDiscovery( 692): [MdnsAdvertiser] Adding service name: 当贝投屏Z9, type: _airplay._tcp, hostAddresses: , port: 37079, network: null, txtRecord: srcvers=220.68features=0x527FFFF7,0x1E'pi=2e388006-13ba-4041-9a67-25dd4a43d536Cpk=b07727d6f6cd6e08b58ede525ec3cdeaa252ad9f683feb212ef8a205246554e7vv=2 flags=0x4model=AppleTV2,1deviceid=1c:79:2d:20:62:b5 with ID 2 and subtype null
05-30 14:03:39.511 I/serviceDiscovery( 692): [MdnsAdvertiser] Adding service name: 1c792d2062b5@当贝投屏Z9, type: _raop._tcp, hostAddresses: , port: 46375, network: null, txtRecord: txtvers=1 am=AppleTV2,1ch=2
05-30 14:03:39.511 I/serviceDiscovery( 692): cn=0,1,2,3da=trueet=0,3,5ft=0x527FFFF7,0x1Emd=0,1,2Cpk=b07727d6f6cd6e08b58ede525ec3cdeaa252ad9f683feb212ef8a205246554e7pw=falsesf=0x4sr=44100ss=16sv=falsetp=UDPvn=65537 vs=220.68vv=2 rhd=5.6.0.0 with ID 3 and subtype null
05-30 14:03:39.643 D/ActivityManager( 692): freezing 1503 com.android.music
05-30 14:03:39.889 W/System.err( 1735): java.lang.NullPointerException: Attempt to invoke virtual method 'byte[] java.net.NetworkInterface.getHardwareAddress()' on a null object reference
05-30 14:03:39.889 W/System.err( 1735): at b.f.f.y.g.b(Unknown Source:11)
05-30 14:03:39.889 W/System.err( 1735): at b.d.a.a.p.c0(Unknown Source:2)
05-30 14:03:39.889 W/System.err( 1735): at b.f.f.o.f.c.a(Unknown Source:23)
05-30 14:03:39.889 W/System.err( 1735): at b.f.f.t.d.c(:1)
05-30 14:03:39.889 W/System.err( 1735): at b.f.f.n.d$a.handleMessage(:3)
05-30 14:03:39.889 W/System.err( 1735): at android.os.Handler.dispatchMessage(Handler.java:106)
05-30 14:03:39.889 W/System.err( 1735): at android.os.Looper.loopOnce(Looper.java:205)
05-30 14:03:39.889 W/System.err( 1735): at android.os.Looper.loop(Looper.java:294)
05-30 14:03:39.889 W/System.err( 1735): at android.os.HandlerThread.run(HandlerThread.java:67)
05-30 14:03:39.972 I/serviceDiscovery( 692): [MdnsAdvertiser] Adding service name: 当贝投屏Z9, type: _db_cast_screen._tcp, hostAddresses: , port: 36903, network: null, txtRecord: au=1cV=20830mV=100h265=0maxR=4096-4096model=DBBOX-A3deviceid=1c:79:2d:20:62:b5 with ID 4 and subtype null
05-30 14:03:40.278 E/dangbei111( 1449): cccccc 检查遥控器是否连接: Dangbei E4:BB:D3:57:C0:53
05-30 14:03:40.282 E/dangbei111( 1449): cccccc 检查遥控器是否连接: 蓝牙的结果 Dangbei E4:BB:D3:57:C0:53 false
05-30 14:03:40.291 E/dangbei111( 1449): cccccc input中没有遥控器存在
05-30 14:03:40.291 E/dangbei111( 1449): cccccc 蓝牙状态连接 不是连接状态 啥都不干
05-30 14:03:40.294 E/dangbei111( 1449): cccccc 开始扫描
05-30 14:03:40.294 D/BluetoothAdapter( 1449): isLeEnabled(): ON
05-30 14:03:40.300 I/bt_stack( 1108): [INFO:le_scanning_manager.cc(155)] RegisterScanner in shim layer
05-30 14:03:40.301 D/BluetoothLeScanner( 1449): onScannerRegistered() - status=0 scannerId=1 mScannerId=0
05-30 14:03:40.313 D/ActivityAttributionService( 1108): notifyActivityAttributionInfo UID=1002 packageName=com.android.bluetooth deviceAddress=no_active_device_address
05-30 14:03:40.313 I/bt_btif ( 1108): packages/modules/Bluetooth/system/btif/src/bluetooth.cc:829 get_profile_interface: get_profile_interface: id = activity_attribution
05-30 14:03:40.314 I/bt_stack( 1108): [INFO:le_scanning_manager.cc(168)] Scan in shim layer started
05-30 14:03:40.314 I/bluetooth( 1108): packages/modules/Bluetooth/system/gd/hci/le_scanning_manager.cc:588 stop_scan: Scanning already stopped, return!
05-30 14:03:40.314 I/bluetooth( 1108): packages/modules/Bluetooth/system/gd/hci/le_address_manager.cc:178 register_client: Client registered
05-30 14:03:40.316 E/dangbei111( 1449): cccccc 开始扫描
05-30 14:03:40.316 D/BluetoothAdapter( 1449): isLeEnabled(): ON
05-30 14:03:40.319 I/bt_stack( 1108): [INFO:le_scanning_manager.cc(168)] Scan in shim layer stopped
05-30 14:03:40.319 I/bluetooth( 1108): packages/modules/Bluetooth/system/gd/hci/le_address_manager.cc:193 unregister_client: Client unregistered
05-30 14:03:40.319 E/accept ( 1735): myIp:
05-30 14:03:40.320 D/TrafficStats( 1735): tagSocket(167) with statsTag=0xffffffff, statsUid=-1
05-30 14:03:40.320 I/bt_stack( 1108): [INFO:le_scanning_manager.cc(346)] SetScanParameters in shim layer
05-30 14:03:40.320 I/bt_stack( 1108): [INFO:le_scanning_manager.cc(168)] Scan in shim layer started
05-30 14:03:40.320 I/bluetooth( 1108): packages/modules/Bluetooth/system/gd/hci/le_scanning_manager.cc:588 stop_scan: Scanning already stopped, return!
05-30 14:03:40.320 I/bluetooth( 1108): packages/modules/Bluetooth/system/gd/hci/le_address_manager.cc:178 register_client: Client registered
05-30 14:03:40.325 D/TrafficStats( 1735): tagSocket(167) with statsTag=0xffffffff, statsUid=-1
05-30 14:03:40.327 E/accept ( 1735): connect error
05-30 14:03:40.334 I/UpnpServiceImpl( 1735): >>> Starting UPnP service...
05-30 14:03:40.334 I/UpnpServiceImpl( 1735): Using configuration: org.fourthline.cling.android.AndroidUpnpServiceConfiguration
05-30 14:03:40.338 I/Router ( 1735): Creating Router: org.fourthline.cling.android.AndroidRouter
05-30 14:03:40.340 I/NetworkUtils( 1735): Could not find any connected network...
05-30 14:03:40.341 W/Router ( 1735): enable lock:org.fourthline.cling.android.AndroidRouter@429d37b_java.util.concurrent.locks.ReentrantReadWriteLock$WriteLock@60b598[Unlocked]
05-30 14:03:40.346 W/tworkAddressFactoryImpl( 1735): Network interface may not be multicast capable: dummy0
05-30 14:03:40.347 W/tworkAddressFactoryImpl( 1735): No usable network interface or addresses found
05-30 14:03:40.348 I/Router ( 1735): Unable to initialize network router, no network found.
05-30 14:03:40.348 W/Router ( 1735): enable unlock:org.fourthline.cling.android.AndroidRouter@429d37b
05-30 14:03:40.348 I/UpnpServiceImpl( 1735): <<< UPnP service started successfully
05-30 14:03:40.364 I//apex/com.android.adbd/bin/adbd( 1387): type=1400 audit(0.0:974): avc: denied { search } for comm=75736220666673206F70656E name="/" dev="functionfs" ino=25740 scontext=u:r:su:s0 tcontext=u:object_r:functionfs:s0 tclass=dir permissive=1
05-30 14:03:40.411 D/hq ( 1482): NetWorkStateReceiver:::检查网络,并且持续更新 isConnect=false
05-30 14:03:40.415 E/g ( 1735): channel :os
05-30 14:03:40.619 W/BroadcastLoopers( 692): Found previously unknown looper Thread[PackageManager,5,main]
05-30 14:03:40.630 W/Searchables( 692): No global search activity found
05-30 14:03:40.634 I/RoleService( 692): Granting default roles...
05-30 14:03:40.639 W/BroadcastLoopers( 692): Found previously unknown looper Thread[android.bg,5,main]
05-30 14:03:40.639 V/MediaPlayerList( 1108): mPackageChangedBroadcastReceiver: action: android.intent.action.PACKAGE_CHANGED
05-30 14:03:40.646 I/InputReader( 692): Reconfiguring input devices, changes=KEYBOARD_LAYOUTS
05-30 14:03:40.648 W/VoiceInteractionManager( 692): no available voice recognition services found for user 0
05-30 14:03:40.659 I/PermissionControllerServiceImpl( 2016): Updating user sensitive for uid 10058
05-30 14:03:40.661 W/Role ( 2016): Cannot get ApplicationInfo for default holder: com.android.messaging
05-30 14:03:40.667 W/Role ( 2016): Cannot get ApplicationInfo for default holder: com.android.tv.frameworkpackagestubs
05-30 14:03:40.722 E/DocumentManagerRoleBehavior( 2016): There should be exactly one documenter; found 0: matches=[]
05-30 14:03:40.725 W/Role ( 2016): Cannot get ApplicationInfo for default holder: com.android.gallery3d
05-30 14:03:40.761 D/CompatibilityChangeReporter( 692): Compat change id reported: 161145287; UID 10074; state: ENABLED
05-30 14:03:40.938 I/bt_btif_dm( 1108): packages/modules/Bluetooth/system/btif/src/btif_dm.cc:691 btif_update_remote_properties: cod from storage is also unclassified
05-30 14:03:41.012 I/bt_btif_dm( 1108): packages/modules/Bluetooth/system/btif/src/btif_dm.cc:691 btif_update_remote_properties: cod from storage is also unclassified
05-30 14:03:41.107 I/bt_btif_dm( 1108): packages/modules/Bluetooth/system/btif/src/btif_dm.cc:691 btif_update_remote_properties: cod from storage is also unclassified
05-30 14:03:41.199 I/ThermalService( 999): CPU temperatures: [53.4]
05-30 14:03:41.223 I/efs.send_log( 1735): log cann't be send because net status is disconnected
05-30 14:03:41.371 W/NotificationHistory( 692): Attempted to add notif for locked/gone/disabled user 0
05-30 14:03:41.488 W/TelephonyPermissions( 692): reportAccessDeniedToReadIdentifiers:com.dangbei.screencast:getSerial:-1
05-30 14:03:41.504 I/ip ( 2420): type=1400 audit(0.0:975): avc: denied { bind } for scontext=u:r:untrusted_app_27:s0:c44,c256,c512,c768 tcontext=u:r:untrusted_app_27:s0:c44,c256,c512,c768 tclass=netlink_route_socket permissive=1 app=com.dangbei.screencast
05-30 14:03:41.513 E/hq ( 1482): Etna:::getFindLookupControllerState isConnect=true
05-30 14:03:41.513 E/Etna ( 1482): getFindLookupControllerState1111111
05-30 14:03:41.516 E/hq ( 1482): Etna:::getFindLookupControllerState valueStr=1
05-30 14:03:41.517 E/hq ( 1482): LookupControler:::isLookupController=true
05-30 14:03:41.517 I/hq ( 1482): LookupControler:::time=110000
05-30 14:03:41.504 I/ip ( 2420): type=1400 audit(0.0:976): avc: denied { nlmsg_readpriv } for scontext=u:r:untrusted_app_27:s0:c44,c256,c512,c768 tcontext=u:r:untrusted_app_27:s0:c44,c256,c512,c768 tclass=netlink_route_socket permissive=1 app=com.dangbei.screencast
05-30 14:03:41.504 W/ip ( 2420): type=1400 audit(0.0:977): avc: granted { nlmsg_getneigh } for scontext=u:r:untrusted_app_27:s0:c44,c256,c512,c768 tcontext=u:r:untrusted_app_27:s0:c44,c256,c512,c768 tclass=netlink_route_socket app=com.dangbei.screencast
05-30 14:03:41.539 V/NFC ( 2271): this device does not have NFC support
05-30 14:03:41.705 D/CompatibilityChangeReporter( 692): Compat change id reported: 161145287; UID 10044; state: DISABLED
05-30 14:03:42.161 I/wpa_supplicant( 1212): wlan0: Authentication with 58:c7:ac:78:f0:10 timed out.
05-30 14:03:42.163 D/WifiClientModeImpl[20588:wlan0]( 692): L2ConnectingState: Authentication failure reason=1 error=-1
05-30 14:03:42.164 I/WifiHAL ( 500): Added event handler 0xf2cc1650:0xf3b8b9d1 for vendor 0x1a11 and subcmd 0xa at 3
05-30 14:03:42.233 D/WifiHAL ( 500): error code -95 mapped to -3
05-30 14:03:42.233 I/wpa_supplicant( 1212): wlan0: CTRL-EVENT-DISCONNECTED bssid=58:c7:ac:78:f0:10 reason=3 locally_generated=1
05-30 14:03:42.233 I/WifiHAL ( 500): Successfully removed event handler 0xf2cc1650:0xf3b8b9d1 for vendor 0x1a11, subcmd 0xa from 2
05-30 14:03:42.233 E/WifiHAL ( 500): Failed to register set Hal preInit; result = -3
05-30 14:03:42.234 E/WifiChipAidlImpl( 692): forceDumpToDebugRingBuffer failed with service-specific exception: android.os.ServiceSpecificException: (code 4)
05-30 14:03:42.235 W/LastMileLogger( 692): Failed to stop event tracing: /sys/kernel/debug/tracing/instances/wifi/tracing_on: open failed: ENOENT (No such file or directory)
05-30 14:03:42.235 W/LastMileLogger( 692): Failed to read event trace: /sys/kernel/debug/tracing/instances/wifi/trace
05-30 14:03:42.241 E/WifiStaIfaceAidlImpl( 692): stopRssiMonitoring failed with service-specific exception: android.os.ServiceSpecificException: (code 5)
05-30 14:03:42.286 I/wpa_supplicant( 1212): assoc key_mgmt 0x2 network key_mgmt 0x142
05-30 14:03:42.287 I/wpa_supplicant( 1212): wlan0: CTRL-EVENT-DSCP-POLICY clear_all
05-30 14:03:42.288 I/wpa_supplicant( 1212): wpa_driver_nl80211_driver_cmd: wifi vendor: aml_w2_s
05-30 14:03:42.288 I/wpa_supplicant( 1212): wpa_driver_nl80211_driver_cmd: wlan0: private command: BTCOEXMODE 2
05-30 14:03:42.288 W/ContextImpl( 692): Calling a method in the system process without a qualified user: android.app.ContextImpl.sendStickyBroadcast:1626 com.android.server.wifi.ClientModeImpl.sendNetworkChangeBroadcast:3008 com.android.server.wifi.ClientModeImpl.lambda$sendNetworkChangeBroadcastWithCurrentState$14:2985 com.android.server.wifi.ClientModeImpl.$r8$lambda$q-j88Pjw4gROgoJFr8wBlBVbuJI:0 com.android.server.wifi.ClientModeImpl$$ExternalSyntheticLambda4.send:0
05-30 14:03:42.290 D/WifiCountryCode( 692): evaluateAllCmmStateAndApplyIfAllReady: {ConcreteClientModeManager{id=16999 iface=wlan0 role=ROLE_CLIENT_PRIMARY}=true}
05-30 14:03:42.291 D/WifiCountryCode( 692): Reading country code from telephony
05-30 14:03:42.292 D/RockyReceiver( 1713): action: android.net.wifi.STATE_CHANGE
05-30 14:03:42.293 D/WifiCountryCode( 692): Set telephony country code to:
05-30 14:03:42.293 D/WifiCountryCode( 692): updateCountryCode to CN
05-30 14:03:42.293 D/WifiCountryCode( 692): setCountryCodeNative: CN, isClientModeOnly: true mDriverCountryCode: CN
05-30 14:03:42.294 I/wpa_supplicant( 1212): wpa_driver_nl80211_driver_cmd: wifi vendor: aml_w2_s
05-30 14:03:42.294 I/wpa_supplicant( 1212): wpa_driver_nl80211_driver_cmd: wlan0: private command: COUNTRY CN
05-30 14:03:42.294 I/wpa_supplicant( 1212): wlan0: CTRL-EVENT-REGDOM-CHANGE init=USER type=COUNTRY alpha2=CN
05-30 14:03:42.297 D/WifiNative( 692): onSetCountryCodeSucceeded: CN
05-30 14:03:42.297 I/WifiCountryCode( 692): Receive onSetCountryCodeSucceeded CN
05-30 14:03:42.297 I/WifiNl80211Manager( 692): Receive country code change to CN
05-30 14:03:42.297 I/wificond( 618): Receive notifyCountryCodeChanged
05-30 14:03:42.297 I/wificond( 618): UpdateBandInfo
05-30 14:03:42.297 D/WifiScanRequestProxy( 692): Sending scan available broadcast: true
05-30 14:03:42.297 I/WifiScanningService( 692): Received a request to enable scanning, UID = 1000
05-30 14:03:42.297 I/WifiScanningService( 692): scanner impls already exists
05-30 14:03:42.297 E/WifiScanningService( 692): wifi driver loaded received while already loaded
05-30 14:03:42.298 I/WifiScanRequestProxy( 692): Scanning is enabled
05-30 14:03:42.298 I/WifiScanRequestProxy( 692): Scanning for hidden networks is enabled
05-30 14:03:42.298 I/WifiClientModeImpl[20588:wlan0]( 692): disconnectedstate enter
05-30 14:03:42.299 E/WifiScoringParams( 692): Invalid frequency(-1), using 5G as default rssi array
05-30 14:03:42.301 I/WifiService( 692): Receive onDriverCountryCodeChanged to CN, update available channel list
05-30 14:03:42.303 I/WifiHAL ( 500): found interface wlan0
