05-30 14:03:49.412 E/nStackXCoAP( 2271): IsInSameNetwork:[281] :IsInSameNetwork: not priority process
05-30 14:03:49.412 I/nStackXDFinder( 2271): NotifyDeviceListChanged:[540] :notify callback: device list changed callback is null
05-30 14:03:49.416 D/nStackXCoAP( 2271): IsInSameNetwork:[276] :IsInSameNetwork exec
05-30 14:03:49.417 I/nStackXDFinder( 2271): GetLocalInterfaceDetail:[461] :GetLocalInterfaceDetail in
05-30 14:03:49.417 E/nStackXCoAP( 2271): IsInSameNetwork:[281] :IsInSameNetwork: not priority process
05-30 14:03:49.417 I/nStackXDFinder( 2271): NotifyDeviceListChanged:[540] :notify callback: device list changed callback is null
05-30 14:03:49.450 D/nStackXCoAP( 2271): IsInSameNetwork:[276] :IsInSameNetwork exec
05-30 14:03:49.450 I/nStackXDFinder( 2271): GetLocalInterfaceDetail:[461] :GetLocalInterfaceDetail in
05-30 14:03:49.450 E/nStackXCoAP( 2271): IsInSameNetwork:[281] :IsInSameNetwork: not priority process
05-30 14:03:49.451 D/nStackXCoAP( 2271): IsInSameNetwork:[276] :IsInSameNetwork exec
05-30 14:03:49.451 I/nStackXDFinder( 2271): GetLocalInterfaceDetail:[461] :GetLocalInterfaceDetail in
05-30 14:03:49.451 E/nStackXCoAP( 2271): IsInSameNetwork:[281] :IsInSameNetwork: not priority process
05-30 14:03:49.452 I/nStackXDFinder( 2271): NotifyDeviceListChanged:[540] :notify callback: device list changed callback is null
05-30 14:03:49.455 D/nStackXCoAP( 2271): IsInSameNetwork:[276] :IsInSameNetwork exec
05-30 14:03:49.455 I/nStackXDFinder( 2271): GetLocalInterfaceDetail:[461] :GetLocalInterfaceDetail in
05-30 14:03:49.455 E/nStackXCoAP( 2271): IsInSameNetwork:[281] :IsInSameNetwork: not priority process
05-30 14:03:49.455 I/nStackXDFinder( 2271): NotifyDeviceListChanged:[540] :notify callback: device list changed callback is null
05-30 14:03:49.459 D/nStackXCoAP( 2271): IsInSameNetwork:[276] :IsInSameNetwork exec
05-30 14:03:49.459 I/nStackXDFinder( 2271): GetLocalInterfaceDetail:[461] :GetLocalInterfaceDetail in
05-30 14:03:49.459 E/nStackXCoAP( 2271): IsInSameNetwork:[281] :IsInSameNetwork: not priority process
05-30 14:03:49.460 I/nStackXDFinder( 2271): NotifyDeviceListChanged:[540] :notify callback: device list changed callback is null
05-30 14:03:49.463 D/TrafficStats( 1449): tagSocket(93) with statsTag=0xffffffff, statsUid=-1
05-30 14:03:49.463 D/nStackXCoAP( 2271): IsInSameNetwork:[276] :IsInSameNetwork exec
05-30 14:03:49.463 I/nStackXDFinder( 2271): GetLocalInterfaceDetail:[461] :GetLocalInterfaceDetail in
05-30 14:03:49.463 E/nStackXCoAP( 2271): IsInSameNetwork:[281] :IsInSameNetwork: not priority process
05-30 14:03:49.464 D/TrafficStats( 1449): tagSocket(96) with statsTag=0xffffffff, statsUid=-1
05-30 14:03:49.464 I/nStackXDFinder( 2271): NotifyDeviceListChanged:[540] :notify callback: device list changed callback is null
05-30 14:03:49.465 D/TrafficStats( 1449): tagSocket(98) with statsTag=0xffffffff, statsUid=-1
05-30 14:03:49.467 D/nStackXCoAP( 2271): IsInSameNetwork:[276] :IsInSameNetwork exec
05-30 14:03:49.467 I/nStackXDFinder( 2271): GetLocalInterfaceDetail:[461] :GetLocalInterfaceDetail in
05-30 14:03:49.467 E/nStackXCoAP( 2271): IsInSameNetwork:[281] :IsInSameNetwork: not priority process
05-30 14:03:49.467 D/nStackXCoAP( 2271): IsInSameNetwork:[276] :IsInSameNetwork exec
05-30 14:03:49.467 I/nStackXDFinder( 2271): GetLocalInterfaceDetail:[461] :GetLocalInterfaceDetail in
05-30 14:03:49.467 E/nStackXCoAP( 2271): IsInSameNetwork:[281] :IsInSameNetwork: not priority process
05-30 14:03:49.468 D/nStackXCoAP( 2271): IsInSameNetwork:[276] :IsInSameNetwork exec
05-30 14:03:49.468 I/nStackXDFinder( 2271): GetLocalInterfaceDetail:[461] :GetLocalInterfaceDetail in
05-30 14:03:49.468 D/TrafficStats( 1449): tagSocket(94) with statsTag=0xffffffff, statsUid=-1
05-30 14:03:49.468 E/nStackXCoAP( 2271): IsInSameNetwork:[281] :IsInSameNetwork: not priority process
05-30 14:03:49.468 D/nStackXCoAP( 2271): IsInSameNetwork:[276] :IsInSameNetwork exec
05-30 14:03:49.468 I/nStackXDFinder( 2271): GetLocalInterfaceDetail:[461] :GetLocalInterfaceDetail in
05-30 14:03:49.468 E/nStackXCoAP( 2271): IsInSameNetwork:[281] :IsInSameNetwork: not priority process
05-30 14:03:49.469 D/nStackXCoAP( 2271): IsInSameNetwork:[276] :IsInSameNetwork exec
05-30 14:03:49.469 I/nStackXDFinder( 2271): GetLocalInterfaceDetail:[461] :GetLocalInterfaceDetail in
05-30 14:03:49.469 E/nStackXCoAP( 2271): IsInSameNetwork:[281] :IsInSameNetwork: not priority process
05-30 14:03:49.469 D/nStackXCoAP( 2271): IsInSameNetwork:[276] :IsInSameNetwork exec
05-30 14:03:49.469 I/nStackXDFinder( 2271): GetLocalInterfaceDetail:[461] :GetLocalInterfaceDetail in
05-30 14:03:49.469 E/nStackXCoAP( 2271): IsInSameNetwork:[281] :IsInSameNetwork: not priority process
05-30 14:03:49.470 D/XM_HIDREAD( 1982): poll ret=1, event=1
05-30 14:03:49.470 D/XM_HIDREAD( 1982): [9 bytes]:01 00 00 00 00 00 00 00 00
05-30 14:03:49.471 D/nStackXCoAP( 2271): IsInSameNetwork:[276] :IsInSameNetwork exec
05-30 14:03:49.471 I/nStackXDFinder( 2271): GetLocalInterfaceDetail:[461] :GetLocalInterfaceDetail in
05-30 14:03:49.471 E/nStackXCoAP( 2271): IsInSameNetwork:[281] :IsInSameNetwork: not priority process
05-30 14:03:49.472 I/nStackXDFinder( 2271): NotifyDeviceListChanged:[540] :notify callback: device list changed callback is null
05-30 14:03:49.472 I/SogouIME( 1455): onKeyUp: keyoCode=23
05-30 14:03:49.472 I/DefaultIMS( 1455): onKeyUp: keyoCode=23
05-30 14:03:49.472 E/SecondScreen( 1482): FirstScreenLayoutView dispatchKeyEvent 23
05-30 14:03:49.475 D/nStackXCoAP( 2271): IsInSameNetwork:[276] :IsInSameNetwork exec
05-30 14:03:49.475 I/nStackXDFinder( 2271): GetLocalInterfaceDetail:[461] :GetLocalInterfaceDetail in
05-30 14:03:49.475 E/nStackXCoAP( 2271): IsInSameNetwork:[281] :IsInSameNetwork: not priority process
05-30 14:03:49.476 D/CompatibilityChangeReporter( 692): Compat change id reported: 265464455; UID 1000; state: DISABLED
05-30 14:03:49.476 D/nStackXCoAP( 2271): IsInSameNetwork:[276] :IsInSameNetwork exec
05-30 14:03:49.476 I/nStackXDFinder( 2271): GetLocalInterfaceDetail:[461] :GetLocalInterfaceDetail in
05-30 14:03:49.476 E/nStackXCoAP( 2271): IsInSameNetwork:[281] :IsInSameNetwork: not priority process
05-30 14:03:49.477 D/CompatibilityChangeReporter( 692): Compat change id reported: 265452344; UID 1000; state: DISABLED
05-30 14:03:49.477 I/nStackXDFinder( 2271): NotifyDeviceListChanged:[540] :notify callback: device list changed callback is null
05-30 14:03:49.477 D/CompatibilityChangeReporter( 692): Compat change id reported: 266124927; UID 1000; state: DISABLED
05-30 14:03:49.477 D/CompatibilityChangeReporter( 692): Compat change id reported: 265451093; UID 1000; state: DISABLED
05-30 14:03:49.477 D/CompatibilityChangeReporter( 692): Compat change id reported: 265456536; UID 1000; state: DISABLED
05-30 14:03:49.477 D/CompatibilityChangeReporter( 692): Compat change id reported: 255940284; UID 1000; state: DISABLED
05-30 14:03:49.478 D/CompatibilityChangeReporter( 692): Compat change id reported: 236283604; UID 1000; state: DISABLED
05-30 14:03:49.478 D/CompatibilityChangeReporter( 692): Compat change id reported: 263959004; UID 1000; state: DISABLED
05-30 14:03:49.478 D/CompatibilityChangeReporter( 692): Compat change id reported: 264304459; UID 1000; state: DISABLED
05-30 14:03:49.478 D/CompatibilityChangeReporter( 692): Compat change id reported: 264301586; UID 1000; state: DISABLED
05-30 14:03:49.478 D/CompatibilityChangeReporter( 692): Compat change id reported: 254631730; UID 1000; state: DISABLED
05-30 14:03:49.479 D/CompatibilityChangeReporter( 692): Compat change id reported: 273509367; UID 1000; state: DISABLED
05-30 14:03:49.479 D/CompatibilityChangeReporter( 692): Compat change id reported: 263259275; UID 1000; state: DISABLED
05-30 14:03:49.479 D/CompatibilityChangeReporter( 692): Compat change id reported: 174042980; UID 1000; state: DISABLED
05-30 14:03:49.479 D/CompatibilityChangeReporter( 692): Compat change id reported: 174042936; UID 1000; state: DISABLED
05-30 14:03:49.480 D/CompatibilityChangeReporter( 692): Compat change id reported: 181136395; UID 1000; state: DISABLED
05-30 14:03:49.480 D/nStackXCoAP( 2271): IsInSameNetwork:[276] :IsInSameNetwork exec
05-30 14:03:49.481 I/nStackXDFinder( 2271): GetLocalInterfaceDetail:[461] :GetLocalInterfaceDetail in
05-30 14:03:49.481 E/nStackXCoAP( 2271): IsInSameNetwork:[281] :IsInSameNetwork: not priority process
05-30 14:03:49.482 D/nStackXCoAP( 2271): IsInSameNetwork:[276] :IsInSameNetwork exec
05-30 14:03:49.482 I/nStackXDFinder( 2271): GetLocalInterfaceDetail:[461] :GetLocalInterfaceDetail in
05-30 14:03:49.482 E/nStackXCoAP( 2271): IsInSameNetwork:[281] :IsInSameNetwork: not priority process
05-30 14:03:49.482 I/nStackXDFinder( 2271): NotifyDeviceListChanged:[540] :notify callback: device list changed callback is null
05-30 14:03:49.484 D/CompatibilityChangeReporter( 692): Compat change id reported: 194480991; UID 1000; state: ENABLED
05-30 14:03:49.485 D/nStackXCoAP( 2271): IsInSameNetwork:[276] :IsInSameNetwork exec
05-30 14:03:49.485 I/nStackXDFinder( 2271): GetLocalInterfaceDetail:[461] :GetLocalInterfaceDetail in
05-30 14:03:49.485 E/nStackXCoAP( 2271): IsInSameNetwork:[281] :IsInSameNetwork: not priority process
05-30 14:03:49.486 D/nStackXCoAP( 2271): IsInSameNetwork:[276] :IsInSameNetwork exec
05-30 14:03:49.486 I/nStackXDFinder( 2271): GetLocalInterfaceDetail:[461] :GetLocalInterfaceDetail in
05-30 14:03:49.486 E/nStackXCoAP( 2271): IsInSameNetwork:[281] :IsInSameNetwork: not priority process
05-30 14:03:49.486 D/nStackXCoAP( 2271): IsInSameNetwork:[276] :IsInSameNetwork exec
05-30 14:03:49.486 I/nStackXDFinder( 2271): GetLocalInterfaceDetail:[461] :GetLocalInterfaceDetail in
05-30 14:03:49.486 E/nStackXCoAP( 2271): IsInSameNetwork:[281] :IsInSameNetwork: not priority process
05-30 14:03:49.486 E/CellBroadcastUtils( 692): getDefaultCellBroadcastReceiverPackageName: no package found
05-30 14:03:49.487 D/nStackXCoAP( 2271): IsInSameNetwork:[276] :IsInSameNetwork exec
05-30 14:03:49.487 I/nStackXDFinder( 2271): GetLocalInterfaceDetail:[461] :GetLocalInterfaceDetail in
05-30 14:03:49.487 E/nStackXCoAP( 2271): IsInSameNetwork:[281] :IsInSameNetwork: not priority process
05-30 14:03:49.487 D/nStackXCoAP( 2271): IsInSameNetwork:[276] :IsInSameNetwork exec
05-30 14:03:49.487 I/nStackXDFinder( 2271): GetLocalInterfaceDetail:[461] :GetLocalInterfaceDetail in
05-30 14:03:49.487 E/nStackXCoAP( 2271): IsInSameNetwork:[281] :IsInSameNetwork: not priority process
05-30 14:03:49.488 D/nStackXCoAP( 2271): IsInSameNetwork:[276] :IsInSameNetwork exec
05-30 14:03:49.488 I/nStackXDFinder( 2271): GetLocalInterfaceDetail:[461] :GetLocalInterfaceDetail in
05-30 14:03:49.488 E/nStackXCoAP( 2271): IsInSameNetwork:[281] :IsInSameNetwork: not priority process
05-30 14:03:49.488 D/nStackXCoAP( 2271): IsInSameNetwork:[276] :IsInSameNetwork exec
05-30 14:03:49.488 I/nStackXDFinder( 2271): GetLocalInterfaceDetail:[461] :GetLocalInterfaceDetail in
05-30 14:03:49.488 E/nStackXCoAP( 2271): IsInSameNetwork:[281] :IsInSameNetwork: not priority process
05-30 14:03:49.489 D/nStackXCoAP( 2271): IsInSameNetwork:[276] :IsInSameNetwork exec
05-30 14:03:49.489 I/nStackXDFinder( 2271): GetLocalInterfaceDetail:[461] :GetLocalInterfaceDetail in
05-30 14:03:49.489 E/nStackXCoAP( 2271): IsInSameNetwork:[281] :IsInSameNetwork: not priority process
05-30 14:03:49.491 D/nStackXCoAP( 2271): IsInSameNetwork:[276] :IsInSameNetwork exec
05-30 14:03:49.491 I/nStackXDFinder( 2271): GetLocalInterfaceDetail:[461] :GetLocalInterfaceDetail in
05-30 14:03:49.491 E/nStackXCoAP( 2271): IsInSameNetwork:[281] :IsInSameNetwork: not priority process
05-30 14:03:49.492 D/nStackXCoAP( 2271): IsInSameNetwork:[276] :IsInSameNetwork exec
05-30 14:03:49.492 I/nStackXDFinder( 2271): GetLocalInterfaceDetail:[461] :GetLocalInterfaceDetail in
05-30 14:03:49.492 E/nStackXCoAP( 2271): IsInSameNetwork:[281] :IsInSameNetwork: not priority process
05-30 14:03:49.493 D/nStackXCoAP( 2271): IsInSameNetwork:[276] :IsInSameNetwork exec
05-30 14:03:49.494 I/nStackXDFinder( 2271): GetLocalInterfaceDetail:[461] :GetLocalInterfaceDetail in
05-30 14:03:49.495 E/nStackXCoAP( 2271): IsInSameNetwork:[281] :IsInSameNetwork: not priority process
05-30 14:03:49.495 D/CompatibilityChangeReporter( 692): Compat change id reported: 197654537; UID 1000; state: ENABLED
05-30 14:03:49.496 D/nStackXCoAP( 2271): IsInSameNetwork:[276] :IsInSameNetwork exec
05-30 14:03:49.497 I/nStackXDFinder( 2271): GetLocalInterfaceDetail:[461] :GetLocalInterfaceDetail in
05-30 14:03:49.497 I/Receiver( 1713): ----------netConnectInitSDK--------------
05-30 14:03:49.497 D/RockyNetMessageUtil( 1713): initTipsList tipEntity = TipEntity{movieType=[我想看喜剧片, 动作片, 枪战片], movie=[庆余年, 误杀, 美丽人生, 爆笑虫子, 哪吒, 小猪佩奇, 胡歌的电视剧, 张艺谋导演的电影, 切换到1080P, 收藏], appController=[打开当贝市场, 下载当贝影视, 爱奇艺, 卸载腾讯视频], weather=[今天的天气, 未来五天的天气, 杭州天气怎么样, 明天下不下雨], music=[我要听歌, 周杰伦的歌, 上一首, 下一首, 快进一分钟, 暂停], liveAppDownload='非常抱歉,没有此类内容哦。 如果您想安装软件,可以使用电脑浏览器搜索相应的应用软件。下载并拷贝至U盘,然后将U盘插入设备终端,通过U盘安装相关应用软件。安装成功后即可使用相关功能。 如有疑问,您可以通过以下联系方式,获得更多帮助。 固定电话:400-000-3505', subscreen=[SubScreenEntity{appName='动态屏', type=1}, SubScreenEntity{appName='时钟', type=2}, SubScreenEntity{appName='画廊', type=3}, SubScreenEntity{appName='当贝云相册', type=4}, SubScreenEntity{appName='当贝酷狗音乐', type=5}, SubScreenEntity{appName='应用', type=6}], wakeUpVoiceResponse=null, unrecognizedVoiceResponse=null, notUnderstandVoiceResponse=null} isRequestTipSuccess = false
05-30 14:03:49.498 D/CompatibilityChangeReporter( 692): Compat change id reported: 205907456; UID 1000; state: DISABLED
05-30 14:03:49.500 D/AppListModel( 1482): requestAppFilterList: success
05-30 14:03:49.500 D/AppListModel( 1482): updateList
05-30 14:03:49.500 D/AppListModel( 1482): updateList: resetAppList
05-30 14:03:49.501 I/ActivityTaskManager( 692): START u0 {dat=haqu://setting:8080/... flg=0x10000000 pkg=com.dangbei.haqusetting cmp=com.dangbei.haqusetting/.ui.HomeActivity} with LAUNCH_MULTIPLE from uid 1000 (BAL_ALLOW_ALLOWLISTED_UID) result code=0
05-30 14:03:49.502 V/WindowManagerShell( 991): Transition requested: android.os.BinderProxy@c3cfac4 TransitionRequestInfo { type = 1, triggerTask = TaskInfo{userId=0 taskId=11 displayId=0 isRunning=true baseIntent=Intent { dat=haqu://setting:8080/... flg=0x10000000 pkg=com.dangbei.haqusetting cmp=com.dangbei.haqusetting/.ui.HomeActivity } baseActivity=ComponentInfo{com.dangbei.haqusetting/com.dangbei.haqusetting.ui.HomeActivity} topActivity=ComponentInfo{com.dangbei.haqusetting/com.dangbei.haqusetting.ui.HomeActivity} origActivity=null realActivity=ComponentInfo{com.dangbei.haqusetting/com.dangbei.haqusetting.ui.HomeActivity} numActivities=1 lastActiveTime=43709 supportsMultiWindow=true resizeMode=1 isResizeable=true minWidth=-1 minHeight=-1 defaultMinSize=220 token=WCT{android.window.IWindowContainerToken$Stub$Proxy@1f6adad} topActivityType=1 pictureInPictureParams=null shouldDockBigOverlays=true launchIntoPipHostTaskId=-1 lastParentTaskIdBeforePip=-1 displayCutoutSafeInsets=null topActivityInfo=ActivityInfo{fc0d8e2 com.dangbei.haqusetting.ui.HomeActivity} launchCookies=[] positionInParent=Point(0, 0) parentTaskId=-1 isFocused=false isVisible=false isVisibleRequested=false isSleeping=false topActivityInSizeCompat=false topActivityEligibleForLetterboxEducation= false isLetterboxDoubleTapEnabled= false topActivityEligibleForUserAspectRatioButton= false topActivityBoundsLetterboxed= false isFromLetterboxDoubleTap= false topActivityLetterboxVerticalPosition= -1 topActivityLetterboxHorizontalPosition= -1 topActivityLetterboxWidth=-1 topActivityLetterboxHeight=-1 isUserFullscreenOverrideEnabled=false isTopActivityTransparent=true locusId=null displayAreaFeatureId=1 cameraCompatControlState=hidden}, remoteTransition = null, displayChange = null, flags = 0 }
05-30 14:03:49.504 I/ActivityManager( 692): com.dangbei.haqusetting is exempt from freezer
05-30 14:03:49.506 D/CompatibilityChangeReporter( 692): Compat change id reported: 135634846; UID 1000; state: DISABLED
05-30 14:03:49.508 E/nStackXCoAP( 2271): IsInSameNetwork:[281] :IsInSameNetwork: not priority process
05-30 14:03:49.509 D/nStackXCoAP( 2271): IsInSameNetwork:[276] :IsInSameNetwork exec
05-30 14:03:49.509 I/nStackXDFinder( 2271): GetLocalInterfaceDetail:[461] :GetLocalInterfaceDetail in
05-30 14:03:49.509 E/nStackXCoAP( 2271): IsInSameNetwork:[281] :IsInSameNetwork: not priority process
05-30 14:03:49.509 D/nStackXCoAP( 2271): IsInSameNetwork:[276] :IsInSameNetwork exec
05-30 14:03:49.509 I/nStackXDFinder( 2271): GetLocalInterfaceDetail:[461] :GetLocalInterfaceDetail in
05-30 14:03:49.509 E/nStackXCoAP( 2271): IsInSameNetwork:[281] :IsInSameNetwork: not priority process
05-30 14:03:49.510 D/nStackXCoAP( 2271): IsInSameNetwork:[276] :IsInSameNetwork exec
05-30 14:03:49.510 I/nStackXDFinder( 2271): GetLocalInterfaceDetail:[461] :GetLocalInterfaceDetail in
05-30 14:03:49.510 E/nStackXCoAP( 2271): IsInSameNetwork:[281] :IsInSameNetwork: not priority process
05-30 14:03:49.510 D/nStackXCoAP( 2271): IsInSameNetwork:[276] :IsInSameNetwork exec
05-30 14:03:49.510 I/nStackXDFinder( 2271): GetLocalInterfaceDetail:[461] :GetLocalInterfaceDetail in
05-30 14:03:49.510 E/nStackXCoAP( 2271): IsInSameNetwork:[281] :IsInSameNetwork: not priority process
05-30 14:03:49.510 I/nStackXDFinder( 2271): NotifyDeviceListChanged:[540] :notify callback: device list changed callback is null
05-30 14:03:49.519 D/nStackXCoAP( 2271): IsInSameNetwork:[276] :IsInSameNetwork exec
05-30 14:03:49.519 I/nStackXDFinder( 2271): GetLocalInterfaceDetail:[461] :GetLocalInterfaceDetail in
05-30 14:03:49.519 E/nStackXCoAP( 2271): IsInSameNetwork:[281] :IsInSameNetwork: not priority process
05-30 14:03:49.519 I/BpBinder( 261): onLastStrongRef automatically unlinking death recipients:
05-30 14:03:49.520 D/nStackXCoAP( 2271): IsInSameNetwork:[276] :IsInSameNetwork exec
05-30 14:03:49.520 I/nStackXDFinder( 2271): GetLocalInterfaceDetail:[461] :GetLocalInterfaceDetail in
05-30 14:03:49.520 E/nStackXCoAP( 2271): IsInSameNetwork:[281] :IsInSameNetwork: not priority process
05-30 14:03:49.520 D/nStackXCoAP( 2271): IsInSameNetwork:[276] :IsInSameNetwork exec
05-30 14:03:49.520 I/nStackXDFinder( 2271): GetLocalInterfaceDetail:[461] :GetLocalInterfaceDetail in
05-30 14:03:49.520 E/nStackXCoAP( 2271): IsInSameNetwork:[281] :IsInSameNetwork: not priority process
05-30 14:03:49.522 D/nStackXCoAP( 2271): IsInSameNetwork:[276] :IsInSameNetwork exec
05-30 14:03:49.522 I/nStackXDFinder( 2271): GetLocalInterfaceDetail:[461] :GetLocalInterfaceDetail in
05-30 14:03:49.522 E/nStackXCoAP( 2271): IsInSameNetwork:[281] :IsInSameNetwork: not priority process
05-30 14:03:49.523 D/nStackXCoAP( 2271): IsInSameNetwork:[276] :IsInSameNetwork exec
05-30 14:03:49.523 I/nStackXDFinder( 2271): GetLocalInterfaceDetail:[461] :GetLocalInterfaceDetail in
05-30 14:03:49.523 E/nStackXCoAP( 2271): IsInSameNetwork:[281] :IsInSameNetwork: not priority process
05-30 14:03:49.523 D/nStackXCoAP( 2271): IsInSameNetwork:[276] :IsInSameNetwork exec
05-30 14:03:49.523 I/nStackXDFinder( 2271): GetLocalInterfaceDetail:[461] :GetLocalInterfaceDetail in
05-30 14:03:49.523 E/nStackXCoAP( 2271): IsInSameNetwork:[281] :IsInSameNetwork: not priority process
05-30 14:03:49.524 D/nStackXCoAP( 2271): IsInSameNetwork:[276] :IsInSameNetwork exec
05-30 14:03:49.524 I/nStackXDFinder( 2271): GetLocalInterfaceDetail:[461] :GetLocalInterfaceDetail in
05-30 14:03:49.524 E/nStackXCoAP( 2271): IsInSameNetwork:[281] :IsInSameNetwork: not priority process
05-30 14:03:49.524 W/SQLiteLog( 1482): (28) double-quoted string literal: "
05-30 14:03:49.524 W/SQLiteLog( 1482): (28) double-quoted string literal: "7E67DAB9CF0616866828CBF5162C4360"
05-30 14:03:49.525 D/nStackXCoAP( 2271): IsInSameNetwork:[276] :IsInSameNetwork exec
05-30 14:03:49.525 I/nStackXDFinder( 2271): GetLocalInterfaceDetail:[461] :GetLocalInterfaceDetail in
05-30 14:03:49.525 E/nStackXCoAP( 2271): IsInSameNetwork:[281] :IsInSameNetwork: not priority process
05-30 14:03:49.525 D/nStackXCoAP( 2271): IsInSameNetwork:[276] :IsInSameNetwork exec
05-30 14:03:49.525 I/nStackXDFinder( 2271): GetLocalInterfaceDetail:[461] :GetLocalInterfaceDetail in
05-30 14:03:49.525 E/nStackXCoAP( 2271): IsInSameNetwork:[281] :IsInSameNetwork: not priority process
05-30 14:03:49.526 D/nStackXCoAP( 2271): IsInSameNetwork:[276] :IsInSameNetwork exec
05-30 14:03:49.526 I/nStackXDFinder( 2271): GetLocalInterfaceDetail:[461] :GetLocalInterfaceDetail in
05-30 14:03:49.526 E/nStackXCoAP( 2271): IsInSameNetwork:[281] :IsInSameNetwork: not priority process
05-30 14:03:49.527 D/nStackXCoAP( 2271): IsInSameNetwork:[276] :IsInSameNetwork exec
05-30 14:03:49.527 I/nStackXDFinder( 2271): GetLocalInterfaceDetail:[461] :GetLocalInterfaceDetail in
05-30 14:03:49.527 E/nStackXCoAP( 2271): IsInSameNetwork:[281] :IsInSameNetwork: not priority process
05-30 14:03:49.528 D/nStackXCoAP( 2271): IsInSameNetwork:[276] :IsInSameNetwork exec
05-30 14:03:49.528 I/nStackXDFinder( 2271): GetLocalInterfaceDetail:[461] :GetLocalInterfaceDetail in
05-30 14:03:49.528 E/nStackXCoAP( 2271): IsInSameNetwork:[281] :IsInSameNetwork: not priority process
05-30 14:03:49.532 D/nStackXCoAP( 2271): IsInSameNetwork:[276] :IsInSameNetwork exec
05-30 14:03:49.533 I/serviceDiscovery( 692): [MdnsAdvertiser.wlan0] Probing finished for service 2
05-30 14:03:49.543 I/nStackXDFinder( 2271): GetLocalInterfaceDetail:[461] :GetLocalInterfaceDetail in
05-30 14:03:49.543 E/nStackXCoAP( 2271): IsInSameNetwork:[281] :IsInSameNetwork: not priority process
05-30 14:03:49.544 D/nStackXCoAP( 2271): IsInSameNetwork:[276] :IsInSameNetwork exec
05-30 14:03:49.544 I/nStackXDFinder( 2271): GetLocalInterfaceDetail:[461] :GetLocalInterfaceDetail in
05-30 14:03:49.544 E/nStackXCoAP( 2271): IsInSameNetwork:[281] :IsInSameNetwork: not priority process
05-30 14:03:49.545 D/nStackXCoAP( 2271): IsInSameNetwork:[276] :IsInSameNetwork exec
05-30 14:03:49.545 I/nStackXDFinder( 2271): GetLocalInterfaceDetail:[461] :GetLocalInterfaceDetail in
05-30 14:03:49.545 E/nStackXCoAP( 2271): IsInSameNetwork:[281] :IsInSameNetwork: not priority process
05-30 14:03:49.545 D/nStackXCoAP( 2271): IsInSameNetwork:[276] :IsInSameNetwork exec
05-30 14:03:49.545 I/nStackXDFinder( 2271): GetLocalInterfaceDetail:[461] :GetLocalInterfaceDetail in
05-30 14:03:49.545 E/nStackXCoAP( 2271): IsInSameNetwork:[281] :IsInSameNetwork: not priority process
05-30 14:03:49.546 D/nStackXCoAP( 2271): IsInSameNetwork:[276] :IsInSameNetwork exec
05-30 14:03:49.546 I/nStackXDFinder( 2271): GetLocalInterfaceDetail:[461] :GetLocalInterfaceDetail in
05-30 14:03:49.546 E/nStackXCoAP( 2271): IsInSameNetwork:[281] :IsInSameNetwork: not priority process
05-30 14:03:49.546 D/nStackXCoAP( 2271): IsInSameNetwork:[276] :IsInSameNetwork exec
05-30 14:03:49.546 I/nStackXDFinder( 2271): GetLocalInterfaceDetail:[461] :GetLocalInterfaceDetail in
05-30 14:03:49.547 E/nStackXCoAP( 2271): IsInSameNetwork:[281] :IsInSameNetwork: not priority process
05-30 14:03:49.547 D/nStackXCoAP( 2271): IsInSameNetwork:[276] :IsInSameNetwork exec
05-30 14:03:49.547 I/nStackXDFinder( 2271): GetLocalInterfaceDetail:[461] :GetLocalInterfaceDetail in
05-30 14:03:49.547 E/nStackXCoAP( 2271): IsInSameNetwork:[281] :IsInSameNetwork: not priority process
05-30 14:03:49.547 D/AppManager( 1482): checkLocalAppsIsValid:
05-30 14:03:49.548 D/nStackXCoAP( 2271): IsInSameNetwork:[276] :IsInSameNetwork exec
05-30 14:03:49.548 I/nStackXDFinder( 2271): GetLocalInterfaceDetail:[461] :GetLocalInterfaceDetail in
05-30 14:03:49.548 E/nStackXCoAP( 2271): IsInSameNetwork:[281] :IsInSameNetwork: not priority process
05-30 14:03:49.548 D/nStackXCoAP( 2271): IsInSameNetwork:[276] :IsInSameNetwork exec
05-30 14:03:49.548 I/nStackXDFinder( 2271): GetLocalInterfaceDetail:[461] :GetLocalInterfaceDetail in
05-30 14:03:49.548 E/nStackXCoAP( 2271): IsInSameNetwork:[281] :IsInSameNetwork: not priority process
05-30 14:03:49.549 D/nStackXCoAP( 2271): IsInSameNetwork:[276] :IsInSameNetwork exec
05-30 14:03:49.549 I/nStackXDFinder( 2271): GetLocalInterfaceDetail:[461] :GetLocalInterfaceDetail in
05-30 14:03:49.549 E/nStackXCoAP( 2271): IsInSameNetwork:[281] :IsInSameNetwork: not priority process
05-30 14:03:49.550 D/nStackXCoAP( 2271): IsInSameNetwork:[276] :IsInSameNetwork exec
05-30 14:03:49.550 I/nStackXDFinder( 2271): GetLocalInterfaceDetail:[461] :GetLocalInterfaceDetail in
05-30 14:03:49.550 E/nStackXCoAP( 2271): IsInSameNetwork:[281] :IsInSameNetwork: not priority process
05-30 14:03:49.555 D/aaa ( 1510): WiFi is connect
05-30 14:03:49.556 D/Zygote ( 465): Forked child process 2614
05-30 14:03:49.556 D/XHttpObservable( 1713): handleRequest: start https://tyapi.qun7.com/v1/voice/getsoundshowmsg ,,, isCache = false
05-30 14:03:49.556 W/ActivityManager( 692): Slow operation: 52ms so far, now at startProcess: returned from zygote!
05-30 14:03:49.557 W/ActivityManager( 692): Slow operation: 53ms so far, now at startProcess: done updating battery stats
05-30 14:03:49.557 W/ActivityManager( 692): Slow operation: 53ms so far, now at startProcess: building log message
05-30 14:03:49.557 I/ActivityManager( 692): Start proc 2614:com.dangbei.haqusetting/1000 for next-top-activity {com.dangbei.haqusetting/com.dangbei.haqusetting.ui.HomeActivity}
05-30 14:03:49.557 W/ActivityManager( 692): Slow operation: 53ms so far, now at startProcess: starting to update pids map
05-30 14:03:49.557 W/ActivityManager( 692): Slow operation: 53ms so far, now at startProcess: done updating pids map
05-30 14:03:49.563 I/Zygote ( 2614): seccomp disabled by setenforce 0
05-30 14:03:49.570 D/aaa ( 1510): WiFi is connect
05-30 14:03:49.571 I/bei.haqusetting( 2614): Using CollectorTypeCC GC.
05-30 14:03:49.579 E/bei.haqusetting( 2614): Not starting debugger since process cannot load the jdwp agent.
05-30 14:03:49.593 D/RockyNetMessageUtil( 1713): initMediaControlPage pageEntity = PageEntity{list=null} isRequestPageControlSuccess = false
05-30 14:03:49.594 W/System.err( 1713): com.google.gson.JsonSyntaxException: java.lang.IllegalStateException: Expected BEGIN_OBJECT but was STRING at line 1 column 1 path $
05-30 14:03:49.594 W/System.err( 1713): at com.google.gson.internal.bind.ReflectiveTypeAdapterFactory$Adapter.read(ReflectiveTypeAdapterFactory.java:224)
05-30 14:03:49.594 W/System.err( 1713): at com.google.gson.Gson.fromJson(Gson.java:887)
05-30 14:03:49.594 W/System.err( 1713): at com.google.gson.Gson.fromJson(Gson.java:852)
05-30 14:03:49.594 W/System.err( 1713): at com.google.gson.Gson.fromJson(Gson.java:801)
05-30 14:03:49.594 W/System.err( 1713): at com.google.gson.Gson.fromJson(Gson.java:773)
05-30 14:03:49.594 W/System.err( 1713): at com.dangbei.util.RockyNetMessageUtil.initDefaultMediaControlPage(RockyNetMessageUtil.java:415)
05-30 14:03:49.594 W/System.err( 1713): at com.dangbei.util.RockyNetMessageUtil.initMediaControlPage(RockyNetMessageUtil.java:440)
05-30 14:03:49.594 W/System.err( 1713): at com.dangbei.util.RockyNetMessageUtil.init(RockyNetMessageUtil.java:90)
05-30 14:03:49.594 W/System.err( 1713): at com.dangbei.rocky.receiver.RockyReceiver.lambda$new$0(RockyReceiver.java:170)
05-30 14:03:49.594 W/System.err( 1713): at com.dangbei.rocky.receiver.-$$Lambda$RockyReceiver$Cv9WGMFk2EUpplZy47O1Y2Bm9h0.run(Unknown Source:0)
05-30 14:03:49.594 W/System.err( 1713): at android.os.Handler.handleCallback(Handler.java:958)
05-30 14:03:49.594 W/System.err( 1713): at android.os.Handler.dispatchMessage(Handler.java:99)
05-30 14:03:49.594 W/System.err( 1713): at android.os.Looper.loopOnce(Looper.java:205)
05-30 14:03:49.594 W/System.err( 1713): at android.os.Looper.loop(Looper.java:294)
05-30 14:03:49.594 W/System.err( 1713): at android.app.ActivityThread.main(ActivityThread.java:8255)
05-30 14:03:49.594 W/System.err( 1713): at java.lang.reflect.Method.invoke(Native Method)
05-30 14:03:49.594 W/System.err( 1713): at com.android.internal.os.RuntimeInit$MethodAndArgsCaller.run(RuntimeInit.java:552)
05-30 14:03:49.594 W/System.err( 1713): at com.android.internal.os.ZygoteInit.main(ZygoteInit.java:978)
05-30 14:03:49.594 W/System.err( 1713): Caused by: java.lang.IllegalStateException: Expected BEGIN_OBJECT but was STRING at line 1 column 1 path $
05-30 14:03:49.594 W/System.err( 1713): at com.google.gson.stream.JsonReader.beginObject(JsonReader.java:385)
05-30 14:03:49.594 W/System.err( 1713): at com.google.gson.internal.bind.ReflectiveTypeAdapterFactory$Adapter.read(ReflectiveTypeAdapterFactory.java:213)
05-30 14:03:49.594 W/System.err( 1713): ... 17 more
05-30 14:03:49.595 D/XHttpObservable( 1713): handleRequest: start https://tyapi.qun7.com/v1/voice/getResponseControlPage ,,, isCache = false
05-30 14:03:49.611 D/WindowManagerShell( 991): TvPipController: onTaskStackChanged()
05-30 14:03:49.626 D/CompatibilityChangeReporter( 692): Compat change id reported: 168419799; UID 1000; state: DISABLED
05-30 14:03:49.626 D/CompatibilityChangeReporter( 692): Compat change id reported: 273564678; UID 1000; state: DISABLED
05-30 14:03:49.636 D/CompatibilityChangeReporter( 2614): Compat change id reported: 171979766; UID 1000; state: ENABLED
05-30 14:03:49.645 D/nStackXCoAP( 2271): IsInSameNetwork:[276] :IsInSameNetwork exec
05-30 14:03:49.645 I/nStackXDFinder( 2271): GetLocalInterfaceDetail:[461] :GetLocalInterfaceDetail in
05-30 14:03:49.646 E/nStackXCoAP( 2271): IsInSameNetwork:[281] :IsInSameNetwork: not priority process
05-30 14:03:49.646 D/nStackXCoAP( 2271): IsInSameNetwork:[276] :IsInSameNetwork exec
05-30 14:03:49.646 I/nStackXDFinder( 2271): GetLocalInterfaceDetail:[461] :GetLocalInterfaceDetail in
05-30 14:03:49.646 E/nStackXCoAP( 2271): IsInSameNetwork:[281] :IsInSameNetwork: not priority process
05-30 14:03:49.648 D/CompatibilityChangeReporter( 2614): Compat change id reported: 242716250; UID 1000; state: DISABLED
05-30 14:03:49.648 D/nStackXCoAP( 2271): IsInSameNetwork:[276] :IsInSameNetwork exec
05-30 14:03:49.648 I/nStackXDFinder( 2271): GetLocalInterfaceDetail:[461] :GetLocalInterfaceDetail in
05-30 14:03:49.648 E/nStackXCoAP( 2271): IsInSameNetwork:[281] :IsInSameNetwork: not priority process
05-30 14:03:49.650 I/okhttp.OkHttpClient( 1449): <-- 200 OK http://tymsgapi.qun7.com/v1/core/rom (481ms, unknown-length body)
05-30 14:03:49.662 E/ccc ( 1449): cccccc requestOtaInfo result BaseResponse{message='success', data=OtaUpdateBean{downloadId='3859', updateType=1, romVersionName='5.0.0.7', romCode=66666, current=0, romMd5v='e5fc8d9a29132ffd8efdc3842c3c35a5', romLength=1107791189, romSize='1.0 GB', downUrl='http://dl.qun7.com/H5/H5Pro/5.0.0.6-20250530-wsyv%20/user_H5P_S905X5M_20250529_3-ota.zip', reUrl='http://dl.v5tv.com/H5/H5Pro/5.0.0.6-20250530-wsyv%20/user_H5P_S905X5M_20250529_3-ota.zip', reUrl2='http://dl.tymcdn.com/H5/H5Pro/5.0.0.6-20250530-wsyv%20/user_H5P_S905X5M_20250529_3-ota.zip', tempUrl='null', remark='30号早上9点配置OTA升级
05-30 14:03:49.662 E/ccc ( 1449): 固件时间:29号晚上10点
05-30 14:03:49.662 E/ccc ( 1449): 更新信息:
05-30 14:03:49.662 E/ccc ( 1449): user_H5P_S905X5M_20250529_3
05-30 14:03:49.662 E/ccc ( 1449): 链接: https://pan.baidu.com/s/13dvHYrF9ktJxYMb1qkA6TA?pwd=wsyv 提取码: wsyv
05-30 14:03:49.662 E/ccc ( 1449): 1.修复深度清理卡死log异常 对应Redmine bug 10
05-30 14:03:49.662 E/ccc ( 1449): 2.47981 47937对应相关禅道bug
05-30 14:03:49.662 E/ccc ( 1449): 对应Redmine bug #29 #19 #78 #52 #27 #26
05-30 14:03:49.662 E/ccc ( 1449): 加油,各位老表,干完今天回家过端午', status=idle, progress=0.0, filterMac=[], localPath='null', popup=1, isPaused=false, cancelled=false, extraInfo='null'}, code=0}
05-30 14:03:49.664 E/ccc ( 1449): cccccc com.dangbei.haqusetting not connect
05-30 14:03:49.664 E/ccc ( 1449): cccccc updateHelper 通知更新
05-30 14:03:49.664 E/ccc ( 1449): cccccc OtaUpdateHelper 普通更新 1
05-30 14:03:49.714 D/TrafficStats( 1713): tagSocket(186) with statsTag=0xffffffff, statsUid=-1
05-30 14:03:49.757 D/TrafficStats( 1713): tagSocket(185) with statsTag=0xffffffff, statsUid=-1
05-30 14:03:49.761 D/nativeloader( 2614): Configuring clns-shared-4 for other apk /system/app/dangbei-setting/dangbei-setting.apk. target_sdk_version=31, uses_libraries=, library_path=/system/app/dangbei-setting/lib/arm:/system/app/dangbei-setting/dangbei-setting.apk!/lib/armeabi-v7a:/system/lib:/system_ext/lib, permitted_path=/data:/mnt/expand:/data/user/0/com.dangbei.haqusetting:/system/app/dangbei-setting:/system/lib:/system_ext/lib
05-30 14:03:49.765 D/AppManager( 1482): checkLocalAppsIsValid: success
05-30 14:03:49.774 V/GraphicsEnvironment( 2614): Currently set values for:
05-30 14:03:49.774 V/GraphicsEnvironment( 2614): angle_gl_driver_selection_pkgs=[]
05-30 14:03:49.774 V/GraphicsEnvironment( 2614): angle_gl_driver_selection_values=[]
05-30 14:03:49.775 V/GraphicsEnvironment( 2614): ANGLE GameManagerService for com.dangbei.haqusetting: false
05-30 14:03:49.775 V/GraphicsEnvironment( 2614): com.dangbei.haqusetting is not listed in per-application setting
05-30 14:03:49.776 V/GraphicsEnvironment( 2614): Neither updatable production driver nor prerelease driver is supported.
05-30 14:03:49.780 I/MultiDex( 2614): VM with version 2.1.0 has multidex support
05-30 14:03:49.780 I/MultiDex( 2614): Installing application
05-30 14:03:49.780 I/MultiDex( 2614): VM has multidex support, MultiDex support library is disabled.
05-30 14:03:49.783 W/oid.tv.settings( 1335): Cleared Reference was only reachable from finalizer (only reported once)
05-30 14:03:49.793 E/ccc ( 2614): cccccc HaquSettingApplication app onCreate start
05-30 14:03:49.796 E/ccc ( 2614): cccccc HaquSettingApplication app onCreate end
05-30 14:03:49.797 V/WindowManager( 692): app ------------- force_land :0
05-30 14:03:49.800 E/nStackXDFinder( 2271): GetLocalIp:[401] :GetLocalIp exec
05-30 14:03:49.800 E/nStackXDFinder( 2271): GetLocalIp:[401] :GetLocalIp exec
05-30 14:03:49.800 E/nStackXDFinder( 2271): GetLocalIp:[401] :GetLocalIp exec
05-30 14:03:49.801 I/nStackXCoAP( 2271): CoapServiceDiscoverTimerHandle:[524] :the 5 times for device discover.
05-30 14:03:49.802 D/CompatibilityChangeReporter( 692): Compat change id reported: 197654537; UID 1000; state: DISABLED
05-30 14:03:49.807 D/CompatibilityChangeReporter( 692): Compat change id reported: 161145287; UID 1000; state: DISABLED
05-30 14:03:49.808 D/CompatibilityChangeReporter( 692): Compat change id reported: 161145287; UID 1000; state: ENABLED
05-30 14:03:49.818 W/ContextImpl( 2614): Calling a method in the system process without a qualified user: android.app.ContextImpl.bindService:1988 android.content.ContextWrapper.bindService:861 com.dangbei.lerad.etna.lib.client.EtnaClient.bindServer:138 com.dangbei.lerad.etna.lib.client.EtnaClient.access$600:29 com.dangbei.lerad.etna.lib.client.EtnaClient$3.call:205
05-30 14:03:49.822 D/CompatibilityChangeReporter( 692): Compat change id reported: 261072174; UID 1000; state: DISABLED
05-30 14:03:49.845 I/okhttp.OkHttpClient( 1449): <-- 200 OK http://tymsgapi.qun7.com/v1/core/logip (667ms, 81-byte body)
05-30 14:03:49.847 I/HttpUtil( 1449): success
05-30 14:03:49.849 I/okhttp.OkHttpClient( 1449): <-- 200 OK http://tymsgapi.qun7.com/v1/core/appupdate (666ms, unknown-length body)
05-30 14:03:49.850 I/okhttp.OkHttpClient( 1449): <-- 200 OK http://tyapi.qun7.com/v1/core/launcherota (680ms, unknown-length body)
05-30 14:03:49.852 D/nStackXCoAP( 2271): IsInSameNetwork:[276] :IsInSameNetwork exec
05-30 14:03:49.852 I/nStackXDFinder( 2271): GetLocalInterfaceDetail:[461] :GetLocalInterfaceDetail in
05-30 14:03:49.852 E/nStackXCoAP( 2271): IsInSameNetwork:[281] :IsInSameNetwork: not priority process
05-30 14:03:49.856 I/nStackXDFinder( 2271): NotifyDeviceListChanged:[540] :notify callback: device list changed callback is null
05-30 14:03:49.857 D/TrafficStats( 1482): tagSocket(150) with statsTag=0xffffffff, statsUid=-1
05-30 14:03:49.858 D/nStackXCoAP( 2271): IsInSameNetwork:[276] :IsInSameNetwork exec
05-30 14:03:49.858 I/nStackXDFinder( 2271): GetLocalInterfaceDetail:[461] :GetLocalInterfaceDetail in
05-30 14:03:49.858 E/nStackXCoAP( 2271): IsInSameNetwork:[281] :IsInSameNetwork: not priority process
05-30 14:03:49.860 E/hq ( 1482): ErrorCoroutineExceptionHandler:::runTry error:com.dangbei.leard.base.proider.error.EmptyApiException: 数据为空 from=requestMessageDialog from=requestMessageDialog
05-30 14:03:49.862 D/TrafficStats( 1482): tagSocket(125) with statsTag=0xffffffff, statsUid=-1
05-30 14:03:49.867 E/ccc ( 1449): cccccc launcher ota response is BaseResponse{message='success', data=UpgradeInfoEntity{contentLength=0, versionName='', versionCode=0, remark='', list=[]}, code=0}
05-30 14:03:49.868 D/TrafficStats( 1482): tagSocket(140) with statsTag=0xffffffff, statsUid=-1
05-30 14:03:49.868 D/TrafficStats( 1482): tagSocket(132) with statsTag=0xffffffff, statsUid=-1
05-30 14:03:49.869 W/System.err( 1449): java.lang.IndexOutOfBoundsException: Index 0 out of bounds for length 0
05-30 14:03:49.869 W/System.err( 1449): at jdk.internal.util.Preconditions.outOfBounds(Preconditions.java:64)
05-30 14:03:49.869 W/System.err( 1449): at jdk.internal.util.Preconditions.outOfBoundsCheckIndex(Preconditions.java:70)
05-30 14:03:49.869 W/System.err( 1449): at jdk.internal.util.Preconditions.checkIndex(Preconditions.java:266)
05-30 14:03:49.869 W/System.err( 1449): at java.util.Objects.checkIndex(Objects.java:359)
05-30 14:03:49.869 W/System.err( 1449): at java.util.ArrayList.get(ArrayList.java:434)
05-30 14:03:49.869 W/System.err( 1449): at com.dangbei.etna.update.launcher.LauncherUpdateHelper$requestLauncherUpdateInfo$1$2.invoke(LauncherUpdateHelper.kt:198)
05-30 14:03:49.869 W/System.err( 1449): at com.dangbei.etna.update.launcher.LauncherUpdateHelper$requestLauncherUpdateInfo$1$2.invoke(LauncherUpdateHelper.kt:189)
05-30 14:03:49.869 W/System.err( 1449): at com.etna.haqu.support.ext.FlowExtKt$safeCollect$3.emit(FlowExt.kt:52)
05-30 14:03:49.869 W/System.err( 1449): at kotlinx.coroutines.flow.FlowKt__ErrorsKt$catchImpl$2.emit(Errors.kt:158)
05-30 14:03:49.869 W/System.err( 1449): at kotlinx.coroutines.flow.FlowKt__ChannelsKt.emitAllImpl$FlowKt__ChannelsKt(Channels.kt:62)
05-30 14:03:49.869 W/System.err( 1449): at kotlinx.coroutines.flow.FlowKt__ChannelsKt.access$emitAllImpl$FlowKt__ChannelsKt(Channels.kt:1)
05-30 14:03:49.869 W/System.err( 1449): at kotlinx.coroutines.flow.FlowKt__ChannelsKt$emitAllImpl$1.invokeSuspend(Unknown Source:14)
05-30 14:03:49.869 W/System.err( 1449): at kotlin.coroutines.jvm.internal.BaseContinuationImpl.resumeWith(ContinuationImpl.kt:33)
05-30 14:03:49.869 W/System.err( 1449): at kotlinx.coroutines.DispatchedTask.run(DispatchedTask.kt:106)
05-30 14:03:49.869 W/System.err( 1449): at android.os.Handler.handleCallback(Handler.java:958)
05-30 14:03:49.869 W/System.err( 1449): at android.os.Handler.dispatchMessage(Handler.java:99)
05-30 14:03:49.869 W/System.err( 1449): at android.os.Looper.loopOnce(Looper.java:205)
05-30 14:03:49.869 W/System.err( 1449): at android.os.Looper.loop(Looper.java:294)
05-30 14:03:49.869 W/System.err( 1449): at android.app.ActivityThread.main(ActivityThread.java:8255)
05-30 14:03:49.869 W/System.err( 1449): at java.lang.reflect.Method.invoke(Native Method)
05-30 14:03:49.869 W/System.err( 1449): at com.android.internal.os.RuntimeInit$MethodAndArgsCaller.run(RuntimeInit.java:552)
05-30 14:03:49.869 W/System.err( 1449): at com.android.internal.os.ZygoteInit.main(ZygoteInit.java:978)
05-30 14:03:49.871 D/nStackXCoAP( 2271): IsInSameNetwork:[276] :IsInSameNetwork exec
05-30 14:03:49.871 I/nStackXDFinder( 2271): GetLocalInterfaceDetail:[461] :GetLocalInterfaceDetail in
05-30 14:03:49.871 E/nStackXCoAP( 2271): IsInSameNetwork:[281] :IsInSameNetwork: not priority process
05-30 14:03:49.871 D/nStackXCoAP( 2271): IsInSameNetwork:[276] :IsInSameNetwork exec
05-30 14:03:49.871 I/nStackXDFinder( 2271): GetLocalInterfaceDetail:[461] :GetLocalInterfaceDetail in
05-30 14:03:49.871 E/nStackXCoAP( 2271): IsInSameNetwork:[281] :IsInSameNetwork: not priority process
05-30 14:03:49.872 D/nStackXCoAP( 2271): IsInSameNetwork:[276] :IsInSameNetwork exec
05-30 14:03:49.872 E/ccc ( 1449): cccccc com.dangbei.haqusetting not connect
05-30 14:03:49.873 E/ccc ( 1449): cccccc updateHelper 通知更新
05-30 14:03:49.874 I/nStackXDFinder( 2271): GetLocalInterfaceDetail:[461] :GetLocalInterfaceDetail in
05-30 14:03:49.874 E/nStackXCoAP( 2271): IsInSameNetwork:[281] :IsInSameNetwork: not priority process
05-30 14:03:49.875 D/TrafficStats( 1482): tagSocket(148) with statsTag=0xffffffff, statsUid=-1
05-30 14:03:49.909 D/nStackXCoAP( 2271): IsInSameNetwork:[276] :IsInSameNetwork exec
05-30 14:03:49.909 I/nStackXDFinder( 2271): GetLocalInterfaceDetail:[461] :GetLocalInterfaceDetail in
05-30 14:03:49.909 E/nStackXCoAP( 2271): IsInSameNetwork:[281] :IsInSameNetwork: not priority process
05-30 14:03:49.916 E/hq ( 1482): WeatherRefresh:::请求网络地址后,更新的地理位置为:101280601
05-30 14:03:49.917 D/nStackXCoAP( 2271): IsInSameNetwork:[276] :IsInSameNetwork exec
05-30 14:03:49.917 I/nStackXDFinder( 2271): GetLocalInterfaceDetail:[461] :GetLocalInterfaceDetail in
05-30 14:03:49.917 E/nStackXCoAP( 2271): IsInSameNetwork:[281] :IsInSameNetwork: not priority process
05-30 14:03:49.918 D/nStackXCoAP( 2271): IsInSameNetwork:[276] :IsInSameNetwork exec
05-30 14:03:49.918 I/nStackXDFinder( 2271): GetLocalInterfaceDetail:[461] :GetLocalInterfaceDetail in
05-30 14:03:49.918 E/nStackXCoAP( 2271): IsInSameNetwork:[281] :IsInSameNetwork: not priority process
05-30 14:03:49.919 D/nStackXCoAP( 2271): IsInSameNetwork:[276] :IsInSameNetwork exec
05-30 14:03:49.919 I/nStackXDFinder( 2271): GetLocalInterfaceDetail:[461] :GetLocalInterfaceDetail in
05-30 14:03:49.919 E/nStackXCoAP( 2271): IsInSameNetwork:[281] :IsInSameNetwork: not priority process
05-30 14:03:49.920 D/nStackXCoAP( 2271): IsInSameNetwork:[276] :IsInSameNetwork exec
05-30 14:03:49.920 I/nStackXDFinder( 2271): GetLocalInterfaceDetail:[461] :GetLocalInterfaceDetail in
05-30 14:03:49.920 E/nStackXCoAP( 2271): IsInSameNetwork:[281] :IsInSameNetwork: not priority process
05-30 14:03:49.921 D/nStackXCoAP( 2271): IsInSameNetwork:[276] :IsInSameNetwork exec
05-30 14:03:49.921 I/nStackXDFinder( 2271): GetLocalInterfaceDetail:[461] :GetLocalInterfaceDetail in
05-30 14:03:49.921 E/nStackXCoAP( 2271): IsInSameNetwork:[281] :IsInSameNetwork: not priority process
05-30 14:03:49.921 D/nStackXCoAP( 2271): IsInSameNetwork:[276] :IsInSameNetwork exec
05-30 14:03:49.921 I/nStackXDFinder( 2271): GetLocalInterfaceDetail:[461] :GetLocalInterfaceDetail in
05-30 14:03:49.921 E/nStackXCoAP( 2271): IsInSameNetwork:[281] :IsInSameNetwork: not priority process
05-30 14:03:49.922 D/nStackXCoAP( 2271): IsInSameNetwork:[276] :IsInSameNetwork exec
05-30 14:03:49.922 I/nStackXDFinder( 2271): GetLocalInterfaceDetail:[461] :GetLocalInterfaceDetail in
05-30 14:03:49.922 E/nStackXCoAP( 2271): IsInSameNetwork:[281] :IsInSameNetwork: not priority process
05-30 14:03:49.923 D/nStackXCoAP( 2271): IsInSameNetwork:[276] :IsInSameNetwork exec
05-30 14:03:49.923 I/nStackXDFinder( 2271): GetLocalInterfaceDetail:[461] :GetLocalInterfaceDetail in
05-30 14:03:49.923 E/nStackXCoAP( 2271): IsInSameNetwork:[281] :IsInSameNetwork: not priority process
05-30 14:03:49.924 D/nStackXCoAP( 2271): IsInSameNetwork:[276] :IsInSameNetwork exec
05-30 14:03:49.924 I/nStackXDFinder( 2271): GetLocalInterfaceDetail:[461] :GetLocalInterfaceDetail in
05-30 14:03:49.924 E/nStackXCoAP( 2271): IsInSameNetwork:[281] :IsInSameNetwork: not priority process
05-30 14:03:49.924 D/nStackXCoAP( 2271): IsInSameNetwork:[276] :IsInSameNetwork exec
05-30 14:03:49.925 I/nStackXDFinder( 2271): GetLocalInterfaceDetail:[461] :GetLocalInterfaceDetail in
05-30 14:03:49.925 E/nStackXCoAP( 2271): IsInSameNetwork:[281] :IsInSameNetwork: not priority process
05-30 14:03:49.925 D/nStackXCoAP( 2271): IsInSameNetwork:[276] :IsInSameNetwork exec
05-30 14:03:49.925 I/nStackXDFinder( 2271): GetLocalInterfaceDetail:[461] :GetLocalInterfaceDetail in
05-30 14:03:49.925 E/nStackXCoAP( 2271): IsInSameNetwork:[281] :IsInSameNetwork: not priority process
05-30 14:03:49.940 D/nStackXCoAP( 2271): IsInSameNetwork:[276] :IsInSameNetwork exec
05-30 14:03:49.940 I/nStackXDFinder( 2271): GetLocalInterfaceDetail:[461] :GetLocalInterfaceDetail in
05-30 14:03:49.940 E/nStackXCoAP( 2271): IsInSameNetwork:[281] :IsInSameNetwork: not priority process
05-30 14:03:49.940 D/nStackXCoAP( 2271): IsInSameNetwork:[276] :IsInSameNetwork exec
05-30 14:03:49.940 I/nStackXDFinder( 2271): GetLocalInterfaceDetail:[461] :GetLocalInterfaceDetail in
05-30 14:03:49.940 E/nStackXCoAP( 2271): IsInSameNetwork:[281] :IsInSameNetwork: not priority process
05-30 14:03:49.941 D/nStackXCoAP( 2271): IsInSameNetwork:[276] :IsInSameNetwork exec
05-30 14:03:49.941 I/nStackXDFinder( 2271): GetLocalInterfaceDetail:[461] :GetLocalInterfaceDetail in
05-30 14:03:49.941 E/nStackXCoAP( 2271): IsInSameNetwork:[281] :IsInSameNetwork: not priority process
05-30 14:03:49.941 D/nStackXCoAP( 2271): IsInSameNetwork:[276] :IsInSameNetwork exec
05-30 14:03:49.941 I/nStackXDFinder( 2271): GetLocalInterfaceDetail:[461] :GetLocalInterfaceDetail in
05-30 14:03:49.941 E/nStackXCoAP( 2271): IsInSameNetwork:[281] :IsInSameNetwork: not priority process
05-30 14:03:49.941 D/nStackXCoAP( 2271): IsInSameNetwork:[276] :IsInSameNetwork exec
05-30 14:03:49.941 I/nStackXDFinder( 2271): GetLocalInterfaceDetail:[461] :GetLocalInterfaceDetail in
05-30 14:03:49.941 E/nStackXCoAP( 2271): IsInSameNetwork:[281] :IsInSameNetwork: not priority process
05-30 14:03:49.942 D/nStackXCoAP( 2271): IsInSameNetwork:[276] :IsInSameNetwork exec
05-30 14:03:49.942 I/nStackXDFinder( 2271): GetLocalInterfaceDetail:[461] :GetLocalInterfaceDetail in
05-30 14:03:49.942 E/nStackXCoAP( 2271): IsInSameNetwork:[281] :IsInSameNetwork: not priority process
05-30 14:03:49.958 D/CompatibilityChangeReporter( 2614): Compat change id reported: 237531167; UID 1000; state: DISABLED
05-30 14:03:49.961 W/OpenGLRenderer( 2614): Unknown dataspace 0
05-30 14:03:49.966 W/WindowManager( 692): [addWindow] title:com.dangbei.haqusetting/com.dangbei.haqusetting.ui.HomeActivity
05-30 14:03:49.973 E/ccc ( 1449): cccccc etnaService addListener com.dangbei.lerad.etna.aidl.IEtnaAidlListener$Stub$Proxy@4ea7496 com.dangbei.haqusetting
05-30 14:03:49.981 E/ccc ( 2614): cccccc etna-haqu-connected
05-30 14:03:50.001 E/hq ( 1482): ErrorCoroutineExceptionHandler:::runTry error:com.dangbei.leard.base.proider.error.EmptyApiException: 数据为空 from=requestGetMessageRemind from=requestGetMessageRemind
05-30 14:03:50.022 D/CoreBackPreview( 692): Window{98f0d83 u0 com.dangbei.haqusetting/com.dangbei.haqusetting.ui.HomeActivity}: Setting back callback OnBackInvokedCallbackInfo{mCallback=android.window.IOnBackInvokedCallback$Stub$Proxy@8f6f39, mPriority=0, mIsAnimationCallback=false}
05-30 14:03:50.039 I/mali ( 2614): Successfully parsed 1 environment variable(s) from /vendor/etc/mali_platform.config.
05-30 14:03:50.041 I/mali ( 2614): Successfully parsed 1 environment variable(s) from /vendor/etc/mali_platform.config.
05-30 14:03:50.052 I/hwservicemanager( 232): getTransport: Cannot find entry android.hardware.configstore@1.0::ISurfaceFlingerConfigs/default in either framework or device VINTF manifest.
05-30 14:03:50.052 I/rainbow_flow( 2658): type=1400 audit(0.0:1044): avc: denied { ioctl } for path="/dev/spidev1.0" dev="tmpfs" ino=536 ioctlcmd=0x6b00 scontext=u:r:init:s0 tcontext=u:object_r:device:s0 tclass=chr_file permissive=1
05-30 14:03:50.056 I/serviceDiscovery( 692): [MdnsAdvertiser.wlan0] Probing finished for service 5
05-30 14:03:50.058 D/LanCommander( 1449): com.dangbei.andes.bean.RegistrationData@95d8817----------------onServiceRegistered
05-30 14:03:50.081 E/hq ( 1482): WeatherRefresh:::请求网络地址后,更新的地理位置为:101280601
05-30 14:03:50.093 I/MesonDisplay( 289): [/mode_policy.c, meson_mode_set_policy, 1177] connector:0 to policy:0
05-30 14:03:50.093 I/MesonDisplay( 289): [/mode_policy.c, is_dv_prefer, 66] not prefer dv, hdr_priority:10000010
05-30 14:03:50.093 I/MesonDisplay( 289): [/mode_policy.c, is_dv_prefer, 66] not prefer dv, hdr_priority:10000010
05-30 14:03:50.093 I/MesonDisplay( 289): [/mode_policy.c, hdr_scene_process, 724] policy:0 is_bestcolorspace:1 state:0
05-30 14:03:50.093 I/MesonDisplay( 289): [/mode_policy_parser.c, is_support_hdmimode, 110] is_support_hdmimode mode: 2160p60hz
05-30 14:03:50.093 I/MesonDisplay( 289): [/mode_policy_parser.c, is_support_hdmimode, 110] is_support_hdmimode mode: 2160p60hz
05-30 14:03:50.093 D/MesonDisplay( 289): meson_write /sys/class/amhdmitx/amhdmitx0/valid_mode, outputmode:2160p60hz420,10bit
05-30 14:03:50.093 D/MesonDisplay( 289): valid mode is true!
05-30 14:03:50.093 I/MesonDisplay( 289): [/mode_policy.c, is_support_4kHDR, 499] is_support_4kHDR mode:[420,10bit], deep color:[2160p60hz]
05-30 14:03:50.093 I/MesonDisplay( 289): [/mode_policy.c, meson_mode_get_policy_output, 1289] final_displaymode:2160p60hz, final_deepcolor:420,10bit, amdv_type:0
05-30 14:03:50.093 I/MesonDisplay( 289): [/mode_policy.c, meson_mode_set_policy, 1177] connector:0 to policy:0
05-30 14:03:50.095 E/OpenGLRenderer( 2614): Unable to match the desired swap behavior.
05-30 14:03:50.133 V/WindowManagerShell( 991): onTransitionReady android.os.BinderProxy@c3cfac4: {id=2 t=OPEN f=0x0 trk=0 r=[0@Point(0, 0)] c=[{WCT{android.window.IWindowContainerToken$Stub$Proxy@ffd77a9} m=OPEN f=TRANSLUCENT leash=Surface(name=Task=11)/@0x7fd6473 sb=Rect(0, 0 - 1920, 1080) eb=Rect(0, 0 - 1920, 1080) d=0}]}
05-30 14:03:50.133 V/WindowManagerShell( 991): Playing animation for (#2)android.os.BinderProxy@c3cfac4@0
05-30 14:03:50.134 V/WindowManagerShell( 991): try handler com.android.wm.shell.keyguard.KeyguardTransitionHandler@6b75b74
05-30 14:03:50.134 V/WindowManagerShell( 991): try handler com.android.wm.shell.pip.tv.TvPipTransition@9a7789d
05-30 14:03:50.134 V/WindowManagerShell( 991): try handler com.android.wm.shell.activityembedding.ActivityEmbeddingController@97c6112
05-30 14:03:50.134 V/WindowManagerShell( 991): try handler com.android.wm.shell.transition.RemoteTransitionHandler@57500e3
