05-30 17:39:00.801 I/gbei.screencast( 2908): type=1400 audit(0.0:1126): avc: denied { read } for name="address" dev="sysfs" ino=22127 scontext=u:r:untrusted_app_27:s0:c44,c256,c512,c768 tcontext=u:object_r:sysfs_net:s0 tclass=file permissive=1 app=com.dangbei.screencast
05-30 17:39:00.801 I/gbei.screencast( 2908): type=1400 audit(0.0:1127): avc: denied { open } for path="/sys/devices/virtual/net/dummy0/address" dev="sysfs" ino=22127 scontext=u:r:untrusted_app_27:s0:c44,c256,c512,c768 tcontext=u:object_r:sysfs_net:s0 tclass=file permissive=1 app=com.dangbei.screencast
05-30 17:39:00.801 I/gbei.screencast( 2908): type=1400 audit(0.0:1128): avc: denied { getattr } for path="/sys/devices/virtual/net/dummy0/address" dev="sysfs" ino=22127 scontext=u:r:untrusted_app_27:s0:c44,c256,c512,c768 tcontext=u:object_r:sysfs_net:s0 tclass=file permissive=1 app=com.dangbei.screencast
05-30 17:39:00.809 I/crashsdk( 2908): version unique build id: 6230cced
05-30 17:39:00.811 D/crashsdk( 2908): Native log stat thread 2938 setup, waiting
05-30 17:39:00.814 I/crashsdk( 2908): begin hack android.os.Process
05-30 17:39:00.814 I/crashsdk( 2908): end hack android.os.Process
05-30 17:39:00.828 I/TDLog ( 2908): setReportUncaughtExceptions: true
05-30 17:39:00.828 I/Matrix.AnrTracer( 2908): anrTrace, final mAnrBeatTime:400, mAnrBeatRate:400
05-30 17:39:00.829 E/Application( 2908): onCreate:Version:v2.8.3/20830/883432e
05-30 17:39:00.829 W/efs.send_log( 2908): tryFileLock start!
05-30 17:39:00.835 D/LaunchConfigManager( 2908): check in allready
05-30 17:39:00.835 I/efs.config( 2908): --->>> 删除旧的配置文件 false
05-30 17:39:00.836 I/UMCrash ( 2908): begin register common callback. key is umid.
05-30 17:39:00.837 I/LaunchTrace( 2908): begin sendLaunchCache
05-30 17:39:00.837 I/efs.base( 2908): lt=event`ev_ct=efs_core`ev_ac=pvuv`tm=2025-05-30 17:39:83`dn=6aee369d-97d5-42b8-aaef-4ff281a087ea`ps=com.dangbei.screencast`um_os=android`stime=1748597940684`pid=2908`fr=android`pkg=com.dangbei.screencast`vcode=20830`dsp_w=1920`uid=6aee369d-97d5-42b8-aaef-4ff281a087ea`rom=14`wid=6aee369d-97d5-42b8-aaef-4ff281a087ea`um_app_carrier=`um_access=wifi`um_app_channel=os`um_crash_sdk_version=1.4.0`ctime=1748597940`model=dbbox-a3`lang=zh`net=wifi`brand=amlogic`dsp_h=1080`um_network_type=0`ver=v2.8.3`build_model=DBBOX-A3`w_tm=1748597940`appid=5fc60c21094d637f3130af19`um_umid_header=null`sdk=34`tzone=Asia/Shanghai`sdk_ver=1.3.6.umeng
05-30 17:39:00.852 I/crashsdk( 2908): Catcher mask: 5000, 20480
05-30 17:39:00.853 I/crashsdk( 2908): Catcher thread 2913
05-30 17:39:00.853 D/crashsdk( 2908): Register ANR handler ...
05-30 17:39:00.854 E/HuaweiCastService( 2908): onCreate called().
05-30 17:39:00.854 I/efs.config( 2908): current config version (-1) is older than another (1735614866)
05-30 17:39:00.854 I/efs.config( 2908): load config from storage and notify observer
05-30 17:39:00.857 I/TDLog ( 2908): TalkingData SDK init...
05-30 17:39:00.857 I/TDLog ( 2908): SDK_VERSION is: Android+TD+V5.0.7 gp Type:Native Build_Num:2141
05-30 17:39:00.857 I/TDLog ( 2908): App ID is: B9D7815EC975466AB1332111FCE62DF5
05-30 17:39:00.857 I/TDLog ( 2908): App Channel is: os
05-30 17:39:00.857 I/TDLog ( 2908): App Custom is:
05-30 17:39:00.857 I/TDLog ( 2908): SDK_OVC is: TDOVC+a3bb7754719798526508b6caad480dd7+SaaS
05-30 17:39:00.859 E/PlayerClient( 2908): registerCallback com.dangbei.screencast.huaweicast.service.HuaweiCastService$a@c35cbd3
05-30 17:39:00.859 D/PlayerClient( 2908): registerCallback true
05-30 17:39:00.859 D/PlayerClient( 2908): init.
05-30 17:39:00.859 W/KIT_FWK_a( 2908): KitFwk is not installed, pls do not use related interfaces.
05-30 17:39:00.860 W/KIT_FWK_a( 2908): KitFwk is not installed, pls do not use related interfaces.
05-30 17:39:00.860 E/PlayerClient( 2908): bind player service by aar.
05-30 17:39:00.863 D/OomAdjuster( 692): Not killing cached processes
05-30 17:39:00.864 D/PlayerClient( 2908): bind player sink service true
05-30 17:39:00.877 W/ActivityManager( 692): Foreground service started from background can not have location/camera/microphone access: service com.dangbei.screencast/.huaweicast.service.HuaweiCastService
05-30 17:39:00.879 E/HuaweiCastService( 2908): startForeground!
05-30 17:39:00.887 W/ActivityManager( 692): Foreground service started from background can not have location/camera/microphone access: service com.dangbei.screencast/.startup.StartupService
05-30 17:39:00.887 I/ActivityManager( 692): Background started FGS: Allowed [callingPackage: com.dangbei.screencast; callingUid: 10044; uidState: FGS ; uidBFSL: [BFSL]; intent: Intent { act=com.dangbei.screencast.STARTUP pkg=com.dangbei.screencast }; code:PROC_STATE_FGS; tempAllowListReason:; targetSdkVersion:28; callerTargetSdkVersion:28; startForegroundCount:1; bindFromPackage:null: isBindService:true]
05-30 17:39:00.898 E/raop ( 2908): *********************AirplayBroadcastServer+++++++++
05-30 17:39:00.901 D/CompatibilityChangeReporter( 2908): Compat change id reported: 270306772; UID 10044; state: DISABLED
05-30 17:39:00.904 D/CompatibilityChangeReporter( 2908): Compat change id reported: 235355681; UID 10044; state: DISABLED
05-30 17:39:00.918 D/TrafficStats( 2908): tagSocket(153) with statsTag=0xffffffff, statsUid=-1
05-30 17:39:00.923 E/H264FrameQueue( 2908): H264FrameQueue: mFullQueueCount:200
05-30 17:39:00.931 D/wenhc ( 1482): getScreenInfo uri = content://com.dangbei.screencast.parts.info/screen_cast
05-30 17:39:00.934 W/System.err( 2908): java.lang.NullPointerException: Attempt to invoke virtual method 'byte[] java.net.NetworkInterface.getHardwareAddress()' on a null object reference
05-30 17:39:00.934 W/System.err( 2908): at b.f.f.y.g.b(Unknown Source:11)
05-30 17:39:00.934 W/System.err( 2908): at b.d.a.a.p.c0(Unknown Source:2)
05-30 17:39:00.934 W/System.err( 2908): at com.dangbei.screencast.startup.StartupService.onCreate(:5)
05-30 17:39:00.934 W/System.err( 2908): at android.app.ActivityThread.handleCreateService(ActivityThread.java:4696)
05-30 17:39:00.934 W/System.err( 2908): at android.app.ActivityThread.-$$Nest$mhandleCreateService(Unknown Source:0)
05-30 17:39:00.934 W/System.err( 2908): at android.app.ActivityThread$H.handleMessage(ActivityThread.java:2293)
05-30 17:39:00.934 W/System.err( 2908): at android.os.Handler.dispatchMessage(Handler.java:106)
05-30 17:39:00.934 W/System.err( 2908): at android.os.Looper.loopOnce(Looper.java:205)
05-30 17:39:00.934 W/System.err( 2908): at android.os.Looper.loop(Looper.java:294)
05-30 17:39:00.934 W/System.err( 2908): at android.app.ActivityThread.main(ActivityThread.java:8255)
05-30 17:39:00.934 W/System.err( 2908): at java.lang.reflect.Method.invoke(Native Method)
05-30 17:39:00.934 W/System.err( 2908): at com.android.internal.os.RuntimeInit$MethodAndArgsCaller.run(RuntimeInit.java:552)
05-30 17:39:00.934 W/System.err( 2908): at com.android.internal.os.ZygoteInit.main(ZygoteInit.java:978)
05-30 17:39:00.942 D/HiSight-SinkService( 2908): onCreate.
05-30 17:39:00.943 D/HiSight-ConnectionManager( 2908): start ConnectionManager
05-30 17:39:00.945 D/HiSight-SinkService( 2908): onBind.
05-30 17:39:00.948 E/HuaweiCastService( 2908): onStartCommand in 0
05-30 17:39:00.951 D/PlayerClient( 2908): service connected.
05-30 17:39:00.951 D/HiSight-SinkService( 2908): ITaskBinder registerCallback: true
05-30 17:39:00.952 D/HiSight-HiSightManager( 2908): ITaskBinder registerCallback.
05-30 17:39:00.952 D/HiSight-CallbackManager( 2908): addNewCallback. com.dangbei.screencast.huaweicast.service.HuaweiCastService$a@c35cbd3
05-30 17:39:00.952 E/HuaweiCastService( 2908): eventId: 4001
05-30 17:39:00.952 E/HuaweiCastService( 2908): mPlayerClient is null.
05-30 17:39:00.953 D/HiSight-HiSightManager( 2908): check capability vbr range not setting, using default value
05-30 17:39:00.953 E/HuaweiCastService( 2908): mPlayerClient is null.
05-30 17:39:00.953 D/HiSight-SinkService( 2908): setAuthMode
05-30 17:39:00.953 W/HiSight-ConnectionManager( 2908): mSinkId is empty
05-30 17:39:00.958 I/WifiService( 692): acquireMulticastLock uid=10044
05-30 17:39:00.958 I/WifiService( 692): acquireMulticastLock uid=10044
05-30 17:39:00.961 D/IpClient.wlan0( 1057): set max DTIM multiplier to 1
05-30 17:39:00.963 D/WifiHAL ( 500): Setting APF program, halHandle = 0xf4002920
05-30 17:39:00.963 I/WifiHAL ( 500): createRequest: APF set program request
05-30 17:39:00.963 D/WifiHAL ( 500): error code -95 mapped to -3
05-30 17:39:00.963 I/WifiHAL ( 500): Request Response failed for APF, result = -3
05-30 17:39:00.964 E/WifiStaIfaceAidlImpl( 692): installApfPacketFilter failed with service-specific exception: android.os.ServiceSpecificException: (code 4)
05-30 17:39:00.964 D/WifiHAL ( 500): Setting DTIM config , halHandle = 0xf4002920 Multiplier = 1
05-30 17:39:00.964 I/WifiHAL ( 500): Successfully configured dtim multiplier 1
05-30 17:39:00.964 D/WifiHAL ( 500): error code -95 mapped to -3
05-30 17:39:00.966 E/WifiStaIfaceAidlImpl( 692): setDtimMultiplier failed with service-specific exception: android.os.ServiceSpecificException: (code 4)
05-30 17:39:00.971 D/TrafficStats( 2908): tagSocket(154) with statsTag=0xffffffff, statsUid=-1
05-30 17:39:00.973 I/MobclickAgent( 2908): module init:azioc
05-30 17:39:01.006 W/System.err( 2908): com.umeng.analytics.pro.br: Required field 'snapshots' was not present! Struct: IdTracking(snapshots:null)
05-30 17:39:01.006 W/System.err( 2908): at com.umeng.commonsdk.statistics.proto.c.n(Unknown Source:24)
05-30 17:39:01.006 W/System.err( 2908): at com.umeng.commonsdk.statistics.proto.c$a.a(Unknown Source:14)
05-30 17:39:01.006 W/System.err( 2908): at com.umeng.commonsdk.statistics.proto.c$a.b(Unknown Source:2)
05-30 17:39:01.006 W/System.err( 2908): at com.umeng.commonsdk.statistics.proto.c.read(Unknown Source:16)
05-30 17:39:01.006 W/System.err( 2908): at com.umeng.analytics.pro.au.a(Unknown Source:7)
05-30 17:39:01.006 W/System.err( 2908): at com.umeng.commonsdk.statistics.idtracking.e.i(Unknown Source:35)
05-30 17:39:01.006 W/System.err( 2908): at com.umeng.commonsdk.statistics.idtracking.e.f(Unknown Source:1)
05-30 17:39:01.006 W/System.err( 2908): at com.umeng.commonsdk.statistics.idtracking.e.a(Unknown Source:131)
05-30 17:39:01.006 W/System.err( 2908): at com.umeng.commonsdk.statistics.b.a(Unknown Source:218)
05-30 17:39:01.006 W/System.err( 2908): at com.umeng.commonsdk.framework.UMEnvelopeBuild.buildEnvelopeWithExtHeader(Unknown Source:100)
05-30 17:39:01.006 W/System.err( 2908): at com.umeng.commonsdk.internal.d.a(Unknown Source:36)
05-30 17:39:01.006 W/System.err( 2908): at com.umeng.commonsdk.internal.UMInternalManagerAgent.sendInternalEnvelopeByStateful2(Unknown Source:0)
05-30 17:39:01.006 W/System.err( 2908): at java.lang.reflect.Method.invoke(Native Method)
05-30 17:39:01.006 W/System.err( 2908): at com.umeng.commonsdk.internal.c.workEvent(Unknown Source:642)
05-30 17:39:01.006 W/System.err( 2908): at com.umeng.commonsdk.framework.UMWorkDispatch.handleEvent(Unknown Source:39)
05-30 17:39:01.006 W/System.err( 2908): at com.umeng.commonsdk.framework.UMWorkDispatch.access$000(Unknown Source:0)
05-30 17:39:01.006 W/System.err( 2908): at com.umeng.commonsdk.framework.UMWorkDispatch$1.handleMessage(Unknown Source:27)
05-30 17:39:01.006 W/System.err( 2908): at android.os.Handler.dispatchMessage(Handler.java:106)
05-30 17:39:01.006 W/System.err( 2908): at android.os.Looper.loopOnce(Looper.java:205)
05-30 17:39:01.006 W/System.err( 2908): at android.os.Looper.loop(Looper.java:294)
05-30 17:39:01.007 W/System.err( 2908): at android.os.HandlerThread.run(HandlerThread.java:67)
05-30 17:39:01.013 W/TelephonyPermissions( 692): reportAccessDeniedToReadIdentifiers:com.dangbei.screencast:getSerial:-1
05-30 17:39:01.265 I/ThermalService( 999): CPU temperatures: [51.9]
05-30 17:39:01.313 E/StartupService( 2908): onConnected:
05-30 17:39:01.350 W/System.err( 2908): java.lang.NullPointerException: Attempt to invoke virtual method 'byte[] java.net.NetworkInterface.getHardwareAddress()' on a null object reference
05-30 17:39:01.350 W/System.err( 2908): at b.f.f.y.g.b(Unknown Source:11)
05-30 17:39:01.350 W/System.err( 2908): at b.d.a.a.p.c0(Unknown Source:2)
05-30 17:39:01.350 W/System.err( 2908): at b.f.f.w.b.(:16)
05-30 17:39:01.350 W/System.err( 2908): at com.dangbei.screencast.startup.StartupService.w(:2)
05-30 17:39:01.350 W/System.err( 2908): at b.f.f.h.g.b.run(:6)
05-30 17:39:01.350 W/System.err( 2908): at b.d.a.a.n.a(Unknown Source:10)
05-30 17:39:01.350 W/System.err( 2908): at b.f.f.h.g.j.onReceive(Unknown Source:20)
05-30 17:39:01.350 W/System.err( 2908): at android.app.LoadedApk$ReceiverDispatcher$Args.lambda$getRunnable$0(LoadedApk.java:1811)
05-30 17:39:01.350 W/System.err( 2908): at android.app.LoadedApk$ReceiverDispatcher$Args.$r8$lambda$gDuJqgxY6Zb-ifyeubKeivTLAwk(Unknown Source:0)
05-30 17:39:01.350 W/System.err( 2908): at android.app.LoadedApk$ReceiverDispatcher$Args$$ExternalSyntheticLambda0.run(Unknown Source:2)
05-30 17:39:01.350 W/System.err( 2908): at android.os.Handler.handleCallback(Handler.java:958)
05-30 17:39:01.350 W/System.err( 2908): at android.os.Handler.dispatchMessage(Handler.java:99)
05-30 17:39:01.350 W/System.err( 2908): at android.os.Looper.loopOnce(Looper.java:205)
05-30 17:39:01.350 W/System.err( 2908): at android.os.Looper.loop(Looper.java:294)
05-30 17:39:01.350 W/System.err( 2908): at android.app.ActivityThread.main(ActivityThread.java:8255)
05-30 17:39:01.350 W/System.err( 2908): at java.lang.reflect.Method.invoke(Native Method)
05-30 17:39:01.350 W/System.err( 2908): at com.android.internal.os.RuntimeInit$MethodAndArgsCaller.run(RuntimeInit.java:552)
05-30 17:39:01.350 W/System.err( 2908): at com.android.internal.os.ZygoteInit.main(ZygoteInit.java:978)
05-30 17:39:01.377 W/efs.info.manager( 2908): network change: wifi
05-30 17:39:01.445 D/TrafficStats( 2908): tagSocket(161) with statsTag=0xffffffff, statsUid=-1
05-30 17:39:02.108 I/WifiHAL ( 500): call wifi_get_link_stats handler
05-30 17:39:02.108 I/WifiHAL ( 500): Creating message to get link statistics; iface = 16
05-30 17:39:02.109 D/WifiHAL ( 500): error code -95 mapped to -3
05-30 17:39:02.109 E/WifiStaIfaceAidlImpl( 692): getLinkLayerStats failed with service-specific exception: android.os.ServiceSpecificException: (code 4)
05-30 17:39:02.776 I/efs.config( 2837): No update is required, less than 8h since the last update
05-30 17:39:02.838 W/TelephonyPermissions( 692): reportAccessDeniedToReadIdentifiers:com.dangbei.screencast:getSerial:-1
05-30 17:39:02.869 I/ip ( 2998): type=1400 audit(0.0:1141): avc: denied { bind } for scontext=u:r:untrusted_app_27:s0:c44,c256,c512,c768 tcontext=u:r:untrusted_app_27:s0:c44,c256,c512,c768 tclass=netlink_route_socket permissive=1 app=com.dangbei.screencast
05-30 17:39:02.869 I/ip ( 2998): type=1400 audit(0.0:1142): avc: denied { nlmsg_readpriv } for scontext=u:r:untrusted_app_27:s0:c44,c256,c512,c768 tcontext=u:r:untrusted_app_27:s0:c44,c256,c512,c768 tclass=netlink_route_socket permissive=1 app=com.dangbei.screencast
05-30 17:39:02.869 W/ip ( 2998): type=1400 audit(0.0:1143): avc: granted { nlmsg_getneigh } for scontext=u:r:untrusted_app_27:s0:c44,c256,c512,c768 tcontext=u:r:untrusted_app_27:s0:c44,c256,c512,c768 tclass=netlink_route_socket app=com.dangbei.screencast
05-30 17:39:02.887 V/NFC ( 2837): this device does not have NFC support
05-30 17:39:02.929 D/ziparchive( 1057): Zip: EOCD not found, profile is not zip
05-30 17:39:02.929 W/rkstack.process( 1057): Clearing bad or obsolete profile data from file /data/misc/profiles/cur/0/com.android.networkstack/primary.prof: Could not open the profile zip archive
05-30 17:39:03.268 I/ThermalService( 999): CPU temperatures: [51.9]
05-30 17:39:03.265 I/adbd ( 1387): type=1400 audit(0.0:1144): avc: denied { write } for path="socket:[30494]" dev="sockfs" ino=30494 scontext=u:r:su:s0 tcontext=u:r:su:s0 tclass=tcp_socket permissive=1
05-30 17:39:03.309 D/TrafficStats( 2837): tagSocket(148) with statsTag=0xffffffff, statsUid=-1
05-30 17:39:03.309 I/adbd ( 1387): type=1400 audit(0.0:1145): avc: denied { read } for path="socket:[30494]" dev="sockfs" ino=30494 scontext=u:r:su:s0 tcontext=u:r:su:s0 tclass=tcp_socket permissive=1
05-30 17:39:03.820 D/TrafficStats( 2908): tagSocket(158) with statsTag=0xffffffff, statsUid=-1
05-30 17:39:04.816 E/GuardService( 2837): startMainRunnable:
05-30 17:39:05.088 D/ActivityManager( 692): freezing 2178 com.android.statementservice
05-30 17:39:05.088 D/ActivityManager( 692): freezing 2132 com.android.rkpdapp
05-30 17:39:05.114 I/WifiHAL ( 500): call wifi_get_link_stats handler
05-30 17:39:05.114 I/WifiHAL ( 500): Creating message to get link statistics; iface = 16
05-30 17:39:05.114 D/WifiHAL ( 500): error code -95 mapped to -3
05-30 17:39:05.115 E/WifiStaIfaceAidlImpl( 692): getLinkLayerStats failed with service-specific exception: android.os.ServiceSpecificException: (code 4)
05-30 17:39:05.272 I/ThermalService( 999): CPU temperatures: [50.800003]
05-30 17:39:05.875 W/TelephonyPermissions( 692): reportAccessDeniedToReadIdentifiers:com.dangbei.screencast:getSerial:-1
05-30 17:39:05.914 I/WifiService( 692): releaseMulticastLock uid=10044
05-30 17:39:05.916 I/WifiService( 692): releaseMulticastLock uid=10044
05-30 17:39:05.909 I/gbei.screencast( 2908): type=1400 audit(0.0:1146): avc: denied { write } for name="property_service" dev="tmpfs" ino=411 scontext=u:r:untrusted_app_27:s0:c44,c256,c512,c768 tcontext=u:object_r:property_socket:s0 tclass=sock_file permissive=1 app=com.dangbei.screencast
05-30 17:39:05.922 D/IpClient.wlan0( 1057): set max DTIM multiplier to 9
05-30 17:39:05.922 D/WifiHAL ( 500): Setting APF program, halHandle = 0xf4002920
05-30 17:39:05.922 I/WifiHAL ( 500): createRequest: APF set program request
05-30 17:39:05.922 D/WifiHAL ( 500): error code -95 mapped to -3
05-30 17:39:05.922 I/WifiHAL ( 500): Request Response failed for APF, result = -3
05-30 17:39:05.923 E/WifiStaIfaceAidlImpl( 692): installApfPacketFilter failed with service-specific exception: android.os.ServiceSpecificException: (code 4)
05-30 17:39:05.909 I/gbei.screencast( 2908): type=1400 audit(0.0:1147): avc: denied { connectto } for path="/dev/socket/property_service" scontext=u:r:untrusted_app_27:s0:c44,c256,c512,c768 tcontext=u:r:init:s0 tclass=unix_stream_socket permissive=1 app=com.dangbei.screencast
05-30 17:39:05.923 D/WifiHAL ( 500): Setting DTIM config , halHandle = 0xf4002920 Multiplier = 9
05-30 17:39:05.923 I/WifiHAL ( 500): Successfully configured dtim multiplier 9
05-30 17:39:05.924 D/WifiHAL ( 500): error code -95 mapped to -3
05-30 17:39:05.924 E/WifiStaIfaceAidlImpl( 692): setDtimMultiplier failed with service-specific exception: android.os.ServiceSpecificException: (code 4)
05-30 17:39:05.925 V/NFC ( 2908): this device does not have NFC support
05-30 17:39:05.936 D/HiSight-SinkService( 2908): setDiscoverable true
05-30 17:39:05.938 D/wenhc ( 1482): getScreenInfo uri = content://com.dangbei.screencast.parts.info/screen_cast
05-30 17:39:05.939 D/NearFieldManager( 2908): init.
05-30 17:39:05.939 D/NearFieldManager( 2908): try check dmsdp
05-30 17:39:05.954 D/NearFieldManager( 2908): package not exist
05-30 17:39:05.958 D/CompatibilityChangeReporter( 692): Compat change id reported: 135634846; UID 10044; state: DISABLED
05-30 17:39:05.960 D/CompatibilityChangeReporter( 692): Compat change id reported: 143937733; UID 10044; state: DISABLED
05-30 17:39:05.961 D/NearFieldManager( 2908): bind nearfield service true
05-30 17:39:05.962 D/NearFieldManager( 2908): registerCallback true
05-30 17:39:05.962 D/HiSight-Discovery( 2908): set deviceInfo type:46
05-30 17:39:05.962 D/HiSight-Discovery( 2908): startAdvertise 1
05-30 17:39:05.975 D/Zygote ( 465): Forked child process 3012
05-30 17:39:05.975 I/ActivityManager( 692): Start proc 3012:com.huawei.connection/u0a44 for service {com.dangbei.screencast/com.huawei.connection.service.NearFieldManagerService}
05-30 17:39:05.980 I/Zygote ( 3012): seccomp disabled by setenforce 0
05-30 17:39:05.986 I/awei.connection( 3012): Using CollectorTypeCC GC.
05-30 17:39:05.991 E/awei.connection( 3012): Not starting debugger since process cannot load the jdwp agent.
05-30 17:39:06.002 D/CompatibilityChangeReporter( 3012): Compat change id reported: 171979766; UID 10044; state: DISABLED
05-30 17:39:06.002 D/CompatibilityChangeReporter( 3012): Compat change id reported: 242716250; UID 10044; state: DISABLED
05-30 17:39:06.007 D/ApplicationLoaders( 3012): Returning zygote-cached class loader: /system/framework/android.test.base.jar
05-30 17:39:06.007 D/ApplicationLoaders( 3012): Returning zygote-cached class loader: /system/framework/android.hidl.manager-V1.0-java.jar
05-30 17:39:06.007 D/ApplicationLoaders( 3012): Returning zygote-cached class loader: /system/framework/android.hidl.base-V1.0-java.jar
05-30 17:39:06.016 D/nativeloader( 3012): Configuring clns-shared-4 for other apk /system/app/dangbei-screencast/dangbei-screencast.apk. target_sdk_version=28, uses_libraries=, library_path=/system/app/dangbei-screencast/lib/arm:/system/app/dangbei-screencast/dangbei-screencast.apk!/lib/armeabi-v7a:/system/lib:/system_ext/lib, permitted_path=/data:/mnt/expand:/data/user/0/com.dangbei.screencast:/system/app/dangbei-screencast:/system/lib:/system_ext/lib
05-30 17:39:06.042 V/GraphicsEnvironment( 3012): Currently set values for:
05-30 17:39:06.042 V/GraphicsEnvironment( 3012): angle_gl_driver_selection_pkgs=[]
05-30 17:39:06.043 V/GraphicsEnvironment( 3012): angle_gl_driver_selection_values=[]
05-30 17:39:06.043 V/GraphicsEnvironment( 3012): ANGLE GameManagerService for com.dangbei.screencast: false
05-30 17:39:06.043 V/GraphicsEnvironment( 3012): com.dangbei.screencast is not listed in per-application setting
05-30 17:39:06.043 V/GraphicsEnvironment( 3012): Neither updatable production driver nor prerelease driver is supported.
05-30 17:39:06.047 I/MultiDex( 3012): VM with version 2.1.0 has multidex support
05-30 17:39:06.047 I/MultiDex( 3012): Installing application
05-30 17:39:06.047 I/MultiDex( 3012): VM has multidex support, MultiDex support library is disabled.
05-30 17:39:06.048 D/CompatibilityChangeReporter( 3012): Compat change id reported: 247079863; UID 10044; state: DISABLED
05-30 17:39:06.080 I/crashsdk( 3012): version unique build id: 6230cced
05-30 17:39:06.080 I/crashsdk( 3012): version unique build id: 6230cced
05-30 17:39:06.086 D/crashsdk( 3012): Native log stat thread 3039 setup, waiting
05-30 17:39:06.086 I/crashsdk( 3012): begin hack android.os.Process
05-30 17:39:06.086 I/crashsdk( 3012): end hack android.os.Process
05-30 17:39:06.077 I/awei.connection( 3012): type=1400 audit(0.0:1148): avc: denied { search } for name="net" dev="sysfs" ino=12345 scontext=u:r:untrusted_app_27:s0:c44,c256,c512,c768 tcontext=u:object_r:sysfs_net:s0 tclass=dir permissive=1 app=com.dangbei.screencast
05-30 17:39:06.077 I/Thread-3( 3012): type=1400 audit(0.0:1149): avc: denied { read } for name="version" dev="proc" ino=4026532005 scontext=u:r:untrusted_app_27:s0:c44,c256,c512,c768 tcontext=u:object_r:proc_version:s0 tclass=file permissive=1 app=com.dangbei.screencast
05-30 17:39:06.077 I/Thread-3( 3012): type=1400 audit(0.0:1150): avc: denied { open } for path="/proc/version" dev="proc" ino=4026532005 scontext=u:r:untrusted_app_27:s0:c44,c256,c512,c768 tcontext=u:object_r:proc_version:s0 tclass=file permissive=1 app=com.dangbei.screencast
05-30 17:39:06.104 W/efs.send_log( 3012): tryFileLock start!
05-30 17:39:06.104 I/TDLog ( 3012): setReportUncaughtExceptions: true
05-30 17:39:06.105 E/Application( 3012): onCreate:Version:v2.8.3/20830/883432e
05-30 17:39:06.108 I/Matrix.AnrTracer( 3012): anrTrace, final mAnrBeatTime:400, mAnrBeatRate:400
05-30 17:39:06.110 E/LaunchManager( 3012): Non main process !
05-30 17:39:06.110 I/efs.config( 3012): --->>> 删除旧的配置文件 false
05-30 17:39:06.110 W/System.err( 3012): java.lang.NullPointerException: Attempt to invoke virtual method 'boolean com.efs.sdk.launch.LaunchConfigManager.enableTracer()' on a null object reference
05-30 17:39:06.111 W/System.err( 3012): at com.umeng.umcrash.UMCrash.init(Unknown Source:403)
05-30 17:39:06.111 W/System.err( 3012): at java.lang.reflect.Method.invoke(Native Method)
05-30 17:39:06.111 W/System.err( 3012): at com.umeng.commonsdk.UMConfigure.init(Unknown Source:811)
05-30 17:39:06.111 W/System.err( 3012): at b.f.f.b.a(:4)
05-30 17:39:06.111 W/System.err( 3012): at h.o.a.run(Unknown Source:2)
05-30 17:39:06.116 I/efs.base( 3012): lt=event`ev_ct=efs_core`ev_ac=pvuv`tm=2025-05-30 17:39:10`dn=6aee369d-97d5-42b8-aaef-4ff281a087ea`ps=com.huawei.connection`um_os=android`stime=1748597945967`pid=3012`fr=android`pkg=com.dangbei.screencast`vcode=20830`dsp_w=1920`uid=6aee369d-97d5-42b8-aaef-4ff281a087ea`rom=14`wid=6aee369d-97d5-42b8-aaef-4ff281a087ea`um_app_carrier=`um_access=wifi`um_app_channel=os`um_crash_sdk_version=1.4.0`ctime=1748597946`model=dbbox-a3`lang=zh`net=wifi`brand=amlogic`dsp_h=1080`um_network_type=0`ver=v2.8.3`build_model=DBBOX-A3`w_tm=1748597946`appid=5fc60c21094d637f3130af19`um_umid_header=aid1f46722b5c1259e2d18ce903dbe35a6`sdk=34`tzone=Asia/Shanghai`sdk_ver=1.3.6.umeng
05-30 17:39:06.128 I/efs.config( 3012): current config version (-1) is older than another (1735614866)
05-30 17:39:06.128 I/efs.config( 3012): load config from storage and notify observer
05-30 17:39:06.130 I/crashsdk( 3012): Catcher mask: 5000, 20480
05-30 17:39:06.130 I/crashsdk( 3012): Catcher thread 3017
05-30 17:39:06.130 D/crashsdk( 3012): Register ANR handler ...
05-30 17:39:06.131 D/NearFieldManagerService( 3012): NearFieldManagerService.
05-30 17:39:06.133 D/NearFieldManagerService( 3012): onCreate, enter.
05-30 17:39:06.133 I/NearFieldManagerService( 3012): onBind, enter.
05-30 17:39:06.133 D/NearFieldManagerService( 3012): initService
05-30 17:39:06.133 D/NearFieldManagerService( 3012): NearField starting...
05-30 17:39:06.134 D/NearFieldUtils( 3012): checkSystemProperty in
05-30 17:39:06.134 D/NearFieldUtils( 3012): checkSystemProperty: systemProperties:
05-30 17:39:06.134 E/NearFieldUtils( 3012): validProperty: priority is null
05-30 17:39:06.149 D/NearFieldManager( 2908): service connected.
05-30 17:39:06.149 D/HiSight-Discovery( 2908): eventId: 4001
05-30 17:39:06.150 D/HiSight-Discovery( 2908): msg 4001
05-30 17:39:06.150 D/HiSight-Discovery( 2908): bind success, status Ready
05-30 17:39:06.150 D/HiSight-Discovery( 2908): startAdvertise 2
05-30 17:39:06.150 D/HiSight-Discovery( 2908): stopAdvertise.
05-30 17:39:06.150 D/HiSight-Discovery( 2908): nearFieldStartListen deviceType 46
05-30 17:39:06.151 I/NearFieldManagerImpl( 3012): setDeviceInfo, sDeviceId changes
05-30 17:39:06.152 I/NearFieldManagerImpl( 3012): setDeviceInfo, sDeviceName changes
05-30 17:39:06.152 D/NearFieldManagerImpl( 3012): setServiceData, sServiceData=[], serviceData=[32]
05-30 17:39:06.153 E/NearFieldManager( 2908): setIdnNetworkPriority: networkPortPriority is empty
05-30 17:39:06.153 D/NearFieldManager( 2908): StartListen moduleId: CastPlusDiscoveryModule
05-30 17:39:06.153 D/NearFieldManagerImpl( 3012): startListen: moduleId: CastPlusDiscoveryModule
05-30 17:39:06.154 D/NearFieldUtils( 3012): getPreferredIpAddress exec
05-30 17:39:06.154 D/NearFieldUtils( 3012): getPreferredIpAddress by custom priority
05-30 17:39:06.155 D/NearFieldUtils( 3012): getIpByInterfaceSetting customIdnNetworkPriority:[]
05-30 17:39:06.155 D/NearFieldUtils( 3012): getPreferredIpAddress by default priority
05-30 17:39:06.156 I/TDLog ( 3012): TalkingData SDK init...
05-30 17:39:06.156 I/TDLog ( 3012): SDK_VERSION is: Android+TD+V5.0.7 gp Type:Native Build_Num:2141
05-30 17:39:06.156 I/TDLog ( 3012): App ID is: B9D7815EC975466AB1332111FCE62DF5
05-30 17:39:06.156 I/TDLog ( 3012): App Channel is: os
05-30 17:39:06.156 I/TDLog ( 3012): App Custom is:
05-30 17:39:06.156 I/TDLog ( 3012): SDK_OVC is: TDOVC+a3bb7754719798526508b6caad480dd7+SaaS
05-30 17:39:06.162 D/NearFieldUtils( 3012): to get wlan0 ip address
05-30 17:39:06.162 D/NearFieldUtils( 3012): get wlan0 IP succeed.
05-30 17:39:06.162 D/NearFieldManagerImpl( 3012): sDeviceType: 46
05-30 17:39:06.162 D/NearFieldManagerImpl( 3012): registerDevice() is called.
05-30 17:39:06.162 E/NearFieldManagerUtilsNative( 3012): Begin System.loadLibrary()
05-30 17:39:06.163 D/TrafficStats( 3012): tagSocket(137) with statsTag=0xffffffff, statsUid=-1
05-30 17:39:06.171 I/HicomNfTimerManager( 3012): epoll fd:139 create success
05-30 17:39:06.171 I/HicomNfTimerManager( 3012): epoll add fd:140--->139 success
05-30 17:39:06.171 I/HicomNfTimerManager( 3012): time fd:140 add to epoll success
05-30 17:39:06.174 D/nStackXDFinder( 3012): NSTACKX_Init:[146] :nstack ctrl creat epollfd 141
05-30 17:39:06.174 I/nStackXDFinder( 3012): InitDefaultInterfaceName:[779] :InitDefaultInterfaceName exec
05-30 17:39:06.174 D/nStackXCoAP( 3012): CoapServerInit:[174] :CoapServerInit is called
05-30 17:39:06.174 E/nStackXDFinder( 3012): GetLocalIp:[401] :GetLocalIp exec
05-30 17:39:06.174 E/nStackXDFinder( 3012): GetLocalIp:[407] :GetLocalIp, ifInfo is null
05-30 17:39:06.174 I/HicomNfMainCtrlManager( 3012): NSTACKX_RegisterDevice is called
05-30 17:39:06.174 D/NearFieldManagerImpl( 3012): Register device success.
05-30 17:39:06.174 I/NearFieldManagerImpl( 3012): serviceName is castPlus
05-30 17:39:06.175 D/NearFieldManagerImpl( 3012): registerCapability() called with: capabilityBitmapNum = 1, capabilityBitmap = [8]
05-30 17:39:06.175 I/HicomNf_java_to_c( 3012): registerCapability, capabilityBitmapNum: 1
05-30 17:39:06.175 I/HicomNfMainCtrlManager( 3012): RegisterCapability: 1, 8
05-30 17:39:06.175 D/NearFieldManagerImpl( 3012): Register capability succeed with capabilityBitmapNum = 1, capabilityBitmap = [8]
05-30 17:39:06.175 D/NearFieldManagerImpl( 3012): registerServiceData() called with: serviceData = 32
05-30 17:39:06.175 D/NearFieldManagerImpl( 3012): registerModule() called with: packageModuleName = com.huawei.connection+CastPlusDiscoveryModule
05-30 17:39:06.175 I/HicomNf_java_to_c( 3012): registerModule, moduleName: com.huawei.connection+CastPlusDiscoveryModule
05-30 17:39:06.175 I/HicomNfMainCtrlManager( 3012): Enter RegisterModule
05-30 17:39:06.175 I/HicomNfRegManager( 3012): RegisterModule OK, add module name com.huawei.connection+CastPlusDiscoveryModule
05-30 17:39:06.176 I/Hisight-DeviceListManager( 2908): init DeviceListManager.
05-30 17:39:06.177 D/TrafficStats( 3012): tagSocket(145) with statsTag=0xffffffff, statsUid=-1
05-30 17:39:06.181 D/Hisight-DeviceListManager( 2908): get old secret key
05-30 17:39:06.184 I/nStackXDFinder( 3012): UpdateLocalNetworkInterface:[472] :UpdateLocalNetworkInterface exec,initerfaceName:wlan0
05-30 17:39:06.184 E/nStackXDFinder( 3012): GetLocalIp:[401] :GetLocalIp exec
05-30 17:39:06.184 E/nStackXDFinder( 3012): GetLocalIp:[407] :GetLocalIp, ifInfo is null
05-30 17:39:06.184 I/nStackXDFinder( 3012): UpdateLocalNetworkInterface:[498] :UpdateLocalNetworkInterface copy ip value in default process
05-30 17:39:06.184 E/nStackXDFinder( 3012): GetLocalIp:[401] :GetLocalIp exec
05-30 17:39:06.184 D/nStackXCoAP( 3012): CoapServerInit:[174] :CoapServerInit is called
05-30 17:39:06.184 E/nStackXDFinder( 3012): GetLocalIp:[401] :GetLocalIp exec
05-30 17:39:06.184 I/nStackXUtil( 3012): BindToDevice:[352] :BindToDevice exec
05-30 17:39:06.184 I/nStackXUtil( 3012): GetInterfaceByPriority:[279] :GetInterfaceByPriority exec
05-30 17:39:06.184 I/nStackXUtil( 3012): GetInterfaceByDefault:[309] :GetInterfaceByDefault exec
05-30 17:39:06.184 I/nStackXUtil( 3012): GetInterfaceByDefault:[316] :GetInterfaceByDefault, ndevice name: lo
05-30 17:39:06.184 I/nStackXUtil( 3012): GetInterfaceByDefault:[316] :GetInterfaceByDefault, ndevice name: wlan0
05-30 17:39:06.184 I/nStackXUtil( 3012): BindToDevice:[374] :BindToDevice, Bind localAddr name: wlan0
05-30 17:39:06.184 I/nStackXUtil( 3012): BindToDeviceInner:[191] :binding interface wlan0 success
05-30 17:39:06.184 D/nStackXCoAP( 3012): CoapInitResources:[744] :CoapInitResources g_wlanOrEthContext update
05-30 17:39:06.184 I/nStackXDFinder( 3012): RegisterServiceData:[728] :RegisterServiceData, serviceData=[32]
05-30 17:39:06.187 E/Hisight-ConnectAuthCallBack( 2908): readSecureFile failed, no such file
05-30 17:39:06.187 W/Hisight-DeviceListManager( 2908): deviceRecords is empty
05-30 17:39:06.187 W/Hisight-DeviceListManager( 2908): occur error, clear all the list
05-30 17:39:06.188 D/Hisight-HiChainAuthControl( 2908): start HiChainAuthControl
05-30 17:39:06.188 D/TrafficStats( 3012): tagSocket(137) with statsTag=0xffffffff, statsUid=-1
05-30 17:39:06.195 I/ConnectAuthJNI( 2908): JNI_OnLoad begin load
05-30 17:39:06.195 I/ConnectAuthJNI( 2908): RegisterNativeMethod begin
05-30 17:39:06.195 I/ConnectAuthJNI( 2908): RegisterNativeMethod end
05-30 17:39:06.195 I/ConnectAuthJNI( 2908): RegisterNativeMethod 1004 methodLen=10
05-30 17:39:06.195 I/ConnectAuthJNI( 2908): RegisterNativeMethod 1007 RegisterNatives=0
05-30 17:39:06.195 I/ConnectAuthJNI( 2908): InitArraylist 1013
05-30 17:39:06.196 I/ConnectAuthJNI( 2908): InitConnectAuthStaticJNIMethod 1114 methodRet=0
05-30 17:39:06.196 E/ConnectAuthJNI( 2908): JNI_OnLoad finish....1138
05-30 17:39:06.196 D/Hisight-HiChainAuthControl( 2908): setupAuthIfNeeded, HiChainInstance hasn't been initialized
05-30 17:39:06.196 I/ConnectAuthJNI( 2908): Java_com_huawei_hisight_security_ConnectAuthNative_nativeSetup 795 call HiChainNativeSetup
05-30 17:39:06.196 I/ConnectAuthJNI( 2908): HiChainNativeSetup 565 registe_log
05-30 17:39:06.196 I/ConnectAuthJNI( 2908): HksStorageRegisterFileCallbacks 245 register hks file callback status =0
05-30 17:39:06.196 I/ConnectAuthJNI( 2908): HksRegisterGetDeviceIdCallback 268 register hks get hardware udid callback status =0
05-30 17:39:06.198 D/ConnectAuthJNI( 2908): [HiChain] get_instance Begin get instance
05-30 17:39:06.198 I/ConnectAuthJNI( 2908): [HKS] hks_service_key_info_init hks init : begin
05-30 17:39:06.198 I/ConnectAuthJNI( 2908): FileRead 113 FileRead
05-30 17:39:06.198 I/ConnectAuthJNI( 2908): FileRead 122 FileRead call readSecureFile begin
05-30 17:39:06.199 E/Hisight-ConnectAuthCallBack( 2908): readSecureFile failed, no such file
05-30 17:39:06.199 W/ConnectAuthJNI( 2908): FileRead 132 FileRead call readSecureFile byteArray is null
05-30 17:39:06.199 I/ConnectAuthJNI( 2908): [HKS] hks_rkc_init RKC init:begin, is_key_info_exist=0
05-30 17:39:06.199 I/ConnectAuthJNI( 2908): [HKS] hks_rkc_init_entropy the entropy is empty
05-30 17:39:06.199 I/ConnectAuthJNI( 2908): FileSize 214 FileSize
05-30 17:39:06.199 I/ConnectAuthJNI( 2908): FileSize 230 fileSize=258
05-30 17:39:06.199 I/ConnectAuthJNI( 2908): FileRead 113 FileRead
05-30 17:39:06.199 I/ConnectAuthJNI( 2908): FileRead 122 FileRead call readSecureFile begin
05-30 17:39:06.200 I/ConnectAuthJNI( 2908): FileRead 135 FileRead call readSecureFile end
05-30 17:39:06.200 I/ConnectAuthJNI( 2908): FileRead 150 fileBuff size 258, buf len 258
05-30 17:39:06.200 I/ConnectAuthJNI( 2908): FileSize 214 FileSize
05-30 17:39:06.200 I/ConnectAuthJNI( 2908): FileSize 230 fileSize=258
05-30 17:39:06.200 I/ConnectAuthJNI( 2908): FileRead 113 FileRead
05-30 17:39:06.200 I/ConnectAuthJNI( 2908): FileRead 122 FileRead call readSecureFile begin
05-30 17:39:06.200 I/ConnectAuthJNI( 2908): FileRead 135 FileRead call readSecureFile end
05-30 17:39:06.200 I/ConnectAuthJNI( 2908): FileRead 150 fileBuff size 258, buf len 258
05-30 17:39:06.201 I/ConnectAuthJNI( 2908): [HKS] hks_rkc_load_ksf load ksf success
05-30 17:39:06.201 I/ConnectAuthJNI( 2908): [HKS] hks_rkc_init root key component init success
05-30 17:39:06.201 I/ConnectAuthJNI( 2908): [HKS] hks_rkc_init RKC init:end,rc=0
05-30 17:39:06.201 I/ConnectAuthJNI( 2908): [HKS] hks_service_key_info_init hks init : end
05-30 17:39:06.201 I/ConnectAuthJNI( 2908): GetHiChainProtocolParamsCallback 371 GetHiChainProtocolParamsCallback operation_code= 99
05-30 17:39:06.201 I/ConnectAuthJNI( 2908): paramLen is ,=0
05-30 17:39:06.201 I/ConnectAuthJNI( 2908): paramLen is ,=0
05-30 17:39:06.201 I/ConnectAuthJNI( 2908): GetHiChainProtocolParamsCallback 402 GetHiChainProtocolParamsCallback end
05-30 17:39:06.201 I/ConnectAuthJNI( 2908): [HiChain] get_instance Get instance success
05-30 17:39:06.201 I/ConnectAuthJNI( 2908): Java_com_huawei_hisight_security_ConnectAuthNative_nativeGetHiChainInstance 598 get instance success
05-30 17:39:06.201 D/Hisight-HiChainAuthControl( 2908): destroyAuth
05-30 17:39:06.201 I/ConnectAuthJNI( 2908): Java_com_huawei_hisight_security_ConnectAuthNative_nativeDestroy 603 destroy
05-30 17:39:06.201 D/Hisight-HiChainAuthControl( 2908): setupAuthIfNeeded, HiChainInstance hasn't been initialized
05-30 17:39:06.201 I/ConnectAuthJNI( 2908): Java_com_huawei_hisight_security_ConnectAuthNative_nativeSetup 795 call HiChainNativeSetup
05-30 17:39:06.201 I/ConnectAuthJNI( 2908): HiChainNativeSetup 565 registe_log
05-30 17:39:06.201 I/ConnectAuthJNI( 2908): HksStorageRegisterFileCallbacks 245 register hks file callback status =0
05-30 17:39:06.201 I/ConnectAuthJNI( 2908): HksRegisterGetDeviceIdCallback 268 register hks get hardware udid callback status =0
05-30 17:39:06.201 D/ConnectAuthJNI( 2908): [HiChain] get_instance Begin get instance
05-30 17:39:06.201 I/ConnectAuthJNI( 2908): [HKS] hks_service_key_info_init hks init : begin
05-30 17:39:06.201 I/ConnectAuthJNI( 2908): [HKS] hks_service_key_info_init hks init : end
05-30 17:39:06.201 I/ConnectAuthJNI( 2908): GetHiChainProtocolParamsCallback 371 GetHiChainProtocolParamsCallback operation_code= 99
05-30 17:39:06.201 I/ConnectAuthJNI( 2908): paramLen is ,=0
05-30 17:39:06.201 I/ConnectAuthJNI( 2908): paramLen is ,=0
05-30 17:39:06.201 I/ConnectAuthJNI( 2908): GetHiChainProtocolParamsCallback 402 GetHiChainProtocolParamsCallback end
05-30 17:39:06.201 I/ConnectAuthJNI( 2908): [HiChain] get_instance Get instance success
05-30 17:39:06.201 I/ConnectAuthJNI( 2908): Java_com_huawei_hisight_security_ConnectAuthNative_nativeGetHiChainInstance 598 get instance success
05-30 17:39:06.201 W/ConnectAuthJNI( 2908): GetListTrustPeers 899 trustPeerSize=0
05-30 17:39:06.201 D/Hisight-HiChainAuthControl( 2908): destroyAuth
05-30 17:39:06.201 I/ConnectAuthJNI( 2908): Java_com_huawei_hisight_security_ConnectAuthNative_nativeDestroy 603 destroy
05-30 17:39:06.201 D/Hisight-HiChainAuthControl( 2908): setupAuthIfNeeded, HiChainInstance hasn't been initialized
05-30 17:39:06.201 I/ConnectAuthJNI( 2908): Java_com_huawei_hisight_security_ConnectAuthNative_nativeSetup 795 call HiChainNativeSetup
05-30 17:39:06.201 I/ConnectAuthJNI( 2908): HiChainNativeSetup 565 registe_log
05-30 17:39:06.201 I/ConnectAuthJNI( 2908): HksStorageRegisterFileCallbacks 245 register hks file callback status =0
05-30 17:39:06.201 I/ConnectAuthJNI( 2908): HksRegisterGetDeviceIdCallback 268 register hks get hardware udid callback status =0
05-30 17:39:06.201 D/ConnectAuthJNI( 2908): [HiChain] get_instance Begin get instance
05-30 17:39:06.201 I/ConnectAuthJNI( 2908): [HKS] hks_service_key_info_init hks init : begin
05-30 17:39:06.201 I/ConnectAuthJNI( 2908): [HKS] hks_service_key_info_init hks init : end
05-30 17:39:06.201 I/ConnectAuthJNI( 2908): GetHiChainProtocolParamsCallback 371 GetHiChainProtocolParamsCallback operation_code= 99
05-30 17:39:06.201 I/ConnectAuthJNI( 2908): paramLen is ,=0
05-30 17:39:06.201 I/ConnectAuthJNI( 2908): paramLen is ,=0
05-30 17:39:06.201 I/ConnectAuthJNI( 2908): GetHiChainProtocolParamsCallback 402 GetHiChainProtocolParamsCallback end
05-30 17:39:06.201 I/ConnectAuthJNI( 2908): [HiChain] get_instance Get instance success
05-30 17:39:06.201 I/ConnectAuthJNI( 2908): Java_com_huawei_hisight_security_ConnectAuthNative_nativeGetHiChainInstance 598 get instance success
05-30 17:39:06.201 W/ConnectAuthJNI( 2908): GetListTrustPeers 899 trustPeerSize=0
05-30 17:39:06.202 D/Hisight-DeviceListManager( 2908): init trusted list size: 0
05-30 17:39:06.202 D/HiSight-ConnectionManager( 2908): setAuthInfo, authMode: 1
05-30 17:39:06.275 D/TrafficStats( 2908): tagSocket(166) with statsTag=0xffffffff, statsUid=-1
05-30 17:39:06.383 D/HiSight-SinkService( 2908): setDiscoverable true
05-30 17:39:06.383 D/HiSight-Discovery( 2908): set deviceInfo type:46
05-30 17:39:06.383 D/HiSight-Discovery( 2908): startAdvertise 3
05-30 17:39:06.383 D/HiSight-Discovery( 2908): stopAdvertise.
05-30 17:39:06.383 D/NearFieldManager( 2908): StopListen moduleId: CastPlusDiscoveryModule
05-30 17:39:06.384 D/NearFieldManagerImpl( 3012): stopListen: moduleId: CastPlusDiscoveryModule
05-30 17:39:06.384 D/NearFieldManagerImpl( 3012): registerCapability() called with: capabilityBitmapNum = 1, capabilityBitmap = [0]
05-30 17:39:06.384 I/HicomNf_java_to_c( 3012): registerCapability, capabilityBitmapNum: 1
05-30 17:39:06.384 I/HicomNfMainCtrlManager( 3012): RegisterCapability: 1, 0
05-30 17:39:06.384 D/wenhc ( 1482): getScreenInfo uri = content://com.dangbei.screencast.parts.info/screen_cast
05-30 17:39:06.384 D/NearFieldManagerImpl( 3012): Register capability succeed with capabilityBitmapNum = 1, capabilityBitmap = [0]
05-30 17:39:06.385 D/HiSight-Discovery( 2908): nearFieldStartListen deviceType 46
05-30 17:39:06.386 D/NearFieldManagerImpl( 3012): setServiceData, sServiceData=[32], serviceData=[32]
05-30 17:39:06.386 E/NearFieldManagerImpl( 3012): setServiceData, serviceData exists
05-30 17:39:06.386 E/NearFieldManager( 2908): setIdnNetworkPriority: networkPortPriority is empty
05-30 17:39:06.386 D/NearFieldManager( 2908): StartListen moduleId: CastPlusDiscoveryModule
05-30 17:39:06.387 D/NearFieldManagerImpl( 3012): startListen: moduleId: CastPlusDiscoveryModule
05-30 17:39:06.387 D/NearFieldUtils( 3012): getPreferredIpAddress exec
05-30 17:39:06.387 D/NearFieldUtils( 3012): getPreferredIpAddress by custom priority
05-30 17:39:06.387 D/NearFieldUtils( 3012): getIpByInterfaceSetting customIdnNetworkPriority:[]
05-30 17:39:06.387 D/NearFieldUtils( 3012): getPreferredIpAddress by default priority
05-30 17:39:06.397 D/NearFieldUtils( 3012): to get wlan0 ip address
05-30 17:39:06.397 D/NearFieldUtils( 3012): get wlan0 IP succeed.
05-30 17:39:06.397 D/NearFieldManagerImpl( 3012): sDeviceType: 46
05-30 17:39:06.397 D/NearFieldManagerImpl( 3012): registerDevice() is called.
05-30 17:39:06.397 I/HicomNfMainCtrlManager( 3012): NSTACKX_RegisterDevice is called
05-30 17:39:06.397 I/nStackXDFinder( 3012): UpdateLocalNetworkInterface:[472] :UpdateLocalNetworkInterface exec,initerfaceName:wlan0
05-30 17:39:06.397 E/nStackXDFinder( 3012): GetLocalIp:[401] :GetLocalIp exec
05-30 17:39:06.397 I/nStackXDFinder( 3012): UpdateLocalNetworkInterface:[498] :UpdateLocalNetworkInterface copy ip value in default process
05-30 17:39:06.397 E/nStackXDFinder( 3012): GetLocalIp:[401] :GetLocalIp exec
05-30 17:39:06.397 I/nStackXDFinder( 3012): UpdateLocalNetworkInterface:[505] :UpdateLocalNetworkInterface: ip not change
05-30 17:39:06.397 D/NearFieldManagerImpl( 3012): Register device success.
05-30 17:39:06.397 I/NearFieldManagerImpl( 3012): serviceName is castPlus
05-30 17:39:06.397 D/NearFieldManagerImpl( 3012): registerCapability() called with: capabilityBitmapNum = 1, capabilityBitmap = [8]
05-30 17:39:06.397 I/HicomNf_java_to_c( 3012): registerCapability, capabilityBitmapNum: 1
05-30 17:39:06.397 I/HicomNfMainCtrlManager( 3012): RegisterCapability: 1, 8
05-30 17:39:06.397 D/NearFieldManagerImpl( 3012): Register capability succeed with capabilityBitmapNum = 1, capabilityBitmap = [8]
05-30 17:39:06.397 D/NearFieldManagerImpl( 3012): registerServiceData() called with: serviceData = 32
05-30 17:39:06.397 D/NearFieldManagerImpl( 3012): registerModule() called with: packageModuleName = com.huawei.connection+CastPlusDiscoveryModule
05-30 17:39:06.398 D/NearFieldManagerImpl( 3012): registerModule, registered before
05-30 17:39:06.398 I/nStackXDFinder( 3012): RegisterServiceData:[728] :RegisterServiceData, serviceData=[32]
05-30 17:39:06.398 I/HicomNf_java_to_c( 3012): registerModule, moduleName: com.huawei.connection+CastPlusDiscoveryModule
05-30 17:39:06.398 I/HicomNfMainCtrlManager( 3012): Enter RegisterModule
05-30 17:39:06.398 I/HicomNfRegManager( 3012): RegisterModule OK, already registered com.huawei.connection+CastPlusDiscoveryModule
05-30 17:39:06.401 D/OomAdjuster( 692): Not killing cached processes
05-30 17:39:06.420 D/HiSight-SinkService( 2908): setDiscoverable true
05-30 17:39:06.421 D/HiSight-Discovery( 2908): set deviceInfo type:46
05-30 17:39:06.421 D/HiSight-Discovery( 2908): startAdvertise 3
05-30 17:39:06.421 D/HiSight-Discovery( 2908): stopAdvertise.
05-30 17:39:06.421 D/NearFieldManager( 2908): StopListen moduleId: CastPlusDiscoveryModule
05-30 17:39:06.421 D/NearFieldManagerImpl( 3012): stopListen: moduleId: CastPlusDiscoveryModule
05-30 17:39:06.422 D/NearFieldManagerImpl( 3012): registerCapability() called with: capabilityBitmapNum = 1, capabilityBitmap = [0]
05-30 17:39:06.422 I/HicomNf_java_to_c( 3012): registerCapability, capabilityBitmapNum: 1
05-30 17:39:06.422 I/HicomNfMainCtrlManager( 3012): RegisterCapability: 1, 0
05-30 17:39:06.422 D/NearFieldManagerImpl( 3012): Register capability succeed with capabilityBitmapNum = 1, capabilityBitmap = [0]
05-30 17:39:06.422 D/wenhc ( 1482): getScreenInfo uri = content://com.dangbei.screencast.parts.info/screen_cast
05-30 17:39:06.422 D/HiSight-Discovery( 2908): nearFieldStartListen deviceType 46
05-30 17:39:06.423 D/NearFieldManagerImpl( 3012): setServiceData, sServiceData=[32], serviceData=[32]
05-30 17:39:06.423 E/NearFieldManagerImpl( 3012): setServiceData, serviceData exists
05-30 17:39:06.423 E/NearFieldManager( 2908): setIdnNetworkPriority: networkPortPriority is empty
05-30 17:39:06.423 D/NearFieldManager( 2908): StartListen moduleId: CastPlusDiscoveryModule
05-30 17:39:06.423 D/NearFieldManagerImpl( 3012): startListen: moduleId: CastPlusDiscoveryModule
05-30 17:39:06.424 D/NearFieldUtils( 3012): getPreferredIpAddress exec
05-30 17:39:06.424 D/NearFieldUtils( 3012): getPreferredIpAddress by custom priority
05-30 17:39:06.424 D/NearFieldUtils( 3012): getIpByInterfaceSetting customIdnNetworkPriority:[]
05-30 17:39:06.424 D/NearFieldUtils( 3012): getPreferredIpAddress by default priority
05-30 17:39:06.431 D/NearFieldUtils( 3012): to get wlan0 ip address
05-30 17:39:06.431 D/NearFieldUtils( 3012): get wlan0 IP succeed.
05-30 17:39:06.431 D/NearFieldManagerImpl( 3012): sDeviceType: 46
05-30 17:39:06.431 D/NearFieldManagerImpl( 3012): registerDevice() is called.
05-30 17:39:06.431 I/HicomNfMainCtrlManager( 3012): NSTACKX_RegisterDevice is called
05-30 17:39:06.432 I/nStackXDFinder( 3012): UpdateLocalNetworkInterface:[472] :UpdateLocalNetworkInterface exec,initerfaceName:wlan0
05-30 17:39:06.432 E/nStackXDFinder( 3012): GetLocalIp:[401] :GetLocalIp exec
05-30 17:39:06.432 I/nStackXDFinder( 3012): UpdateLocalNetworkInterface:[498] :UpdateLocalNetworkInterface copy ip value in default process
05-30 17:39:06.432 E/nStackXDFinder( 3012): GetLocalIp:[401] :GetLocalIp exec
05-30 17:39:06.432 I/nStackXDFinder( 3012): UpdateLocalNetworkInterface:[505] :UpdateLocalNetworkInterface: ip not change
05-30 17:39:06.432 D/NearFieldManagerImpl( 3012): Register device success.
05-30 17:39:06.432 I/NearFieldManagerImpl( 3012): serviceName is castPlus
05-30 17:39:06.432 D/NearFieldManagerImpl( 3012): registerCapability() called with: capabilityBitmapNum = 1, capabilityBitmap = [8]
05-30 17:39:06.432 I/HicomNf_java_to_c( 3012): registerCapability, capabilityBitmapNum: 1
05-30 17:39:06.432 I/HicomNfMainCtrlManager( 3012): RegisterCapability: 1, 8
05-30 17:39:06.432 D/NearFieldManagerImpl( 3012): Register capability succeed with capabilityBitmapNum = 1, capabilityBitmap = [8]
05-30 17:39:06.432 D/NearFieldManagerImpl( 3012): registerServiceData() called with: serviceData = 32
05-30 17:39:06.432 I/nStackXDFinder( 3012): RegisterServiceData:[728] :RegisterServiceData, serviceData=[32]
05-30 17:39:06.432 D/NearFieldManagerImpl( 3012): registerModule() called with: packageModuleName = com.huawei.connection+CastPlusDiscoveryModule
05-30 17:39:06.432 D/NearFieldManagerImpl( 3012): registerModule, registered before
05-30 17:39:06.432 I/HicomNf_java_to_c( 3012): registerModule, moduleName: com.huawei.connection+CastPlusDiscoveryModule
05-30 17:39:06.432 I/HicomNfMainCtrlManager( 3012): Enter RegisterModule
05-30 17:39:06.432 I/HicomNfRegManager( 3012): RegisterModule OK, already registered com.huawei.connection+CastPlusDiscoveryModule
05-30 17:39:06.433 E/HuaweiCastService( 2908): onStartCommand in 0
05-30 17:39:06.580 D/NearFieldManagerImpl( 3012): onReceive action get:android.net.conn.CONNECTIVITY_CHANGE
05-30 17:39:06.581 W/efs.info.manager( 3012): network change: wifi
05-30 17:39:06.581 D/NearFieldUtils( 3012): getPreferredIpAddress exec
05-30 17:39:06.581 D/NearFieldUtils( 3012): getPreferredIpAddress by custom priority
05-30 17:39:06.581 D/NearFieldUtils( 3012): getIpByInterfaceSetting customIdnNetworkPriority:[]
05-30 17:39:06.581 D/NearFieldUtils( 3012): getPreferredIpAddress by default priority
05-30 17:39:06.588 D/NearFieldUtils( 3012): to get wlan0 ip address
05-30 17:39:06.588 D/NearFieldUtils( 3012): get wlan0 IP succeed.
05-30 17:39:06.588 E/NearFieldManagerImpl( 3012): notifyByPriority: interfaceNameInUse is null
05-30 17:39:06.588 D/NearFieldManagerImpl( 3012): handleConnectivityAction: notified by default
05-30 17:39:06.591 D/NearFieldUtils( 3012): to get wlan0 ip address
05-30 17:39:06.591 D/NearFieldUtils( 3012): get wlan0 IP succeed.
05-30 17:39:06.591 I/NearFieldManagerImpl( 3012): wlan Connected
05-30 17:39:06.592 I/HicomNf_java_to_c( 3012): notifyNetworkStateChanged with maskStr, networkType: 0, networkState: 0, mask:
05-30 17:39:06.592 I/HicomNfMainCtrlManager( 3012): NotifyNetworkStateChanged is called with networkState: 0
05-30 17:39:06.592 I/HicomNfMainCtrlManager( 3012): P2P and USB are both disconnected
05-30 17:39:06.592 I/HicomNfSecureManager( 3012): stop listening
05-30 17:39:06.592 I/HicomNfSecureManager( 3012): StopListening, m_sessionInfoLock out, before calling NSTACKX_DMsgClose 2
