05-30 14:03:24.259 D/SystemServerTimingAsync( 692): ssm.onStartUser-0_com.android.server.BatteryService
05-30 14:03:24.259 D/SystemServerTimingAsync( 692): ssm.onStartUser-0_com.android.server.usage.UsageStatsService
05-30 14:03:24.259 D/SystemServerTimingAsync( 692): ssm.onStartUser-0_com.android.server.webkit.WebViewUpdateService
05-30 14:03:24.259 D/SystemServerTimingAsync( 692): ssm.onStartUser-0_com.android.server.CachedDeviceStateService
05-30 14:03:24.259 D/SystemServerTimingAsync( 692): ssm.onStartUser-0_com.android.server.BinderCallsStatsService$LifeCycle
05-30 14:03:24.259 D/SystemServerTimingAsync( 692): ssm.onStartUser-0_com.android.server.LooperStatsService$Lifecycle
05-30 14:03:24.259 D/SystemServerTimingAsync( 692): ssm.onStartUser-0_com.android.server.rollback.RollbackManagerService
05-30 14:03:24.259 D/SystemServerTimingAsync( 692): ssm.onStartUser-0_com.android.server.os.NativeTombstoneManagerService
05-30 14:03:24.259 D/SystemServerTimingAsync( 692): ssm.onStartUser-0_com.android.server.os.BugreportManagerService
05-30 14:03:24.259 D/SystemServerTimingAsync( 692): ssm.onStartUser-0_com.android.server.gpu.GpuService
05-30 14:03:24.259 D/SystemServerTimingAsync( 692): ssm.onStartUser-0_com.android.server.security.rkp.RemoteProvisioningService
05-30 14:03:24.259 D/SystemServerTimingAsync( 692): ssm.onStartUser-0_com.android.server.security.KeyChainSystemService
05-30 14:03:24.259 D/SystemServerTimingAsync( 692): ssm.onStartUser-0_com.android.server.BinaryTransparencyService
05-30 14:03:24.259 D/SystemServerTimingAsync( 692): ssm.onStartUser-0_com.android.server.accounts.AccountManagerService$Lifecycle
05-30 14:03:24.259 D/SystemServerTimingAsync( 692): ssm.onStartUser-0_com.android.server.content.ContentService$Lifecycle
05-30 14:03:24.259 D/SystemServerTimingAsync( 692): ssm.onStartUser-0_com.android.server.deviceconfig.DeviceConfigInit$Lifecycle
05-30 14:03:24.259 D/SystemServerTimingAsync( 692): ssm.onStartUser-0_com.android.server.DropBoxManagerService
05-30 14:03:24.259 D/SystemServerTimingAsync( 692): ssm.onStartUser-0_com.android.role.RoleService
05-30 14:03:24.264 V/WindowManagerShell( 991): Adding init callback for ActivityEmbeddingController
05-30 14:03:24.269 D/SystemServerTimingAsync( 692): ssm.onStartUser-0_com.android.server.vibrator.VibratorManagerService$Lifecycle
05-30 14:03:24.270 D/SystemServerTimingAsync( 692): ssm.onStartUser-0_com.android.server.tare.InternalResourceService
05-30 14:03:24.270 D/SystemServerTimingAsync( 692): ssm.onStartUser-0_com.android.server.alarm.AlarmManagerService
05-30 14:03:24.270 D/SystemServerTimingAsync( 692): ssm.onStartUser-0_com.android.server.devicestate.DeviceStateManagerService
05-30 14:03:24.270 D/SystemServerTimingAsync( 692): ssm.onStartUser-0_com.android.server.camera.CameraServiceProxy
05-30 14:03:24.271 D/SystemServerTimingAsync( 692): ssm.onStartUser-0_com.android.server.bluetooth.BluetoothService
05-30 14:03:24.271 D/CompatibilityChangeReporter( 692): Compat change id reported: 161145287; UID 10052; state: ENABLED
05-30 14:03:24.274 V/WindowManagerShell( 991): Adding init callback for StartingWindowController
05-30 14:03:24.274 V/WindowManagerShell( 991): Adding init callback for ProtoLogController
05-30 14:03:24.273 D/CompatibilityChangeReporter( 692): Compat change id reported: 253665015; UID 1073; state: ENABLED
05-30 14:03:24.276 D/CompatibilityChangeReporter( 692): Compat change id reported: 135634846; UID 1002; state: DISABLED
05-30 14:03:24.276 D/CompatibilityChangeReporter( 692): Compat change id reported: 194532703; UID 1073; state: ENABLED
05-30 14:03:24.286 V/WindowManagerShell( 991): Adding init callback for TvPipTransition
05-30 14:03:24.298 I/ActivityManager( 692): Start proc 1108:com.android.bluetooth/1002 for service {com.android.bluetooth/com.android.bluetooth.btservice.AdapterService}
05-30 14:03:24.301 D/SystemServerTimingAsync( 692): ssm.onStartUser-0_com.android.server.connectivity.IpConnectivityMetrics
05-30 14:03:24.302 D/SystemServerTimingAsync( 692): ssm.onStartUser-0_com.android.server.net.watchlist.NetworkWatchlistService$Lifecycle
05-30 14:03:24.302 D/SystemServerTimingAsync( 692): ssm.onStartUser-0_com.android.server.PinnerService
05-30 14:03:24.302 D/SystemServerTimingAsync( 692): ssm.onStartUser-0_com.android.server.integrity.AppIntegrityManagerService
05-30 14:03:24.302 D/SystemServerTimingAsync( 692): ssm.onStartUser-0_com.android.server.logcat.LogcatManagerService
05-30 14:03:24.302 D/SystemServerTimingAsync( 692): ssm.onStartUser-0_com.android.server.inputmethod.InputMethodManagerService$Lifecycle
05-30 14:03:24.302 D/SystemServerTimingAsync( 692): ssm.onStartUser-0_com.android.server.accessibility.AccessibilityManagerService$Lifecycle
05-30 14:03:24.302 D/SystemServerTimingAsync( 692): ssm.onStartUser-0_com.android.server.StorageManagerService$Lifecycle
05-30 14:03:24.305 V/StorageManagerService( 692): Package com.dangbei.lerad.leradwatcher has legacy storage
05-30 14:03:24.305 V/StorageManagerService( 692): Package com.android.cts.priv.ctsshim does not have legacy storage
05-30 14:03:24.305 V/StorageManagerService( 692): Package com.android.uwb.resources does not have legacy storage
05-30 14:03:24.305 V/StorageManagerService( 692): Package com.android.adservices.api does not have legacy storage
05-30 14:03:24.305 V/StorageManagerService( 692): Package com.android.dynsystem does not have legacy storage
05-30 14:03:24.305 V/StorageManagerService( 692): Package com.dangbei.lerad.rocky does not have legacy storage
05-30 14:03:24.305 V/StorageManagerService( 692): Package com.android.healthconnect.controller does not have legacy storage
05-30 14:03:24.305 V/StorageManagerService( 692): Package com.android.providers.calendar does not have legacy storage
05-30 14:03:24.305 V/StorageManagerService( 692): Package com.android.tv.settings does not have legacy storage
05-30 14:03:24.305 V/StorageManagerService( 692): Package com.android.providers.media does not have legacy storage
05-30 14:03:24.305 V/StorageManagerService( 692): Package com.android.health.connect.backuprestore does not have legacy storage
05-30 14:03:24.305 V/StorageManagerService( 692): Package com.android.virtualmachine.res does not have legacy storage
05-30 14:03:24.305 V/StorageManagerService( 692): Package com.dangbei.zhushou.os does not have legacy storage
05-30 14:03:24.305 V/StorageManagerService( 692): Package com.sohu.inputmethod.sogou.tv has legacy storage
05-30 14:03:24.305 V/StorageManagerService( 692): Package com.droidlogic.tvprovider.overlay does not have legacy storage
05-30 14:03:24.305 V/StorageManagerService( 692): Package com.android.externalstorage does not have legacy storage
05-30 14:03:24.305 V/StorageManagerService( 692): Package com.android.htmlviewer does not have legacy storage
05-30 14:03:24.305 V/StorageManagerService( 692): Package com.android.companiondevicemanager does not have legacy storage
05-30 14:03:24.306 V/StorageManagerService( 692): Package com.android.providers.downloads does not have legacy storage
05-30 14:03:24.306 V/StorageManagerService( 692): Package com.android.providers.tv does not have legacy storage
05-30 14:03:24.306 V/StorageManagerService( 692): Package com.droidlogic.mediacenter does not have legacy storage
05-30 14:03:24.306 V/StorageManagerService( 692): Package com.android.federatedcompute.services does not have legacy storage
05-30 14:03:24.306 V/StorageManagerService( 692): Package com.droidlogic does not have legacy storage
05-30 14:03:24.306 V/StorageManagerService( 692): Package com.droidlogic.tv.settings does not have legacy storage
05-30 14:03:24.306 V/StorageManagerService( 692): Package com.oranth.ledstatus does not have legacy storage
05-30 14:03:24.306 V/StorageManagerService( 692): Package com.android.tv.overlay.lps.disabled does not have legacy storage
05-30 14:03:24.306 V/StorageManagerService( 692): Package com.dangbei.lerad.videoposter has legacy storage
05-30 14:03:24.306 V/StorageManagerService( 692): Package com.android.tv.overlay.settingsprovider does not have legacy storage
05-30 14:03:24.306 V/StorageManagerService( 692): Package com.android.safetycenter.resources does not have legacy storage
05-30 14:03:24.306 V/StorageManagerService( 692): Package com.android.pacprocessor does not have legacy storage
05-30 14:03:24.306 V/StorageManagerService( 692): Package com.android.networkstack does not have legacy storage
05-30 14:03:24.306 V/StorageManagerService( 692): Package com.android.connectivity.resources does not have legacy storage
05-30 14:03:24.306 V/StorageManagerService( 692): Package com.android.modulemetadata does not have legacy storage
05-30 14:03:24.306 V/StorageManagerService( 692): Package com.android.certinstaller does not have legacy storage
05-30 14:03:24.308 V/StorageManagerService( 692): Package com.android.wifi.dialog does not have legacy storage
05-30 14:03:24.308 V/StorageManagerService( 692): Package android does not have legacy storage
05-30 14:03:24.308 V/StorageManagerService( 692): Package com.android.camera2 does not have legacy storage
05-30 14:03:24.309 V/StorageManagerService( 692): Package com.android.mtp does not have legacy storage
05-30 14:03:24.310 V/StorageManagerService( 692): Package com.android.backupconfirm does not have legacy storage
05-30 14:03:24.311 V/StorageManagerService( 692): Package com.android.systemui.auto_generated_rro_vendor__ does not have legacy storage
05-30 14:03:24.311 V/StorageManagerService( 692): Package com.android.tv.overlay.networkstack does not have legacy storage
05-30 14:03:24.311 V/StorageManagerService( 692): Package com.android.statementservice does not have legacy storage
05-30 14:03:24.311 V/StorageManagerService( 692): Package com.dangbei.screencast has legacy storage
05-30 14:03:24.311 V/StorageManagerService( 692): Package com.android.settings.intelligence does not have legacy storage
05-30 14:03:24.311 V/StorageManagerService( 692): Package com.dangbei.leard.leradlauncher does not have legacy storage
05-30 14:03:24.311 V/StorageManagerService( 692): Package com.android.providers.settings does not have legacy storage
05-30 14:03:24.311 V/StorageManagerService( 692): Package com.android.sharedstoragebackup does not have legacy storage
05-30 14:03:24.312 V/StorageManagerService( 692): Package com.android.printspooler does not have legacy storage
05-30 14:03:24.312 V/StorageManagerService( 692): Package com.android.dreams.basic does not have legacy storage
05-30 14:03:24.312 V/StorageManagerService( 692): Package com.android.webview does not have legacy storage
05-30 14:03:24.312 V/StorageManagerService( 692): Package com.android.se does not have legacy storage
05-30 14:03:24.312 V/StorageManagerService( 692): Package com.android.inputdevices does not have legacy storage
05-30 14:03:24.312 V/StorageManagerService( 692): Package com.android.rkpdapp does not have legacy storage
05-30 14:03:24.312 V/StorageManagerService( 692): Package com.android.tv.overlay.wifi.resources does not have legacy storage
05-30 14:03:24.312 V/StorageManagerService( 692): Package com.oranth.inputmacsn does not have legacy storage
05-30 14:03:24.312 V/StorageManagerService( 692): Package com.android.musicfx does not have legacy storage
05-30 14:03:24.312 V/StorageManagerService( 692): Package com.dangbei.hqguide does not have legacy storage
05-30 14:03:24.312 V/StorageManagerService( 692): Package com.droidlogic.systemui.overlay does not have legacy storage
05-30 14:03:24.312 V/StorageManagerService( 692): Package android.ext.shared does not have legacy storage
05-30 14:03:24.312 V/StorageManagerService( 692): Package com.android.keychain does not have legacy storage
05-30 14:03:24.312 V/StorageManagerService( 692): Package com.dlg.framework.overlay does not have legacy storage
05-30 14:03:24.312 V/StorageManagerService( 692): Package android.ext.services does not have legacy storage
05-30 14:03:24.312 V/StorageManagerService( 692): Package com.android.wifi.resources does not have legacy storage
05-30 14:03:24.312 V/StorageManagerService( 692): Package com.android.cameraextensions does not have legacy storage
05-30 14:03:24.312 V/StorageManagerService( 692): Package com.android.localtransport does not have legacy storage
05-30 14:03:24.312 V/StorageManagerService( 692): Package com.android.networkstack.tethering.droidlogic does not have legacy storage
05-30 14:03:24.312 V/StorageManagerService( 692): Package com.droidlogic.mictoggle does not have legacy storage
05-30 14:03:24.312 V/StorageManagerService( 692): Package com.android.packageinstaller does not have legacy storage
05-30 14:03:24.312 V/StorageManagerService( 692): Package com.cskj.factorytest does not have legacy storage
05-30 14:03:24.312 V/StorageManagerService( 692): Package com.android.proxyhandler does not have legacy storage
05-30 14:03:24.313 V/StorageManagerService( 692): Package com.android.intentresolver does not have legacy storage
05-30 14:03:24.313 V/StorageManagerService( 692): Package com.android.nearby.halfsheet does not have legacy storage
05-30 14:03:24.313 V/StorageManagerService( 692): Package com.android.managedprovisioning does not have legacy storage
05-30 14:03:24.313 V/StorageManagerService( 692): Package com.oranth.usbopenft does not have legacy storage
05-30 14:03:24.313 V/StorageManagerService( 692): Package com.android.networkstack.tethering does not have legacy storage
05-30 14:03:24.313 V/StorageManagerService( 692): Package com.android.soundpicker does not have legacy storage
05-30 14:03:24.313 V/StorageManagerService( 692): Package com.dangbei.lerad.etna.haqu does not have legacy storage
05-30 14:03:24.313 V/StorageManagerService( 692): Package com.droidlogic.miracast does not have legacy storage
05-30 14:03:24.313 V/StorageManagerService( 692): Package com.amlogic.tv.overlay.matchcontent does not have legacy storage
05-30 14:03:24.313 V/StorageManagerService( 692): Package com.droidlogic.wifitetheringoverlay does not have legacy storage
05-30 14:03:24.313 V/StorageManagerService( 692): Package com.tv.filemanager.os has legacy storage
05-30 14:03:24.313 V/StorageManagerService( 692): Package com.oranth.powerwindow does not have legacy storage
05-30 14:03:24.313 V/StorageManagerService( 692): Package com.android.cts.ctsshim does not have legacy storage
05-30 14:03:24.313 V/StorageManagerService( 692): Package com.dangbei.lerad.screensaver does not have legacy storage
05-30 14:03:24.313 V/StorageManagerService( 692): Package com.droidlogic.wifion does not have legacy storage
05-30 14:03:24.313 V/StorageManagerService( 692): Package com.android.vpndialogs does not have legacy storage
05-30 14:03:24.313 V/StorageManagerService( 692): Package com.android.music does not have legacy storage
05-30 14:03:24.313 V/StorageManagerService( 692): Package com.android.shell does not have legacy storage
05-30 14:03:24.313 V/StorageManagerService( 692): Package com.android.sdksandbox does not have legacy storage
05-30 14:03:24.313 V/StorageManagerService( 692): Package com.android.wallpaperbackup does not have legacy storage
05-30 14:03:24.313 V/StorageManagerService( 692): Package com.android.providers.userdictionary does not have legacy storage
05-30 14:03:24.314 V/StorageManagerService( 692): Package com.android.providers.media.module does not have legacy storage
05-30 14:03:24.314 V/StorageManagerService( 692): Package com.oranth.storage does not have legacy storage
05-30 14:03:24.314 V/StorageManagerService( 692): Package com.android.hotspot2.osulogin does not have legacy storage
05-30 14:03:24.314 V/StorageManagerService( 692): Package com.android.location.fused does not have legacy storage
05-30 14:03:24.314 V/StorageManagerService( 692): Package com.android.deskclock does not have legacy storage
05-30 14:03:24.314 V/StorageManagerService( 692): Package com.android.systemui does not have legacy storage
05-30 14:03:24.314 V/StorageManagerService( 692): Package com.dangbei.haqusetting does not have legacy storage
05-30 14:03:24.314 V/StorageManagerService( 692): Package com.android.tv.overlay.framework does not have legacy storage
05-30 14:03:24.314 V/StorageManagerService( 692): Package com.android.permissioncontroller does not have legacy storage
05-30 14:03:24.314 V/StorageManagerService( 692): Package com.droidlogic.appinstall does not have legacy storage
05-30 14:03:24.314 V/StorageManagerService( 692): Package com.android.ondevicepersonalization.services does not have legacy storage
05-30 14:03:24.314 V/StorageManagerService( 692): Package com.android.bluetooth does not have legacy storage
05-30 14:03:24.314 V/StorageManagerService( 692): Package com.android.providers.contacts does not have legacy storage
05-30 14:03:24.314 V/StorageManagerService( 692): Package com.android.captiveportallogin does not have legacy storage
05-30 14:03:24.314 V/StorageManagerService( 692): Package com.droidlogic.overlay does not have legacy storage
05-30 14:03:24.314 V/StorageManagerService( 692): Package com.android.devicelockcontroller does not have legacy storage
05-30 14:03:24.314 V/StorageManagerService( 692): Package com.android.ext.adservices.api does not have legacy storage
05-30 14:03:24.314 V/StorageManagerService( 692): Package android.auto_generated_rro_vendor__ does not have legacy storage
05-30 14:03:24.318 D/SystemServerTimingAsync( 692): ssm.onStartUser-0_com.android.server.usage.StorageStatsService$Lifecycle
05-30 14:03:24.318 D/SystemServerTimingAsync( 692): ssm.onStartUser-0_com.android.server.UiModeManagerService
05-30 14:03:24.318 D/SystemServerTimingAsync( 692): ssm.onStartUser-0_com.android.server.locales.LocaleManagerService
05-30 14:03:24.318 D/SystemServerTimingAsync( 692): ssm.onStartUser-0_com.android.server.grammaticalinflection.GrammaticalInflectionService
05-30 14:03:24.318 D/SystemServerTimingAsync( 692): ssm.onStartUser-0_com.android.server.apphibernation.AppHibernationService
05-30 14:03:24.318 D/SystemServerTimingAsync( 692): ssm.onStartUser-0_com.android.server.locksettings.LockSettingsService$Lifecycle
05-30 14:03:24.318 D/SystemServerTimingAsync( 692): ssm.onStartUser-0_com.android.server.PersistentDataBlockService
05-30 14:03:24.318 D/SystemServerTimingAsync( 692): ssm.onStartUser-0_com.android.server.testharness.TestHarnessModeService
05-30 14:03:24.318 D/SystemServerTimingAsync( 692): ssm.onStartUser-0_com.android.server.oemlock.OemLockService
05-30 14:03:24.318 D/SystemServerTimingAsync( 692): ssm.onStartUser-0_com.android.server.DeviceIdleController
05-30 14:03:24.318 D/SystemServerTimingAsync( 692): ssm.onStartUser-0_com.android.server.devicepolicy.DevicePolicyManagerService$Lifecycle
05-30 14:03:24.327 D/WindowManagerShell( 991): TvPipActionsProvider: onMediaActionsChanged()
05-30 14:03:24.327 D/WindowManagerShell( 991): TvPipActionsProvider: replaceCustomActions, count: 0
05-30 14:03:24.327 D/WindowManagerShell( 991): TvPipMenuController: setDelegate(), delegate=com.android.wm.shell.pip.tv.TvPipController@4941f24
05-30 14:03:24.328 V/WindowManagerShell( 991): Adding init callback for TvPipController
05-30 14:03:24.328 V/WindowManagerShell( 991): Adding init callback for KeyguardTransitionHandler
05-30 14:03:24.333 D/SystemServerTimingAsync( 692): ssm.onStartUser-0_com.android.server.texttospeech.TextToSpeechManagerService
05-30 14:03:24.333 D/SystemServerTimingAsync( 692): ssm.onStartUser-0_com.android.server.ambientcontext.AmbientContextManagerService
05-30 14:03:24.333 D/SystemServerTimingAsync( 692): ssm.onStartUser-0_com.android.server.wearable.WearableSensingManagerService
05-30 14:03:24.333 D/SystemServerTimingAsync( 692): ssm.onStartUser-0_com.android.server.speech.SpeechRecognitionManagerService
05-30 14:03:24.333 D/SystemServerTimingAsync( 692): ssm.onStartUser-0_com.android.server.searchui.SearchUiManagerService
05-30 14:03:24.333 D/SystemServerTimingAsync( 692): ssm.onStartUser-0_com.android.server.smartspace.SmartspaceManagerService
05-30 14:03:24.333 D/SystemServerTimingAsync( 692): ssm.onStartUser-0_com.android.server.graphics.fonts.FontManagerService$Lifecycle
05-30 14:03:24.333 D/SystemServerTimingAsync( 692): ssm.onStartUser-0_com.android.server.textservices.TextServicesManagerService$Lifecycle
05-30 14:03:24.333 D/SystemServerTimingAsync( 692): ssm.onStartUser-0_com.android.server.textclassifier.TextClassificationManagerService$Lifecycle
05-30 14:03:24.334 D/SystemServerTimingAsync( 692): ssm.onStartUser-0_com.android.server.NetworkScoreService$Lifecycle
05-30 14:03:24.334 D/SystemServerTimingAsync( 692): ssm.onStartUser-0_com.android.server.NetworkStatsServiceInitializer
05-30 14:03:24.334 D/SystemServerTimingAsync( 692): ssm.onStartUser-0_com.android.server.wifi.WifiService
05-30 14:03:24.334 D/SystemServerTimingAsync( 692): ssm.onStartUser-0_com.android.server.wifi.scanner.WifiScanningService
05-30 14:03:24.334 D/SystemServerTimingAsync( 692): ssm.onStartUser-0_com.android.server.wifi.p2p.WifiP2pService
05-30 14:03:24.334 D/SystemServerTimingAsync( 692): ssm.onStartUser-0_com.android.server.ConnectivityServiceInitializer
05-30 14:03:24.334 D/SystemServerTimingAsync( 692): ssm.onStartUser-0_com.android.server.notification.NotificationManagerService
05-30 14:03:24.334 D/SystemServerTimingAsync( 692): ssm.onStartUser-0_com.android.server.storage.DeviceStorageMonitorService
05-30 14:03:24.334 D/SystemServerTimingAsync( 692): ssm.onStartUser-0_com.android.server.timedetector.TimeDetectorService$Lifecycle
05-30 14:03:24.334 D/SystemServerTimingAsync( 692): ssm.onStartUser-0_com.android.server.location.LocationManagerService$Lifecycle
05-30 14:03:24.337 D/SystemServerTimingAsync( 692): ssm.onStartUser-0_com.android.server.timezonedetector.TimeZoneDetectorService$Lifecycle
05-30 14:03:24.338 D/SystemServerTimingAsync( 692): ssm.onStartUser-0_com.android.server.location.altitude.AltitudeService$Lifecycle
05-30 14:03:24.338 D/SystemServerTimingAsync( 692): ssm.onStartUser-0_com.android.server.timezonedetector.location.LocationTimeZoneManagerService$Lifecycle
05-30 14:03:24.338 D/SystemServerTimingAsync( 692): ssm.onStartUser-0_com.android.server.search.SearchManagerService$Lifecycle
05-30 14:03:24.338 D/SystemServerTimingAsync( 692): ssm.onStartUser-0_com.android.server.wallpaper.WallpaperManagerService$Lifecycle
05-30 14:03:24.338 D/SystemServerTimingAsync( 692): ssm.onStartUser-0_com.android.server.wallpapereffectsgeneration.WallpaperEffectsGenerationManagerService
05-30 14:03:24.338 D/SystemServerTimingAsync( 692): ssm.onStartUser-0_com.android.server.audio.AudioService$Lifecycle
05-30 14:03:24.338 D/SystemServerTimingAsync( 692): ssm.onStartUser-0_com.android.server.soundtrigger_middleware.SoundTriggerMiddlewareService$Lifecycle
05-30 14:03:24.338 D/SystemServerTimingAsync( 692): ssm.onStartUser-0_com.android.server.adb.AdbService$Lifecycle
05-30 14:03:24.338 D/SystemServerTimingAsync( 692): ssm.onStartUser-0_com.android.server.usb.UsbService$Lifecycle
05-30 14:03:24.338 D/SystemServerTimingAsync( 692): ssm.onStartUser-0_com.android.server.twilight.TwilightService
05-30 14:03:24.338 D/SystemServerTimingAsync( 692): ssm.onStartUser-0_com.android.server.display.color.ColorDisplayService
05-30 14:03:24.338 D/SystemServerTimingAsync( 692): ssm.onStartUser-0_com.android.server.job.JobSchedulerService
05-30 14:03:24.338 D/SystemServerTimingAsync( 692): ssm.onStartUser-0_com.android.server.soundtrigger.SoundTriggerService
05-30 14:03:24.338 D/SystemServerTimingAsync( 692): ssm.onStartUser-0_com.android.server.trust.TrustManagerService
05-30 14:03:24.338 D/SystemServerTimingAsync( 692): ssm.onStartUser-0_com.android.server.backup.BackupManagerService$Lifecycle
05-30 14:03:24.338 D/SystemServerTimingAsync( 692): ssm.onStartUser-0_com.android.server.appwidget.AppWidgetService
05-30 14:03:24.338 D/SystemServerTimingAsync( 692): ssm.onStartUser-0_com.android.server.voiceinteraction.VoiceInteractionManagerService
05-30 14:03:24.339 W/VoiceInteractionManager( 692): no available voice recognition services found for user 0
05-30 14:03:24.339 D/SystemServerTimingAsync( 692): ssm.onStartUser-0_com.android.server.GestureLauncherService
05-30 14:03:24.339 D/SystemServerTimingAsync( 692): ssm.onStartUser-0_com.android.server.SensorNotificationService
05-30 14:03:24.339 D/SystemServerTimingAsync( 692): ssm.onStartUser-0_com.android.server.emergency.EmergencyAffordanceService
05-30 14:03:24.339 D/SystemServerTimingAsync( 692): ssm.onStartUser-0_com.android.server.blob.BlobStoreManagerService
05-30 14:03:24.339 D/SystemServerTimingAsync( 692): ssm.onStartUser-0_com.android.server.dreams.DreamManagerService
05-30 14:03:24.339 D/SystemServerTimingAsync( 692): ssm.onStartUser-0_com.android.server.security.AttestationVerificationManagerService
05-30 14:03:24.339 D/SystemServerTimingAsync( 692): ssm.onStartUser-0_com.android.server.restrictions.RestrictionsManagerService
05-30 14:03:24.339 D/SystemServerTimingAsync( 692): ssm.onStartUser-0_com.android.server.media.MediaSessionService
05-30 14:03:24.339 D/SystemServerTimingAsync( 692): ssm.onStartUser-0_com.android.server.hdmi.HdmiControlService
05-30 14:03:24.339 D/SystemServerTimingAsync( 692): ssm.onStartUser-0_com.android.server.tv.interactive.TvInteractiveAppManagerService
05-30 14:03:24.339 D/SystemServerTimingAsync( 692): ssm.onStartUser-0_com.android.server.tv.TvInputManagerService
05-30 14:03:24.339 D/SystemServerTimingAsync( 692): ssm.onStartUser-0_com.android.server.media.MediaResourceMonitorService
05-30 14:03:24.339 D/SystemServerTimingAsync( 692): ssm.onStartUser-0_com.android.server.tv.TvRemoteService
05-30 14:03:24.339 D/SystemServerTimingAsync( 692): ssm.onStartUser-0_com.android.server.biometrics.BiometricService
05-30 14:03:24.339 D/SystemServerTimingAsync( 692): ssm.onStartUser-0_com.android.server.biometrics.AuthService
05-30 14:03:24.339 D/SystemServerTimingAsync( 692): ssm.onStartUser-0_com.android.server.pm.ShortcutService$Lifecycle
05-30 14:03:24.339 D/SystemServerTimingAsync( 692): ssm.onStartUser-0_com.android.server.pm.LauncherAppsService
05-30 14:03:24.339 D/SystemServerTimingAsync( 692): ssm.onStartUser-0_com.android.server.pm.CrossProfileAppsService
05-30 14:03:24.340 D/SystemServerTimingAsync( 692): ssm.onStartUser-0_com.android.server.people.PeopleService
05-30 14:03:24.340 D/SystemServerTimingAsync( 692): ssm.onStartUser-0_com.android.server.media.metrics.MediaMetricsManagerService
05-30 14:03:24.340 D/SystemServerTimingAsync( 692): ssm.onStartUser-0_com.android.server.pm.BackgroundInstallControlService
05-30 14:03:24.340 D/SystemServerTimingAsync( 692): ssm.onStartUser-0_com.android.server.media.projection.MediaProjectionManagerService
05-30 14:03:24.340 D/SystemServerTimingAsync( 692): ssm.onStartUser-0_com.android.server.slice.SliceManagerService$Lifecycle
05-30 14:03:24.340 D/SystemServerTimingAsync( 692): ssm.onStartUser-0_com.android.server.stats.StatsCompanion$Lifecycle
05-30 14:03:24.340 D/SystemServerTimingAsync( 692): ssm.onStartUser-0_com.android.server.scheduling.RebootReadinessManagerService$Lifecycle
05-30 14:03:24.340 D/SystemServerTimingAsync( 692): ssm.onStartUser-0_com.android.server.stats.pull.StatsPullAtomService
05-30 14:03:24.340 D/SystemServerTimingAsync( 692): ssm.onStartUser-0_com.android.server.stats.bootstrap.StatsBootstrapAtomService$Lifecycle
05-30 14:03:24.340 D/SystemServerTimingAsync( 692): ssm.onStartUser-0_com.android.server.incident.IncidentCompanionService
05-30 14:03:24.340 D/SystemServerTimingAsync( 692): ssm.onStartUser-0_com.android.server.sdksandbox.SdkSandboxManagerService$Lifecycle
05-30 14:03:24.340 D/SystemServerTimingAsync( 692): ssm.onStartUser-0_com.android.server.adservices.AdServicesManagerService$Lifecycle
05-30 14:03:24.340 D/SystemServerTimingAsync( 692): ssm.onStartUser-0_com.android.server.ondevicepersonalization.OnDevicePersonalizationSystemService$Lifecycle
05-30 14:03:24.340 D/SystemServerTimingAsync( 692): ssm.onStartUser-0_com.android.server.autofill.AutofillManagerService
05-30 14:03:24.340 D/SystemServerTimingAsync( 692): ssm.onStartUser-0_com.android.server.clipboard.ClipboardService
05-30 14:03:24.340 D/SystemServerTimingAsync( 692): ssm.onStartUser-0_com.android.server.appbinding.AppBindingService$Lifecycle
05-30 14:03:24.340 W/AppBindingService( 692): [Default SMS app] u0 Target package not found
05-30 14:03:24.340 D/SystemServerTimingAsync( 692): ssm.onStartUser-0_com.android.server.tracing.TracingServiceProxy
05-30 14:03:24.340 D/SystemServerTimingAsync( 692): ssm.onStartUser-0_com.android.server.policy.PermissionPolicyService
05-30 14:03:24.340 D/SystemServerTimingAsync( 692): ssm.onStartUser-0_com.android.server.pm.StagingManager$Lifecycle
05-30 14:03:24.340 D/SystemServerTimingAsync( 692): ssm.onStartUser-0_com.android.server.app.GameManagerService$Lifecycle
05-30 14:03:24.340 D/GameManagerService( 692): Starting user 0
05-30 14:03:24.341 V/WindowManagerShell( 991): Adding init callback for BackAnimationController
05-30 14:03:24.344 V/WindowManagerShell( 991): Initializing Shell Components: 18
05-30 14:03:24.346 V/WindowManagerShell( 991): DisplayChangeController init took 1ms
05-30 14:03:24.350 V/WindowManagerShell( 991): DisplayController init took 3ms
05-30 14:03:24.352 V/GameManagerService_GameManagerSettings( 692): Settings file doesn't exist, skip reading
05-30 14:03:24.353 D/SystemServerTimingAsync( 692): ssm.onStartUser-0_com.android.safetycenter.SafetyCenterService
05-30 14:03:24.353 D/SystemServerTimingAsync( 692): ssm.onStartUser-0_com.android.server.appsearch.AppSearchModule$Lifecycle
05-30 14:03:24.353 D/SystemServerTimingAsync( 692): ssm.onStartUser-0_com.android.server.media.MediaCommunicationService
05-30 14:03:24.353 D/SystemServerTimingAsync( 692): ssm.onStartUser-0_com.android.server.compat.overrides.AppCompatOverridesService$Lifecycle
05-30 14:03:24.353 D/SystemServerTimingAsync( 692): ssm.onStartUser-0_com.android.server.healthconnect.HealthConnectManagerService
05-30 14:03:24.353 D/SystemServerTimingAsync( 692): ssm.onStartUser-0_com.android.server.devicelock.DeviceLockService
05-30 14:03:24.353 D/CompatibilityChangeReporter( 692): Compat change id reported: 168419799; UID 1002; state: DISABLED
05-30 14:03:24.353 D/CompatibilityChangeReporter( 692): Compat change id reported: 273564678; UID 1002; state: DISABLED
05-30 14:03:24.356 V/WindowManagerShell( 991): DisplayInsetsController init took 5ms
05-30 14:03:24.356 V/WindowManagerShell( 991): DisplayImeController init took 1ms
05-30 14:03:24.356 V/WindowManagerShell( 991): Adding dump callback for ShellController
05-30 14:03:24.356 V/WindowManagerShell( 991): ShellController init took 0ms
05-30 14:03:24.356 D/CompatibilityChangeReporter( 692): Compat change id reported: 265195908; UID 1002; state: ENABLED
05-30 14:03:24.356 V/WindowManagerShell( 991): Adding external interface from DragAndDropController with key extra_shell_drag_and_drop
05-30 14:03:24.356 V/WindowManagerShell( 991): Adding dump callback for DragAndDropController
05-30 14:03:24.356 V/WindowManagerShell( 991): DragAndDropController init took 0ms
05-30 14:03:24.357 V/WindowManagerShell( 991): Adding command class compatui for CompatUIShellCommandHandler
05-30 14:03:24.357 V/WindowManagerShell( 991): CompatUIController init took 1ms
05-30 14:03:24.357 V/WindowManagerShell( 991): Adding dump callback for ShellTaskOrganizer
05-30 14:03:24.359 D/SystemServerTiming( 692): startPersistentApps
05-30 14:03:24.361 D/CompatibilityChangeReporter( 692): Compat change id reported: 135634846; UID 1068; state: DISABLED
05-30 14:03:24.361 V/WindowManagerShell( 991): ShellTaskOrganizer init took 4ms
05-30 14:03:24.363 D/SystemServerTiming( 692): startHomeOnAllDisplays
05-30 14:03:24.364 D/WindowManager( 692): ThemeHomeDelay: Home launch was deferred.
05-30 14:03:24.364 D/SystemServerTiming( 692): showSystemReadyErrorDialogs
05-30 14:03:24.507 E/Build ( 692): Vendor interface is incompatible, error=1
05-30 14:03:24.507 E/ActivityTaskManager( 692): Build fingerprint is not consistent, warning user
05-30 14:03:24.511 D/SystemServerTiming( 692): sendUserStartBroadcast
05-30 14:03:24.512 D/SystemServerTiming( 692): resumeTopActivities
05-30 14:03:24.514 D/SystemServerTiming( 692): sendUserSwitchBroadcasts
05-30 14:03:24.515 D/SystemServerTiming( 692): setBinderProxies
05-30 14:03:24.516 D/SystemServerTiming( 692): componentAlias
05-30 14:03:24.517 D/ComponentAliasResolver( 692): Compat listener set.
05-30 14:03:24.517 D/SystemServerTiming( 692): LockSettingsThirdPartyAppsStarted
05-30 14:03:24.517 D/SystemServerTiming( 692): StartSystemUI
05-30 14:03:24.521 W/ActivityManager( 692): Slow operation: 161ms so far, now at startProcess: done updating battery stats
05-30 14:03:24.521 W/ActivityManager( 692): Slow operation: 161ms so far, now at startProcess: building log message
05-30 14:03:24.521 I/ActivityManager( 692): Start proc 1130:com.android.se/1068 for added application com.android.se
05-30 14:03:24.521 W/ActivityManager( 692): Slow operation: 161ms so far, now at startProcess: starting to update pids map
05-30 14:03:24.521 W/ActivityManager( 692): Slow operation: 161ms so far, now at startProcess: done updating pids map
05-30 14:03:24.522 D/CompatibilityChangeReporter( 692): Compat change id reported: 168419799; UID 1068; state: DISABLED
05-30 14:03:24.522 D/CompatibilityChangeReporter( 692): Compat change id reported: 273564678; UID 1068; state: DISABLED
05-30 14:03:24.524 D/CompatibilityChangeReporter( 692): Compat change id reported: 218533173; UID 10040; state: DISABLED
05-30 14:03:24.524 D/CompatibilityChangeReporter( 692): Compat change id reported: 262645982; UID 10040; state: DISABLED
05-30 14:03:24.527 D/CompatibilityChangeReporter( 692): Compat change id reported: 218533173; UID 10062; state: DISABLED
05-30 14:03:24.528 D/CompatibilityChangeReporter( 692): Compat change id reported: 262645982; UID 10062; state: DISABLED
05-30 14:03:24.528 D/CompatibilityChangeReporter( 692): Compat change id reported: 218533173; UID 10057; state: ENABLED
05-30 14:03:24.531 D/CompatibilityChangeReporter( 692): Compat change id reported: 262645982; UID 10057; state: ENABLED
05-30 14:03:24.532 D/CompatibilityChangeReporter( 692): Compat change id reported: 218533173; UID 10066; state: ENABLED
05-30 14:03:24.532 D/CompatibilityChangeReporter( 692): Compat change id reported: 262645982; UID 10066; state: ENABLED
05-30 14:03:24.533 D/CompatibilityChangeReporter( 692): Compat change id reported: 218533173; UID 10055; state: ENABLED
05-30 14:03:24.534 D/CompatibilityChangeReporter( 692): Compat change id reported: 262645982; UID 10055; state: ENABLED
05-30 14:03:24.534 D/CompatibilityChangeReporter( 692): Compat change id reported: 218533173; UID 10016; state: ENABLED
05-30 14:03:24.534 D/CompatibilityChangeReporter( 692): Compat change id reported: 262645982; UID 10016; state: ENABLED
05-30 14:03:24.535 D/CompatibilityChangeReporter( 692): Compat change id reported: 218533173; UID 10017; state: ENABLED
05-30 14:03:24.537 D/CompatibilityChangeReporter( 692): Compat change id reported: 262645982; UID 10017; state: ENABLED
05-30 14:03:24.537 D/CompatibilityChangeReporter( 692): Compat change id reported: 218533173; UID 10056; state: ENABLED
05-30 14:03:24.538 D/CompatibilityChangeReporter( 692): Compat change id reported: 262645982; UID 10056; state: ENABLED
05-30 14:03:24.538 D/CompatibilityChangeReporter( 692): Compat change id reported: 218533173; UID 10072; state: ENABLED
05-30 14:03:24.539 D/CompatibilityChangeReporter( 692): Compat change id reported: 262645982; UID 10072; state: ENABLED
05-30 14:03:24.540 D/CompatibilityChangeReporter( 692): Compat change id reported: 218533173; UID 10039; state: DISABLED
05-30 14:03:24.541 D/CompatibilityChangeReporter( 692): Compat change id reported: 262645982; UID 10039; state: DISABLED
05-30 14:03:24.541 D/CompatibilityChangeReporter( 692): Compat change id reported: 218533173; UID 10005; state: ENABLED
05-30 14:03:24.542 D/CompatibilityChangeReporter( 692): Compat change id reported: 262645982; UID 10005; state: ENABLED
05-30 14:03:24.542 D/CompatibilityChangeReporter( 692): Compat change id reported: 218533173; UID 10019; state: ENABLED
05-30 14:03:24.543 D/CompatibilityChangeReporter( 692): Compat change id reported: 262645982; UID 10019; state: ENABLED
05-30 14:03:24.545 D/CompatibilityChangeReporter( 692): Compat change id reported: 218533173; UID 10035; state: ENABLED
05-30 14:03:24.547 D/CompatibilityChangeReporter( 692): Compat change id reported: 262645982; UID 10035; state: ENABLED
05-30 14:03:24.547 D/CompatibilityChangeReporter( 692): Compat change id reported: 218533173; UID 10036; state: ENABLED
05-30 14:03:24.548 D/CompatibilityChangeReporter( 692): Compat change id reported: 262645982; UID 10036; state: ENABLED
05-30 14:03:24.549 D/CompatibilityChangeReporter( 692): Compat change id reported: 218533173; UID 10026; state: ENABLED
05-30 14:03:24.550 D/CompatibilityChangeReporter( 692): Compat change id reported: 262645982; UID 10026; state: ENABLED
05-30 14:03:24.550 D/CompatibilityChangeReporter( 692): Compat change id reported: 218533173; UID 10065; state: ENABLED
05-30 14:03:24.551 D/CompatibilityChangeReporter( 692): Compat change id reported: 262645982; UID 10065; state: ENABLED
05-30 14:03:24.551 D/CompatibilityChangeReporter( 692): Compat change id reported: 218533173; UID 10002; state: ENABLED
05-30 14:03:24.552 D/CompatibilityChangeReporter( 692): Compat change id reported: 262645982; UID 10002; state: ENABLED
05-30 14:03:24.552 D/CompatibilityChangeReporter( 692): Compat change id reported: 218533173; UID 10042; state: DISABLED
05-30 14:03:24.553 D/CompatibilityChangeReporter( 692): Compat change id reported: 262645982; UID 10042; state: DISABLED
05-30 14:03:24.553 D/CompatibilityChangeReporter( 692): Compat change id reported: 218533173; UID 10006; state: ENABLED
05-30 14:03:24.553 D/CompatibilityChangeReporter( 692): Compat change id reported: 262645982; UID 10006; state: ENABLED
05-30 14:03:24.554 D/CompatibilityChangeReporter( 692): Compat change id reported: 218533173; UID 10073; state: ENABLED
05-30 14:03:24.554 D/CompatibilityChangeReporter( 692): Compat change id reported: 262645982; UID 10073; state: ENABLED
05-30 14:03:24.555 D/CompatibilityChangeReporter( 692): Compat change id reported: 218533173; UID 10037; state: ENABLED
05-30 14:03:24.555 D/CompatibilityChangeReporter( 692): Compat change id reported: 262645982; UID 10037; state: ENABLED
05-30 14:03:24.556 D/CompatibilityChangeReporter( 692): Compat change id reported: 218533173; UID 10053; state: ENABLED
05-30 14:03:24.557 D/CompatibilityChangeReporter( 692): Compat change id reported: 262645982; UID 10053; state: ENABLED
05-30 14:03:24.558 D/CompatibilityChangeReporter( 692): Compat change id reported: 218533173; UID 10047; state: DISABLED
05-30 14:03:24.558 D/CompatibilityChangeReporter( 692): Compat change id reported: 262645982; UID 10047; state: DISABLED
05-30 14:03:24.558 D/CompatibilityChangeReporter( 692): Compat change id reported: 218533173; UID 10032; state: ENABLED
05-30 14:03:24.559 D/CompatibilityChangeReporter( 692): Compat change id reported: 262645982; UID 10032; state: ENABLED
05-30 14:03:24.560 D/CompatibilityChangeReporter( 692): Compat change id reported: 218533173; UID 10061; state: ENABLED
05-30 14:03:24.560 D/CompatibilityChangeReporter( 692): Compat change id reported: 262645982; UID 10061; state: ENABLED
05-30 14:03:24.561 D/CompatibilityChangeReporter( 692): Compat change id reported: 218533173; UID 10048; state: ENABLED
05-30 14:03:24.561 D/CompatibilityChangeReporter( 692): Compat change id reported: 262645982; UID 10048; state: ENABLED
05-30 14:03:24.562 D/CompatibilityChangeReporter( 692): Compat change id reported: 218533173; UID 10015; state: ENABLED
05-30 14:03:24.562 D/CompatibilityChangeReporter( 692): Compat change id reported: 262645982; UID 10015; state: ENABLED
05-30 14:03:24.563 D/CompatibilityChangeReporter( 692): Compat change id reported: 218533173; UID 10012; state: ENABLED
05-30 14:03:24.564 D/CompatibilityChangeReporter( 692): Compat change id reported: 262645982; UID 10012; state: ENABLED
05-30 14:03:24.565 D/CompatibilityChangeReporter( 692): Compat change id reported: 218533173; UID 10008; state: ENABLED
05-30 14:03:24.566 D/CompatibilityChangeReporter( 692): Compat change id reported: 262645982; UID 10008; state: ENABLED
05-30 14:03:24.566 D/CompatibilityChangeReporter( 692): Compat change id reported: 218533173; UID 10027; state: DISABLED
05-30 14:03:24.567 D/CompatibilityChangeReporter( 692): Compat change id reported: 262645982; UID 10027; state: DISABLED
05-30 14:03:24.567 D/CompatibilityChangeReporter( 692): Compat change id reported: 161145287; UID 1073; state: ENABLED
05-30 14:03:24.567 D/CompatibilityChangeReporter( 692): Compat change id reported: 218533173; UID 10044; state: DISABLED
05-30 14:03:24.568 W/ActivityManager( 692): Unable to start service Intent { flg=0x100 cmp=com.droidlogic/.StubKeyguardService } U=0: not found
05-30 14:03:24.568 D/SystemServerTiming( 692): startApexServices
05-30 14:03:24.568 D/SystemServerTiming( 692): starting com.android.server.scheduling.RebootReadinessManagerService$Lifecycle
05-30 14:03:24.569 I/SystemServiceManager( 692): Starting com.android.server.scheduling.RebootReadinessManagerService$Lifecycle
05-30 14:03:24.569 I/SystemServiceManager( 692): Not starting an already started service com.android.server.scheduling.RebootReadinessManagerService$Lifecycle
05-30 14:03:24.569 D/SystemServerTiming( 692): UpdateWatchdogTimeout
05-30 14:03:24.569 I/Watchdog( 692): Watchdog timeout updated to 60000 millis
05-30 14:03:24.569 D/CompatibilityChangeReporter( 692): Compat change id reported: 262645982; UID 10044; state: DISABLED
05-30 14:03:24.570 D/CompatibilityChangeReporter( 692): Compat change id reported: 218533173; UID 10046; state: DISABLED
05-30 14:03:24.572 D/CompatibilityChangeReporter( 692): Compat change id reported: 262645982; UID 10046; state: DISABLED
05-30 14:03:24.573 D/CompatibilityChangeReporter( 692): Compat change id reported: 218533173; UID 10024; state: ENABLED
05-30 14:03:24.574 D/CompatibilityChangeReporter( 692): Compat change id reported: 262645982; UID 10024; state: ENABLED
05-30 14:03:24.575 D/CompatibilityChangeReporter( 692): Compat change id reported: 218533173; UID 10038; state: ENABLED
05-30 14:03:24.579 D/CompatibilityChangeReporter( 692): Compat change id reported: 262645982; UID 10038; state: ENABLED
05-30 14:03:24.580 D/CompatibilityChangeReporter( 692): Compat change id reported: 218533173; UID 10031; state: ENABLED
05-30 14:03:24.580 D/CompatibilityChangeReporter( 692): Compat change id reported: 262645982; UID 10031; state: ENABLED
05-30 14:03:24.581 D/CompatibilityChangeReporter( 692): Compat change id reported: 218533173; UID 10051; state: ENABLED
05-30 14:03:24.582 D/CompatibilityChangeReporter( 692): Compat change id reported: 262645982; UID 10051; state: ENABLED
05-30 14:03:24.582 D/CompatibilityChangeReporter( 692): Compat change id reported: 218533173; UID 10071; state: ENABLED
05-30 14:03:24.583 D/CompatibilityChangeReporter( 692): Compat change id reported: 262645982; UID 10071; state: ENABLED
05-30 14:03:24.583 V/WindowManagerShell( 991): DefaultTransitionHandler init took 222ms
05-30 14:03:24.584 D/CompatibilityChangeReporter( 692): Compat change id reported: 218533173; UID 10009; state: ENABLED
05-30 14:03:24.584 D/CompatibilityChangeReporter( 692): Compat change id reported: 262645982; UID 10009; state: ENABLED
05-30 14:03:24.584 V/WindowManagerShell( 991): Adding external interface from Transitions with key extra_shell_shell_transitions
05-30 14:03:24.584 D/CompatibilityChangeReporter( 692): Compat change id reported: 218533173; UID 10022; state: ENABLED
05-30 14:03:24.585 D/CompatibilityChangeReporter( 692): Compat change id reported: 262645982; UID 10022; state: ENABLED
05-30 14:03:24.585 D/CompatibilityChangeReporter( 692): Compat change id reported: 218533173; UID 10029; state: DISABLED
05-30 14:03:24.585 D/CompatibilityChangeReporter( 692): Compat change id reported: 262645982; UID 10029; state: DISABLED
05-30 14:03:24.585 W/Looper ( 692): Slow delivery took 5162ms main h=android.app.PropertyInvalidatedCache$AutoCorker$1 c=null m=0
05-30 14:03:24.586 D/CompatibilityChangeReporter( 692): Compat change id reported: 218533173; UID 10001; state: ENABLED
05-30 14:03:24.586 D/CompatibilityChangeReporter( 692): Compat change id reported: 262645982; UID 10001; state: ENABLED
05-30 14:03:24.587 D/CompatibilityChangeReporter( 692): Compat change id reported: 218533173; UID 10034; state: ENABLED
05-30 14:03:24.588 D/CompatibilityChangeReporter( 692): Compat change id reported: 262645982; UID 10034; state: ENABLED
05-30 14:03:24.588 D/CompatibilityChangeReporter( 692): Compat change id reported: 218533173; UID 10003; state: ENABLED
05-30 14:03:24.589 D/CompatibilityChangeReporter( 692): Compat change id reported: 262645982; UID 10003; state: ENABLED
05-30 14:03:24.589 D/CompatibilityChangeReporter( 692): Compat change id reported: 218533173; UID 10069; state: ENABLED
05-30 14:03:24.589 V/WindowManagerShell( 991): Adding command class transitions for Transitions
05-30 14:03:24.589 V/WindowManagerShell( 991): Transitions init took 6ms
05-30 14:03:24.590 D/CompatibilityChangeReporter( 692): Compat change id reported: 262645982; UID 10069; state: ENABLED
05-30 14:03:24.590 V/WindowManagerShell( 991): FullscreenTaskListener init took 0ms
05-30 14:03:24.590 V/WindowManagerShell( 991): addHandler: ActivityEmbeddingController
05-30 14:03:24.590 V/WindowManagerShell( 991): ActivityEmbeddingController init took 1ms
05-30 14:03:24.590 V/WindowManagerShell( 991): Adding external interface from StartingWindowController with key extra_shell_starting_window
05-30 14:03:24.590 V/WindowManagerShell( 991): StartingWindowController init took 0ms
05-30 14:03:24.590 V/WindowManagerShell( 991): Adding command class protolog for ProtoLogController
05-30 14:03:24.590 V/WindowManagerShell( 991): ProtoLogController init took 0ms
05-30 14:03:24.590 V/WindowManagerShell( 991): addHandler: TvPipTransition
05-30 14:03:24.590 V/WindowManagerShell( 991): TvPipTransition init took 0ms
05-30 14:03:24.594 V/WindowManagerShell( 991): TvPipController init took 4ms
05-30 14:03:24.595 D/CompatibilityChangeReporter( 692): Compat change id reported: 218533173; UID 10059; state: ENABLED
05-30 14:03:24.595 V/WindowManagerShell( 991): addHandler: KeyguardTransitionHandler
05-30 14:03:24.595 V/WindowManagerShell( 991): KeyguardTransitionHandler init took 0ms
05-30 14:03:24.595 D/CompatibilityChangeReporter( 692): Compat change id reported: 262645982; UID 10059; state: ENABLED
05-30 14:03:24.596 D/CompatibilityChangeReporter( 692): Compat change id reported: 218533173; UID 10030; state: ENABLED
05-30 14:03:24.596 D/CompatibilityChangeReporter( 692): Compat change id reported: 262645982; UID 10030; state: ENABLED
05-30 14:03:24.597 D/CompatibilityChangeReporter( 692): Compat change id reported: 218533173; UID 10014; state: ENABLED
05-30 14:03:24.597 D/CompatibilityChangeReporter( 692): Compat change id reported: 262645982; UID 10014; state: ENABLED
05-30 14:03:24.597 D/CompatibilityChangeReporter( 692): Compat change id reported: 218533173; UID 10025; state: ENABLED
05-30 14:03:24.598 D/CompatibilityChangeReporter( 692): Compat change id reported: 262645982; UID 10025; state: ENABLED
05-30 14:03:24.598 D/CompatibilityChangeReporter( 692): Compat change id reported: 218533173; UID 10023; state: ENABLED
05-30 14:03:24.598 D/CompatibilityChangeReporter( 692): Compat change id reported: 262645982; UID 10023; state: ENABLED
05-30 14:03:24.599 D/ShellBackPreview( 991): Back animation enabled=false
05-30 14:03:24.599 D/CompatibilityChangeReporter( 692): Compat change id reported: 218533173; UID 10020; state: ENABLED
05-30 14:03:24.600 V/WindowManagerShell( 991): Adding external interface from BackAnimationController with key extra_shell_back_animation
05-30 14:03:24.600 D/CompatibilityChangeReporter( 692): Compat change id reported: 262645982; UID 10020; state: ENABLED
05-30 14:03:24.602 D/CompatibilityChangeReporter( 692): Compat change id reported: 218533173; UID 10054; state: ENABLED
05-30 14:03:24.603 D/CompatibilityChangeReporter( 692): Compat change id reported: 262645982; UID 10054; state: ENABLED
05-30 14:03:24.605 D/CompatibilityChangeReporter( 692): Compat change id reported: 218533173; UID 10021; state: ENABLED
05-30 14:03:24.605 D/CompatibilityChangeReporter( 692): Compat change id reported: 262645982; UID 10021; state: ENABLED
05-30 14:03:24.608 D/CompatibilityChangeReporter( 692): Compat change id reported: 218533173; UID 10004; state: ENABLED
05-30 14:03:24.608 D/CompatibilityChangeReporter( 692): Compat change id reported: 262645982; UID 10004; state: ENABLED
05-30 14:03:24.609 D/CompatibilityChangeReporter( 692): Compat change id reported: 218533173; UID 10011; state: ENABLED
05-30 14:03:24.609 D/CompatibilityChangeReporter( 692): Compat change id reported: 262645982; UID 10011; state: ENABLED
05-30 14:03:24.610 D/CompatibilityChangeReporter( 692): Compat change id reported: 218533173; UID 10041; state: DISABLED
05-30 14:03:24.610 D/CompatibilityChangeReporter( 692): Compat change id reported: 262645982; UID 10041; state: DISABLED
05-30 14:03:24.614 D/CompatibilityChangeReporter( 692): Compat change id reported: 218533173; UID 10063; state: DISABLED
05-30 14:03:24.614 D/CompatibilityChangeReporter( 692): Compat change id reported: 262645982; UID 10063; state: DISABLED
05-30 14:03:24.622 D/CompatibilityChangeReporter( 692): Compat change id reported: 218533173; UID 10043; state: ENABLED
05-30 14:03:24.636 V/WindowManagerShell( 991): BackAnimationController init took 41ms
05-30 14:03:24.636 V/ShellDragAndDrop( 991): Display added: 0
