05-30 18:35:12.972 D/ActivityManagerTiming( 694): OnBootPhase_1000_com.android.server.tv.TvRemoteService
05-30 18:35:12.972 D/ActivityManagerTiming( 694): OnBootPhase_1000_com.android.server.biometrics.BiometricService
05-30 18:35:12.972 D/ActivityManagerTiming( 694): OnBootPhase_1000_com.android.server.biometrics.AuthService
05-30 18:35:12.972 D/ActivityManagerTiming( 694): OnBootPhase_1000_com.android.server.pm.ShortcutService$Lifecycle
05-30 18:35:12.972 D/ActivityManagerTiming( 694): OnBootPhase_1000_com.android.server.pm.LauncherAppsService
05-30 18:35:12.972 D/ActivityManagerTiming( 694): OnBootPhase_1000_com.android.server.pm.CrossProfileAppsService
05-30 18:35:12.972 D/ActivityManagerTiming( 694): OnBootPhase_1000_com.android.server.people.PeopleService
05-30 18:35:12.972 D/ActivityManagerTiming( 694): OnBootPhase_1000_com.android.server.media.metrics.MediaMetricsManagerService
05-30 18:35:12.972 D/ActivityManagerTiming( 694): OnBootPhase_1000_com.android.server.pm.BackgroundInstallControlService
05-30 18:35:12.972 D/ActivityManagerTiming( 694): OnBootPhase_1000_com.android.server.media.projection.MediaProjectionManagerService
05-30 18:35:12.972 D/ActivityManagerTiming( 694): OnBootPhase_1000_com.android.server.slice.SliceManagerService$Lifecycle
05-30 18:35:12.972 D/ActivityManagerTiming( 694): OnBootPhase_1000_com.android.server.stats.StatsCompanion$Lifecycle
05-30 18:35:12.972 D/ActivityManagerTiming( 694): OnBootPhase_1000_com.android.server.scheduling.RebootReadinessManagerService$Lifecycle
05-30 18:35:12.972 D/ActivityManagerTiming( 694): OnBootPhase_1000_com.android.server.stats.pull.StatsPullAtomService
05-30 18:35:12.972 D/ActivityManagerTiming( 694): OnBootPhase_1000_com.android.server.stats.bootstrap.StatsBootstrapAtomService$Lifecycle
05-30 18:35:12.972 D/ActivityManagerTiming( 694): OnBootPhase_1000_com.android.server.incident.IncidentCompanionService
05-30 18:35:12.972 D/ActivityManagerTiming( 694): OnBootPhase_1000_com.android.server.sdksandbox.SdkSandboxManagerService$Lifecycle
05-30 18:35:12.972 D/ActivityManagerTiming( 694): OnBootPhase_1000_com.android.server.adservices.AdServicesManagerService$Lifecycle
05-30 18:35:12.972 D/ActivityManagerTiming( 694): OnBootPhase_1000_com.android.server.ondevicepersonalization.OnDevicePersonalizationSystemService$Lifecycle
05-30 18:35:12.973 D/ActivityManagerTiming( 694): OnBootPhase_1000_com.android.server.autofill.AutofillManagerService
05-30 18:35:12.973 D/ActivityManagerTiming( 694): OnBootPhase_1000_com.android.server.clipboard.ClipboardService
05-30 18:35:12.973 D/ActivityManagerTiming( 694): OnBootPhase_1000_com.android.server.appbinding.AppBindingService$Lifecycle
05-30 18:35:12.973 D/ActivityManagerTiming( 694): OnBootPhase_1000_com.android.server.tracing.TracingServiceProxy
05-30 18:35:12.973 D/ActivityManagerTiming( 694): OnBootPhase_1000_com.android.server.policy.PermissionPolicyService
05-30 18:35:12.973 D/ActivityManagerTiming( 694): OnBootPhase_1000_com.android.server.pm.StagingManager$Lifecycle
05-30 18:35:12.973 I/WifiHAL ( 501): found interface wlan0
05-30 18:35:12.973 D/WifiHAL ( 501): error code -95 mapped to -3
05-30 18:35:12.973 E/WifiHAL ( 501): failed to set scanning mac OUI; result = -3
05-30 18:35:12.976 D/ActivityManagerTiming( 694): OnBootPhase_1000_com.android.server.app.GameManagerService$Lifecycle
05-30 18:35:12.976 D/GameManagerService( 694): onBootCompleted
05-30 18:35:12.976 V/GameManagerService( 694): Game loading power mode OFF (game manager service start/restart)
05-30 18:35:12.976 E/WifiChipAidlImpl( 694): getUsableChannels failed with service-specific exception: android.os.ServiceSpecificException: (code 4)
05-30 18:35:12.976 I/libperfmgr( 492): Hint type not present in actions: GAME_LOADING
05-30 18:35:12.977 I/android.hardware.power-service.libperfmgr( 492): Power mode GAME_LOADING isModeSupported: 0
05-30 18:35:12.977 V/GameManagerService( 694): Game power mode OFF (game manager service start/restart)
05-30 18:35:12.977 I/libperfmgr( 492): Hint type not present in actions: GAME
05-30 18:35:12.977 I/android.hardware.power-service.libperfmgr( 492): Power mode GAME isModeSupported: 0
05-30 18:35:12.978 D/ActivityManagerTiming( 694): OnBootPhase_1000_com.android.safetycenter.SafetyCenterService
05-30 18:35:12.978 D/ActivityManagerTiming( 694): OnBootPhase_1000_com.android.server.appsearch.AppSearchModule$Lifecycle
05-30 18:35:12.978 D/ActivityManagerTiming( 694): OnBootPhase_1000_com.android.server.media.MediaCommunicationService
05-30 18:35:12.978 E/ApConfigUtil( 694): Malformed channel value detected: java.lang.NumberFormatException: For input string: ""
05-30 18:35:12.978 D/ActivityManagerTiming( 694): OnBootPhase_1000_com.android.server.compat.overrides.AppCompatOverridesService$Lifecycle
05-30 18:35:12.978 D/ActivityManagerTiming( 694): OnBootPhase_1000_com.android.server.healthconnect.HealthConnectManagerService
05-30 18:35:12.978 D/ActivityManagerTiming( 694): OnBootPhase_1000_com.android.server.devicelock.DeviceLockService
05-30 18:35:12.978 D/DeviceLockService( 694): onBootPhase: 1000
05-30 18:35:12.978 V/ActivityManagerTiming( 694): TotalBootTime took to complete: 11104ms
05-30 18:35:12.978 D/SystemServerInitThreadPool( 694): Shutdown requested
05-30 18:35:12.978 D/SystemServerTiming( 694): WaitInitThreadPoolShutdown
05-30 18:35:12.979 I/WifiHAL ( 501): found interface wlan0
05-30 18:35:12.980 D/WifiHAL ( 501): error code -95 mapped to -3
05-30 18:35:12.980 E/WifiHAL ( 501): failed to set scanning mac OUI; result = -3
05-30 18:35:12.980 D/SystemServerInitThreadPool( 694): Shutdown successful
05-30 18:35:12.980 E/WifiChipAidlImpl( 694): getUsableChannels failed with service-specific exception: android.os.ServiceSpecificException: (code 4)
05-30 18:35:12.983 I/WifiHAL ( 501): found interface wlan0
05-30 18:35:12.983 D/WifiHAL ( 501): error code -95 mapped to -3
05-30 18:35:12.983 E/WifiHAL ( 501): failed to set scanning mac OUI; result = -3
05-30 18:35:12.983 E/WifiChipAidlImpl( 694): getUsableChannels failed with service-specific exception: android.os.ServiceSpecificException: (code 4)
05-30 18:35:12.985 E/ApConfigUtil( 694): Malformed channel value detected: java.lang.NumberFormatException: For input string: ""
05-30 18:35:12.985 I/ActivityManager( 694): User 0 state changed from BOOTING to RUNNING_LOCKED
05-30 18:35:12.988 I/LockSettingsService( 694): Unwrapping synthetic password for unsecured user 0
05-30 18:35:13.001 D/vold ( 247): fscrypt_unlock_user_key 0 serial=0
05-30 18:35:13.002 D/vold ( 247): Trying user CE key /data/misc/vold/user_keys/ce/0/current
05-30 18:35:13.004 D/vold ( 247): Successfully retrieved key
05-30 18:35:13.004 D/vold ( 247): Installed fscrypt key with ref a987440f910473dfbc3c3421947928d5 to /data
05-30 18:35:13.004 D/vold ( 247): Added fscrypt-provisioning key for a987440f910473dfbc3c3421947928d5 to session keyring
05-30 18:35:13.004 D/vold ( 247): Installed ce key for user 0
05-30 18:35:13.005 I/LockSettingsService( 694): Unlocked CE storage for unsecured user 0
05-30 18:35:13.005 D/SystemServerTiming( 694): finishUserUnlocking-0
05-30 18:35:13.005 D/ActivityManager( 694): Started unlocking user 0
05-30 18:35:13.006 D/ActivityManager( 694): Unlocking user 0 progress 0
05-30 18:35:13.006 D/ActivityManager( 694): Unlocking user 0 progress 5
05-30 18:35:13.006 D/SystemServerTiming( 694): UM.onBeforeUnlockUser-0
05-30 18:35:13.006 D/SystemServerTiming( 694): prepareUserData-0
05-30 18:35:13.007 D/vold ( 247): fscrypt_prepare_user_storage for volume null, user 0, serial 0, flags 2
05-30 18:35:13.007 D/vold ( 247): Preparing: /data/system_ce/0
05-30 18:35:13.008 I/vold ( 247): Verified that /data/system_ce/0 has the encryption policy a987440f910473dfbc3c3421947928d5 v2 modes 1/4 flags 0xa
05-30 18:35:13.008 D/vold ( 247): Preparing: /data/vendor_ce/0
05-30 18:35:13.009 I/vold ( 247): Verified that /data/vendor_ce/0 has the encryption policy a987440f910473dfbc3c3421947928d5 v2 modes 1/4 flags 0xa
05-30 18:35:13.009 D/vold ( 247): Preparing: /data/media/0
05-30 18:35:13.010 V/WindowManager( 694): app ------------- force_land :0
05-30 18:35:13.011 V/WindowManager( 694): app ------------- force_land :0
05-30 18:35:13.011 D/ColorDisplayService( 694): setUp: currentUser=0
05-30 18:35:13.013 I/vold ( 247): Verified that /data/media/0 has the encryption policy a987440f910473dfbc3c3421947928d5 v2 modes 1/4 flags 0xa
05-30 18:35:13.013 D/vold ( 247): Preparing: /data/misc_ce/0
05-30 18:35:13.014 I/vold ( 247): Verified that /data/misc_ce/0 has the encryption policy a987440f910473dfbc3c3421947928d5 v2 modes 1/4 flags 0xa
05-30 18:35:13.014 D/vold ( 247): Preparing: /data/user/0
05-30 18:35:13.015 I/vold ( 247): Verified that /data/user/0 has the encryption policy a987440f910473dfbc3c3421947928d5 v2 modes 1/4 flags 0xa
05-30 18:35:13.015 D/vold ( 247): Starting restorecon of /data/system_ce/0
05-30 18:35:13.017 I/SsidTranslator( 694): Locale language changed to zh, alternate charset is now null
05-30 18:35:13.018 I/WifiService( 694): Receive onDriverCountryCodeChanged to CN, update available channel list
05-30 18:35:13.018 D/ConnectivityService( 694): register offer from providerId 4 : NetworkOffer [ Provider Id (4) Score(Policies : EVER_EVALUATED&IS_UNMETERED&EVER_VALIDATED&IS_VALIDATED ; KeepConnected : 0) Caps [ Transports: WIFI Capabilities: NOT_METERED&INTERNET&NOT_RESTRICTED&TRUSTED&NOT_VPN&NOT_ROAMING&NOT_CONGESTED&NOT_SUSPENDED&NOT_VCN_MANAGED LinkUpBandwidth>=1048576Kbps LinkDnBandwidth>=1048576Kbps Specifier: UnderlyingNetworks: Null] Needed by []]
05-30 18:35:13.018 D/ConnectivityService( 694): register offer from providerId 5 : NetworkOffer [ Provider Id (5) Score(Policies : EVER_EVALUATED&IS_INVINCIBLE&IS_UNMETERED&EVER_VALIDATED&IS_VALIDATED ; KeepConnected : 0) Caps [ Transports: WIFI Capabilities: NOT_METERED&INTERNET&NOT_RESTRICTED&TRUSTED&NOT_VPN&NOT_ROAMING&NOT_CONGESTED&NOT_SUSPENDED&NOT_VCN_MANAGED LinkUpBandwidth>=1048576Kbps LinkDnBandwidth>=1048576Kbps Specifier: UnderlyingNetworks: Null] Needed by []]
05-30 18:35:13.018 D/ConnectivityService( 694): register offer from providerId 6 : NetworkOffer [ Provider Id (6) Score(Policies : EVER_EVALUATED&IS_INVINCIBLE&IS_UNMETERED&EVER_VALIDATED&IS_VALIDATED ; KeepConnected : 0) Caps [ Transports: WIFI Capabilities: NOT_METERED&INTERNET&TRUSTED&NOT_VPN&NOT_ROAMING&NOT_CONGESTED&NOT_SUSPENDED&NOT_VCN_MANAGED LinkUpBandwidth>=1048576Kbps LinkDnBandwidth>=1048576Kbps Specifier: UnderlyingNetworks: Null] Needed by []]
05-30 18:35:13.019 D/ConnectivityService( 694): register offer from providerId 7 : NetworkOffer [ Provider Id (7) Score(Policies : EVER_EVALUATED&IS_INVINCIBLE&IS_UNMETERED&EVER_VALIDATED&IS_VALIDATED ; KeepConnected : 0) Caps [ Transports: WIFI Capabilities: NOT_METERED&INTERNET&NOT_RESTRICTED&TRUSTED&NOT_VPN&NOT_ROAMING&NOT_CONGESTED&NOT_SUSPENDED&OEM_PAID&OEM_PRIVATE&NOT_VCN_MANAGED LinkUpBandwidth>=1048576Kbps LinkDnBandwidth>=1048576Kbps Specifier: UnderlyingNetworks: Null] Needed by []]
05-30 18:35:13.019 D/ConnectivityService( 694): register offer from providerId 8 : NetworkOffer [ Provider Id (8) Score(Policies : EVER_EVALUATED&IS_INVINCIBLE&IS_UNMETERED&EVER_VALIDATED&IS_VALIDATED ; KeepConnected : 0) Caps [ Transports: WIFI Capabilities: NOT_METERED&INTERNET&NOT_RESTRICTED&TRUSTED&NOT_VPN&NOT_ROAMING&NOT_CONGESTED&NOT_SUSPENDED&NOT_VCN_MANAGED LinkUpBandwidth>=1048576Kbps LinkDnBandwidth>=1048576Kbps Specifier: UnderlyingNetworks: Null] Needed by []]
05-30 18:35:13.020 D/vold ( 247): Finished restorecon of /data/system_ce/0
05-30 18:35:13.020 D/vold ( 247): Starting restorecon of /data/vendor_ce/0
05-30 18:35:13.020 I/WifiHAL ( 501): found interface wlan0
05-30 18:35:13.020 D/WifiHAL ( 501): error code -95 mapped to -3
05-30 18:35:13.020 E/WifiHAL ( 501): failed to set scanning mac OUI; result = -3
05-30 18:35:13.021 E/WifiChipAidlImpl( 694): getUsableChannels failed with service-specific exception: android.os.ServiceSpecificException: (code 4)
05-30 18:35:13.023 D/vold ( 247): Finished restorecon of /data/vendor_ce/0
05-30 18:35:13.023 D/vold ( 247): Starting restorecon of /data/misc_ce/0
05-30 18:35:13.023 I/WifiHAL ( 501): found interface wlan0
05-30 18:35:13.024 D/WifiHAL ( 501): error code -95 mapped to -3
05-30 18:35:13.024 E/WifiHAL ( 501): failed to set scanning mac OUI; result = -3
05-30 18:35:13.024 E/WifiChipAidlImpl( 694): getUsableChannels failed with service-specific exception: android.os.ServiceSpecificException: (code 4)
05-30 18:35:13.026 I/ActivityManager( 694): com.android.devicelockcontroller is exempt from freezer
05-30 18:35:13.026 E/ApConfigUtil( 694): Malformed channel value detected: java.lang.NumberFormatException: For input string: ""
05-30 18:35:13.026 D/CompatibilityChangeReporter( 694): Compat change id reported: 135634846; UID 10058; state: DISABLED
05-30 18:35:13.026 D/CompatibilityChangeReporter( 694): Compat change id reported: 177438394; UID 10058; state: DISABLED
05-30 18:35:13.026 D/CompatibilityChangeReporter( 694): Compat change id reported: 135772972; UID 10058; state: DISABLED
05-30 18:35:13.027 D/CompatibilityChangeReporter( 694): Compat change id reported: 135754954; UID 10058; state: ENABLED
05-30 18:35:13.027 I/WifiHAL ( 501): found interface wlan0
05-30 18:35:13.027 D/WifiHAL ( 501): error code -95 mapped to -3
05-30 18:35:13.027 E/WifiHAL ( 501): failed to set scanning mac OUI; result = -3
05-30 18:35:13.027 E/WifiChipAidlImpl( 694): getUsableChannels failed with service-specific exception: android.os.ServiceSpecificException: (code 4)
05-30 18:35:13.027 D/CompatibilityChangeReporter( 694): Compat change id reported: 143937733; UID 10058; state: ENABLED
05-30 18:35:13.029 D/vold ( 247): Finished restorecon of /data/misc_ce/0
05-30 18:35:13.029 D/vold ( 247): /system/bin/vold_prepare_subdirs
05-30 18:35:13.029 D/vold ( 247): prepare
05-30 18:35:13.029 D/vold ( 247):
05-30 18:35:13.029 D/vold ( 247): 0
05-30 18:35:13.029 D/vold ( 247): 2
05-30 18:35:13.031 I/WifiHAL ( 501): found interface wlan0
05-30 18:35:13.031 D/WifiHAL ( 501): error code -95 mapped to -3
05-30 18:35:13.031 E/WifiHAL ( 501): failed to set scanning mac OUI; result = -3
05-30 18:35:13.031 E/WifiChipAidlImpl( 694): getUsableChannels failed with service-specific exception: android.os.ServiceSpecificException: (code 4)
05-30 18:35:13.031 I/Zygote ( 465): Entering forkRepeatedly native zygote loop
05-30 18:35:13.033 E/ApConfigUtil( 694): Malformed channel value detected: java.lang.NumberFormatException: For input string: ""
05-30 18:35:13.034 I/WifiHAL ( 501): found interface wlan0
05-30 18:35:13.034 D/WifiHAL ( 501): error code -95 mapped to -3
05-30 18:35:13.034 E/WifiHAL ( 501): failed to set scanning mac OUI; result = -3
05-30 18:35:13.034 E/WifiChipAidlImpl( 694): getUsableChannels failed with service-specific exception: android.os.ServiceSpecificException: (code 4)
05-30 18:35:13.037 I/WifiHAL ( 501): found interface wlan0
05-30 18:35:13.037 D/WifiHAL ( 501): error code -95 mapped to -3
05-30 18:35:13.037 E/WifiHAL ( 501): failed to set scanning mac OUI; result = -3
05-30 18:35:13.037 E/WifiChipAidlImpl( 694): getUsableChannels failed with service-specific exception: android.os.ServiceSpecificException: (code 4)
05-30 18:35:13.039 E/ApConfigUtil( 694): Malformed channel value detected: java.lang.NumberFormatException: For input string: ""
05-30 18:35:13.040 I/WifiHAL ( 501): found interface wlan0
05-30 18:35:13.040 D/WifiHAL ( 501): error code -95 mapped to -3
05-30 18:35:13.040 E/WifiHAL ( 501): failed to set scanning mac OUI; result = -3
05-30 18:35:13.040 E/WifiChipAidlImpl( 694): getUsableChannels failed with service-specific exception: android.os.ServiceSpecificException: (code 4)
05-30 18:35:13.041 E/ApConfigUtil( 694): Malformed channel value detected: java.lang.NumberFormatException: For input string: ""
05-30 18:35:13.036 I/rainbow_flow( 593): type=1400 audit(0.0:698): avc: denied { ioctl } for path="/dev/spidev1.0" dev="tmpfs" ino=545 ioctlcmd=0x6b00 scontext=u:r:init:s0 tcontext=u:object_r:device:s0 tclass=chr_file permissive=1
05-30 18:35:13.044 D/Zygote ( 465): Forked child process 1382
05-30 18:35:13.044 I/WifiHAL ( 501): found interface wlan0
05-30 18:35:13.044 D/WifiHAL ( 501): error code -95 mapped to -3
05-30 18:35:13.044 E/WifiHAL ( 501): failed to set scanning mac OUI; result = -3
05-30 18:35:13.044 E/WifiChipAidlImpl( 694): getUsableChannels failed with service-specific exception: android.os.ServiceSpecificException: (code 4)
05-30 18:35:13.044 I/ActivityManager( 694): Start proc 1382:com.android.devicelockcontroller/u0a58 for broadcast {com.android.devicelockcontroller/com.android.devicelockcontroller.receivers.LockedBootCompletedReceiver}
05-30 18:35:13.048 E/ApConfigUtil( 694): Malformed channel value detected: java.lang.NumberFormatException: For input string: ""
05-30 18:35:13.048 D/WifiNetworkFactory( 694): got request NetworkRequest [ REQUEST id=14, [ Capabilities: INTERNET&NOT_RESTRICTED&TRUSTED&NOT_VCN_MANAGED Uid: 1000 RequestorUid: 1000 RequestorPkg: android UnderlyingNetworks: Null] ]
05-30 18:35:13.049 D/WifiConnectivityHelper( 694): Firmware supported feature set: 19d8108fa000019
05-30 18:35:13.049 D/WifiConnectivityHelper( 694): Firmware roaming is not supported
05-30 18:35:13.049 I/WifiHAL ( 501): call wifi_get_link_stats handler
05-30 18:35:13.049 I/WifiHAL ( 501): Creating message to get link statistics; iface = 16
05-30 18:35:13.049 D/WifiHAL ( 501): error code -95 mapped to -3
05-30 18:35:13.050 E/WifiStaIfaceAidlImpl( 694): getLinkLayerStats failed with service-specific exception: android.os.ServiceSpecificException: (code 4)
05-30 18:35:13.051 I/Zygote ( 1382): seccomp disabled by setenforce 0
05-30 18:35:13.051 E/WifiScoringParams( 694): Invalid frequency(-1), using 5G as default rssi array
05-30 18:35:13.053 D/WifiNetworkFactory( 694): got request NetworkRequest [ REQUEST id=1, [ Capabilities: INTERNET&NOT_RESTRICTED&TRUSTED&NOT_VPN&NOT_VCN_MANAGED RequestorUid: 1000 RequestorPkg: android UnderlyingNetworks: Null] ]
05-30 18:35:13.053 D/WifiNetworkFactory( 694): got request NetworkRequest [ REQUEST id=24, [ Capabilities: INTERNET&NOT_RESTRICTED&TRUSTED&NOT_VCN_MANAGED Uid: 10052 RequestorUid: 10052 RequestorPkg: com.android.systemui UnderlyingNetworks: Null] ]
05-30 18:35:13.053 D/WifiNetworkFactory( 694): got request NetworkRequest [ REQUEST id=26, [ Capabilities: INTERNET&NOT_RESTRICTED&TRUSTED&NOT_VCN_MANAGED Uid: 10052 RequestorUid: 10052 RequestorPkg: com.android.systemui UnderlyingNetworks: Null] ]
05-30 18:35:13.053 D/WifiNetworkFactory( 694): got request NetworkRequest [ REQUEST id=7, [ Capabilities: INTERNET&NOT_RESTRICTED&TRUSTED&NOT_VCN_MANAGED Uid: 1000 RequestorUid: 1000 RequestorPkg: android UnderlyingNetworks: Null] ]
05-30 18:35:13.054 D/WifiNetworkFactory( 694): got request NetworkRequest [ REQUEST id=22, [ Capabilities: INTERNET&NOT_RESTRICTED&TRUSTED&NOT_VCN_MANAGED Uid: 10052 RequestorUid: 10052 RequestorPkg: com.android.systemui UnderlyingNetworks: Null] ]
05-30 18:35:13.054 D/WifiNetworkFactory( 694): got request NetworkRequest [ REQUEST id=16, [ Capabilities: INTERNET&NOT_RESTRICTED&TRUSTED&NOT_VCN_MANAGED Uid: 1073 RequestorUid: 1073 RequestorPkg: com.android.networkstack UnderlyingNetworks: Null] ]
05-30 18:35:13.054 D/WifiNetworkFactory( 694): got request NetworkRequest [ REQUEST id=31, [ Capabilities: INTERNET&NOT_RESTRICTED&TRUSTED&NOT_VCN_MANAGED Uid: 10052 RequestorUid: 10052 RequestorPkg: com.android.systemui UnderlyingNetworks: Null] ]
05-30 18:35:13.054 D/UntrustedWifiNetworkFactory( 694): got request NetworkRequest [ REQUEST id=14, [ Capabilities: INTERNET&NOT_RESTRICTED&TRUSTED&NOT_VCN_MANAGED Uid: 1000 RequestorUid: 1000 RequestorPkg: android UnderlyingNetworks: Null] ]
05-30 18:35:13.054 D/UntrustedWifiNetworkFactory( 694): got request NetworkRequest [ REQUEST id=1, [ Capabilities: INTERNET&NOT_RESTRICTED&TRUSTED&NOT_VPN&NOT_VCN_MANAGED RequestorUid: 1000 RequestorPkg: android UnderlyingNetworks: Null] ]
05-30 18:35:13.054 D/UntrustedWifiNetworkFactory( 694): got request NetworkRequest [ REQUEST id=24, [ Capabilities: INTERNET&NOT_RESTRICTED&TRUSTED&NOT_VCN_MANAGED Uid: 10052 RequestorUid: 10052 RequestorPkg: com.android.systemui UnderlyingNetworks: Null] ]
05-30 18:35:13.054 D/UntrustedWifiNetworkFactory( 694): got request NetworkRequest [ REQUEST id=26, [ Capabilities: INTERNET&NOT_RESTRICTED&TRUSTED&NOT_VCN_MANAGED Uid: 10052 RequestorUid: 10052 RequestorPkg: com.android.systemui UnderlyingNetworks: Null] ]
05-30 18:35:13.054 D/UntrustedWifiNetworkFactory( 694): got request NetworkRequest [ REQUEST id=7, [ Capabilities: INTERNET&NOT_RESTRICTED&TRUSTED&NOT_VCN_MANAGED Uid: 1000 RequestorUid: 1000 RequestorPkg: android UnderlyingNetworks: Null] ]
05-30 18:35:13.054 D/UntrustedWifiNetworkFactory( 694): got request NetworkRequest [ REQUEST id=22, [ Capabilities: INTERNET&NOT_RESTRICTED&TRUSTED&NOT_VCN_MANAGED Uid: 10052 RequestorUid: 10052 RequestorPkg: com.android.systemui UnderlyingNetworks: Null] ]
05-30 18:35:13.054 D/UntrustedWifiNetworkFactory( 694): got request NetworkRequest [ REQUEST id=16, [ Capabilities: INTERNET&NOT_RESTRICTED&TRUSTED&NOT_VCN_MANAGED Uid: 1073 RequestorUid: 1073 RequestorPkg: com.android.networkstack UnderlyingNetworks: Null] ]
05-30 18:35:13.054 D/UntrustedWifiNetworkFactory( 694): got request NetworkRequest [ REQUEST id=31, [ Capabilities: INTERNET&NOT_RESTRICTED&TRUSTED&NOT_VCN_MANAGED Uid: 10052 RequestorUid: 10052 RequestorPkg: com.android.systemui UnderlyingNetworks: Null] ]
05-30 18:35:13.054 D/OemPaidWifiNetworkFactory( 694): got request NetworkRequest [ REQUEST id=14, [ Capabilities: INTERNET&NOT_RESTRICTED&TRUSTED&NOT_VCN_MANAGED Uid: 1000 RequestorUid: 1000 RequestorPkg: android UnderlyingNetworks: Null] ]
05-30 18:35:13.054 D/OemPaidWifiNetworkFactory( 694): got request NetworkRequest [ REQUEST id=1, [ Capabilities: INTERNET&NOT_RESTRICTED&TRUSTED&NOT_VPN&NOT_VCN_MANAGED RequestorUid: 1000 RequestorPkg: android UnderlyingNetworks: Null] ]
05-30 18:35:13.054 D/OemPaidWifiNetworkFactory( 694): got request NetworkRequest [ REQUEST id=24, [ Capabilities: INTERNET&NOT_RESTRICTED&TRUSTED&NOT_VCN_MANAGED Uid: 10052 RequestorUid: 10052 RequestorPkg: com.android.systemui UnderlyingNetworks: Null] ]
05-30 18:35:13.054 D/OemPaidWifiNetworkFactory( 694): got request NetworkRequest [ REQUEST id=26, [ Capabilities: INTERNET&NOT_RESTRICTED&TRUSTED&NOT_VCN_MANAGED Uid: 10052 RequestorUid: 10052 RequestorPkg: com.android.systemui UnderlyingNetworks: Null] ]
05-30 18:35:13.055 D/OemPaidWifiNetworkFactory( 694): got request NetworkRequest [ REQUEST id=7, [ Capabilities: INTERNET&NOT_RESTRICTED&TRUSTED&NOT_VCN_MANAGED Uid: 1000 RequestorUid: 1000 RequestorPkg: android UnderlyingNetworks: Null] ]
05-30 18:35:13.055 D/OemPaidWifiNetworkFactory( 694): got request NetworkRequest [ REQUEST id=22, [ Capabilities: INTERNET&NOT_RESTRICTED&TRUSTED&NOT_VCN_MANAGED Uid: 10052 RequestorUid: 10052 RequestorPkg: com.android.systemui UnderlyingNetworks: Null] ]
05-30 18:35:13.055 D/OemPaidWifiNetworkFactory( 694): got request NetworkRequest [ REQUEST id=16, [ Capabilities: INTERNET&NOT_RESTRICTED&TRUSTED&NOT_VCN_MANAGED Uid: 1073 RequestorUid: 1073 RequestorPkg: com.android.networkstack UnderlyingNetworks: Null] ]
05-30 18:35:13.055 D/OemPaidWifiNetworkFactory( 694): got request NetworkRequest [ REQUEST id=31, [ Capabilities: INTERNET&NOT_RESTRICTED&TRUSTED&NOT_VCN_MANAGED Uid: 10052 RequestorUid: 10052 RequestorPkg: com.android.systemui UnderlyingNetworks: Null] ]
05-30 18:35:13.055 D/MultiInternetWifiNetworkFactory( 694): got request NetworkRequest [ REQUEST id=14, [ Capabilities: INTERNET&NOT_RESTRICTED&TRUSTED&NOT_VCN_MANAGED Uid: 1000 RequestorUid: 1000 RequestorPkg: android UnderlyingNetworks: Null] ]
05-30 18:35:13.055 D/MultiInternetWifiNetworkFactory( 694): got request NetworkRequest [ REQUEST id=1, [ Capabilities: INTERNET&NOT_RESTRICTED&TRUSTED&NOT_VPN&NOT_VCN_MANAGED RequestorUid: 1000 RequestorPkg: android UnderlyingNetworks: Null] ]
05-30 18:35:13.055 D/MultiInternetWifiNetworkFactory( 694): got request NetworkRequest [ REQUEST id=24, [ Capabilities: INTERNET&NOT_RESTRICTED&TRUSTED&NOT_VCN_MANAGED Uid: 10052 RequestorUid: 10052 RequestorPkg: com.android.systemui UnderlyingNetworks: Null] ]
05-30 18:35:13.056 D/MultiInternetWifiNetworkFactory( 694): got request NetworkRequest [ REQUEST id=26, [ Capabilities: INTERNET&NOT_RESTRICTED&TRUSTED&NOT_VCN_MANAGED Uid: 10052 RequestorUid: 10052 RequestorPkg: com.android.systemui UnderlyingNetworks: Null] ]
05-30 18:35:13.056 D/MultiInternetWifiNetworkFactory( 694): got request NetworkRequest [ REQUEST id=7, [ Capabilities: INTERNET&NOT_RESTRICTED&TRUSTED&NOT_VCN_MANAGED Uid: 1000 RequestorUid: 1000 RequestorPkg: android UnderlyingNetworks: Null] ]
05-30 18:35:13.056 D/MultiInternetWifiNetworkFactory( 694): got request NetworkRequest [ REQUEST id=22, [ Capabilities: INTERNET&NOT_RESTRICTED&TRUSTED&NOT_VCN_MANAGED Uid: 10052 RequestorUid: 10052 RequestorPkg: com.android.systemui UnderlyingNetworks: Null] ]
05-30 18:35:13.056 D/MultiInternetWifiNetworkFactory( 694): got request NetworkRequest [ REQUEST id=16, [ Capabilities: INTERNET&NOT_RESTRICTED&TRUSTED&NOT_VCN_MANAGED Uid: 1073 RequestorUid: 1073 RequestorPkg: com.android.networkstack UnderlyingNetworks: Null] ]
05-30 18:35:13.056 D/MultiInternetWifiNetworkFactory( 694): got request NetworkRequest [ REQUEST id=31, [ Capabilities: INTERNET&NOT_RESTRICTED&TRUSTED&NOT_VCN_MANAGED Uid: 10052 RequestorUid: 10052 RequestorPkg: com.android.systemui UnderlyingNetworks: Null] ]
05-30 18:35:13.061 I/elockcontroller( 1382): Using CollectorTypeCC GC.
05-30 18:35:13.062 D/WifiConfigStore( 694): Writing to stores completed in 5 ms.
05-30 18:35:13.044 I/init ( 159): type=1400 audit(0.0:699): avc: denied { add_name } for name="dmabuf_manage_config" scontext=u:r:vendor_init:s0 tcontext=u:object_r:sysfs:s0 tclass=dir permissive=1
05-30 18:35:13.064 D/InstantWifi( 694): Drop, size: 0
05-30 18:35:13.044 I/init ( 159): type=1400 audit(0.0:700): avc: denied { create } for name="dmabuf_manage_config" scontext=u:r:vendor_init:s0 tcontext=u:object_r:sysfs:s0 tclass=file permissive=1
05-30 18:35:13.068 D/WifiConfigStore( 694): Writing to stores completed in 6 ms.
05-30 18:35:13.073 E/elockcontroller( 1382): Not starting debugger since process cannot load the jdwp agent.
05-30 18:35:13.074 D/vold_prepare_subdirs( 1380): Setting up mode 771 uid 1000 gid 1000 context u:object_r:system_data_file:s0:c512,c768 on path: /data/user/0
05-30 18:35:13.075 D/vold_prepare_subdirs( 1380): Setting up mode 771 uid 1000 gid 1000 context u:object_r:sdk_sandbox_system_data_file:s0:c512,c768 on path: /data/misc_ce/0/sdksandbox
05-30 18:35:13.079 D/vold_prepare_subdirs( 1380): Setting up mode 700 uid 0 gid 0 context u:object_r:vold_data_file:s0 on path: /data/misc_ce/0/vold
05-30 18:35:13.081 D/vold_prepare_subdirs( 1380): Setting up mode 700 uid 0 gid 0 context u:object_r:storaged_data_file:s0 on path: /data/misc_ce/0/storaged
05-30 18:35:13.084 D/vold_prepare_subdirs( 1380): Setting up mode 700 uid 0 gid 0 context u:object_r:rollback_data_file:s0 on path: /data/misc_ce/0/rollback
05-30 18:35:13.086 D/vold_prepare_subdirs( 1380): Setting up mode 700 uid 0 gid 0 context u:object_r:apex_rollback_data_file:s0 on path: /data/misc_ce/0/apexrollback
05-30 18:35:13.086 D/CompatibilityChangeReporter( 694): Compat change id reported: 168419799; UID 10058; state: DISABLED
05-30 18:35:13.087 D/CompatibilityChangeReporter( 694): Compat change id reported: 273564678; UID 10058; state: DISABLED
05-30 18:35:13.089 D/CompatibilityChangeReporter( 694): Compat change id reported: 265195908; UID 10058; state: ENABLED
05-30 18:35:13.092 D/vold_prepare_subdirs( 1380): Setting up mode 711 uid 0 gid 0 context u:object_r:apex_module_data_file:s0 on path: /data/misc_ce/0/apexdata
05-30 18:35:13.093 D/vold_prepare_subdirs( 1380): Setting up mode 771 uid 0 gid 1000 context u:object_r:apex_module_data_file:s0 on path: /data/misc_ce/0/apexdata/com.android.tethering
05-30 18:35:13.094 D/vold_prepare_subdirs( 1380): Setting up mode 771 uid 0 gid 1000 context u:object_r:apex_system_server_data_file:s0 on path: /data/misc_ce/0/apexdata/com.android.permission
05-30 18:35:13.096 D/vold_prepare_subdirs( 1380): Setting up mode 771 uid 0 gid 1000 context u:object_r:apex_module_data_file:s0 on path: /data/misc_ce/0/apexdata/com.android.scheduling
05-30 18:35:13.097 D/vold_prepare_subdirs( 1380): Setting up mode 771 uid 0 gid 1000 context u:object_r:apex_module_data_file:s0 on path: /data/misc_ce/0/apexdata/com.android.media.swcodec
05-30 18:35:13.098 D/CompatibilityChangeReporter( 1382): Compat change id reported: 171979766; UID 10058; state: ENABLED
05-30 18:35:13.098 D/CompatibilityChangeReporter( 1382): Compat change id reported: 242716250; UID 10058; state: ENABLED
05-30 18:35:13.098 D/vold_prepare_subdirs( 1380): Setting up mode 771 uid 0 gid 1000 context u:object_r:apex_module_data_file:s0 on path: /data/misc_ce/0/apexdata/com.android.extservices
05-30 18:35:13.101 D/vold_prepare_subdirs( 1380): Setting up mode 771 uid 0 gid 1000 context u:object_r:apex_module_data_file:s0 on path: /data/misc_ce/0/apexdata/com.android.ondevicepersonalization
05-30 18:35:13.103 D/vold_prepare_subdirs( 1380): Setting up mode 771 uid 0 gid 1000 context u:object_r:apex_module_data_file:s0 on path: /data/misc_ce/0/apexdata/com.android.neuralnetworks
05-30 18:35:13.104 D/vold_prepare_subdirs( 1380): Setting up mode 771 uid 0 gid 1000 context u:object_r:apex_module_data_file:s0 on path: /data/misc_ce/0/apexdata/com.android.resolv
05-30 18:35:13.105 D/vold_prepare_subdirs( 1380): Setting up mode 771 uid 0 gid 1000 context u:object_r:apex_module_data_file:s0 on path: /data/misc_ce/0/apexdata/com.android.mediaprovider
05-30 18:35:13.106 D/CompatibilityChangeReporter( 694): Compat change id reported: 170503758; UID 10058; state: ENABLED
05-30 18:35:13.107 D/vold_prepare_subdirs( 1380): Setting up mode 771 uid 0 gid 1000 context u:object_r:apex_system_server_data_file:s0 on path: /data/misc_ce/0/apexdata/com.android.uwb
05-30 18:35:13.108 D/vold_prepare_subdirs( 1380): Setting up mode 771 uid 0 gid 1000 context u:object_r:apex_module_data_file:s0 on path: /data/misc_ce/0/apexdata/com.android.configinfrastructure
05-30 18:35:13.110 D/vold_prepare_subdirs( 1380): Setting up mode 771 uid 0 gid 1000 context u:object_r:apex_module_data_file:s0 on path: /data/misc_ce/0/apexdata/com.android.ipsec
05-30 18:35:13.111 D/vold_prepare_subdirs( 1380): Setting up mode 771 uid 0 gid 1000 context u:object_r:apex_system_server_data_file:s0 on path: /data/misc_ce/0/apexdata/com.android.wifi
05-30 18:35:13.113 D/vold_prepare_subdirs( 1380): Setting up mode 771 uid 0 gid 1000 context u:object_r:apex_module_data_file:s0 on path: /data/misc_ce/0/apexdata/com.android.adbd
05-30 18:35:13.114 I/bootstat( 1389): Service started: /system/bin/bootstat --record_boot_complete --record_boot_reason --record_time_since_factory_reset -l
05-30 18:35:13.115 D/vold_prepare_subdirs( 1380): Setting up mode 771 uid 0 gid 1000 context u:object_r:apex_module_data_file:s0 on path: /data/misc_ce/0/apexdata/com.android.conscrypt
05-30 18:35:13.116 D/vold_prepare_subdirs( 1380): Setting up mode 771 uid 0 gid 1000 context u:object_r:apex_module_data_file:s0 on path: /data/misc_ce/0/apexdata/com.android.art
05-30 18:35:13.118 D/vold_prepare_subdirs( 1380): Setting up mode 771 uid 0 gid 1000 context u:object_r:apex_module_data_file:s0 on path: /data/misc_ce/0/apexdata/com.android.media
05-30 18:35:13.119 W/bootstat( 1389): LogBootEvents, atomInfo not defined for events:last_boot_time_utc,build_date,ro.boottime.init.cold_boot_wait,boot_reason,system_boot_reason,time_since_last_boot
05-30 18:35:13.112 I/adbd ( 1383): type=1400 audit(0.0:701): avc: denied { read } for name="u:object_r:vendor_default_prop:s0" dev="tmpfs" ino=377 scontext=u:r:adbd:s0 tcontext=u:object_r:vendor_default_prop:s0 tclass=file permissive=1
05-30 18:35:13.112 I/adbd ( 1383): type=1400 audit(0.0:702): avc: denied { open } for path="/dev/__properties__/u:object_r:vendor_default_prop:s0" dev="tmpfs" ino=377 scontext=u:r:adbd:s0 tcontext=u:object_r:vendor_default_prop:s0 tclass=file permissive=1
05-30 18:35:13.112 I/adbd ( 1383): type=1400 audit(0.0:703): avc: denied { getattr } for path="/dev/__properties__/u:object_r:vendor_default_prop:s0" dev="tmpfs" ino=377 scontext=u:r:adbd:s0 tcontext=u:object_r:vendor_default_prop:s0 tclass=file permissive=1
05-30 18:35:13.112 I/adbd ( 1383): type=1400 audit(0.0:704): avc: denied { map } for path="/dev/__properties__/u:object_r:vendor_default_prop:s0" dev="tmpfs" ino=377 scontext=u:r:adbd:s0 tcontext=u:object_r:vendor_default_prop:s0 tclass=file permissive=1
05-30 18:35:13.112 I/adbd ( 1383): type=1400 audit(0.0:705): avc: denied { setcurrent } for scontext=u:r:adbd:s0 tcontext=u:r:adbd:s0 tclass=process permissive=1
05-30 18:35:13.112 I/adbd ( 1383): type=1400 audit(0.0:706): avc: denied { dyntransition } for scontext=u:r:adbd:s0 tcontext=u:r:su:s0 tclass=process permissive=1
05-30 18:35:13.120 D/vold_prepare_subdirs( 1380): Setting up mode 771 uid 0 gid 1000 context u:object_r:apex_system_server_data_file:s0 on path: /data/misc_ce/0/apexdata/com.android.appsearch
05-30 18:35:13.121 D/vold_prepare_subdirs( 1380): Setting up mode 771 uid 0 gid 1000 context u:object_r:apex_module_data_file:s0 on path: /data/misc_ce/0/apexdata/com.android.adservices
05-30 18:35:13.122 D/vold_prepare_subdirs( 1380): Setting up mode 771 uid 0 gid 1000 context u:object_r:apex_module_data_file:s0 on path: /data/misc_ce/0/apexdata/com.google.android.widevine
05-30 18:35:13.124 D/vold_prepare_subdirs( 1380): Setting up mode 771 uid 0 gid 1000 context u:object_r:apex_module_data_file:s0 on path: /data/misc_ce/0/apexdata/com.android.sdkext
05-30 18:35:13.125 D/vold_prepare_subdirs( 1380): Setting up mode 771 uid 0 gid 1000 context u:object_r:apex_module_data_file:s0 on path: /data/misc_ce/0/apexdata/com.android.rkpd
05-30 18:35:13.126 I/adbd ( 1383): persist.adb.watchdog set to ''
05-30 18:35:13.120 I/adbd ( 1383): type=1400 audit(0.0:707): avc: denied { open } for path="/dev/__properties__/u:object_r:test_harness_prop:s0" dev="tmpfs" ino=349 scontext=u:r:su:s0 tcontext=u:object_r:test_harness_prop:s0 tclass=file permissive=1
05-30 18:35:13.120 I/adbd ( 1383): type=1400 audit(0.0:708): avc: denied { getattr } for path="/dev/__properties__/u:object_r:test_harness_prop:s0" dev="tmpfs" ino=349 scontext=u:r:su:s0 tcontext=u:object_r:test_harness_prop:s0 tclass=file permissive=1
05-30 18:35:13.120 I/adbd ( 1383): type=1400 audit(0.0:709): avc: denied { map } for path="/dev/__properties__/u:object_r:test_harness_prop:s0" dev="tmpfs" ino=349 scontext=u:r:su:s0 tcontext=u:object_r:test_harness_prop:s0 tclass=file permissive=1
05-30 18:35:13.126 I/adbd ( 1383): persist.sys.test_harness set to ''
05-30 18:35:13.126 I/adbd ( 1383): adb watchdog timeout set to 600 seconds
05-30 18:35:13.127 D/vold_prepare_subdirs( 1380): Setting up mode 771 uid 0 gid 1000 context u:object_r:apex_module_data_file:s0 on path: /data/misc_ce/0/apexdata/com.android.os.statsd
05-30 18:35:13.128 D/nativeloader( 1382): Configuring clns-shared-4 for other apk /system/framework/org.apache.http.legacy.jar. target_sdk_version=34, uses_libraries=ALL, library_path=/apex/com.android.devicelock/priv-app/DeviceLockController@UD2A.240505.001.W1/lib/arm:/system/lib:/system_ext/lib, permitted_path=/data:/mnt/expand:/data/user/0/com.android.devicelockcontroller:/apex/com.android.devicelock/priv-app/DeviceLockController@UD2A.240505.001.W1:/system/lib:/system_ext/lib
05-30 18:35:13.128 D/vold_prepare_subdirs( 1380): Setting up mode 771 uid 0 gid 1000 context u:object_r:apex_module_data_file:s0 on path: /data/misc_ce/0/apexdata/com.android.virt
05-30 18:35:13.130 D/vold_prepare_subdirs( 1380): Setting up mode 771 uid 0 gid 1000 context u:object_r:apex_module_data_file:s0 on path: /data/misc_ce/0/apexdata/com.android.btservices
05-30 18:35:13.131 D/vold_prepare_subdirs( 1380): Setting up mode 771 uid 0 gid 1000 context u:object_r:apex_module_data_file:s0 on path: /data/misc_ce/0/apexdata/com.amlogic.mediaextractor
05-30 18:35:13.131 I/adbd ( 1383): Waiting for persist.adb.tls_server.enable=1
05-30 18:35:13.132 D/vold_prepare_subdirs( 1380): Setting up mode 771 uid 0 gid 1000 context u:object_r:apex_module_data_file:s0 on path: /data/misc_ce/0/apexdata/com.android.apex.cts.shim
05-30 18:35:13.133 I/adbd ( 1383): Setup mdns on port= 5555
05-30 18:35:13.134 I/adbd ( 1383): adbd listening on tcp:5555
05-30 18:35:13.134 I/adbd ( 1383): adbd listening on vsock:5555
05-30 18:35:13.134 I/adbd ( 1383): adbd started
05-30 18:35:13.134 D/vold_prepare_subdirs( 1380): Setting up mode 771 uid 0 gid 1000 context u:object_r:apex_module_data_file:s0 on path: /data/misc_ce/0/apexdata/com.android.healthfitness
05-30 18:35:13.136 D/vold_prepare_subdirs( 1380): Setting up mode 771 uid 0 gid 1000 context u:object_r:apex_module_data_file:s0 on path: /data/misc_ce/0/apexdata/com.android.devicelock
05-30 18:35:13.137 D/vold_prepare_subdirs( 1380): Setting up mode 771 uid 0 gid 1000 context u:object_r:apex_module_data_file:s0 on path: /data/misc_ce/0/apexdata/com.android.i18n
05-30 18:35:13.139 D/vold_prepare_subdirs( 1380): Setting up mode 771 uid 0 gid 1000 context u:object_r:apex_module_data_file:s0 on path: /data/misc_ce/0/apexdata/com.android.runtime
05-30 18:35:13.140 D/vold_prepare_subdirs( 1380): Setting up mode 771 uid 0 gid 1000 context u:object_r:apex_module_data_file:s0 on path: /data/misc_ce/0/apexdata/com.android.vndk.v34
05-30 18:35:13.142 D/vold_prepare_subdirs( 1380): Setting up mode 771 uid 0 gid 1000 context u:object_r:apex_module_data_file:s0 on path: /data/misc_ce/0/apexdata/com.android.tzdata
05-30 18:35:13.142 E/perfetto( 1400): perfetto_cmd.cc:385 Could not open /data/misc/perfetto-configs/stopboottracetrigger.pbtxt (errno: 2, No such file or directory)
05-30 18:35:13.143 D/vold_prepare_subdirs( 1380): Setting up mode 771 uid 0 gid 1000 context u:object_r:apex_module_data_file:s0 on path: /data/misc_ce/0/apexdata/sharedlibs
05-30 18:35:13.145 D/vold_prepare_subdirs( 1380): Setting up mode 770 uid 1000 gid 2001 context u:object_r:checkin_data_file:s0:c512,c768 on path: /data/misc_ce/0/checkin
05-30 18:35:13.146 D/vold_prepare_subdirs( 1380): Setting up mode 700 uid 1000 gid 1000 context u:object_r:backup_data_file:s0 on path: /data/system_ce/0/backup
05-30 18:35:13.148 D/vold_prepare_subdirs( 1380): Setting up mode 700 uid 1000 gid 1000 context u:object_r:backup_data_file:s0 on path: /data/system_ce/0/backup_stage
05-30 18:35:13.154 D/vold_prepare_subdirs( 1380): Setting up mode 700 uid 1000 gid 1000 context u:object_r:face_vendor_data_file:s0 on path: /data/vendor_ce/0/facedata
05-30 18:35:13.156 D/nativeloader( 1382): Configuring clns-shared-5 for other apk /apex/com.android.devicelock/priv-app/DeviceLockController@UD2A.240505.001.W1/DeviceLockController.apk. target_sdk_version=34, uses_libraries=, library_path=/apex/com.android.devicelock/priv-app/DeviceLockController@UD2A.240505.001.W1/lib/arm:/system/lib:/system_ext/lib, permitted_path=/data:/mnt/expand:/data/user/0/com.android.devicelockcontroller:/apex/com.android.devicelock/priv-app/DeviceLockController@UD2A.240505.001.W1:/system/lib:/system_ext/lib
05-30 18:35:13.157 V/UserDataPreparer( 694): Found /data/user/0 with serial number 0
05-30 18:35:13.157 V/UserDataPreparer( 694): Found /data/system_ce/0 with serial number 0
05-30 18:35:13.158 D/nativeloader( 1382): InitApexLibraries:
05-30 18:35:13.158 D/nativeloader( 1382): com_android_adservices: libhpke_jni.so:libtflite_support_classifiers_native.so
05-30 18:35:13.158 D/nativeloader( 1382): com_android_appsearch: libicing.so
05-30 18:35:13.158 D/nativeloader( 1382): com_android_art: libartservice.so
05-30 18:35:13.158 D/nativeloader( 1382): com_android_btservices: libbluetooth_jni.so
05-30 18:35:13.158 D/nativeloader( 1382): com_android_conscrypt: libjavacrypto.so
05-30 18:35:13.158 D/nativeloader( 1382): com_android_extservices: libhpke_jni.so:libtflite_support_classifiers_native.so
05-30 18:35:13.158 D/nativeloader( 1382): com_android_os_statsd: libstats_jni.so
05-30 18:35:13.158 D/nativeloader( 1382): com_android_tethering: libandroid_net_connectivity_com_android_net_module_util_jni.so:libcronet.114.0.5735.84.so:libframework-connectivity-jni.so:libframework-connectivity-tiramisu-jni.so:libservice-connectivity.so
05-30 18:35:13.158 D/nativeloader( 1382): com_android_uwb: libuwb_uci_jni_rust.so
05-30 18:35:13.158 D/nativeloader( 1382): com_android_virt: libvirtualizationservice_jni.so:libvirtualmachine_jni.so
05-30 18:35:13.158 D/UserDataPreparer( 694): Setting property: sys.user.0.ce_available=true
05-30 18:35:13.160 D/SystemServerTiming( 694): reconcileAppsData-0
05-30 18:35:13.161 V/PackageManager( 694): reconcileAppsData for null u0 0x2 migrateAppData=false
05-30 18:35:13.163 W/PackageManager( 694): Skipping preparing app data for com.android.configinfrastructure
05-30 18:35:13.163 W/PackageManager( 694): Skipping preparing app data for com.android.appsearch
05-30 18:35:13.163 W/PackageManager( 694): Skipping preparing app data for com.android.adservices
05-30 18:35:13.164 W/PackageManager( 694): Skipping preparing app data for com.android.scheduling
05-30 18:35:13.164 W/PackageManager( 694): Skipping preparing app data for com.google.android.widevine.nonupdatable
05-30 18:35:13.164 W/PackageManager( 694): Skipping preparing app data for com.android.permission
05-30 18:35:13.164 W/PackageManager( 694): Skipping preparing app data for com.android.art
05-30 18:35:13.164 W/PackageManager( 694): Skipping preparing app data for com.android.uwb
05-30 18:35:13.164 W/PackageManager( 694): Skipping preparing app data for com.android.tethering
05-30 18:35:13.164 W/PackageManager( 694): Skipping preparing app data for com.android.btservices
05-30 18:35:13.164 W/PackageManager( 694): Skipping preparing app data for com.android.media.swcodec
05-30 18:35:13.164 W/PackageManager( 694): Skipping preparing app data for com.android.conscrypt
05-30 18:35:13.164 W/PackageManager( 694): Skipping preparing app data for com.android.adbd
05-30 18:35:13.164 W/PackageManager( 694): Skipping preparing app data for com.android.i18n
05-30 18:35:13.164 W/PackageManager( 694): Skipping preparing app data for com.android.rkpd
05-30 18:35:13.164 W/PackageManager( 694): Skipping preparing app data for com.android.virt
05-30 18:35:13.164 W/PackageManager( 694): Skipping preparing app data for com.android.wifi
05-30 18:35:13.164 W/PackageManager( 694): Skipping preparing app data for com.android.runtime
05-30 18:35:13.164 W/PackageManager( 694): Skipping preparing app data for com.android.devicelock
05-30 18:35:13.164 W/PackageManager( 694): Skipping preparing app data for com.android.apex.cts.shim
05-30 18:35:13.164 W/PackageManager( 694): Skipping preparing app data for com.android.neuralnetworks
05-30 18:35:13.165 W/PackageManager( 694): Skipping preparing app data for com.android.healthfitness
05-30 18:35:13.165 W/PackageManager( 694): Skipping preparing app data for com.android.resolv
05-30 18:35:13.165 W/PackageManager( 694): Skipping preparing app data for com.android.sdkext
05-30 18:35:13.165 W/PackageManager( 694): Skipping preparing app data for com.android.tzdata
05-30 18:35:13.165 W/PackageManager( 694): Skipping preparing app data for com.android.vndk.v34
05-30 18:35:13.165 W/PackageManager( 694): Skipping preparing app data for com.android.os.statsd
05-30 18:35:13.165 W/PackageManager( 694): Skipping preparing app data for com.android.extservices
05-30 18:35:13.165 W/PackageManager( 694): Skipping preparing app data for com.amlogic.mediaextractor
05-30 18:35:13.165 W/PackageManager( 694): Skipping preparing app data for com.android.ipsec
05-30 18:35:13.165 W/PackageManager( 694): Skipping preparing app data for com.android.media
05-30 18:35:13.165 W/PackageManager( 694): Skipping preparing app data for com.android.sdksandbox
05-30 18:35:13.165 W/PackageManager( 694): Skipping preparing app data for com.android.mediaprovider
05-30 18:35:13.165 W/PackageManager( 694): Skipping preparing app data for com.android.ondevicepersonalization
05-30 18:35:13.213 W/NotificationHistory( 694): Attempted to add notif for locked/gone/disabled user 0
05-30 18:35:13.221 V/GraphicsEnvironment( 1382): Currently set values for:
05-30 18:35:13.221 V/GraphicsEnvironment( 1382): angle_gl_driver_selection_pkgs=[]
05-30 18:35:13.221 V/GraphicsEnvironment( 1382): angle_gl_driver_selection_values=[]
05-30 18:35:13.221 V/GraphicsEnvironment( 1382): ANGLE GameManagerService for com.android.devicelockcontroller: false
05-30 18:35:13.221 V/GraphicsEnvironment( 1382): com.android.devicelockcontroller is not listed in per-application setting
05-30 18:35:13.222 V/GraphicsEnvironment( 1382): Neither updatable production driver nor prerelease driver is supported.
05-30 18:35:13.235 I/DeviceLockControllerApplication( 1382): onCreate
05-30 18:35:13.239 I/DeviceStateControllerImpl( 1382): Starting state is 0
05-30 18:35:13.242 I/UserRestrictionsPolicyHandler( 1382): Build type DEBUG = false
05-30 18:35:13.247 D/CompatibilityChangeReporter( 1382): Compat change id reported: 183155436; UID 10058; state: ENABLED
05-30 18:35:13.257 D/OomAdjuster( 694): Not killing cached processes
05-30 18:35:13.257 D/CompatibilityChangeReporter( 694): Compat change id reported: 261072174; UID 10058; state: ENABLED
05-30 18:35:13.258 I/DlcClient( 1382): Binding com.android.devicelockcontroller/.storage.SetupParametersService
05-30 18:35:13.272 E/AggregateFuture( 1382): Got more than one input Future failure. Logging failures after the first
05-30 18:35:13.272 E/AggregateFuture( 1382): java.lang.IllegalStateException: Setup parameters does not exist!
05-30 18:35:13.272 E/AggregateFuture( 1382): at com.android.devicelockcontroller.policy.UserRestrictionsPolicyHandler.lambda$retrieveLockModeRestrictions$3(UserRestrictionsPolicyHandler.java:138)
05-30 18:35:13.272 E/AggregateFuture( 1382): at com.android.devicelockcontroller.policy.UserRestrictionsPolicyHandler.$r8$lambda$K4dazaAj4roA8BauvRaHZASMq6E(UserRestrictionsPolicyHandler.java:0)
05-30 18:35:13.272 E/AggregateFuture( 1382): at com.android.devicelockcontroller.policy.UserRestrictionsPolicyHandler$$ExternalSyntheticLambda4.call(R8$$SyntheticClass:0)
05-30 18:35:13.272 E/AggregateFuture( 1382): at com.google.common.util.concurrent.CombinedFuture$CallableInterruptibleTask.runInterruptibly(CombinedFuture.java:196)
05-30 18:35:13.272 E/AggregateFuture( 1382): at com.google.common.util.concurrent.InterruptibleTask.run(InterruptibleTask.java:74)
05-30 18:35:13.272 E/AggregateFuture( 1382): at android.os.Handler.handleCallback(Handler.java:958)
05-30 18:35:13.272 E/AggregateFuture( 1382): at android.os.Handler.dispatchMessage(Handler.java:99)
05-30 18:35:13.272 E/AggregateFuture( 1382): at android.os.Looper.loopOnce(Looper.java:205)
05-30 18:35:13.272 E/AggregateFuture( 1382): at android.os.Looper.loop(Looper.java:294)
05-30 18:35:13.272 E/AggregateFuture( 1382): at android.app.ActivityThread.main(ActivityThread.java:8255)
05-30 18:35:13.272 E/AggregateFuture( 1382): at java.lang.reflect.Method.invoke(Native Method)
05-30 18:35:13.272 E/AggregateFuture( 1382): at com.android.internal.os.RuntimeInit$MethodAndArgsCaller.run(RuntimeInit.java:552)
05-30 18:35:13.272 E/AggregateFuture( 1382): at com.android.internal.os.ZygoteInit.main(ZygoteInit.java:978)
05-30 18:35:13.272 I/DeviceLockControllerApplication( 1382): Policies enforced
05-30 18:35:13.310 I/DevicePolicyEngine( 694): Couldn't find any receivers that handle ACTION_DEVICE_POLICY_SET_RESULT in package com.android.devicelockcontroller
05-30 18:35:13.312 D/DevicePolicyEngine( 694): Writing device policies to file.
05-30 18:35:13.313 D/DevicePolicyEngine( 694): Writing to /data/system/device_policy_state.xml
05-30 18:35:13.323 V/PackageManager( 694): reconcileAppsData finished 142 packages
05-30 18:35:13.324 I/ActivityManager( 694): User 0 state changed from RUNNING_LOCKED to RUNNING_UNLOCKING
05-30 18:35:13.324 D/ActivityManager( 694): Unlocking user 0 progress 20
05-30 18:35:13.324 W/Looper ( 694): Slow dispatch took 319ms android.fg h=android.os.Handler c=com.android.server.am.UserController$$ExternalSyntheticLambda2@f759697 m=0
05-30 18:35:13.324 D/SystemServerTimingAsync( 694): ssm.UnlockingUser-0
05-30 18:35:13.324 I/SystemServiceManager( 694): Calling onUnlockingUser 0
05-30 18:35:13.324 W/Looper ( 694): Slow delivery took 318ms android.fg h=android.os.Handler c=com.android.server.am.UserController$$ExternalSyntheticLambda9@8bd5084 m=0
05-30 18:35:13.324 D/SystemServerTimingAsync( 694): ssm.onUnlockingUser-0_com.android.server.security.FileIntegrityService
05-30 18:35:13.325 D/SystemServerTimingAsync( 694): ssm.onUnlockingUser-0_com.android.server.pm.Installer
05-30 18:35:13.325 D/SystemServerTimingAsync( 694): ssm.onUnlockingUser-0_com.android.server.os.DeviceIdentifiersPolicyService
05-30 18:35:13.325 D/SystemServerTimingAsync( 694): ssm.onUnlockingUser-0_com.android.server.flags.FeatureFlagsService
05-30 18:35:13.325 D/SystemServerTimingAsync( 694): ssm.onUnlockingUser-0_com.android.server.uri.UriGrantsManagerService$Lifecycle
05-30 18:35:13.325 D/SystemServerTimingAsync( 694): ssm.onUnlockingUser-0_com.android.server.powerstats.PowerStatsService
05-30 18:35:13.325 D/SystemServerTimingAsync( 694): ssm.onUnlockingUser-0_com.android.server.permission.access.AccessCheckingService
05-30 18:35:13.325 D/SystemServerTimingAsync( 694): ssm.onUnlockingUser-0_com.android.server.wm.ActivityTaskManagerService$Lifecycle
05-30 18:35:13.325 D/SystemServerTimingAsync( 694): ssm.onUnlockingUser-0_com.android.server.am.ActivityManagerService$Lifecycle
05-30 18:35:13.325 D/SystemServerTimingAsync( 694): ssm.onUnlockingUser-0_com.android.server.pm.DataLoaderManagerService
