05-30 18:35:09.866 I/wificond( 618): 6Ghz frequencies:
05-30 18:35:09.866 I/wificond( 618): 60Ghz frequencies:
05-30 18:35:09.866 I/wificond( 618): Receive notifyCountryCodeChanged
05-30 18:35:09.866 I/wificond( 618): UpdateBandInfo
05-30 18:35:09.871 I/wificond( 618): 2.4Ghz frequencies: 2412 2417 2422 2427 2432 2437 2442 2447 2452 2457 2462 2467 2472
05-30 18:35:09.871 I/wificond( 618): 5Ghz non-DFS frequencies: 5745 5765 5785 5805 5825
05-30 18:35:09.871 I/wificond( 618): 5Ghz DFS frequencies: 5180 5200 5220 5240 5260 5280 5300 5320
05-30 18:35:09.871 I/wificond( 618): 6Ghz frequencies:
05-30 18:35:09.871 I/wificond( 618): 60Ghz frequencies:
05-30 18:35:09.872 D/WifiNl80211Manager( 694): OnRegDomainChanged CN
05-30 18:35:09.872 D/WifiNative( 694): onCountryCodeChanged: CN
05-30 18:35:09.872 I/WifiCountryCode( 694): Receive onDriverCountryCodeChanged CN
05-30 18:35:09.872 D/WifiNl80211Manager( 694): OnRegDomainChanged CN
05-30 18:35:09.872 D/WifiNative( 694): onCountryCodeChanged: CN
05-30 18:35:09.872 I/WifiCountryCode( 694): Receive onDriverCountryCodeChanged CN
05-30 18:35:09.875 I/Codec2InfoBuilder( 611): adding type 'video/av01'
05-30 18:35:09.876 W/System ( 694): A resource failed to call close.
05-30 18:35:09.876 W/System ( 694): A resource failed to call close.
05-30 18:35:09.876 W/System ( 694): A resource failed to call close.
05-30 18:35:09.876 W/System ( 694): A resource failed to call close.
05-30 18:35:09.876 W/System ( 694): A resource failed to call close.
05-30 18:35:09.876 W/System ( 694): A resource failed to call close.
05-30 18:35:09.876 W/System ( 694): A resource failed to call close.
05-30 18:35:09.876 W/System ( 694): A resource failed to call close.
05-30 18:35:09.876 W/System ( 694): A resource failed to call close.
05-30 18:35:09.876 W/System ( 694): A resource failed to call close.
05-30 18:35:09.876 W/System ( 694): A resource failed to call close.
05-30 18:35:09.876 W/System ( 694): A resource failed to call close.
05-30 18:35:09.876 W/System ( 694): A resource failed to call close.
05-30 18:35:09.876 W/System ( 694): A resource failed to call close.
05-30 18:35:09.876 W/System ( 694): A resource failed to call close.
05-30 18:35:09.876 W/System ( 694): A resource failed to call close.
05-30 18:35:09.877 W/System ( 694): A resource failed to call close.
05-30 18:35:09.878 D/CompatibilityChangeReporter( 963): Compat change id reported: 263076149; UID 1000; state: ENABLED
05-30 18:35:09.880 I/C2VendorComponentStore( 485): C2VendorComponentStore::createInterface name c2.android.avc.decoder
05-30 18:35:09.880 I/C2VendorComponentStore( 485): findComponent
05-30 18:35:09.891 D/xm_audio( 477): adev_get_parameters
05-30 18:35:09.891 I/WifiScanRequestProxy( 694): Scanning is enabled
05-30 18:35:09.892 I/WifiScanRequestProxy( 694): Scanning for hidden networks is enabled
05-30 18:35:09.892 I/AudioEffectsService( 963): handleActionStartUp: is tv:false
05-30 18:35:09.892 D/SoundEffectManager( 963): init
05-30 18:35:09.895 D/xm_audio( 477): adev_get_parameters
05-30 18:35:09.896 D/SoundEffectManager( 963): getEffectFunctionConfig: UI:0 value:0
05-30 18:35:09.900 D/xm_audio( 477): adev_get_parameters
05-30 18:35:09.902 D/SoundEffectManager( 963): getEffectFunctionConfig: UI:1 value:0
05-30 18:35:09.904 D/xm_audio( 477): adev_get_parameters
05-30 18:35:09.904 D/SoundEffectManager( 963): getEffectFunctionConfig: UI:2 value:0
05-30 18:35:09.906 D/xm_audio( 477): adev_get_parameters
05-30 18:35:09.906 D/SoundEffectManager( 963): getEffectFunctionConfig: UI:3 value:0
05-30 18:35:09.911 D/xm_audio( 477): adev_get_parameters
05-30 18:35:09.912 D/SoundEffectManager( 963): getEffectFunctionConfig: UI:4 value:0
05-30 18:35:09.913 D/xm_audio( 477): adev_get_parameters
05-30 18:35:09.914 D/SoundEffectManager( 963): getEffectFunctionConfig: UI:5 value:0
05-30 18:35:09.915 D/xm_audio( 477): adev_get_parameters
05-30 18:35:09.916 D/SoundEffectManager( 963): getEffectFunctionConfig: UI:6 value:0
05-30 18:35:09.916 D/SoundEffectManager( 963): getEffectFunctionConfig: unknown UI_ID:7
05-30 18:35:09.917 D/xm_audio( 477): adev_get_parameters
05-30 18:35:09.917 D/SoundEffectManager( 963): getEffectFunctionConfig: UI:8 value:0
05-30 18:35:09.918 D/xm_audio( 477): adev_get_parameters
05-30 18:35:09.919 D/SoundEffectManager( 963): getEffectFunctionConfig: UI:9 value:0
05-30 18:35:09.923 D/xm_audio( 477): adev_get_parameters
05-30 18:35:09.925 I/Codec2InfoBuilder( 611): adding type 'video/avc'
05-30 18:35:09.927 D/WakeupController( 694): onWifiEnabled()
05-30 18:35:09.929 D/WifiClientModeImpl[19783:wlan0]( 694): entering ConnectableState: ifaceName = wlan0
05-30 18:35:09.929 I/wpa_supplicant( 1140): wpa_driver_nl80211_driver_cmd: wifi vendor: aml_w2_s
05-30 18:35:09.929 I/wpa_supplicant( 1140): wpa_driver_nl80211_driver_cmd: wlan0: private command: SETSUSPENDMODE 1
05-30 18:35:09.930 D/SoundEffectManager( 963): getEffectFunctionConfig: UI:10 value:0
05-30 18:35:09.931 D/xm_audio( 477): adev_get_parameters
05-30 18:35:09.932 D/SoundEffectManager( 963): getEffectFunctionConfig: UI:11 value:0
05-30 18:35:09.932 I/wpa_supplicant( 1140): wpa_driver_nl80211_driver_cmd: wifi vendor: aml_w2_s
05-30 18:35:09.932 I/wpa_supplicant( 1140): wpa_driver_nl80211_driver_cmd: wlan0: private command: MACADDR
05-30 18:35:09.934 D/xm_audio( 477): adev_get_parameters
05-30 18:35:09.941 D/SoundEffectManager( 963): getEffectFunctionConfig: UI:12 value:0
05-30 18:35:09.942 D/xm_audio( 477): adev_get_parameters
05-30 18:35:09.943 D/SoundEffectManager( 963): getEffectFunctionConfig: UI:13 value:0
05-30 18:35:09.943 D/SoundEffectManager( 963): getEffectFunctionConfig: unknown UI_ID:14
05-30 18:35:09.956 I/audio_hw_hal_primary( 477): [audiohal_get_latency:1333] io 13: out:0xecd047f0 frames:1152 rate:48000 whole_latency:24 alsa_latency:24
05-30 18:35:09.956 D/AudioFlinger( 517): Client defaulted notificationFrames to 2050 for frameCount 4100
05-30 18:35:09.961 I/audio_hw_hal_primary( 477): [audiohal_get_latency:1333] io 13: out:0xecd047f0 frames:1152 rate:48000 whole_latency:24 alsa_latency:24
05-30 18:35:09.964 I/C2VendorComponentStore( 485): C2VendorComponentStore::createInterface name c2.android.avc.encoder
05-30 18:35:09.964 I/C2VendorComponentStore( 485): findComponent
05-30 18:35:09.965 I/mediaswcodec( 622): missing struct descriptor #Param::CoreIndex(--004) for field values of struct #Param::CoreIndex(F-12004)
05-30 18:35:09.966 I/mediaswcodec( 622): missing struct descriptor #Param::CoreIndex(--1812) for field values of struct #Param::CoreIndex(F-11812)
05-30 18:35:09.967 I/mediaswcodec( 622): missing struct descriptor #Param::CoreIndex(--004) for field values of struct #Param::CoreIndex(F-12004)
05-30 18:35:09.967 I/mediaswcodec( 622): missing struct descriptor #Param::CoreIndex(--1812) for field values of struct #Param::CoreIndex(F-11812)
05-30 18:35:09.970 W/AudioTrack( 963): Use of stream types is deprecated for operations other than volume control
05-30 18:35:09.970 W/AudioTrack( 963): See the documentation of AudioTrack() for what to use instead with android.media.AudioAttributes to qualify your playback use case
05-30 18:35:09.970 I/SoundEffectManager( 963): applyAudioEffectByPlayEmptyTrack create empty AudioTrack to applay AudioEffect
05-30 18:35:09.971 I/audio_hw_hal_primary( 477): [audiohal_get_latency:1333] io 69: out:0xecd00e70 frames:1152 rate:48000 whole_latency:24 alsa_latency:24
05-30 18:35:09.971 I/audio_hw_hal_primary( 477): [audiohal_get_latency:1333] io 13: out:0xecd047f0 frames:1152 rate:48000 whole_latency:24 alsa_latency:24
05-30 18:35:09.973 I/Codec2InfoBuilder( 611): adding type 'video/avc'
05-30 18:35:09.974 D/CompatibilityChangeReporter( 694): Compat change id reported: 218533173; UID 1000; state: ENABLED
05-30 18:35:09.978 D/audioserver( 517): logFgsApiBegin: FGS Logger Transaction failed, -129
05-30 18:35:09.985 D/C2SoftAvcEnc( 622): Given level 0 does not cover current configuration: adjusting to 5000
05-30 18:35:09.986 I/audio_hw_hal_primary( 477): out_update_source_metadata_v7() line 2013 usage:1 content_type:2
05-30 18:35:09.986 I/audio_hw_hal_utils( 477): enable_mlock_specific_lib : persist.vendor.audio.service.mlock
05-30 18:35:09.986 I/audio_hw_hal_utils( 477): [aml_load_lock_lib_address:3932] mlock_specific_lib is disabled
05-30 18:35:09.986 I/audio_hw_hal_utils( 477): enable_mlock_specific_lib : persist.vendor.audio.service.mlock
05-30 18:35:09.986 I/audio_hw_hal_utils( 477): [_aml_lock_lib_address:4012] mlock_specific_lib is disabled
05-30 18:35:09.992 I/C2VendorComponentStore( 485): C2VendorComponentStore::createInterface name c2.android.flac.decoder
05-30 18:35:09.992 I/C2VendorComponentStore( 485): findComponent
05-30 18:35:09.997 I/Codec2InfoBuilder( 611): adding type 'audio/flac'
05-30 18:35:09.997 I/C2VendorComponentStore( 485): C2VendorComponentStore::createInterface name c2.android.flac.encoder
05-30 18:35:09.997 I/C2VendorComponentStore( 485): findComponent
05-30 18:35:10.000 I/Codec2InfoBuilder( 611): adding type 'audio/flac'
05-30 18:35:10.001 I/C2VendorComponentStore( 485): C2VendorComponentStore::createInterface name c2.android.g711.alaw.decoder
05-30 18:35:10.001 I/C2VendorComponentStore( 485): findComponent
05-30 18:35:10.004 D/audio_hw_hal_profile( 477): get_hdmi_sink_cap_new is running...
05-30 18:35:10.005 I/Codec2InfoBuilder( 611): adding type 'audio/g711-alaw'
05-30 18:35:10.005 D/audio_hw_hal_profile( 477): query hdmi format...
05-30 18:35:10.005 D/audio_hw_hal_profile( 477): get_hdmi_sink_cap_new ddp is unsupported; ddp-joc(atmos) is unsupported;
05-30 18:35:10.005 I/audio_hw_hal_profile( 477): PCM cap Max channel =2
05-30 18:35:10.005 I/audio_hw_hal_stream( 477): get_sink_capability mbox+dvb case sink_capability = 0x9000000
05-30 18:35:10.005 I/audio_hw_hal_stream( 477): force ddp out =0
05-30 18:35:10.005 D/audio_hw_hal_profile( 477): get_hdmi_sink_cap_new is running...
05-30 18:35:10.005 D/audio_hw_hal_profile( 477): query hdmi format...
05-30 18:35:10.005 D/audio_hw_hal_profile( 477): get_hdmi_sink_cap_new ddp is unsupported; ddp-joc(atmos) is unsupported;
05-30 18:35:10.005 I/audio_hw_hal_profile( 477): PCM cap Max channel =2
05-30 18:35:10.005 I/audio_hw_hal_stream( 477): [get_sink_dts_capability:212] mbox+dvb case sink_capability: PCM_16_BIT(0x1)
05-30 18:35:10.005 D/audio_hw_hal_profile( 477): get_hdmi_sink_cap_new is running...
05-30 18:35:10.005 D/audio_hw_hal_profile( 477): query hdmi format...
05-30 18:35:10.005 D/audio_hw_hal_profile( 477): get_hdmi_sink_cap_new ddp is unsupported; ddp-joc(atmos) is unsupported;
05-30 18:35:10.005 I/audio_hw_hal_profile( 477): PCM cap Max channel =2
05-30 18:35:10.005 I/audio_hw_hal_stream( 477): [get_sink_mpegh_capability:245] mbox+dvb case sink_capability: PCM_16_BIT(0x1)
05-30 18:35:10.005 D/audio_hw_hal_profile( 477): get_hdmi_sink_cap_new is running...
05-30 18:35:10.005 D/audio_hw_hal_profile( 477): [get_hdmi_sink_cap_new:960] query hdmi sample_rate... format: PCM_16_BIT(0x1)
05-30 18:35:10.005 I/audio_hw_hal_profile( 477): get_hdmi_sink_cap_new format =0x1 support rate =sup_sampling_rates=32000|44100|48000|88200|96000|176400|192000
05-30 18:35:10.005 I/audio_hw_hal_stream( 477): pcm_fmt support sample_rate_mask:0x7f
05-30 18:35:10.005 I/audio_hw_hal_stream( 477): get_sink_dv_capability : /sys/class/amhdmitx/amhdmitx0/hdmi_hdr_status = HDR10-GAMMA_ST2084
05-30 18:35:10.005 I/audio_hw_hal_stream( 477): get_sink_dv_capability : dv enable 0
05-30 18:35:10.005 I/audio_hw_hal_stream( 477): [get_sink_format:446] out:0xecd047f0 out devices:0x80002 cur_out_devices:0x2 format:PCM_16_BIT(0x1) digital_mode(PCM) sink cap:AC3(0x9000000)
05-30 18:35:10.005 I/audio_hw_hal_stream( 477): get_sink_format() HDMI ARC or mbox + dvb case
05-30 18:35:10.005 I/audio_hw_hal_stream( 477): [get_sink_format:645] sink_format:PCM_16_BIT(0x1) max channel:2 optical_format:PCM_16_BIT(0x1) dual_output 0
05-30 18:35:10.005 D/audio_hw_hal_ms12v2( 477): set_dolby_ms12_continuous_state audio_continuous_standby_set status 0
05-30 18:35:10.005 D/audio_hw_hal_continuous_standby( 477): audio_continuous_standby_set, type 0, params 0
05-30 18:35:10.006 I/audio_hw_hal_ms12common( 477): aml_set_ms12_scheduler_state ms12_scheduler_state:0, sch_state:0 SCHEDULER_RUNNING is sent to ms12
05-30 18:35:10.006 I/audio_hw_hal_primary( 477): [mixer_aux_buffer_write:7017] io 13: out:0xecd047f0 usecase:PCM_NORMAL standby to unstandby
05-30 18:35:10.006 I/audio_hw_hal_primary( 477): mixer_aux_buffer_write(), digital audio format updated, current PCM
05-30 18:35:10.006 D/audio_hw_hal_profile( 477): get_hdmi_sink_cap_new is running...
05-30 18:35:10.006 I/audio_hw_hal_ms12v2( 477): arc is reconnected, reset spdif output
05-30 18:35:10.006 I/audio_hw_hal_ms12v2( 477): ms12_close_all_spdifout id=1 spdif handle =0xef4c1510
05-30 18:35:10.006 I/audio_hw_hal_spdifout( 477): aml_audio_spdifout_close close spdif output bitstream id=1 handle 0xefa417b0, phandle:0xef4c1510
05-30 18:35:10.006 D/audio_hw_hal_profile( 477): query hdmi format...
05-30 18:35:10.006 I/audio_hw_hal_alsamgr( 477):
05-30 18:35:10.006 I/audio_hw_hal_alsamgr( 477): +aml_alsa_output_close_new() handle 0xefa417b0
05-30 18:35:10.006 D/audio_hw_hal_profile( 477): get_hdmi_sink_cap_new ddp is unsupported; ddp-joc(atmos) is unsupported;
05-30 18:35:10.006 I/audio_hw_utils_tinyalsa( 477): pcm_close(): fd = 16
05-30 18:35:10.006 I/audio_hw_hal_profile( 477): PCM cap Max channel =2
05-30 18:35:10.006 I/audio_hw_hal_stream( 477): get_sink_capability mbox+dvb case sink_capability = 0x9000000
05-30 18:35:10.006 I/audio_hw_hal_stream( 477): force ddp out =0
05-30 18:35:10.006 D/audio_hw_hal_profile( 477): get_hdmi_sink_cap_new is running...
05-30 18:35:10.006 D/audio_hw_hal_profile( 477): query hdmi format...
05-30 18:35:10.006 D/audio_hw_hal_profile( 477): get_hdmi_sink_cap_new ddp is unsupported; ddp-joc(atmos) is unsupported;
05-30 18:35:10.006 I/audio_hw_hal_profile( 477): PCM cap Max channel =2
05-30 18:35:10.006 I/audio_hw_hal_stream( 477): [get_sink_dts_capability:212] mbox+dvb case sink_capability: PCM_16_BIT(0x1)
05-30 18:35:10.006 D/audio_hw_hal_profile( 477): get_hdmi_sink_cap_new is running...
05-30 18:35:10.006 D/audio_hw_hal_profile( 477): query hdmi format...
05-30 18:35:10.006 D/audio_hw_hal_profile( 477): get_hdmi_sink_cap_new ddp is unsupported; ddp-joc(atmos) is unsupported;
05-30 18:35:10.006 I/audio_hw_hal_profile( 477): PCM cap Max channel =2
05-30 18:35:10.006 I/audio_hw_hal_stream( 477): [get_sink_mpegh_capability:245] mbox+dvb case sink_capability: PCM_16_BIT(0x1)
05-30 18:35:10.006 D/audio_hw_hal_profile( 477): get_hdmi_sink_cap_new is running...
05-30 18:35:10.006 D/audio_hw_hal_profile( 477): [get_hdmi_sink_cap_new:960] query hdmi sample_rate... format: PCM_16_BIT(0x1)
05-30 18:35:10.006 I/audio_hw_hal_profile( 477): get_hdmi_sink_cap_new format =0x1 support rate =sup_sampling_rates=32000|44100|48000|88200|96000|176400|192000
05-30 18:35:10.006 I/audio_hw_hal_stream( 477): pcm_fmt support sample_rate_mask:0x7f
05-30 18:35:10.006 I/audio_hw_hal_stream( 477): get_sink_dv_capability : /sys/class/amhdmitx/amhdmitx0/hdmi_hdr_status = HDR10-GAMMA_ST2084
05-30 18:35:10.006 I/audio_hw_hal_stream( 477): get_sink_dv_capability : dv enable 0
05-30 18:35:10.006 I/audio_hw_hal_stream( 477): [get_sink_format:446] out:0xecd047f0 out devices:0x80002 cur_out_devices:0x2 format:PCM_16_BIT(0x1) digital_mode(PCM) sink cap:AC3(0x9000000)
05-30 18:35:10.006 I/audio_hw_hal_stream( 477): get_sink_format() HDMI ARC or mbox + dvb case
05-30 18:35:10.006 I/audio_hw_hal_stream( 477): [get_sink_format:645] sink_format:PCM_16_BIT(0x1) max channel:2 optical_format:PCM_16_BIT(0x1) dual_output 0
05-30 18:35:10.006 I/audio_hw_hal_primary( 477): [config_output:5882] out:0xecd047f0 hal_internal_format:PCM_16_BIT(0x1) dolby_lib_type: 2 reset_decoder 1 rate =48000 ch=2
05-30 18:35:10.006 D/audio_hw_decoder_api( 477): [aml_decoder_init:140] dec_fun->f_init=0xed31cc95, format:0x1
05-30 18:35:10.006 I/audio_hw_decoder_pcm( 477): [pcm_decoder_init:135] success PCM format=1, samplerate:48000, ch:2
05-30 18:35:10.006 I/audio_hw_hal_primary( 477): continuous_mode(adev) 1 ms12->dolby_ms12_enable 1
05-30 18:35:10.006 I/audio_hw_hal_ms12common( 477): audiohal_send_msg_2_ms12 mesg_type:MS12_MESG_TYPE_RESET_MS12_ENCODER entry
05-30 18:35:10.006 I/audio_hw_hal_ms12common( 477): audiohal_send_msg_2_ms12 mesg_type:MS12_MESG_TYPE_RESET_MS12_ENCODER exit
05-30 18:35:10.006 I/audio_hw_hal_primary( 477): [config_output:6071] out stream alsa port device:0
05-30 18:35:10.006 D/audio_hw_hal_ms12common( 477): ms12_message_threadloop(), msg type: MS12_MESG_TYPE_RESET_MS12_ENCODER
05-30 18:35:10.006 W/libdolbyms12( 477): resized buffer size exceed largest buffer size, max 0, cur 24576
05-30 18:35:10.006 I/audio_hw_hal_ms12v2( 477): +dolby_ms12_encoder_reconfig()
05-30 18:35:10.006 I/libdolbyms12( 477): reset buffer size from 0 to 24576
05-30 18:35:10.006 I/libdolbyms12( 477): storage_audio_stream_out_data system : ring_buffer_size change from 0 to 24576
05-30 18:35:10.006 D/audio_hw_hal_virtualbuf( 477): audio_virtual_buf_open ms12 system input buf_begin=21333333 buf_target=84000000 time=1000000000
05-30 18:35:10.007 D/libdolbyms12( 477): mch_enable 0
05-30 18:35:10.007 D/audio_hw_hal_ms12v2( 477): set_ms12_out_ddp_5_1 input_format 0xa000000 is_sink_supported_ddp_atmos 0
05-30 18:35:10.007 I/audio_hw_decoder_ms12v2( 477): setLegacyDDPOut() mIsLegacyDDPOut 1
05-30 18:35:10.007 D/audio_hw_hal_continuous_standby( 477): audio_continuous_standby_set, type 1, params 8
05-30 18:35:10.007 I/audio_hw_decoder_ms12v2( 477): setHDMIOutoutType() mHdmiOutputType 0
05-30 18:35:10.007 I/audio_hw_hal_ms12v2( 477): dolby_ms12_encoder_reconfig new out config =0x8
05-30 18:35:10.007 D/libdolbyms12( 477): ms12_encoder_close() line 1184 release EncHandle
05-30 18:35:10.011 I/C2VendorComponentStore( 485): C2VendorComponentStore::createInterface name c2.android.g711.mlaw.decoder
05-30 18:35:10.011 I/C2VendorComponentStore( 485): findComponent
05-30 18:35:10.013 I/audio_hw_hal_alsamgr( 477): -aml_alsa_output_close_new()
05-30 18:35:10.013 I/audio_hw_hal_alsamgr( 477):
05-30 18:35:10.013 I/audio_hw_hal_spdifencoder( 477): aml_spdif_encoder_close handle=0xf0b407c0
05-30 18:35:10.013 I/audio_hw_hal_alsamgr( 477): raw to lpcm switch aml_alsa_output_write
05-30 18:35:10.014 I/Codec2InfoBuilder( 611): adding type 'audio/g711-mlaw'
05-30 18:35:10.015 W/Role ( 1089): Cannot get ApplicationInfo for default holder: com.android.messaging
05-30 18:35:10.024 W/Role ( 1089): Cannot get ApplicationInfo for default holder: com.android.tv.frameworkpackagestubs
05-30 18:35:10.028 D/libdolbyms12( 477): Aml_MS12_DynamicDisConnectNode Success
05-30 18:35:10.028 D/libdolbyms12( 477): Aml_MS12_DynamicDisConnectNode handle is NULL
05-30 18:35:10.028 I/audio_hw_decoder_ms12v2( 477): aml_ms12_main_encoder_reconfig : output_config 0x8 not request open encoder
05-30 18:35:10.028 D/audio_hw_hal_ms12common( 477): ms12_message_threadloop mesg_list is empty, loop waiting......
05-30 18:35:10.030 I/audio_hw_hal_primary( 477): out_write_new(), stream[0xecd047f0] write_status set to true
05-30 18:35:10.030 I/C2VendorComponentStore( 485): C2VendorComponentStore::createInterface name c2.android.gsm.decoder
05-30 18:35:10.030 I/C2VendorComponentStore( 485): findComponent
05-30 18:35:10.030 I/audio_hw_hal_ms12v2( 477): dolby_ms12_threadloop alsa is not running
05-30 18:35:10.030 D/libdolbyms12( 477): set runtime mch_enable 0
05-30 18:35:10.030 I/audio_hw_hal_ms12v2( 477): ms12 optical format change from 0x1 to 0x1
05-30 18:35:10.030 I/audio_hw_hal_ms12v2( 477): dolby_ms12_threadloop alsa is not running
05-30 18:35:10.031 I/audio_hw_hal_ms12v2( 477): dolby_ms12_threadloop alsa is not running
05-30 18:35:10.031 I/audio_hw_hal_ms12v2( 477): dolby_ms12_threadloop alsa is not running
05-30 18:35:10.032 I/audio_hw_hal_alsamgr( 477): aml_alsa_output_write alsa_running_status[0xecd02b30] change from 0 to 1
05-30 18:35:10.047 D/Codec2InfoBuilder( 611): codec entry for 'c2.android.gsm.decoder' is disabled
05-30 18:35:10.048 I/C2VendorComponentStore( 485): C2VendorComponentStore::createInterface name c2.android.h263.decoder
05-30 18:35:10.048 I/C2VendorComponentStore( 485): findComponent
05-30 18:35:10.056 I/Codec2InfoBuilder( 611): adding type 'video/3gpp'
05-30 18:35:10.058 I/C2VendorComponentStore( 485): C2VendorComponentStore::createInterface name c2.android.h263.encoder
05-30 18:35:10.058 I/C2VendorComponentStore( 485): findComponent
05-30 18:35:10.062 D/C2SoftH263Enc( 622): Given level 3004 does not cover current configuration: adjusting to 3003
05-30 18:35:10.066 D/C2SoftH263Enc( 622): Given level 3004 does not cover current configuration: adjusting to 3003
05-30 18:35:10.070 I/audio_hw_hal_stream( 477): aml_stream_out_info_print: out:0xecd047f0, stream_type:pcm, sync_mode:non tunnel, input_size:16384 bytes
05-30 18:35:10.070 I/audio_hw_hal_stream( 477): aml_stream_out_info_print: last_time:10140 ms (sec:10, nsec:140720462), last_position:0 ms (0), cur_time:20092 ms (sec:20, nsec:92519508), cur_position:26 ms (1280)
05-30 18:35:10.070 I/audio_hw_hal_stream( 477): aml_stream_out_info_print: time_gap:9952 ms (thr:100 ms), position_gap:26 ms, delay:58 ms, jitter: Position gap is behind system time gap by 20066 ms (thr:100 ms)
05-30 18:35:10.073 I/Codec2InfoBuilder( 611): adding type 'video/3gpp'
05-30 18:35:10.081 D/C2SoftH263Enc( 622): Given level 0 does not cover current configuration: adjusting to 3003
05-30 18:35:10.083 I/C2VendorComponentStore( 485): C2VendorComponentStore::createInterface name c2.android.hevc.decoder
05-30 18:35:10.083 I/C2VendorComponentStore( 485): findComponent
05-30 18:35:10.095 I/Codec2InfoBuilder( 611): adding type 'video/hevc'
05-30 18:35:10.105 I/C2VendorComponentStore( 485): C2VendorComponentStore::createInterface name c2.android.hevc.encoder
05-30 18:35:10.105 I/C2VendorComponentStore( 485): findComponent
05-30 18:35:10.110 I/mediaswcodec( 622): missing struct descriptor #Param::CoreIndex(--004) for field values of struct #Param::CoreIndex(F-12004)
05-30 18:35:10.111 I/mediaswcodec( 622): missing struct descriptor #Param::CoreIndex(--1812) for field values of struct #Param::CoreIndex(F-11812)
05-30 18:35:10.111 I/mediaswcodec( 622): missing struct descriptor #Param::CoreIndex(--004) for field values of struct #Param::CoreIndex(F-12004)
05-30 18:35:10.112 I/mediaswcodec( 622): missing struct descriptor #Param::CoreIndex(--1812) for field values of struct #Param::CoreIndex(F-11812)
05-30 18:35:10.116 D/Codec2InfoBuilder( 611): codec entry for 'c2.android.hevc.encoder' is disabled
05-30 18:35:10.117 I/C2VendorComponentStore( 485): C2VendorComponentStore::createInterface name c2.android.mp3.decoder
05-30 18:35:10.117 I/C2VendorComponentStore( 485): findComponent
05-30 18:35:10.121 I/Codec2InfoBuilder( 611): adding type 'audio/mpeg'
05-30 18:35:10.121 I/C2VendorComponentStore( 485): C2VendorComponentStore::createInterface name c2.android.mpeg2.decoder
05-30 18:35:10.121 I/C2VendorComponentStore( 485): findComponent
05-30 18:35:10.135 D/Codec2InfoBuilder( 611): codec entry for 'c2.android.mpeg2.decoder' is disabled
05-30 18:35:10.136 I/C2VendorComponentStore( 485): C2VendorComponentStore::createInterface name c2.android.mpeg4.decoder
05-30 18:35:10.136 I/C2VendorComponentStore( 485): findComponent
05-30 18:35:10.156 I/Codec2InfoBuilder( 611): adding type 'video/mp4v-es'
05-30 18:35:10.168 I/C2VendorComponentStore( 485): C2VendorComponentStore::createInterface name c2.android.mpeg4.encoder
05-30 18:35:10.168 I/C2VendorComponentStore( 485): findComponent
05-30 18:35:10.176 I/Codec2InfoBuilder( 611): adding type 'video/mp4v-es'
05-30 18:35:10.177 D/C2SoftMpeg4Enc( 622): Given level 0 does not cover current configuration: adjusting to 4003
05-30 18:35:10.178 I/C2VendorComponentStore( 485): C2VendorComponentStore::createInterface name c2.android.opus.decoder
05-30 18:35:10.178 I/C2VendorComponentStore( 485): findComponent
05-30 18:35:10.183 I/Codec2InfoBuilder( 611): adding type 'audio/opus'
05-30 18:35:10.186 I/C2VendorComponentStore( 485): C2VendorComponentStore::createInterface name c2.android.opus.encoder
05-30 18:35:10.186 I/C2VendorComponentStore( 485): findComponent
05-30 18:35:10.190 I/Codec2InfoBuilder( 611): adding type 'audio/opus'
05-30 18:35:10.190 I/C2VendorComponentStore( 485): C2VendorComponentStore::createInterface name c2.android.raw.decoder
05-30 18:35:10.190 I/C2VendorComponentStore( 485): findComponent
05-30 18:35:10.194 I/Codec2InfoBuilder( 611): adding type 'audio/raw'
05-30 18:35:10.195 I/C2VendorComponentStore( 485): C2VendorComponentStore::createInterface name c2.android.vorbis.decoder
05-30 18:35:10.195 I/C2VendorComponentStore( 485): findComponent
05-30 18:35:10.199 I/Codec2InfoBuilder( 611): adding type 'audio/vorbis'
05-30 18:35:10.199 I/C2VendorComponentStore( 485): C2VendorComponentStore::createInterface name c2.android.vp8.decoder
05-30 18:35:10.199 I/C2VendorComponentStore( 485): findComponent
05-30 18:35:10.206 I/Codec2InfoBuilder( 611): adding type 'video/x-vnd.on2.vp8'
05-30 18:35:10.210 I/C2VendorComponentStore( 485): C2VendorComponentStore::createInterface name c2.android.vp8.encoder
05-30 18:35:10.210 I/C2VendorComponentStore( 485): findComponent
05-30 18:35:10.211 I/C2SoftVpxEnc( 622): setting temporal layering 0 + 0
05-30 18:35:10.212 I/C2SoftVpxEnc( 622): setting temporal layering 0 + 0
05-30 18:35:10.215 I/Codec2InfoBuilder( 611): adding type 'video/x-vnd.on2.vp8'
05-30 18:35:10.222 I/C2VendorComponentStore( 485): C2VendorComponentStore::createInterface name c2.android.vp9.decoder
05-30 18:35:10.222 I/C2VendorComponentStore( 485): findComponent
05-30 18:35:10.230 D/audio_hw_hal_stream( 477): update_audio_hal_info() audio hal format change to 1, atmos flag = 0, is_dolby_atmos = 0, dts_hp_x = 0, update_type = 0 is_dolby_atmos_off = 1 virtual_bass_enable 0
05-30 18:35:10.230 D/audio_hw_hal_stream( 477): update_audio_hal_info() cur_out_devices 0x2, dap_bypass_enable = 0, is_ms12_tuning_dat = 0, dolby_ms12_enable = 1, output_config = 0x8
05-30 18:35:10.231 D/UEventObserver( 963): change@/devices/platform/auge_sound/sound/card0/controlC0ACTION=changeDEVPATH=/devices/platform/auge_sound/sound/card0/controlC0SUBSYSTEM=soundAUDIO_FORMAT=0MAJOR=116MINOR=13DEVNAME=snd/controlC0SEQNUM=3557
05-30 18:35:10.240 I/Codec2InfoBuilder( 611): adding type 'video/x-vnd.on2.vp9'
05-30 18:35:10.246 I/C2VendorComponentStore( 485): C2VendorComponentStore::createInterface name c2.android.vp9.encoder
05-30 18:35:10.246 I/C2VendorComponentStore( 485): findComponent
05-30 18:35:10.248 I/C2SoftVpxEnc( 622): setting temporal layering 0 + 0
05-30 18:35:10.249 I/C2SoftVpxEnc( 622): setting temporal layering 0 + 0
05-30 18:35:10.250 D/Codec2InfoBuilder( 611): codec entry for 'c2.android.vp9.encoder' is disabled
05-30 18:35:10.254 D/MediaCodecList( 694): codecHandlesFormat: no format, so no extra checks
05-30 18:35:10.258 D/MediaCodecList( 694): codecHandlesFormat: no format, so no extra checks
05-30 18:35:10.270 D/CCodec ( 694): allocate(c2.android.vorbis.decoder)
05-30 18:35:10.271 D/CCodec ( 694): allocate(c2.android.vorbis.decoder)
05-30 18:35:10.278 I/Codec2Client( 694): Available Codec2 services: "default" "software"
05-30 18:35:10.284 I/CCodec ( 694): setting up 'default' as default (vendor) store
05-30 18:35:10.285 I/CCodec ( 694): setting up 'default' as default (vendor) store
05-30 18:35:10.289 I/C2VendorComponentStore( 485): C2VendorComponentStore::createComponent name c2.android.vorbis.decoder
05-30 18:35:10.289 I/C2VendorComponentStore( 485): findComponent
05-30 18:35:10.290 I/C2VendorComponentStore( 485): C2VendorComponentStore::createComponent name c2.android.vorbis.decoder
05-30 18:35:10.290 I/C2VendorComponentStore( 485): findComponent
05-30 18:35:10.292 E/DocumentManagerRoleBehavior( 1089): There should be exactly one documenter; found 0: matches=[]
05-30 18:35:10.301 I/CCodec ( 694): Created component [c2.android.vorbis.decoder]
05-30 18:35:10.303 D/CCodecConfig( 694): read media type: audio/vorbis
05-30 18:35:10.308 I/CCodec ( 694): Created component [c2.android.vorbis.decoder]
05-30 18:35:10.310 W/Role ( 1089): Cannot get ApplicationInfo for default holder: com.android.gallery3d
05-30 18:35:10.311 D/CCodecConfig( 694): read media type: audio/vorbis
05-30 18:35:10.313 D/ReflectedParamUpdater( 694): extent() != 1 for single value type: algo.buffers.max-count.values
05-30 18:35:10.314 D/ReflectedParamUpdater( 694): extent() != 1 for single value type: output.subscribed-indices.values
05-30 18:35:10.316 D/ReflectedParamUpdater( 694): extent() != 1 for single value type: input.buffers.allocator-ids.values
05-30 18:35:10.316 D/ReflectedParamUpdater( 694): extent() != 1 for single value type: output.buffers.allocator-ids.values
05-30 18:35:10.317 D/ReflectedParamUpdater( 694): extent() != 1 for single value type: algo.buffers.allocator-ids.values
05-30 18:35:10.317 D/ReflectedParamUpdater( 694): extent() != 1 for single value type: output.buffers.pool-ids.values
05-30 18:35:10.317 D/ReflectedParamUpdater( 694): extent() != 1 for single value type: algo.buffers.pool-ids.values
05-30 18:35:10.319 I/CCodecConfig( 694): query failed after returning 7 values (BAD_INDEX)
05-30 18:35:10.319 D/CCodecConfig( 694): c2 config diff is Dict {
05-30 18:35:10.319 D/CCodecConfig( 694): c2::u32 coded.bitrate.value = 64000
05-30 18:35:10.319 D/CCodecConfig( 694): c2::u32 input.buffers.max-size.value = 32768
05-30 18:35:10.319 D/CCodecConfig( 694): c2::u32 input.delay.value = 0
05-30 18:35:10.319 D/CCodecConfig( 694): string input.media-type.value = "audio/vorbis"
05-30 18:35:10.319 D/CCodecConfig( 694): string output.media-type.value = "audio/raw"
05-30 18:35:10.319 D/CCodecConfig( 694): c2::u32 raw.channel-count.value = 1
05-30 18:35:10.319 D/CCodecConfig( 694): c2::u32 raw.sample-rate.value = 48000
05-30 18:35:10.319 D/CCodecConfig( 694): }
05-30 18:35:10.323 D/MediaCodec( 694): flushMediametrics
05-30 18:35:10.323 D/CCodec ( 694): [c2.android.vorbis.decoder] buffers are bound to CCodec for this session
05-30 18:35:10.323 D/CCodecConfig( 694): no c2 equivalents for durationUs
05-30 18:35:10.323 D/CCodecConfig( 694): no c2 equivalents for track-id
05-30 18:35:10.323 D/CCodecConfig( 694): no c2 equivalents for csd-1
05-30 18:35:10.323 D/CCodecConfig( 694): no c2 equivalents for flags
05-30 18:35:10.334 D/CCodecConfig( 694): c2 config diff is c2::u32 coded.bitrate.value = 96000
05-30 18:35:10.334 D/CCodecConfig( 694): c2::u32 raw.channel-count.value = 2
05-30 18:35:10.336 D/ReflectedParamUpdater( 694): extent() != 1 for single value type: algo.buffers.max-count.values
05-30 18:35:10.336 W/Codec2Client( 694): query -- param skipped: index = 1107298332.
05-30 18:35:10.336 D/CCodec ( 694): encoding statistics level = 0
05-30 18:35:10.336 D/CCodec ( 694): setup formats input: AMessage(what = 0x00000000) = {
05-30 18:35:10.336 D/CCodec ( 694): int32_t bitrate = 96000
05-30 18:35:10.336 D/CCodec ( 694): int32_t channel-count = 2
05-30 18:35:10.336 D/CCodec ( 694): int32_t max-input-size = 32768
05-30 18:35:10.336 D/CCodec ( 694): string mime = "audio/vorbis"
05-30 18:35:10.336 D/CCodec ( 694): int32_t sample-rate = 48000
05-30 18:35:10.336 D/CCodec ( 694): }
05-30 18:35:10.336 D/CCodec ( 694): setup formats output: AMessage(what = 0x00000000) = {
05-30 18:35:10.336 D/CCodec ( 694): int32_t channel-count = 2
05-30 18:35:10.336 D/CCodec ( 694): string mime = "audio/raw"
05-30 18:35:10.336 D/CCodec ( 694): int32_t sample-rate = 48000
05-30 18:35:10.336 D/CCodec ( 694): int32_t channel-mask = 3
05-30 18:35:10.336 D/CCodec ( 694): int32_t android._config-pcm-encoding = 2
05-30 18:35:10.336 D/CCodec ( 694): }
05-30 18:35:10.336 I/CCodecConfig( 694): query failed after returning 7 values (BAD_INDEX)
05-30 18:35:10.339 D/ReflectedParamUpdater( 694): extent() != 1 for single value type: output.subscribed-indices.values
05-30 18:35:10.339 D/ReflectedParamUpdater( 694): extent() != 1 for single value type: input.buffers.allocator-ids.values
05-30 18:35:10.340 D/ReflectedParamUpdater( 694): extent() != 1 for single value type: output.buffers.allocator-ids.values
05-30 18:35:10.340 D/ReflectedParamUpdater( 694): extent() != 1 for single value type: algo.buffers.allocator-ids.values
05-30 18:35:10.341 D/ReflectedParamUpdater( 694): extent() != 1 for single value type: output.buffers.pool-ids.values
05-30 18:35:10.341 D/ReflectedParamUpdater( 694): extent() != 1 for single value type: algo.buffers.pool-ids.values
05-30 18:35:10.343 I/CCodecConfig( 694): query failed after returning 7 values (BAD_INDEX)
05-30 18:35:10.343 D/CCodecConfig( 694): c2 config diff is Dict {
05-30 18:35:10.343 D/CCodecConfig( 694): c2::u32 coded.bitrate.value = 64000
05-30 18:35:10.343 D/CCodecConfig( 694): c2::u32 input.buffers.max-size.value = 32768
05-30 18:35:10.343 D/CCodecConfig( 694): c2::u32 input.delay.value = 0
05-30 18:35:10.343 D/CCodecConfig( 694): string input.media-type.value = "audio/vorbis"
05-30 18:35:10.343 D/CCodecConfig( 694): string output.media-type.value = "audio/raw"
05-30 18:35:10.343 D/CCodecConfig( 694): c2::u32 raw.channel-count.value = 1
05-30 18:35:10.343 D/CCodecConfig( 694): c2::u32 raw.sample-rate.value = 48000
05-30 18:35:10.343 D/CCodecConfig( 694): }
05-30 18:35:10.343 W/Codec2Client( 694): query -- param skipped: index = 1342179345.
05-30 18:35:10.344 W/Codec2Client( 694): query -- param skipped: index = 2415921170.
05-30 18:35:10.344 D/C2Store ( 694): debug.c2.use_dmabufheaps set, forcing DMABUF Heaps
05-30 18:35:10.344 D/C2Store ( 694): Using DMABUF Heaps
05-30 18:35:10.344 I/DMABUFHEAPS( 694): Using : Non-legacy ION heaps
05-30 18:35:10.347 D/MediaCodec( 694): flushMediametrics
05-30 18:35:10.348 D/CCodec ( 694): [c2.android.vorbis.decoder] buffers are bound to CCodec for this session
05-30 18:35:10.348 D/CCodecConfig( 694): no c2 equivalents for durationUs
05-30 18:35:10.348 D/CCodecConfig( 694): no c2 equivalents for track-id
05-30 18:35:10.348 D/CCodecConfig( 694): no c2 equivalents for csd-1
05-30 18:35:10.348 D/CCodecConfig( 694): no c2 equivalents for flags
05-30 18:35:10.349 D/CCodecBufferChannel( 694): [c2.android.vorbis.decoder#447] Created input block pool with allocatorID 16 => poolID 17 - OK (0)
05-30 18:35:10.350 D/C2Store ( 622): debug.c2.use_dmabufheaps set, forcing DMABUF Heaps
05-30 18:35:10.350 D/C2Store ( 622): Using DMABUF Heaps
05-30 18:35:10.350 I/DMABUFHEAPS( 622): Using : Non-legacy ION heaps
05-30 18:35:10.350 W/AudioCapabilities( 694): Unsupported mime audio/vnd.dts.hd;profile=lbr
05-30 18:35:10.351 W/AudioCapabilities( 694): Unsupported mime audio/ffmpeg
05-30 18:35:10.352 W/AudioCapabilities( 694): Unsupported mime audio/mpeg-L1
05-30 18:35:10.352 D/CCodecConfig( 694): c2 config diff is c2::u32 coded.bitrate.value = 140000
05-30 18:35:10.352 W/AudioCapabilities( 694): Unsupported mime audio/mpeg-L2
05-30 18:35:10.353 I/CCodecBufferChannel( 694): [c2.android.vorbis.decoder#447] Created output block pool with allocatorID 16 => poolID 17 - OK
05-30 18:35:10.353 W/Codec2Client( 694): query -- param skipped: index = 1107298332.
05-30 18:35:10.354 D/CCodec ( 694): encoding statistics level = 0
05-30 18:35:10.354 D/CCodec ( 694): setup formats input: AMessage(what = 0x00000000) = {
05-30 18:35:10.354 D/CCodec ( 694): int32_t bitrate = 140000
05-30 18:35:10.354 D/CCodec ( 694): int32_t channel-count = 1
05-30 18:35:10.354 D/CCodec ( 694): int32_t max-input-size = 32768
05-30 18:35:10.354 D/CCodec ( 694): string mime = "audio/vorbis"
05-30 18:35:10.354 D/CCodec ( 694): int32_t sample-rate = 48000
05-30 18:35:10.354 D/CCodec ( 694): }
05-30 18:35:10.354 D/CCodec ( 694): setup formats output: AMessage(what = 0x00000000) = {
05-30 18:35:10.354 D/CCodec ( 694): int32_t channel-count = 1
05-30 18:35:10.354 D/CCodec ( 694): string mime = "audio/raw"
05-30 18:35:10.354 D/CCodec ( 694): int32_t sample-rate = 48000
05-30 18:35:10.354 D/CCodec ( 694): int32_t channel-mask = 1
05-30 18:35:10.354 D/CCodec ( 694): int32_t android._config-pcm-encoding = 2
05-30 18:35:10.354 D/CCodec ( 694): }
05-30 18:35:10.354 I/CCodecConfig( 694): query failed after returning 7 values (BAD_INDEX)
05-30 18:35:10.355 D/CCodecBufferChannel( 694): [c2.android.vorbis.decoder#447] Configured output block pool ids 17 => OK
05-30 18:35:10.355 W/Codec2Client( 694): query -- param skipped: index = 1342179345.
05-30 18:35:10.355 W/Codec2Client( 694): query -- param skipped: index = 2415921170.
05-30 18:35:10.356 W/VideoCapabilities( 694): Unsupported mime video/avs
05-30 18:35:10.356 I/C2VendorComponentStore( 485): setDmaBufUsage 5
05-30 18:35:10.356 D/CCodecBufferChannel( 694): [c2.android.vorbis.decoder#12] Created input block pool with allocatorID 16 => poolID 18 - OK (0)
05-30 18:35:10.356 I/DMABUFHEAPS( 694): Using DMA-BUF heap named: system
05-30 18:35:10.356 W/VideoCapabilities( 694): Unsupported mime video/avs2
05-30 18:35:10.358 I/CCodecBufferChannel( 694): [c2.android.vorbis.decoder#12] Created output block pool with allocatorID 16 => poolID 18 - OK
05-30 18:35:10.358 D/CCodecBufferChannel( 694): [c2.android.vorbis.decoder#12] Configured output block pool ids 18 => OK
05-30 18:35:10.360 D/SimpleC2Component( 622): Using output block pool with poolID 17 => got 17 - 0
05-30 18:35:10.362 D/SimpleC2Component( 622): Using output block pool with poolID 18 => got 18 - 0
05-30 18:35:10.367 I/C2VendorComponentStore( 485): setDmaBufUsage 5
05-30 18:35:10.367 I/C2VendorComponentStore( 485): setDmaBufUsage 5
05-30 18:35:10.369 I/DMABUFHEAPS( 622): Using DMA-BUF heap named: system
05-30 18:35:10.370 I/C2VendorComponentStore( 485): setDmaBufUsage 5
05-30 18:35:10.377 W/VideoCapabilities( 694): Unsupported mime video/x-motion-jpeg
05-30 18:35:10.378 W/VideoCapabilities( 694): Unrecognized profile/level 0/4 for video/mpeg2
05-30 18:35:10.378 I/VideoCapabilities( 694): Unsupported profile 3 for video/mpeg2
05-30 18:35:10.378 I/VideoCapabilities( 694): Unsupported profile 4 for video/mpeg2
05-30 18:35:10.378 I/VideoCapabilities( 694): Unsupported profile 5 for video/mpeg2
05-30 18:35:10.379 W/VideoCapabilities( 694): Unrecognized profile/level 0/4 for video/mpeg2
05-30 18:35:10.379 I/VideoCapabilities( 694): Unsupported profile 3 for video/mpeg2
05-30 18:35:10.379 I/VideoCapabilities( 694): Unsupported profile 4 for video/mpeg2
05-30 18:35:10.379 I/VideoCapabilities( 694): Unsupported profile 5 for video/mpeg2
05-30 18:35:10.380 I/VideoCapabilities( 694): Unsupported profile 2 for video/mp4v-es
05-30 18:35:10.380 I/VideoCapabilities( 694): Unsupported profile 8 for video/mp4v-es
05-30 18:35:10.380 I/VideoCapabilities( 694): Unsupported profile 16 for video/mp4v-es
05-30 18:35:10.380 I/VideoCapabilities( 694): Unsupported profile 1024 for video/mp4v-es
05-30 18:35:10.380 W/VideoCapabilities( 694): Unsupported mime video/rm10
05-30 18:35:10.380 W/VideoCapabilities( 694): Unsupported mime video/rm20
05-30 18:35:10.381 W/VideoCapabilities( 694): Unsupported mime video/rm30
05-30 18:35:10.382 W/VideoCapabilities( 694): Unsupported mime video/rm40
05-30 18:35:10.382 W/VideoCapabilities( 694): Unsupported mime video/vc1
05-30 18:35:10.382 W/VideoCapabilities( 694): Unsupported mime video/vc1
05-30 18:35:10.383 W/VideoCapabilities( 694): Unsupported mime video/x-vnd.on2.vp6a
05-30 18:35:10.383 D/CCodecBufferChannel( 694): [c2.android.vorbis.decoder#447] MediaCodec discarded an unknown buffer
05-30 18:35:10.384 W/VideoCapabilities( 694): Unsupported mime video/x-vnd.on2.vp6f
05-30 18:35:10.386 I/hw-BpHwBinder( 694): onLastStrongRef automatically unlinking death recipients
05-30 18:35:10.387 I/hw-BpHwBinder( 622): onLastStrongRef automatically unlinking death recipients
05-30 18:35:10.387 W/VideoCapabilities( 694): Unsupported mime video/wmv1
05-30 18:35:10.388 W/VideoCapabilities( 694): Unsupported mime video/wmv2
05-30 18:35:10.389 W/VideoCapabilities( 694): Unsupported mime video/wmv3
05-30 18:35:10.390 D/MediaCodec( 694): flushMediametrics
05-30 18:35:10.399 I/AmFFmpegByteIOAdapter( 609): File size : 5952
05-30 18:35:10.400 W/exFFmpeg( 609): Invalid return value 0 for stream protocol
05-30 18:35:10.400 W/exFFmpeg( 609): Invalid return value 0 for stream protocol
05-30 18:35:10.400 I/AmFFmpegExtractor( 609): checkInList: iswhite:0, mime:audio/ogg, type:1, id:86021 tag:0
05-30 18:35:10.400 I/AmFFmpegExtractor( 609): checkInList: iswhite:1, mime:audio/ogg, type:1, id:86021 tag:0
05-30 18:35:10.400 E/AmFFmpegExtractor( 609): codec_ctx->properties: 0
05-30 18:35:10.400 I/AmFFmpegExtractor( 609): checkSupportInList ret 1
05-30 18:35:10.403 I/AmFFmpegExtractor( 609): checkInList: iswhite:0, mime:audio/ogg, type:1, id:86021 tag:0
05-30 18:35:10.403 I/AmFFmpegExtractor( 609): checkInList: iswhite:1, mime:audio/ogg, type:1, id:86021 tag:0
05-30 18:35:10.403 E/AmFFmpegExtractor( 609): codec_ctx->properties: 0
05-30 18:35:10.403 I/AmFFmpegExtractor( 609): checkSupportInList ret 0
05-30 18:35:10.403 E/AmFFmpegExtractor( 609): vendor do not support
05-30 18:35:10.409 D/MediaCodecList( 694): codecHandlesFormat: no format, so no extra checks
05-30 18:35:10.411 D/CCodec ( 694): allocate(c2.android.vorbis.decoder)
05-30 18:35:10.413 I/CCodec ( 694): setting up 'default' as default (vendor) store
05-30 18:35:10.415 D/CCodecBufferChannel( 694): [c2.android.vorbis.decoder#12] MediaCodec discarded an unknown buffer
05-30 18:35:10.415 D/CCodecBufferChannel( 694): [c2.android.vorbis.decoder#12] MediaCodec discarded an unknown buffer
05-30 18:35:10.415 D/CCodecBufferChannel( 694): [c2.android.vorbis.decoder#12] MediaCodec discarded an unknown buffer
05-30 18:35:10.415 I/CCodec ( 694): Created component [c2.android.vorbis.decoder]
05-30 18:35:10.416 D/CCodecConfig( 694): read media type: audio/vorbis
05-30 18:35:10.418 I/hw-BpHwBinder( 694): onLastStrongRef automatically unlinking death recipients
05-30 18:35:10.418 I/hw-BpHwBinder( 622): onLastStrongRef automatically unlinking death recipients
05-30 18:35:10.419 D/MediaCodec( 694): flushMediametrics
05-30 18:35:10.422 D/ReflectedParamUpdater( 694): extent() != 1 for single value type: algo.buffers.max-count.values
05-30 18:35:10.424 D/ReflectedParamUpdater( 694): extent() != 1 for single value type: output.subscribed-indices.values
05-30 18:35:10.424 D/ReflectedParamUpdater( 694): extent() != 1 for single value type: input.buffers.allocator-ids.values
05-30 18:35:10.425 D/ReflectedParamUpdater( 694): extent() != 1 for single value type: output.buffers.allocator-ids.values
05-30 18:35:10.425 D/ReflectedParamUpdater( 694): extent() != 1 for single value type: algo.buffers.allocator-ids.values
05-30 18:35:10.425 D/ReflectedParamUpdater( 694): extent() != 1 for single value type: output.buffers.pool-ids.values
05-30 18:35:10.426 D/ReflectedParamUpdater( 694): extent() != 1 for single value type: algo.buffers.pool-ids.values
05-30 18:35:10.426 I/AmFFmpegByteIOAdapter( 609): File size : 5832
05-30 18:35:10.427 W/exFFmpeg( 609): Invalid return value 0 for stream protocol
05-30 18:35:10.427 W/exFFmpeg( 609): Invalid return value 0 for stream protocol
05-30 18:35:10.427 I/CCodecConfig( 694): query failed after returning 7 values (BAD_INDEX)
05-30 18:35:10.427 D/CCodecConfig( 694): c2 config diff is Dict {
05-30 18:35:10.427 D/CCodecConfig( 694): c2::u32 coded.bitrate.value = 64000
05-30 18:35:10.427 D/CCodecConfig( 694): c2::u32 input.buffers.max-size.value = 32768
05-30 18:35:10.427 D/CCodecConfig( 694): c2::u32 input.delay.value = 0
05-30 18:35:10.427 D/CCodecConfig( 694): string input.media-type.value = "audio/vorbis"
05-30 18:35:10.427 D/CCodecConfig( 694): string output.media-type.value = "audio/raw"
05-30 18:35:10.427 D/CCodecConfig( 694): c2::u32 raw.channel-count.value = 1
05-30 18:35:10.427 D/CCodecConfig( 694): c2::u32 raw.sample-rate.value = 48000
05-30 18:35:10.427 D/CCodecConfig( 694): }
05-30 18:35:10.428 I/AmFFmpegExtractor( 609): checkInList: iswhite:0, mime:audio/ogg, type:1, id:86021 tag:0
05-30 18:35:10.428 I/AmFFmpegExtractor( 609): checkInList: iswhite:1, mime:audio/ogg, type:1, id:86021 tag:0
05-30 18:35:10.428 E/AmFFmpegExtractor( 609): codec_ctx->properties: 0
05-30 18:35:10.428 I/AmFFmpegExtractor( 609): checkSupportInList ret 1
05-30 18:35:10.432 I/AmFFmpegExtractor( 609): checkInList: iswhite:0, mime:audio/ogg, type:1, id:86021 tag:0
05-30 18:35:10.432 I/AmFFmpegExtractor( 609): checkInList: iswhite:1, mime:audio/ogg, type:1, id:86021 tag:0
05-30 18:35:10.432 E/AmFFmpegExtractor( 609): codec_ctx->properties: 0
05-30 18:35:10.432 I/AmFFmpegExtractor( 609): checkSupportInList ret 0
05-30 18:35:10.432 D/MediaCodec( 694): flushMediametrics
05-30 18:35:10.432 E/AmFFmpegExtractor( 609): vendor do not support
05-30 18:35:10.432 D/CCodec ( 694): [c2.android.vorbis.decoder] buffers are bound to CCodec for this session
05-30 18:35:10.432 D/CCodecConfig( 694): no c2 equivalents for durationUs
05-30 18:35:10.432 D/CCodecConfig( 694): no c2 equivalents for track-id
05-30 18:35:10.432 D/CCodecConfig( 694): no c2 equivalents for csd-1
05-30 18:35:10.432 D/AudioTrack( 963): stop(22): called with 24600 frames delivered
05-30 18:35:10.434 D/CCodecConfig( 694): no c2 equivalents for flags
05-30 18:35:10.435 D/SoundEffectManager( 963): getDualEffectMode:3
05-30 18:35:10.437 D/CCodecConfig( 694): c2 config diff is c2::u32 coded.bitrate.value = 140000
05-30 18:35:10.438 W/Codec2Client( 694): query -- param skipped: index = 1107298332.
05-30 18:35:10.438 D/CCodec ( 694): encoding statistics level = 0
05-30 18:35:10.438 D/CCodec ( 694): setup formats input: AMessage(what = 0x00000000) = {
05-30 18:35:10.438 D/CCodec ( 694): int32_t bitrate = 140000
05-30 18:35:10.438 D/CCodec ( 694): int32_t channel-count = 1
05-30 18:35:10.438 D/CCodec ( 694): int32_t max-input-size = 32768
05-30 18:35:10.438 D/CCodec ( 694): string mime = "audio/vorbis"
05-30 18:35:10.438 D/CCodec ( 694): int32_t sample-rate = 48000
05-30 18:35:10.438 D/CCodec ( 694): }
05-30 18:35:10.438 D/CCodec ( 694): setup formats output: AMessage(what = 0x00000000) = {
05-30 18:35:10.438 D/CCodec ( 694): int32_t channel-count = 1
05-30 18:35:10.438 D/CCodec ( 694): string mime = "audio/raw"
05-30 18:35:10.438 D/CCodec ( 694): int32_t sample-rate = 48000
05-30 18:35:10.438 D/CCodec ( 694): int32_t channel-mask = 1
05-30 18:35:10.438 D/CCodec ( 694): int32_t android._config-pcm-encoding = 2
05-30 18:35:10.438 D/CCodec ( 694): }
05-30 18:35:10.438 I/CCodecConfig( 694): query failed after returning 7 values (BAD_INDEX)
05-30 18:35:10.439 W/Codec2Client( 694): query -- param skipped: index = 1342179345.
05-30 18:35:10.440 W/Codec2Client( 694): query -- param skipped: index = 2415921170.
05-30 18:35:10.441 D/MediaCodecList( 694): codecHandlesFormat: no format, so no extra checks
05-30 18:35:10.441 D/SoundEffectManager( 963): setSoundMode = 0
05-30 18:35:10.441 D/SoundEffectManager( 963): init() dolbyMs12AudioConfig: Y, dtsVirtualxConfig: 0
05-30 18:35:10.442 D/CCodec ( 694): allocate(c2.android.vorbis.decoder)
05-30 18:35:10.445 D/CCodecBufferChannel( 694): [c2.android.vorbis.decoder#754] Created input block pool with allocatorID 16 => poolID 19 - OK (0)
05-30 18:35:10.445 I/CCodec ( 694): setting up 'default' as default (vendor) store
05-30 18:35:10.448 I/CCodecBufferChannel( 694): [c2.android.vorbis.decoder#754] Created output block pool with allocatorID 16 => poolID 19 - OK
05-30 18:35:10.448 D/CCodecBufferChannel( 694): [c2.android.vorbis.decoder#754] Configured output block pool ids 19 => OK
05-30 18:35:10.448 I/C2VendorComponentStore( 485): setDmaBufUsage 5
05-30 18:35:10.449 I/CCodec ( 694): Created component [c2.android.vorbis.decoder]
05-30 18:35:10.449 D/CCodecConfig( 694): read media type: audio/vorbis
05-30 18:35:10.450 D/SimpleC2Component( 622): Using output block pool with poolID 19 => got 19 - 0
05-30 18:35:10.456 I/C2VendorComponentStore( 485): setDmaBufUsage 5
05-30 18:35:10.459 D/ReflectedParamUpdater( 694): extent() != 1 for single value type: algo.buffers.max-count.values
05-30 18:35:10.460 D/ReflectedParamUpdater( 694): extent() != 1 for single value type: output.subscribed-indices.values
05-30 18:35:10.460 D/ReflectedParamUpdater( 694): extent() != 1 for single value type: input.buffers.allocator-ids.values
05-30 18:35:10.461 D/ReflectedParamUpdater( 694): extent() != 1 for single value type: output.buffers.allocator-ids.values
05-30 18:35:10.461 D/ReflectedParamUpdater( 694): extent() != 1 for single value type: algo.buffers.allocator-ids.values
05-30 18:35:10.461 D/ReflectedParamUpdater( 694): extent() != 1 for single value type: output.buffers.pool-ids.values
05-30 18:35:10.461 D/ReflectedParamUpdater( 694): extent() != 1 for single value type: algo.buffers.pool-ids.values
05-30 18:35:10.463 I/CCodecConfig( 694): query failed after returning 7 values (BAD_INDEX)
05-30 18:35:10.463 D/CCodecConfig( 694): c2 config diff is Dict {
05-30 18:35:10.463 D/CCodecConfig( 694): c2::u32 coded.bitrate.value = 64000
05-30 18:35:10.463 D/CCodecConfig( 694): c2::u32 input.buffers.max-size.value = 32768
05-30 18:35:10.463 D/CCodecConfig( 694): c2::u32 input.delay.value = 0
05-30 18:35:10.463 D/CCodecConfig( 694): string input.media-type.value = "audio/vorbis"
05-30 18:35:10.463 D/CCodecConfig( 694): string output.media-type.value = "audio/raw"
05-30 18:35:10.463 D/CCodecConfig( 694): c2::u32 raw.channel-count.value = 1
05-30 18:35:10.463 D/CCodecConfig( 694): c2::u32 raw.sample-rate.value = 48000
05-30 18:35:10.463 D/CCodecConfig( 694): }
05-30 18:35:10.468 D/MediaCodec( 694): flushMediametrics
05-30 18:35:10.468 D/CCodec ( 694): [c2.android.vorbis.decoder] buffers are bound to CCodec for this session
05-30 18:35:10.468 D/CCodecConfig( 694): no c2 equivalents for durationUs
05-30 18:35:10.468 D/CCodecConfig( 694): no c2 equivalents for track-id
05-30 18:35:10.468 D/CCodecConfig( 694): no c2 equivalents for csd-1
05-30 18:35:10.468 D/CCodecConfig( 694): no c2 equivalents for flags
05-30 18:35:10.470 D/CCodecConfig( 694): c2 config diff is c2::u32 coded.bitrate.value = 140000
