05-30 18:35:08.092 W/SystemServiceManager( 694): Service com.android.server.sensorprivacy.SensorPrivacyService took 135 ms in onStartUser-0
05-30 18:35:08.092 D/SystemServerTimingAsync( 694): ssm.onStartUser-0_com.android.server.sensors.SensorService
05-30 18:35:08.092 D/SystemServerTimingAsync( 694): ssm.onStartUser-0_com.android.server.SystemConfigService
05-30 18:35:08.092 D/SystemServerTimingAsync( 694): ssm.onStartUser-0_com.android.server.BatteryService
05-30 18:35:08.092 D/SystemServerTimingAsync( 694): ssm.onStartUser-0_com.android.server.usage.UsageStatsService
05-30 18:35:08.092 D/SystemServerTimingAsync( 694): ssm.onStartUser-0_com.android.server.webkit.WebViewUpdateService
05-30 18:35:08.092 D/SystemServerTimingAsync( 694): ssm.onStartUser-0_com.android.server.CachedDeviceStateService
05-30 18:35:08.092 D/SystemServerTimingAsync( 694): ssm.onStartUser-0_com.android.server.BinderCallsStatsService$LifeCycle
05-30 18:35:08.092 D/SystemServerTimingAsync( 694): ssm.onStartUser-0_com.android.server.LooperStatsService$Lifecycle
05-30 18:35:08.093 D/SystemServerTimingAsync( 694): ssm.onStartUser-0_com.android.server.rollback.RollbackManagerService
05-30 18:35:08.093 D/SystemServerTimingAsync( 694): ssm.onStartUser-0_com.android.server.os.NativeTombstoneManagerService
05-30 18:35:08.093 D/SystemServerTimingAsync( 694): ssm.onStartUser-0_com.android.server.os.BugreportManagerService
05-30 18:35:08.093 D/SystemServerTimingAsync( 694): ssm.onStartUser-0_com.android.server.gpu.GpuService
05-30 18:35:08.093 D/SystemServerTimingAsync( 694): ssm.onStartUser-0_com.android.server.security.rkp.RemoteProvisioningService
05-30 18:35:08.093 D/SystemServerTimingAsync( 694): ssm.onStartUser-0_com.android.server.security.KeyChainSystemService
05-30 18:35:08.093 D/SystemServerTimingAsync( 694): ssm.onStartUser-0_com.android.server.BinaryTransparencyService
05-30 18:35:08.093 D/SystemServerTimingAsync( 694): ssm.onStartUser-0_com.android.server.accounts.AccountManagerService$Lifecycle
05-30 18:35:08.093 D/SystemServerTimingAsync( 694): ssm.onStartUser-0_com.android.server.content.ContentService$Lifecycle
05-30 18:35:08.093 D/SystemServerTimingAsync( 694): ssm.onStartUser-0_com.android.server.deviceconfig.DeviceConfigInit$Lifecycle
05-30 18:35:08.093 D/SystemServerTimingAsync( 694): ssm.onStartUser-0_com.android.server.DropBoxManagerService
05-30 18:35:08.093 D/SystemServerTimingAsync( 694): ssm.onStartUser-0_com.android.role.RoleService
05-30 18:35:08.098 V/WindowManagerShell( 949): ShellTaskOrganizer init took 10ms
05-30 18:35:08.110 D/CompatibilityChangeReporter( 694): Compat change id reported: 135634846; UID 10074; state: DISABLED
05-30 18:35:08.110 D/CompatibilityChangeReporter( 694): Compat change id reported: 177438394; UID 10074; state: DISABLED
05-30 18:35:08.110 D/CompatibilityChangeReporter( 694): Compat change id reported: 135772972; UID 10074; state: DISABLED
05-30 18:35:08.110 D/CompatibilityChangeReporter( 694): Compat change id reported: 135754954; UID 10074; state: ENABLED
05-30 18:35:08.113 D/CompatibilityChangeReporter( 694): Compat change id reported: 253665015; UID 1073; state: ENABLED
05-30 18:35:08.113 D/CountryDetector( 694): Using custom country detector class: com.android.server.location.ComprehensiveCountryDetector
05-30 18:35:08.113 E/CountryDetector( 694): Could not instantiate the custom country detector class
05-30 18:35:08.113 D/CompatibilityChangeReporter( 694): Compat change id reported: 194532703; UID 1073; state: ENABLED
05-30 18:35:08.113 D/CountryDetector( 694): Using default country detector
05-30 18:35:08.116 D/CompatibilityChangeReporter( 694): Compat change id reported: 143937733; UID 10074; state: ENABLED
05-30 18:35:08.118 V/WindowManagerShell( 949): DefaultTransitionHandler init took 19ms
05-30 18:35:08.119 V/WindowManagerShell( 949): Adding external interface from Transitions with key extra_shell_shell_transitions
05-30 18:35:08.134 I/ActivityManager( 694): Start proc 1089:com.android.permissioncontroller/u0a74 for service {com.android.permissioncontroller/com.android.permissioncontroller.role.service.RoleControllerServiceImpl}
05-30 18:35:08.139 V/WindowManagerShell( 949): Adding command class transitions for Transitions
05-30 18:35:08.139 V/WindowManagerShell( 949): Transitions init took 20ms
05-30 18:35:08.139 V/WindowManagerShell( 949): FullscreenTaskListener init took 1ms
05-30 18:35:08.139 V/WindowManagerShell( 949): addHandler: ActivityEmbeddingController
05-30 18:35:08.140 V/WindowManagerShell( 949): ActivityEmbeddingController init took 0ms
05-30 18:35:08.140 V/WindowManagerShell( 949): Adding external interface from StartingWindowController with key extra_shell_starting_window
05-30 18:35:08.140 V/WindowManagerShell( 949): StartingWindowController init took 0ms
05-30 18:35:08.140 V/WindowManagerShell( 949): Adding command class protolog for ProtoLogController
05-30 18:35:08.140 V/WindowManagerShell( 949): ProtoLogController init took 0ms
05-30 18:35:08.141 V/WindowManagerShell( 949): addHandler: TvPipTransition
05-30 18:35:08.141 V/WindowManagerShell( 949): TvPipTransition init took 0ms
05-30 18:35:08.149 V/WindowManagerShell( 949): TvPipController init took 8ms
05-30 18:35:08.149 V/WindowManagerShell( 949): addHandler: KeyguardTransitionHandler
05-30 18:35:08.149 V/WindowManagerShell( 949): KeyguardTransitionHandler init took 1ms
05-30 18:35:08.154 D/ShellBackPreview( 949): Back animation enabled=false
05-30 18:35:08.156 V/WindowManagerShell( 949): Adding external interface from BackAnimationController with key extra_shell_back_animation
05-30 18:35:08.163 V/WindowManagerShell( 949): BackAnimationController init took 13ms
05-30 18:35:08.163 V/ShellDragAndDrop( 949): Display added: 0
05-30 18:35:08.189 D/GameManagerService( 694): User ID '0' does not have a Game Mode selected for package: 'com.android.permissioncontroller'
05-30 18:35:08.190 D/CompatibilityChangeReporter( 694): Compat change id reported: 168419799; UID 10074; state: DISABLED
05-30 18:35:08.191 D/CompatibilityChangeReporter( 694): Compat change id reported: 273564678; UID 10074; state: DISABLED
05-30 18:35:08.200 D/CompatibilityChangeReporter( 694): Compat change id reported: 265195908; UID 10074; state: ENABLED
05-30 18:35:08.205 D/CompatibilityChangeReporter( 694): Compat change id reported: 170503758; UID 10074; state: ENABLED
05-30 18:35:08.258 D/CompatibilityChangeReporter( 694): Compat change id reported: 171306433; UID 1000; state: ENABLED
05-30 18:35:08.277 W/WindowManager( 694): [addWindow] title:ShellDropTarget
05-30 18:35:08.338 D/GameManagerService( 694): User ID '0' does not have a Game Mode selected for package: 'com.android.systemui' --------- beginning of main
05-30 18:35:08.348 I/C2VendorComponentStore( 485): findComponent
05-30 18:35:08.348 I/C2VendorComponentStore( 485): localModule libpath libcodec2_aml_audio_decoder.so 57
05-30 18:35:08.348 V/C2VendorComponentStore( 485): Loading dll
05-30 18:35:08.348 I/C2VendorComponentStore( 485): in init ===> start codec:57 secure:0 isAudio:1
05-30 18:35:08.348 V/C2VendorComponentStore( 485): init libPath:libcodec2_aml_audio_decoder.so --> isAudio:1, createFactoryName:CreateC2AudioDecoderDTSEFactory
05-30 18:35:08.348 V/Amlogic_C2AudioDTSDecoder( 485): create component DTSE
05-30 18:35:08.348 I/C2VendorComponentStore( 485): GetCodec2VendorComponentStore, line:861
05-30 18:35:08.349 V/C2VendorComponentStore( 485): In ~ComponentModule
05-30 18:35:08.349 V/C2VendorComponentStore( 485): Unloading dll
05-30 18:35:08.361 D/WindowManagerShell( 949): TvPipController: onImeVisibilityChanged(), visible=false, height=0
05-30 18:35:08.365 D/CoreBackPreview( 694): Window{62c83a u0 ShellDropTarget}: Setting back callback OnBackInvokedCallbackInfo{mCallback=android.window.IOnBackInvokedCallback$Stub$Proxy@113b19, mPriority=0, mIsAnimationCallback=false}
05-30 18:35:08.380 I/Codec2InfoBuilder( 611): adding type 'audio/vnd.dts.hd;profile=lbr'
05-30 18:35:08.380 I/C2VendorComponentStore( 485): C2VendorComponentStore::createInterface name c2.amlogic.audio.decoder.dtshd
05-30 18:35:08.380 I/C2VendorComponentStore( 485): findComponent
05-30 18:35:08.380 I/C2VendorComponentStore( 485): localModule libpath libcodec2_aml_audio_decoder.so 56
05-30 18:35:08.380 V/C2VendorComponentStore( 485): Loading dll
05-30 18:35:08.381 I/C2VendorComponentStore( 485): in init ===> start codec:56 secure:0 isAudio:1
05-30 18:35:08.381 V/C2VendorComponentStore( 485): init libPath:libcodec2_aml_audio_decoder.so --> isAudio:1, createFactoryName:CreateC2AudioDecoderDTSHDFactory
05-30 18:35:08.381 V/Amlogic_C2AudioDTSDecoder( 485): create component DTSHD
05-30 18:35:08.381 I/C2VendorComponentStore( 485): GetCodec2VendorComponentStore, line:861
05-30 18:35:08.381 V/C2VendorComponentStore( 485): In ~ComponentModule
05-30 18:35:08.381 V/C2VendorComponentStore( 485): Unloading dll
05-30 18:35:08.382 I/Codec2InfoBuilder( 611): adding type 'audio/vnd.dts.hd'
05-30 18:35:08.382 I/C2VendorComponentStore( 485): C2VendorComponentStore::createInterface name c2.amlogic.audio.decoder.eac3
05-30 18:35:08.382 I/C2VendorComponentStore( 485): findComponent
05-30 18:35:08.382 I/C2VendorComponentStore( 485): localModule libpath libcodec2_aml_audio_decoder.so 53
05-30 18:35:08.382 V/C2VendorComponentStore( 485): Loading dll
05-30 18:35:08.383 I/C2VendorComponentStore( 485): in init ===> start codec:53 secure:0 isAudio:1
05-30 18:35:08.383 V/C2VendorComponentStore( 485): init libPath:libcodec2_aml_audio_decoder.so --> isAudio:1, createFactoryName:CreateC2AudioDecoderEAC3Factory
05-30 18:35:08.383 V/Amlogic_C2AudioEAC3Decoder( 485): create component EAC3
05-30 18:35:08.383 I/C2VendorComponentStore( 485): GetCodec2VendorComponentStore, line:861
05-30 18:35:08.384 V/C2VendorComponentStore( 485): In ~ComponentModule
05-30 18:35:08.384 V/C2VendorComponentStore( 485): Unloading dll
05-30 18:35:08.384 I/Codec2InfoBuilder( 611): adding type 'audio/eac3'
05-30 18:35:08.385 I/C2VendorComponentStore( 485): C2VendorComponentStore::createInterface name c2.amlogic.audio.decoder.ffmpeg
05-30 18:35:08.385 I/C2VendorComponentStore( 485): findComponent
05-30 18:35:08.385 I/C2VendorComponentStore( 485): localModule libpath libcodec2_aml_audio_decoder.so 54
05-30 18:35:08.385 V/C2VendorComponentStore( 485): Loading dll
05-30 18:35:08.386 I/C2VendorComponentStore( 485): in init ===> start codec:54 secure:0 isAudio:1
05-30 18:35:08.386 V/C2VendorComponentStore( 485): init libPath:libcodec2_aml_audio_decoder.so --> isAudio:1, createFactoryName:CreateC2AudioDecoderFFMPEGFactory
05-30 18:35:08.386 V/Amlogic_C2AudioFFMPEGDecoder( 485): create component FFMPEG
05-30 18:35:08.386 I/C2VendorComponentStore( 485): GetCodec2VendorComponentStore, line:861
05-30 18:35:08.386 I/Amlogic_C2AudioFFMPEGDecoder( 485): in C2AudioFFMPEGDecFactory
05-30 18:35:08.386 I/Amlogic_C2AudioFFMPEGDecoder( 485): in createInterface
05-30 18:35:08.386 I/Amlogic_C2AudioFFMPEGDecoder( 485): in IntfImpl c2.amlogic.audio.decoder.ffmpeg
05-30 18:35:08.387 D/nativeloader( 1089): Configuring clns-shared-5 for other apk /apex/com.android.permission/priv-app/PermissionController@UD2A.240505.001.W1/PermissionController.apk. target_sdk_version=34, uses_libraries=, library_path=/apex/com.android.permission/priv-app/PermissionController@UD2A.240505.001.W1/lib/arm:/system/lib:/system_ext/lib, permitted_path=/data:/mnt/expand:/data/user_de/0/com.android.permissioncontroller:/apex/com.android.permission/priv-app/PermissionController@UD2A.240505.001.W1:/system/lib:/system_ext/lib
05-30 18:35:08.389 V/C2VendorComponentStore( 485): In ~ComponentModule
05-30 18:35:08.390 V/C2VendorComponentStore( 485): Unloading dll
05-30 18:35:08.390 I/Codec2InfoBuilder( 611): adding type 'audio/ffmpeg'
05-30 18:35:08.390 D/NetworkStats( 694): registerNetworkStatsProvider from OffloadController uid/pid=1073/1046
05-30 18:35:08.393 D/CompatibilityChangeReporter( 694): Compat change id reported: 161145287; UID 1073; state: ENABLED
05-30 18:35:08.401 I/C2VendorComponentStore( 485): C2VendorComponentStore::createInterface name c2.amlogic.audio.decoder.mp1
05-30 18:35:08.402 I/C2VendorComponentStore( 485): findComponent
05-30 18:35:08.402 I/C2VendorComponentStore( 485): localModule libpath libcodec2_aml_audio_decoder.so 60
05-30 18:35:08.402 V/C2VendorComponentStore( 485): Loading dll
05-30 18:35:08.402 I/C2VendorComponentStore( 485): in init ===> start codec:60 secure:0 isAudio:1
05-30 18:35:08.402 I/C2VendorComponentStore( 485): in init start mp1 decoder create
05-30 18:35:08.402 V/C2VendorComponentStore( 485): init libPath:libcodec2_aml_audio_decoder.so --> isAudio:1, createFactoryName:CreateC2AudioDecoderMP1Factory
05-30 18:35:08.402 V/Amlogic_C2AudioFFMPEGDecoder( 485): create component MP1
05-30 18:35:08.402 I/C2VendorComponentStore( 485): GetCodec2VendorComponentStore, line:861
05-30 18:35:08.402 I/Amlogic_C2AudioFFMPEGDecoder( 485): in C2AudioFFMPEGDecFactory
05-30 18:35:08.402 I/Amlogic_C2AudioFFMPEGDecoder( 485): in createInterface
05-30 18:35:08.402 I/Amlogic_C2AudioFFMPEGDecoder( 485): in IntfImpl c2.amlogic.audio.decoder.mp1
05-30 18:35:08.403 V/C2VendorComponentStore( 485): In ~ComponentModule
05-30 18:35:08.403 V/C2VendorComponentStore( 485): Unloading dll
05-30 18:35:08.405 I/Codec2InfoBuilder( 611): adding type 'audio/mpeg-L1'
05-30 18:35:08.408 I/C2VendorComponentStore( 485): C2VendorComponentStore::createInterface name c2.amlogic.audio.decoder.mp2
05-30 18:35:08.408 I/C2VendorComponentStore( 485): findComponent
05-30 18:35:08.408 I/C2VendorComponentStore( 485): localModule libpath libcodec2_aml_audio_decoder.so 50
05-30 18:35:08.408 V/C2VendorComponentStore( 485): Loading dll
05-30 18:35:08.408 I/C2VendorComponentStore( 485): in init ===> start codec:50 secure:0 isAudio:1
05-30 18:35:08.408 I/C2VendorComponentStore( 485): in init start mp2 decoder create
05-30 18:35:08.408 V/C2VendorComponentStore( 485): init libPath:libcodec2_aml_audio_decoder.so --> isAudio:1, createFactoryName:CreateC2AudioDecoderMP2Factory
05-30 18:35:08.408 V/Amlogic_C2AudioFFMPEGDecoder( 485): create component MP2
05-30 18:35:08.408 I/C2VendorComponentStore( 485): GetCodec2VendorComponentStore, line:861
05-30 18:35:08.409 I/Amlogic_C2AudioFFMPEGDecoder( 485): in C2AudioFFMPEGDecFactory
05-30 18:35:08.409 I/Amlogic_C2AudioFFMPEGDecoder( 485): in createInterface
05-30 18:35:08.409 I/Amlogic_C2AudioFFMPEGDecoder( 485): in IntfImpl c2.amlogic.audio.decoder.mp2
05-30 18:35:08.409 V/C2VendorComponentStore( 485): In ~ComponentModule
05-30 18:35:08.409 V/C2VendorComponentStore( 485): Unloading dll
05-30 18:35:08.411 I/Codec2InfoBuilder( 611): adding type 'audio/mpeg-L2'
05-30 18:35:08.413 I/C2VendorComponentStore( 485): C2VendorComponentStore::createInterface name c2.amlogic.av1.decoder
05-30 18:35:08.413 I/C2VendorComponentStore( 485): findComponent
05-30 18:35:08.413 I/C2VendorComponentStore( 485): localModule libpath libcodec2_aml_video_decoder.so 4
05-30 18:35:08.413 V/C2VendorComponentStore( 485): Loading dll
05-30 18:35:08.414 I/C2VendorComponentStore( 485): in init ===> start codec:4 secure:0 isAudio:0
05-30 18:35:08.414 V/C2VendorComponentStore( 485): init libPath:libcodec2_aml_video_decoder.so --> isAudio:0, createFactoryName:CreateC2VdecAV1Factory
05-30 18:35:08.414 V/C2VdecComponent( 485): create component AV1 secure:0
05-30 18:35:08.414 I/C2VendorComponentStore( 485): GetCodec2VendorComponentStore, line:861
05-30 18:35:08.414 E/C2VdecCodecConfig( 485): c2.amlogic.av1.decoder can support 4K
05-30 18:35:08.414 I/C2VdecCodecConfig( 485): isCodecSupportHdr10Plus hdr10:(0)
05-30 18:35:08.414 E/C2VdecCodecConfig( 485): can support 8K
05-30 18:35:08.415 I/C2VdecComponentIntfImpl( 485): [onHdrDeclareParam:1048] mSupportHdr10Plus 0
05-30 18:35:08.417 I/C2VdecComponentIntfImpl( 485): not set prop not support 10bit
05-30 18:35:08.417 V/C2VendorComponentStore( 485): In ~ComponentModule
05-30 18:35:08.417 D/nativeloader( 1089): InitApexLibraries:
05-30 18:35:08.417 D/nativeloader( 1089): com_android_adservices: libhpke_jni.so:libtflite_support_classifiers_native.so
05-30 18:35:08.417 D/nativeloader( 1089): com_android_appsearch: libicing.so
05-30 18:35:08.417 D/nativeloader( 1089): com_android_art: libartservice.so
05-30 18:35:08.417 D/nativeloader( 1089): com_android_btservices: libbluetooth_jni.so
05-30 18:35:08.417 D/nativeloader( 1089): com_android_conscrypt: libjavacrypto.so
05-30 18:35:08.417 D/nativeloader( 1089): com_android_extservices: libhpke_jni.so:libtflite_support_classifiers_native.so
05-30 18:35:08.417 D/nativeloader( 1089): com_android_os_statsd: libstats_jni.so
05-30 18:35:08.417 D/nativeloader( 1089): com_android_tethering: libandroid_net_connectivity_com_android_net_module_util_jni.so:libcronet.114.0.5735.84.so:libframework-connectivity-jni.so:libframework-connectivity-tiramisu-jni.so:libservice-connectivity.so
05-30 18:35:08.417 D/nativeloader( 1089): com_android_uwb: libuwb_uci_jni_rust.so
05-30 18:35:08.417 D/nativeloader( 1089): com_android_virt: libvirtualizationservice_jni.so:libvirtualmachine_jni.so
05-30 18:35:08.417 V/C2VendorComponentStore( 485): Unloading dll
05-30 18:35:08.418 I/Codec2InfoBuilder( 611): adding type 'video/av01'
05-30 18:35:08.423 E/C2VdecComponentIntfImpl( 485): [config##224] component is null, config param error!
05-30 18:35:08.424 E/C2VdecComponentIntfImpl( 485): [config##224] component is null, config param error!
05-30 18:35:08.425 D/CompatibilityChangeReporter( 1046): Compat change id reported: 183155436; UID 1073; state: ENABLED
05-30 18:35:08.427 D/CompatibilityChangeReporter( 1046): Compat change id reported: 247079863; UID 1073; state: ENABLED
05-30 18:35:08.429 E/C2VdecComponentIntfImpl( 485): [config##224] component is null, config param error!
05-30 18:35:08.435 D/CompatibilityChangeReporter( 949): Compat change id reported: 183155436; UID 10052; state: ENABLED
05-30 18:35:08.436 D/NetworkStats( 694): registerNetworkStatsProvider from BpfCoordinator uid/pid=1073/1046
05-30 18:35:08.455 D/CompatibilityChangeReporter( 694): Compat change id reported: 157233955; UID 10052; state: ENABLED
05-30 18:35:08.471 I/C2VendorComponentStore( 485): C2VendorComponentStore::createInterface name c2.amlogic.av1.decoder.secure
05-30 18:35:08.471 I/C2VendorComponentStore( 485): findComponent
05-30 18:35:08.471 I/C2VendorComponentStore( 485): localModule libpath libcodec2_aml_video_decoder.so 4
05-30 18:35:08.471 V/C2VendorComponentStore( 485): Loading dll
05-30 18:35:08.472 I/C2VendorComponentStore( 485): in init ===> start codec:4 secure:1 isAudio:0
05-30 18:35:08.472 V/C2VendorComponentStore( 485): init libPath:libcodec2_aml_video_decoder.so --> isAudio:0, createFactoryName:CreateC2VdecAV1Factory
05-30 18:35:08.472 V/C2VdecComponent( 485): create component AV1 secure:1
05-30 18:35:08.472 I/C2VendorComponentStore( 485): GetCodec2VendorComponentStore, line:861
05-30 18:35:08.472 E/C2VdecCodecConfig( 485): c2.amlogic.av1.decoder.secure can support 4K
05-30 18:35:08.474 I/C2VdecCodecConfig( 485): isCodecSupportHdr10Plus hdr10:(0)
05-30 18:35:08.474 E/C2VdecCodecConfig( 485): can support 8K
05-30 18:35:08.475 I/C2VdecComponentIntfImpl( 485): [onHdrDeclareParam:1048] mSupportHdr10Plus 0
05-30 18:35:08.476 I/C2VdecComponentIntfImpl( 485): not set prop not support 10bit
05-30 18:35:08.476 V/C2VendorComponentStore( 485): In ~ComponentModule
05-30 18:35:08.476 V/C2VendorComponentStore( 485): Unloading dll
05-30 18:35:08.480 I/Codec2InfoBuilder( 611): adding type 'video/av01'
05-30 18:35:08.482 E/C2VdecComponentIntfImpl( 485): [config##224] component is null, config param error!
05-30 18:35:08.496 E/C2VdecComponentIntfImpl( 485): [config##224] component is null, config param error!
05-30 18:35:08.500 D/CompatibilityChangeReporter( 1046): Compat change id reported: 147600208; UID 1073; state: ENABLED
05-30 18:35:08.500 E/C2VdecComponentIntfImpl( 485): [config##224] component is null, config param error!
05-30 18:35:08.504 D/CompatibilityChangeReporter( 694): Compat change id reported: 182478738; UID 1073; state: ENABLED
05-30 18:35:08.509 I/C2VendorComponentStore( 485): C2VendorComponentStore::createInterface name c2.amlogic.avc.decoder
05-30 18:35:08.509 I/C2VendorComponentStore( 485): findComponent
05-30 18:35:08.509 I/C2VendorComponentStore( 485): localModule libpath libcodec2_aml_video_decoder.so 1
05-30 18:35:08.509 V/C2VendorComponentStore( 485): Loading dll
05-30 18:35:08.510 I/C2VendorComponentStore( 485): in init ===> start codec:1 secure:0 isAudio:0
05-30 18:35:08.510 V/C2VendorComponentStore( 485): init libPath:libcodec2_aml_video_decoder.so --> isAudio:0, createFactoryName:CreateC2VdecH264Factory
05-30 18:35:08.510 V/C2VdecComponent( 485): create component H264 secure:0
05-30 18:35:08.510 I/C2VendorComponentStore( 485): GetCodec2VendorComponentStore, line:861
05-30 18:35:08.510 E/C2VdecCodecConfig( 485): c2.amlogic.avc.decoder can support 4K
05-30 18:35:08.510 I/C2VdecCodecConfig( 485): isCodecSupportHdr10Plus hdr10:(0)
05-30 18:35:08.510 I/C2VdecComponentIntfImpl( 485): [onHdrDeclareParam:1048] mSupportHdr10Plus 0
05-30 18:35:08.518 V/WifiManager( 1046): registerSoftApCallback: callback=com.android.networkstack.tethering.Tethering$TetheringSoftApCallback@52700c5, executor=com.android.networkstack.tethering.Tethering$TetheringThreadExecutor@1358a1a
05-30 18:35:08.523 V/WifiManager( 1046): registerLocalOnlyHotspotSoftApCallback: callback=com.android.networkstack.tethering.Tethering$LocalOnlyHotspotCallback@dfbe94b, executor=com.android.networkstack.tethering.Tethering$TetheringThreadExecutor@1358a1a
05-30 18:35:08.525 I/C2VdecComponentIntfImpl( 485): not set prop not support 10bit
05-30 18:35:08.525 V/C2VendorComponentStore( 485): In ~ComponentModule
05-30 18:35:08.525 V/C2VendorComponentStore( 485): Unloading dll
05-30 18:35:08.528 I/Codec2InfoBuilder( 611): adding type 'video/avc'
05-30 18:35:08.533 E/C2VdecComponentIntfImpl( 485): [config##224] component is null, config param error!
05-30 18:35:08.534 E/C2VdecComponentIntfImpl( 485): [config##224] component is null, config param error!
05-30 18:35:08.535 E/C2VdecComponentIntfImpl( 485): [config##224] component is null, config param error!
05-30 18:35:08.547 E/C2VdecComponentIntfImpl( 485): [config##224] component is null, config param error!
05-30 18:35:08.550 E/C2VdecComponentIntfImpl( 485): [config##224] component is null, config param error!
05-30 18:35:08.550 D/ConnectivityService( 694): requestNetwork for uid/pid:1073/1046 activeRequest: null callbackRequest: 18 [NetworkRequest [ TRACK_SYSTEM_DEFAULT id=18, [ Capabilities: INTERNET&NOT_RESTRICTED&TRUSTED&NOT_VPN&NOT_VCN_MANAGED RequestorUid: 1073 RequestorPkg: com.android.networkstack.tethering UnderlyingNetworks: Null] ]] callback flags: 0 order: 2147483647
05-30 18:35:08.550 D/ConnectivityService( 694): NetReassign [no changes] [c 0] [a 0] [i 0]
05-30 18:35:08.553 I/C2VendorComponentStore( 485): C2VendorComponentStore::createInterface name c2.amlogic.avc.decoder.secure
05-30 18:35:08.553 I/C2VendorComponentStore( 485): findComponent
05-30 18:35:08.553 I/C2VendorComponentStore( 485): localModule libpath libcodec2_aml_video_decoder.so 1
05-30 18:35:08.553 V/C2VendorComponentStore( 485): Loading dll
05-30 18:35:08.553 I/C2VendorComponentStore( 485): in init ===> start codec:1 secure:1 isAudio:0
05-30 18:35:08.553 V/C2VendorComponentStore( 485): init libPath:libcodec2_aml_video_decoder.so --> isAudio:0, createFactoryName:CreateC2VdecH264Factory
05-30 18:35:08.554 V/C2VdecComponent( 485): create component H264 secure:1
05-30 18:35:08.554 I/C2VendorComponentStore( 485): GetCodec2VendorComponentStore, line:861
05-30 18:35:08.554 E/C2VdecCodecConfig( 485): c2.amlogic.avc.decoder.secure can support 4K
05-30 18:35:08.554 I/C2VdecCodecConfig( 485): isCodecSupportHdr10Plus hdr10:(0)
05-30 18:35:08.554 I/C2VdecComponentIntfImpl( 485): [onHdrDeclareParam:1048] mSupportHdr10Plus 0
05-30 18:35:08.555 I/C2VdecComponentIntfImpl( 485): not set prop not support 10bit
05-30 18:35:08.555 V/C2VendorComponentStore( 485): In ~ComponentModule
05-30 18:35:08.556 V/C2VendorComponentStore( 485): Unloading dll
05-30 18:35:08.557 I/Codec2InfoBuilder( 611): adding type 'video/avc'
05-30 18:35:08.559 E/C2VdecComponentIntfImpl( 485): [config##224] component is null, config param error!
05-30 18:35:08.563 I/Tethering( 1046): adding IpServer for: ap0
05-30 18:35:08.565 E/C2VdecComponentIntfImpl( 485): [config##224] component is null, config param error!
05-30 18:35:08.569 E/C2VdecComponentIntfImpl( 485): [config##224] component is null, config param error!
05-30 18:35:08.570 E/C2VdecComponentIntfImpl( 485): [config##224] component is null, config param error!
05-30 18:35:08.571 E/C2VdecComponentIntfImpl( 485): [config##224] component is null, config param error!
05-30 18:35:08.576 I/WifiService( 694): updateInterfaceIpState uid=1073
05-30 18:35:08.581 I/C2VendorComponentStore( 485): C2VendorComponentStore::createInterface name c2.amlogic.avc.encoder
05-30 18:35:08.581 I/C2VendorComponentStore( 485): findComponent
05-30 18:35:08.581 I/C2VendorComponentStore( 485): localModule libpath libcodec2_aml_video_encoder.so 29
05-30 18:35:08.581 V/C2VendorComponentStore( 485): Loading dll
05-30 18:35:08.581 I/C2VendorComponentStore( 485): in init ===> start codec:29 secure:0 isAudio:0
05-30 18:35:08.581 V/C2VendorComponentStore( 485): selectEncoder
05-30 18:35:08.581 D/C2VendorComponentStore( 485): amvenc_avc present
05-30 18:35:08.581 V/C2VendorComponentStore( 485): init libPath:libcodec2_aml_video_encoder.so --> isAudio:0, createFactoryName:CreateC2VencHCodecFactory
05-30 18:35:08.581 I/C2VendorComponentStore( 485): GetCodec2VendorComponentStore, line:861
05-30 18:35:08.582 D/C2VencHCodec( 485): C2VencHCodec::IntfImpl constructor!
05-30 18:35:08.582 D/C2VencHCodec( 485): SizeSetter oldwidth:16,oldheight:16,newwidth:16,newheight:16
05-30 18:35:08.582 I/android.hardware.media.c2@1.2-service( 485): missing struct descriptor #Param::CoreIndex(--004) for field values of struct #Param::CoreIndex(F-12004)
05-30 18:35:08.582 I/android.hardware.media.c2@1.2-service( 485): missing struct descriptor #Param::CoreIndex(--1812) for field values of struct #Param::CoreIndex(F-11812)
05-30 18:35:08.582 D/C2VencHCodec( 485): Given level 500c does not cover current configuration: adjusting to 5000
05-30 18:35:08.583 D/C2VencHCodec( 485): MaxSizeCalculator enter
05-30 18:35:08.583 V/C2VendorComponentStore( 485): In ~ComponentModule
05-30 18:35:08.583 V/C2VendorComponentStore( 485): Unloading dll
05-30 18:35:08.584 I/Codec2InfoBuilder( 611): adding type 'video/avc'
05-30 18:35:08.586 D/C2VencHCodec( 485): Given level 0 does not cover current configuration: adjusting to 5000
05-30 18:35:08.591 W/Settings( 949): Setting secure_frp_mode has moved from android.provider.Settings.Secure to android.provider.Settings.Global, returning global URI.
05-30 18:35:08.592 D/C2VencHCodec( 485): Given level 500e does not cover current configuration: adjusting to 5000
05-30 18:35:08.601 I/C2VendorComponentStore( 485): C2VendorComponentStore::createInterface name c2.amlogic.avs.decoder
05-30 18:35:08.601 I/C2VendorComponentStore( 485): findComponent
05-30 18:35:08.601 I/C2VendorComponentStore( 485): localModule libpath libcodec2_aml_video_decoder.so 13
05-30 18:35:08.601 V/C2VendorComponentStore( 485): Loading dll
05-30 18:35:08.602 I/C2VendorComponentStore( 485): in init ===> start codec:13 secure:0 isAudio:0
05-30 18:35:08.602 V/C2VendorComponentStore( 485): init libPath:libcodec2_aml_video_decoder.so --> isAudio:0, createFactoryName:CreateC2VdecAVSFactory
05-30 18:35:08.602 V/C2VdecComponent( 485): create component AVS secure:0
05-30 18:35:08.602 I/C2VendorComponentStore( 485): GetCodec2VendorComponentStore, line:861
05-30 18:35:08.602 E/C2VdecCodecConfig( 485): c2.amlogic.avs.decoder can support 4K
05-30 18:35:08.602 I/C2VdecCodecConfig( 485): isCodecSupportHdr10Plus hdr10:(0)
05-30 18:35:08.602 I/C2VdecComponentIntfImpl( 485): [onHdrDeclareParam:1048] mSupportHdr10Plus 0
05-30 18:35:08.635 D/MediaResumeListener( 949): loaded resume components for 0: []
05-30 18:35:08.637 D/CompatibilityChangeReporter( 949): Compat change id reported: 263076149; UID 10052; state: ENABLED
05-30 18:35:08.642 D/LocalBluetoothProfileManager( 949): LocalBluetoothProfileManager construction complete
05-30 18:35:08.643 I/C2VdecComponentIntfImpl( 485): not set prop not support 10bit
05-30 18:35:08.643 V/C2VendorComponentStore( 485): In ~ComponentModule
05-30 18:35:08.643 V/C2VendorComponentStore( 485): Unloading dll
05-30 18:35:08.644 D/LocalBluetoothProfileManager( 949): Adding local Hearing Aid profile
05-30 18:35:08.645 V/GraphicsEnvironment( 1089): Currently set values for:
05-30 18:35:08.647 V/GraphicsEnvironment( 1089): angle_gl_driver_selection_pkgs=[]
05-30 18:35:08.647 V/GraphicsEnvironment( 1089): angle_gl_driver_selection_values=[]
05-30 18:35:08.649 D/BluetoothHearingAid( 949): Binding service...
05-30 18:35:08.650 D/BluetoothManagerService( 694): Trying to bind to profile: 21, while Bluetooth was disabled
05-30 18:35:08.653 I/Codec2InfoBuilder( 611): adding type 'video/avs'
05-30 18:35:08.654 V/GraphicsEnvironment( 1089): ANGLE GameManagerService for com.android.permissioncontroller: false
05-30 18:35:08.654 E/C2VdecComponentIntfImpl( 485): [config##224] component is null, config param error!
05-30 18:35:08.654 V/GraphicsEnvironment( 1089): com.android.permissioncontroller is not listed in per-application setting
05-30 18:35:08.654 V/GraphicsEnvironment( 1089): Neither updatable production driver nor prerelease driver is supported.
05-30 18:35:08.655 I/C2VendorComponentStore( 485): C2VendorComponentStore::createInterface name c2.amlogic.avs2.decoder
05-30 18:35:08.655 I/C2VendorComponentStore( 485): findComponent
05-30 18:35:08.655 I/C2VendorComponentStore( 485): localModule libpath libcodec2_aml_video_decoder.so 12
05-30 18:35:08.655 V/C2VendorComponentStore( 485): Loading dll
05-30 18:35:08.655 I/C2VendorComponentStore( 485): in init ===> start codec:12 secure:0 isAudio:0
05-30 18:35:08.656 V/C2VendorComponentStore( 485): init libPath:libcodec2_aml_video_decoder.so --> isAudio:0, createFactoryName:CreateC2VdecAVS2Factory
05-30 18:35:08.656 V/C2VdecComponent( 485): create component AVS2 secure:0
05-30 18:35:08.656 I/C2VendorComponentStore( 485): GetCodec2VendorComponentStore, line:861
05-30 18:35:08.656 E/C2VdecCodecConfig( 485): c2.amlogic.avs2.decoder can support 4K
05-30 18:35:08.656 I/C2VdecCodecConfig( 485): isCodecSupportHdr10Plus hdr10:(0)
05-30 18:35:08.657 I/C2VdecComponentIntfImpl( 485): [onHdrDeclareParam:1048] mSupportHdr10Plus 0
05-30 18:35:08.658 I/C2VdecComponentIntfImpl( 485): not set prop not support 10bit
05-30 18:35:08.658 V/C2VendorComponentStore( 485): In ~ComponentModule
05-30 18:35:08.658 V/C2VendorComponentStore( 485): Unloading dll
05-30 18:35:08.659 I/Codec2InfoBuilder( 611): adding type 'video/avs2'
05-30 18:35:08.661 I/MR2ServiceImpl( 694): registerManager | uid: 10052, pid: 949, package: com.android.systemui, user: 0
05-30 18:35:08.686 E/C2VdecComponentIntfImpl( 485): [config##224] component is null, config param error!
05-30 18:35:08.688 I/C2VendorComponentStore( 485): C2VendorComponentStore::createInterface name c2.amlogic.h263.decoder.sw
05-30 18:35:08.688 I/C2VendorComponentStore( 485): findComponent
05-30 18:35:08.688 I/C2VendorComponentStore( 485): localModule libpath libcodec2_aml_soft_video_decoder.so 20
05-30 18:35:08.688 V/C2VendorComponentStore( 485): Loading dll
05-30 18:35:08.688 I/C2VendorComponentStore( 485): in init ===> start codec:20 secure:0 isAudio:0
05-30 18:35:08.689 V/C2VendorComponentStore( 485): init libPath:libcodec2_aml_soft_video_decoder.so --> isAudio:0, createFactoryName:CreateC2SoftVdecH263Factory
05-30 18:35:08.689 V/C2SoftVdec( 485): CreateC2SoftVdecH263Factory
05-30 18:35:08.689 I/C2VendorComponentStore( 485): GetCodec2VendorComponentStore, line:861
05-30 18:35:08.689 V/C2VendorComponentStore( 485): In ~ComponentModule
05-30 18:35:08.689 V/C2SoftVdec( 485): DestroyC2SoftVdecH263Factory
05-30 18:35:08.689 V/C2VendorComponentStore( 485): Unloading dll
05-30 18:35:08.703 I/android.hardware.wifi-service.droidlogic( 501): check loading wifi driver is ok...
05-30 18:35:08.703 W/android.hardware.wifi-service.droidlogic( 501): driver loaded
05-30 18:35:08.707 I/android.hardware.wifi-service.droidlogic( 501): After driver loaded, wifi_name:aml_w2_s
05-30 18:35:08.708 I/android.hardware.wifi-service.droidlogic( 501): Even /data/vendor/wifi/wpa/wpa_supplicant.conf exists, still overwrite it.
05-30 18:35:08.709 I/android.hardware.wifi-service.droidlogic( 501): Migrated conf file from /vendor/etc/wifi/unbcm_supplicant.conf to /data/vendor/wifi/wpa/wpa_supplicant.conf: Operation not permitted
05-30 18:35:08.709 I/android.hardware.wifi-service.droidlogic( 501): Even /data/vendor/wifi/wpa/p2p_supplicant.conf exists, still overwrite it.
05-30 18:35:08.710 I/android.hardware.wifi-service.droidlogic( 501): Migrated conf file from /vendor/etc/wifi/p2p_supplicant.conf to /data/vendor/wifi/wpa/p2p_supplicant.conf: Read-only file system
05-30 18:35:08.710 I/android.hardware.wifi-service.droidlogic( 501): no bcm and uwe wifi ,need use p2p0 with p2p interface
05-30 18:35:08.704 I/binder:501_1( 501): type=1400 audit(0.0:677): avc: denied { read } for name="u:object_r:persist_vendor_debug_wifi_prop:s0" dev="tmpfs" ino=299 scontext=u:r:hal_wifi_default:s0 tcontext=u:object_r:persist_vendor_debug_wifi_prop:s0 tclass=file permissive=1
05-30 18:35:08.714 I/android.hardware.wifi-service.droidlogic( 501): Wifi HAL started
05-30 18:35:08.715 E/IPCThreadState( 501): binder thread pool (1 threads) starved for 2106 ms
05-30 18:35:08.708 I/binder:501_1( 501): type=1400 audit(0.0:678): avc: denied { open } for path="/dev/__properties__/u:object_r:persist_vendor_debug_wifi_prop:s0" dev="tmpfs" ino=299 scontext=u:r:hal_wifi_default:s0 tcontext=u:object_r:persist_vendor_debug_wifi_prop:s0 tclass=file permissive=1
05-30 18:35:08.708 I/binder:501_1( 501): type=1400 audit(0.0:679): avc: denied { getattr } for path="/dev/__properties__/u:object_r:persist_vendor_debug_wifi_prop:s0" dev="tmpfs" ino=299 scontext=u:r:hal_wifi_default:s0 tcontext=u:object_r:persist_vendor_debug_wifi_prop:s0 tclass=file permissive=1
05-30 18:35:08.708 I/binder:501_1( 501): type=1400 audit(0.0:680): avc: denied { map } for path="/dev/__properties__/u:object_r:persist_vendor_debug_wifi_prop:s0" dev="tmpfs" ino=299 scontext=u:r:hal_wifi_default:s0 tcontext=u:object_r:persist_vendor_debug_wifi_prop:s0 tclass=file permissive=1
05-30 18:35:08.720 I/NetworkStats( 694): type=1400 audit(0.0:681): avc: denied { read } for name="address" dev="sysfs" ino=22127 scontext=u:r:system_server:s0 tcontext=u:object_r:sysfs_net:s0 tclass=file permissive=1
05-30 18:35:08.720 I/NetworkStats( 694): type=1400 audit(0.0:682): avc: denied { open } for path="/sys/devices/virtual/net/dummy0/address" dev="sysfs" ino=22127 scontext=u:r:system_server:s0 tcontext=u:object_r:sysfs_net:s0 tclass=file permissive=1
05-30 18:35:08.720 I/NetworkStats( 694): type=1400 audit(0.0:683): avc: denied { getattr } for path="/sys/devices/virtual/net/dummy0/address" dev="sysfs" ino=22127 scontext=u:r:system_server:s0 tcontext=u:object_r:sysfs_net:s0 tclass=file permissive=1
05-30 18:35:08.732 I/NetworkStats( 694): type=1400 audit(0.0:684): avc: denied { read } for name="address" dev="sysfs" ino=58811 scontext=u:r:system_server:s0 tcontext=u:object_r:sysfs:s0 tclass=file permissive=1
05-30 18:35:08.732 I/NetworkStats( 694): type=1400 audit(0.0:685): avc: denied { open } for path="/sys/devices/platform/soc/fe088000.sdio/mmc_host/mmc1/mmc1:0000/mmc1:0000:7/net/ap0/address" dev="sysfs" ino=58811 scontext=u:r:system_server:s0 tcontext=u:object_r:sysfs:s0 tclass=file permissive=1
05-30 18:35:08.753 D/CompatibilityChangeReporter( 949): Compat change id reported: 247079863; UID 10052; state: ENABLED
05-30 18:35:08.792 E/WifiChipAidlImpl( 694): getMode failed with service-specific exception: android.os.ServiceSpecificException: (code 5)
05-30 18:35:08.792 W/android.hardware.wifi-service.droidlogic( 501): No active wlan interfaces in use! Using default
05-30 18:35:08.792 E/android.hardware.wifi-service.droidlogic( 501): Unknown iface name: wlan0
05-30 18:35:08.792 E/android.hardware.wifi-service.droidlogic( 501): Unknown iface name: wlan0
05-30 18:35:08.808 I/WifiVendorHal( 694): Vendor Hal started successfully
05-30 18:35:08.812 I/Codec2InfoBuilder( 611): adding type 'video/3gpp'
05-30 18:35:08.812 W/AlarmManager( 949): Unrecognized alarm listener com.android.systemui.keyguard.KeyguardSliceProvider$$ExternalSyntheticLambda1@d190b00
05-30 18:35:08.816 I/C2VendorComponentStore( 485): C2VendorComponentStore::createInterface name c2.amlogic.hevc.decoder
05-30 18:35:08.816 I/C2VendorComponentStore( 485): findComponent
05-30 18:35:08.816 I/C2VendorComponentStore( 485): localModule libpath libcodec2_aml_video_decoder.so 2
05-30 18:35:08.816 V/C2VendorComponentStore( 485): Loading dll
05-30 18:35:08.817 I/C2VendorComponentStore( 485): in init ===> start codec:2 secure:0 isAudio:0
05-30 18:35:08.817 V/C2VendorComponentStore( 485): init libPath:libcodec2_aml_video_decoder.so --> isAudio:0, createFactoryName:CreateC2VdecH265Factory
05-30 18:35:08.817 V/C2VdecComponent( 485): create component H265 secure:0
05-30 18:35:08.817 I/C2VendorComponentStore( 485): GetCodec2VendorComponentStore, line:861
05-30 18:35:08.817 E/C2VdecCodecConfig( 485): c2.amlogic.hevc.decoder can support 4K
05-30 18:35:08.823 I/C2VdecCodecConfig( 485): isCodecSupportHdr10Plus hdr10:(0)
05-30 18:35:08.823 E/C2VdecCodecConfig( 485): can support 8K
05-30 18:35:08.824 I/C2VdecComponentIntfImpl( 485): [onHdrDeclareParam:1048] mSupportHdr10Plus 0
05-30 18:35:08.824 I/C2VdecComponentIntfImpl( 485): not set prop not support 10bit
05-30 18:35:08.825 V/C2VendorComponentStore( 485): In ~ComponentModule
05-30 18:35:08.825 V/C2VendorComponentStore( 485): Unloading dll
05-30 18:35:08.842 I/audio_hw_hal_primary( 477): [adev_set_parameters:4123] dev:0xecf00010, kv: hal_param_enable_drc_rf_mode=1
05-30 18:35:08.842 D/audio_hw_hal_hfp( 477): [audio_extn_hfp_set_parameters:739] audio_extn_hfp_set_parameters
05-30 18:35:08.842 I/audio_hw_hal_primary( 477): Amlogic_HAL - adev_set_parameters: set drc is rf mode
05-30 18:35:08.842 I/audio_hw_decoder_ms12v2( 477): -drc DRCModesOfDownmixedOutput: 1
05-30 18:35:08.842 I/audio_hw_decoder_ms12v2( 477): -bs DRCBoostStereo: 0
05-30 18:35:08.842 I/audio_hw_decoder_ms12v2( 477): -cs DRCCutStereo: 0
05-30 18:35:08.842 I/audio_hw_decoder_ms12v2( 477): -dap_drc DAPDRCMode: 1
05-30 18:35:08.842 I/audio_hw_decoder_ms12v2( 477): -b DRCBoost: 0
05-30 18:35:08.842 I/audio_hw_decoder_ms12v2( 477): -c DRCCut: 0
05-30 18:35:08.848 D/DroidAudioManager.J( 963): setDigitalAudioFormatOut: mode:[0]PCM, submode:
05-30 18:35:08.849 I/audio_hw_hal_primary( 477): [adev_set_parameters:4123] dev:0xecf00010, kv: hdmi_format=0
05-30 18:35:08.849 D/audio_hw_hal_hfp( 477): [audio_extn_hfp_set_parameters:739] audio_extn_hfp_set_parameters
05-30 18:35:08.849 I/audio_hw_hal_primary( 477): [adev_set_parameters:4275] digital audio mode: PCM
05-30 18:35:08.856 I/SystemUIService( 949): Found SurfaceFlinger's GPU Priority: 13143
05-30 18:35:08.857 I/SystemUIService( 949): Setting SysUI's GPU Context priority to: 12545
05-30 18:35:08.857 I/Codec2InfoBuilder( 611): adding type 'video/hevc'
05-30 18:35:08.890 E/C2VdecComponentIntfImpl( 485): [config##224] component is null, config param error!
05-30 18:35:08.891 E/C2VdecComponentIntfImpl( 485): [config##224] component is null, config param error!
05-30 18:35:08.891 E/C2VdecComponentIntfImpl( 485): [config##224] component is null, config param error!
05-30 18:35:08.905 E/WifiChipAidlImpl( 694): getMode failed with service-specific exception: android.os.ServiceSpecificException: (code 5)
05-30 18:35:08.906 W/android.hardware.wifi-service.droidlogic( 501): No active wlan interfaces in use! Using default
05-30 18:35:08.906 E/android.hardware.wifi-service.droidlogic( 501): Unknown iface name: wlan0
05-30 18:35:08.906 E/android.hardware.wifi-service.droidlogic( 501): Unknown iface name: wlan0
05-30 18:35:08.906 D/incidentd( 605): WorkDirectory::getReports
05-30 18:35:08.910 E/C2VdecComponentIntfImpl( 485): [config##224] component is null, config param error!
05-30 18:35:08.915 E/AppWidgetManager( 949): Nofity service of inheritance info
05-30 18:35:08.915 E/AppWidgetManager( 949): java.lang.IllegalStateException: User 0 must be unlocked for widgets to be available
05-30 18:35:08.915 E/AppWidgetManager( 949): at android.os.Parcel.createExceptionOrNull(Parcel.java:3065)
05-30 18:35:08.915 E/AppWidgetManager( 949): at android.os.Parcel.createException(Parcel.java:3041)
05-30 18:35:08.915 E/AppWidgetManager( 949): at android.os.Parcel.readException(Parcel.java:3024)
05-30 18:35:08.915 E/AppWidgetManager( 949): at android.os.Parcel.readException(Parcel.java:2966)
05-30 18:35:08.915 E/AppWidgetManager( 949): at com.android.internal.appwidget.IAppWidgetService$Stub$Proxy.getInstalledProvidersForProfile(IAppWidgetService.java:990)
05-30 18:35:08.915 E/AppWidgetManager( 949): at android.appwidget.AppWidgetManager.getInstalledProvidersForProfile(AppWidgetManager.java:1016)
05-30 18:35:08.915 E/AppWidgetManager( 949): at android.appwidget.AppWidgetManager.getInstalledProvidersForPackage(AppWidgetManager.java:950)
05-30 18:35:08.915 E/AppWidgetManager( 949): at android.appwidget.AppWidgetManager.lambda$new$3(AppWidgetManager.java:548)
05-30 18:35:08.915 E/AppWidgetManager( 949): at android.appwidget.AppWidgetManager.$r8$lambda$MnZCUjy90wcD58stsygv3SVPbu4(Unknown Source:0)
05-30 18:35:08.915 E/AppWidgetManager( 949): at android.appwidget.AppWidgetManager$$ExternalSyntheticLambda10.run(Unknown Source:2)
05-30 18:35:08.915 E/AppWidgetManager( 949): at android.os.Handler.handleCallback(Handler.java:958)
05-30 18:35:08.915 E/AppWidgetManager( 949): at android.os.Handler.dispatchMessage(Handler.java:99)
05-30 18:35:08.915 E/AppWidgetManager( 949): at android.os.Looper.loopOnce(Looper.java:205)
05-30 18:35:08.915 E/AppWidgetManager( 949): at android.os.Looper.loop(Looper.java:294)
05-30 18:35:08.915 E/AppWidgetManager( 949): at android.os.HandlerThread.run(HandlerThread.java:67)
05-30 18:35:08.915 E/AppWidgetManager( 949): Caused by: android.os.RemoteException: Remote stack trace:
05-30 18:35:08.915 E/AppWidgetManager( 949): at com.android.server.appwidget.AppWidgetServiceImpl.ensureGroupStateLoadedLocked(AppWidgetServiceImpl.java:651)
05-30 18:35:08.915 E/AppWidgetManager( 949): at com.android.server.appwidget.AppWidgetServiceImpl.ensureGroupStateLoadedLocked(AppWidgetServiceImpl.java:645)
05-30 18:35:08.915 E/AppWidgetManager( 949): at com.android.server.appwidget.AppWidgetServiceImpl.getInstalledProvidersForProfile(AppWidgetServiceImpl.java:1730)
05-30 18:35:08.915 E/AppWidgetManager( 949): at com.android.internal.appwidget.IAppWidgetService$Stub.onTransact(IAppWidgetService.java:510)
05-30 18:35:08.915 E/AppWidgetManager( 949): at android.os.Binder.execTransactInternal(Binder.java:1363)
05-30 18:35:08.915 E/AppWidgetManager( 949):
05-30 18:35:08.915 I/audio_hw_hal_primary( 477): [adev_set_parameters:4123] dev:0xecf00010, kv: cmd_aed_lr_ch_volume_mute=0
05-30 18:35:08.915 D/audio_hw_hal_hfp( 477): [audio_extn_hfp_set_parameters:739] audio_extn_hfp_set_parameters
05-30 18:35:08.924 I/C2VendorComponentStore( 485): C2VendorComponentStore::createInterface name c2.amlogic.hevc.decoder.secure
05-30 18:35:08.924 I/C2VendorComponentStore( 485): findComponent
05-30 18:35:08.924 I/C2VendorComponentStore( 485): localModule libpath libcodec2_aml_video_decoder.so 2
05-30 18:35:08.924 V/C2VendorComponentStore( 485): Loading dll
05-30 18:35:08.925 I/C2VendorComponentStore( 485): in init ===> start codec:2 secure:1 isAudio:0
05-30 18:35:08.925 V/C2VendorComponentStore( 485): init libPath:libcodec2_aml_video_decoder.so --> isAudio:0, createFactoryName:CreateC2VdecH265Factory
05-30 18:35:08.925 V/C2VdecComponent( 485): create component H265 secure:1
05-30 18:35:08.925 I/C2VendorComponentStore( 485): GetCodec2VendorComponentStore, line:861
05-30 18:35:08.925 E/C2VdecCodecConfig( 485): c2.amlogic.hevc.decoder.secure can support 4K
05-30 18:35:08.927 I/C2VdecCodecConfig( 485): isCodecSupportHdr10Plus hdr10:(0)
05-30 18:35:08.927 E/C2VdecCodecConfig( 485): can support 8K
05-30 18:35:08.924 I/NetworkStats( 694): type=1400 audit(0.0:686): avc: denied { read } for name="address" dev="sysfs" ino=58811 scontext=u:r:system_server:s0 tcontext=u:object_r:sysfs:s0 tclass=file permissive=1
05-30 18:35:08.924 I/NetworkStats( 694): type=1400 audit(0.0:687): avc: denied { open } for path="/sys/devices/platform/soc/fe088000.sdio/mmc_host/mmc1/mmc1:0000/mmc1:0000:7/net/ap0/address" dev="sysfs" ino=58811 scontext=u:r:system_server:s0 tcontext=u:object_r:sysfs:s0 tclass=file permissive=1
05-30 18:35:08.939 I/C2VdecComponentIntfImpl( 485): [onHdrDeclareParam:1048] mSupportHdr10Plus 0
05-30 18:35:08.941 I/C2VdecComponentIntfImpl( 485): not set prop not support 10bit
05-30 18:35:08.941 V/C2VendorComponentStore( 485): In ~ComponentModule
05-30 18:35:08.941 V/C2VendorComponentStore( 485): Unloading dll
05-30 18:35:08.942 I/Codec2InfoBuilder( 611): adding type 'video/hevc'
05-30 18:35:08.943 E/C2VdecComponentIntfImpl( 485): [config##224] component is null, config param error!
05-30 18:35:08.944 E/C2VdecComponentIntfImpl( 485): [config##224] component is null, config param error!
05-30 18:35:08.944 E/C2VdecComponentIntfImpl( 485): [config##224] component is null, config param error!
05-30 18:35:08.945 E/C2VdecComponentIntfImpl( 485): [config##224] component is null, config param error!
05-30 18:35:08.946 I/C2VendorComponentStore( 485): C2VendorComponentStore::createInterface name c2.amlogic.jpeg.decoder
05-30 18:35:08.946 I/C2VendorComponentStore( 485): findComponent
05-30 18:35:08.946 I/C2VendorComponentStore( 485): localModule libpath libcodec2_aml_soft_image_decoder.so 16
05-30 18:35:08.946 V/C2VendorComponentStore( 485): Loading dll
05-30 18:35:08.947 I/C2VendorComponentStore( 485): in init ===> start codec:16 secure:0 isAudio:0
05-30 18:35:08.947 V/C2VendorComponentStore( 485): init libPath:libcodec2_aml_soft_image_decoder.so --> isAudio:0, createFactoryName:CreateC2SoftImageJPEGFactory
05-30 18:35:08.947 E/Img ( 485): CreateC2SoftImageJPEGFactory
05-30 18:35:08.947 I/C2VendorComponentStore( 485): GetCodec2VendorComponentStore, line:861
05-30 18:35:08.947 I/Img ( 485): codecname:c2.amlogic.jpeg.decoder
05-30 18:35:08.957 D/Img ( 485): MaxSizeCalculator enter
05-30 18:35:08.957 V/C2VendorComponentStore( 485): In ~ComponentModule
05-30 18:35:08.957 E/Img ( 485): DestroyC2SoftImageJPEGFactory
05-30 18:35:08.957 V/C2VendorComponentStore( 485): Unloading dll
05-30 18:35:08.959 I/HalDevMgr( 694): currentModeId=0, requestModeId=3, currentModeIdValid=false
05-30 18:35:08.960 I/WifiHAL ( 501): wifi_pre_initialize
05-30 18:35:08.960 I/WifiHAL ( 501): --- HAL version: AML vendor WiFi HAL BCMDHD_V20240104.1 ---
05-30 18:35:08.960 I/WifiHAL ( 501): Creating socket
05-30 18:35:08.962 I/WifiHAL ( 501): Initialized Wifi HAL Successfully; vendor cmd = 103
05-30 18:35:08.962 I/WifiHAL ( 501): found interface wlan0
05-30 18:35:08.962 E/WifiHAL ( 501): Calling preInit
05-30 18:35:08.962 E/WifiHAL ( 501): Hal preInit
05-30 18:35:08.962 D/WifiHAL ( 501): error code -95 mapped to -3
05-30 18:35:08.962 E/WifiHAL ( 501): Failed to register set Hal preInit; result = -3
05-30 18:35:08.962 E/WifiHAL ( 501): wifi_hal_preInit failed
05-30 18:35:08.976 I/Codec2InfoBuilder( 611): adding type 'image/jpeg'
05-30 18:35:08.977 I/C2VendorComponentStore( 485): C2VendorComponentStore::createInterface name c2.amlogic.mjpeg.decoder
05-30 18:35:08.977 I/C2VendorComponentStore( 485): findComponent
05-30 18:35:08.977 I/C2VendorComponentStore( 485): localModule libpath libcodec2_aml_video_decoder.so 10
05-30 18:35:08.977 V/C2VendorComponentStore( 485): Loading dll
05-30 18:35:08.977 I/C2VendorComponentStore( 485): in init ===> start codec:10 secure:0 isAudio:0
05-30 18:35:08.977 V/C2VendorComponentStore( 485): init libPath:libcodec2_aml_video_decoder.so --> isAudio:0, createFactoryName:CreateC2VdecMJPGFactory
05-30 18:35:08.977 V/C2VdecComponent( 485): create component MJPG secure:0
05-30 18:35:08.977 I/C2VendorComponentStore( 485): GetCodec2VendorComponentStore, line:861
05-30 18:35:08.977 E/C2VdecCodecConfig( 485): c2.amlogic.mjpeg.decoder can support 4K
05-30 18:35:08.978 I/C2VdecCodecConfig( 485): isCodecSupportHdr10Plus hdr10:(0)
05-30 18:35:08.978 I/C2VdecComponentIntfImpl( 485): [onHdrDeclareParam:1048] mSupportHdr10Plus 0
05-30 18:35:08.984 I/C2VdecComponentIntfImpl( 485): not set prop not support 10bit
05-30 18:35:08.984 V/C2VendorComponentStore( 485): In ~ComponentModule
05-30 18:35:08.984 V/C2VendorComponentStore( 485): Unloading dll
05-30 18:35:08.985 I/Codec2InfoBuilder( 611): adding type 'video/x-motion-jpeg'
05-30 18:35:08.987 E/C2VdecComponentIntfImpl( 485): [config##224] component is null, config param error!
05-30 18:35:08.989 I/C2VendorComponentStore( 485): C2VendorComponentStore::createInterface name c2.amlogic.mpeg2.decoder
05-30 18:35:08.989 I/C2VendorComponentStore( 485): findComponent
05-30 18:35:08.989 I/C2VendorComponentStore( 485): localModule libpath libcodec2_aml_video_decoder.so 8
05-30 18:35:08.989 V/C2VendorComponentStore( 485): Loading dll
05-30 18:35:08.992 I/C2VendorComponentStore( 485): in init ===> start codec:8 secure:0 isAudio:0
05-30 18:35:08.992 V/C2VendorComponentStore( 485): init libPath:libcodec2_aml_video_decoder.so --> isAudio:0, createFactoryName:CreateC2VdecMP2VFactory
05-30 18:35:08.992 V/C2VdecComponent( 485): create component MP2V secure:0
05-30 18:35:08.992 I/C2VendorComponentStore( 485): GetCodec2VendorComponentStore, line:861
05-30 18:35:08.992 E/C2VdecCodecConfig( 485): c2.amlogic.mpeg2.decoder can support 4K
05-30 18:35:08.994 I/C2VdecCodecConfig( 485): isCodecSupportHdr10Plus hdr10:(0)
