05-30 18:36:25.545 I/a2dp_codec( 2707): packages/modules/Bluetooth/system/stack/a2dp/a2dp_codec_config.cc:116 createCodec: aptX-HD
05-30 18:36:25.545 I/a2dp_codec( 2707): packages/modules/Bluetooth/system/stack/a2dp/a2dp_codec_config.cc:642 init: init: updated aptX-HD codec priority to 4001
05-30 18:36:25.545 I/a2dp_codec( 2707): packages/modules/Bluetooth/system/stack/a2dp/a2dp_codec_config.cc:116 createCodec: LDAC
05-30 18:36:25.545 I/a2dp_codec( 2707): packages/modules/Bluetooth/system/stack/a2dp/a2dp_codec_config.cc:642 init: init: updated LDAC codec priority to 5001
05-30 18:36:25.545 I/a2dp_codec( 2707): packages/modules/Bluetooth/system/stack/a2dp/a2dp_codec_config.cc:116 createCodec: LC3 not implemented
05-30 18:36:25.545 I/a2dp_codec( 2707): packages/modules/Bluetooth/system/stack/a2dp/a2dp_codec_config.cc:633 init: init: OPUS codec disabled, updated priority to -1
05-30 18:36:25.545 I/a2dp_codec( 2707): packages/modules/Bluetooth/system/stack/a2dp/a2dp_codec_config.cc:116 createCodec: Opus
05-30 18:36:25.545 I/a2dp_codec( 2707): packages/modules/Bluetooth/system/stack/a2dp/a2dp_codec_config.cc:642 init: init: updated Opus codec priority to -1
05-30 18:36:25.545 I/a2dp_codec( 2707): packages/modules/Bluetooth/system/stack/a2dp/a2dp_codec_config.cc:116 createCodec: SBC SINK
05-30 18:36:25.545 I/a2dp_codec( 2707): packages/modules/Bluetooth/system/stack/a2dp/a2dp_codec_config.cc:116 createCodec: AAC SINK
05-30 18:36:25.545 I/a2dp_codec( 2707): packages/modules/Bluetooth/system/stack/a2dp/a2dp_codec_config.cc:116 createCodec: LDAC SINK
05-30 18:36:25.545 I/a2dp_vendor_ldac_decoder( 2707): packages/modules/Bluetooth/system/stack/a2dp/a2dp_vendor_ldac_decoder.cc:130 A2DP_VendorLoadDecoderLdac: A2DP_VendorLoadDecoderLdac: cannot open LDAC decoder library libldacBT_bco.so: dlopen failed: library "libldacBT_bco.so" not found
05-30 18:36:25.545 E/a2dp_vendor_ldac( 2707): packages/modules/Bluetooth/system/stack/a2dp/a2dp_vendor_ldac.cc:1422 init: init: cannot load the decoder
05-30 18:36:25.545 I/a2dp_codec( 2707): packages/modules/Bluetooth/system/stack/a2dp/a2dp_codec_config.cc:116 createCodec: Opus SINK
05-30 18:36:25.545 I/a2dp_codec( 2707): packages/modules/Bluetooth/system/stack/a2dp/a2dp_codec_config.cc:667 init: init: initialized Source codec LDAC
05-30 18:36:25.545 I/a2dp_codec( 2707): packages/modules/Bluetooth/system/stack/a2dp/a2dp_codec_config.cc:667 init: init: initialized Source codec aptX-HD
05-30 18:36:25.545 I/a2dp_codec( 2707): packages/modules/Bluetooth/system/stack/a2dp/a2dp_codec_config.cc:667 init: init: initialized Source codec aptX
05-30 18:36:25.545 I/a2dp_codec( 2707): packages/modules/Bluetooth/system/stack/a2dp/a2dp_codec_config.cc:667 init: init: initialized Source codec AAC
05-30 18:36:25.545 I/a2dp_codec( 2707): packages/modules/Bluetooth/system/stack/a2dp/a2dp_codec_config.cc:667 init: init: initialized Source codec SBC
05-30 18:36:25.546 I/a2dp_codec( 2707): packages/modules/Bluetooth/system/stack/a2dp/a2dp_codec_config.cc:674 init: init: initialized Sink codec Opus SINK
05-30 18:36:25.546 I/a2dp_codec( 2707): packages/modules/Bluetooth/system/stack/a2dp/a2dp_codec_config.cc:674 init: init: initialized Sink codec AAC SINK
05-30 18:36:25.546 I/a2dp_codec( 2707): packages/modules/Bluetooth/system/stack/a2dp/a2dp_codec_config.cc:674 init: init: initialized Sink codec SBC SINK
05-30 18:36:25.546 I/a2dp_codec( 2707): packages/modules/Bluetooth/system/stack/a2dp/a2dp_codec_config.cc:601 init: init
05-30 18:36:25.546 I/a2dp_codec( 2707): packages/modules/Bluetooth/system/stack/a2dp/a2dp_codec_config.cc:116 createCodec: SBC
05-30 18:36:25.546 I/a2dp_codec( 2707): packages/modules/Bluetooth/system/stack/a2dp/a2dp_codec_config.cc:642 init: init: updated SBC codec priority to 1001
05-30 18:36:25.546 I/a2dp_codec( 2707): packages/modules/Bluetooth/system/stack/a2dp/a2dp_codec_config.cc:116 createCodec: AAC
05-30 18:36:25.546 I/a2dp_codec( 2707): packages/modules/Bluetooth/system/stack/a2dp/a2dp_codec_config.cc:642 init: init: updated AAC codec priority to 2001
05-30 18:36:25.546 I/a2dp_codec( 2707): packages/modules/Bluetooth/system/stack/a2dp/a2dp_codec_config.cc:116 createCodec: aptX
05-30 18:36:25.546 I/a2dp_codec( 2707): packages/modules/Bluetooth/system/stack/a2dp/a2dp_codec_config.cc:642 init: init: updated aptX codec priority to 3001
05-30 18:36:25.546 I/a2dp_codec( 2707): packages/modules/Bluetooth/system/stack/a2dp/a2dp_codec_config.cc:116 createCodec: aptX-HD
05-30 18:36:25.546 I/a2dp_codec( 2707): packages/modules/Bluetooth/system/stack/a2dp/a2dp_codec_config.cc:642 init: init: updated aptX-HD codec priority to 4001
05-30 18:36:25.546 I/a2dp_codec( 2707): packages/modules/Bluetooth/system/stack/a2dp/a2dp_codec_config.cc:116 createCodec: LDAC
05-30 18:36:25.546 I/a2dp_codec( 2707): packages/modules/Bluetooth/system/stack/a2dp/a2dp_codec_config.cc:642 init: init: updated LDAC codec priority to 5001
05-30 18:36:25.546 I/a2dp_codec( 2707): packages/modules/Bluetooth/system/stack/a2dp/a2dp_codec_config.cc:116 createCodec: LC3 not implemented
05-30 18:36:25.546 I/a2dp_codec( 2707): packages/modules/Bluetooth/system/stack/a2dp/a2dp_codec_config.cc:633 init: init: OPUS codec disabled, updated priority to -1
05-30 18:36:25.546 I/a2dp_codec( 2707): packages/modules/Bluetooth/system/stack/a2dp/a2dp_codec_config.cc:116 createCodec: Opus
05-30 18:36:25.546 I/a2dp_codec( 2707): packages/modules/Bluetooth/system/stack/a2dp/a2dp_codec_config.cc:642 init: init: updated Opus codec priority to -1
05-30 18:36:25.546 I/a2dp_codec( 2707): packages/modules/Bluetooth/system/stack/a2dp/a2dp_codec_config.cc:116 createCodec: SBC SINK
05-30 18:36:25.546 I/a2dp_codec( 2707): packages/modules/Bluetooth/system/stack/a2dp/a2dp_codec_config.cc:116 createCodec: AAC SINK
05-30 18:36:25.546 I/a2dp_codec( 2707): packages/modules/Bluetooth/system/stack/a2dp/a2dp_codec_config.cc:116 createCodec: LDAC SINK
05-30 18:36:25.546 I/a2dp_vendor_ldac_decoder( 2707): packages/modules/Bluetooth/system/stack/a2dp/a2dp_vendor_ldac_decoder.cc:130 A2DP_VendorLoadDecoderLdac: A2DP_VendorLoadDecoderLdac: cannot open LDAC decoder library libldacBT_bco.so: dlopen failed: library "libldacBT_bco.so" not found
05-30 18:36:25.546 E/a2dp_vendor_ldac( 2707): packages/modules/Bluetooth/system/stack/a2dp/a2dp_vendor_ldac.cc:1422 init: init: cannot load the decoder
05-30 18:36:25.546 I/a2dp_codec( 2707): packages/modules/Bluetooth/system/stack/a2dp/a2dp_codec_config.cc:116 createCodec: Opus SINK
05-30 18:36:25.546 I/a2dp_codec( 2707): packages/modules/Bluetooth/system/stack/a2dp/a2dp_codec_config.cc:667 init: init: initialized Source codec LDAC
05-30 18:36:25.546 I/a2dp_codec( 2707): packages/modules/Bluetooth/system/stack/a2dp/a2dp_codec_config.cc:667 init: init: initialized Source codec aptX-HD
05-30 18:36:25.546 I/a2dp_codec( 2707): packages/modules/Bluetooth/system/stack/a2dp/a2dp_codec_config.cc:667 init: init: initialized Source codec aptX
05-30 18:36:25.546 I/a2dp_codec( 2707): packages/modules/Bluetooth/system/stack/a2dp/a2dp_codec_config.cc:667 init: init: initialized Source codec AAC
05-30 18:36:25.546 I/a2dp_codec( 2707): packages/modules/Bluetooth/system/stack/a2dp/a2dp_codec_config.cc:667 init: init: initialized Source codec SBC
05-30 18:36:25.546 I/a2dp_codec( 2707): packages/modules/Bluetooth/system/stack/a2dp/a2dp_codec_config.cc:674 init: init: initialized Sink codec Opus SINK
05-30 18:36:25.546 I/a2dp_codec( 2707): packages/modules/Bluetooth/system/stack/a2dp/a2dp_codec_config.cc:674 init: init: initialized Sink codec AAC SINK
05-30 18:36:25.546 I/a2dp_codec( 2707): packages/modules/Bluetooth/system/stack/a2dp/a2dp_codec_config.cc:674 init: init: initialized Sink codec SBC SINK
05-30 18:36:25.546 I/a2dp_codec( 2707): packages/modules/Bluetooth/system/stack/a2dp/a2dp_codec_config.cc:601 init: init
05-30 18:36:25.546 I/a2dp_codec( 2707): packages/modules/Bluetooth/system/stack/a2dp/a2dp_codec_config.cc:116 createCodec: SBC
05-30 18:36:25.546 I/a2dp_codec( 2707): packages/modules/Bluetooth/system/stack/a2dp/a2dp_codec_config.cc:642 init: init: updated SBC codec priority to 1001
05-30 18:36:25.546 I/a2dp_codec( 2707): packages/modules/Bluetooth/system/stack/a2dp/a2dp_codec_config.cc:116 createCodec: AAC
05-30 18:36:25.546 I/a2dp_codec( 2707): packages/modules/Bluetooth/system/stack/a2dp/a2dp_codec_config.cc:642 init: init: updated AAC codec priority to 2001
05-30 18:36:25.546 I/a2dp_codec( 2707): packages/modules/Bluetooth/system/stack/a2dp/a2dp_codec_config.cc:116 createCodec: aptX
05-30 18:36:25.546 I/a2dp_codec( 2707): packages/modules/Bluetooth/system/stack/a2dp/a2dp_codec_config.cc:642 init: init: updated aptX codec priority to 3001
05-30 18:36:25.546 I/a2dp_codec( 2707): packages/modules/Bluetooth/system/stack/a2dp/a2dp_codec_config.cc:116 createCodec: aptX-HD
05-30 18:36:25.546 I/a2dp_codec( 2707): packages/modules/Bluetooth/system/stack/a2dp/a2dp_codec_config.cc:642 init: init: updated aptX-HD codec priority to 4001
05-30 18:36:25.546 I/a2dp_codec( 2707): packages/modules/Bluetooth/system/stack/a2dp/a2dp_codec_config.cc:116 createCodec: LDAC
05-30 18:36:25.546 I/a2dp_codec( 2707): packages/modules/Bluetooth/system/stack/a2dp/a2dp_codec_config.cc:642 init: init: updated LDAC codec priority to 5001
05-30 18:36:25.546 I/a2dp_codec( 2707): packages/modules/Bluetooth/system/stack/a2dp/a2dp_codec_config.cc:116 createCodec: LC3 not implemented
05-30 18:36:25.547 I/a2dp_codec( 2707): packages/modules/Bluetooth/system/stack/a2dp/a2dp_codec_config.cc:633 init: init: OPUS codec disabled, updated priority to -1
05-30 18:36:25.547 I/a2dp_codec( 2707): packages/modules/Bluetooth/system/stack/a2dp/a2dp_codec_config.cc:116 createCodec: Opus
05-30 18:36:25.547 I/a2dp_codec( 2707): packages/modules/Bluetooth/system/stack/a2dp/a2dp_codec_config.cc:642 init: init: updated Opus codec priority to -1
05-30 18:36:25.547 I/a2dp_codec( 2707): packages/modules/Bluetooth/system/stack/a2dp/a2dp_codec_config.cc:116 createCodec: SBC SINK
05-30 18:36:25.547 I/a2dp_codec( 2707): packages/modules/Bluetooth/system/stack/a2dp/a2dp_codec_config.cc:116 createCodec: AAC SINK
05-30 18:36:25.547 I/a2dp_codec( 2707): packages/modules/Bluetooth/system/stack/a2dp/a2dp_codec_config.cc:116 createCodec: LDAC SINK
05-30 18:36:25.548 I/a2dp_vendor_ldac_decoder( 2707): packages/modules/Bluetooth/system/stack/a2dp/a2dp_vendor_ldac_decoder.cc:130 A2DP_VendorLoadDecoderLdac: A2DP_VendorLoadDecoderLdac: cannot open LDAC decoder library libldacBT_bco.so: dlopen failed: library "libldacBT_bco.so" not found
05-30 18:36:25.548 E/a2dp_vendor_ldac( 2707): packages/modules/Bluetooth/system/stack/a2dp/a2dp_vendor_ldac.cc:1422 init: init: cannot load the decoder
05-30 18:36:25.548 I/a2dp_codec( 2707): packages/modules/Bluetooth/system/stack/a2dp/a2dp_codec_config.cc:116 createCodec: Opus SINK
05-30 18:36:25.548 I/a2dp_codec( 2707): packages/modules/Bluetooth/system/stack/a2dp/a2dp_codec_config.cc:667 init: init: initialized Source codec LDAC
05-30 18:36:25.548 I/a2dp_codec( 2707): packages/modules/Bluetooth/system/stack/a2dp/a2dp_codec_config.cc:667 init: init: initialized Source codec aptX-HD
05-30 18:36:25.548 I/a2dp_codec( 2707): packages/modules/Bluetooth/system/stack/a2dp/a2dp_codec_config.cc:667 init: init: initialized Source codec aptX
05-30 18:36:25.548 I/a2dp_codec( 2707): packages/modules/Bluetooth/system/stack/a2dp/a2dp_codec_config.cc:667 init: init: initialized Source codec AAC
05-30 18:36:25.548 I/a2dp_codec( 2707): packages/modules/Bluetooth/system/stack/a2dp/a2dp_codec_config.cc:667 init: init: initialized Source codec SBC
05-30 18:36:25.548 I/a2dp_codec( 2707): packages/modules/Bluetooth/system/stack/a2dp/a2dp_codec_config.cc:674 init: init: initialized Sink codec Opus SINK
05-30 18:36:25.548 I/a2dp_codec( 2707): packages/modules/Bluetooth/system/stack/a2dp/a2dp_codec_config.cc:674 init: init: initialized Sink codec AAC SINK
05-30 18:36:25.548 I/a2dp_codec( 2707): packages/modules/Bluetooth/system/stack/a2dp/a2dp_codec_config.cc:674 init: init: initialized Sink codec SBC SINK
05-30 18:36:25.548 I/bt_btif_a2dp_source( 2707): packages/modules/Bluetooth/system/btif/src/btif_a2dp_source.cc:331 btif_a2dp_source_init: btif_a2dp_source_init
05-30 18:36:25.551 I/bt_stack( 2707): [INFO:message_loop_thread.cc(184)] Run: message loop starting for thread bt_a2dp_source_worker_thread
05-30 18:36:25.551 I/bt_btif_a2dp_source( 2707): packages/modules/Bluetooth/system/btif/src/btif_a2dp_source.cc:341 btif_a2dp_source_init_delayed: btif_a2dp_source_init_delayed
05-30 18:36:25.552 I/bt_btif_storage( 2707): packages/modules/Bluetooth/system/btif/src/btif_storage.cc:653 btif_storage_get_adapter_property: btif_storage_get_adapter_property service_mask:0x20000008
05-30 18:36:25.552 I/bt_bta_av( 2707): packages/modules/Bluetooth/system/bta/av/bta_av_main.cc:431 bta_av_api_register: bta_av_api_register: AVRCP version used for sdp: "avrcp15"
05-30 18:36:25.552 I/bt_l2cap( 2707): packages/modules/Bluetooth/system/stack/l2cap/l2c_api.cc:172 L2CA_Register: L2CAP Registered service classic PSM: 0x0019
05-30 18:36:25.552 I/bt_l2cap( 2707): packages/modules/Bluetooth/system/stack/l2cap/l2c_api.cc:172 L2CA_Register: L2CAP Registered service classic PSM: 0x0017
05-30 18:36:25.552 D/A2dpService( 2707): A2DP offload flag set to false
05-30 18:36:25.552 I/bt_l2cap( 2707): packages/modules/Bluetooth/system/stack/l2cap/l2c_api.cc:172 L2CA_Register: L2CAP Registered service classic PSM: 0x001b
05-30 18:36:25.552 I/bt_bta_dm( 2707): packages/modules/Bluetooth/system/bta/dm/bta_dm_act.cc:3456 bta_dm_eir_update_uuid: EIR Adding UUID=0x110A into extended inquiry response
05-30 18:36:25.552 I/bt_bta_dm( 2707): packages/modules/Bluetooth/system/bta/dm/bta_dm_act.cc:3155 bta_dm_set_eir: Generating extended inquiry response packet EIR
05-30 18:36:25.552 I/bt_bta_av( 2707): packages/modules/Bluetooth/system/bta/av/bta_av_act.cc:305 bta_av_rc_create: Skipping RC creation for the old AVRCP profile
05-30 18:36:25.552 I/bt_bta_av( 2707): packages/modules/Bluetooth/system/bta/av/bta_av_main.cc:431 bta_av_api_register: bta_av_api_register: AVRCP version used for sdp: "avrcp15"
05-30 18:36:25.552 I/bt_bta_av( 2707): packages/modules/Bluetooth/system/bta/av/bta_av_main.cc:431 bta_av_api_register: bta_av_api_register: AVRCP version used for sdp: "avrcp15"
05-30 18:36:25.552 I/bt_bta_av( 2707): packages/modules/Bluetooth/system/bta/av/bta_av_main.cc:431 bta_av_api_register: bta_av_api_register: AVRCP version used for sdp: "avrcp15"
05-30 18:36:25.552 I/bt_bta_av( 2707): packages/modules/Bluetooth/system/bta/av/bta_av_main.cc:431 bta_av_api_register: bta_av_api_register: AVRCP version used for sdp: "avrcp15"
05-30 18:36:25.552 I/bt_bta_av( 2707): packages/modules/Bluetooth/system/bta/av/bta_av_main.cc:431 bta_av_api_register: bta_av_api_register: AVRCP version used for sdp: "avrcp15"
05-30 18:36:25.554 D/A2dpService( 2707): setA2dpService(): set to: com.android.bluetooth.a2dp.A2dpService@ac175ff
05-30 18:36:25.555 D/ActivityAttributionService( 2707): notifyActivityAttributionInfo UID=1002 packageName=com.android.bluetooth deviceAddress=no_active_device_address
05-30 18:36:25.555 I/bt_btif ( 2707): packages/modules/Bluetooth/system/btif/src/bluetooth.cc:829 get_profile_interface: get_profile_interface: id = activity_attribution
05-30 18:36:25.555 D/ActiveDeviceManager( 2707): handleAdapterStateChanged: currentState=11
05-30 18:36:25.557 I/AvrcpTargetService( 2707): User unlocked, initializing the service
05-30 18:36:25.557 I/AvrcpTargetService( 2707): Starting the AVRCP Target Service
05-30 18:36:25.558 V/MediaPlayerList( 2707): Creating MediaPlayerList
05-30 18:36:25.563 D/MediaSessionService( 694): The MediaKeyEventSessionChangedListener (android.os.BinderProxy@d79bb51) is added by com.android.bluetooth
05-30 18:36:25.564 I/AvrcpTargetJni( 2707): classInitNative: AvrcpTargetJni initialized!
05-30 18:36:25.564 D/AvrcpTargetJni( 2707): initNative
05-30 18:36:25.564 I/bt_stack( 2707): [INFO:avrcp_service.cc(375)] AVRCP Target Service started
05-30 18:36:25.565 I/bt_bta_dm( 2707): packages/modules/Bluetooth/system/bta/dm/bta_dm_act.cc:3456 bta_dm_eir_update_uuid: EIR Adding UUID=0x110C into extended inquiry response
05-30 18:36:25.565 I/bt_bta_dm( 2707): packages/modules/Bluetooth/system/bta/dm/bta_dm_act.cc:3155 bta_dm_set_eir: Generating extended inquiry response packet EIR
05-30 18:36:25.565 I/bt_bta_dm( 2707): packages/modules/Bluetooth/system/bta/dm/bta_dm_act.cc:3456 bta_dm_eir_update_uuid: EIR Adding UUID=0x110E into extended inquiry response
05-30 18:36:25.565 I/bt_bta_dm( 2707): packages/modules/Bluetooth/system/bta/dm/bta_dm_act.cc:3155 bta_dm_set_eir: Generating extended inquiry response packet EIR
05-30 18:36:25.565 I/bt_stack( 2707): [INFO:connection_handler.cc(200)] Connect to device ff:ff:ff:ff:ff:ff
05-30 18:36:25.565 I/bt_stack( 2707): [INFO:connection_handler.cc(222)] virtual bool bluetooth::avrcp::ConnectionHandler::AvrcpConnect(bool, const RawAddress &): handle=0000 status= 000000
05-30 18:36:25.565 V/WindowManagerShell( 949): Transition animation finished (aborted=false), notifying core (#3)android.os.BinderProxy@a88c7a1@0
05-30 18:36:25.568 V/WindowManager( 694): Finish Transition #3: created at
05-30 18:36:25.114 collect-started=0.096ms request-sent=0.39ms started=5.053ms ready=18.16ms sent=27.18ms finished=452.605ms
05-30 18:36:25.569 V/MediaPlayerList( 2707): Initializing MediaPlayerList
05-30 18:36:25.571 I/BrowsedPlayerWrapper( 2707): Wrapping Media Browser com.android.bluetooth
05-30 18:36:25.572 I/BrowsedPlayerWrapper( 2707): Wrapping Media Browser com.android.music
05-30 18:36:25.572 E/AvrcpTargetService( 2707): Please use AVRCP version 1.6 to enable cover art
05-30 18:36:25.573 D/ActivityAttributionService( 2707): notifyActivityAttributionInfo UID=1002 packageName=com.android.bluetooth deviceAddress=no_active_device_address
05-30 18:36:25.573 I/bt_btif ( 2707): packages/modules/Bluetooth/system/btif/src/bluetooth.cc:829 get_profile_interface: get_profile_interface: id = activity_attribution
05-30 18:36:25.574 I/HeadsetService( 2707): create()
05-30 18:36:25.576 I/HeadsetService( 2707): start()
05-30 18:36:25.577 V/WindowManagerShell( 949): Track 0 became idle
05-30 18:36:25.577 V/WindowManagerShell( 949): All active transition animations finished
05-30 18:36:25.581 I/BluetoothHeadsetServiceJni( 2707): classInitNative: succeeds
05-30 18:36:25.582 W/HeadsetClientService( 2707): getHeadsetClientService(): service is null
05-30 18:36:25.582 I/bt_btif ( 2707): packages/modules/Bluetooth/system/btif/src/bluetooth.cc:829 get_profile_interface: get_profile_interface: id = handsfree
05-30 18:36:25.582 I/bt_stack( 2707): [INFO:btif_hf.cc(1626)] GetInterface
05-30 18:36:25.582 I/bt_btif_hf( 2707): packages/modules/Bluetooth/system/btif/src/btif_hf.cc:1590 ExecuteService: service starts to: Initialize
05-30 18:36:25.582 I/bt_btif_storage( 2707): packages/modules/Bluetooth/system/btif/src/btif_storage.cc:653 btif_storage_get_adapter_property: btif_storage_get_adapter_property service_mask:0x20000048
05-30 18:36:25.582 I/bluetooth( 2707): packages/modules/Bluetooth/system/bta/ag/bta_ag_main.cc:405 bta_ag_api_enable: AG api enable
05-30 18:36:25.582 D/AudioService( 694): Volume controller visible: false
05-30 18:36:25.585 I/bluetooth( 2707): packages/modules/Bluetooth/system/bta/ag/bta_ag_sdp.cc:146 bta_ag_add_record: features: 135023
05-30 18:36:25.585 I/bt_bta_dm( 2707): packages/modules/Bluetooth/system/bta/dm/bta_dm_act.cc:3456 bta_dm_eir_update_uuid: EIR Adding UUID=0x1112 into extended inquiry response
05-30 18:36:25.585 I/bt_bta_dm( 2707): packages/modules/Bluetooth/system/bta/dm/bta_dm_act.cc:3155 bta_dm_set_eir: Generating extended inquiry response packet EIR
05-30 18:36:25.585 I/bluetooth( 2707): packages/modules/Bluetooth/system/bta/ag/bta_ag_sdp.cc:146 bta_ag_add_record: features: 135023
05-30 18:36:25.585 I/bt_bta_dm( 2707): packages/modules/Bluetooth/system/bta/dm/bta_dm_act.cc:3456 bta_dm_eir_update_uuid: EIR Adding UUID=0x111F into extended inquiry response
05-30 18:36:25.585 I/bt_bta_dm( 2707): packages/modules/Bluetooth/system/bta/dm/bta_dm_act.cc:3155 bta_dm_set_eir: Generating extended inquiry response packet EIR
05-30 18:36:25.585 I/bt_stack( 2707): [INFO:btif_hf.cc(318)] btif_hf_upstreams_evt: AG enable/disable event 0
05-30 18:36:25.585 I/bt_stack( 2707): [INFO:port_api.cc(220)] RFCOMM_CreateConnectionWithSecurity: bd_addr=ff:ff:ff:ff:ff:ff, scn=2, is_server=1, mtu=256, uuid=0x1112, dlci=4, signal_state=0x0b, p_port=0xc0d5c3b0
05-30 18:36:25.586 I/bt_stack( 2707): [INFO:port_api.cc(220)] RFCOMM_CreateConnectionWithSecurity: bd_addr=ff:ff:ff:ff:ff:ff, scn=3, is_server=1, mtu=256, uuid=0x111f, dlci=6, signal_state=0x0b, p_port=0xc0d5c438
05-30 18:36:25.586 I/bt_stack( 2707): [INFO:port_api.cc(220)] RFCOMM_CreateConnectionWithSecurity: bd_addr=ff:ff:ff:ff:ff:ff, scn=2, is_server=1, mtu=256, uuid=0x1112, dlci=4, signal_state=0x0b, p_port=0xc0d5c4c0
05-30 18:36:25.586 I/bt_stack( 2707): [INFO:port_api.cc(220)] RFCOMM_CreateConnectionWithSecurity: bd_addr=ff:ff:ff:ff:ff:ff, scn=3, is_server=1, mtu=256, uuid=0x111f, dlci=6, signal_state=0x0b, p_port=0xc0d5c548
05-30 18:36:25.586 I/bt_stack( 2707): [INFO:port_api.cc(220)] RFCOMM_CreateConnectionWithSecurity: bd_addr=ff:ff:ff:ff:ff:ff, scn=2, is_server=1, mtu=256, uuid=0x1112, dlci=4, signal_state=0x0b, p_port=0xc0d5c5d0
05-30 18:36:25.586 I/bt_stack( 2707): [INFO:port_api.cc(220)] RFCOMM_CreateConnectionWithSecurity: bd_addr=ff:ff:ff:ff:ff:ff, scn=3, is_server=1, mtu=256, uuid=0x111f, dlci=6, signal_state=0x0b, p_port=0xc0d5c658
05-30 18:36:25.586 I/bt_stack( 2707): [INFO:port_api.cc(220)] RFCOMM_CreateConnectionWithSecurity: bd_addr=ff:ff:ff:ff:ff:ff, scn=2, is_server=1, mtu=256, uuid=0x1112, dlci=4, signal_state=0x0b, p_port=0xc0d5c6e0
05-30 18:36:25.586 I/bt_stack( 2707): [INFO:port_api.cc(220)] RFCOMM_CreateConnectionWithSecurity: bd_addr=ff:ff:ff:ff:ff:ff, scn=3, is_server=1, mtu=256, uuid=0x111f, dlci=6, signal_state=0x0b, p_port=0xc0d5c768
05-30 18:36:25.586 I/bt_stack( 2707): [INFO:port_api.cc(220)] RFCOMM_CreateConnectionWithSecurity: bd_addr=ff:ff:ff:ff:ff:ff, scn=2, is_server=1, mtu=256, uuid=0x1112, dlci=4, signal_state=0x0b, p_port=0xc0d5c7f0
05-30 18:36:25.586 I/bt_stack( 2707): [INFO:port_api.cc(220)] RFCOMM_CreateConnectionWithSecurity: bd_addr=ff:ff:ff:ff:ff:ff, scn=3, is_server=1, mtu=256, uuid=0x111f, dlci=6, signal_state=0x0b, p_port=0xc0d5c878
05-30 18:36:25.586 I/bt_stack( 2707): [INFO:port_api.cc(220)] RFCOMM_CreateConnectionWithSecurity: bd_addr=ff:ff:ff:ff:ff:ff, scn=2, is_server=1, mtu=256, uuid=0x1112, dlci=4, signal_state=0x0b, p_port=0xc0d5c900
05-30 18:36:25.586 I/bt_stack( 2707): [INFO:port_api.cc(220)] RFCOMM_CreateConnectionWithSecurity: bd_addr=ff:ff:ff:ff:ff:ff, scn=3, is_server=1, mtu=256, uuid=0x111f, dlci=6, signal_state=0x0b, p_port=0xc0d5c988
05-30 18:36:25.587 D/ActivityAttributionService( 2707): notifyActivityAttributionInfo UID=1002 packageName=com.android.bluetooth deviceAddress=no_active_device_address
05-30 18:36:25.587 I/bt_btif ( 2707): packages/modules/Bluetooth/system/btif/src/bluetooth.cc:829 get_profile_interface: get_profile_interface: id = activity_attribution
05-30 18:36:25.588 D/HearingAidService( 2707): create()
05-30 18:36:25.589 D/HearingAidService( 2707): start()
05-30 18:36:25.590 I/bt_stack( 2707): [INFO:com_android_bluetooth_hearing_aid.cpp(97)] classInitNative: succeeds
05-30 18:36:25.592 D/HearingAidService( 2707): setHearingAidService(): set to: com.android.bluetooth.hearingaid.HearingAidService@51b30a6
05-30 18:36:25.592 I/bt_btif ( 2707): packages/modules/Bluetooth/system/btif/src/bluetooth.cc:829 get_profile_interface: get_profile_interface: id = hearing_aid
05-30 18:36:25.592 I/bt_stack( 2707): [INFO:hearing_aid_software_encoding_aidl.cc(182)] init
05-30 18:36:25.592 D/ActivityAttributionService( 2707): notifyActivityAttributionInfo UID=1002 packageName=com.android.bluetooth deviceAddress=no_active_device_address
05-30 18:36:25.592 I/bt_btif ( 2707): packages/modules/Bluetooth/system/btif/src/bluetooth.cc:829 get_profile_interface: get_profile_interface: id = activity_attribution
05-30 18:36:25.594 I/bt_btif ( 2707): packages/modules/Bluetooth/system/btif/src/bluetooth.cc:829 get_profile_interface: get_profile_interface: id = hidhost
05-30 18:36:25.594 I/bt_btif_storage( 2707): packages/modules/Bluetooth/system/btif/src/btif_storage.cc:653 btif_storage_get_adapter_property: btif_storage_get_adapter_property service_mask:0x20100048
05-30 18:36:25.596 I/BTAudioProviderFactoryAIDL( 477): getProviderCapabilities - SessionType=HEARING_AID_SOFTWARE_ENCODING_DATAPATH supports 1 codecs
05-30 18:36:25.596 I/bt_stack( 2707): [INFO:client_interface_aidl.cc(124)] FetchAudioProvider: BluetoothAudioHal SessionType=HEARING_AID_SOFTWARE_ENCODING_DATAPATH has 1 AudioCapabilities
05-30 18:36:25.596 I/BTAudioProviderFactoryAIDL( 477): openProvider - SessionType=HEARING_AID_SOFTWARE_ENCODING_DATAPATH
05-30 18:36:25.596 I/BTAudioProviderHearingAid( 477): HearingAidAudioProvider - size of audio buffer 3584 byte(s)
05-30 18:36:25.597 I/bt_stack( 2707): [INFO:client_interface_aidl.cc(143)] IBluetoothAudioProvidersFactory::openProvider() returned 0xef264450 (remote)
05-30 18:36:25.597 I/bluetooth( 2707): packages/modules/Bluetooth/system/stack/gatt/gatt_api.cc:1257 GATT_Register: Allocated name:GattClient uuid:4ec2e68a-5dba-23ea-a1ab-4a21059e164d gatt_if:4 eatt_support:0
05-30 18:36:25.597 I/bt_l2cap( 2707): packages/modules/Bluetooth/system/stack/l2cap/l2c_api.cc:172 L2CA_Register: L2CAP Registered service classic PSM: 0x0011
05-30 18:36:25.597 I/bt_l2cap( 2707): packages/modules/Bluetooth/system/stack/l2cap/l2c_api.cc:172 L2CA_Register: L2CAP Registered service classic PSM: 0x0013
05-30 18:36:25.597 I/bluetooth( 2707): packages/modules/Bluetooth/system/stack/gatt/gatt_api.cc:1257 GATT_Register: Allocated name:GattClient uuid:69f13e6a-8559-5dc1-9ee6-d84fe665e1b6 gatt_if:5 eatt_support:0
05-30 18:36:25.608 D/BtOppService( 2707): setBluetoothOppService(): set to: com.android.bluetooth.opp.BluetoothOppService@239b132
05-30 18:36:25.609 D/ActivityAttributionService( 2707): notifyActivityAttributionInfo UID=1002 packageName=com.android.bluetooth deviceAddress=no_active_device_address
05-30 18:36:25.609 I/bt_btif ( 2707): packages/modules/Bluetooth/system/btif/src/bluetooth.cc:829 get_profile_interface: get_profile_interface: id = activity_attribution
05-30 18:36:25.612 D/BluetoothPanServiceJni( 2707): initializeNative(L113): pan
05-30 18:36:25.612 I/bt_btif ( 2707): packages/modules/Bluetooth/system/btif/src/bluetooth.cc:829 get_profile_interface: get_profile_interface: id = pan
05-30 18:36:25.612 I/bt_l2cap( 2707): packages/modules/Bluetooth/system/stack/l2cap/l2c_api.cc:172 L2CA_Register: L2CAP Registered service classic PSM: 0x000f
05-30 18:36:25.612 I/bt_bta_dm( 2707): packages/modules/Bluetooth/system/bta/dm/bta_dm_act.cc:3456 bta_dm_eir_update_uuid: EIR Adding UUID=0x1116 into extended inquiry response
05-30 18:36:25.612 I/bt_bta_dm( 2707): packages/modules/Bluetooth/system/bta/dm/bta_dm_act.cc:3155 bta_dm_set_eir: Generating extended inquiry response packet EIR
05-30 18:36:25.612 I/bt_bta_dm( 2707): packages/modules/Bluetooth/system/bta/dm/bta_dm_act.cc:3456 bta_dm_eir_update_uuid: EIR Adding UUID=0x1115 into extended inquiry response
05-30 18:36:25.612 I/bt_bta_dm( 2707): packages/modules/Bluetooth/system/bta/dm/bta_dm_act.cc:3155 bta_dm_set_eir: Generating extended inquiry response packet EIR
05-30 18:36:25.612 I/bt_bta_dm( 2707): packages/modules/Bluetooth/system/bta/dm/bta_dm_act.cc:3456 bta_dm_eir_update_uuid: EIR Adding UUID=0x1116 into extended inquiry response
05-30 18:36:25.612 I/bt_bta_dm( 2707): packages/modules/Bluetooth/system/bta/dm/bta_dm_act.cc:3155 bta_dm_set_eir: Generating extended inquiry response packet EIR
05-30 18:36:25.612 I/bt_bta_dm( 2707): packages/modules/Bluetooth/system/bta/dm/bta_dm_act.cc:3456 bta_dm_eir_update_uuid: EIR Adding UUID=0x1115 into extended inquiry response
05-30 18:36:25.612 I/bt_bta_dm( 2707): packages/modules/Bluetooth/system/bta/dm/bta_dm_act.cc:3155 bta_dm_set_eir: Generating extended inquiry response packet EIR
05-30 18:36:25.612 D/BluetoothPanServiceJni( 2707): control_state_callback(L60): state:0, local_role:3, ifname:bt-pan
05-30 18:36:25.614 I/TetheringManager( 2707): registerTetheringEventCallback:com.android.bluetooth
05-30 18:36:25.614 I/TetheringManager( 2707): registerTetheringEventCallback caller:com.android.bluetooth
05-30 18:36:25.615 D/AvrcpVolumeManager( 2707): onAudioDevicesAdded: Not expecting device changed
05-30 18:36:25.617 D/CompatibilityChangeReporter( 694): Compat change id reported: 261072174; UID 1002; state: ENABLED
05-30 18:36:25.620 D/CompatibilityChangeReporter( 694): Compat change id reported: 161252188; UID 10049; state: DISABLED
05-30 18:36:25.623 D/ActivityManager( 694): sync unfroze 1477 com.android.music for 6
05-30 18:36:25.627 D/HeadsetPhoneState( 2707): sendDeviceStateChanged. mService=0 mSignal=0 mRoam=0 mBatteryCharge=3
05-30 18:36:25.628 D/CompatibilityChangeReporter( 2707): Compat change id reported: 150939131; UID 1002; state: ENABLED
05-30 18:36:25.629 D/AdapterProperties( 2707): onBluetoothReady, state=TURNING_ON, ScanMode=20
05-30 18:36:25.631 I/MediaSessionStack( 694): addSession to bottom of stack | record: com.android.music/MediaPlaybackService (userId=0)
05-30 18:36:25.634 D/BluetoothAdapterService( 2707): updateUuids() - Updating UUIDs for bonded devices
05-30 18:36:25.634 I/BluetoothAdapterService( 2707): initProfileServices: Initializing all bluetooth profile services
05-30 18:36:25.634 W/HeadsetClientService( 2707): getHeadsetClientService(): service is null
05-30 18:36:25.634 W/BluetoothMapService( 2707): getBluetoothMapService(): service is null
05-30 18:36:25.634 W/MapClientService( 2707): getMapClientService(): service is null
05-30 18:36:25.635 D/HidDeviceService( 2707): getHidDeviceService(): service is NULL
05-30 18:36:25.635 W/BluetoothPbapService( 2707): getBluetoothPbapService(): service is null
05-30 18:36:25.635 W/PbapClientService( 2707): getPbapClientService(): service is null
05-30 18:36:25.635 W/HapClientService( 2707): getHapClientService(): service is NULL
05-30 18:36:25.635 W/SapService( 2707): getSapService(): service is null
05-30 18:36:25.635 W/VolumeControlService( 2707): getVolumeControlService(): service is NULL
05-30 18:36:25.635 W/CsipSetCoordinatorService( 2707): getCsipSetCoordinatorService(): service is NULL
05-30 18:36:25.635 W/LeAudioService( 2707): getLeAudioService(): service is NULL
05-30 18:36:25.635 W/BassClientService( 2707): getBassClientService(): service is NULL
05-30 18:36:25.635 W/BatteryService( 2707): getBatteryService(): service is NULL
05-30 18:36:25.636 I/AdapterState( 2707): ON : entered
05-30 18:36:25.636 D/AdapterProperties( 2707): Setting state to ON
05-30 18:36:25.636 D/AdapterProperties( 2707): Scan Mode:21
05-30 18:36:25.636 D/AdapterProperties( 2707): Discoverable Timeout:120
05-30 18:36:25.636 D/AdapterProperties( 2707): mLocalIOCapability set to 1
05-30 18:36:25.637 D/BluetoothAdapterService( 2707): updateAdapterState() - Broadcasting state ON to 1 receivers.
05-30 18:36:25.637 D/BluetoothManagerService( 694): MESSAGE_BLUETOOTH_STATE_CHANGE: TURNING_ON > ON
05-30 18:36:25.637 D/BluetoothManagerService( 694): Broadcasting onBluetoothStateChange(true) to 22 receivers.
05-30 18:36:25.638 D/BluetoothLeAudio( 694): Binding service...
05-30 18:36:25.638 I/BluetoothCompanionManager( 2707): Companion device is null, type=0
05-30 18:36:25.638 W/BluetoothManagerService( 694): Cannot bind profile: 22, not in supported profiles list
05-30 18:36:25.638 D/BluetoothLeAudio( 694): Binding service...
05-30 18:36:25.638 W/BluetoothManagerService( 694): Cannot bind profile: 22, not in supported profiles list
05-30 18:36:25.638 D/BluetoothHearingAid( 694): Binding service...
05-30 18:36:25.638 D/BluetoothManagerService( 694): Creating new ProfileServiceConnections object for profile: 21
05-30 18:36:25.638 D/BluetoothHidHost( 2534): Binding service...
05-30 18:36:25.638 D/BluetoothHearingAid( 2534): Binding service...
05-30 18:36:25.638 D/BluetoothA2dp( 949): Binding service...
05-30 18:36:25.641 W/ProcessStats( 694): Tracking association SourceState{30f1523 com.android.bluetooth/1002 ImpFg #493} whose proc state 5 is better than process ProcessState{343b70b com.android.music/10049 pkg=com.android.music} proc state 15 (0 skipped)
05-30 18:36:25.642 D/BluetoothA2dpSink( 694): Binding service...
05-30 18:36:25.643 W/BluetoothManagerService( 694): Cannot bind profile: 11, not in supported profiles list
05-30 18:36:25.643 D/BluetoothLeAudio( 694): Binding service...
05-30 18:36:25.643 D/BluetoothManagerService( 694): Creating new ProfileServiceConnections object for profile: 4
05-30 18:36:25.643 W/MediaSessionCompat( 2707): Couldn't find a unique registered media button receiver in the given context.
05-30 18:36:25.644 I/MediaSessionStack( 694): addSession to bottom of stack | record: com.android.bluetooth/BluetoothMediaBrowserService (userId=0)
05-30 18:36:25.645 D/BluetoothManagerService( 694): Creating new ProfileServiceConnections object for profile: 2
05-30 18:36:25.648 W/BluetoothManagerService( 694): Cannot bind profile: 22, not in supported profiles list
05-30 18:36:25.648 D/BluetoothA2dp( 694): Binding service...
05-30 18:36:25.648 D/BluetoothHidHost( 949): Binding service...
05-30 18:36:25.648 D/BluetoothHearingAid( 949): Binding service...
05-30 18:36:25.648 D/BluetoothA2dp( 694): Binding service...
05-30 18:36:25.648 D/BluetoothHearingAid( 694): Binding service...
05-30 18:36:25.648 D/BluetoothA2dp( 694): Binding service...
05-30 18:36:25.648 D/BluetoothLeAudioBroadcast( 694): Binding service...
05-30 18:36:25.648 W/BluetoothManagerService( 694): Cannot bind profile: 26, not in supported profiles list
05-30 18:36:25.648 D/BluetoothHeadset( 694): Binding service...
05-30 18:36:25.648 D/BluetoothManagerService( 694): Creating new ProfileServiceConnections object for profile: 1
05-30 18:36:25.649 D/BluetoothPan( 949): Binding service...
05-30 18:36:25.649 D/BluetoothPan( 2534): Binding service...
05-30 18:36:25.649 D/BluetoothHeadset( 949): Binding service...
05-30 18:36:25.653 D/BluetoothHearingAid( 694): Binding service...
05-30 18:36:25.653 D/BluetoothHeadset( 2534): Binding service...
05-30 18:36:25.653 D/BluetoothA2dp( 2534): Binding service...
05-30 18:36:25.653 D/BluetoothManagerService( 694): Sending BLE State Change: TURNING_ON > ON
05-30 18:36:25.653 D/BluetoothManagerService( 694): Sending State Change: TURNING_ON > ON
05-30 18:36:25.654 D/BluetoothManagerService( 694): Creating new ProfileServiceConnections object for profile: 5
05-30 18:36:25.656 I/wpa_supplicant( 1140): wpa_driver_nl80211_driver_cmd: wifi vendor: aml_w2_s
05-30 18:36:25.657 I/wpa_supplicant( 1140): wpa_driver_nl80211_driver_cmd: wlan0: private command: BTCOEXSCAN-STOP
05-30 18:36:25.652 I/adbd ( 1383): type=1400 audit(0.0:1165): avc: denied { read } for path="socket:[32951]" dev="sockfs" ino=32951 scontext=u:r:su:s0 tcontext=u:r:su:s0 tclass=tcp_socket permissive=1
05-30 18:36:25.663 V/NearbyService( 694): Initiating BluetoothAdapter when Bluetooth is turned on.
05-30 18:36:25.652 I/adbd ( 1383): type=1400 audit(0.0:1166): avc: denied { write } for path="socket:[32951]" dev="sockfs" ino=32951 scontext=u:r:su:s0 tcontext=u:r:su:s0 tclass=tcp_socket permissive=1
05-30 18:36:25.664 V/MediaPlayerList( 2707): onActiveSessionsChanged: number of controllers: 0
05-30 18:36:25.664 D/AvrcpTargetJni( 2707): sendPlayerSettingsNative
05-30 18:36:25.665 I/bt_stack( 2707): [INFO:avrcp_service.cc(551)] virtual void bluetooth::avrcp::AvrcpService::SendPlayerSettingsChanged(std::vector, std::vector)
05-30 18:36:25.665 I/bt_stack( 2707): [INFO:avrcp_service.cc(565)] attribute=PlayerAttribute::REPEAT : value=PlayerRepeatValue::OFF
05-30 18:36:25.665 I/bt_stack( 2707): attribute=PlayerAttribute::SHUFFLE : value=PlayerShuffleValue::OFF
05-30 18:36:25.665 I/bt_stack( 2707):
05-30 18:36:25.665 W/ActivityManager( 694): Receiver with filter android.content.IntentFilter@34be76f already registered for pid 2534, callerPackage is com.droidlogic
05-30 18:36:25.667 I/MediaBrowserService( 1477): No root for client com.android.bluetooth from service android.service.media.MediaBrowserService$ServiceBinder$1
05-30 18:36:25.669 W/ActivityManager( 694): Receiver with filter android.content.IntentFilter@4d98b8b already registered for pid 949, callerPackage is com.android.systemui
05-30 18:36:25.670 I/BLE_Service( 2534): ACTION STATE CHANGED was 12
05-30 18:36:25.670 I/BLE_Service( 2534): Bluetooth is ON
05-30 18:36:25.670 V/MediaPlayerList( 2707): onActiveSessionsChanged: number of controllers: 0
05-30 18:36:25.670 D/AvrcpTargetJni( 2707): sendPlayerSettingsNative
05-30 18:36:25.670 I/bt_stack( 2707): [INFO:avrcp_service.cc(551)] virtual void bluetooth::avrcp::AvrcpService::SendPlayerSettingsChanged(std::vector, std::vector)
05-30 18:36:25.670 I/bt_stack( 2707): [INFO:avrcp_service.cc(565)] attribute=PlayerAttribute::REPEAT : value=PlayerRepeatValue::OFF
05-30 18:36:25.670 I/bt_stack( 2707): attribute=PlayerAttribute::SHUFFLE : value=PlayerShuffleValue::OFF
05-30 18:36:25.670 I/bt_stack( 2707):
05-30 18:36:25.671 W/System.err( 2534): java.io.FileNotFoundException: /sys/class/aml_btusb/aml_btusb/aml_rclist: open failed: ENOENT (No such file or directory)
05-30 18:36:25.671 W/System.err( 2534): at libcore.io.IoBridge.open(IoBridge.java:574)
05-30 18:36:25.671 W/System.err( 2534): at java.io.FileOutputStream.(FileOutputStream.java:236)
05-30 18:36:25.671 W/System.err( 2534): at java.io.FileOutputStream.(FileOutputStream.java:125)
05-30 18:36:25.671 W/System.err( 2534): at java.io.FileWriter.(FileWriter.java:66)
05-30 18:36:25.671 W/System.err( 2534): at com.droidlogic.btpair.DialogBluetoothService.writeFileFromString(DialogBluetoothService.java:294)
05-30 18:36:25.671 W/System.err( 2534): at com.droidlogic.btpair.DialogBluetoothService.-$$Nest$mwriteFileFromString(Unknown Source:0)
05-30 18:36:25.671 W/System.err( 2534): at com.droidlogic.btpair.DialogBluetoothService$1.onReceive(DialogBluetoothService.java:174)
05-30 18:36:25.671 W/System.err( 2534): at android.app.LoadedApk$ReceiverDispatcher$Args.lambda$getRunnable$0(LoadedApk.java:1811)
05-30 18:36:25.671 W/System.err( 2534): at android.app.LoadedApk$ReceiverDispatcher$Args.$r8$lambda$gDuJqgxY6Zb-ifyeubKeivTLAwk(Unknown Source:0)
05-30 18:36:25.671 W/System.err( 2534): at android.app.LoadedApk$ReceiverDispatcher$Args$$ExternalSyntheticLambda0.run(Unknown Source:2)
05-30 18:36:25.671 W/System.err( 2534): at android.os.Handler.handleCallback(Handler.java:958)
05-30 18:36:25.671 W/System.err( 2534): at android.os.Handler.dispatchMessage(Handler.java:99)
05-30 18:36:25.671 W/System.err( 2534): at android.os.Looper.loopOnce(Looper.java:205)
05-30 18:36:25.671 W/System.err( 2534): at android.os.Looper.loop(Looper.java:294)
05-30 18:36:25.671 W/System.err( 2534): at android.app.ActivityThread.main(ActivityThread.java:8255)
05-30 18:36:25.671 W/System.err( 2534): at java.lang.reflect.Method.invoke(Native Method)
05-30 18:36:25.671 W/System.err( 2534): at com.android.internal.os.RuntimeInit$MethodAndArgsCaller.run(RuntimeInit.java:552)
05-30 18:36:25.671 W/System.err( 2534): at com.android.internal.os.ZygoteInit.main(ZygoteInit.java:978)
05-30 18:36:25.671 W/System.err( 2534): Caused by: android.system.ErrnoException: open failed: ENOENT (No such file or directory)
05-30 18:36:25.671 W/System.err( 2534): at libcore.io.Linux.open(Native Method)
05-30 18:36:25.671 W/System.err( 2534): at libcore.io.ForwardingOs.open(ForwardingOs.java:563)
05-30 18:36:25.671 W/System.err( 2534): at libcore.io.BlockGuardOs.open(BlockGuardOs.java:274)
05-30 18:36:25.671 W/System.err( 2534): at libcore.io.ForwardingOs.open(ForwardingOs.java:563)
05-30 18:36:25.671 W/System.err( 2534): at android.app.ActivityThread$AndroidOs.open(ActivityThread.java:8138)
05-30 18:36:25.671 W/System.err( 2534): at libcore.io.IoBridge.open(IoBridge.java:560)
05-30 18:36:25.671 W/System.err( 2534): ... 17 more
05-30 18:36:25.671 I/BLE_Service( 2534): GetToBondedDevicesMacAddress><
05-30 18:36:25.672 D/ActiveDeviceManager( 2707): handleAdapterStateChanged: currentState=12
05-30 18:36:25.674 E/MediaBrowser( 2707): onConnectFailed for ComponentInfo{com.android.music/com.android.music.MediaPlaybackService}
05-30 18:36:25.674 I/BLE_Service( 2534): bondedDevices size: 0
05-30 18:36:25.675 W/System.err( 2534): java.io.FileNotFoundException: /sys/class/aml_btusb/aml_btusb/aml_rclist: open failed: ENOENT (No such file or directory)
05-30 18:36:25.675 W/System.err( 2534): at libcore.io.IoBridge.open(IoBridge.java:574)
05-30 18:36:25.676 W/System.err( 2534): at java.io.FileOutputStream.(FileOutputStream.java:236)
05-30 18:36:25.676 W/System.err( 2534): at java.io.FileOutputStream.(FileOutputStream.java:125)
05-30 18:36:25.676 W/System.err( 2534): at java.io.FileWriter.(FileWriter.java:66)
05-30 18:36:25.676 W/System.err( 2534): at com.droidlogic.btpair.DialogBluetoothService.writeFileFromString(DialogBluetoothService.java:294)
05-30 18:36:25.676 W/System.err( 2534): at com.droidlogic.btpair.DialogBluetoothService.GetToBondedDevicesMacAddress(DialogBluetoothService.java:452)
05-30 18:36:25.676 W/System.err( 2534): at com.droidlogic.btpair.DialogBluetoothService$1.onReceive(DialogBluetoothService.java:175)
05-30 18:36:25.676 W/System.err( 2534): at android.app.LoadedApk$ReceiverDispatcher$Args.lambda$getRunnable$0(LoadedApk.java:1811)
05-30 18:36:25.676 W/System.err( 2534): at android.app.LoadedApk$ReceiverDispatcher$Args.$r8$lambda$gDuJqgxY6Zb-ifyeubKeivTLAwk(Unknown Source:0)
05-30 18:36:25.676 W/System.err( 2534): at android.app.LoadedApk$ReceiverDispatcher$Args$$ExternalSyntheticLambda0.run(Unknown Source:2)
05-30 18:36:25.676 W/System.err( 2534): at android.os.Handler.handleCallback(Handler.java:958)
05-30 18:36:25.676 W/System.err( 2534): at android.os.Handler.dispatchMessage(Handler.java:99)
05-30 18:36:25.676 W/System.err( 2534): at android.os.Looper.loopOnce(Looper.java:205)
05-30 18:36:25.676 W/System.err( 2534): at android.os.Looper.loop(Looper.java:294)
05-30 18:36:25.676 W/System.err( 2534): at android.app.ActivityThread.main(ActivityThread.java:8255)
05-30 18:36:25.676 W/System.err( 2534): at java.lang.reflect.Method.invoke(Native Method)
05-30 18:36:25.676 W/System.err( 2534): at com.android.internal.os.RuntimeInit$MethodAndArgsCaller.run(RuntimeInit.java:552)
05-30 18:36:25.676 W/System.err( 2534): at com.android.internal.os.ZygoteInit.main(ZygoteInit.java:978)
05-30 18:36:25.676 W/BrowsedPlayerWrapper( 2707): onConnectionFailed: Connection Failed with com.android.music
05-30 18:36:25.676 D/AvrcpBrowsablePlayerConnector( 2707): Browse player callback called: package=com.android.music : status=1
05-30 18:36:25.677 W/System.err( 2534): Caused by: android.system.ErrnoException: open failed: ENOENT (No such file or directory)
05-30 18:36:25.678 W/System.err( 2534): at libcore.io.Linux.open(Native Method)
05-30 18:36:25.678 W/System.err( 2534): at libcore.io.ForwardingOs.open(ForwardingOs.java:563)
05-30 18:36:25.678 W/System.err( 2534): at libcore.io.BlockGuardOs.open(BlockGuardOs.java:274)
05-30 18:36:25.678 W/System.err( 2534): at libcore.io.ForwardingOs.open(ForwardingOs.java:563)
05-30 18:36:25.678 W/System.err( 2534): at android.app.ActivityThread$AndroidOs.open(ActivityThread.java:8138)
05-30 18:36:25.678 W/System.err( 2534): at libcore.io.IoBridge.open(IoBridge.java:560)
05-30 18:36:25.678 W/System.err( 2534): ... 17 more
05-30 18:36:25.678 D/BluetoothAdapterService( 2707): isQuietModeEnabled() - Enabled = false
05-30 18:36:25.678 I/BluetoothPhonePolicy( 2707): autoConnect: Initiate auto connection on BT on...
05-30 18:36:25.679 D/BluetoothDatabase( 2707): getMostRecentlyConnectedA2dpDevice: Invalid address for device null
05-30 18:36:25.679 E/BluetoothPhonePolicy( 2707): autoConnect: most recently active a2dp device is null
05-30 18:36:25.679 D/BtOppService( 2707): start Socket Listeners
05-30 18:36:25.679 D/BtOppService( 2707): stopListeners: mServerSocket is null
05-30 18:36:25.679 D/ObexServerSockets( 2707): create(rfcomm = -2, l2capPsm = -2)
05-30 18:36:25.682 I/bt_btif_sock( 2707): packages/modules/Bluetooth/system/btif/src/btif_sock.cc:161 btif_sock_connection_logger: address=00:00:00:00:00:00, role=1, state=1
05-30 18:36:25.682 I/bt_btif_sock_rfcomm( 2707): packages/modules/Bluetooth/system/btif/src/btif_sock_rfc.cc:320 btsock_rfc_listen: Adding listening socket service_name: (null) - channel: -2
05-30 18:36:25.682 I/bt_stack( 2707): [INFO:port_api.cc(220)] RFCOMM_CreateConnectionWithSecurity: bd_addr=ff:ff:ff:ff:ff:ff, scn=4, is_server=1, mtu=990, uuid=000000, dlci=8, signal_state=0x0b, p_port=0xc0d5ca10
05-30 18:36:25.682 I/bt_btif_sock( 2707): packages/modules/Bluetooth/system/btif/src/btif_sock.cc:161 btif_sock_connection_logger: address=00:00:00:00:00:00, role=1, state=1
05-30 18:36:25.682 D/BluetoothAdapter( 2707): listenUsingInsecureL2capOn: port=-2
05-30 18:36:25.684 I/bt_btif_sock( 2707): packages/modules/Bluetooth/system/btif/src/btif_sock.cc:161 btif_sock_connection_logger: address=00:00:00:00:00:00, role=1, state=1
05-30 18:36:25.684 I/bluetooth( 2707): packages/modules/Bluetooth/system/btif/src/btif_sock_l2cap.cc:332 btsock_l2cap_alloc_l: Allocated l2cap socket structure socket_id:1
05-30 18:36:25.684 I/bt_l2cap( 2707): packages/modules/Bluetooth/system/stack/l2cap/l2c_api.cc:172 L2CA_Register: L2CAP Registered service classic PSM: 0x1001
05-30 18:36:25.684 I/bt_btif_sock( 2707): packages/modules/Bluetooth/system/btif/src/btif_sock.cc:161 btif_sock_connection_logger: address=00:00:00:00:00:00, role=1, state=1
05-30 18:36:25.685 I/bluetooth( 2707): packages/modules/Bluetooth/system/btif/src/btif_sock_l2cap.cc:357 send_app_psm_or_chan_l: Sending l2cap socket socket_id:1 channel:4097
05-30 18:36:25.685 D/BluetoothAdapter( 2707): listenUsingInsecureL2capOn: set assigned channel to 4097
05-30 18:36:25.685 D/ObexServerSockets( 2707): Succeed to create listening sockets
05-30 18:36:25.685 D/ObexServerSockets0( 2707): startAccept()
05-30 18:36:25.685 D/ObexServerSockets0( 2707): Accepting socket connection...
05-30 18:36:25.685 D/BluetoothSdpJni( 2707): sdpCreateOppOpsRecordNative
05-30 18:36:25.685 D/BluetoothSocket( 2707): accept(), timeout (ms):-1
05-30 18:36:25.685 D/BluetoothSdpJni( 2707): SDP Create record success - handle: 0
05-30 18:36:25.685 D/BtOppService( 2707): mOppSdpHandle :0
05-30 18:36:25.686 I/bt_bta_dm( 2707): packages/modules/Bluetooth/system/bta/dm/bta_dm_act.cc:3456 bta_dm_eir_update_uuid: EIR Adding UUID=0x1105 into extended inquiry response
05-30 18:36:25.686 I/bt_bta_dm( 2707): packages/modules/Bluetooth/system/bta/dm/bta_dm_act.cc:3155 bta_dm_set_eir: Generating extended inquiry response packet EIR
05-30 18:36:25.686 D/ObexServerSockets0( 2707): Accepting socket connection...
05-30 18:36:25.686 E/bt_btif ( 2707): packages/modules/Bluetooth/system/main/bte_logmsg.cc:105 LogMsg: toggleProfile: Unknown service 255 being enabled
05-30 18:36:25.686 D/BluetoothSocket( 2707): accept(), timeout (ms):-1
05-30 18:36:25.686 D/AvrcpBrowsablePlayerConnector( 2707): Received a message: msg.what=1
05-30 18:36:25.686 I/AvrcpBrowsablePlayerConnector( 2707): com.android.music is not browsable
05-30 18:36:25.686 I/BrowsedPlayerWrapper( 2707): onConnected: com.android.bluetooth is connected
05-30 18:36:25.687 D/AvrcpBrowsablePlayerConnector( 2707): Browse player callback called: package=com.android.bluetooth : status=0
05-30 18:36:25.687 D/AvrcpBrowsablePlayerConnector( 2707): Received a message: msg.what=1
05-30 18:36:25.687 I/AvrcpBrowsablePlayerConnector( 2707): Checking root contents for com.android.bluetooth
05-30 18:36:25.693 W/MediaSessionCompat( 2707): Couldn't find a unique registered media button receiver in the given context.
05-30 18:36:25.694 I/MediaSessionStack( 694): addSession to bottom of stack | record: com.android.bluetooth/BluetoothMediaBrowserService (userId=0)
05-30 18:36:25.699 V/MediaPlayerList( 2707): onActiveSessionsChanged: number of controllers: 0
05-30 18:36:25.699 D/AvrcpTargetJni( 2707): sendPlayerSettingsNative
05-30 18:36:25.700 I/bt_stack( 2707): [INFO:avrcp_service.cc(551)] virtual void bluetooth::avrcp::AvrcpService::SendPlayerSettingsChanged(std::vector, std::vector)
05-30 18:36:25.700 I/bt_stack( 2707): [INFO:avrcp_service.cc(565)] attribute=PlayerAttribute::REPEAT : value=PlayerRepeatValue::OFF
05-30 18:36:25.700 I/bt_stack( 2707): attribute=PlayerAttribute::SHUFFLE : value=PlayerShuffleValue::OFF
05-30 18:36:25.700 I/bt_stack( 2707):
05-30 18:36:25.700 I/BrowsedPlayerWrapper( 2707): onConnected: com.android.bluetooth is connected
05-30 18:36:25.700 I/BrowsedPlayerWrapper( 2707): getFolderItems: Connected to browsable player: com.android.bluetooth
05-30 18:36:25.742 D/BluetoothHearingAid( 694): Proxy object connected
05-30 18:36:25.743 D/BluetoothHearingAid( 2534): Proxy object connected
05-30 18:36:25.745 D/BluetoothHidHost( 2534): Proxy object connected
05-30 18:36:25.748 D/BluetoothA2dp( 694): Proxy object connected
05-30 18:36:25.748 D/BluetoothA2dp( 949): Proxy object connected
05-30 18:36:25.749 D/BluetoothA2dp( 694): Proxy object connected
05-30 18:36:25.749 D/BluetoothAdapter( 694): getActiveDevices(profile= A2DP)
05-30 18:36:25.750 D/BluetoothHearingAid( 694): Proxy object connected
05-30 18:36:25.750 D/BluetoothA2dp( 694): Proxy object connected
05-30 18:36:25.750 D/BluetoothHearingAid( 949): Proxy object connected
05-30 18:36:25.752 I/BluetoothAdapterService( 2707): getActiveDevices: A2dp device: null
05-30 18:36:25.753 D/BluetoothHeadset( 694): Proxy object connected
05-30 18:36:25.753 D/BluetoothHearingAid( 694): Proxy object connected
05-30 18:36:25.757 D/BluetoothAdapter( 694): getActiveDevices(profile= HEARING_AID)
