05-30 18:35:10.471 W/Codec2Client( 694): query -- param skipped: index = 1107298332.
05-30 18:35:10.472 D/CCodec ( 694): encoding statistics level = 0
05-30 18:35:10.472 D/CCodec ( 694): setup formats input: AMessage(what = 0x00000000) = {
05-30 18:35:10.472 D/CCodec ( 694): int32_t bitrate = 140000
05-30 18:35:10.472 D/CCodec ( 694): int32_t channel-count = 1
05-30 18:35:10.472 D/CCodec ( 694): int32_t max-input-size = 32768
05-30 18:35:10.472 D/CCodec ( 694): string mime = "audio/vorbis"
05-30 18:35:10.472 D/CCodec ( 694): int32_t sample-rate = 48000
05-30 18:35:10.472 D/CCodec ( 694): }
05-30 18:35:10.472 D/CCodec ( 694): setup formats output: AMessage(what = 0x00000000) = {
05-30 18:35:10.472 D/CCodec ( 694): int32_t channel-count = 1
05-30 18:35:10.472 D/CCodec ( 694): string mime = "audio/raw"
05-30 18:35:10.472 D/CCodec ( 694): int32_t sample-rate = 48000
05-30 18:35:10.472 D/CCodec ( 694): int32_t channel-mask = 1
05-30 18:35:10.472 D/CCodec ( 694): int32_t android._config-pcm-encoding = 2
05-30 18:35:10.472 D/CCodec ( 694): }
05-30 18:35:10.472 I/audio_hw_hal_primary( 477): [audiohal_get_latency:1333] io 13: out:0xecd047f0 frames:1152 rate:48000 whole_latency:24 alsa_latency:24
05-30 18:35:10.475 I/CCodecConfig( 694): query failed after returning 7 values (BAD_INDEX)
05-30 18:35:10.476 W/Codec2Client( 694): query -- param skipped: index = 1342179345.
05-30 18:35:10.476 W/Codec2Client( 694): query -- param skipped: index = 2415921170.
05-30 18:35:10.478 D/CCodecBufferChannel( 694): [c2.android.vorbis.decoder#12] Created input block pool with allocatorID 16 => poolID 20 - OK (0)
05-30 18:35:10.481 I/CCodecBufferChannel( 694): [c2.android.vorbis.decoder#12] Created output block pool with allocatorID 16 => poolID 20 - OK
05-30 18:35:10.481 D/CCodecBufferChannel( 694): [c2.android.vorbis.decoder#12] Configured output block pool ids 20 => OK
05-30 18:35:10.482 I/C2VendorComponentStore( 485): setDmaBufUsage 5
05-30 18:35:10.483 D/SimpleC2Component( 622): Using output block pool with poolID 20 => got 20 - 0
05-30 18:35:10.488 D/CCodecBufferChannel( 694): [c2.android.vorbis.decoder#754] MediaCodec discarded an unknown buffer
05-30 18:35:10.488 D/CCodecBufferChannel( 694): [c2.android.vorbis.decoder#754] MediaCodec discarded an unknown buffer
05-30 18:35:10.488 D/CCodecBufferChannel( 694): [c2.android.vorbis.decoder#754] MediaCodec discarded an unknown buffer
05-30 18:35:10.492 I/C2VendorComponentStore( 485): setDmaBufUsage 5
05-30 18:35:10.492 I/hw-BpHwBinder( 694): onLastStrongRef automatically unlinking death recipients
05-30 18:35:10.492 I/hw-BpHwBinder( 622): onLastStrongRef automatically unlinking death recipients
05-30 18:35:10.494 I/audio_hw_hal_primary( 477): [audiohal_get_latency:1333] io 13: out:0xecd047f0 frames:1152 rate:48000 whole_latency:24 alsa_latency:24
05-30 18:35:10.495 D/MediaCodec( 694): flushMediametrics
05-30 18:35:10.499 I/AmFFmpegByteIOAdapter( 609): File size : 6246
05-30 18:35:10.501 W/exFFmpeg( 609): Invalid return value 0 for stream protocol
05-30 18:35:10.502 W/exFFmpeg( 609): Invalid return value 0 for stream protocol
05-30 18:35:10.502 I/AmFFmpegExtractor( 609): checkInList: iswhite:0, mime:audio/ogg, type:1, id:86021 tag:0
05-30 18:35:10.502 I/AmFFmpegExtractor( 609): checkInList: iswhite:1, mime:audio/ogg, type:1, id:86021 tag:0
05-30 18:35:10.502 E/AmFFmpegExtractor( 609): codec_ctx->properties: 0
05-30 18:35:10.502 I/AmFFmpegExtractor( 609): checkSupportInList ret 1
05-30 18:35:10.504 I/AmFFmpegExtractor( 609): checkInList: iswhite:0, mime:audio/ogg, type:1, id:86021 tag:0
05-30 18:35:10.505 I/AmFFmpegExtractor( 609): checkInList: iswhite:1, mime:audio/ogg, type:1, id:86021 tag:0
05-30 18:35:10.505 E/AmFFmpegExtractor( 609): codec_ctx->properties: 0
05-30 18:35:10.505 I/AmFFmpegExtractor( 609): checkSupportInList ret 0
05-30 18:35:10.505 E/AmFFmpegExtractor( 609): vendor do not support
05-30 18:35:10.511 I/audio_hw_hal_primary( 477): [audiohal_get_latency:1333] io 13: out:0xecd047f0 frames:1024 rate:48000 whole_latency:21 alsa_latency:21
05-30 18:35:10.515 D/MediaCodecList( 694): codecHandlesFormat: no format, so no extra checks
05-30 18:35:10.518 D/CCodec ( 694): allocate(c2.android.vorbis.decoder)
05-30 18:35:10.520 I/CCodec ( 694): setting up 'default' as default (vendor) store
05-30 18:35:10.522 I/CCodec ( 694): Created component [c2.android.vorbis.decoder]
05-30 18:35:10.523 D/CCodecConfig( 694): read media type: audio/vorbis
05-30 18:35:10.526 D/ReflectedParamUpdater( 694): extent() != 1 for single value type: algo.buffers.max-count.values
05-30 18:35:10.526 D/ReflectedParamUpdater( 694): extent() != 1 for single value type: output.subscribed-indices.values
05-30 18:35:10.527 D/ReflectedParamUpdater( 694): extent() != 1 for single value type: input.buffers.allocator-ids.values
05-30 18:35:10.527 D/ReflectedParamUpdater( 694): extent() != 1 for single value type: output.buffers.allocator-ids.values
05-30 18:35:10.527 D/ReflectedParamUpdater( 694): extent() != 1 for single value type: algo.buffers.allocator-ids.values
05-30 18:35:10.527 D/ReflectedParamUpdater( 694): extent() != 1 for single value type: output.buffers.pool-ids.values
05-30 18:35:10.528 D/ReflectedParamUpdater( 694): extent() != 1 for single value type: algo.buffers.pool-ids.values
05-30 18:35:10.532 I/CCodecConfig( 694): query failed after returning 7 values (BAD_INDEX)
05-30 18:35:10.532 D/CCodecConfig( 694): c2 config diff is Dict {
05-30 18:35:10.532 D/CCodecConfig( 694): c2::u32 coded.bitrate.value = 64000
05-30 18:35:10.532 D/CCodecConfig( 694): c2::u32 input.buffers.max-size.value = 32768
05-30 18:35:10.532 D/CCodecConfig( 694): c2::u32 input.delay.value = 0
05-30 18:35:10.532 D/CCodecConfig( 694): string input.media-type.value = "audio/vorbis"
05-30 18:35:10.532 D/CCodecConfig( 694): string output.media-type.value = "audio/raw"
05-30 18:35:10.532 D/CCodecConfig( 694): c2::u32 raw.channel-count.value = 1
05-30 18:35:10.532 D/CCodecConfig( 694): c2::u32 raw.sample-rate.value = 48000
05-30 18:35:10.532 D/CCodecConfig( 694): }
05-30 18:35:10.533 I/audio_hw_hal_primary( 477): [audiohal_get_latency:1333] io 13: out:0xecd047f0 frames:1024 rate:48000 whole_latency:21 alsa_latency:21
05-30 18:35:10.535 D/MediaCodec( 694): flushMediametrics
05-30 18:35:10.535 D/CCodec ( 694): [c2.android.vorbis.decoder] buffers are bound to CCodec for this session
05-30 18:35:10.536 D/CCodecConfig( 694): no c2 equivalents for durationUs
05-30 18:35:10.536 D/CCodecConfig( 694): no c2 equivalents for track-id
05-30 18:35:10.536 D/CCodecConfig( 694): no c2 equivalents for csd-1
05-30 18:35:10.536 D/CCodecConfig( 694): no c2 equivalents for flags
05-30 18:35:10.536 D/CCodecConfig( 694): c2 config diff is c2::u32 coded.bitrate.value = 140000
05-30 18:35:10.538 W/Codec2Client( 694): query -- param skipped: index = 1107298332.
05-30 18:35:10.538 D/CCodec ( 694): encoding statistics level = 0
05-30 18:35:10.538 D/CCodec ( 694): setup formats input: AMessage(what = 0x00000000) = {
05-30 18:35:10.538 D/CCodec ( 694): int32_t bitrate = 140000
05-30 18:35:10.538 D/CCodec ( 694): int32_t channel-count = 1
05-30 18:35:10.538 D/CCodec ( 694): int32_t max-input-size = 32768
05-30 18:35:10.538 D/CCodec ( 694): string mime = "audio/vorbis"
05-30 18:35:10.538 D/CCodec ( 694): int32_t sample-rate = 48000
05-30 18:35:10.538 D/CCodec ( 694): }
05-30 18:35:10.538 D/CCodec ( 694): setup formats output: AMessage(what = 0x00000000) = {
05-30 18:35:10.538 D/CCodec ( 694): int32_t channel-count = 1
05-30 18:35:10.538 D/CCodec ( 694): string mime = "audio/raw"
05-30 18:35:10.538 D/CCodec ( 694): int32_t sample-rate = 48000
05-30 18:35:10.538 D/CCodec ( 694): int32_t channel-mask = 1
05-30 18:35:10.538 D/CCodec ( 694): int32_t android._config-pcm-encoding = 2
05-30 18:35:10.538 D/CCodec ( 694): }
05-30 18:35:10.538 I/CCodecConfig( 694): query failed after returning 7 values (BAD_INDEX)
05-30 18:35:10.539 W/Codec2Client( 694): query -- param skipped: index = 1342179345.
05-30 18:35:10.539 D/CCodecBufferChannel( 694): [c2.android.vorbis.decoder#12] MediaCodec discarded an unknown buffer
05-30 18:35:10.539 W/Codec2Client( 694): query -- param skipped: index = 2415921170.
05-30 18:35:10.541 D/CCodecBufferChannel( 694): [c2.android.vorbis.decoder#914] Created input block pool with allocatorID 16 => poolID 21 - OK (0)
05-30 18:35:10.543 I/CCodecBufferChannel( 694): [c2.android.vorbis.decoder#914] Created output block pool with allocatorID 16 => poolID 21 - OK
05-30 18:35:10.543 I/hw-BpHwBinder( 694): onLastStrongRef automatically unlinking death recipients
05-30 18:35:10.543 D/CCodecBufferChannel( 694): [c2.android.vorbis.decoder#914] Configured output block pool ids 21 => OK
05-30 18:35:10.544 I/hw-BpHwBinder( 622): onLastStrongRef automatically unlinking death recipients
05-30 18:35:10.544 I/C2VendorComponentStore( 485): setDmaBufUsage 5
05-30 18:35:10.546 D/MediaCodec( 694): flushMediametrics
05-30 18:35:10.550 D/SimpleC2Component( 622): Using output block pool with poolID 21 => got 21 - 0
05-30 18:35:10.552 I/audio_hw_hal_primary( 477): [audiohal_get_latency:1333] io 13: out:0xecd047f0 frames:1152 rate:48000 whole_latency:24 alsa_latency:24
05-30 18:35:10.553 D/audioserver( 517): logFgsApiEnd: FGS Logger Transaction failed, -129
05-30 18:35:10.559 I/AmFFmpegByteIOAdapter( 609): File size : 9847
05-30 18:35:10.561 W/exFFmpeg( 609): Invalid return value 0 for stream protocol
05-30 18:35:10.561 I/C2VendorComponentStore( 485): setDmaBufUsage 5
05-30 18:35:10.567 W/exFFmpeg( 609): Invalid return value 0 for stream protocol
05-30 18:35:10.568 I/AmFFmpegExtractor( 609): checkInList: iswhite:0, mime:audio/ogg, type:1, id:86021 tag:0
05-30 18:35:10.568 I/AmFFmpegExtractor( 609): checkInList: iswhite:1, mime:audio/ogg, type:1, id:86021 tag:0
05-30 18:35:10.568 E/AmFFmpegExtractor( 609): codec_ctx->properties: 0
05-30 18:35:10.568 I/AmFFmpegExtractor( 609): checkSupportInList ret 1
05-30 18:35:10.571 I/AmFFmpegExtractor( 609): checkInList: iswhite:0, mime:audio/ogg, type:1, id:86021 tag:0
05-30 18:35:10.571 I/AmFFmpegExtractor( 609): checkInList: iswhite:1, mime:audio/ogg, type:1, id:86021 tag:0
05-30 18:35:10.571 E/AmFFmpegExtractor( 609): codec_ctx->properties: 0
05-30 18:35:10.571 I/AmFFmpegExtractor( 609): checkSupportInList ret 0
05-30 18:35:10.571 E/AmFFmpegExtractor( 609): vendor do not support
05-30 18:35:10.579 D/audioserver( 517): logFgsApiEnd: FGS Logger Transaction failed, -129
05-30 18:35:10.583 D/MediaCodecList( 694): codecHandlesFormat: no format, so no extra checks
05-30 18:35:10.588 D/CCodec ( 694): allocate(c2.android.vorbis.decoder)
05-30 18:35:10.594 I/CCodec ( 694): setting up 'default' as default (vendor) store
05-30 18:35:10.596 I/CCodec ( 694): Created component [c2.android.vorbis.decoder]
05-30 18:35:10.597 D/CCodecConfig( 694): read media type: audio/vorbis
05-30 18:35:10.598 D/CCodecBufferChannel( 694): [c2.android.vorbis.decoder#914] MediaCodec discarded an unknown buffer
05-30 18:35:10.598 D/CCodecBufferChannel( 694): [c2.android.vorbis.decoder#914] MediaCodec discarded an unknown buffer
05-30 18:35:10.598 D/CCodecBufferChannel( 694): [c2.android.vorbis.decoder#914] MediaCodec discarded an unknown buffer
05-30 18:35:10.600 D/ReflectedParamUpdater( 694): extent() != 1 for single value type: algo.buffers.max-count.values
05-30 18:35:10.600 I/hw-BpHwBinder( 694): onLastStrongRef automatically unlinking death recipients
05-30 18:35:10.601 I/hw-BpHwBinder( 622): onLastStrongRef automatically unlinking death recipients
05-30 18:35:10.601 D/ReflectedParamUpdater( 694): extent() != 1 for single value type: output.subscribed-indices.values
05-30 18:35:10.602 D/ReflectedParamUpdater( 694): extent() != 1 for single value type: input.buffers.allocator-ids.values
05-30 18:35:10.602 D/MediaCodec( 694): flushMediametrics
05-30 18:35:10.602 D/ReflectedParamUpdater( 694): extent() != 1 for single value type: output.buffers.allocator-ids.values
05-30 18:35:10.602 D/ReflectedParamUpdater( 694): extent() != 1 for single value type: algo.buffers.allocator-ids.values
05-30 18:35:10.603 D/ReflectedParamUpdater( 694): extent() != 1 for single value type: output.buffers.pool-ids.values
05-30 18:35:10.604 D/ReflectedParamUpdater( 694): extent() != 1 for single value type: algo.buffers.pool-ids.values
05-30 18:35:10.604 W/SystemServiceManager( 694): Service com.android.role.RoleService took 2510 ms in onStartUser-0
05-30 18:35:10.604 D/SystemServerTimingAsync( 694): ssm.onStartUser-0_com.android.server.vibrator.VibratorManagerService$Lifecycle
05-30 18:35:10.604 D/SystemServerTimingAsync( 694): ssm.onStartUser-0_com.android.server.tare.InternalResourceService
05-30 18:35:10.604 D/SystemServerTimingAsync( 694): ssm.onStartUser-0_com.android.server.alarm.AlarmManagerService
05-30 18:35:10.604 D/SystemServerTimingAsync( 694): ssm.onStartUser-0_com.android.server.devicestate.DeviceStateManagerService
05-30 18:35:10.604 D/SystemServerTimingAsync( 694): ssm.onStartUser-0_com.android.server.camera.CameraServiceProxy
05-30 18:35:10.605 D/SystemServerTimingAsync( 694): ssm.onStartUser-0_com.android.server.bluetooth.BluetoothService
05-30 18:35:10.605 D/BluetoothManagerService( 694): Bluetooth boot completed
05-30 18:35:10.606 D/BluetoothManagerService( 694): Auto-enabling Bluetooth.
05-30 18:35:10.606 D/BluetoothManagerService( 694): MESSAGE_ENABLE(0): mBluetooth =null
05-30 18:35:10.606 D/BluetoothManagerService( 694): Persisting Bluetooth Setting: 1
05-30 18:35:10.606 D/BluetoothManagerService( 694): binding Bluetooth service
05-30 18:35:10.608 I/CCodecConfig( 694): query failed after returning 7 values (BAD_INDEX)
05-30 18:35:10.608 D/CCodecConfig( 694): c2 config diff is Dict {
05-30 18:35:10.608 D/CCodecConfig( 694): c2::u32 coded.bitrate.value = 64000
05-30 18:35:10.608 D/CCodecConfig( 694): c2::u32 input.buffers.max-size.value = 32768
05-30 18:35:10.608 D/CCodecConfig( 694): c2::u32 input.delay.value = 0
05-30 18:35:10.608 D/CCodecConfig( 694): string input.media-type.value = "audio/vorbis"
05-30 18:35:10.608 D/CCodecConfig( 694): string output.media-type.value = "audio/raw"
05-30 18:35:10.608 D/CCodecConfig( 694): c2::u32 raw.channel-count.value = 1
05-30 18:35:10.608 D/CCodecConfig( 694): c2::u32 raw.sample-rate.value = 48000
05-30 18:35:10.608 D/CCodecConfig( 694): }
05-30 18:35:10.610 D/CompatibilityChangeReporter( 694): Compat change id reported: 135634846; UID 1002; state: DISABLED
05-30 18:35:10.611 D/MediaCodec( 694): flushMediametrics
05-30 18:35:10.611 D/CCodec ( 694): [c2.android.vorbis.decoder] buffers are bound to CCodec for this session
05-30 18:35:10.611 D/CCodecConfig( 694): no c2 equivalents for durationUs
05-30 18:35:10.612 D/CCodecConfig( 694): no c2 equivalents for track-id
05-30 18:35:10.612 D/CCodecConfig( 694): no c2 equivalents for csd-1
05-30 18:35:10.612 D/CCodecConfig( 694): no c2 equivalents for flags
05-30 18:35:10.615 D/CCodecConfig( 694): c2 config diff is c2::u32 coded.bitrate.value = 239920
05-30 18:35:10.615 D/CCodecConfig( 694): c2::u32 raw.sample-rate.value = 44100
05-30 18:35:10.617 W/Codec2Client( 694): query -- param skipped: index = 1107298332.
05-30 18:35:10.617 D/CCodec ( 694): encoding statistics level = 0
05-30 18:35:10.617 D/CCodec ( 694): setup formats input: AMessage(what = 0x00000000) = {
05-30 18:35:10.617 D/CCodec ( 694): int32_t bitrate = 239920
05-30 18:35:10.617 D/CCodec ( 694): int32_t channel-count = 1
05-30 18:35:10.617 D/CCodec ( 694): int32_t max-input-size = 32768
05-30 18:35:10.617 D/CCodec ( 694): string mime = "audio/vorbis"
05-30 18:35:10.617 D/CCodec ( 694): int32_t sample-rate = 44100
05-30 18:35:10.617 D/CCodec ( 694): }
05-30 18:35:10.618 D/CCodec ( 694): setup formats output: AMessage(what = 0x00000000) = {
05-30 18:35:10.618 D/CCodec ( 694): int32_t channel-count = 1
05-30 18:35:10.618 D/CCodec ( 694): string mime = "audio/raw"
05-30 18:35:10.618 D/CCodec ( 694): int32_t sample-rate = 44100
05-30 18:35:10.618 D/CCodec ( 694): int32_t channel-mask = 1
05-30 18:35:10.618 D/CCodec ( 694): int32_t android._config-pcm-encoding = 2
05-30 18:35:10.618 D/CCodec ( 694): }
05-30 18:35:10.618 D/BluetoothA2dp( 694): Binding service...
05-30 18:35:10.618 D/BluetoothManagerService( 694): Trying to bind to profile: 2, while Bluetooth was disabled
05-30 18:35:10.618 D/BluetoothHearingAid( 694): Binding service...
05-30 18:35:10.618 D/BluetoothManagerService( 694): Trying to bind to profile: 21, while Bluetooth was disabled
05-30 18:35:10.618 D/BluetoothLeAudio( 694): Binding service...
05-30 18:35:10.618 D/BluetoothManagerService( 694): Trying to bind to profile: 22, while Bluetooth was disabled
05-30 18:35:10.618 I/BluetoothAirplaneModeListener( 694): start
05-30 18:35:10.620 I/CCodecConfig( 694): query failed after returning 7 values (BAD_INDEX)
05-30 18:35:10.621 W/Codec2Client( 694): query -- param skipped: index = 1342179345.
05-30 18:35:10.621 W/Codec2Client( 694): query -- param skipped: index = 2415921170.
05-30 18:35:10.622 D/CCodecBufferChannel( 694): [c2.android.vorbis.decoder#982] Created input block pool with allocatorID 16 => poolID 22 - OK (0)
05-30 18:35:10.625 D/Zygote ( 465): Forked child process 1184
05-30 18:35:10.628 I/ActivityManager( 694): Start proc 1184:com.android.bluetooth/1002 for service {com.android.bluetooth/com.android.bluetooth.btservice.AdapterService}
05-30 18:35:10.629 I/CCodecBufferChannel( 694): [c2.android.vorbis.decoder#982] Created output block pool with allocatorID 16 => poolID 22 - OK
05-30 18:35:10.631 D/CCodecBufferChannel( 694): [c2.android.vorbis.decoder#982] Configured output block pool ids 22 => OK
05-30 18:35:10.631 I/Zygote ( 1184): seccomp disabled by setenforce 0
05-30 18:35:10.632 I/C2VendorComponentStore( 485): setDmaBufUsage 5
05-30 18:35:10.624 I/rainbow_flow( 593): type=1400 audit(0.0:691): avc: denied { ioctl } for path="/dev/spidev1.0" dev="tmpfs" ino=545 ioctlcmd=0x6b00 scontext=u:r:init:s0 tcontext=u:object_r:device:s0 tclass=chr_file permissive=1
05-30 18:35:10.634 D/SimpleC2Component( 622): Using output block pool with poolID 22 => got 22 - 0
05-30 18:35:10.638 D/SystemServerTimingAsync( 694): ssm.onStartUser-0_com.android.server.connectivity.IpConnectivityMetrics
05-30 18:35:10.638 D/SystemServerTimingAsync( 694): ssm.onStartUser-0_com.android.server.net.watchlist.NetworkWatchlistService$Lifecycle
05-30 18:35:10.638 D/SystemServerTimingAsync( 694): ssm.onStartUser-0_com.android.server.PinnerService
05-30 18:35:10.638 D/SystemServerTimingAsync( 694): ssm.onStartUser-0_com.android.server.integrity.AppIntegrityManagerService
05-30 18:35:10.638 D/SystemServerTimingAsync( 694): ssm.onStartUser-0_com.android.server.logcat.LogcatManagerService
05-30 18:35:10.638 D/SystemServerTimingAsync( 694): ssm.onStartUser-0_com.android.server.inputmethod.InputMethodManagerService$Lifecycle
05-30 18:35:10.638 D/SystemServerTimingAsync( 694): ssm.onStartUser-0_com.android.server.accessibility.AccessibilityManagerService$Lifecycle
05-30 18:35:10.638 D/SystemServerTimingAsync( 694): ssm.onStartUser-0_com.android.server.StorageManagerService$Lifecycle
05-30 18:35:10.639 I/droid.bluetooth( 1184): Using CollectorTypeCC GC.
05-30 18:35:10.640 V/StorageManagerService( 694): Package com.dangbei.lerad.leradwatcher has legacy storage
05-30 18:35:10.640 V/StorageManagerService( 694): Package com.android.cts.priv.ctsshim does not have legacy storage
05-30 18:35:10.640 V/StorageManagerService( 694): Package com.android.uwb.resources does not have legacy storage
05-30 18:35:10.640 V/StorageManagerService( 694): Package com.android.adservices.api does not have legacy storage
05-30 18:35:10.641 V/StorageManagerService( 694): Package com.android.dynsystem does not have legacy storage
05-30 18:35:10.641 V/StorageManagerService( 694): Package com.dangbei.lerad.rocky does not have legacy storage
05-30 18:35:10.641 V/StorageManagerService( 694): Package com.android.healthconnect.controller does not have legacy storage
05-30 18:35:10.641 V/StorageManagerService( 694): Package com.android.providers.calendar does not have legacy storage
05-30 18:35:10.641 V/StorageManagerService( 694): Package com.android.tv.settings does not have legacy storage
05-30 18:35:10.641 V/StorageManagerService( 694): Package com.android.providers.media does not have legacy storage
05-30 18:35:10.641 V/StorageManagerService( 694): Package com.android.health.connect.backuprestore does not have legacy storage
05-30 18:35:10.641 V/StorageManagerService( 694): Package com.android.virtualmachine.res does not have legacy storage
05-30 18:35:10.641 V/StorageManagerService( 694): Package com.dangbei.zhushou.os does not have legacy storage
05-30 18:35:10.641 V/StorageManagerService( 694): Package com.sohu.inputmethod.sogou.tv has legacy storage
05-30 18:35:10.641 V/StorageManagerService( 694): Package com.droidlogic.tvprovider.overlay does not have legacy storage
05-30 18:35:10.641 V/StorageManagerService( 694): Package com.android.externalstorage does not have legacy storage
05-30 18:35:10.641 V/StorageManagerService( 694): Package com.android.htmlviewer does not have legacy storage
05-30 18:35:10.641 V/StorageManagerService( 694): Package com.android.companiondevicemanager does not have legacy storage
05-30 18:35:10.641 V/StorageManagerService( 694): Package com.android.providers.downloads does not have legacy storage
05-30 18:35:10.641 V/StorageManagerService( 694): Package com.android.providers.tv does not have legacy storage
05-30 18:35:10.641 V/StorageManagerService( 694): Package com.droidlogic.mediacenter does not have legacy storage
05-30 18:35:10.641 V/StorageManagerService( 694): Package com.android.federatedcompute.services does not have legacy storage
05-30 18:35:10.641 V/StorageManagerService( 694): Package com.droidlogic does not have legacy storage
05-30 18:35:10.641 V/StorageManagerService( 694): Package com.droidlogic.tv.settings does not have legacy storage
05-30 18:35:10.641 V/StorageManagerService( 694): Package com.oranth.ledstatus does not have legacy storage
05-30 18:35:10.641 V/StorageManagerService( 694): Package com.android.tv.overlay.lps.disabled does not have legacy storage
05-30 18:35:10.641 V/StorageManagerService( 694): Package com.dangbei.lerad.videoposter has legacy storage
05-30 18:35:10.642 V/StorageManagerService( 694): Package com.android.tv.overlay.settingsprovider does not have legacy storage
05-30 18:35:10.642 V/StorageManagerService( 694): Package com.android.safetycenter.resources does not have legacy storage
05-30 18:35:10.642 V/StorageManagerService( 694): Package com.android.pacprocessor does not have legacy storage
05-30 18:35:10.642 V/StorageManagerService( 694): Package com.android.networkstack does not have legacy storage
05-30 18:35:10.642 V/StorageManagerService( 694): Package com.android.connectivity.resources does not have legacy storage
05-30 18:35:10.642 V/StorageManagerService( 694): Package com.android.modulemetadata does not have legacy storage
05-30 18:35:10.643 V/StorageManagerService( 694): Package com.android.certinstaller does not have legacy storage
05-30 18:35:10.643 V/StorageManagerService( 694): Package com.android.wifi.dialog does not have legacy storage
05-30 18:35:10.643 V/StorageManagerService( 694): Package android does not have legacy storage
05-30 18:35:10.643 V/StorageManagerService( 694): Package com.android.camera2 does not have legacy storage
05-30 18:35:10.643 V/StorageManagerService( 694): Package com.android.mtp does not have legacy storage
05-30 18:35:10.643 V/StorageManagerService( 694): Package com.android.backupconfirm does not have legacy storage
05-30 18:35:10.643 V/StorageManagerService( 694): Package com.android.systemui.auto_generated_rro_vendor__ does not have legacy storage
05-30 18:35:10.643 V/StorageManagerService( 694): Package com.android.tv.overlay.networkstack does not have legacy storage
05-30 18:35:10.643 V/StorageManagerService( 694): Package com.android.statementservice does not have legacy storage
05-30 18:35:10.643 V/StorageManagerService( 694): Package com.dangbei.screencast has legacy storage
05-30 18:35:10.643 V/StorageManagerService( 694): Package com.android.settings.intelligence does not have legacy storage
05-30 18:35:10.643 V/StorageManagerService( 694): Package com.dangbei.leard.leradlauncher does not have legacy storage
05-30 18:35:10.643 V/StorageManagerService( 694): Package com.android.providers.settings does not have legacy storage
05-30 18:35:10.643 V/StorageManagerService( 694): Package com.android.sharedstoragebackup does not have legacy storage
05-30 18:35:10.643 V/StorageManagerService( 694): Package com.android.printspooler does not have legacy storage
05-30 18:35:10.643 V/StorageManagerService( 694): Package com.android.dreams.basic does not have legacy storage
05-30 18:35:10.644 V/StorageManagerService( 694): Package com.android.webview does not have legacy storage
05-30 18:35:10.644 V/StorageManagerService( 694): Package com.android.se does not have legacy storage
05-30 18:35:10.644 V/StorageManagerService( 694): Package com.android.inputdevices does not have legacy storage
05-30 18:35:10.644 V/StorageManagerService( 694): Package com.android.rkpdapp does not have legacy storage
05-30 18:35:10.644 V/StorageManagerService( 694): Package com.android.tv.overlay.wifi.resources does not have legacy storage
05-30 18:35:10.644 V/StorageManagerService( 694): Package com.oranth.inputmacsn does not have legacy storage
05-30 18:35:10.644 V/StorageManagerService( 694): Package com.android.musicfx does not have legacy storage
05-30 18:35:10.644 V/StorageManagerService( 694): Package com.dangbei.hqguide does not have legacy storage
05-30 18:35:10.644 V/StorageManagerService( 694): Package com.droidlogic.systemui.overlay does not have legacy storage
05-30 18:35:10.644 V/StorageManagerService( 694): Package android.ext.shared does not have legacy storage
05-30 18:35:10.644 V/StorageManagerService( 694): Package com.android.keychain does not have legacy storage
05-30 18:35:10.644 V/StorageManagerService( 694): Package com.dlg.framework.overlay does not have legacy storage
05-30 18:35:10.644 V/StorageManagerService( 694): Package android.ext.services does not have legacy storage
05-30 18:35:10.644 V/StorageManagerService( 694): Package com.android.wifi.resources does not have legacy storage
05-30 18:35:10.644 V/StorageManagerService( 694): Package com.android.cameraextensions does not have legacy storage
05-30 18:35:10.644 V/StorageManagerService( 694): Package com.android.localtransport does not have legacy storage
05-30 18:35:10.644 V/StorageManagerService( 694): Package com.android.networkstack.tethering.droidlogic does not have legacy storage
05-30 18:35:10.644 V/StorageManagerService( 694): Package com.droidlogic.mictoggle does not have legacy storage
05-30 18:35:10.644 V/StorageManagerService( 694): Package com.android.packageinstaller does not have legacy storage
05-30 18:35:10.644 V/StorageManagerService( 694): Package com.cskj.factorytest does not have legacy storage
05-30 18:35:10.644 V/StorageManagerService( 694): Package com.android.proxyhandler does not have legacy storage
05-30 18:35:10.644 V/StorageManagerService( 694): Package com.android.intentresolver does not have legacy storage
05-30 18:35:10.645 V/StorageManagerService( 694): Package com.android.nearby.halfsheet does not have legacy storage
05-30 18:35:10.645 V/StorageManagerService( 694): Package com.android.managedprovisioning does not have legacy storage
05-30 18:35:10.645 V/StorageManagerService( 694): Package com.oranth.usbopenft does not have legacy storage
05-30 18:35:10.645 V/StorageManagerService( 694): Package com.android.networkstack.tethering does not have legacy storage
05-30 18:35:10.645 V/StorageManagerService( 694): Package com.android.soundpicker does not have legacy storage
05-30 18:35:10.645 V/StorageManagerService( 694): Package com.dangbei.lerad.etna.haqu does not have legacy storage
05-30 18:35:10.645 V/StorageManagerService( 694): Package com.droidlogic.miracast does not have legacy storage
05-30 18:35:10.645 V/StorageManagerService( 694): Package com.amlogic.tv.overlay.matchcontent does not have legacy storage
05-30 18:35:10.645 V/StorageManagerService( 694): Package com.droidlogic.wifitetheringoverlay does not have legacy storage
05-30 18:35:10.645 V/StorageManagerService( 694): Package com.tv.filemanager.os has legacy storage
05-30 18:35:10.645 V/StorageManagerService( 694): Package com.oranth.powerwindow does not have legacy storage
05-30 18:35:10.645 V/StorageManagerService( 694): Package com.android.cts.ctsshim does not have legacy storage
05-30 18:35:10.645 V/StorageManagerService( 694): Package com.dangbei.lerad.screensaver does not have legacy storage
05-30 18:35:10.645 V/StorageManagerService( 694): Package com.droidlogic.wifion does not have legacy storage
05-30 18:35:10.645 V/StorageManagerService( 694): Package com.android.vpndialogs does not have legacy storage
05-30 18:35:10.645 V/StorageManagerService( 694): Package com.android.music does not have legacy storage
05-30 18:35:10.645 V/StorageManagerService( 694): Package com.android.shell does not have legacy storage
05-30 18:35:10.645 V/StorageManagerService( 694): Package com.android.sdksandbox does not have legacy storage
05-30 18:35:10.645 V/StorageManagerService( 694): Package com.android.wallpaperbackup does not have legacy storage
05-30 18:35:10.645 V/StorageManagerService( 694): Package com.android.providers.userdictionary does not have legacy storage
05-30 18:35:10.645 V/StorageManagerService( 694): Package com.android.providers.media.module does not have legacy storage
05-30 18:35:10.645 V/StorageManagerService( 694): Package com.oranth.storage does not have legacy storage
05-30 18:35:10.645 V/StorageManagerService( 694): Package com.android.hotspot2.osulogin does not have legacy storage
05-30 18:35:10.645 V/StorageManagerService( 694): Package com.android.location.fused does not have legacy storage
05-30 18:35:10.646 V/StorageManagerService( 694): Package com.android.deskclock does not have legacy storage
05-30 18:35:10.646 V/StorageManagerService( 694): Package com.android.systemui does not have legacy storage
05-30 18:35:10.646 V/StorageManagerService( 694): Package com.dangbei.haqusetting does not have legacy storage
05-30 18:35:10.646 V/StorageManagerService( 694): Package com.android.tv.overlay.framework does not have legacy storage
05-30 18:35:10.646 V/StorageManagerService( 694): Package com.android.permissioncontroller does not have legacy storage
05-30 18:35:10.646 V/StorageManagerService( 694): Package com.droidlogic.appinstall does not have legacy storage
05-30 18:35:10.646 V/StorageManagerService( 694): Package com.android.ondevicepersonalization.services does not have legacy storage
05-30 18:35:10.646 V/StorageManagerService( 694): Package com.android.bluetooth does not have legacy storage
05-30 18:35:10.647 V/StorageManagerService( 694): Package com.android.providers.contacts does not have legacy storage
05-30 18:35:10.647 V/StorageManagerService( 694): Package com.android.captiveportallogin does not have legacy storage
05-30 18:35:10.647 V/StorageManagerService( 694): Package com.droidlogic.overlay does not have legacy storage
05-30 18:35:10.647 V/StorageManagerService( 694): Package com.android.devicelockcontroller does not have legacy storage
05-30 18:35:10.647 V/StorageManagerService( 694): Package com.android.ext.adservices.api does not have legacy storage
05-30 18:35:10.647 V/StorageManagerService( 694): Package android.auto_generated_rro_vendor__ does not have legacy storage
05-30 18:35:10.648 E/droid.bluetooth( 1184): Not starting debugger since process cannot load the jdwp agent.
05-30 18:35:10.648 D/SystemServerTimingAsync( 694): ssm.onStartUser-0_com.android.server.usage.StorageStatsService$Lifecycle
05-30 18:35:10.648 D/SystemServerTimingAsync( 694): ssm.onStartUser-0_com.android.server.UiModeManagerService
05-30 18:35:10.648 D/SystemServerTimingAsync( 694): ssm.onStartUser-0_com.android.server.locales.LocaleManagerService
05-30 18:35:10.648 D/SystemServerTimingAsync( 694): ssm.onStartUser-0_com.android.server.grammaticalinflection.GrammaticalInflectionService
05-30 18:35:10.648 D/SystemServerTimingAsync( 694): ssm.onStartUser-0_com.android.server.apphibernation.AppHibernationService
05-30 18:35:10.648 D/SystemServerTimingAsync( 694): ssm.onStartUser-0_com.android.server.locksettings.LockSettingsService$Lifecycle
05-30 18:35:10.648 D/SystemServerTimingAsync( 694): ssm.onStartUser-0_com.android.server.PersistentDataBlockService
05-30 18:35:10.648 D/SystemServerTimingAsync( 694): ssm.onStartUser-0_com.android.server.testharness.TestHarnessModeService
05-30 18:35:10.648 D/SystemServerTimingAsync( 694): ssm.onStartUser-0_com.android.server.oemlock.OemLockService
05-30 18:35:10.648 D/SystemServerTimingAsync( 694): ssm.onStartUser-0_com.android.server.DeviceIdleController
05-30 18:35:10.648 D/SystemServerTimingAsync( 694): ssm.onStartUser-0_com.android.server.devicepolicy.DevicePolicyManagerService$Lifecycle
05-30 18:35:10.650 D/SystemServerTimingAsync( 694): ssm.onStartUser-0_com.android.server.texttospeech.TextToSpeechManagerService
05-30 18:35:10.650 D/SystemServerTimingAsync( 694): ssm.onStartUser-0_com.android.server.ambientcontext.AmbientContextManagerService
05-30 18:35:10.650 D/SystemServerTimingAsync( 694): ssm.onStartUser-0_com.android.server.wearable.WearableSensingManagerService
05-30 18:35:10.650 D/SystemServerTimingAsync( 694): ssm.onStartUser-0_com.android.server.speech.SpeechRecognitionManagerService
05-30 18:35:10.650 D/SystemServerTimingAsync( 694): ssm.onStartUser-0_com.android.server.searchui.SearchUiManagerService
05-30 18:35:10.650 D/SystemServerTimingAsync( 694): ssm.onStartUser-0_com.android.server.smartspace.SmartspaceManagerService
05-30 18:35:10.650 D/SystemServerTimingAsync( 694): ssm.onStartUser-0_com.android.server.graphics.fonts.FontManagerService$Lifecycle
05-30 18:35:10.650 D/SystemServerTimingAsync( 694): ssm.onStartUser-0_com.android.server.textservices.TextServicesManagerService$Lifecycle
05-30 18:35:10.650 D/SystemServerTimingAsync( 694): ssm.onStartUser-0_com.android.server.textclassifier.TextClassificationManagerService$Lifecycle
05-30 18:35:10.651 D/SystemServerTimingAsync( 694): ssm.onStartUser-0_com.android.server.NetworkScoreService$Lifecycle
05-30 18:35:10.651 D/SystemServerTimingAsync( 694): ssm.onStartUser-0_com.android.server.NetworkStatsServiceInitializer
05-30 18:35:10.651 D/SystemServerTimingAsync( 694): ssm.onStartUser-0_com.android.server.wifi.WifiService
05-30 18:35:10.652 D/SystemServerTimingAsync( 694): ssm.onStartUser-0_com.android.server.wifi.scanner.WifiScanningService
05-30 18:35:10.652 D/SystemServerTimingAsync( 694): ssm.onStartUser-0_com.android.server.wifi.p2p.WifiP2pService
05-30 18:35:10.652 D/SystemServerTimingAsync( 694): ssm.onStartUser-0_com.android.server.ConnectivityServiceInitializer
05-30 18:35:10.652 D/SystemServerTimingAsync( 694): ssm.onStartUser-0_com.android.server.notification.NotificationManagerService
05-30 18:35:10.652 D/SystemServerTimingAsync( 694): ssm.onStartUser-0_com.android.server.storage.DeviceStorageMonitorService
05-30 18:35:10.652 D/SystemServerTimingAsync( 694): ssm.onStartUser-0_com.android.server.timedetector.TimeDetectorService$Lifecycle
05-30 18:35:10.652 D/SystemServerTimingAsync( 694): ssm.onStartUser-0_com.android.server.location.LocationManagerService$Lifecycle
05-30 18:35:10.653 D/SystemServerTimingAsync( 694): ssm.onStartUser-0_com.android.server.timezonedetector.TimeZoneDetectorService$Lifecycle
05-30 18:35:10.653 D/SystemServerTimingAsync( 694): ssm.onStartUser-0_com.android.server.location.altitude.AltitudeService$Lifecycle
05-30 18:35:10.653 D/SystemServerTimingAsync( 694): ssm.onStartUser-0_com.android.server.timezonedetector.location.LocationTimeZoneManagerService$Lifecycle
05-30 18:35:10.653 D/SystemServerTimingAsync( 694): ssm.onStartUser-0_com.android.server.search.SearchManagerService$Lifecycle
05-30 18:35:10.653 D/SystemServerTimingAsync( 694): ssm.onStartUser-0_com.android.server.wallpaper.WallpaperManagerService$Lifecycle
05-30 18:35:10.653 D/SystemServerTimingAsync( 694): ssm.onStartUser-0_com.android.server.wallpapereffectsgeneration.WallpaperEffectsGenerationManagerService
05-30 18:35:10.653 D/SystemServerTimingAsync( 694): ssm.onStartUser-0_com.android.server.audio.AudioService$Lifecycle
05-30 18:35:10.653 D/SystemServerTimingAsync( 694): ssm.onStartUser-0_com.android.server.soundtrigger_middleware.SoundTriggerMiddlewareService$Lifecycle
05-30 18:35:10.653 D/SystemServerTimingAsync( 694): ssm.onStartUser-0_com.android.server.adb.AdbService$Lifecycle
05-30 18:35:10.653 D/SystemServerTimingAsync( 694): ssm.onStartUser-0_com.android.server.usb.UsbService$Lifecycle
05-30 18:35:10.653 D/SystemServerTimingAsync( 694): ssm.onStartUser-0_com.android.server.twilight.TwilightService
05-30 18:35:10.653 D/SystemServerTimingAsync( 694): ssm.onStartUser-0_com.android.server.display.color.ColorDisplayService
05-30 18:35:10.653 D/SystemServerTimingAsync( 694): ssm.onStartUser-0_com.android.server.job.JobSchedulerService
05-30 18:35:10.653 D/SystemServerTimingAsync( 694): ssm.onStartUser-0_com.android.server.soundtrigger.SoundTriggerService
05-30 18:35:10.653 D/SystemServerTimingAsync( 694): ssm.onStartUser-0_com.android.server.trust.TrustManagerService
05-30 18:35:10.653 D/SystemServerTimingAsync( 694): ssm.onStartUser-0_com.android.server.backup.BackupManagerService$Lifecycle
05-30 18:35:10.653 D/SystemServerTimingAsync( 694): ssm.onStartUser-0_com.android.server.appwidget.AppWidgetService
05-30 18:35:10.653 D/SystemServerTimingAsync( 694): ssm.onStartUser-0_com.android.server.voiceinteraction.VoiceInteractionManagerService
05-30 18:35:10.654 W/VoiceInteractionManager( 694): no available voice recognition services found for user 0
05-30 18:35:10.654 D/SystemServerTimingAsync( 694): ssm.onStartUser-0_com.android.server.GestureLauncherService
05-30 18:35:10.654 D/SystemServerTimingAsync( 694): ssm.onStartUser-0_com.android.server.SensorNotificationService
05-30 18:35:10.654 D/SystemServerTimingAsync( 694): ssm.onStartUser-0_com.android.server.emergency.EmergencyAffordanceService
05-30 18:35:10.654 D/SystemServerTimingAsync( 694): ssm.onStartUser-0_com.android.server.blob.BlobStoreManagerService
05-30 18:35:10.654 D/SystemServerTimingAsync( 694): ssm.onStartUser-0_com.android.server.dreams.DreamManagerService
05-30 18:35:10.654 D/SystemServerTimingAsync( 694): ssm.onStartUser-0_com.android.server.security.AttestationVerificationManagerService
05-30 18:35:10.654 D/SystemServerTimingAsync( 694): ssm.onStartUser-0_com.android.server.restrictions.RestrictionsManagerService
05-30 18:35:10.654 D/SystemServerTimingAsync( 694): ssm.onStartUser-0_com.android.server.media.MediaSessionService
05-30 18:35:10.654 D/SystemServerTimingAsync( 694): ssm.onStartUser-0_com.android.server.hdmi.HdmiControlService
05-30 18:35:10.654 D/SystemServerTimingAsync( 694): ssm.onStartUser-0_com.android.server.tv.interactive.TvInteractiveAppManagerService
05-30 18:35:10.654 D/SystemServerTimingAsync( 694): ssm.onStartUser-0_com.android.server.tv.TvInputManagerService
05-30 18:35:10.654 D/SystemServerTimingAsync( 694): ssm.onStartUser-0_com.android.server.media.MediaResourceMonitorService
05-30 18:35:10.654 D/SystemServerTimingAsync( 694): ssm.onStartUser-0_com.android.server.tv.TvRemoteService
05-30 18:35:10.654 D/SystemServerTimingAsync( 694): ssm.onStartUser-0_com.android.server.biometrics.BiometricService
05-30 18:35:10.654 D/SystemServerTimingAsync( 694): ssm.onStartUser-0_com.android.server.biometrics.AuthService
05-30 18:35:10.655 D/SystemServerTimingAsync( 694): ssm.onStartUser-0_com.android.server.pm.ShortcutService$Lifecycle
05-30 18:35:10.655 D/SystemServerTimingAsync( 694): ssm.onStartUser-0_com.android.server.pm.LauncherAppsService
05-30 18:35:10.655 D/SystemServerTimingAsync( 694): ssm.onStartUser-0_com.android.server.pm.CrossProfileAppsService
05-30 18:35:10.655 D/SystemServerTimingAsync( 694): ssm.onStartUser-0_com.android.server.people.PeopleService
05-30 18:35:10.655 D/SystemServerTimingAsync( 694): ssm.onStartUser-0_com.android.server.media.metrics.MediaMetricsManagerService
05-30 18:35:10.655 D/SystemServerTimingAsync( 694): ssm.onStartUser-0_com.android.server.pm.BackgroundInstallControlService
05-30 18:35:10.655 D/SystemServerTimingAsync( 694): ssm.onStartUser-0_com.android.server.media.projection.MediaProjectionManagerService
05-30 18:35:10.655 D/SystemServerTimingAsync( 694): ssm.onStartUser-0_com.android.server.slice.SliceManagerService$Lifecycle
05-30 18:35:10.655 D/SystemServerTimingAsync( 694): ssm.onStartUser-0_com.android.server.stats.StatsCompanion$Lifecycle
05-30 18:35:10.655 D/SystemServerTimingAsync( 694): ssm.onStartUser-0_com.android.server.scheduling.RebootReadinessManagerService$Lifecycle
05-30 18:35:10.655 D/SystemServerTimingAsync( 694): ssm.onStartUser-0_com.android.server.stats.pull.StatsPullAtomService
05-30 18:35:10.655 D/SystemServerTimingAsync( 694): ssm.onStartUser-0_com.android.server.stats.bootstrap.StatsBootstrapAtomService$Lifecycle
05-30 18:35:10.655 D/SystemServerTimingAsync( 694): ssm.onStartUser-0_com.android.server.incident.IncidentCompanionService
05-30 18:35:10.655 D/SystemServerTimingAsync( 694): ssm.onStartUser-0_com.android.server.sdksandbox.SdkSandboxManagerService$Lifecycle
05-30 18:35:10.655 D/SystemServerTimingAsync( 694): ssm.onStartUser-0_com.android.server.adservices.AdServicesManagerService$Lifecycle
05-30 18:35:10.655 D/SystemServerTimingAsync( 694): ssm.onStartUser-0_com.android.server.ondevicepersonalization.OnDevicePersonalizationSystemService$Lifecycle
05-30 18:35:10.655 D/SystemServerTimingAsync( 694): ssm.onStartUser-0_com.android.server.autofill.AutofillManagerService
05-30 18:35:10.655 D/SystemServerTimingAsync( 694): ssm.onStartUser-0_com.android.server.clipboard.ClipboardService
05-30 18:35:10.655 D/SystemServerTimingAsync( 694): ssm.onStartUser-0_com.android.server.appbinding.AppBindingService$Lifecycle
05-30 18:35:10.655 W/AppBindingService( 694): [Default SMS app] u0 Target package not found
05-30 18:35:10.655 D/SystemServerTimingAsync( 694): ssm.onStartUser-0_com.android.server.tracing.TracingServiceProxy
05-30 18:35:10.655 D/SystemServerTimingAsync( 694): ssm.onStartUser-0_com.android.server.policy.PermissionPolicyService
05-30 18:35:10.655 D/SystemServerTimingAsync( 694): ssm.onStartUser-0_com.android.server.pm.StagingManager$Lifecycle
05-30 18:35:10.656 D/SystemServerTimingAsync( 694): ssm.onStartUser-0_com.android.server.app.GameManagerService$Lifecycle
05-30 18:35:10.656 D/GameManagerService( 694): Starting user 0
05-30 18:35:10.657 I/C2VendorComponentStore( 485): setDmaBufUsage 5
05-30 18:35:10.661 D/SystemServerTimingAsync( 694): ssm.onStartUser-0_com.android.safetycenter.SafetyCenterService
05-30 18:35:10.661 D/SystemServerTimingAsync( 694): ssm.onStartUser-0_com.android.server.appsearch.AppSearchModule$Lifecycle
05-30 18:35:10.661 D/SystemServerTimingAsync( 694): ssm.onStartUser-0_com.android.server.media.MediaCommunicationService
05-30 18:35:10.661 D/SystemServerTimingAsync( 694): ssm.onStartUser-0_com.android.server.compat.overrides.AppCompatOverridesService$Lifecycle
05-30 18:35:10.661 D/SystemServerTimingAsync( 694): ssm.onStartUser-0_com.android.server.healthconnect.HealthConnectManagerService
05-30 18:35:10.661 D/SystemServerTimingAsync( 694): ssm.onStartUser-0_com.android.server.devicelock.DeviceLockService
05-30 18:35:10.673 D/CompatibilityChangeReporter( 694): Compat change id reported: 168419799; UID 1002; state: DISABLED
05-30 18:35:10.673 D/CompatibilityChangeReporter( 694): Compat change id reported: 273564678; UID 1002; state: DISABLED
05-30 18:35:10.676 D/CompatibilityChangeReporter( 694): Compat change id reported: 265195908; UID 1002; state: ENABLED
05-30 18:35:10.678 D/SystemServerTiming( 694): startPersistentApps
05-30 18:35:10.681 D/CompatibilityChangeReporter( 1184): Compat change id reported: 171979766; UID 1002; state: ENABLED
05-30 18:35:10.682 D/CompatibilityChangeReporter( 1184): Compat change id reported: 242716250; UID 1002; state: ENABLED
05-30 18:35:10.682 D/CompatibilityChangeReporter( 694): Compat change id reported: 135634846; UID 1068; state: DISABLED
05-30 18:35:10.682 D/SystemServerTiming( 694): startHomeOnAllDisplays
05-30 18:35:10.684 D/WindowManager( 694): ThemeHomeDelay: Home launch was deferred.
05-30 18:35:10.684 D/SystemServerTiming( 694): showSystemReadyErrorDialogs
05-30 18:35:10.684 I/system_server( 694): getFrameworkHalManifest: Reading VINTF information.
05-30 18:35:10.687 I/system_server( 694): getDeviceHalManifest: Reading VINTF information.
05-30 18:35:10.694 I/system_server( 694): getDeviceHalManifest: Successfully processed VINTF information
05-30 18:35:10.694 I/system_server( 694): getFrameworkHalManifest: Successfully processed VINTF information
05-30 18:35:10.694 I/system_server( 694): getFrameworkCompatibilityMatrix: Reading VINTF information.
05-30 18:35:10.694 D/Zygote ( 465): Forked child process 1198
05-30 18:35:10.699 I/Zygote ( 1198): seccomp disabled by setenforce 0
05-30 18:35:10.705 I/com.android.se( 1198): Using CollectorTypeCC GC.
05-30 18:35:10.718 E/com.android.se( 1198): Not starting debugger since process cannot load the jdwp agent.
05-30 18:35:10.720 I/rainbow_flow( 593): type=1400 audit(0.0:692): avc: denied { ioctl } for path="/dev/spidev1.0" dev="tmpfs" ino=545 ioctlcmd=0x6b00 scontext=u:r:init:s0 tcontext=u:object_r:device:s0 tclass=chr_file permissive=1
05-30 18:35:10.730 D/nativeloader( 1184): Configuring clns-shared-4 for other apk /apex/com.android.btservices/app/Bluetooth@UD2A.240505.001.W1/Bluetooth.apk. target_sdk_version=34, uses_libraries=, library_path=/apex/com.android.btservices/app/Bluetooth@UD2A.240505.001.W1/lib/arm:/system/lib:/system_ext/lib, permitted_path=/data:/mnt/expand:/data/user_de/0/com.android.bluetooth:/apex/com.android.btservices/app/Bluetooth@UD2A.240505.001.W1:/system/lib:/system_ext/lib
05-30 18:35:10.734 D/CCodecBufferChannel( 694): [c2.android.vorbis.decoder#982] MediaCodec discarded an unknown buffer
05-30 18:35:10.734 D/CCodecBufferChannel( 694): [c2.android.vorbis.decoder#982] MediaCodec discarded an unknown buffer
05-30 18:35:10.734 D/CCodecBufferChannel( 694): [c2.android.vorbis.decoder#982] MediaCodec discarded an unknown buffer
05-30 18:35:10.734 D/nativeloader( 1184): InitApexLibraries:
05-30 18:35:10.734 D/nativeloader( 1184): com_android_adservices: libhpke_jni.so:libtflite_support_classifiers_native.so
05-30 18:35:10.734 D/nativeloader( 1184): com_android_appsearch: libicing.so
05-30 18:35:10.734 D/nativeloader( 1184): com_android_art: libartservice.so
05-30 18:35:10.734 D/nativeloader( 1184): com_android_btservices: libbluetooth_jni.so
05-30 18:35:10.734 D/nativeloader( 1184): com_android_conscrypt: libjavacrypto.so
05-30 18:35:10.734 D/nativeloader( 1184): com_android_extservices: libhpke_jni.so:libtflite_support_classifiers_native.so
05-30 18:35:10.734 D/nativeloader( 1184): com_android_os_statsd: libstats_jni.so
05-30 18:35:10.734 D/nativeloader( 1184): com_android_tethering: libandroid_net_connectivity_com_android_net_module_util_jni.so:libcronet.114.0.5735.84.so:libframework-connectivity-jni.so:libframework-connectivity-tiramisu-jni.so:libservice-connectivity.so
05-30 18:35:10.734 D/nativeloader( 1184): com_android_uwb: libuwb_uci_jni_rust.so
05-30 18:35:10.734 D/nativeloader( 1184): com_android_virt: libvirtualizationservice_jni.so:libvirtualmachine_jni.so
05-30 18:35:10.740 I/hw-BpHwBinder( 694): onLastStrongRef automatically unlinking death recipients
05-30 18:35:10.741 I/hw-BpHwBinder( 622): onLastStrongRef automatically unlinking death recipients
05-30 18:35:10.741 I/hw-BpHwBinder( 622): onLastStrongRef automatically unlinking death recipients
05-30 18:35:10.748 D/MediaCodec( 694): flushMediametrics
05-30 18:35:10.762 V/GraphicsEnvironment( 1184): Currently set values for:
05-30 18:35:10.764 V/GraphicsEnvironment( 1184): angle_gl_driver_selection_pkgs=[]
05-30 18:35:10.764 V/GraphicsEnvironment( 1184): angle_gl_driver_selection_values=[]
05-30 18:35:10.765 V/GraphicsEnvironment( 1184): ANGLE GameManagerService for com.android.bluetooth: false
05-30 18:35:10.765 V/GraphicsEnvironment( 1184): com.android.bluetooth is not listed in per-application setting
05-30 18:35:10.765 V/GraphicsEnvironment( 1184): Neither updatable production driver nor prerelease driver is supported.
05-30 18:35:10.779 I/audio_hw_hal_alsamgr( 477): alsa format =0x1 delay frames =1024 total frames=512000
05-30 18:35:10.789 I/system_server( 694): getFrameworkCompatibilityMatrix: Successfully processed VINTF information
05-30 18:35:10.789 I/system_server( 694): getDeviceCompatibilityMatrix: Reading VINTF information.
05-30 18:35:10.790 I/system_server( 694): getDeviceCompatibilityMatrix: Successfully processed VINTF information
05-30 18:35:10.792 W/VintfObject( 694): VintfObject.verifyWithoutAvb() returns 1: Runtime info and framework compatibility matrix are incompatible: No compatible kernel requirement found (kernel FCM version = 8).
05-30 18:35:10.792 W/VintfObject( 694): For kernel requirements at matrix level 8, For config CONFIG_NFS_FS, value = y but required n
05-30 18:35:10.792 E/Build ( 694): Vendor interface is incompatible, error=1
05-30 18:35:10.792 E/ActivityTaskManager( 694): Build fingerprint is not consistent, warning user
05-30 18:35:10.793 D/SystemServerTiming( 694): sendUserStartBroadcast
05-30 18:35:10.794 D/SystemServerTiming( 694): resumeTopActivities
05-30 18:35:10.795 D/WindowManager( 694): ThemeHomeDelay: Home launch was deferred.
05-30 18:35:10.795 D/SystemServerTiming( 694): sendUserSwitchBroadcasts
05-30 18:35:10.796 D/SystemServerTiming( 694): setBinderProxies
05-30 18:35:10.796 D/SystemServerTiming( 694): componentAlias
05-30 18:35:10.797 D/ComponentAliasResolver( 694): Compat listener set.
