05-30 18:36:22.383 D/MesonDisplay( 289): meson_write /sys/class/amhdmitx/amhdmitx0/valid_mode, outputmode:2160p60hz420,10bit
05-30 18:36:22.384 D/MesonDisplay( 289): valid mode is true!
05-30 18:36:22.384 D/MesonDisplay( 289): meson_write /sys/class/amhdmitx/amhdmitx0/valid_mode, outputmode:2160p60hz420,8bit
05-30 18:36:22.384 D/MesonDisplay( 289): valid mode is true!
05-30 18:36:22.384 D/MesonDisplay( 289): meson_write /sys/class/amhdmitx/amhdmitx0/valid_mode, outputmode:2160p60hz444,12bit
05-30 18:36:22.384 D/MesonDisplay( 289): valid mode is false!
05-30 18:36:22.384 D/MesonDisplay( 289): meson_write /sys/class/amhdmitx/amhdmitx0/valid_mode, outputmode:2160p60hz444,10bit
05-30 18:36:22.384 D/MesonDisplay( 289): valid mode is false!
05-30 18:36:22.384 D/MesonDisplay( 289): meson_write /sys/class/amhdmitx/amhdmitx0/valid_mode, outputmode:2160p60hz444,8bit
05-30 18:36:22.384 D/MesonDisplay( 289): valid mode is true!
05-30 18:36:22.384 D/MesonDisplay( 289): meson_write /sys/class/amhdmitx/amhdmitx0/valid_mode, outputmode:2160p60hz422,12bit
05-30 18:36:22.384 D/MesonDisplay( 289): valid mode is true!
05-30 18:36:22.384 D/MesonDisplay( 289): meson_write /sys/class/amhdmitx/amhdmitx0/valid_mode, outputmode:2160p60hzrgb,12bit
05-30 18:36:22.384 D/MesonDisplay( 289): valid mode is false!
05-30 18:36:22.384 D/MesonDisplay( 289): meson_write /sys/class/amhdmitx/amhdmitx0/valid_mode, outputmode:2160p60hzrgb,10bit
05-30 18:36:22.384 D/MesonDisplay( 289): valid mode is false!
05-30 18:36:22.384 D/MesonDisplay( 289): meson_write /sys/class/amhdmitx/amhdmitx0/valid_mode, outputmode:2160p60hzrgb,8bit
05-30 18:36:22.384 D/MesonDisplay( 289): valid mode is true!
05-30 18:36:22.385 I/MesonHwc( 289): [/ModePolicy.cpp, getCurrentSupportDeepColor, 736] getCurrentSupportDeepColor current mode: 2160p60hz supported color: 420,12bit
05-30 18:36:22.385 I/MesonHwc( 289): 420,10bit
05-30 18:36:22.385 I/MesonHwc( 289): 420,8bit
05-30 18:36:22.385 I/MesonHwc( 289): 444,8bit
05-30 18:36:22.385 I/MesonHwc( 289): 422,12bit
05-30 18:36:22.385 I/MesonHwc( 289): rgb,8bit
05-30 18:36:22.387 V/MesonDisplayServer( 289): GetDisplayMode:2160p60hz
05-30 18:36:22.389 D/MesonDisplayServer( 289): use connector getDisplayAttribute "HDMI Color ATTR": "420,10bit"
05-30 18:36:22.390 I/SystemControl( 316): [/DisplayMode.cpp, getDeepColorAttr, 2290] getDeepColorAttr colorspace:420,10bit
05-30 18:36:22.390 I/SystemControl( 316): get deep color attr mode 2160p60hz, value 420,10bit
05-30 18:36:22.390 E/ccc ( 1432): cccccc ColorHelper current get YCbCr 4:2:0 10-bit
05-30 18:36:22.404 E/ccc ( 1432): cccccc current is 4k (59.94 Hz)
05-30 18:36:22.418 E/ccc ( 1432): cccccc ColorFormatManager reset
05-30 18:36:22.419 D/MesonDisplayServer( 289): use connector getDisplayAttribute "HDR Priority": "268435472"
05-30 18:36:22.419 I/SystemControl( 316): [/DisplayMode.cpp, getCurrentHdrPriority, 2840] getCurrentHdrPriority is [0x10000010]
05-30 18:36:22.420 V/MesonDisplayServer( 289): GetDisplayMode:2160p60hz
05-30 18:36:22.422 D/MesonDisplayServer( 289): use connector getDisplayAttribute "HDR Priority": "268435472"
05-30 18:36:22.422 I/SystemControl( 316): [/DisplayMode.cpp, getCurrentHdrPriority, 2840] getCurrentHdrPriority is [0x10000010]
05-30 18:36:22.424 V/MesonDisplayServer( 289): GetDisplayMode:2160p60hz
05-30 18:36:22.424 D/MesonDisplay( 289): meson_write /sys/class/amhdmitx/amhdmitx0/valid_mode, outputmode:2160p60hz420,12bit
05-30 18:36:22.424 D/MesonDisplay( 289): valid mode is true!
05-30 18:36:22.424 D/MesonDisplay( 289): meson_write /sys/class/amhdmitx/amhdmitx0/valid_mode, outputmode:2160p60hz420,10bit
05-30 18:36:22.424 D/MesonDisplay( 289): valid mode is true!
05-30 18:36:22.424 D/MesonDisplay( 289): meson_write /sys/class/amhdmitx/amhdmitx0/valid_mode, outputmode:2160p60hz420,8bit
05-30 18:36:22.424 D/MesonDisplay( 289): valid mode is true!
05-30 18:36:22.424 D/MesonDisplay( 289): meson_write /sys/class/amhdmitx/amhdmitx0/valid_mode, outputmode:2160p60hz444,12bit
05-30 18:36:22.424 D/MesonDisplay( 289): valid mode is false!
05-30 18:36:22.424 D/MesonDisplay( 289): meson_write /sys/class/amhdmitx/amhdmitx0/valid_mode, outputmode:2160p60hz444,10bit
05-30 18:36:22.425 D/MesonDisplay( 289): valid mode is false!
05-30 18:36:22.425 D/MesonDisplay( 289): meson_write /sys/class/amhdmitx/amhdmitx0/valid_mode, outputmode:2160p60hz444,8bit
05-30 18:36:22.425 D/MesonDisplay( 289): valid mode is true!
05-30 18:36:22.425 D/MesonDisplay( 289): meson_write /sys/class/amhdmitx/amhdmitx0/valid_mode, outputmode:2160p60hz422,12bit
05-30 18:36:22.425 D/MesonDisplay( 289): valid mode is true!
05-30 18:36:22.425 D/MesonDisplay( 289): meson_write /sys/class/amhdmitx/amhdmitx0/valid_mode, outputmode:2160p60hzrgb,12bit
05-30 18:36:22.425 D/MesonDisplay( 289): valid mode is false!
05-30 18:36:22.425 D/MesonDisplay( 289): meson_write /sys/class/amhdmitx/amhdmitx0/valid_mode, outputmode:2160p60hzrgb,10bit
05-30 18:36:22.425 D/MesonDisplay( 289): valid mode is false!
05-30 18:36:22.425 D/MesonDisplay( 289): meson_write /sys/class/amhdmitx/amhdmitx0/valid_mode, outputmode:2160p60hzrgb,8bit
05-30 18:36:22.425 D/MesonDisplay( 289): valid mode is true!
05-30 18:36:22.425 I/MesonHwc( 289): [/ModePolicy.cpp, getCurrentSupportDeepColor, 736] getCurrentSupportDeepColor current mode: 2160p60hz supported color: 420,12bit
05-30 18:36:22.425 I/MesonHwc( 289): 420,10bit
05-30 18:36:22.425 I/MesonHwc( 289): 420,8bit
05-30 18:36:22.425 I/MesonHwc( 289): 444,8bit
05-30 18:36:22.425 I/MesonHwc( 289): 422,12bit
05-30 18:36:22.425 I/MesonHwc( 289): rgb,8bit
05-30 18:36:22.427 V/MesonDisplayServer( 289): GetDisplayMode:2160p60hz
05-30 18:36:22.431 D/MesonDisplayServer( 289): use connector getDisplayAttribute "HDMI Color ATTR": "420,10bit"
05-30 18:36:22.432 I/SystemControl( 316): [/DisplayMode.cpp, getDeepColorAttr, 2290] getDeepColorAttr colorspace:420,10bit
05-30 18:36:22.432 I/SystemControl( 316): get deep color attr mode 2160p60hz, value 420,10bit
05-30 18:36:22.432 I/audio_hw_hal_primary( 477): [register_audio_patch:8215] Patch 3:id:3 mix(io:13)->dev_0[OUT_HDMI(id:23)] found, register the same patch, do nothing.
05-30 18:36:22.432 E/ccc ( 1432): cccccc ColorHelper current get YCbCr 4:2:0 10-bit
05-30 18:36:22.432 I/audio_hw_hal_primary( 477): [adev_create_audio_patch:8316] Patch 3: MIX->DEVICE, num_src:1 num_sink:1 patch_src:INVAL
05-30 18:36:22.432 I/audio_hw_hal_primary( 477): [adev_create_audio_patch:8320] sink[0]: OUT_HDMI(id:23)
05-30 18:36:22.432 I/audio_hw_hal_primary( 477): [adev_create_audio_patch:8377] Patch 3: mix(io:13) -> dev[OUT_HDMI(id:23)]
05-30 18:36:22.432 I/audio_hw_hal_primary( 477): [adev_create_audio_patch:8445] dev=0xecf00010 cur_out_device=0x400
05-30 18:36:22.432 D/UEventObserver( 2534): change@/devices/platform/auge_sound/sound/card0/controlC0ACTION=changeDEVPATH=/devices/platform/auge_sound/sound/card0/controlC0SUBSYSTEM=soundAUDIO_FORMAT=0MAJOR=116MINOR=13DEVNAME=snd/controlC0SEQNUM=3573
05-30 18:36:22.439 D/audioserver( 517): logFgsApiBegin: FGS Logger Transaction failed, -129
05-30 18:36:22.441 I/audio_hw_hal_primary( 477): out_update_source_metadata_v7() line 2013 usage:1 content_type:2
05-30 18:36:22.483 I/SogouIME( 1463): onKeyDown: keyoCode=20
05-30 18:36:22.484 I/DefaultIMS( 1463): onKeyDown: keyoCode=20
05-30 18:36:22.488 I/SogouIME( 1463): onKeyUp: keyoCode=20
05-30 18:36:22.488 I/DefaultIMS( 1463): onKeyUp: keyoCode=20
05-30 18:36:22.503 I/DefaultIMS( 1463): onStartInput attribute=android.view.inputmethod.EditorInfo@436e258 restarting=false inputType: 0
05-30 18:36:22.517 I/audio_hw_hal_primary( 477): [register_audio_patch:8215] Patch 3:id:3 mix(io:13)->dev_0[OUT_HDMI(id:23)] found, register the same patch, do nothing.
05-30 18:36:22.517 I/audio_hw_hal_primary( 477): [adev_create_audio_patch:8316] Patch 3: MIX->DEVICE, num_src:1 num_sink:1 patch_src:INVAL
05-30 18:36:22.517 I/audio_hw_hal_primary( 477): [adev_create_audio_patch:8320] sink[0]: OUT_HDMI(id:23)
05-30 18:36:22.517 I/audio_hw_hal_primary( 477): [adev_create_audio_patch:8377] Patch 3: mix(io:13) -> dev[OUT_HDMI(id:23)]
05-30 18:36:22.517 D/UEventObserver( 2534): change@/devices/platform/auge_sound/sound/card0/controlC0ACTION=changeDEVPATH=/devices/platform/auge_sound/sound/card0/controlC0SUBSYSTEM=soundAUDIO_FORMAT=0MAJOR=116MINOR=13DEVNAME=snd/controlC0SEQNUM=3574
05-30 18:36:22.517 I/audio_hw_hal_primary( 477): [adev_create_audio_patch:8445] dev=0xecf00010 cur_out_device=0x400
05-30 18:36:22.518 D/audioserver( 517): logFgsApiEnd: FGS Logger Transaction failed, -129
05-30 18:36:22.518 D/audioserver( 517): logFgsApiBegin: FGS Logger Transaction failed, -129
05-30 18:36:22.519 I/audio_hw_hal_primary( 477): out_update_source_metadata_v7() line 2013 usage:1 content_type:2
05-30 18:36:22.522 D/audioserver( 517): logFgsApiBegin: FGS Logger Transaction failed, -129
05-30 18:36:22.560 I/audio_hw_hal_primary( 477): out_update_source_metadata_v7() line 2013 usage:13 content_type:4
05-30 18:36:22.602 I/audio_hw_hal_primary( 477): [audiohal_get_latency:1333] io 13: out:0xecd047f0 frames:1152 rate:48000 whole_latency:24 alsa_latency:24
05-30 18:36:22.645 I/audio_hw_hal_primary( 477): [audiohal_get_latency:1333] io 13: out:0xecd047f0 frames:1152 rate:48000 whole_latency:24 alsa_latency:24
05-30 18:36:22.686 I/SogouIME( 1463): onKeyDown: keyoCode=20
05-30 18:36:22.686 I/DefaultIMS( 1463): onKeyDown: keyoCode=20
05-30 18:36:22.688 I/audio_hw_hal_primary( 477): [audiohal_get_latency:1333] io 13: out:0xecd047f0 frames:1152 rate:48000 whole_latency:24 alsa_latency:24
05-30 18:36:22.764 I/SogouIME( 1463): onKeyUp: keyoCode=20
05-30 18:36:22.764 I/DefaultIMS( 1463): onKeyUp: keyoCode=20
05-30 18:36:22.844 I/ThermalService( 2534): CPU temperatures: [53.100002]
05-30 18:36:22.858 I/audio_hw_hal_primary( 477): [audiohal_get_latency:1333] io 13: out:0xecd047f0 frames:1152 rate:48000 whole_latency:24 alsa_latency:24
05-30 18:36:22.858 I/audio_hw_hal_primary( 477): [audiohal_get_latency:1333] io 13: out:0xecd047f0 frames:1152 rate:48000 whole_latency:24 alsa_latency:24
05-30 18:36:22.880 I/audio_hw_hal_primary( 477): [audiohal_get_latency:1333] io 13: out:0xecd047f0 frames:1152 rate:48000 whole_latency:24 alsa_latency:24
05-30 18:36:22.880 I/audio_hw_hal_primary( 477): [audiohal_get_latency:1333] io 13: out:0xecd047f0 frames:1152 rate:48000 whole_latency:24 alsa_latency:24
05-30 18:36:22.901 I/audio_hw_hal_primary( 477): [audiohal_get_latency:1333] io 13: out:0xecd047f0 frames:1152 rate:48000 whole_latency:24 alsa_latency:24
05-30 18:36:22.901 I/audio_hw_hal_primary( 477): [audiohal_get_latency:1333] io 13: out:0xecd047f0 frames:1152 rate:48000 whole_latency:24 alsa_latency:24
05-30 18:36:22.908 D/CompatibilityChangeReporter( 2658): Compat change id reported: 263076149; UID 1000; state: DISABLED
05-30 18:36:22.923 I/audio_hw_hal_primary( 477): [audiohal_get_latency:1333] io 13: out:0xecd047f0 frames:1152 rate:48000 whole_latency:24 alsa_latency:24
05-30 18:36:22.923 I/audio_hw_hal_primary( 477): [audiohal_get_latency:1333] io 13: out:0xecd047f0 frames:1152 rate:48000 whole_latency:24 alsa_latency:24
05-30 18:36:22.942 I/WifiHAL ( 501): call wifi_get_link_stats handler
05-30 18:36:22.943 I/WifiHAL ( 501): Creating message to get link statistics; iface = 16
05-30 18:36:22.943 D/WifiHAL ( 501): error code -95 mapped to -3
05-30 18:36:22.944 I/audio_hw_hal_primary( 477): [audiohal_get_latency:1333] io 13: out:0xecd047f0 frames:1152 rate:48000 whole_latency:24 alsa_latency:24
05-30 18:36:22.944 I/audio_hw_hal_primary( 477): [audiohal_get_latency:1333] io 13: out:0xecd047f0 frames:1152 rate:48000 whole_latency:24 alsa_latency:24
05-30 18:36:22.944 E/WifiStaIfaceAidlImpl( 694): getLinkLayerStats failed with service-specific exception: android.os.ServiceSpecificException: (code 4)
05-30 18:36:22.965 I/audio_hw_hal_primary( 477): [audiohal_get_latency:1333] io 13: out:0xecd047f0 frames:1152 rate:48000 whole_latency:24 alsa_latency:24
05-30 18:36:22.966 I/audio_hw_hal_primary( 477): [audiohal_get_latency:1333] io 13: out:0xecd047f0 frames:1152 rate:48000 whole_latency:24 alsa_latency:24
05-30 18:36:22.986 I/audio_hw_hal_primary( 477): [audiohal_get_latency:1333] io 13: out:0xecd047f0 frames:1152 rate:48000 whole_latency:24 alsa_latency:24
05-30 18:36:22.986 I/audio_hw_hal_primary( 477): [audiohal_get_latency:1333] io 13: out:0xecd047f0 frames:1152 rate:48000 whole_latency:24 alsa_latency:24
05-30 18:36:23.008 I/audio_hw_hal_primary( 477): [audiohal_get_latency:1333] io 13: out:0xecd047f0 frames:1152 rate:48000 whole_latency:24 alsa_latency:24
05-30 18:36:23.008 I/audio_hw_hal_primary( 477): [audiohal_get_latency:1333] io 13: out:0xecd047f0 frames:1152 rate:48000 whole_latency:24 alsa_latency:24
05-30 18:36:23.009 D/audioserver( 517): logFgsApiEnd: FGS Logger Transaction failed, -129
05-30 18:36:23.010 D/audioserver( 517): logFgsApiEnd: FGS Logger Transaction failed, -129
05-30 18:36:23.252 I//apex/com.android.adbd/bin/adbd( 1383): type=1400 audit(0.0:1147): avc: denied { search } for comm=75736220666673206F70656E name="/" dev="functionfs" ino=26672 scontext=u:r:su:s0 tcontext=u:object_r:functionfs:s0 tclass=dir permissive=1
05-30 18:36:24.155 D/BufferPoolAccessor2.0( 694): bufferpool2 0xbb2175a8 : 0(0 size) total buffers - 0(0 size) used buffers - 1/7 (recycle/alloc) - 6/42 (fetch/transfer)
05-30 18:36:24.155 D/BufferPoolAccessor2.0( 694): evictor expired: 1, evicted: 1
05-30 18:36:24.159 D/BufferPoolAccessor2.0( 622): bufferpool2 0xee8433e8 : 0(0 size) total buffers - 0(0 size) used buffers - 16/19 (recycle/alloc) - 3/18 (fetch/transfer)
05-30 18:36:24.159 D/BufferPoolAccessor2.0( 622): evictor expired: 7, evicted: 1
05-30 18:36:24.156 I/cling--ap-13( 1728): type=1400 audit(0.0:1148): avc: denied { read } for name="address" dev="sysfs" ino=22127 scontext=u:r:untrusted_app_27:s0:c44,c256,c512,c768 tcontext=u:object_r:sysfs_net:s0 tclass=file permissive=1 app=com.dangbei.screencast
05-30 18:36:24.156 I/cling--ap-13( 1728): type=1400 audit(0.0:1149): avc: denied { open } for path="/sys/devices/virtual/net/dummy0/address" dev="sysfs" ino=22127 scontext=u:r:untrusted_app_27:s0:c44,c256,c512,c768 tcontext=u:object_r:sysfs_net:s0 tclass=file permissive=1 app=com.dangbei.screencast
05-30 18:36:24.156 I/cling--ap-13( 1728): type=1400 audit(0.0:1150): avc: denied { getattr } for path="/sys/devices/virtual/net/dummy0/address" dev="sysfs" ino=22127 scontext=u:r:untrusted_app_27:s0:c44,c256,c512,c768 tcontext=u:object_r:sysfs_net:s0 tclass=file permissive=1 app=com.dangbei.screencast
05-30 18:36:24.269 I/audio_hw_hal_alsamgr( 477): alsa format =0x1 delay frames =1024 total frames=3182080
05-30 18:36:24.432 D/CompatibilityChangeReporter( 694): Compat change id reported: 135634846; UID 1002; state: DISABLED
05-30 18:36:24.451 D/Zygote ( 465): Forked child process 2707
05-30 18:36:24.452 I/ActivityManager( 694): Start proc 2707:com.android.bluetooth/1002 for service {com.android.bluetooth/com.android.bluetooth.btservice.AdapterService}
05-30 18:36:24.457 I/Zygote ( 2707): seccomp disabled by setenforce 0
05-30 18:36:24.465 I/droid.bluetooth( 2707): Using CollectorTypeCC GC.
05-30 18:36:24.464 I/adbd ( 1383): type=1400 audit(0.0:1151): avc: denied { use } for path="anon_inode:[eventfd]" dev="anon_inodefs" ino=10204 scontext=u:r:su:s0 tcontext=u:r:adbd:s0 tclass=fd permissive=1
05-30 18:36:24.471 E/droid.bluetooth( 2707): Not starting debugger since process cannot load the jdwp agent.
05-30 18:36:24.486 D/CompatibilityChangeReporter( 2707): Compat change id reported: 171979766; UID 1002; state: ENABLED
05-30 18:36:24.486 D/CompatibilityChangeReporter( 2707): Compat change id reported: 242716250; UID 1002; state: ENABLED
05-30 18:36:24.497 D/nativeloader( 2707): Configuring clns-shared-4 for other apk /apex/com.android.btservices/app/Bluetooth@UD2A.240505.001.W1/Bluetooth.apk. target_sdk_version=34, uses_libraries=, library_path=/apex/com.android.btservices/app/Bluetooth@UD2A.240505.001.W1/lib/arm:/system/lib:/system_ext/lib, permitted_path=/data:/mnt/expand:/data/user_de/0/com.android.bluetooth:/apex/com.android.btservices/app/Bluetooth@UD2A.240505.001.W1:/system/lib:/system_ext/lib
05-30 18:36:24.500 D/nativeloader( 2707): InitApexLibraries:
05-30 18:36:24.500 D/nativeloader( 2707): com_android_adservices: libhpke_jni.so:libtflite_support_classifiers_native.so
05-30 18:36:24.500 D/nativeloader( 2707): com_android_appsearch: libicing.so
05-30 18:36:24.500 D/nativeloader( 2707): com_android_art: libartservice.so
05-30 18:36:24.500 D/nativeloader( 2707): com_android_btservices: libbluetooth_jni.so
05-30 18:36:24.500 D/nativeloader( 2707): com_android_conscrypt: libjavacrypto.so
05-30 18:36:24.500 D/nativeloader( 2707): com_android_extservices: libhpke_jni.so:libtflite_support_classifiers_native.so
05-30 18:36:24.500 D/nativeloader( 2707): com_android_os_statsd: libstats_jni.so
05-30 18:36:24.500 D/nativeloader( 2707): com_android_tethering: libandroid_net_connectivity_com_android_net_module_util_jni.so:libcronet.114.0.5735.84.so:libframework-connectivity-jni.so:libframework-connectivity-tiramisu-jni.so:libservice-connectivity.so
05-30 18:36:24.500 D/nativeloader( 2707): com_android_uwb: libuwb_uci_jni_rust.so
05-30 18:36:24.500 D/nativeloader( 2707): com_android_virt: libvirtualizationservice_jni.so:libvirtualmachine_jni.so
05-30 18:36:24.507 I/PermissionControllerServiceImpl( 1089): Updating user sensitive for user 0
05-30 18:36:24.530 V/GraphicsEnvironment( 2707): Currently set values for:
05-30 18:36:24.530 V/GraphicsEnvironment( 2707): angle_gl_driver_selection_pkgs=[]
05-30 18:36:24.530 V/GraphicsEnvironment( 2707): angle_gl_driver_selection_values=[]
05-30 18:36:24.531 V/GraphicsEnvironment( 2707): ANGLE GameManagerService for com.android.bluetooth: false
05-30 18:36:24.531 V/GraphicsEnvironment( 2707): com.android.bluetooth is not listed in per-application setting
05-30 18:36:24.532 V/GraphicsEnvironment( 2707): Neither updatable production driver nor prerelease driver is supported.
05-30 18:36:24.560 I/bt_stack_config( 2707): packages/modules/Bluetooth/system/main/stack_config.cc:199 get_pts_broadcast_audio_config_options: Config isn't ready, use default option
05-30 18:36:24.563 I/droid.bluetooth( 2707): [0530/183624.563029:INFO:btif_config_cache.cc(67)] BtifConfigCache, capacity: 10000
05-30 18:36:24.574 E/ActivityThread( 2707): Failed to find provider info for bluetooth_legacy.provider
05-30 18:36:24.574 D/DataMigration( 2707): Legacy migration skiped: no migration app installed
05-30 18:36:24.575 I/BluetoothAvrcpControllerJni( 2707): classInitNative: succeeds
05-30 18:36:24.576 D/CompatibilityChangeReporter( 2707): Compat change id reported: 263076149; UID 1002; state: ENABLED
05-30 18:36:24.577 I/BluetoothHidHostServiceJni( 2707): classInitNative: succeeds
05-30 18:36:24.578 I/BluetoothPanServiceJni( 2707): classInitNative(L108): succeeds
05-30 18:36:24.579 I/AdapterServiceConfig( 2707): init: profile=A2dpService, enabled=true
05-30 18:36:24.579 I/AdapterServiceConfig( 2707): init: profile=A2dpSinkService, enabled=false
05-30 18:36:24.579 I/AdapterServiceConfig( 2707): init: profile=AvrcpTargetService, enabled=true
05-30 18:36:24.579 I/AdapterServiceConfig( 2707): init: profile=AvrcpControllerService, enabled=false
05-30 18:36:24.579 I/AdapterServiceConfig( 2707): init: profile=BassClientService, enabled=false
05-30 18:36:24.579 I/AdapterServiceConfig( 2707): init: profile=BatteryService, enabled=false
05-30 18:36:24.579 I/AdapterServiceConfig( 2707): init: profile=CsipSetCoordinatorService, enabled=false
05-30 18:36:24.579 I/AdapterServiceConfig( 2707): init: profile=HapClientService, enabled=false
05-30 18:36:24.579 I/AdapterServiceConfig( 2707): init: profile=HeadsetService, enabled=true
05-30 18:36:24.579 I/AdapterServiceConfig( 2707): init: profile=HeadsetClientService, enabled=false
05-30 18:36:24.579 I/AdapterServiceConfig( 2707): init: profile=HearingAidService, enabled=true
05-30 18:36:24.579 I/AdapterServiceConfig( 2707): init: profile=HidDeviceService, enabled=false
05-30 18:36:24.579 I/AdapterServiceConfig( 2707): init: profile=HidHostService, enabled=true
05-30 18:36:24.579 I/AdapterServiceConfig( 2707): init: profile=GattService, enabled=true
05-30 18:36:24.579 I/AdapterServiceConfig( 2707): init: profile=LeAudioService, enabled=false
05-30 18:36:24.579 I/AdapterServiceConfig( 2707): init: profile=TbsService, enabled=false
05-30 18:36:24.579 I/AdapterServiceConfig( 2707): init: profile=BluetoothMapService, enabled=false
05-30 18:36:24.579 I/AdapterServiceConfig( 2707): init: profile=MapClientService, enabled=false
05-30 18:36:24.579 I/AdapterServiceConfig( 2707): init: profile=McpService, enabled=true
05-30 18:36:24.579 I/AdapterServiceConfig( 2707): init: profile=BluetoothOppService, enabled=true
05-30 18:36:24.579 I/AdapterServiceConfig( 2707): init: profile=PanService, enabled=true
05-30 18:36:24.579 I/AdapterServiceConfig( 2707): init: profile=BluetoothPbapService, enabled=false
05-30 18:36:24.579 I/AdapterServiceConfig( 2707): init: profile=PbapClientService, enabled=false
05-30 18:36:24.579 I/AdapterServiceConfig( 2707): init: profile=SapService, enabled=false
05-30 18:36:24.579 I/AdapterServiceConfig( 2707): init: profile=VolumeControlService, enabled=false
05-30 18:36:24.585 I/BluetoothMetricsLogger( 2707): setCounterMetricsAlarm()
05-30 18:36:24.592 D/BluetoothAdapterService( 2707): onCreate()
05-30 18:36:24.609 D/AdapterState( 2707): make() - Creating AdapterState
05-30 18:36:24.610 I/AdapterState( 2707): OFF : entered
05-30 18:36:24.611 D/AdapterProperties( 2707): Setting state to OFF
05-30 18:36:24.612 D/BluetoothKeystoreService( 2707): new BluetoothKeystoreService isCommonCriteriaMode: false
05-30 18:36:24.613 D/BluetoothKeystoreService( 2707): start
05-30 18:36:24.614 I/droid.bluetooth( 2707): [0530/183624.614089:INFO:com_android_bluetooth_btservice_BluetoothKeystore.cpp(97)] classInitNative: succeeds
05-30 18:36:24.614 D/BluetoothKeystoreService( 2707): setBluetoothKeystoreService(): set to: com.android.bluetooth.btservice.bluetoothkeystore.BluetoothKeystoreService@8328b36
05-30 18:36:24.616 D/BluetoothKeystoreService( 2707): loadConfigData
05-30 18:36:24.617 D/BluetoothKeystoreService( 2707): getCompareResult: 0
05-30 18:36:24.621 D/CompatibilityChangeReporter( 2707): Compat change id reported: 183155436; UID 1002; state: ENABLED
05-30 18:36:24.622 I/bt_btif ( 2707): packages/modules/Bluetooth/system/btif/src/bluetooth.cc:386 init: init: start restricted = 0 ; common criteria mode = 0, config compare result = 0
05-30 18:36:24.622 I/bt ( 2707): bt_common::init_flags: Flags loaded: asha_packet_drop_frequency_threshold=60asha_phy_update_retry_limit=5always_send_services_if_gatt_disc_done=truealways_use_private_gatt_for_debugging=falseasynchronously_start_l2cap_coc=truebtaa_hci=truebta_dm_clear_conn_id_on_client_close=truebtm_dm_flush_discovery_queue_on_search_cancel=falseclassic_discovery_only=falseclear_hidd_interrupt_cid_on_disconnect=truedelay_hidh_cleanup_until_hidh_ready_start=truedevice_iot_config_logging=falsedynamic_avrcp_version_enhancement=truefinite_att_timeout=truegatt_robust_caching_client=truegatt_robust_caching_server=falsegd_core=falsegd_hal_snoop_logger_socket=truegd_hal_snoop_logger_filtering=truegd_l2cap=falsegd_link_policy=falsegd_remote_name_request=falsegd_rust=falsehci_adapter=0hfp_dynamic_version=trueirk_rotation=falseleaudio_targeted_announcement_reconnection_mode=truepass_phy_update_callback=truepbap_pse_dynamic_version_upgrade=falseperiodic_advertising_adi=trueprivate_gatt=truequeue_l2cap_coc_while_encrypting=trueread_encryption_key_size=trueredact_log=truerust_event_loop=truesco_codec_select_lc3=falsesco_codec_timeout_clear=falsesdp_serialization=truesdp_skip_rnr_if_known=truebluetooth_quality_report_callback=trueset_min_encryption=truesubrating=truetrigger_advertising_callbacks_on_first_resume_after_pause=trueuse_unified_connection_manager=falsesdp_return_classic_services_when_le_discovery_fails=truedefault_log_level=4logging_explicit_tag_settings={}
05-30 18:36:24.623 I/droid.bluetooth( 2707): [0530/183624.623112:INFO:message_loop_thread.cc(184)] Run: message loop starting for thread bt_stack_manager_thread
05-30 18:36:24.623 I/bt_stack_manager( 2707): packages/modules/Bluetooth/system/btif/src/stack_manager.cc:277 event_init_stack: is initializing the stack
05-30 18:36:24.623 I/droid.bluetooth( 2707): [0530/183624.623775:INFO:message_loop_thread.cc(184)] Run: message loop starting for thread bt_main_thread
05-30 18:36:24.620 I/rainbow_flow( 2298): type=1400 audit(0.0:1152): avc: denied { ioctl } for path="/dev/spidev1.0" dev="tmpfs" ino=545 ioctlcmd=0x6b00 scontext=u:r:init:s0 tcontext=u:object_r:device:s0 tclass=chr_file permissive=1
05-30 18:36:24.624 I/device_iot_config( 2707): packages/modules/Bluetooth/system/device/src/device_iot_config_int.cc:68 device_iot_config_module_init:
05-30 18:36:24.624 E/droid.bluetooth( 2707): [0530/183624.624179:ERROR:config.cc(106)] config_new: unable to open file '/data/misc/bluedroid/bt_remote_dev_info.conf': No such file or directory
05-30 18:36:24.624 W/device_iot_config( 2707): packages/modules/Bluetooth/system/device/src/device_iot_config_int.cc:83 device_iot_config_module_init: Unable to load config file: /data/misc/bluedroid/bt_remote_dev_info.conf; using backup.
05-30 18:36:24.624 E/droid.bluetooth( 2707): [0530/183624.624314:ERROR:config.cc(106)] config_new: unable to open file '/data/misc/bluedroid/bt_remote_dev_info.bak': No such file or directory
05-30 18:36:24.624 E/device_iot_config( 2707): packages/modules/Bluetooth/system/device/src/device_iot_config_int.cc:89 device_iot_config_module_init: Unable to load bak file; creating empty config.
05-30 18:36:24.624 I/device_iot_config( 2707): packages/modules/Bluetooth/system/device/src/device_iot_config_int.cc:130 device_iot_config_module_init: Devices loaded 0
05-30 18:36:24.625 I/bt_osi_thread( 2707): packages/modules/Bluetooth/system/osi/src/thread.cc:210 run_thread: run_thread: thread id 2736, thread name alarm_default_ca started
05-30 18:36:24.625 I/bt_osi_thread( 2707): packages/modules/Bluetooth/system/osi/src/thread.cc:210 run_thread: run_thread: thread id 2737, thread name alarm_dispatcher started
05-30 18:36:24.626 I/bt_core_module( 2707): packages/modules/Bluetooth/system/btcore/src/module.cc:86 module_start_up: module_start_up Starting module "gd_shim_module"
05-30 18:36:24.626 I/bt_gd_shim( 2707): packages/modules/Bluetooth/system/main/shim/stack.cc:81 StartEverything: StartEverything Starting Gd stack
05-30 18:36:24.626 I/bt_gd_shim( 2707): packages/modules/Bluetooth/system/main/shim/stack.cc:160 Start: Start Starting Gd stack
05-30 18:36:24.626 I/BtGdWakelockNative( 2707): packages/modules/Bluetooth/system/gd/os/android/wakelock_native.cc:79 Initialize: Initializing native wake locks
05-30 18:36:24.628 I/BtGdModule( 2707): packages/modules/Bluetooth/system/gd/module.cc:85 Start: Constructing next module
05-30 18:36:24.628 I/BtGdModule( 2707): packages/modules/Bluetooth/system/gd/module.cc:89 Start: Starting dependencies of BluetoothCounterMetrics
05-30 18:36:24.628 I/BtGdModule( 2707): packages/modules/Bluetooth/system/gd/module.cc:93 Start: Finished starting dependencies and calling Start() of BluetoothCounterMetrics
05-30 18:36:24.628 I/BluetoothCounterMetrics( 2707): packages/modules/Bluetooth/system/gd/metrics/counter_metrics.cc:40 Start: Counter metrics initialized
05-30 18:36:24.628 I/BtGdModule( 2707): packages/modules/Bluetooth/system/gd/module.cc:99 Start: Started BluetoothCounterMetrics
05-30 18:36:24.628 I/BtGdModule( 2707): packages/modules/Bluetooth/system/gd/module.cc:85 Start: Constructing next module
05-30 18:36:24.628 I/BtGdModule( 2707): packages/modules/Bluetooth/system/gd/module.cc:89 Start: Starting dependencies of HciHalHidl
05-30 18:36:24.628 I/BtGdModule( 2707): packages/modules/Bluetooth/system/gd/module.cc:85 Start: Constructing next module
05-30 18:36:24.628 I/bluetooth( 2707): packages/modules/Bluetooth/system/gd/common/strings.cc:153 Uint64FromString: cannot parse whole string '0xffff'
05-30 18:36:24.628 I/bluetooth( 2707): packages/modules/Bluetooth/system/gd/hal/snoop_logger.cc:1432 GetBtSnoopMode: btsnoop_mode_empty: 1
05-30 18:36:24.628 I/bluetooth( 2707): packages/modules/Bluetooth/system/gd/hal/snoop_logger.cc:512 SnoopLogger: Snoop Logs full mode enabled
05-30 18:36:24.628 I/bluetooth( 2707): packages/modules/Bluetooth/system/gd/hal/snoop_logger.cc:334 delete_btsnoop_files: Deleting logs if they exist
05-30 18:36:24.628 I/bluetooth( 2707): packages/modules/Bluetooth/system/gd/hal/snoop_logger.cc:340 delete_btsnoop_files: Main log file does not exist at "/data/misc/bluetooth/logs/btsnoop_hci.log.filtered"
05-30 18:36:24.628 I/bluetooth( 2707): packages/modules/Bluetooth/system/gd/hal/snoop_logger.cc:348 delete_btsnoop_files: Last log file does not exist at "/data/misc/bluetooth/logs/btsnoop_hci.log.filtered"
05-30 18:36:24.628 I/bluetooth( 2707): packages/modules/Bluetooth/system/gd/hal/snoop_logger.cc:334 delete_btsnoop_files: Deleting logs if they exist
05-30 18:36:24.628 I/bluetooth( 2707): packages/modules/Bluetooth/system/gd/hal/snoop_logger.cc:340 delete_btsnoop_files: Main log file does not exist at "/data/misc/bluetooth/logs/btsnooz_hci.log"
05-30 18:36:24.628 I/bluetooth( 2707): packages/modules/Bluetooth/system/gd/hal/snoop_logger.cc:348 delete_btsnoop_files: Last log file does not exist at "/data/misc/bluetooth/logs/btsnooz_hci.log"
05-30 18:36:24.628 I/BtGdModule( 2707): packages/modules/Bluetooth/system/gd/module.cc:89 Start: Starting dependencies of SnoopLogger
05-30 18:36:24.628 I/BtGdModule( 2707): packages/modules/Bluetooth/system/gd/module.cc:93 Start: Finished starting dependencies and calling Start() of SnoopLogger
05-30 18:36:24.629 I/bluetooth( 2707): packages/modules/Bluetooth/system/gd/hal/snoop_logger_socket.cc:63 SnoopLoggerSocket: address 2130706433 port 8872
05-30 18:36:24.630 I/BtGdModule( 2707): packages/modules/Bluetooth/system/gd/module.cc:99 Start: Started SnoopLogger
05-30 18:36:24.630 I/BtGdModule( 2707): packages/modules/Bluetooth/system/gd/module.cc:85 Start: Constructing next module
05-30 18:36:24.630 I/BtGdModule( 2707): packages/modules/Bluetooth/system/gd/module.cc:89 Start: Starting dependencies of Btaa Module
05-30 18:36:24.630 I/BtGdModule( 2707): packages/modules/Bluetooth/system/gd/module.cc:93 Start: Finished starting dependencies and calling Start() of Btaa Module
05-30 18:36:24.632 E/btaa ( 2707): packages/modules/Bluetooth/system/gd/btaa/android/activity_attribution.cc:107 impl: No suspend control service available.
05-30 18:36:24.632 I/BtGdModule( 2707): packages/modules/Bluetooth/system/gd/module.cc:99 Start: Started Btaa Module
05-30 18:36:24.632 I/BtGdModule( 2707): packages/modules/Bluetooth/system/gd/module.cc:93 Start: Finished starting dependencies and calling Start() of HciHalHidl
05-30 18:36:24.633 I/bluetooth( 2707): packages/modules/Bluetooth/system/gd/hal/hci_hal_android_hidl.cc:439 start_hidl: Trying to find a HIDL interface
05-30 18:36:24.636 I/android.hardware.bluetooth@1.1-impl( 479): BluetoothHci::initialize_1_1()
05-30 18:36:24.636 E/android.hardware.bluetooth@1.0-impl( 479): bt_vendor_acquire_wake_lock call in
05-30 18:36:24.637 E/android.hardware.bluetooth@1.0-impl( 479): bt_vendor_acquire_wake_lock get lock
05-30 18:36:24.637 E/fwlog_bt( 479): updateLogFile
05-30 18:36:24.638 E/fwlog_bt( 479): updateLogFile: to open /data/vendor/fw_log.txt
05-30 18:36:24.638 I/android.hardware.bluetooth@1.0-impl( 479): [Open-284]: ro.vendor.btmodule:multibt
05-30 18:36:24.638 E/Multi_BT( 479): [get_config_param-707]: debug config file not exist
05-30 18:36:24.638 I/Multi_BT( 479): [get_bt_prop-353]: bt_prop_val dev_name:aml_w2_s, mod_name:, vnd_lib_name:libbt-vendor_amlMulti.so, wifi_bt_name:,
05-30 18:36:24.638 I/android.hardware.bluetooth@1.0-impl( 479): [Open-290]: cur dev_name:aml_w2_s, wifi_bt_name:, libbt_vendor:libbt-vendor_amlMulti.so,
05-30 18:36:24.638 I/Multi_BT( 479): [mailbox_qca_bt_name-280]: bt_name:aml_w2_s, not qca6174
05-30 18:36:24.638 I/Multi_BT( 479): [get_aml_bt_module-445]: get aml bt module: aml_w2_s
05-30 18:36:24.638 I/Multi_BT( 479): [aml_special_handle-658]: aml modules need rmmod wifi_comm
05-30 18:36:24.638 E/Multi_BT( 479): [rmmod-641]: Unable to unload driver module wifi_comm
05-30 18:36:24.638 I/Multi_BT( 479): [matching_dev_name-418]: matched dev_name:aml_w2_s, cnt:9
05-30 18:36:24.638 I/Multi_BT( 479): [clr_bt_power_bit-798]: aml w2_s needn't clr bt power bit
05-30 18:36:24.638 I/android.hardware.bluetooth@1.0-impl( 479): [Open-310]: open vnd_lib_name:libbt-vendor_aml.so
05-30 18:36:24.644 I/bt_vendor( 479): amlbt release init 0x2024-0821-1954
05-30 18:36:24.644 I/bt_vendor( 479): I1b034743deac6dfde92346a715774f36b96e2c4b
05-30 18:36:24.644 I/bt_vendor( 479): release base commit:bb2e79fb184ca4ddf6686f77cdb0bf91f6a6fe67
05-30 18:36:24.644 E/bt_vnd_conf( 479): load_aml_stack_conf success to open file '/vendor/firmware/aml_bt.conf'
05-30 18:36:24.644 E/bt_vnd_conf( 479): load_aml_stack_conf BtChip 2
05-30 18:36:24.644 E/bt_vnd_conf( 479): load_aml_stack_conf amlbt_chiptype '2'
05-30 18:36:24.644 E/bt_vnd_conf( 479): load_aml_stack_conf BtPowerOn 2
05-30 18:36:24.644 E/bt_vnd_conf( 479): load_aml_stack_conf amlbt_poweron '2'
05-30 18:36:24.644 E/bt_vnd_conf( 479): load_aml_stack_conf RomCheck 0
05-30 18:36:24.645 E/bt_vnd_conf( 479): load_aml_stack_conf BtRecovery 0
05-30 18:36:24.645 E/bt_vnd_conf( 479): load_aml_stack_conf amlbt_btrecovery '0'
05-30 18:36:24.645 E/bt_vnd_conf( 479): load_aml_stack_conf BtSink 0
05-30 18:36:24.645 E/bt_vnd_conf( 479): load_aml_stack_conf amlbt_btsink '0'
05-30 18:36:24.645 E/bt_vnd_conf( 479): load_aml_stack_conf BtAntenna 2
05-30 18:36:24.645 E/bt_vnd_conf( 479): load_aml_stack_conf amlbt_rftype '2'
05-30 18:36:24.645 E/bt_vnd_conf( 479): load_aml_stack_conf FirmwareMode 1
05-30 18:36:24.645 E/bt_vnd_conf( 479): load_aml_stack_conf amlbt_fw_mode '1'
05-30 18:36:24.645 E/bt_vnd_conf( 479): load_aml_stack_conf ChangePinMux 0
05-30 18:36:24.645 E/bt_vnd_conf( 479): load_aml_stack_conf amlbt_pin_mux '0'
05-30 18:36:24.645 E/bt_vnd_conf( 479): load_aml_stack_conf BrDigitGain 66
05-30 18:36:24.645 E/bt_vnd_conf( 479): load_aml_stack_conf amlbt_br_digit_gain '0x42'
05-30 18:36:24.645 E/bt_vnd_conf( 479): load_aml_stack_conf EdrDigitGain 98
05-30 18:36:24.645 E/bt_vnd_conf( 479): load_aml_stack_conf amlbt_edr_digit_gain '0x62'
05-30 18:36:24.645 E/bt_vnd_conf( 479): load_aml_stack_conf Btfwlog 1
05-30 18:36:24.645 E/bt_vnd_conf( 479): load_aml_stack_conf amlbt_edr_digit_gain '0x1'
05-30 18:36:24.645 E/bt_vnd_conf( 479): load_aml_stack_conf ManfData 0519ff010a0b 051316010406
05-30 18:36:24.645 E/bt_vnd_conf( 479): load_aml_stack_conf manfdata '0519ff010a0b 051316010406' len 25
05-30 18:36:24.645 E/bt_vnd_conf( 479): load_aml_stack_conf manfdata cnt 2 strlen 12
05-30 18:36:24.645 E/bt_vnd_conf( 479): load_aml_stack_conf Btlog 3
05-30 18:36:24.645 E/bt_vnd_conf( 479): load_aml_stack_conf Btfactory 0
05-30 18:36:24.645 E/bt_vnd_conf( 479): load_aml_stack_conf Btsystem 1
05-30 18:36:24.645 D/bt_vendor( 479): [AML_BT] amlbt_transtype_check_by_persist aml_w2_s
05-30 18:36:24.645 D/bt_vendor( 479): [AML_BT] W2S Chip type(3:0:0)
05-30 18:36:24.645 D/bt_vendor( 479): property_get_state: value HW_STATE_SUCCESS
05-30 18:36:24.645 I/bt_vnd_conf( 479): Attempt to load conf from /vendor/etc/bluetooth/bt_vendor.conf
05-30 18:36:24.645 D/android.hardware.bluetooth@1.0-impl( 479): Open vendor library loaded
05-30 18:36:24.645 D/bt_vendor( 479): op for 0
05-30 18:36:24.645 D/bt_vendor( 479): === power on BT ===
05-30 18:36:24.645 D/bt_vendor( 479): bt_power 0
05-30 18:36:24.645 D/bt_upio ( 479): is_rfkill_disabled ? [0]
05-30 18:36:24.645 E/bt_upio ( 479): break
05-30 18:36:24.645 D/bt_upio ( 479): rfkill_state_path : /sys/class/rfkill/rfkill0/state
05-30 18:36:24.645 D/bt_upio ( 479): upio_power_get read 1
05-30 18:36:24.645 D/bt_upio ( 479): upio_power_get buffer 0 , ret 0
05-30 18:36:24.645 D/bt_vendor( 479): first, set bt power
05-30 18:36:24.645 D/bt_upio ( 479): is_emulator_context : 0
05-30 18:36:24.645 D/bt_upio ( 479): is_rfkill_disabled ? [0]
05-30 18:36:24.847 I/ThermalService( 2534): CPU temperatures: [53.000004]
05-30 18:36:24.915 E/TaskPersister( 694): File error accessing recents directory (directory doesn't exist?).
05-30 18:36:25.064 I/xm_hidread( 1976): type=1400 audit(0.0:1153): avc: denied { read } for scontext=u:r:init:s0 tcontext=u:r:init:s0 tclass=netlink_kobject_uevent_socket permissive=1
05-30 18:36:25.067 D/bt_upio ( 479): in upio_set_bluetooth_power(), write 1 to rfkill state.
05-30 18:36:25.068 D/bt_vendor( 479): end, set bt power
05-30 18:36:25.069 W/bt_vendor( 479): driver wifi_comm is not detected! count=1, usleep(20ms)...
05-30 18:36:25.089 D/bt_vendor( 479): op amlbt_if_type=1536
05-30 18:36:25.089 D/bt_vendor( 479): [insmod]driver: /vendor/lib/modules/w2_comm.ko
05-30 18:36:25.090 E/bt_vendor( 479): [insmod]finit_module failed! File exists
05-30 18:36:25.091 W/bt_vendor( 479): driver w2_comm is detected! count=1
05-30 18:36:25.091 D/bt_vendor( 479): [insmod]driver: /vendor/lib/modules/aml_bt.ko
05-30 18:36:25.092 E/bt_vendor( 479): [insmod]finit_module failed! File exists
05-30 18:36:25.092 W/bt_vendor( 479): driver aml_bt is detected! count=1
05-30 18:36:25.092 D/bt_vendor( 479): op for 3
05-30 18:36:25.092 I/bt_userial_vendor( 479): userial vendor open: opening /dev/ttyS1
05-30 18:36:25.093 E/bt_userial_vendor( 479): userial vendor open success!!
05-30 18:36:25.093 I/bt_userial_vendor( 479): device fd = 9 open
05-30 18:36:25.093 D/bt_vendor( 479): op for 1
05-30 18:36:25.093 D/bt_hwcfg( 479): hw_config_start-------------
05-30 18:36:25.093 D/bt_hwcfg( 479): hw_config_start uart-------------
05-30 18:36:25.093 E/bt_hwcfg( 479): userial vendor: set baud speed 115200
05-30 18:36:25.093 D/bt_vendor( 479): op for 7
05-30 18:36:25.093 D/bt_upio ( 479): upio_set : pio 0 action 2, polarity 1
05-30 18:36:25.093 D/bt_upio ( 479): begin open btwrite.
05-30 18:36:25.093 E/bt_upio ( 479): upio_set : open(/proc/bluetooth/sleep/btwrite) for write failed: No such file or directory (2)
05-30 18:36:25.095 E/bt_hwcfg( 479): userial vendor: set baud speed 4000000
05-30 18:36:25.095 D/bt_hwcfg( 479): hw_config_get_iccm_size chip(3:0:0)
05-30 18:36:25.096 D/bt_hwcfg( 479): open file: /vendor/firmware/w2_bt_fw_uart.bin
05-30 18:36:25.096 D/bt_hwcfg( 479): open file: /vendor/firmware/w2_bt_fw_uart.bin successful!
05-30 18:36:25.096 D/bt_hwcfg( 479): ---------hw_config_get_iccm_size iccm_size 524288---------
05-30 18:36:25.096 D/bt_hwcfg( 479): hw_config_get_dccm_size chip(3:0:0)
05-30 18:36:25.096 D/bt_hwcfg( 479): open file: /vendor/firmware/w2_bt_fw_uart.bin
05-30 18:36:25.096 D/bt_hwcfg( 479): open file: /vendor/firmware/w2_bt_fw_uart.bin successful!
05-30 18:36:25.096 D/bt_hwcfg( 479): ---------hw_config_get_dccm_size dccm_size 131072---------
05-30 18:36:25.096 D/bt_hwcfg( 479): uart_target_baud_rate = 4000000
05-30 18:36:25.096 D/bt_hwcfg( 479): open file: /vendor/firmware/w2_bt_fw_uart.bin
05-30 18:36:25.096 D/bt_hwcfg( 479): open file: /vendor/firmware/w2_bt_fw_uart.bin successful!
05-30 18:36:25.101 D/bt_userial_vendor( 479): userial_vendor_devchar_open, device name = /dev/stpbt
05-30 18:36:25.101 D/bt_userial_vendor( 479): device fd = 13 open
05-30 18:36:25.101 I/SogouIME( 1463): onKeyDown: keyoCode=111
05-30 18:36:25.102 I/DefaultIMS( 1463): onKeyDown: keyoCode=111
05-30 18:36:25.102 I/PhysicalKeyHandler( 1463): isHKBEnabled
05-30 18:36:25.103 W/ContextImpl( 694): Calling a method in the system process without a qualified user: android.app.ContextImpl.sendBroadcast:1319 android.app.ContextImpl.closeSystemDialogs:3630 com.android.server.policy.PhoneWindowManager.interceptUnhandledKey:4002 com.android.server.policy.PhoneWindowManager.dispatchUnhandledKey:3908 com.android.server.wm.InputManagerCallback.dispatchUnhandledKey:193
05-30 18:36:25.109 D/WindowManagerShell( 949): TvPipMenuController: closeMenu()
05-30 18:36:25.109 I/WindowManagerShell( 949): TvPipMenuController: switchToMenuMode: setting mCurrentMenuMode=MODE_NO_MENU, mPrevMenuMode=MODE_NO_MENU
05-30 18:36:25.110 D/bt_hwcfg( 479): iccm write over successfully 0x423
05-30 18:36:25.111 I/vol.VolumeDialogImpl( 949): mDialog.dismiss() reason: volume_controller from: com.android.systemui.volume.VolumeDialogImpl$7.onDismissRequested:3
05-30 18:36:25.113 E/hq ( 1498): HomeKeyReceiver:::onReceive android.intent.action.CLOSE_SYSTEM_DIALOGS
05-30 18:36:25.113 D/HomeKeyReceiver( 1498): reason:-----------null
05-30 18:36:25.118 V/WindowManagerShell( 949): Transition requested: android.os.BinderProxy@a88c7a1 TransitionRequestInfo { type = 2, triggerTask = TaskInfo{userId=0 taskId=29 displayId=0 isRunning=false baseIntent=Intent { dat=haqu://setting:8080/... flg=0x10000000 pkg=com.dangbei.haqusetting cmp=com.dangbei.haqusetting/.ui.HomeActivity } baseActivity=null topActivity=null origActivity=null realActivity=ComponentInfo{com.dangbei.haqusetting/com.dangbei.haqusetting.ui.HomeActivity} numActivities=0 lastActiveTime=73765 supportsMultiWindow=true resizeMode=1 isResizeable=true minWidth=-1 minHeight=-1 defaultMinSize=220 token=WCT{android.window.IWindowContainerToken$Stub$Proxy@963dc6} topActivityType=1 pictureInPictureParams=null shouldDockBigOverlays=false launchIntoPipHostTaskId=-1 lastParentTaskIdBeforePip=-1 displayCutoutSafeInsets=null topActivityInfo=null launchCookies=[] positionInParent=Point(0, 0) parentTaskId=-1 isFocused=true isVisible=true isVisibleRequested=true isSleeping=false topActivityInSizeCompat=false topActivityEligibleForLetterboxEducation= false isLetterboxDoubleTapEnabled= false topActivityEligibleForUserAspectRatioButton= false topActivityBoundsLetterboxed= false isFromLetterboxDoubleTap= false topActivityLetterboxVerticalPosition= -1 topActivityLetterboxHorizontalPosition= -1 topActivityLetterboxWidth=-1 topActivityLetterboxHeight=-1 isUserFullscreenOverrideEnabled=false isTopActivityTransparent=false locusId=null displayAreaFeatureId=1 cameraCompatControlState=hidden}, remoteTransition = null, displayChange = null, flags = 0 }
05-30 18:36:25.129 V/WindowManager( 694): app ------------- force_land :0
05-30 18:36:25.135 I/hq ( 1498): 当小贝:::showMessage from=mActivityLifecycleCallbacks
05-30 18:36:25.137 I/hq ( 1498): 当小贝:::showMessage 没有消息需要显示
05-30 18:36:25.142 D/bt_hwcfg( 479): dccm write over successfully 0x211
05-30 18:36:25.142 D/bt_hwcfg( 479): HW_CFG_AML_DOWNLOAD_FIRMWARE_CLOSE_EVENT
05-30 18:36:25.143 V/WindowManager( 694): Sent Transition #3 createdAt=05-30 18:36:25.114 via request=TransitionRequestInfo { type = 2, triggerTask = TaskInfo{userId=0 taskId=29 displayId=0 isRunning=false baseIntent=Intent { dat=haqu://setting:8080/... flg=0x10000000 pkg=com.dangbei.haqusetting cmp=com.dangbei.haqusetting/.ui.HomeActivity } baseActivity=null topActivity=null origActivity=null realActivity=ComponentInfo{com.dangbei.haqusetting/com.dangbei.haqusetting.ui.HomeActivity} numActivities=0 lastActiveTime=73765 supportsMultiWindow=true resizeMode=1 isResizeable=true minWidth=-1 minHeight=-1 defaultMinSize=220 token=WCT{RemoteToken{a8c4da2 Task{4a17653 #29 type=standard A=1000:com.dangbei.haqusetting}}} topActivityType=1 pictureInPictureParams=null shouldDockBigOverlays=false launchIntoPipHostTaskId=-1 lastParentTaskIdBeforePip=-1 displayCutoutSafeInsets=null topActivityInfo=null launchCookies=[] positionInParent=Point(0, 0) parentTaskId=-1 isFocused=true isVisible=true isVisibleRequested=true isSleeping=false topActivityInSizeCompat=false topActivityEligibleForLetterboxEducation= false isLetterboxDoubleTapEnabled= false topActivityEligibleForUserAspectRatioButton= false topActivityBoundsLetterboxed= false isFromLetterboxDoubleTap= false topActivityLetterboxVerticalPosition= -1 topActivityLetterboxHorizontalPosition= -1 topActivityLetterboxWidth=-1 topActivityLetterboxHeight=-1 isUserFullscreenOverrideEnabled=false isTopActivityTransparent=false locusId=null displayAreaFeatureId=1 cameraCompatControlState=hidden}, remoteTransition = null, displayChange = null, flags = 0 }
05-30 18:36:25.143 V/WindowManager( 694): startWCT=WindowContainerTransaction { changes = {} hops = [] errorCallbackToken=null taskFragmentOrganizer=null }
05-30 18:36:25.143 V/WindowManager( 694): info={id=3 t=CLOSE f=0x0 trk=0 r=[0@Point(0, 0)] c=[{WCT{RemoteToken{a8c4da2 Task{4a17653 #29 type=standard A=1000:com.dangbei.haqusetting}}} m=CLOSE f=TRANSLUCENT leash=Surface(name=Task=29)/@0x993db97 sb=Rect(0, 0 - 1920, 1080) eb=Rect(0, 0 - 1920, 1080) d=0}]}
05-30 18:36:25.146 I/SogouIME( 1463): onKeyUp: keyoCode=111
05-30 18:36:25.146 I/DefaultIMS( 1463): onKeyUp: keyoCode=111
05-30 18:36:25.147 D/bt_hwcfg( 479): antenna number=2 sink mode=0
05-30 18:36:25.148 D/bt_hwcfg( 479): amlbt_pin_mux=0 amlbt_br_digit_gain=0x42 amlbt_edr_digit_gain=0x62
05-30 18:36:25.149 I/BpBinder( 263): onLastStrongRef automatically unlinking death recipients:
05-30 18:36:25.150 D/bt_hwcfg( 479): amlbt_fwlog_config=1
05-30 18:36:25.153 D/bt_hwcfg( 479): HW_CFG_AML_DOWNLOAD_FIRMWARE_STRAT_CPU_UART_BEFORE
05-30 18:36:25.153 V/WindowManagerShell( 949): onTransitionReady android.os.BinderProxy@a88c7a1: {id=3 t=CLOSE f=0x0 trk=0 r=[0@Point(0, 0)] c=[{WCT{android.window.IWindowContainerToken$Stub$Proxy@493cdd} m=CLOSE f=TRANSLUCENT leash=Surface(name=Task=29)/@0x3eed187 sb=Rect(0, 0 - 1920, 1080) eb=Rect(0, 0 - 1920, 1080) d=0}]}
05-30 18:36:25.154 V/WindowManagerShell( 949): Playing animation for (#3)android.os.BinderProxy@a88c7a1@0
05-30 18:36:25.154 V/WindowManagerShell( 949): try handler com.android.wm.shell.keyguard.KeyguardTransitionHandler@b4e6a71
05-30 18:36:25.154 V/WindowManagerShell( 949): try handler com.android.wm.shell.pip.tv.TvPipTransition@937f056
05-30 18:36:25.154 V/WindowManagerShell( 949): try handler com.android.wm.shell.activityembedding.ActivityEmbeddingController@8fb8d7
05-30 18:36:25.154 V/WindowManagerShell( 949): try handler com.android.wm.shell.transition.RemoteTransitionHandler@4cd65c4
05-30 18:36:25.154 V/WindowManagerShell( 949): Transition doesn't have explicit remote, search filters for match for {id=3 t=CLOSE f=0x0 trk=0 r=[0@Point(0, 0)] c=[{WCT{android.window.IWindowContainerToken$Stub$Proxy@493cdd} m=CLOSE f=TRANSLUCENT leash=Surface(name=Task=29)/@0x3eed187 sb=Rect(0, 0 - 1920, 1080) eb=Rect(0, 0 - 1920, 1080) d=0}]}
05-30 18:36:25.154 V/WindowManagerShell( 949): Delegate animation for #3 to null
05-30 18:36:25.154 V/WindowManagerShell( 949): try handler com.android.wm.shell.transition.DefaultTransitionHandler@a0e3cad
05-30 18:36:25.154 V/WindowManagerShell( 949): start default transition animation, info = {id=3 t=CLOSE f=0x0 trk=0 r=[0@Point(0, 0)] c=[{WCT{android.window.IWindowContainerToken$Stub$Proxy@493cdd} m=CLOSE f=TRANSLUCENT leash=Surface(name=Task=29)/@0x3eed187 sb=Rect(0, 0 - 1920, 1080) eb=Rect(0, 0 - 1920, 1080) d=0}]}
05-30 18:36:25.155 D/BufferPoolAccessor2.0( 694): bufferpool2 0xbb2032c8 : 0(0 size) total buffers - 0(0 size) used buffers - 1/7 (recycle/alloc) - 6/60 (fetch/transfer)
05-30 18:36:25.155 D/BufferPoolAccessor2.0( 694): bufferpool2 0xbb225108 : 0(0 size) total buffers - 0(0 size) used buffers - 2/7 (recycle/alloc) - 5/50 (fetch/transfer)
05-30 18:36:25.155 D/BufferPoolAccessor2.0( 694): evictor expired: 8, evicted: 2
05-30 18:36:25.156 V/WindowManagerShell( 949): loadAnimation: anim=android.view.animation.AlphaAnimation@b677c20 animAttr=0x7 type=CLOSE isEntrance=false
05-30 18:36:25.156 D/bt_hwcfg( 479): 0x70000
05-30 18:36:25.156 D/bt_hwcfg( 479): HW_CFG_AML_DOWNLOAD_FIRMWARE_STRAT_CPU_UART
05-30 18:36:25.157 D/MobclickAgent( 1498): 延续上一个会话: 19AE8FC96AFB144E6605FF91B48F268B
05-30 18:36:25.157 V/WindowManagerShell( 949): animated by com.android.wm.shell.transition.DefaultTransitionHandler@a0e3cad
05-30 18:36:25.158 D/bt_hwcfg( 479): Setting local bd addr to 22:22:52:DC:B8:59
05-30 18:36:25.159 D/BufferPoolAccessor2.0( 622): bufferpool2 0xee842f68 : 0(0 size) total buffers - 0(0 size) used buffers - 26/28 (recycle/alloc) - 2/27 (fetch/transfer)
05-30 18:36:25.159 D/BufferPoolAccessor2.0( 622): bufferpool2 0xee8416a8 : 0(0 size) total buffers - 0(0 size) used buffers - 20/23 (recycle/alloc) - 3/22 (fetch/transfer)
05-30 18:36:25.159 D/BufferPoolAccessor2.0( 622): evictor expired: 2, evicted: 2
05-30 18:36:25.160 I/ImeTracker( 694): com.dangbei.leard.leradlauncher:537a725a: onRequestHide at ORIGIN_SERVER_HIDE_INPUT reason HIDE_UNSPECIFIED_WINDOW
05-30 18:36:25.160 I/ImeTracker( 694): com.dangbei.leard.leradlauncher:537a725a: onCancelled at PHASE_SERVER_SHOULD_HIDE
05-30 18:36:25.160 W/SQLiteLog( 1498): (28) double-quoted string literal: "19AE8FC96AFB144E6605FF91B48F268B"
05-30 18:36:25.160 W/SQLiteLog( 1498): (28) double-quoted string literal: ""
05-30 18:36:25.161 W/SQLiteLog( 1498): (28) double-quoted string literal: "19AE8FC96AFB144E6605FF91B48F268B"
05-30 18:36:25.161 W/SQLiteLog( 1498): (28) double-quoted string literal: "-1"
05-30 18:36:25.162 I/DefaultIMS( 1463): onStartInput attribute=android.view.inputmethod.EditorInfo@c655fb1 restarting=false inputType: 0
05-30 18:36:25.171 D/TrafficStats( 1498): tagSocket(5) with statsTag=0xffffffff, statsUid=-1
05-30 18:36:25.181 D/bt_hwcfg( 479): BT Controller model=aml_w2_s,version = 2025.05.28,number = 0xbf68
05-30 18:36:25.184 D/bt_hwcfg( 479): vendor lib fwcfg completed
05-30 18:36:25.184 D/bt_hwcfg( 479): vendor lib config manf data
05-30 18:36:25.185 D/android.hardware.bluetooth@1.0-impl( 479): OnFirmwareConfigured result: 0
05-30 18:36:25.186 I/android.hardware.bluetooth@1.0-impl( 479): Firmware configured in 0.092s
05-30 18:36:25.186 I/bluetooth( 2707): packages/modules/Bluetooth/system/gd/hal/hci_hal_android_hidl.cc:107 initializationComplete: initialization complete with status: 0
05-30 18:36:25.186 D/TrafficStats( 1498): tagSocket(127) with statsTag=0xffffffff, statsUid=-1
