05-30 18:35:13.325 D/SystemServerTimingAsync( 694): ssm.onUnlockingUser-0_com.android.server.power.PowerManagerService
05-30 18:35:13.325 D/SystemServerTimingAsync( 694): ssm.onUnlockingUser-0_com.android.server.power.ThermalManagerService
05-30 18:35:13.325 D/SystemServerTimingAsync( 694): ssm.onUnlockingUser-0_com.android.server.power.hint.HintManagerService
05-30 18:35:13.325 D/SystemServerTimingAsync( 694): ssm.onUnlockingUser-0_com.android.server.recoverysystem.RecoverySystemService$Lifecycle
05-30 18:35:13.325 D/SystemServerTimingAsync( 694): ssm.onUnlockingUser-0_com.android.server.lights.LightsService
05-30 18:35:13.325 D/SystemServerTimingAsync( 694): ssm.onUnlockingUser-0_com.android.server.display.DisplayManagerService
05-30 18:35:13.325 D/SystemServerTimingAsync( 694): ssm.onUnlockingUser-0_com.android.server.pm.verify.domain.DomainVerificationService
05-30 18:35:13.325 D/SystemServerTimingAsync( 694): ssm.onUnlockingUser-0_com.android.server.pm.PackageInstallerService$Lifecycle
05-30 18:35:13.325 D/SystemServerTimingAsync( 694): ssm.onUnlockingUser-0_com.android.server.pm.UserManagerService$LifeCycle
05-30 18:35:13.325 D/SystemServerTimingAsync( 694): ssm.onUnlockingUser-0_com.android.server.om.OverlayManagerService
05-30 18:35:13.325 D/SystemServerTimingAsync( 694): ssm.onUnlockingUser-0_com.android.server.resources.ResourcesManagerService
05-30 18:35:13.325 D/SystemServerTimingAsync( 694): ssm.onUnlockingUser-0_com.android.server.sensorprivacy.SensorPrivacyService
05-30 18:35:13.325 D/SystemServerTimingAsync( 694): ssm.onUnlockingUser-0_com.android.server.sensors.SensorService
05-30 18:35:13.325 D/SystemServerTimingAsync( 694): ssm.onUnlockingUser-0_com.android.server.SystemConfigService
05-30 18:35:13.325 D/SystemServerTimingAsync( 694): ssm.onUnlockingUser-0_com.android.server.BatteryService
05-30 18:35:13.325 D/SystemServerTimingAsync( 694): ssm.onUnlockingUser-0_com.android.server.usage.UsageStatsService
05-30 18:35:13.325 D/SystemServerTimingAsync( 694): ssm.onUnlockingUser-0_com.android.server.webkit.WebViewUpdateService
05-30 18:35:13.325 D/SystemServerTimingAsync( 694): ssm.onUnlockingUser-0_com.android.server.CachedDeviceStateService
05-30 18:35:13.325 D/SystemServerTimingAsync( 694): ssm.onUnlockingUser-0_com.android.server.BinderCallsStatsService$LifeCycle
05-30 18:35:13.325 D/SystemServerTimingAsync( 694): ssm.onUnlockingUser-0_com.android.server.LooperStatsService$Lifecycle
05-30 18:35:13.325 D/SystemServerTimingAsync( 694): ssm.onUnlockingUser-0_com.android.server.rollback.RollbackManagerService
05-30 18:35:13.325 I/BroadcastQueue( 694): BOOT_COMPLETED_BROADCAST_COMPLETION_LATENCY_REPORTED action:android.intent.action.LOCKED_BOOT_COMPLETED dispatchLatency:19 completeLatency:337 dispatchRealLatency:19 completeRealLatency:337 receiversSize:4 userId:0 userType:android.os.usertype.full.SYSTEM
05-30 18:35:13.325 D/SystemServerTimingAsync( 694): ssm.onUnlockingUser-0_com.android.server.os.NativeTombstoneManagerService
05-30 18:35:13.326 D/SystemServerTimingAsync( 694): ssm.onUnlockingUser-0_com.android.server.os.BugreportManagerService
05-30 18:35:13.326 D/SystemServerTimingAsync( 694): ssm.onUnlockingUser-0_com.android.server.gpu.GpuService
05-30 18:35:13.326 D/SystemServerTimingAsync( 694): ssm.onUnlockingUser-0_com.android.server.security.rkp.RemoteProvisioningService
05-30 18:35:13.326 D/SystemServerTimingAsync( 694): ssm.onUnlockingUser-0_com.android.server.security.KeyChainSystemService
05-30 18:35:13.326 D/SystemServerTimingAsync( 694): ssm.onUnlockingUser-0_com.android.server.BinaryTransparencyService
05-30 18:35:13.326 D/SystemServerTimingAsync( 694): ssm.onUnlockingUser-0_com.android.server.accounts.AccountManagerService$Lifecycle
05-30 18:35:13.326 D/SystemServerTimingAsync( 694): ssm.onUnlockingUser-0_com.android.server.content.ContentService$Lifecycle
05-30 18:35:13.326 W/Looper ( 694): Drained
05-30 18:35:13.326 D/SystemServerTimingAsync( 694): ssm.onUnlockingUser-0_com.android.server.deviceconfig.DeviceConfigInit$Lifecycle
05-30 18:35:13.326 D/SystemServerTimingAsync( 694): ssm.onUnlockingUser-0_com.android.server.DropBoxManagerService
05-30 18:35:13.326 D/SystemServerTimingAsync( 694): ssm.onUnlockingUser-0_com.android.role.RoleService
05-30 18:35:13.326 D/SystemServerTimingAsync( 694): ssm.onUnlockingUser-0_com.android.server.vibrator.VibratorManagerService$Lifecycle
05-30 18:35:13.326 D/SystemServerTimingAsync( 694): ssm.onUnlockingUser-0_com.android.server.tare.InternalResourceService
05-30 18:35:13.326 D/SystemServerTimingAsync( 694): ssm.onUnlockingUser-0_com.android.server.alarm.AlarmManagerService
05-30 18:35:13.326 D/SystemServerTimingAsync( 694): ssm.onUnlockingUser-0_com.android.server.devicestate.DeviceStateManagerService
05-30 18:35:13.326 D/SystemServerTimingAsync( 694): ssm.onUnlockingUser-0_com.android.server.camera.CameraServiceProxy
05-30 18:35:13.326 D/SystemServerTimingAsync( 694): ssm.onUnlockingUser-0_com.android.server.bluetooth.BluetoothService
05-30 18:35:13.326 D/BluetoothManagerService( 694): User UserHandle{0} unlocked
05-30 18:35:13.326 D/SystemServerTimingAsync( 694): ssm.onUnlockingUser-0_com.android.server.connectivity.IpConnectivityMetrics
05-30 18:35:13.326 D/SystemServerTimingAsync( 694): ssm.onUnlockingUser-0_com.android.server.net.watchlist.NetworkWatchlistService$Lifecycle
05-30 18:35:13.326 D/SystemServerTimingAsync( 694): ssm.onUnlockingUser-0_com.android.server.PinnerService
05-30 18:35:13.326 D/BluetoothManagerService( 694): MESSAGE_USER_UNLOCKED
05-30 18:35:13.326 D/SystemServerTimingAsync( 694): ssm.onUnlockingUser-0_com.android.server.integrity.AppIntegrityManagerService
05-30 18:35:13.327 D/SystemServerTimingAsync( 694): ssm.onUnlockingUser-0_com.android.server.logcat.LogcatManagerService
05-30 18:35:13.327 D/SystemServerTimingAsync( 694): ssm.onUnlockingUser-0_com.android.server.inputmethod.InputMethodManagerService$Lifecycle
05-30 18:35:13.327 D/SystemServerTimingAsync( 694): ssm.onUnlockingUser-0_com.android.server.accessibility.AccessibilityManagerService$Lifecycle
05-30 18:35:13.327 D/SystemServerTimingAsync( 694): ssm.onUnlockingUser-0_com.android.server.StorageManagerService$Lifecycle
05-30 18:35:13.327 D/StorageManagerService( 694): onUnlockUser 0
05-30 18:35:13.327 I/StorageSessionController( 694): On user unlock 0
05-30 18:35:13.327 I/StorageSessionController( 694): Initialialising...
05-30 18:35:13.334 W/BatteryExternalStatsWorker( 694): error reading modem stats:ERROR_PHONE_NOT_AVAILABLE
05-30 18:35:13.335 I/vold ( 247): onUserStarted: 0
05-30 18:35:13.335 W/BatteryExternalStatsWorker( 694): error reading Bluetooth stats: 11
05-30 18:35:13.336 D/SystemServerTimingAsync( 694): ssm.onUnlockingUser-0_com.android.server.usage.StorageStatsService$Lifecycle
05-30 18:35:13.336 D/SystemServerTimingAsync( 694): ssm.onUnlockingUser-0_com.android.server.UiModeManagerService
05-30 18:35:13.336 D/SystemServerTimingAsync( 694): ssm.onUnlockingUser-0_com.android.server.locales.LocaleManagerService
05-30 18:35:13.336 D/SystemServerTimingAsync( 694): ssm.onUnlockingUser-0_com.android.server.grammaticalinflection.GrammaticalInflectionService
05-30 18:35:13.336 D/SystemServerTimingAsync( 694): ssm.onUnlockingUser-0_com.android.server.apphibernation.AppHibernationService
05-30 18:35:13.337 D/SystemServerTimingAsync( 694): ssm.onUnlockingUser-0_com.android.server.locksettings.LockSettingsService$Lifecycle
05-30 18:35:13.337 D/SystemServerTimingAsync( 694): ssm.onUnlockingUser-0_com.android.server.PersistentDataBlockService
05-30 18:35:13.337 D/SystemServerTimingAsync( 694): ssm.onUnlockingUser-0_com.android.server.testharness.TestHarnessModeService
05-30 18:35:13.337 I/HibernationStateDiskStore( 694): No hibernation file on disk for file /data/system_ce/0/hibernation/states
05-30 18:35:13.337 D/SystemServerTimingAsync( 694): ssm.onUnlockingUser-0_com.android.server.oemlock.OemLockService
05-30 18:35:13.337 D/SystemServerTimingAsync( 694): ssm.onUnlockingUser-0_com.android.server.DeviceIdleController
05-30 18:35:13.337 D/SystemServerTimingAsync( 694): ssm.onUnlockingUser-0_com.android.server.devicepolicy.DevicePolicyManagerService$Lifecycle
05-30 18:35:13.338 D/SystemServerTimingAsync( 694): ssm.onUnlockingUser-0_com.android.server.texttospeech.TextToSpeechManagerService
05-30 18:35:13.338 D/SystemServerTimingAsync( 694): ssm.onUnlockingUser-0_com.android.server.ambientcontext.AmbientContextManagerService
05-30 18:35:13.339 V/StorageManagerService( 694): Found primary storage at VolumeInfo{emulated;0}:
05-30 18:35:13.339 V/StorageManagerService( 694): type=EMULATED diskId=null partGuid= mountFlags=0 mountUserId=0
05-30 18:35:13.339 V/StorageManagerService( 694): state=UNMOUNTED
05-30 18:35:13.339 V/StorageManagerService( 694): fsType=null fsUuid=null fsLabel=null
05-30 18:35:13.339 V/StorageManagerService( 694): path=null internalPath=null
05-30 18:35:13.339 I/AmbientContextManagerService( 694): serviceNames sent in newServiceListLocked is null, or empty
05-30 18:35:13.339 D/SystemServerTimingAsync( 694): ssm.onUnlockingUser-0_com.android.server.wearable.WearableSensingManagerService
05-30 18:35:13.339 D/WearableSensingManagerService( 694): onServiceRemoved
05-30 18:35:13.339 D/WearableSensingManagerPerUserService( 694): Trying to cancel the remote request. Reason: Service destroyed.
05-30 18:35:13.339 D/SystemServerTimingAsync( 694): ssm.onUnlockingUser-0_com.android.server.speech.SpeechRecognitionManagerService
05-30 18:35:13.339 D/LockSettingsService( 694): Hiding encryption notification for user 0
05-30 18:35:13.339 D/SystemServerTimingAsync( 694): ssm.onUnlockingUser-0_com.android.server.searchui.SearchUiManagerService
05-30 18:35:13.340 D/SystemServerTimingAsync( 694): ssm.onUnlockingUser-0_com.android.server.smartspace.SmartspaceManagerService
05-30 18:35:13.340 D/SystemServerTimingAsync( 694): ssm.onUnlockingUser-0_com.android.server.graphics.fonts.FontManagerService$Lifecycle
05-30 18:35:13.340 D/SystemServerTimingAsync( 694): ssm.onUnlockingUser-0_com.android.server.textservices.TextServicesManagerService$Lifecycle
05-30 18:35:13.340 W/TextServicesManagerService( 694): no available spell checker services found
05-30 18:35:13.340 D/SystemServerTimingAsync( 694): ssm.onUnlockingUser-0_com.android.server.textclassifier.TextClassificationManagerService$Lifecycle
05-30 18:35:13.341 D/SystemServerTimingAsync( 694): ssm.onUnlockingUser-0_com.android.server.NetworkScoreService$Lifecycle
05-30 18:35:13.341 D/SystemServerTimingAsync( 694): ssm.onUnlockingUser-0_com.android.server.NetworkStatsServiceInitializer
05-30 18:35:13.341 D/SystemServerTimingAsync( 694): ssm.onUnlockingUser-0_com.android.server.wifi.WifiService
05-30 18:35:13.341 D/WifiService( 694): Handle user unlock 0
05-30 18:35:13.341 D/SystemServerTimingAsync( 694): ssm.onUnlockingUser-0_com.android.server.wifi.scanner.WifiScanningService
05-30 18:35:13.341 D/SystemServerTimingAsync( 694): ssm.onUnlockingUser-0_com.android.server.wifi.p2p.WifiP2pService
05-30 18:35:13.341 D/SystemServerTimingAsync( 694): ssm.onUnlockingUser-0_com.android.server.ConnectivityServiceInitializer
05-30 18:35:13.341 D/SystemServerTimingAsync( 694): ssm.onUnlockingUser-0_com.android.server.notification.NotificationManagerService
05-30 18:35:13.342 D/SystemServerTimingAsync( 694): ssm.onUnlockingUser-0_com.android.server.storage.DeviceStorageMonitorService
05-30 18:35:13.342 D/SystemServerTimingAsync( 694): ssm.onUnlockingUser-0_com.android.server.timedetector.TimeDetectorService$Lifecycle
05-30 18:35:13.342 D/SystemServerTimingAsync( 694): ssm.onUnlockingUser-0_com.android.server.location.LocationManagerService$Lifecycle
05-30 18:35:13.342 D/SystemServerTimingAsync( 694): ssm.onUnlockingUser-0_com.android.server.timezonedetector.TimeZoneDetectorService$Lifecycle
05-30 18:35:13.342 D/SystemServerTimingAsync( 694): ssm.onUnlockingUser-0_com.android.server.location.altitude.AltitudeService$Lifecycle
05-30 18:35:13.342 D/SystemServerTimingAsync( 694): ssm.onUnlockingUser-0_com.android.server.timezonedetector.location.LocationTimeZoneManagerService$Lifecycle
05-30 18:35:13.342 D/SystemServerTimingAsync( 694): ssm.onUnlockingUser-0_com.android.server.search.SearchManagerService$Lifecycle
05-30 18:35:13.342 D/SystemServerTimingAsync( 694): ssm.onUnlockingUser-0_com.android.server.wallpaper.WallpaperManagerService$Lifecycle
05-30 18:35:13.342 D/SystemServerTimingAsync( 694): ssm.onUnlockingUser-0_com.android.server.wallpapereffectsgeneration.WallpaperEffectsGenerationManagerService
05-30 18:35:13.342 D/SystemServerTimingAsync( 694): ssm.onUnlockingUser-0_com.android.server.audio.AudioService$Lifecycle
05-30 18:35:13.343 D/SystemServerTimingAsync( 694): ssm.onUnlockingUser-0_com.android.server.soundtrigger_middleware.SoundTriggerMiddlewareService$Lifecycle
05-30 18:35:13.343 D/SystemServerTimingAsync( 694): ssm.onUnlockingUser-0_com.android.server.adb.AdbService$Lifecycle
05-30 18:35:13.343 D/SystemServerTimingAsync( 694): ssm.onUnlockingUser-0_com.android.server.usb.UsbService$Lifecycle
05-30 18:35:13.343 I/StorageManagerService( 694): Mounting volume VolumeInfo{emulated;0}:
05-30 18:35:13.343 I/StorageManagerService( 694): type=EMULATED diskId=null partGuid= mountFlags=PRIMARY|VISIBLE_FOR_WRITE
05-30 18:35:13.343 I/StorageManagerService( 694): mountUserId=0 state=UNMOUNTED
05-30 18:35:13.343 I/StorageManagerService( 694): fsType=null fsUuid=null fsLabel=null
05-30 18:35:13.343 I/StorageManagerService( 694): path=null internalPath=null
05-30 18:35:13.345 D/CompatibilityChangeReporter( 694): Compat change id reported: 289878283; UID 1000; state: ENABLED
05-30 18:35:13.345 I/vold ( 247): Mounting emulated fuse volume
05-30 18:35:13.346 D/WakeupConfigStoreData( 694): WifiWake user data has been read
05-30 18:35:13.346 D/SystemServerTimingAsync( 694): ssm.onUnlockingUser-0_com.android.server.twilight.TwilightService
05-30 18:35:13.346 D/SystemServerTimingAsync( 694): ssm.onUnlockingUser-0_com.android.server.display.color.ColorDisplayService
05-30 18:35:13.346 D/SystemServerTimingAsync( 694): ssm.onUnlockingUser-0_com.android.server.job.JobSchedulerService
05-30 18:35:13.346 D/SystemServerTimingAsync( 694): ssm.onUnlockingUser-0_com.android.server.soundtrigger.SoundTriggerService
05-30 18:35:13.346 D/SystemServerTimingAsync( 694): ssm.onUnlockingUser-0_com.android.server.trust.TrustManagerService
05-30 18:35:13.347 D/SystemServerTimingAsync( 694): ssm.onUnlockingUser-0_com.android.server.backup.BackupManagerService$Lifecycle
05-30 18:35:13.347 D/SystemServerTimingAsync( 694): ssm.onUnlockingUser-0_com.android.server.appwidget.AppWidgetService
05-30 18:35:13.347 D/SystemServerTimingAsync( 694): ssm.onUnlockingUser-0_com.android.server.voiceinteraction.VoiceInteractionManagerService
05-30 18:35:13.347 W/VoiceInteractionManager( 694): no available voice recognition services found for user 0
05-30 18:35:13.348 D/WifiConfigStore( 694): Reading from user stores completed in 6 ms.
05-30 18:35:13.348 D/SystemServerTimingAsync( 694): ssm.onUnlockingUser-0_com.android.server.GestureLauncherService
05-30 18:35:13.348 D/SystemServerTimingAsync( 694): ssm.onUnlockingUser-0_com.android.server.SensorNotificationService
05-30 18:35:13.348 D/SystemServerTimingAsync( 694): ssm.onUnlockingUser-0_com.android.server.emergency.EmergencyAffordanceService
05-30 18:35:13.348 D/SystemServerTimingAsync( 694): ssm.onUnlockingUser-0_com.android.server.blob.BlobStoreManagerService
05-30 18:35:13.348 D/SystemServerTimingAsync( 694): ssm.onUnlockingUser-0_com.android.server.dreams.DreamManagerService
05-30 18:35:13.348 D/SystemServerTimingAsync( 694): ssm.onUnlockingUser-0_com.android.server.security.AttestationVerificationManagerService
05-30 18:35:13.348 D/SystemServerTimingAsync( 694): ssm.onUnlockingUser-0_com.android.server.restrictions.RestrictionsManagerService
05-30 18:35:13.348 D/SystemServerTimingAsync( 694): ssm.onUnlockingUser-0_com.android.server.media.MediaSessionService
05-30 18:35:13.348 D/SystemServerTimingAsync( 694): ssm.onUnlockingUser-0_com.android.server.hdmi.HdmiControlService
05-30 18:35:13.348 D/SystemServerTimingAsync( 694): ssm.onUnlockingUser-0_com.android.server.tv.interactive.TvInteractiveAppManagerService
05-30 18:35:13.348 D/SystemServerTimingAsync( 694): ssm.onUnlockingUser-0_com.android.server.tv.TvInputManagerService
05-30 18:35:13.348 I/BackupManagerService( 694): Starting service for user: 0
05-30 18:35:13.348 D/SystemServerTimingAsync( 694): ssm.onUnlockingUser-0_com.android.server.media.MediaResourceMonitorService
05-30 18:35:13.348 D/SystemServerTimingAsync( 694): ssm.onUnlockingUser-0_com.android.server.tv.TvRemoteService
05-30 18:35:13.348 D/SystemServerTimingAsync( 694): ssm.onUnlockingUser-0_com.android.server.biometrics.BiometricService
05-30 18:35:13.348 D/SystemServerTimingAsync( 694): ssm.onUnlockingUser-0_com.android.server.biometrics.AuthService
05-30 18:35:13.348 D/SystemServerTimingAsync( 694): ssm.onUnlockingUser-0_com.android.server.pm.ShortcutService$Lifecycle
05-30 18:35:13.349 D/SystemServerTimingAsync( 694): ssm.onUnlockingUser-0_com.android.server.pm.LauncherAppsService
05-30 18:35:13.349 D/SystemServerTimingAsync( 694): ssm.onUnlockingUser-0_com.android.server.pm.CrossProfileAppsService
05-30 18:35:13.349 D/SystemServerTimingAsync( 694): ssm.onUnlockingUser-0_com.android.server.people.PeopleService
05-30 18:35:13.349 D/SystemServerTimingAsync( 694): ssm.onUnlockingUser-0_com.android.server.media.metrics.MediaMetricsManagerService
05-30 18:35:13.349 D/SystemServerTimingAsync( 694): ssm.onUnlockingUser-0_com.android.server.pm.BackgroundInstallControlService
05-30 18:35:13.349 D/SystemServerTimingAsync( 694): ssm.onUnlockingUser-0_com.android.server.media.projection.MediaProjectionManagerService
05-30 18:35:13.349 D/SystemServerTimingAsync( 694): ssm.onUnlockingUser-0_com.android.server.slice.SliceManagerService$Lifecycle
05-30 18:35:13.349 D/SystemServerTimingAsync( 694): ssm.onUnlockingUser-0_com.android.server.stats.StatsCompanion$Lifecycle
05-30 18:35:13.349 D/SystemServerTimingAsync( 694): ssm.onUnlockingUser-0_com.android.server.scheduling.RebootReadinessManagerService$Lifecycle
05-30 18:35:13.349 D/SystemServerTimingAsync( 694): ssm.onUnlockingUser-0_com.android.server.stats.pull.StatsPullAtomService
05-30 18:35:13.349 D/SystemServerTimingAsync( 694): ssm.onUnlockingUser-0_com.android.server.stats.bootstrap.StatsBootstrapAtomService$Lifecycle
05-30 18:35:13.349 D/SystemServerTimingAsync( 694): ssm.onUnlockingUser-0_com.android.server.incident.IncidentCompanionService
05-30 18:35:13.349 D/SystemServerTimingAsync( 694): ssm.onUnlockingUser-0_com.android.server.sdksandbox.SdkSandboxManagerService$Lifecycle
05-30 18:35:13.349 I/SdkSandboxManager( 694): onUserUnlocking 0
05-30 18:35:13.350 D/SystemServerTimingAsync( 694): ssm.onUnlockingUser-0_com.android.server.adservices.AdServicesManagerService$Lifecycle
05-30 18:35:13.350 D/SystemServerTimingAsync( 694): ssm.onUnlockingUser-0_com.android.server.ondevicepersonalization.OnDevicePersonalizationSystemService$Lifecycle
05-30 18:35:13.350 D/SystemServerTimingAsync( 694): ssm.onUnlockingUser-0_com.android.server.autofill.AutofillManagerService
05-30 18:35:13.351 D/SystemServerTimingAsync( 694): ssm.onUnlockingUser-0_com.android.server.clipboard.ClipboardService
05-30 18:35:13.351 D/SystemServerTimingAsync( 694): ssm.onUnlockingUser-0_com.android.server.appbinding.AppBindingService$Lifecycle
05-30 18:35:13.352 W/AppBindingService( 694): [Default SMS app] u0 Target package not found
05-30 18:35:13.352 D/SystemServerTimingAsync( 694): ssm.onUnlockingUser-0_com.android.server.tracing.TracingServiceProxy
05-30 18:35:13.352 D/SystemServerTimingAsync( 694): ssm.onUnlockingUser-0_com.android.server.policy.PermissionPolicyService
05-30 18:35:13.352 D/SystemServerTimingAsync( 694): ssm.onUnlockingUser-0_com.android.server.pm.StagingManager$Lifecycle
05-30 18:35:13.352 D/SystemServerTimingAsync( 694): ssm.onUnlockingUser-0_com.android.server.app.GameManagerService$Lifecycle
05-30 18:35:13.352 D/SystemServerTimingAsync( 694): ssm.onUnlockingUser-0_com.android.safetycenter.SafetyCenterService
05-30 18:35:13.352 D/SystemServerTimingAsync( 694): ssm.onUnlockingUser-0_com.android.server.appsearch.AppSearchModule$Lifecycle
05-30 18:35:13.354 V/BackupManagerService( 694): [UserID:0] Starting with transport com.android.localtransport/.LocalTransport
05-30 18:35:13.355 D/BackupManagerService( 694): [UserID:0] Started thread backup-0
05-30 18:35:13.358 I/AppSearchUserInstanceMa( 694): Creating new AppSearch instance at: /data/system_ce/0/appsearch/icing
05-30 18:35:13.360 D/WifiConfigStore( 694): Writing to stores completed in 6 ms.
05-30 18:35:13.361 I/vold ( 247): Bind mounting /data/media to /mnt/pass_through/0/emulated
05-30 18:35:13.369 I/StorageSessionController( 694): On volume mount VolumeInfo{emulated;0}:
05-30 18:35:13.369 I/StorageSessionController( 694): type=EMULATED diskId=null partGuid= mountFlags=PRIMARY|VISIBLE_FOR_WRITE
05-30 18:35:13.369 I/StorageSessionController( 694): mountUserId=0 state=CHECKING
05-30 18:35:13.369 I/StorageSessionController( 694): fsType=null fsUuid=null fsLabel=null
05-30 18:35:13.369 I/StorageSessionController( 694): path=/storage/emulated internalPath=/data/media
05-30 18:35:13.370 I/StorageSessionController( 694): Creating connection for user: 0
05-30 18:35:13.371 I/StorageSessionController( 694): Creating and starting session with id: emulated;0
05-30 18:35:13.371 D/SystemServerTimingAsync( 694): ssm.onUnlockingUser-0_com.android.server.media.MediaCommunicationService
05-30 18:35:13.371 D/SystemServerTimingAsync( 694): ssm.onUnlockingUser-0_com.android.server.compat.overrides.AppCompatOverridesService$Lifecycle
05-30 18:35:13.372 I/StorageUserConnection( 694): Binding to the ExternalStorageService for user 0
05-30 18:35:13.372 D/SystemServerTimingAsync( 694): ssm.onUnlockingUser-0_com.android.server.healthconnect.HealthConnectManagerService
05-30 18:35:13.372 D/SystemServerTimingAsync( 694): ssm.onUnlockingUser-0_com.android.server.devicelock.DeviceLockService
05-30 18:35:13.372 D/DeviceLockService( 694): onUserUnlocking
05-30 18:35:13.372 I/ActivityTaskManager( 694): Loading recents for user 0 into memory.
05-30 18:35:13.374 D/SystemServerTiming( 694): finishUserUnlocked-0
05-30 18:35:13.374 I/ActivityManager( 694): User 0 state changed from RUNNING_UNLOCKING to RUNNING_UNLOCKED
05-30 18:35:13.374 I/SELinux ( 694): SELinux: Loaded file context from:
05-30 18:35:13.374 I/SELinux ( 694): /system/etc/selinux/plat_file_contexts
05-30 18:35:13.374 I/SELinux ( 694): /system_ext/etc/selinux/system_ext_file_contexts
05-30 18:35:13.374 I/SELinux ( 694): /product/etc/selinux/product_file_contexts
05-30 18:35:13.374 I/SELinux ( 694): /vendor/etc/selinux/vendor_file_contexts
05-30 18:35:13.375 V/SystemServerTiming( 694): SystemUserUnlock took to complete: 369ms
05-30 18:35:13.379 V/PackageConfigPersister( 694): loadPackages: empty list files from /data/system_ce/0/package_configs
05-30 18:35:13.380 I/ActivityManager( 694): com.dangbei.lerad.etna.haqu is exempt from freezer
05-30 18:35:13.380 D/CompatibilityChangeReporter( 694): Compat change id reported: 135634846; UID 1000; state: DISABLED
05-30 18:35:13.380 E/BackupPasswordManager( 694): Unable to read backup pw version
05-30 18:35:13.381 E/BackupPasswordManager( 694): Unable to read saved backup pw hash
05-30 18:35:13.382 W/BroadcastLoopers( 694): Found previously unknown looper Thread[ActivityManager,5,main]
05-30 18:35:13.384 I/ActivityManager( 694): Posting BOOT_COMPLETED user #0
05-30 18:35:13.386 D/CompatibilityChangeReporter( 694): Compat change id reported: 135634846; UID 10068; state: DISABLED
05-30 18:35:13.387 I/StorageUserConnection( 694): Bound to the ExternalStorageService for user 0
05-30 18:35:13.389 D/SystemServerTimingAsync( 694): ssm.UnlockedUser-0
05-30 18:35:13.389 I/SystemServiceManager( 694): Calling onUnlockedUser 0
05-30 18:35:13.389 D/SystemServerTimingAsync( 694): ssm.onUnlockedUser-0_com.android.server.security.FileIntegrityService
05-30 18:35:13.389 D/SystemServerTimingAsync( 694): ssm.onUnlockedUser-0_com.android.server.pm.Installer
05-30 18:35:13.389 D/SystemServerTimingAsync( 694): ssm.onUnlockedUser-0_com.android.server.os.DeviceIdentifiersPolicyService
05-30 18:35:13.389 D/SystemServerTimingAsync( 694): ssm.onUnlockedUser-0_com.android.server.flags.FeatureFlagsService
05-30 18:35:13.389 D/SystemServerTimingAsync( 694): ssm.onUnlockedUser-0_com.android.server.uri.UriGrantsManagerService$Lifecycle
05-30 18:35:13.389 D/SystemServerTimingAsync( 694): ssm.onUnlockedUser-0_com.android.server.powerstats.PowerStatsService
05-30 18:35:13.389 D/SystemServerTimingAsync( 694): ssm.onUnlockedUser-0_com.android.server.permission.access.AccessCheckingService
05-30 18:35:13.389 D/SystemServerTimingAsync( 694): ssm.onUnlockedUser-0_com.android.server.wm.ActivityTaskManagerService$Lifecycle
05-30 18:35:13.389 V/BackupManagerService( 694): [UserID:0] No ancestral data
05-30 18:35:13.390 I/LaunchParamsPersister( 694): Didn't find launch param folder for user 0
05-30 18:35:13.391 E/TaskPersister( 694): File error accessing recents directory (directory doesn't exist?).
05-30 18:35:13.392 D/SystemServerTimingAsync( 694): ssm.onUnlockedUser-0_com.android.server.am.ActivityManagerService$Lifecycle
05-30 18:35:13.392 D/SystemServerTimingAsync( 694): ssm.onUnlockedUser-0_com.android.server.pm.DataLoaderManagerService
05-30 18:35:13.392 D/SystemServerTimingAsync( 694): ssm.onUnlockedUser-0_com.android.server.power.PowerManagerService
05-30 18:35:13.392 D/SystemServerTimingAsync( 694): ssm.onUnlockedUser-0_com.android.server.power.ThermalManagerService
05-30 18:35:13.392 D/SystemServerTimingAsync( 694): ssm.onUnlockedUser-0_com.android.server.power.hint.HintManagerService
05-30 18:35:13.395 D/SystemServerTimingAsync( 694): ssm.onUnlockedUser-0_com.android.server.recoverysystem.RecoverySystemService$Lifecycle
05-30 18:35:13.395 D/SystemServerTimingAsync( 694): ssm.onUnlockedUser-0_com.android.server.lights.LightsService
05-30 18:35:13.395 D/SystemServerTimingAsync( 694): ssm.onUnlockedUser-0_com.android.server.display.DisplayManagerService
05-30 18:35:13.395 D/SystemServerTimingAsync( 694): ssm.onUnlockedUser-0_com.android.server.pm.verify.domain.DomainVerificationService
05-30 18:35:13.396 D/SystemServerTimingAsync( 694): ssm.onUnlockedUser-0_com.android.server.pm.PackageInstallerService$Lifecycle
05-30 18:35:13.396 D/SystemServerTimingAsync( 694): ssm.onUnlockedUser-0_com.android.server.pm.UserManagerService$LifeCycle
05-30 18:35:13.396 D/SystemServerTimingAsync( 694): ssm.onUnlockedUser-0_com.android.server.om.OverlayManagerService
05-30 18:35:13.396 D/SystemServerTimingAsync( 694): ssm.onUnlockedUser-0_com.android.server.resources.ResourcesManagerService
05-30 18:35:13.396 D/SystemServerTimingAsync( 694): ssm.onUnlockedUser-0_com.android.server.sensorprivacy.SensorPrivacyService
05-30 18:35:13.396 D/SystemServerTimingAsync( 694): ssm.onUnlockedUser-0_com.android.server.sensors.SensorService
05-30 18:35:13.396 D/SystemServerTimingAsync( 694): ssm.onUnlockedUser-0_com.android.server.SystemConfigService
05-30 18:35:13.396 D/SystemServerTimingAsync( 694): ssm.onUnlockedUser-0_com.android.server.BatteryService
05-30 18:35:13.396 D/SystemServerTimingAsync( 694): ssm.onUnlockedUser-0_com.android.server.usage.UsageStatsService
05-30 18:35:13.396 D/SystemServerTimingAsync( 694): ssm.onUnlockedUser-0_com.android.server.webkit.WebViewUpdateService
05-30 18:35:13.396 D/SystemServerTimingAsync( 694): ssm.onUnlockedUser-0_com.android.server.CachedDeviceStateService
05-30 18:35:13.396 D/SystemServerTimingAsync( 694): ssm.onUnlockedUser-0_com.android.server.BinderCallsStatsService$LifeCycle
05-30 18:35:13.396 D/SystemServerTimingAsync( 694): ssm.onUnlockedUser-0_com.android.server.LooperStatsService$Lifecycle
05-30 18:35:13.396 I/libperfmgr( 492): Hint type not present in actions: DISPLAY_UPDATE_IMMINENT
05-30 18:35:13.396 D/SystemServerTimingAsync( 694): ssm.onUnlockedUser-0_com.android.server.rollback.RollbackManagerService
05-30 18:35:13.396 D/SystemServerTimingAsync( 694): ssm.onUnlockedUser-0_com.android.server.os.NativeTombstoneManagerService
05-30 18:35:13.396 D/SystemServerTimingAsync( 694): ssm.onUnlockedUser-0_com.android.server.os.BugreportManagerService
05-30 18:35:13.396 D/SystemServerTimingAsync( 694): ssm.onUnlockedUser-0_com.android.server.gpu.GpuService
05-30 18:35:13.396 I/android.hardware.power-service.libperfmgr( 492): Power boost DISPLAY_UPDATE_IMMINENT isBoostSupported: 0
05-30 18:35:13.396 D/SystemServerTimingAsync( 694): ssm.onUnlockedUser-0_com.android.server.security.rkp.RemoteProvisioningService
05-30 18:35:13.396 D/SystemServerTimingAsync( 694): ssm.onUnlockedUser-0_com.android.server.security.KeyChainSystemService
05-30 18:35:13.396 D/SystemServerTimingAsync( 694): ssm.onUnlockedUser-0_com.android.server.BinaryTransparencyService
05-30 18:35:13.396 D/SystemServerTimingAsync( 694): ssm.onUnlockedUser-0_com.android.server.accounts.AccountManagerService$Lifecycle
05-30 18:35:13.396 D/SystemServerTimingAsync( 694): ssm.onUnlockedUser-0_com.android.server.content.ContentService$Lifecycle
05-30 18:35:13.397 D/SystemServerTimingAsync( 694): ssm.onUnlockedUser-0_com.android.server.deviceconfig.DeviceConfigInit$Lifecycle
05-30 18:35:13.397 D/SystemServerTimingAsync( 694): ssm.onUnlockedUser-0_com.android.server.DropBoxManagerService
05-30 18:35:13.397 D/SystemServerTimingAsync( 694): ssm.onUnlockedUser-0_com.android.role.RoleService
05-30 18:35:13.397 D/SystemServerTimingAsync( 694): ssm.onUnlockedUser-0_com.android.server.vibrator.VibratorManagerService$Lifecycle
05-30 18:35:13.397 D/SystemServerTimingAsync( 694): ssm.onUnlockedUser-0_com.android.server.tare.InternalResourceService
05-30 18:35:13.397 D/SystemServerTimingAsync( 694): ssm.onUnlockedUser-0_com.android.server.alarm.AlarmManagerService
05-30 18:35:13.397 D/SystemServerTimingAsync( 694): ssm.onUnlockedUser-0_com.android.server.devicestate.DeviceStateManagerService
05-30 18:35:13.397 D/SystemServerTimingAsync( 694): ssm.onUnlockedUser-0_com.android.server.camera.CameraServiceProxy
05-30 18:35:13.397 D/SystemServerTimingAsync( 694): ssm.onUnlockedUser-0_com.android.server.bluetooth.BluetoothService
05-30 18:35:13.397 D/SystemServerTimingAsync( 694): ssm.onUnlockedUser-0_com.android.server.connectivity.IpConnectivityMetrics
05-30 18:35:13.397 D/SystemServerTimingAsync( 694): ssm.onUnlockedUser-0_com.android.server.net.watchlist.NetworkWatchlistService$Lifecycle
05-30 18:35:13.397 D/SystemServerTimingAsync( 694): ssm.onUnlockedUser-0_com.android.server.PinnerService
05-30 18:35:13.397 D/SystemServerTimingAsync( 694): ssm.onUnlockedUser-0_com.android.server.integrity.AppIntegrityManagerService
05-30 18:35:13.397 D/SystemServerTimingAsync( 694): ssm.onUnlockedUser-0_com.android.server.logcat.LogcatManagerService
05-30 18:35:13.397 D/SystemServerTimingAsync( 694): ssm.onUnlockedUser-0_com.android.server.inputmethod.InputMethodManagerService$Lifecycle
05-30 18:35:13.397 D/SystemServerTimingAsync( 694): ssm.onUnlockedUser-0_com.android.server.accessibility.AccessibilityManagerService$Lifecycle
05-30 18:35:13.397 D/SystemServerTimingAsync( 694): ssm.onUnlockedUser-0_com.android.server.StorageManagerService$Lifecycle
05-30 18:35:13.397 D/SystemServerTimingAsync( 694): ssm.onUnlockedUser-0_com.android.server.usage.StorageStatsService$Lifecycle
05-30 18:35:13.397 D/SystemServerTimingAsync( 694): ssm.onUnlockedUser-0_com.android.server.UiModeManagerService
05-30 18:35:13.397 D/SystemServerTimingAsync( 694): ssm.onUnlockedUser-0_com.android.server.locales.LocaleManagerService
05-30 18:35:13.397 D/SystemServerTimingAsync( 694): ssm.onUnlockedUser-0_com.android.server.grammaticalinflection.GrammaticalInflectionService
05-30 18:35:13.397 D/SystemServerTimingAsync( 694): ssm.onUnlockedUser-0_com.android.server.apphibernation.AppHibernationService
05-30 18:35:13.397 D/SystemServerTimingAsync( 694): ssm.onUnlockedUser-0_com.android.server.locksettings.LockSettingsService$Lifecycle
05-30 18:35:13.397 D/SystemServerTimingAsync( 694): ssm.onUnlockedUser-0_com.android.server.PersistentDataBlockService
05-30 18:35:13.397 D/SystemServerTimingAsync( 694): ssm.onUnlockedUser-0_com.android.server.testharness.TestHarnessModeService
05-30 18:35:13.397 D/SystemServerTimingAsync( 694): ssm.onUnlockedUser-0_com.android.server.oemlock.OemLockService
05-30 18:35:13.397 D/SystemServerTimingAsync( 694): ssm.onUnlockedUser-0_com.android.server.DeviceIdleController
05-30 18:35:13.397 D/SystemServerTimingAsync( 694): ssm.onUnlockedUser-0_com.android.server.devicepolicy.DevicePolicyManagerService$Lifecycle
05-30 18:35:13.397 D/SystemServerTimingAsync( 694): ssm.onUnlockedUser-0_com.android.server.texttospeech.TextToSpeechManagerService
05-30 18:35:13.397 D/SystemServerTimingAsync( 694): ssm.onUnlockedUser-0_com.android.server.ambientcontext.AmbientContextManagerService
05-30 18:35:13.397 D/AppWidgetServiceImpl( 694): Unable to load widget provider info from xml for ComponentInfo{com.android.deskclock/com.android.alarmclock.AnalogAppWidgetProvider}
05-30 18:35:13.398 D/AppWidgetServiceImpl( 694): Unable to load widget provider info from xml for ComponentInfo{com.android.deskclock/com.android.alarmclock.DigitalAppWidgetProvider}
05-30 18:35:13.399 D/AppWidgetServiceImpl( 694): Unable to load widget provider info from xml for ComponentInfo{com.android.systemui/com.android.systemui.people.widget.PeopleSpaceWidgetProvider}
05-30 18:35:13.399 I/AppWidgetServiceImpl( 694): Processing of handleUserUnlocked u0 took 15 ms
05-30 18:35:13.399 D/SystemServerTimingAsync( 694): ssm.onUnlockedUser-0_com.android.server.wearable.WearableSensingManagerService
05-30 18:35:13.399 D/SystemServerTimingAsync( 694): ssm.onUnlockedUser-0_com.android.server.speech.SpeechRecognitionManagerService
05-30 18:35:13.399 D/SystemServerTimingAsync( 694): ssm.onUnlockedUser-0_com.android.server.searchui.SearchUiManagerService
05-30 18:35:13.399 D/SystemServerTimingAsync( 694): ssm.onUnlockedUser-0_com.android.server.smartspace.SmartspaceManagerService
05-30 18:35:13.399 D/SystemServerTimingAsync( 694): ssm.onUnlockedUser-0_com.android.server.graphics.fonts.FontManagerService$Lifecycle
05-30 18:35:13.399 D/SystemServerTimingAsync( 694): ssm.onUnlockedUser-0_com.android.server.textservices.TextServicesManagerService$Lifecycle
05-30 18:35:13.399 D/SystemServerTimingAsync( 694): ssm.onUnlockedUser-0_com.android.server.textclassifier.TextClassificationManagerService$Lifecycle
05-30 18:35:13.399 D/SystemServerTimingAsync( 694): ssm.onUnlockedUser-0_com.android.server.NetworkScoreService$Lifecycle
05-30 18:35:13.399 D/SystemServerTimingAsync( 694): ssm.onUnlockedUser-0_com.android.server.NetworkStatsServiceInitializer
05-30 18:35:13.399 D/SystemServerTimingAsync( 694): ssm.onUnlockedUser-0_com.android.server.wifi.WifiService
05-30 18:35:13.399 D/SystemServerTimingAsync( 694): ssm.onUnlockedUser-0_com.android.server.wifi.scanner.WifiScanningService
05-30 18:35:13.400 D/SystemServerTimingAsync( 694): ssm.onUnlockedUser-0_com.android.server.wifi.p2p.WifiP2pService
05-30 18:35:13.400 D/SystemServerTimingAsync( 694): ssm.onUnlockedUser-0_com.android.server.ConnectivityServiceInitializer
05-30 18:35:13.400 D/SystemServerTimingAsync( 694): ssm.onUnlockedUser-0_com.android.server.notification.NotificationManagerService
05-30 18:35:13.400 D/SystemServerTimingAsync( 694): ssm.onUnlockedUser-0_com.android.server.storage.DeviceStorageMonitorService
05-30 18:35:13.400 D/SystemServerTimingAsync( 694): ssm.onUnlockedUser-0_com.android.server.timedetector.TimeDetectorService$Lifecycle
05-30 18:35:13.400 D/SystemServerTimingAsync( 694): ssm.onUnlockedUser-0_com.android.server.location.LocationManagerService$Lifecycle
05-30 18:35:13.400 D/SystemServerTimingAsync( 694): ssm.onUnlockedUser-0_com.android.server.timezonedetector.TimeZoneDetectorService$Lifecycle
05-30 18:35:13.400 D/SystemServerTimingAsync( 694): ssm.onUnlockedUser-0_com.android.server.location.altitude.AltitudeService$Lifecycle
05-30 18:35:13.400 D/SystemServerTimingAsync( 694): ssm.onUnlockedUser-0_com.android.server.timezonedetector.location.LocationTimeZoneManagerService$Lifecycle
05-30 18:35:13.400 D/SystemServerTimingAsync( 694): ssm.onUnlockedUser-0_com.android.server.search.SearchManagerService$Lifecycle
05-30 18:35:13.400 D/SystemServerTimingAsync( 694): ssm.onUnlockedUser-0_com.android.server.wallpaper.WallpaperManagerService$Lifecycle
05-30 18:35:13.400 D/SystemServerTimingAsync( 694): ssm.onUnlockedUser-0_com.android.server.wallpapereffectsgeneration.WallpaperEffectsGenerationManagerService
05-30 18:35:13.400 D/SystemServerTimingAsync( 694): ssm.onUnlockedUser-0_com.android.server.audio.AudioService$Lifecycle
05-30 18:35:13.400 I/NotificationHistory( 694): Attempted to unlock gone/disabled user 0
05-30 18:35:13.400 D/SystemServerTimingAsync( 694): ssm.onUnlockedUser-0_com.android.server.soundtrigger_middleware.SoundTriggerMiddlewareService$Lifecycle
05-30 18:35:13.400 D/SystemServerTimingAsync( 694): ssm.onUnlockedUser-0_com.android.server.adb.AdbService$Lifecycle
05-30 18:35:13.400 D/SystemServerTimingAsync( 694): ssm.onUnlockedUser-0_com.android.server.usb.UsbService$Lifecycle
05-30 18:35:13.400 D/SystemServerTimingAsync( 694): ssm.onUnlockedUser-0_com.android.server.twilight.TwilightService
05-30 18:35:13.400 D/SystemServerTimingAsync( 694): ssm.onUnlockedUser-0_com.android.server.display.color.ColorDisplayService
05-30 18:35:13.400 D/SystemServerTimingAsync( 694): ssm.onUnlockedUser-0_com.android.server.job.JobSchedulerService
05-30 18:35:13.400 D/SystemServerTimingAsync( 694): ssm.onUnlockedUser-0_com.android.server.soundtrigger.SoundTriggerService
05-30 18:35:13.400 D/SystemServerTimingAsync( 694): ssm.onUnlockedUser-0_com.android.server.trust.TrustManagerService
05-30 18:35:13.400 D/SystemServerTimingAsync( 694): ssm.onUnlockedUser-0_com.android.server.backup.BackupManagerService$Lifecycle
05-30 18:35:13.400 D/SystemServerTimingAsync( 694): ssm.onUnlockedUser-0_com.android.server.appwidget.AppWidgetService
05-30 18:35:13.400 D/SystemServerTimingAsync( 694): ssm.onUnlockedUser-0_com.android.server.voiceinteraction.VoiceInteractionManagerService
05-30 18:35:13.400 D/SystemServerTimingAsync( 694): ssm.onUnlockedUser-0_com.android.server.GestureLauncherService
05-30 18:35:13.400 D/SystemServerTimingAsync( 694): ssm.onUnlockedUser-0_com.android.server.SensorNotificationService
05-30 18:35:13.400 D/SystemServerTimingAsync( 694): ssm.onUnlockedUser-0_com.android.server.emergency.EmergencyAffordanceService
05-30 18:35:13.400 D/SystemServerTimingAsync( 694): ssm.onUnlockedUser-0_com.android.server.blob.BlobStoreManagerService
05-30 18:35:13.400 D/SystemServerTimingAsync( 694): ssm.onUnlockedUser-0_com.android.server.dreams.DreamManagerService
05-30 18:35:13.400 D/SystemServerTimingAsync( 694): ssm.onUnlockedUser-0_com.android.server.security.AttestationVerificationManagerService
05-30 18:35:13.400 D/SystemServerTimingAsync( 694): ssm.onUnlockedUser-0_com.android.server.restrictions.RestrictionsManagerService
05-30 18:35:13.400 D/SystemServerTimingAsync( 694): ssm.onUnlockedUser-0_com.android.server.media.MediaSessionService
05-30 18:35:13.400 D/SystemServerTimingAsync( 694): ssm.onUnlockedUser-0_com.android.server.hdmi.HdmiControlService
05-30 18:35:13.400 D/SystemServerTimingAsync( 694): ssm.onUnlockedUser-0_com.android.server.tv.interactive.TvInteractiveAppManagerService
05-30 18:35:13.400 D/SystemServerTimingAsync( 694): ssm.onUnlockedUser-0_com.android.server.tv.TvInputManagerService
05-30 18:35:13.400 D/SystemServerTimingAsync( 694): ssm.onUnlockedUser-0_com.android.server.media.MediaResourceMonitorService
05-30 18:35:13.400 D/SystemServerTimingAsync( 694): ssm.onUnlockedUser-0_com.android.server.tv.TvRemoteService
05-30 18:35:13.400 D/SystemServerTimingAsync( 694): ssm.onUnlockedUser-0_com.android.server.biometrics.BiometricService
05-30 18:35:13.400 D/SystemServerTimingAsync( 694): ssm.onUnlockedUser-0_com.android.server.biometrics.AuthService
05-30 18:35:13.401 D/SystemServerTimingAsync( 694): ssm.onUnlockedUser-0_com.android.server.pm.ShortcutService$Lifecycle
05-30 18:35:13.401 D/SystemServerTimingAsync( 694): ssm.onUnlockedUser-0_com.android.server.pm.LauncherAppsService
05-30 18:35:13.401 D/SystemServerTimingAsync( 694): ssm.onUnlockedUser-0_com.android.server.pm.CrossProfileAppsService
05-30 18:35:13.401 D/SystemServerTimingAsync( 694): ssm.onUnlockedUser-0_com.android.server.people.PeopleService
05-30 18:35:13.402 V/BackupManagerConstants( 694): getKeyValueBackupIntervalMilliseconds(...) returns 14400000
05-30 18:35:13.402 V/BackupManagerConstants( 694): getKeyValueBackupFuzzMilliseconds(...) returns 600000
05-30 18:35:13.403 V/BackupManagerConstants( 694): getKeyValueBackupRequiredNetworkType(...) returns 1
05-30 18:35:13.403 V/BackupManagerConstants( 694): getKeyValueBackupRequireCharging(...) returns true
05-30 18:35:13.403 V/KeyValueBackupJob( 694): Scheduling k/v pass in 248 minutes
05-30 18:35:13.404 D/SystemServerTimingAsync( 694): ssm.onUnlockedUser-0_com.android.server.media.metrics.MediaMetricsManagerService
05-30 18:35:13.404 D/SystemServerTimingAsync( 694): ssm.onUnlockedUser-0_com.android.server.pm.BackgroundInstallControlService
05-30 18:35:13.404 D/SystemServerTimingAsync( 694): ssm.onUnlockedUser-0_com.android.server.media.projection.MediaProjectionManagerService
05-30 18:35:13.404 D/SystemServerTimingAsync( 694): ssm.onUnlockedUser-0_com.android.server.slice.SliceManagerService$Lifecycle
05-30 18:35:13.404 D/SystemServerTimingAsync( 694): ssm.onUnlockedUser-0_com.android.server.stats.StatsCompanion$Lifecycle
05-30 18:35:13.404 D/SystemServerTimingAsync( 694): ssm.onUnlockedUser-0_com.android.server.scheduling.RebootReadinessManagerService$Lifecycle
05-30 18:35:13.404 D/SystemServerTimingAsync( 694): ssm.onUnlockedUser-0_com.android.server.stats.pull.StatsPullAtomService
05-30 18:35:13.404 D/SystemServerTimingAsync( 694): ssm.onUnlockedUser-0_com.android.server.stats.bootstrap.StatsBootstrapAtomService$Lifecycle
05-30 18:35:13.404 D/SystemServerTimingAsync( 694): ssm.onUnlockedUser-0_com.android.server.incident.IncidentCompanionService
05-30 18:35:13.404 D/SystemServerTimingAsync( 694): ssm.onUnlockedUser-0_com.android.server.sdksandbox.SdkSandboxManagerService$Lifecycle
05-30 18:35:13.404 D/SystemServerTimingAsync( 694): ssm.onUnlockedUser-0_com.android.server.adservices.AdServicesManagerService$Lifecycle
05-30 18:35:13.404 D/SystemServerTimingAsync( 694): ssm.onUnlockedUser-0_com.android.server.ondevicepersonalization.OnDevicePersonalizationSystemService$Lifecycle
05-30 18:35:13.404 D/SystemServerTimingAsync( 694): ssm.onUnlockedUser-0_com.android.server.autofill.AutofillManagerService
05-30 18:35:13.404 D/SystemServerTimingAsync( 694): ssm.onUnlockedUser-0_com.android.server.clipboard.ClipboardService
05-30 18:35:13.404 D/SystemServerTimingAsync( 694): ssm.onUnlockedUser-0_com.android.server.appbinding.AppBindingService$Lifecycle
05-30 18:35:13.404 D/SystemServerTimingAsync( 694): ssm.onUnlockedUser-0_com.android.server.tracing.TracingServiceProxy
05-30 18:35:13.404 D/SystemServerTimingAsync( 694): ssm.onUnlockedUser-0_com.android.server.policy.PermissionPolicyService
05-30 18:35:13.404 D/SystemServerTimingAsync( 694): ssm.onUnlockedUser-0_com.android.server.pm.StagingManager$Lifecycle
05-30 18:35:13.404 D/SystemServerTimingAsync( 694): ssm.onUnlockedUser-0_com.android.server.app.GameManagerService$Lifecycle
05-30 18:35:13.404 D/SystemServerTimingAsync( 694): ssm.onUnlockedUser-0_com.android.safetycenter.SafetyCenterService
05-30 18:35:13.404 D/SystemServerTimingAsync( 694): ssm.onUnlockedUser-0_com.android.server.appsearch.AppSearchModule$Lifecycle
05-30 18:35:13.404 D/SystemServerTimingAsync( 694): ssm.onUnlockedUser-0_com.android.server.media.MediaCommunicationService
05-30 18:35:13.404 D/SystemServerTimingAsync( 694): ssm.onUnlockedUser-0_com.android.server.compat.overrides.AppCompatOverridesService$Lifecycle
05-30 18:35:13.404 D/SystemServerTimingAsync( 694): ssm.onUnlockedUser-0_com.android.server.healthconnect.HealthConnectManagerService
05-30 18:35:13.404 D/HealthConnectManagerService( 694): switchToSetupForUser: UserHandle{0}
05-30 18:35:13.404 D/HealthConnectBackupRestore( 694): Performing user switch operations.
05-30 18:35:13.405 D/CompatibilityChangeReporter( 694): Compat change id reported: 271850009; UID 1000; state: DISABLED
05-30 18:35:13.405 D/CompatibilityChangeReporter( 694): Compat change id reported: 271850009; UID 1000; state: ENABLED
05-30 18:35:13.405 D/SystemServerTimingAsync( 694): ssm.onUnlockedUser-0_com.android.server.devicelock.DeviceLockService
05-30 18:35:13.409 V/NotificationAssistants( 694): disabling notification assistant for user 0: ComponentInfo{android.ext.services/android.ext.services.notification.Assistant}
05-30 18:35:13.409 D/NotificationListeners( 694): Removing active service ComponentInfo{android.ext.services/android.ext.services.notification.Assistant}
05-30 18:35:13.410 D/GattService( 1184): Unlocked userId 0
05-30 18:35:13.413 D/A2dpService( 1184): Unlocked userId 0
05-30 18:35:13.414 D/AvrcpTargetService( 1184): Unlocked userId 0
05-30 18:35:13.414 I/AvrcpTargetService( 1184): User unlocked, initializing the service
05-30 18:35:13.414 V/MediaPlayerList( 1184): Initializing MediaPlayerList
05-30 18:35:13.416 D/CompatibilityChangeReporter( 694): Compat change id reported: 214016041; UID 1000; state: DISABLED
05-30 18:35:13.416 D/CompatibilityChangeReporter( 694): Compat change id reported: 214016041; UID 1000; state: ENABLED
05-30 18:35:13.416 D/ConnectivityService( 694): requestNetwork for uid/pid:1000/694 activeRequest: null callbackRequest: 33 [NetworkRequest [ REQUEST id=34, [ Capabilities: INTERNET&NOT_RESTRICTED&TRUSTED&NOT_VCN_MANAGED Uid: 1000 RequestorUid: 1000 RequestorPkg: android UnderlyingNetworks: Null] ]] callback flags: 0 order: 2147483647
05-30 18:35:13.417 I/BrowsedPlayerWrapper( 1184): Wrapping Media Browser com.android.bluetooth
05-30 18:35:13.418 I/ImeTracker( 694): com.android.tv.settings:ff979533: onRequestHide at ORIGIN_SERVER_HIDE_INPUT reason HIDE_UNSPECIFIED_WINDOW
05-30 18:35:13.418 I/ImeTracker( 694): com.android.tv.settings:ff979533: onCancelled at PHASE_SERVER_SHOULD_HIDE
05-30 18:35:13.418 I/BrowsedPlayerWrapper( 1184): Wrapping Media Browser com.android.music
05-30 18:35:13.421 D/WifiNetworkFactory( 694): got request NetworkRequest [ REQUEST id=34, [ Capabilities: INTERNET&NOT_RESTRICTED&TRUSTED&NOT_VCN_MANAGED Uid: 1000 RequestorUid: 1000 RequestorPkg: android UnderlyingNetworks: Null] ]
05-30 18:35:13.421 D/UntrustedWifiNetworkFactory( 694): got request NetworkRequest [ REQUEST id=34, [ Capabilities: INTERNET&NOT_RESTRICTED&TRUSTED&NOT_VCN_MANAGED Uid: 1000 RequestorUid: 1000 RequestorPkg: android UnderlyingNetworks: Null] ]
05-30 18:35:13.421 D/ConnectivityService( 694): NetReassign [no changes] [c 0] [a 0] [i 0]
05-30 18:35:13.421 D/OemPaidWifiNetworkFactory( 694): got request NetworkRequest [ REQUEST id=34, [ Capabilities: INTERNET&NOT_RESTRICTED&TRUSTED&NOT_VCN_MANAGED Uid: 1000 RequestorUid: 1000 RequestorPkg: android UnderlyingNetworks: Null] ]
05-30 18:35:13.421 D/MultiInternetWifiNetworkFactory( 694): got request NetworkRequest [ REQUEST id=34, [ Capabilities: INTERNET&NOT_RESTRICTED&TRUSTED&NOT_VCN_MANAGED Uid: 1000 RequestorUid: 1000 RequestorPkg: android UnderlyingNetworks: Null] ]
05-30 18:35:13.426 D/Zygote ( 465): Forked child process 1432
05-30 18:35:13.429 V/NotificationAssistants( 694): enabling notification assistant for 0: ComponentInfo{android.ext.services/android.ext.services.notification.Assistant}
05-30 18:35:13.429 V/NotificationAssistants( 694): binding: Intent { act=android.service.notification.NotificationAssistantService cmp=android.ext.services/.notification.Assistant (has extras) }
05-30 18:35:13.431 I/FastBootComplete( 963): action:android.intent.action.BOOT_COMPLETED
05-30 18:35:13.432 W/ContextImpl( 963): Calling a method in the system process without a qualified user: android.app.ContextImpl.startService:1899 android.content.ContextWrapper.startService:825 android.content.ContextWrapper.startService:825 com.droidlogic.btpair.FastBootComplete.onReceive:20 android.app.ActivityThread.handleReceiver:4494
05-30 18:35:13.436 D/CompatibilityChangeReporter( 694): Compat change id reported: 261072174; UID 1002; state: ENABLED
05-30 18:35:13.439 D/CompatibilityChangeReporter( 694): Compat change id reported: 135634846; UID 10039; state: DISABLED
05-30 18:35:13.439 I/Zygote ( 1432): seccomp disabled by setenforce 0
05-30 18:35:13.443 W/ActivityManager( 694): Slow operation: 63ms so far, now at startProcess: done updating battery stats
05-30 18:35:13.443 W/ActivityManager( 694): Slow operation: 63ms so far, now at startProcess: building log message
05-30 18:35:13.443 I/ActivityManager( 694): Start proc 1432:com.dangbei.lerad.etna.haqu/1000 for added application com.dangbei.lerad.etna.haqu
05-30 18:35:13.443 W/ActivityManager( 694): Slow operation: 63ms so far, now at startProcess: starting to update pids map
05-30 18:35:13.443 W/ActivityManager( 694): Slow operation: 63ms so far, now at startProcess: done updating pids map
05-30 18:35:13.443 W/ActivityManager( 694): Slow operation: 57ms so far, now at startProcess: asking zygote to start proc
05-30 18:35:13.443 D/CompatibilityChangeReporter( 694): Compat change id reported: 143937733; UID 10068; state: ENABLED
05-30 18:35:13.444 D/FallbackHome( 1315): User unlocked and real home found; let's go!
05-30 18:35:13.444 D/audio_hw_hal_primary( 477): [out_standby_new:5767] io 13: out:0xecd047f0 usecase:PCM_NORMAL
05-30 18:35:13.444 I/audio_hw_hal_primary( 477): [do_output_standby_l:5663] io 13: out:0xecd047f0, stream usecase:PCM_NORMAL, continuous:1
