05-30 18:35:36.610 W/bei.lerad.rocky( 1711): ApkAssets: Deleting an ApkAssets object ' and /apex/com.android.btservices/app/Bluetooth@UD2A.240505.001.W1/Bluetooth.apk' with 1 weak references
05-30 18:35:36.611 W/bei.lerad.rocky( 1711): ApkAssets: Deleting an ApkAssets object ' and /system/priv-app/ContactsProvider/ContactsProvider.apk' with 1 weak references
05-30 18:35:36.611 W/bei.lerad.rocky( 1711): ApkAssets: Deleting an ApkAssets object ' and /system/app/CaptivePortalLogin/CaptivePortalLogin.apk' with 1 weak references
05-30 18:35:36.612 W/bei.lerad.rocky( 1711): ApkAssets: Deleting an ApkAssets object ' and /apex/com.android.devicelock/priv-app/DeviceLockController@UD2A.240505.001.W1/DeviceLockController.apk' with 1 weak references
05-30 18:35:36.612 W/bei.lerad.rocky( 1711): ApkAssets: Deleting an ApkAssets object ' and /apex/com.android.extservices/priv-app/AdExtServicesApk@UD2A.240505.001.W1/AdExtServicesApk.apk' with 1 weak references
05-30 18:35:36.991 W/id.ext.services( 1222): ApkAssets: Deleting an ApkAssets object ' and /system/app/dangbei-screencast/dangbei-screencast.apk' with 1 weak references
05-30 18:35:37.585 I/ThermalService( 963): CPU temperatures: [52.7]
05-30 18:35:37.716 D/OomAdjuster( 694): Not killing cached processes
05-30 18:35:37.794 D/SntpClient( 694): request time failed: java.net.SocketTimeoutException: Poll timed out
05-30 18:35:37.794 D/SntpClient( 694): request time failed
05-30 18:35:37.804 D/TrafficStats( 694): tagSocket(422) with statsTag=0xffffff41, statsUid=-1
05-30 18:35:38.020 I/WifiHAL ( 501): call wifi_get_link_stats handler
05-30 18:35:38.020 I/WifiHAL ( 501): Creating message to get link statistics; iface = 16
05-30 18:35:38.020 D/WifiHAL ( 501): error code -95 mapped to -3
05-30 18:35:38.021 E/WifiStaIfaceAidlImpl( 694): getLinkLayerStats failed with service-specific exception: android.os.ServiceSpecificException: (code 4)
05-30 18:35:38.105 D/SntpClient( 694): round trip: 298ms, clock offset: 17864ms
05-30 18:35:38.108 D/SystemClockTime( 694): Setting time of day to sec=1748601355
05-30 18:35:55.972 E/LazyAlarmStore( 694): Removed TIME_TICK alarm
05-30 18:35:55.978 W/SyncManager( 694): Clock is valid now.
05-30 18:35:55.978 D/ConditionProviders.SCP( 694): onReceive android.intent.action.TIME_SET
05-30 18:35:56.009 D/ConditionProviders.SCP( 694): evaluateSubscriptionLocked cal=ScheduleCalendar[mDays={1, 2, 3, 4, 5, 6, 7}, mSchedule=ScheduleInfo{days=[1, 2, 3, 4, 5, 6, 7], startHour=22, startMinute=0, endHour=7, endMinute=0, exitAtAlarm=true, nextAlarm=Thu Jan 01 08:00:00 GMT+08:00 1970 (0)}], now=Fri May 30 18:35:55 GMT+08:00 2025 (1748601355978), nextUserAlarmTime=Thu Jan 01 08:00:00 GMT+08:00 1970 (0)
05-30 18:35:56.009 D/ConditionProviders.SCP( 694): notifyCondition condition://android/schedule?days=1.2.3.4.5.6.7&start=22.0&end=7.0&exitAtAlarm=true STATE_FALSE reason=!meetsSchedule
05-30 18:35:56.011 D/ConditionProviders.SCP( 694): Scheduling evaluate for Fri May 30 22:00:00 GMT+08:00 2025 (1748613600000), in +3h24m4s22ms, now=Fri May 30 18:35:55 GMT+08:00 2025 (1748601355978)
05-30 18:35:56.011 D/EpgDataCleanupService( 2062): Received intent: Intent { act=com.android.providers.tv.intent.CLEAN_UP_EPG_DATA cmp=com.android.providers.tv/.EpgDataCleanupService }
05-30 18:35:56.014 D/CompatibilityChangeReporter( 694): Compat change id reported: 171306433; UID 1000; state: ENABLED
05-30 18:35:56.015 D/CompatibilityChangeReporter( 694): Compat change id reported: 218533173; UID 1000; state: ENABLED
05-30 18:35:56.022 I/UsageStatsService( 694): User[0] Time changed in by 17 seconds
05-30 18:35:56.023 I/UsageStatsService( 694): User[0] Flushing usage stats to disk
05-30 18:35:56.029 D/CompatibilityChangeReporter( 694): Compat change id reported: 143231523; UID 1000; state: DISABLED
05-30 18:35:56.036 I/binder:464_4( 464): type=1400 audit(0.0:1036): avc: denied { add_name } for name="globalAlert" scontext=u:r:netd:s0 tcontext=u:object_r:proc_net:s0 tclass=dir permissive=1
05-30 18:35:56.051 I/UsageStatsDatabase( 694): Time changed by +17s864ms. files deleted: 0 files moved: 4
05-30 18:35:56.044 I/rainbow_flow( 2298): type=1400 audit(0.0:1037): avc: denied { ioctl } for path="/dev/spidev1.0" dev="tmpfs" ino=545 ioctlcmd=0x6b00 scontext=u:r:init:s0 tcontext=u:object_r:device:s0 tclass=chr_file permissive=1
05-30 18:35:56.064 I/UsageStatsService( 694): User[0] Rollover scheduled @ 2025-05-31 18:28:33(1748687313294)
05-30 18:35:56.068 D/CompatibilityChangeReporter( 694): Compat change id reported: 218533173; UID 10017; state: ENABLED
05-30 18:35:56.068 D/CompatibilityChangeReporter( 694): Compat change id reported: 262645982; UID 10017; state: ENABLED
05-30 18:35:56.069 D/CompatibilityChangeReporter( 694): Compat change id reported: 218533173; UID 10039; state: DISABLED
05-30 18:35:56.069 D/CompatibilityChangeReporter( 694): Compat change id reported: 262645982; UID 10039; state: DISABLED
05-30 18:35:56.070 D/CompatibilityChangeReporter( 694): Compat change id reported: 218533173; UID 10019; state: ENABLED
05-30 18:35:56.070 D/CompatibilityChangeReporter( 694): Compat change id reported: 262645982; UID 10019; state: ENABLED
05-30 18:35:56.070 D/CompatibilityChangeReporter( 694): Compat change id reported: 218533173; UID 10026; state: ENABLED
05-30 18:35:56.071 D/CompatibilityChangeReporter( 694): Compat change id reported: 262645982; UID 10026; state: ENABLED
05-30 18:35:56.073 D/CompatibilityChangeReporter( 694): Compat change id reported: 218533173; UID 10027; state: DISABLED
05-30 18:35:56.073 D/CompatibilityChangeReporter( 694): Compat change id reported: 262645982; UID 10027; state: DISABLED
05-30 18:35:56.074 D/CompatibilityChangeReporter( 694): Compat change id reported: 218533173; UID 10044; state: DISABLED
05-30 18:35:56.074 D/CompatibilityChangeReporter( 694): Compat change id reported: 262645982; UID 10044; state: DISABLED
05-30 18:35:56.076 D/CompatibilityChangeReporter( 694): Compat change id reported: 218533173; UID 10071; state: ENABLED
05-30 18:35:56.076 D/CompatibilityChangeReporter( 694): Compat change id reported: 262645982; UID 10071; state: ENABLED
05-30 18:35:56.078 D/CompatibilityChangeReporter( 694): Compat change id reported: 218533173; UID 10025; state: ENABLED
05-30 18:35:56.078 D/CompatibilityChangeReporter( 694): Compat change id reported: 262645982; UID 10025; state: ENABLED
05-30 18:35:56.079 D/CompatibilityChangeReporter( 694): Compat change id reported: 218533173; UID 10021; state: ENABLED
05-30 18:35:56.079 D/CompatibilityChangeReporter( 694): Compat change id reported: 262645982; UID 10021; state: ENABLED
05-30 18:35:56.080 D/CompatibilityChangeReporter( 694): Compat change id reported: 218533173; UID 10049; state: DISABLED
05-30 18:35:56.081 D/CompatibilityChangeReporter( 694): Compat change id reported: 262645982; UID 10049; state: DISABLED
05-30 18:35:56.081 D/CompatibilityChangeReporter( 694): Compat change id reported: 218533173; UID 10018; state: ENABLED
05-30 18:35:56.082 D/CompatibilityChangeReporter( 694): Compat change id reported: 262645982; UID 10018; state: ENABLED
05-30 18:35:56.082 D/CompatibilityChangeReporter( 694): Compat change id reported: 218533173; UID 10068; state: ENABLED
05-30 18:35:56.082 D/CompatibilityChangeReporter( 694): Compat change id reported: 262645982; UID 10068; state: ENABLED
05-30 18:35:57.453 I/ThermalService( 963): CPU temperatures: [52.800003]
05-30 18:35:58.891 I/WifiHAL ( 501): call wifi_get_link_stats handler
05-30 18:35:58.891 I/WifiHAL ( 501): Creating message to get link statistics; iface = 16
05-30 18:35:58.891 D/WifiHAL ( 501): error code -95 mapped to -3
05-30 18:35:58.891 E/WifiStaIfaceAidlImpl( 694): getLinkLayerStats failed with service-specific exception: android.os.ServiceSpecificException: (code 4)
05-30 18:35:59.456 I/ThermalService( 963): CPU temperatures: [52.4]
05-30 18:36:01.024 D/OomAdjuster( 694): Not killing cached processes
05-30 18:36:01.459 I/ThermalService( 963): CPU temperatures: [52.500004]
05-30 18:36:01.896 I/WifiHAL ( 501): call wifi_get_link_stats handler
05-30 18:36:01.896 I/WifiHAL ( 501): Creating message to get link statistics; iface = 16
05-30 18:36:01.896 D/WifiHAL ( 501): error code -95 mapped to -3
05-30 18:36:01.896 E/WifiStaIfaceAidlImpl( 694): getLinkLayerStats failed with service-specific exception: android.os.ServiceSpecificException: (code 4)
05-30 18:36:02.061 I/audio_hw_hal_alsamgr( 477): alsa format =0x1 delay frames =768 total frames=2117120
05-30 18:36:03.461 I/ThermalService( 963): CPU temperatures: [52.500004]
05-30 18:36:03.488 I//apex/com.android.adbd/bin/adbd( 1383): type=1400 audit(0.0:1038): avc: denied { getopt } for comm=73657276657220736F636B6574 laddr=::ffff:192.168.3.222 lport=5555 faddr=::ffff:192.168.15.10 fport=54609 scontext=u:r:su:s0 tcontext=u:r:su:s0 tclass=tcp_socket permissive=1
05-30 18:36:03.499 I/adbd ( 1383): host-22: read thread spawning
05-30 18:36:03.499 I/adbd ( 1383): authentication not required
05-30 18:36:03.492 I//apex/com.android.adbd/bin/adbd( 1383): type=1400 audit(0.0:1039): avc: denied { write } for comm=73657276657220736F636B6574 name="fwmarkd" dev="tmpfs" ino=867 scontext=u:r:su:s0 tcontext=u:object_r:fwmarkd_socket:s0 tclass=sock_file permissive=1
05-30 18:36:03.500 I/adbd ( 1383): host-22: write thread spawning
05-30 18:36:03.492 I//apex/com.android.adbd/bin/adbd( 1383): type=1400 audit(0.0:1040): avc: denied { connectto } for comm=73657276657220736F636B6574 path="/dev/socket/fwmarkd" scontext=u:r:su:s0 tcontext=u:r:netd:s0 tclass=unix_stream_socket permissive=1
05-30 18:36:03.492 I/binder:464_2( 464): type=1400 audit(0.0:1041): avc: denied { use } for path="socket:[32951]" dev="sockfs" ino=32951 scontext=u:r:netd:s0 tcontext=u:r:su:s0 tclass=fd permissive=1
05-30 18:36:03.492 I/binder:464_2( 464): type=1400 audit(0.0:1042): avc: denied { read write } for path="socket:[32951]" dev="sockfs" ino=32951 scontext=u:r:netd:s0 tcontext=u:r:su:s0 tclass=tcp_socket permissive=1
05-30 18:36:03.492 I/binder:464_2( 464): type=1400 audit(0.0:1043): avc: denied { getopt } for laddr=::ffff:192.168.3.222 lport=5555 faddr=::ffff:192.168.15.10 fport=54609 scontext=u:r:netd:s0 tcontext=u:r:su:s0 tclass=tcp_socket permissive=1
05-30 18:36:03.492 I/binder:464_2( 464): type=1400 audit(0.0:1044): avc: denied { setopt } for laddr=::ffff:192.168.3.222 lport=5555 faddr=::ffff:192.168.15.10 fport=54609 scontext=u:r:netd:s0 tcontext=u:r:su:s0 tclass=tcp_socket permissive=1
05-30 18:36:03.492 I//apex/com.android.adbd/bin/adbd( 1383): type=1400 audit(0.0:1045): avc: denied { setopt } for comm=73657276657220736F636B6574 laddr=::ffff:192.168.3.222 lport=5555 faddr=::ffff:192.168.15.10 fport=54609 scontext=u:r:su:s0 tcontext=u:r:su:s0 tclass=tcp_socket permissive=1
05-30 18:36:04.903 I/WifiHAL ( 501): call wifi_get_link_stats handler
05-30 18:36:04.903 I/WifiHAL ( 501): Creating message to get link statistics; iface = 16
05-30 18:36:04.903 D/WifiHAL ( 501): error code -95 mapped to -3
05-30 18:36:04.904 E/WifiStaIfaceAidlImpl( 694): getLinkLayerStats failed with service-specific exception: android.os.ServiceSpecificException: (code 4)
05-30 18:36:05.464 I/ThermalService( 963): CPU temperatures: [52.2]
05-30 18:36:06.044 D/ActivityManager( 694): freezing 2062 com.android.providers.tv
05-30 18:36:06.704 I/adbd ( 1383): type=1400 audit(0.0:1055): avc: denied { read } for name="u:object_r:device_logging_prop:s0" dev="tmpfs" ino=213 scontext=u:r:su:s0 tcontext=u:object_r:device_logging_prop:s0 tclass=file permissive=1
05-30 18:36:06.708 I/adbd ( 1383): type=1400 audit(0.0:1056): avc: denied { open } for path="/dev/__properties__/u:object_r:device_logging_prop:s0" dev="tmpfs" ino=213 scontext=u:r:su:s0 tcontext=u:object_r:device_logging_prop:s0 tclass=file permissive=1
05-30 18:36:06.708 I/adbd ( 1383): type=1400 audit(0.0:1057): avc: denied { getattr } for path="/dev/__properties__/u:object_r:device_logging_prop:s0" dev="tmpfs" ino=213 scontext=u:r:su:s0 tcontext=u:object_r:device_logging_prop:s0 tclass=file permissive=1
05-30 18:36:06.708 I/adbd ( 1383): type=1400 audit(0.0:1058): avc: denied { map } for path="/dev/__properties__/u:object_r:device_logging_prop:s0" dev="tmpfs" ino=213 scontext=u:r:su:s0 tcontext=u:object_r:device_logging_prop:s0 tclass=file permissive=1
05-30 18:36:06.712 I/adbd ( 2510): type=1400 audit(0.0:1059): avc: denied { execute } for name="sh" dev="dm-8" ino=19226000 scontext=u:r:su:s0 tcontext=u:object_r:shell_exec:s0 tclass=file permissive=1
05-30 18:36:07.468 I/ThermalService( 963): CPU temperatures: [52.500004]
05-30 18:36:07.911 I/WifiHAL ( 501): call wifi_get_link_stats handler
05-30 18:36:07.911 I/WifiHAL ( 501): Creating message to get link statistics; iface = 16
05-30 18:36:07.912 D/WifiHAL ( 501): error code -95 mapped to -3
05-30 18:36:07.912 E/WifiStaIfaceAidlImpl( 694): getLinkLayerStats failed with service-specific exception: android.os.ServiceSpecificException: (code 4)
05-30 18:36:08.900 W/method.sogou.tv( 1463): Cleared Reference was only reachable from finalizer (only reported once)
05-30 18:36:09.347 D/TrafficStats( 1728): tagSocket(222) with statsTag=0xffffffff, statsUid=-1
05-30 18:36:09.472 I/ThermalService( 963): CPU temperatures: [52.7]
05-30 18:36:09.603 D/ActivityManager( 694): freezing 1588 android.process.acore
05-30 18:36:09.603 D/ActivityManager( 694): freezing 1662 android.process.media
05-30 18:36:10.919 I/WifiHAL ( 501): call wifi_get_link_stats handler
05-30 18:36:10.919 I/WifiHAL ( 501): Creating message to get link statistics; iface = 16
05-30 18:36:10.919 D/WifiHAL ( 501): error code -95 mapped to -3
05-30 18:36:10.919 E/WifiStaIfaceAidlImpl( 694): getLinkLayerStats failed with service-specific exception: android.os.ServiceSpecificException: (code 4)
05-30 18:36:11.474 I/ThermalService( 963): CPU temperatures: [52.100002]
05-30 18:36:12.629 E/ccc ( 1432): cccccc 30s后没有设备 系统出错 进行遥控器移除
05-30 18:36:12.637 E/dangbei111( 1432): cccccc 取消pair Dangbei E4:BB:D3:57:C0:53 12
05-30 18:36:12.638 I/BluetoothDevice( 1432): removeBond() for device XX:XX:XX:XX:C0:53 called by pid: 1432 tid: 1432
05-30 18:36:12.641 I/BluetoothBondStateMachine( 1184): Entering PendingCommandState State
05-30 18:36:12.641 I/bt_btif_dm( 1184): packages/modules/Bluetooth/system/btif/src/btif_dm.cc:489 get_cod: get_cod remote_cod = 0x0000050c
05-30 18:36:12.641 E/bt_btif ( 1184): packages/modules/Bluetooth/system/main/bte_logmsg.cc:105 LogMsg: btif_hh_virtual_unplug: Error, device xx:xx:xx:xx:c0:53 not opened, status = 1
05-30 18:36:12.641 I/bt_stack( 1184): [INFO:gatt_api.cc(1514)] GATT_CancelConnect: gatt_if:0, address: xx:xx:xx:xx:c0:53, direct:0
05-30 18:36:12.641 E/bt_stack( 1184): [ERROR:gatt_utils.cc(1483)] gatt_cancel_open: link connected Too late to cancel
05-30 18:36:12.641 E/bt_stack( 1184): [ERROR:gatt_utils.cc(1483)] gatt_cancel_open: link connected Too late to cancel
05-30 18:36:12.642 I/btm_acl ( 1184): packages/modules/Bluetooth/system/stack/acl/btm_acl.cc:205 hci_btsnd_hcic_disconnect: Disconnecting peer:xx:xx:xx:xx:c0:53 reason:HCI_ERR_PEER_USER comment:stack::acl::btm_acl::btm_remove_acl
05-30 18:36:12.642 W/bluetooth( 1184): packages/modules/Bluetooth/system/main/shim/acl.cc:189 Remove: Unknown device being removed from acceptlist:e4:bb:d3:57:c0:53[PUBLIC_DEVICE_ADDRESS]
05-30 18:36:12.642 W/bluetooth( 1184): packages/modules/Bluetooth/system/gd/hci/acl_manager/le_impl.h:821 remove_device_from_connect_list: Device not in acceptlist and cannot be removed:e4:bb:d3:57:c0:53[PUBLIC_DEVICE_ADDRESS]
05-30 18:36:13.477 I/ThermalService( 963): CPU temperatures: [52.100002]
05-30 18:36:13.927 I/WifiHAL ( 501): call wifi_get_link_stats handler
05-30 18:36:13.927 I/WifiHAL ( 501): Creating message to get link statistics; iface = 16
05-30 18:36:13.927 D/WifiHAL ( 501): error code -95 mapped to -3
05-30 18:36:13.928 E/WifiStaIfaceAidlImpl( 694): getLinkLayerStats failed with service-specific exception: android.os.ServiceSpecificException: (code 4)
05-30 18:36:14.294 E/btm_sco ( 1184): packages/modules/Bluetooth/system/stack/btm/btm_sco.cc:1137 btm_sco_on_disconnected: Unable to find sco connection
05-30 18:36:14.294 I/btm_acl ( 1184): packages/modules/Bluetooth/system/stack/acl/btm_acl.cc:2740 btm_acl_iso_disconnected: ISO disconnection from GD, handle: 0x10, reason: 0x16
05-30 18:36:14.294 I/bluetooth( 1184): packages/modules/Bluetooth/system/stack/arbiter/acl_arbiter.cc:90 OnLeDisconnect: Notifying Rust of LE disconnection
05-30 18:36:14.294 I/bt ( 1184): bluetooth_core::gatt::arbiter: processing disconnection on transport TransportIndex(0)
05-30 18:36:14.294 I/bluetooth( 1184): packages/modules/Bluetooth/system/stack/eatt/eatt_impl.h:914 disconnect: Device: xx:xx:xx:xx:c0:53, cid: 0xffff
05-30 18:36:14.294 W/bt_stack( 1184): [WARNING:eatt_impl.h(918)] disconnect no eatt device found
05-30 18:36:14.294 I/bluetooth( 1184): packages/modules/Bluetooth/system/stack/gap/gap_ble.cc:304 client_connect_cback: No active GAP service found for peer:xx:xx:xx:xx:c0:53 callback:Disconnected
05-30 18:36:14.294 I/bt_bta_gattc( 1184): packages/modules/Bluetooth/system/bta/gatt/bta_gattc_act.cc:1310 bta_gattc_conn_cback: Disconnected att_id:3 addr:xx:xx:xx:xx:c0:53, transport:BT_TRANSPORT_LE reason:GATT_CONN_TERMINATE_LOCAL_HOST
05-30 18:36:14.295 I/bt_bta_gattc( 1184): packages/modules/Bluetooth/system/bta/gatt/bta_gattc_act.cc:1310 bta_gattc_conn_cback: Disconnected att_id:4 addr:xx:xx:xx:xx:c0:53, transport:BT_TRANSPORT_LE reason:GATT_CONN_TERMINATE_LOCAL_HOST
05-30 18:36:14.295 I/bt_bta_gattc( 1184): packages/modules/Bluetooth/system/bta/gatt/bta_gattc_act.cc:1310 bta_gattc_conn_cback: Disconnected att_id:5 addr:xx:xx:xx:xx:c0:53, transport:BT_TRANSPORT_LE reason:GATT_CONN_TERMINATE_LOCAL_HOST
05-30 18:36:14.295 I/bt_bta_gattc( 1184): packages/modules/Bluetooth/system/bta/gatt/bta_gattc_act.cc:1310 bta_gattc_conn_cback: Disconnected att_id:6 addr:xx:xx:xx:xx:c0:53, transport:BT_TRANSPORT_LE reason:GATT_CONN_TERMINATE_LOCAL_HOST
05-30 18:36:14.295 E/bt_bta_hh( 1184): packages/modules/Bluetooth/system/bta/hh/bta_hh_le.cc:1014 bta_hh_security_cmpl: Encryption failed status:BTA_HH_ERR_SEC btm_status:BTM_ERR_PROCESSING
05-30 18:36:14.295 E/bta_gattc_main( 1184): packages/modules/Bluetooth/system/bta/gatt/bta_gattc_main.cc:395 bta_gattc_hdl_event: Ignore unknown conn ID: 3
05-30 18:36:14.295 E/bta_gattc_main( 1184): packages/modules/Bluetooth/system/bta/gatt/bta_gattc_main.cc:395 bta_gattc_hdl_event: Ignore unknown conn ID: 4
05-30 18:36:14.295 I/bluetooth( 1184): packages/modules/Bluetooth/system/stack/btm/btm_dev.cc:174 BTM_SecDeleteDevice: Remove device xx:xx:xx:xx:c0:53 from filter accept list before delete record
05-30 18:36:14.295 I/bluetooth( 1184): packages/modules/Bluetooth/system/stack/btm/btm_dev.cc:192 BTM_SecDeleteDevice: BTM_SecDeleteDevice xx:xx:xx:xx:c0:53 complete
05-30 18:36:14.295 W/bluetooth( 1184): packages/modules/Bluetooth/system/main/shim/acl.cc:189 Remove: Unknown device being removed from acceptlist:e4:bb:d3:57:c0:53[PUBLIC_DEVICE_ADDRESS]
05-30 18:36:14.295 I/btif_av ( 1184): packages/modules/Bluetooth/system/btif/src/btif_av.cc:3565 btif_av_acl_disconnected: btif_av_acl_disconnected: Peer xx:xx:xx:xx:c0:53 : ACL Disconnected
05-30 18:36:14.295 I/bt_stack( 1184): [INFO:btif_hh.cc(492)] btif_hh_remove_device: bda = xx:xx:xx:xx:c0:53
05-30 18:36:14.295 W/bt_stack( 1184): [WARNING:btif_hh.cc(507)] Oops, can't find device xx:xx:xx:xx:c0:53
05-30 18:36:14.295 I/bt_btif_storage( 1184): packages/modules/Bluetooth/system/btif/src/btif_storage.cc:863 btif_storage_remove_bonded_device: Removing bonded device addr:xx:xx:xx:xx:c0:53
05-30 18:36:14.295 I/bt_btif_storage( 1184): packages/modules/Bluetooth/system/btif/src/btif_storage.cc:1263 btif_storage_remove_ble_bonding_keys: Removing bonding keys for bd addr:xx:xx:xx:xx:c0:53
05-30 18:36:14.296 D/BtGatt.GattService( 1184): onDisconnected() - removing permit for address=E4:BB:D3:57:C0:53
05-30 18:36:14.296 I/bt_btif_dm( 1184): packages/modules/Bluetooth/system/btif/src/btif_dm.cc:489 get_cod: get_cod remote_cod = 0x0000050c
05-30 18:36:14.296 I/bt_btif_dm( 1184): packages/modules/Bluetooth/system/btif/src/btif_dm.cc:571 bond_state_changed: Bond state changed to state=0 [0:none, 1:bonding, 2:bonded], prev_state=0, sdp_attempts = 0
05-30 18:36:14.296 I/bt_btif_dm( 1184): packages/modules/Bluetooth/system/btif/src/btif_dm.cc:620 bond_state_changed: clearing btif pairing_cb
05-30 18:36:14.296 W/bluetooth( 1184): packages/modules/Bluetooth/system/gd/hci/acl_manager/le_impl.h:821 remove_device_from_connect_list: Device not in acceptlist and cannot be removed:e4:bb:d3:57:c0:53[PUBLIC_DEVICE_ADDRESS]
05-30 18:36:14.296 W/bt_bta_hh( 1184): packages/modules/Bluetooth/system/bta/hh/bta_hh_le.cc:1629 bta_hh_le_open_fail: Open failed for device:xx:xx:xx:xx:c0:53
05-30 18:36:14.296 D/BluetoothGatt( 1432): onClientConnectionState() - status=22 clientIf=6 device=E4:BB:D3:57:C0:53
05-30 18:36:14.296 D/BluetoothGatt( 1432): cancelOpen() - device: E4:BB:D3:57:C0:53
05-30 18:36:14.296 I/btif_av ( 1184): packages/modules/Bluetooth/system/btif/src/btif_av.cc:1120 FindOrCreatePeer: BtifAvPeer *BtifAvSource::FindOrCreatePeer(const RawAddress &, tBTA_AV_HNDL): Create peer: peer_address=xx:xx:xx:xx:c0:53 bta_handle=0x41 peer_id=0
05-30 18:36:14.296 I/btif_av ( 1184): packages/modules/Bluetooth/system/btif/src/btif_av.cc:3490 btif_av_get_peer_sep: No active sink or source peer found
05-30 18:36:14.296 I/btif_av ( 1184): packages/modules/Bluetooth/system/btif/src/btif_av.cc:3490 btif_av_get_peer_sep: No active sink or source peer found
05-30 18:36:14.296 I/btif_av ( 1184): packages/modules/Bluetooth/system/btif/src/btif_av.cc:3490 btif_av_get_peer_sep: No active sink or source peer found
05-30 18:36:14.296 I/btif_av ( 1184): packages/modules/Bluetooth/system/btif/src/btif_av.cc:3490 btif_av_get_peer_sep: No active sink or source peer found
05-30 18:36:14.296 I/bt_bta_sys_main( 1184): packages/modules/Bluetooth/system/bta/sys/bta_sys_main.cc:101 bta_sys_event: Ignoring receipt of unregistered event id:HID Human interface device
05-30 18:36:14.296 I/bluetooth( 1184): packages/modules/Bluetooth/system/bta/hearing_aid/hearing_aid.cc:1700 Disconnect: Device not connected to profile xx:xx:xx:xx:c0:53
05-30 18:36:14.296 I/bt_bta_gattc( 1184): packages/modules/Bluetooth/system/bta/gatt/bta_gattc_act.cc:429 bta_gattc_init_bk_conn: Not a connected remote device yet
05-30 18:36:14.296 I/btif_av ( 1184): packages/modules/Bluetooth/system/btif/src/btif_av.cc:1165 DeleteIdlePeers: DeleteIdlePeers: Deleting idle peer: xx:xx:xx:xx:c0:53 bta_handle=0x41
05-30 18:36:14.296 I/bluetooth( 1184): packages/modules/Bluetooth/system/gd/hci/le_address_manager.cc:265 ack_pause: Client already in paused state
05-30 18:36:14.296 I/bluetooth( 1184): packages/modules/Bluetooth/system/gd/hci/le_address_manager.cc:265 ack_pause: Client already in paused state
05-30 18:36:14.296 I/bluetooth( 1184): packages/modules/Bluetooth/system/gd/hci/le_address_manager.cc:265 ack_pause: Client already in paused state
05-30 18:36:14.296 I/bt_stack( 1184): [INFO:gatt_api.cc(1514)] GATT_CancelConnect: gatt_if:5, address: xx:xx:xx:xx:c0:53, direct:0
05-30 18:36:14.299 D/BluetoothGatt( 1432): close()
05-30 18:36:14.299 D/BluetoothGatt( 1432): unregisterApp() - mClientIf=6
05-30 18:36:14.299 W/BatteryService( 1184): getBatteryService(): service is NULL
05-30 18:36:14.299 V/BluetoothDatabase( 1184): getProfileConnectionPolicy: device XX:XX:XX:XX:C0:53 profile=A2DP, connectionPolicy=-1
05-30 18:36:14.300 V/BluetoothDatabase( 1184): getProfileConnectionPolicy: device XX:XX:XX:XX:C0:53 profile=HEADSET, connectionPolicy=-1
05-30 18:36:14.300 V/BluetoothDatabase( 1184): getProfileConnectionPolicy: device XX:XX:XX:XX:C0:53 profile=HID_HOST, connectionPolicy=100
05-30 18:36:14.304 I/bluetooth( 1184): packages/modules/Bluetooth/system/gd/hci/le_address_manager.cc:596 OnCommandComplete: Received command complete with op_code LE_ADD_DEVICE_TO_FILTER_ACCEPT_LIST
05-30 18:36:14.307 I/bluetooth( 1184): packages/modules/Bluetooth/system/gd/hci/le_address_manager.cc:596 OnCommandComplete: Received command complete with op_code LE_REMOVE_DEVICE_FROM_FILTER_ACCEPT_LIST
05-30 18:36:14.307 I/bluetooth( 1184): packages/modules/Bluetooth/system/gd/hci/le_address_manager.cc:294 resume_registered_clients: Resuming registered clients
05-30 18:36:14.307 I/bluetooth( 1184): packages/modules/Bluetooth/system/gd/hci/acl_manager/le_impl.h:906 arm_connectability: Ignored request to re-arm le connection state machine when filter accept list is empty
05-30 18:36:14.308 I/bluetooth( 1184): packages/modules/Bluetooth/system/gd/hci/le_address_manager.cc:193 unregister_client: Client unregistered
05-30 18:36:14.309 I/BluetoothBondStateMachine( 1184): bondStateChangeCallback: Status: 0 Address: XX:XX:XX:XX:C0:53 newState: 0 hciReason: 0
05-30 18:36:14.311 I/bt_btif_gattc( 1184): packages/modules/Bluetooth/system/btif/src/btif_gatt_client.cc:360 btif_gattc_close_impl: client_if=6, conn_id=0, address=xx:xx:xx:xx:c0:53
05-30 18:36:14.311 D/BluetoothHidHostService( 1184): Connection state XX:XX:XX:XX:C0:53: 0->1
05-30 18:36:14.311 E/bt_stack( 1184): [ERROR:bta_gattc_act.cc(312)] No such connection need to be cancelled
05-30 18:36:14.312 I/bt_stack( 1184): [INFO:gatt_api.cc(1514)] GATT_CancelConnect: gatt_if:6, address: xx:xx:xx:xx:c0:53, direct:0
05-30 18:36:14.312 W/bluetooth( 1184): packages/modules/Bluetooth/system/stack/gatt/connection_manager.cc:342 background_connect_remove: address xx:xx:xx:xx:c0:53 is not found
05-30 18:36:14.312 E/bt_bta_gattc( 1184): packages/modules/Bluetooth/system/bta/gatt/bta_gattc_act.cc:467 bta_gattc_cancel_bk_conn: failed for client_if=6, remote_bda=xx:xx:xx:xx:c0:53, is_direct=false
05-30 18:36:14.312 I/bt_stack( 1184): [INFO:gatt_api.cc(1279)] GATT_Deregister gatt_if=6
05-30 18:36:14.312 W/bt_btif ( 1184): packages/modules/Bluetooth/system/main/bte_logmsg.cc:108 LogMsg: Error: cannot find device with handle 16
05-30 18:36:14.315 D/AdapterProperties( 1184): Removing bonded device:XX:XX:XX:XX:C0:53
05-30 18:36:14.315 I/BLE_Service( 963): >ACL LINK DISCONNECTED [Dangbei]
05-30 18:36:14.315 D/BluetoothRemoteDevices( 1184): removeDualDevicesMapXX:XX:XX:XX:C0:53
05-30 18:36:14.317 D/BluetoothRemoteDevices( 1184): mDualDevicesMap not have E4:BB:D3:57:C0:53
05-30 18:36:14.319 D/OomAdjuster( 694): Not killing cached processes
05-30 18:36:14.322 I/dangbei111( 1432): cccccc on receiver=android.bluetooth.device.action.ACL_DISCONNECTED,mac=E4:BB:D3:57:C0:53
05-30 18:36:14.323 D/CachedBluetoothDevice( 963): onProfileStateChanged: profile HID, device XX:XX:XX:XX:C0:53, newProfileState 1
05-30 18:36:14.323 D/BluetoothAdapter( 963): getActiveDevices(profile= A2DP)
05-30 18:36:14.323 D/BluetoothHidHostService( 1184): Connection state XX:XX:XX:XX:C0:53: 1->0
05-30 18:36:14.325 E/ccc ( 1432): cccccc 这里接到ACTION_ACL_DISCONNECTED 开启scan 10
05-30 18:36:14.327 I/BluetoothAdapterService( 1184): getActiveDevices: A2dp device: null
05-30 18:36:14.327 D/BluetoothAdapter( 963): getActiveDevices(profile= HEADSET)
05-30 18:36:14.330 E/dangbei111( 1432): cccccc 开始扫描
05-30 18:36:14.331 D/BluetoothAdapter( 1432): isLeEnabled(): ON
05-30 18:36:14.333 I/BluetoothAdapterService( 1184): getActiveDevices: Headset device: null
05-30 18:36:14.334 D/BluetoothAdapter( 963): getActiveDevices(profile= HEARING_AID)
05-30 18:36:14.336 I/BluetoothAdapterService( 1184): getActiveDevices: Hearing Aid devices: Left[null] - Right[null]
05-30 18:36:14.336 D/AdapterProperties( 1184): PROFILE_CONNECTION_STATE_CHANGE: profile=4, device=XX:XX:XX:XX:C0:53, 0 -> 1
05-30 18:36:14.337 I/BluetoothBondStateMachine( 1184): Bond State Change Intent:XX:XX:XX:XX:C0:53 BOND_BONDED => BOND_NONE
05-30 18:36:14.338 W/HeadsetClientService( 1184): getHeadsetClientService(): service is null
05-30 18:36:14.338 W/PbapClientService( 1184): getPbapClientService(): service is null
05-30 18:36:14.339 V/BluetoothDatabase( 1184): setProfileConnectionPolicy: device XX:XX:XX:XX:C0:53 profile=HID_HOST, connectionPolicy=-1
05-30 18:36:14.339 D/BluetoothDatabase( 1184): updateDatabase XX:XX:XX:XX:C0:53
05-30 18:36:14.340 D/FastPairService( 694): onReceive: ACTION_BOND_STATE_CHANGED
05-30 18:36:14.340 D/FastPairService( 694): Forget device detect
05-30 18:36:14.342 D/A2dpService( 1184): Saved connectionPolicy XX:XX:XX:XX:C0:53 = -1
05-30 18:36:14.342 D/CachedBluetoothDevice( 949): onProfileStateChanged: profile HID, device XX:XX:XX:XX:C0:53, newProfileState 1
05-30 18:36:14.342 V/BluetoothDatabase( 1184): setProfileConnectionPolicy connection policy not changed.
05-30 18:36:14.342 D/BluetoothAdapter( 949): getActiveDevices(profile= A2DP)
05-30 18:36:14.342 I/HeadsetService( 1184): setConnectionPolicy: device=XX:XX:XX:XX:C0:53, connectionPolicy=-1, uid/pid=1002/1184
05-30 18:36:14.342 V/BluetoothDatabase( 1184): setProfileConnectionPolicy connection policy not changed.
05-30 18:36:14.342 I/BluetoothBondStateMachine( 1184): StableState(): Entering Off State
05-30 18:36:14.344 D/AdapterProperties( 1184): ADAPTER_CONNECTION_STATE_CHANGE: XX:XX:XX:XX:C0:53: 0 -> 1
05-30 18:36:14.345 I/BluetoothAdapterService( 1184): getActiveDevices: A2dp device: null
05-30 18:36:14.346 D/BluetoothAdapter( 949): getActiveDevices(profile= HEADSET)
05-30 18:36:14.349 D/A2dpService( 1184): Bond state changed for device: XX:XX:XX:XX:C0:53 state: 10
05-30 18:36:14.350 D/HearingAidService( 1184): Bond state changed for device: XX:XX:XX:XX:C0:53 state: 10
05-30 18:36:14.350 I/wpa_supplicant( 1140): wpa_driver_nl80211_driver_cmd: wifi vendor: aml_w2_s
05-30 18:36:14.351 I/wpa_supplicant( 1140): wpa_driver_nl80211_driver_cmd: wlan0: private command: BTCOEXSCAN-START
05-30 18:36:14.351 D/AdapterProperties( 1184): PROFILE_CONNECTION_STATE_CHANGE: profile=4, device=XX:XX:XX:XX:C0:53, 1 -> 0
05-30 18:36:14.352 I/BLE_Service( 963): BOND STATE CHANGED [Dangbei] - was 12, now is 10
05-30 18:36:14.354 D/AdapterProperties( 1184): ADAPTER_CONNECTION_STATE_CHANGE: XX:XX:XX:XX:C0:53: 1 -> 0
05-30 18:36:14.354 I/BluetoothAdapterService( 1184): getActiveDevices: Headset device: null
05-30 18:36:14.355 D/BluetoothAdapter( 949): getActiveDevices(profile= HEARING_AID)
05-30 18:36:14.357 I/wpa_supplicant( 1140): wpa_driver_nl80211_driver_cmd: wifi vendor: aml_w2_s
05-30 18:36:14.357 I/wpa_supplicant( 1140): wpa_driver_nl80211_driver_cmd: wlan0: private command: BTCOEXSCAN-STOP
05-30 18:36:14.359 D/BluetoothDatabase( 1184): getCustomMeta: device XX:XX:XX:XX:C0:53 is not in cache
05-30 18:36:14.360 I/dangbei111( 1432): cccccc on receiver=android.bluetooth.device.action.BOND_STATE_CHANGED,mac=E4:BB:D3:57:C0:53
05-30 18:36:14.360 I/dangbei111( 1432): Wait for auto connection, processBondStateChange: bondState: 12 --> 10
05-30 18:36:14.363 I/BluetoothAdapterService( 1184): getActiveDevices: Hearing Aid devices: Left[null] - Right[null]
05-30 18:36:14.365 D/BluetoothDatabase( 1184): getCustomMeta: device XX:XX:XX:XX:C0:53 is not in cache
05-30 18:36:14.368 E/dangbei111( 1432): cccccc 开始扫描
05-30 18:36:14.369 D/BluetoothAdapter( 1432): isLeEnabled(): ON
05-30 18:36:14.374 D/BluetoothDatabase( 1184): getCustomMeta: device XX:XX:XX:XX:C0:53 is not in cache
05-30 18:36:14.376 I/BLE_Service( 963): Remove BOND STATE CHANGED [Dangbei] - addr is E4:BB:D3:57:C0:53
05-30 18:36:14.376 W/System.err( 963): java.io.FileNotFoundException: /sys/class/aml_btusb/aml_btusb/aml_rclist: open failed: ENOENT (No such file or directory)
05-30 18:36:14.376 W/System.err( 963): at libcore.io.IoBridge.open(IoBridge.java:574)
05-30 18:36:14.377 W/System.err( 963): at java.io.FileInputStream.(FileInputStream.java:160)
05-30 18:36:14.377 W/System.err( 963): at java.io.FileInputStream.(FileInputStream.java:115)
05-30 18:36:14.377 W/System.err( 963): at java.io.FileReader.(FileReader.java:60)
05-30 18:36:14.377 W/System.err( 963): at com.droidlogic.btpair.DialogBluetoothService.readFileToString(DialogBluetoothService.java:281)
05-30 18:36:14.377 W/System.err( 963): at com.droidlogic.btpair.DialogBluetoothService.removeMacAddressFromFile(DialogBluetoothService.java:257)
05-30 18:36:14.377 W/System.err( 963): at com.droidlogic.btpair.DialogBluetoothService.-$$Nest$mremoveMacAddressFromFile(Unknown Source:0)
05-30 18:36:14.377 W/System.err( 963): at com.droidlogic.btpair.DialogBluetoothService$1.onReceive(DialogBluetoothService.java:240)
05-30 18:36:14.377 W/System.err( 963): at android.app.LoadedApk$ReceiverDispatcher$Args.lambda$getRunnable$0(LoadedApk.java:1811)
05-30 18:36:14.377 W/System.err( 963): at android.app.LoadedApk$ReceiverDispatcher$Args.$r8$lambda$gDuJqgxY6Zb-ifyeubKeivTLAwk(Unknown Source:0)
05-30 18:36:14.377 W/System.err( 963): at android.app.LoadedApk$ReceiverDispatcher$Args$$ExternalSyntheticLambda0.run(Unknown Source:2)
05-30 18:36:14.377 W/System.err( 963): at android.os.Handler.handleCallback(Handler.java:958)
05-30 18:36:14.377 W/System.err( 963): at android.os.Handler.dispatchMessage(Handler.java:99)
05-30 18:36:14.377 W/System.err( 963): at android.os.Looper.loopOnce(Looper.java:205)
05-30 18:36:14.377 W/System.err( 963): at android.os.Looper.loop(Looper.java:294)
05-30 18:36:14.377 W/System.err( 963): at android.app.ActivityThread.main(ActivityThread.java:8255)
05-30 18:36:14.377 W/System.err( 963): at java.lang.reflect.Method.invoke(Native Method)
05-30 18:36:14.377 W/System.err( 963): at com.android.internal.os.RuntimeInit$MethodAndArgsCaller.run(RuntimeInit.java:552)
05-30 18:36:14.377 W/System.err( 963): at com.android.internal.os.ZygoteInit.main(ZygoteInit.java:978)
05-30 18:36:14.377 W/System.err( 963): Caused by: android.system.ErrnoException: open failed: ENOENT (No such file or directory)
05-30 18:36:14.377 W/System.err( 963): at libcore.io.Linux.open(Native Method)
05-30 18:36:14.377 W/System.err( 963): at libcore.io.ForwardingOs.open(ForwardingOs.java:563)
05-30 18:36:14.377 W/System.err( 963): at libcore.io.BlockGuardOs.open(BlockGuardOs.java:274)
05-30 18:36:14.377 W/System.err( 963): at libcore.io.ForwardingOs.open(ForwardingOs.java:563)
05-30 18:36:14.377 W/System.err( 963): at android.app.ActivityThread$AndroidOs.open(ActivityThread.java:8138)
05-30 18:36:14.377 W/System.err( 963): at libcore.io.IoBridge.open(IoBridge.java:560)
05-30 18:36:14.377 W/System.err( 963): ... 18 more
05-30 18:36:14.377 I/BLE_Service( 963): Current MAC addresses in file:
05-30 18:36:14.378 D/BluetoothDatabase( 1184): getCustomMeta: device XX:XX:XX:XX:C0:53 is not in cache
05-30 18:36:14.382 W/BLE_Service( 963): remote_type:IR_NONE
05-30 18:36:14.382 W/ContextImpl( 963): Calling a method in the system process without a qualified user: android.app.ContextImpl.startActivity:1102 android.content.ContextWrapper.startActivity:436 com.droidlogic.btpair.DialogBluetoothService$1.onReceive:248 android.app.LoadedApk$ReceiverDispatcher$Args.lambda$getRunnable$0:1811 android.app.LoadedApk$ReceiverDispatcher$Args.$r8$lambda$gDuJqgxY6Zb-ifyeubKeivTLAwk:0
05-30 18:36:14.382 W/ContextImpl( 963): Calling a method in the system process without a qualified user: android.app.ContextImpl.startActivity:1114 android.app.ContextImpl.startActivity:1103 android.content.ContextWrapper.startActivity:436 com.droidlogic.btpair.DialogBluetoothService$1.onReceive:248 android.app.LoadedApk$ReceiverDispatcher$Args.lambda$getRunnable$0:1811
05-30 18:36:14.380 I/adbd ( 1383): type=1400 audit(0.0:1075): avc: denied { read } for path="socket:[32951]" dev="sockfs" ino=32951 scontext=u:r:su:s0 tcontext=u:r:su:s0 tclass=tcp_socket permissive=1
05-30 18:36:14.385 I/ActivityTaskManager( 694): START u0 {flg=0x10000000 cmp=com.android.tv.settings/.accessories.AddAccessoryActivity (has extras)} with LAUNCH_MULTIPLE from uid 1000 result code=-92
05-30 18:36:14.385 D/AndroidRuntime( 963): Shutting down VM --------- beginning of crash
05-30 18:36:14.386 E/AndroidRuntime( 963): FATAL EXCEPTION: main
05-30 18:36:14.386 E/AndroidRuntime( 963): Process: com.droidlogic, PID: 963
05-30 18:36:14.386 E/AndroidRuntime( 963): java.lang.RuntimeException: Error receiving broadcast Intent { act=android.bluetooth.device.action.BOND_STATE_CHANGED flg=0x10 (has extras) } in com.droidlogic.btpair.DialogBluetoothService$1@6eccb3c
05-30 18:36:14.386 E/AndroidRuntime( 963): at android.app.LoadedApk$ReceiverDispatcher$Args.lambda$getRunnable$0(LoadedApk.java:1819)
05-30 18:36:14.386 E/AndroidRuntime( 963): at android.app.LoadedApk$ReceiverDispatcher$Args.$r8$lambda$gDuJqgxY6Zb-ifyeubKeivTLAwk(Unknown Source:0)
05-30 18:36:14.386 E/AndroidRuntime( 963): at android.app.LoadedApk$ReceiverDispatcher$Args$$ExternalSyntheticLambda0.run(Unknown Source:2)
05-30 18:36:14.386 E/AndroidRuntime( 963): at android.os.Handler.handleCallback(Handler.java:958)
05-30 18:36:14.386 E/AndroidRuntime( 963): at android.os.Handler.dispatchMessage(Handler.java:99)
05-30 18:36:14.386 E/AndroidRuntime( 963): at android.os.Looper.loopOnce(Looper.java:205)
05-30 18:36:14.386 E/AndroidRuntime( 963): at android.os.Looper.loop(Looper.java:294)
05-30 18:36:14.386 E/AndroidRuntime( 963): at android.app.ActivityThread.main(ActivityThread.java:8255)
05-30 18:36:14.386 E/AndroidRuntime( 963): at java.lang.reflect.Method.invoke(Native Method)
05-30 18:36:14.386 E/AndroidRuntime( 963): at com.android.internal.os.RuntimeInit$MethodAndArgsCaller.run(RuntimeInit.java:552)
05-30 18:36:14.386 E/AndroidRuntime( 963): at com.android.internal.os.ZygoteInit.main(ZygoteInit.java:978)
05-30 18:36:14.386 E/AndroidRuntime( 963): Caused by: android.content.ActivityNotFoundException: Unable to find explicit activity class {com.android.tv.settings/com.android.tv.settings.accessories.AddAccessoryActivity}; have you declared this activity in your AndroidManifest.xml, or does your intent not match its declared ?
05-30 18:36:14.386 E/AndroidRuntime( 963): at android.app.Instrumentation.checkStartActivityResult(Instrumentation.java:2236)
05-30 18:36:14.386 E/AndroidRuntime( 963): at android.app.Instrumentation.execStartActivity(Instrumentation.java:1878)
05-30 18:36:14.386 E/AndroidRuntime( 963): at android.app.ContextImpl.startActivity(ContextImpl.java:1132)
05-30 18:36:14.386 E/AndroidRuntime( 963): at android.app.ContextImpl.startActivity(ContextImpl.java:1103)
05-30 18:36:14.386 E/AndroidRuntime( 963): at android.content.ContextWrapper.startActivity(ContextWrapper.java:436)
05-30 18:36:14.386 E/AndroidRuntime( 963): at com.droidlogic.btpair.DialogBluetoothService$1.onReceive(DialogBluetoothService.java:248)
05-30 18:36:14.386 E/AndroidRuntime( 963): at android.app.LoadedApk$ReceiverDispatcher$Args.lambda$getRunnable$0(LoadedApk.java:1811)
05-30 18:36:14.386 E/AndroidRuntime( 963): ... 10 more
05-30 18:36:14.380 I/adbd ( 1383): type=1400 audit(0.0:1076): avc: denied { write } for path="socket:[32951]" dev="sockfs" ino=32951 scontext=u:r:su:s0 tcontext=u:r:su:s0 tclass=tcp_socket permissive=1
05-30 18:36:14.390 I/DropBoxManagerService( 694): add tag=system_app_crash isTagEnabled=true flags=0x2
05-30 18:36:14.393 I/Process ( 963): Sending signal. PID: 963 SIG: 9
05-30 18:36:14.396 D/BluetoothDatabase( 1184): getCustomMeta: device XX:XX:XX:XX:C0:53 is not in cache
05-30 18:36:14.407 D/BluetoothDatabase( 1184): getCustomMeta: device XX:XX:XX:XX:C0:53 is not in cache
05-30 18:36:14.409 I/android.hardware.bluetooth@1.0-impl( 479): [HandleIncomingEvent-549]: rec adv direct packet
05-30 18:36:14.410 W/BluetoothEventManager( 949): showUnbondMessage: Not displaying any message for reason: 9
05-30 18:36:14.410 I/LocalBluetoothProfileManager( 949): Failed to connect HID device
05-30 18:36:14.410 D/CachedBluetoothDevice( 949): onProfileStateChanged: profile HID, device XX:XX:XX:XX:C0:53, newProfileState 0
05-30 18:36:14.411 D/BluetoothAdapter( 949): getActiveDevices(profile= A2DP)
05-30 18:36:14.411 I/android.hardware.bluetooth@1.0-impl( 479): [HandleIncomingEvent-549]: rec adv direct packet
05-30 18:36:14.413 I/BluetoothAdapterService( 1184): getActiveDevices: A2dp device: null
05-30 18:36:14.413 I/android.hardware.bluetooth@1.0-impl( 479): [HandleIncomingEvent-549]: rec adv direct packet
05-30 18:36:14.414 D/BluetoothAdapter( 949): getActiveDevices(profile= HEADSET)
05-30 18:36:14.415 I/android.hardware.bluetooth@1.0-impl( 479): [HandleIncomingEvent-549]: rec adv direct packet
05-30 18:36:14.415 I/BluetoothAdapterService( 1184): getActiveDevices: Headset device: null
05-30 18:36:14.416 D/BluetoothAdapter( 949): getActiveDevices(profile= HEARING_AID)
05-30 18:36:14.419 I/android.hardware.bluetooth@1.0-impl( 479): [HandleIncomingEvent-549]: rec adv direct packet
05-30 18:36:14.419 I/BluetoothAdapterService( 1184): getActiveDevices: Hearing Aid devices: Left[null] - Right[null]
05-30 18:36:14.420 I/android.hardware.bluetooth@1.0-impl( 479): [HandleIncomingEvent-549]: rec adv direct packet
05-30 18:36:14.422 I/android.hardware.bluetooth@1.0-impl( 479): [HandleIncomingEvent-549]: rec adv direct packet
05-30 18:36:14.425 D/BluetoothDatabase( 1184): getCustomMeta: device XX:XX:XX:XX:C0:53 is not in cache
05-30 18:36:14.425 W/DroidAudio( 243): [clientDied:99] client:0xf1a03edc death...
05-30 18:36:14.425 W/DroidAudio( 243): [removeNotificationClient:59] pid:963, uid:1000 death...
05-30 18:36:14.425 E/IPCThreadState( 243): attemptIncStrongHandle(3): Not supported
05-30 18:36:14.425 I/Zygote ( 465): Process 963 exited due to signal 9 (Killed)
05-30 18:36:14.426 I/ActivityManager( 694): Process com.droidlogic (pid 963) has died: pers PER
05-30 18:36:14.426 I/android.hardware.bluetooth@1.0-impl( 479): [HandleIncomingEvent-549]: rec adv direct packet
05-30 18:36:14.426 I/libprocessgroup( 694): Successfully killed process cgroup uid 1000 pid 963 in 0ms
05-30 18:36:14.426 E/SystemControl( 316): systemcontrol daemon client died cookie:4
05-30 18:36:14.427 W/ActivityManager( 694): Scheduling restart of crashed service com.droidlogic/.btpair.AudioVideoDevReconnectService in 0ms for persistent
05-30 18:36:14.428 W/ActivityManager( 694): Scheduling restart of crashed service com.droidlogic/.hdmi.HdmiCecService in 0ms for persistent
05-30 18:36:14.428 W/ActivityManager( 694): Scheduling restart of crashed service com.droidlogic/.audioservice.services.AudioEffectsService in 0ms for persistent
05-30 18:36:14.428 W/ActivityManager( 694): Scheduling restart of crashed service com.droidlogic/.AiPqService in 0ms for persistent
05-30 18:36:14.428 W/ActivityManager( 694): Scheduling restart of crashed service com.droidlogic/.NtpService in 0ms for persistent
05-30 18:36:14.428 W/ActivityManager( 694): Scheduling restart of crashed service com.droidlogic/.ThermalService in 0ms for persistent
05-30 18:36:14.428 W/ActivityManager( 694): Scheduling restart of crashed service com.droidlogic/.FrameRateService in 0ms for persistent
05-30 18:36:14.428 W/ActivityManager( 694): Scheduling restart of crashed service com.droidlogic/.ShutdownService in 0ms for persistent
05-30 18:36:14.428 W/ActivityManager( 694): Scheduling restart of crashed service com.droidlogic/.btpair.DialogBluetoothService in 0ms for persistent
05-30 18:36:14.428 W/ActivityManager( 694): Re-adding persistent process ProcessRecord{fd7aca7 963:com.droidlogic/1000}
05-30 18:36:14.429 I/android.hardware.bluetooth@1.0-impl( 479): [HandleIncomingEvent-549]: rec adv direct packet
05-30 18:36:14.429 I/ActivityManager( 694): com.droidlogic is exempt from freezer
05-30 18:36:14.429 D/CompatibilityChangeReporter( 694): Compat change id reported: 135634846; UID 1000; state: DISABLED
05-30 18:36:14.429 D/BluetoothDatabase( 1184): getCustomMeta: device XX:XX:XX:XX:C0:53 is not in cache
05-30 18:36:14.431 I/android.hardware.bluetooth@1.0-impl( 479): [HandleIncomingEvent-549]: rec adv direct packet
05-30 18:36:14.431 E/ActivityManager( 694): Restarting service that is not needed: ServiceRecord{995b30a u0 com.droidlogic/.AiPqService}
05-30 18:36:14.432 E/ActivityManager( 694): Restarting service that is not needed: ServiceRecord{1c43465 u0 com.droidlogic/.FrameRateService}
05-30 18:36:14.432 I/android.hardware.bluetooth@1.0-impl( 479): [HandleIncomingEvent-549]: rec adv direct packet
05-30 18:36:14.436 I/android.hardware.bluetooth@1.0-impl( 479): [HandleIncomingEvent-549]: rec adv direct packet
05-30 18:36:14.437 I/android.hardware.bluetooth@1.0-impl( 479): [HandleIncomingEvent-549]: rec adv direct packet
05-30 18:36:14.439 I/android.hardware.bluetooth@1.0-impl( 479): [HandleIncomingEvent-549]: rec adv direct packet
05-30 18:36:14.443 I/android.hardware.bluetooth@1.0-impl( 479): [HandleIncomingEvent-549]: rec adv direct packet
05-30 18:36:14.443 I/android.hardware.bluetooth@1.0-impl( 479): [HandleIncomingEvent-549]: rec adv direct packet
05-30 18:36:14.444 I/android.hardware.bluetooth@1.0-impl( 479): [HandleIncomingEvent-549]: rec adv direct packet
05-30 18:36:14.446 D/Zygote ( 465): Forked child process 2534
05-30 18:36:14.447 I/ActivityManager( 694): Start proc 2534:com.droidlogic/1000 for restart com.droidlogic
05-30 18:36:14.454 I/Zygote ( 2534): seccomp disabled by setenforce 0
05-30 18:36:14.456 I/android.hardware.bluetooth@1.0-impl( 479): [HandleIncomingEvent-549]: rec adv direct packet
05-30 18:36:14.458 I/android.hardware.bluetooth@1.0-impl( 479): [HandleIncomingEvent-549]: rec adv direct packet
05-30 18:36:14.460 I/android.hardware.bluetooth@1.0-impl( 479): [HandleIncomingEvent-549]: rec adv direct packet
05-30 18:36:14.461 I/android.hardware.bluetooth@1.0-impl( 479): [HandleIncomingEvent-549]: rec adv direct packet
05-30 18:36:14.462 I/com.droidlogic( 2534): Using CollectorTypeCC GC.
05-30 18:36:14.463 I/android.hardware.bluetooth@1.0-impl( 479): [HandleIncomingEvent-549]: rec adv direct packet
05-30 18:36:14.465 I/android.hardware.bluetooth@1.0-impl( 479): [HandleIncomingEvent-549]: rec adv direct packet
05-30 18:36:14.464 I/adbd ( 1383): type=1400 audit(0.0:1077): avc: denied { use } for path="anon_inode:[eventfd]" dev="anon_inodefs" ino=10204 scontext=u:r:su:s0 tcontext=u:r:adbd:s0 tclass=fd permissive=1
05-30 18:36:14.470 E/com.droidlogic( 2534): Not starting debugger since process cannot load the jdwp agent.
05-30 18:36:14.478 I/android.hardware.bluetooth@1.0-impl( 479): [HandleIncomingEvent-549]: rec adv direct packet
05-30 18:36:14.480 I/android.hardware.bluetooth@1.0-impl( 479): [HandleIncomingEvent-549]: rec adv direct packet
05-30 18:36:14.480 D/CompatibilityChangeReporter( 694): Compat change id reported: 168419799; UID 1000; state: DISABLED
05-30 18:36:14.480 D/CompatibilityChangeReporter( 694): Compat change id reported: 273564678; UID 1000; state: DISABLED
05-30 18:36:14.483 I/android.hardware.bluetooth@1.0-impl( 479): [HandleIncomingEvent-549]: rec adv direct packet
05-30 18:36:14.485 D/CompatibilityChangeReporter( 2534): Compat change id reported: 171979766; UID 1000; state: ENABLED
05-30 18:36:14.485 D/CompatibilityChangeReporter( 2534): Compat change id reported: 242716250; UID 1000; state: ENABLED
05-30 18:36:14.495 D/nativeloader( 2534): Configuring clns-shared-4 for other apk /vendor/framework/droidlogic.software.core.jar. target_sdk_version=34, uses_libraries=ALL, library_path=/system_ext/priv-app/droidlogic-res/lib/arm:/system_ext/priv-app/droidlogic-res/droidlogic-res.apk!/lib/armeabi-v7a:/system/lib:/system_ext/lib, permitted_path=/data:/mnt/expand:/data/user_de/0/com.droidlogic:/system_ext/priv-app/droidlogic-res:/system/lib:/system_ext/lib
05-30 18:36:14.499 I/android.hardware.bluetooth@1.0-impl( 479): [HandleIncomingEvent-549]: rec adv direct packet
05-30 18:36:14.500 W/com.droidlogic( 2534): ClassLoaderContext shared library size mismatch. Expected=3, found=1 (PCL[]{PCL[/vendor/framework/droidlogic.software.core.jar*243237330]#PCL[/system_ext/framework/androidx.window.extensions.jar*875812793]#PCL[/system_ext/framework/androidx.window.sidecar.jar*2298648165]} | PCL[]{PCL[/vendor/framework/droidlogic.software.core.jar*243237330]})
05-30 18:36:14.501 I/android.hardware.bluetooth@1.0-impl( 479): [HandleIncomingEvent-549]: rec adv direct packet
05-30 18:36:14.504 I/android.hardware.bluetooth@1.0-impl( 479): [HandleIncomingEvent-549]: rec adv direct packet
05-30 18:36:14.505 I/android.hardware.bluetooth@1.0-impl( 479): [HandleIncomingEvent-549]: rec adv direct packet
05-30 18:36:14.507 D/nativeloader( 2534): Configuring clns-shared-5 for other apk /system_ext/priv-app/droidlogic-res/droidlogic-res.apk. target_sdk_version=34, uses_libraries=, library_path=/system_ext/priv-app/droidlogic-res/lib/arm:/system_ext/priv-app/droidlogic-res/droidlogic-res.apk!/lib/armeabi-v7a:/system/lib:/system_ext/lib, permitted_path=/data:/mnt/expand:/data/user_de/0/com.droidlogic:/system_ext/priv-app/droidlogic-res:/system/lib:/system_ext/lib
05-30 18:36:14.507 I/android.hardware.bluetooth@1.0-impl( 479): [HandleIncomingEvent-549]: rec adv direct packet
05-30 18:36:14.509 I/android.hardware.bluetooth@1.0-impl( 479): [HandleIncomingEvent-549]: rec adv direct packet
05-30 18:36:14.511 I/android.hardware.bluetooth@1.0-impl( 479): [HandleIncomingEvent-549]: rec adv direct packet
05-30 18:36:14.514 I/android.hardware.bluetooth@1.0-impl( 479): [HandleIncomingEvent-549]: rec adv direct packet
05-30 18:36:14.516 I/android.hardware.bluetooth@1.0-impl( 479): [HandleIncomingEvent-549]: rec adv direct packet
05-30 18:36:14.517 I/android.hardware.bluetooth@1.0-impl( 479): [HandleIncomingEvent-549]: rec adv direct packet
05-30 18:36:14.530 I/android.hardware.bluetooth@1.0-impl( 479): [HandleIncomingEvent-549]: rec adv direct packet
05-30 18:36:14.531 I/android.hardware.bluetooth@1.0-impl( 479): [HandleIncomingEvent-549]: rec adv direct packet
05-30 18:36:14.533 I/android.hardware.bluetooth@1.0-impl( 479): [HandleIncomingEvent-549]: rec adv direct packet
05-30 18:36:14.535 I/android.hardware.bluetooth@1.0-impl( 479): [HandleIncomingEvent-549]: rec adv direct packet
05-30 18:36:14.536 I/android.hardware.bluetooth@1.0-impl( 479): [HandleIncomingEvent-549]: rec adv direct packet
05-30 18:36:14.538 I/android.hardware.bluetooth@1.0-impl( 479): [HandleIncomingEvent-549]: rec adv direct packet
