05-30 18:35:14.664 D/nativeloader( 1662): Configuring clns-shared-4 for other apk /system/priv-app/DownloadProvider/DownloadProvider.apk. target_sdk_version=34, uses_libraries=, library_path=/system/priv-app/DownloadProvider/lib/arm:/system/lib:/system_ext/lib, permitted_path=/data:/mnt/expand:/data/user/0/com.android.providers.downloads:/system/priv-app/DownloadProvider:/system/lib:/system_ext/lib
05-30 18:35:14.676 D/nativeloader( 1680): Configuring clns-shared-5 for other apk /system_ext/priv-app/MicToggleProvider/MicToggleProvider.apk. target_sdk_version=34, uses_libraries=, library_path=/system_ext/priv-app/MicToggleProvider/lib/arm:/system_ext/priv-app/MicToggleProvider/MicToggleProvider.apk!/lib/armeabi-v7a:/system/lib:/system_ext/lib, permitted_path=/data:/mnt/expand:/data/user/0/com.droidlogic.mictoggle:/system_ext/priv-app/MicToggleProvider:/system/lib:/system_ext/lib
05-30 18:35:14.685 I/update_engine( 624): [INFO:delta_performer.cc(1387)] Resetting recorded hash for prepared partitions.
05-30 18:35:14.690 E/update_engine( 624): [ERROR:snapshot.cpp(2929)] Read state file failed: No such file or directory
05-30 18:35:14.692 E/ccc ( 1432): cccccc 只是做下reset 哈
05-30 18:35:14.694 I/MMKV ( 1432): loading [mmkv.default] with 3186 actual size, file size 4096, InterProcess 0, meta info version:3
05-30 18:35:14.695 I/MMKV ( 1432): loading [mmkv.default] with crc 281261678 sequence 2 version 3
05-30 18:35:14.695 I/MMKV ( 1432): loaded [mmkv.default] with 9 key-values
05-30 18:35:14.695 V/GraphicsEnvironment( 1662): Currently set values for:
05-30 18:35:14.695 V/GraphicsEnvironment( 1662): angle_gl_driver_selection_pkgs=[]
05-30 18:35:14.695 V/GraphicsEnvironment( 1662): angle_gl_driver_selection_values=[]
05-30 18:35:14.697 E/ccc ( 1432): cccccc updateHelper 通知更新
05-30 18:35:14.698 E/ccc ( 1432): cccccc updateHelper 通知更新
05-30 18:35:14.699 E/ccc ( 1432): cccccc updateHelper 通知更新
05-30 18:35:14.707 D/CompatibilityChangeReporter( 1432): Compat change id reported: 263076149; UID 1000; state: DISABLED
05-30 18:35:14.713 V/GraphicsEnvironment( 1680): Currently set values for:
05-30 18:35:14.714 V/GraphicsEnvironment( 1680): angle_gl_driver_selection_pkgs=[]
05-30 18:35:14.716 V/GraphicsEnvironment( 1662): ANGLE GameManagerService for com.android.providers.downloads: false
05-30 18:35:14.716 V/GraphicsEnvironment( 1662): com.android.providers.downloads is not listed in per-application setting
05-30 18:35:14.716 V/GraphicsEnvironment( 1662): Neither updatable production driver nor prerelease driver is supported.
05-30 18:35:14.714 V/GraphicsEnvironment( 1680): angle_gl_driver_selection_values=[]
05-30 18:35:14.717 V/GraphicsEnvironment( 1680): ANGLE GameManagerService for com.droidlogic.mictoggle: false
05-30 18:35:14.717 V/GraphicsEnvironment( 1680): com.droidlogic.mictoggle is not listed in per-application setting
05-30 18:35:14.719 V/GraphicsEnvironment( 1680): Neither updatable production driver nor prerelease driver is supported.
05-30 18:35:14.724 D/CompatibilityChangeReporter( 694): Compat change id reported: 261072174; UID 1000; state: DISABLED
05-30 18:35:14.726 E/ccc ( 1432): cccccc hdmi plug reset
05-30 18:35:14.727 E/ccc ( 1432): cccccc etna-service onCreate
05-30 18:35:14.729 W/ContextImpl( 1432): Calling a method in the system process without a qualified user: android.app.ContextImpl.sendBroadcast:1220 android.content.ContextWrapper.sendBroadcast:504 com.dangbei.lerad.etna.core.EtnaManager.sendRebootBroadcast:82 com.dangbei.lerad.etna.core.EtnaService.onStartCommand:89 android.app.ActivityThread.handleServiceArgs:4866
05-30 18:35:14.730 E/ccc ( 1432): cccccc etna-service onStartCommand
05-30 18:35:14.733 E/CoreService( 1432): onStartCommand
05-30 18:35:14.734 E/ccc ( 1432): cccccc etnaService addListener com.dangbei.lerad.etna.lib.client.EtnaServerListener@502d017 com.dangbei.etna.update
05-30 18:35:14.734 E/ccc ( 1432): cccccc UpdateHelper onServerConnected
05-30 18:35:14.734 E/ccc ( 1432): cccccc etnaService addListener com.dangbei.lerad.etna.lib.client.EtnaServerListener@663cc04 com.dangbei.etna.setting
05-30 18:35:14.734 E/ccc ( 1432): cccccc SettingHelper onServerConnected
05-30 18:35:14.736 W/ContextImpl( 1432): Calling a method in the system process without a qualified user: android.app.ContextImpl.bindService:1988 android.content.ContextWrapper.bindService:861 com.dangbei.lerad.etna.lib.client.EtnaClient.bindServer:138 com.dangbei.lerad.etna.lib.client.EtnaClient.access$600:29 com.dangbei.lerad.etna.lib.client.EtnaClient$3.call:205
05-30 18:35:14.737 W/ContextImpl( 1432): Calling a method in the system process without a qualified user: android.app.ContextImpl.bindService:1988 android.content.ContextWrapper.bindService:861 com.dangbei.lerad.etna.lib.client.EtnaClient.bindServer:138 com.dangbei.lerad.etna.lib.client.EtnaClient.access$600:29 com.dangbei.lerad.etna.lib.client.EtnaClient$3.call:205
05-30 18:35:14.740 W/ContextImpl( 1432): Calling a method in the system process without a qualified user: android.app.ContextImpl.bindService:1988 android.content.ContextWrapper.bindService:861 com.dangbei.lerad.etna.lib.client.EtnaClient.bindServer:138 com.dangbei.lerad.etna.lib.client.EtnaClient.access$600:29 com.dangbei.lerad.etna.lib.client.EtnaClient$3.call:205
05-30 18:35:14.741 E/ccc ( 1432): cccccc sendCycleCheckBootGuideStatusMessage
05-30 18:35:14.743 E/ccc ( 1432): cccccc etnaService addListener com.dangbei.lerad.etna.lib.client.EtnaServerListener@2f5e86e com.dangbei.etna.setting
05-30 18:35:14.743 E/ccc ( 1432): cccccc SettingHelper onServerConnected
05-30 18:35:14.743 E/ccc ( 1432): cccccc etnaService addListener com.dangbei.lerad.etna.lib.client.EtnaServerListener@299ab0f com.dangbei.etna.update
05-30 18:35:14.743 E/ccc ( 1432): cccccc UpdateHelper onServerConnected
05-30 18:35:14.744 I/android_os_HwBinder( 1680): HwBinder: Starting thread pool for getting: vendor.amlogic.hardware.systemcontrol@1.1::ISystemControl/default
05-30 18:35:14.745 E/ccc ( 1432): cccccc etnaService addListener com.dangbei.lerad.etna.lib.client.EtnaServerListener@a26979c com.dangbei.lerad.etna.haqu.andes
05-30 18:35:14.746 E/ccc ( 1432): cccccc sendCycleCheckBootGuideStatusMessage
05-30 18:35:14.748 W/ContextImpl( 1432): Calling a method in the system process without a qualified user: android.app.ContextImpl.startService:1899 android.content.ContextWrapper.startService:825 com.dangbei.etna.setting.core.SettingHelper.startRocky:267 com.dangbei.etna.setting.core.SettingHelper.sendCycleCheckBootGuideStatusMessage:214 com.dangbei.etna.setting.core.SettingHelper.startLoop:203
05-30 18:35:14.748 V/ContactsProvider( 1588): 0 Dangling Contacts have been cleaned up.
05-30 18:35:14.749 D/AssistantMicMuteProvider( 1680): getMicToggleState:[0]: name = bluetooth status = 1 [1]: name = mute status = 1
05-30 18:35:14.749 D/AssistantMicMuteProvider( 1680): mic_state:1
05-30 18:35:14.749 D/CompatibilityChangeReporter( 1432): Compat change id reported: 270306772; UID 1000; state: DISABLED
05-30 18:35:14.750 I/ActivityManager( 694): com.dangbei.lerad.rocky is exempt from freezer
05-30 18:35:14.751 D/CompatibilityChangeReporter( 694): Compat change id reported: 135634846; UID 1000; state: DISABLED
05-30 18:35:14.752 D/CompatibilityChangeReporter( 1432): Compat change id reported: 235355681; UID 1000; state: DISABLED
05-30 18:35:14.754 E/MDnsDS ( 464): Failed to start: Service already running
05-30 18:35:14.755 E/MDnsManager( 694): Start mdns failed.
05-30 18:35:14.755 E/MDnsManager( 694): android.os.ServiceSpecificException: Device or resource busy (code 16)
05-30 18:35:14.755 E/MDnsManager( 694): at android.os.Parcel.createExceptionOrNull(Parcel.java:3071)
05-30 18:35:14.755 E/MDnsManager( 694): at android.os.Parcel.createException(Parcel.java:3041)
05-30 18:35:14.755 E/MDnsManager( 694): at android.os.Parcel.readException(Parcel.java:3024)
05-30 18:35:14.755 E/MDnsManager( 694): at android.os.Parcel.readException(Parcel.java:2966)
05-30 18:35:14.755 E/MDnsManager( 694): at android.net.connectivity.android.net.mdns.aidl.IMDns$Stub$Proxy.startDaemon(IMDns.java:216)
05-30 18:35:14.755 E/MDnsManager( 694): at android.net.connectivity.android.net.nsd.MDnsManager.startDaemon(MDnsManager.java:53)
05-30 18:35:14.755 E/MDnsManager( 694): at android.net.connectivity.com.android.server.NsdService$NsdStateMachine.maybeStartDaemon(NsdService.java:332)
05-30 18:35:14.755 E/MDnsManager( 694): at android.net.connectivity.com.android.server.NsdService$NsdStateMachine.-$$Nest$mmaybeStartDaemon(NsdService.java:0)
05-30 18:35:14.755 E/MDnsManager( 694): at android.net.connectivity.com.android.server.NsdService$NsdStateMachine$DefaultState.processMessage(NsdService.java:486)
05-30 18:35:14.755 E/MDnsManager( 694): at android.net.connectivity.com.android.internal.util.StateMachine$SmHandler.processMsg(StateMachine.java:993)
05-30 18:35:14.755 E/MDnsManager( 694): at android.net.connectivity.com.android.internal.util.StateMachine$SmHandler.handleMessage(StateMachine.java:810)
05-30 18:35:14.755 E/MDnsManager( 694): at android.os.Handler.dispatchMessage(Handler.java:106)
05-30 18:35:14.755 E/MDnsManager( 694): at android.os.Looper.loopOnce(Looper.java:205)
05-30 18:35:14.755 E/MDnsManager( 694): at android.os.Looper.loop(Looper.java:294)
05-30 18:35:14.755 E/MDnsManager( 694): at android.os.HandlerThread.run(HandlerThread.java:67)
05-30 18:35:14.762 W/ContextImpl( 1680): Calling a method in the system process without a qualified user: android.app.ContextImpl.startService:1899 android.content.ContextWrapper.startService:825 android.content.ContextWrapper.startService:825 com.droidlogic.mictoggle.AssistantMicMuteReceiver.onReceive:48 android.app.ActivityThread.handleReceiver:4494
05-30 18:35:14.763 E/hq ( 1498): USBReceiver:::USBReceiver onReceive: list=1
05-30 18:35:14.764 E/ccc ( 1432): cccccc sendCycleCheckBroadcast
05-30 18:35:14.765 W/ContextImpl( 1432): Calling a method in the system process without a qualified user: android.app.ContextImpl.sendBroadcast:1220 android.content.ContextWrapper.sendBroadcast:504 com.dangbei.etna.setting.core.SettingHelper.sendCycleToProjector:257 com.dangbei.etna.setting.core.SettingHelper.sendCycleCheckBroadcast:226 com.dangbei.etna.setting.core.SettingHelper.sendCycleCheckBootGuideStatusMessage:215
05-30 18:35:14.765 D/hq ( 1498): NetWorkStateReceiver:::检查网络,并且持续更新 isConnect=false
05-30 18:35:14.767 W/ContextImpl( 1432): Calling a method in the system process without a qualified user: android.app.ContextImpl.sendBroadcast:1220 android.content.ContextWrapper.sendBroadcast:504 com.dangbei.etna.setting.core.SettingHelper.sendCycleToVoice:242 com.dangbei.etna.setting.core.SettingHelper.sendCycleCheckBroadcast:227 com.dangbei.etna.setting.core.SettingHelper.sendCycleCheckBootGuideStatusMessage:215
05-30 18:35:14.767 I/hq ( 1498): getCurrentUser: visitorBean=Users{userId=-1, nickName='游客', avatarUrl='null', wxToken='null', vip='null', mobile='null', sex=null, description='null', city='null', province='null', country='null', launcherMode=null, token='null', token='null'}
05-30 18:35:14.767 D/CompatibilityChangeReporter( 694): Compat change id reported: 135634846; UID 10044; state: DISABLED
05-30 18:35:14.768 D/WanCommander( 1432): handleConnection:
05-30 18:35:14.769 W/ContextImpl( 1432): Calling a method in the system process without a qualified user: android.app.ContextImpl.startService:1899 android.content.ContextWrapper.startService:825 com.dangbei.etna.setting.core.SettingHelper.startRocky:267 com.dangbei.etna.setting.core.SettingHelper.sendCycleCheckBootGuideStatusMessage:214 com.dangbei.etna.setting.core.SettingHelper.startLoop:203
05-30 18:35:14.771 E/EtnaListener( 1432): onServerConnected
05-30 18:35:14.772 E/ccc ( 1432): cccccc sendCycleCheckBroadcast
05-30 18:35:14.773 W/ContextImpl( 1432): Calling a method in the system process without a qualified user: android.app.ContextImpl.sendBroadcast:1220 android.content.ContextWrapper.sendBroadcast:504 com.dangbei.etna.setting.core.SettingHelper.sendCycleToProjector:257 com.dangbei.etna.setting.core.SettingHelper.sendCycleCheckBroadcast:226 com.dangbei.etna.setting.core.SettingHelper.sendCycleCheckBootGuideStatusMessage:215
05-30 18:35:14.774 W/ContextImpl( 1432): Calling a method in the system process without a qualified user: android.app.ContextImpl.sendBroadcast:1220 android.content.ContextWrapper.sendBroadcast:504 com.dangbei.etna.setting.core.SettingHelper.sendCycleToVoice:242 com.dangbei.etna.setting.core.SettingHelper.sendCycleCheckBroadcast:227 com.dangbei.etna.setting.core.SettingHelper.sendCycleCheckBootGuideStatusMessage:215
05-30 18:35:14.774 E/DispatcherManager( 1498): publishMode=DBBOX-A3 piDispatcher=com.dangbei.launcher.dispatcher.function.BOXAXDispatcher@587da79
05-30 18:35:14.774 D/Zygote ( 465): Forked child process 1711
05-30 18:35:14.775 I/hq ( 1498): 当前的服务模式是,serviceMode=0
05-30 18:35:14.777 I/ActivityManager( 694): Start proc 1711:com.dangbei.lerad.rocky/1000 for service {com.dangbei.lerad.rocky/com.dangbei.rocky.RockyService}
05-30 18:35:14.777 D/CompatibilityChangeReporter( 694): Compat change id reported: 143937733; UID 10044; state: DISABLED
05-30 18:35:14.781 I/Zygote ( 1711): seccomp disabled by setenforce 0
05-30 18:35:14.781 D/nativeloader( 1662): Configuring clns-shared-5 for other apk /system/priv-app/MtpService/MtpService.apk. target_sdk_version=34, uses_libraries=, library_path=/system/priv-app/MtpService/lib/arm:/system/lib:/system_ext/lib, permitted_path=/data:/mnt/expand:/data/user/0/com.android.mtp:/system/priv-app/MtpService:/system/lib:/system_ext/lib
05-30 18:35:14.786 I/bei.lerad.rocky( 1711): Using CollectorTypeCC GC.
05-30 18:35:14.789 W/ContextImpl( 1315): Calling a method in the system process without a qualified user: android.app.ContextImpl.startForegroundService:1905 android.content.ContextWrapper.startForegroundService:830 android.content.ContextWrapper.startForegroundService:830 com.android.tv.settings.BootReceiver.onReceive:58 android.app.ActivityThread.handleReceiver:4494
05-30 18:35:14.790 W/ActivityManager( 694): Unable to start service Intent { act=android.intent.action.BOOT_COMPLETED flg=0x89000010 cmp=com.android.tv.settings/.BootReceiver (has extras) } U=0: not found
05-30 18:35:14.790 V/Settings_BootBroadcastReceiver( 1315): com.google.android.tv.remote.service启动成功
05-30 18:35:14.790 I/AiPqReceiver( 963): start AiPqService
05-30 18:35:14.791 W/ContextImpl( 963): Calling a method in the system process without a qualified user: android.app.ContextImpl.startService:1899 android.content.ContextWrapper.startService:825 android.content.ContextWrapper.startService:825 com.droidlogic.AiPqReceiver.onReceive:31 android.app.ActivityThread.handleReceiver:4494
05-30 18:35:14.792 D/HDMI ( 694): receive android.intent.action.BOOT_COMPLETED
05-30 18:35:14.792 I/HDMI ( 694): Receive boot completed broadcast
05-30 18:35:14.795 E/bei.lerad.rocky( 1711): Not starting debugger since process cannot load the jdwp agent.
05-30 18:35:14.799 I/extservices( 1222): BootCompletedReceiver received BOOT_COMPLETED broadcast (f): Amlogic/ross/Dangbei:14/UD2A.240505.001.W1/eng.server.20250530.140804:user/release-keys
05-30 18:35:14.800 I/AiPqService( 963): [AIPQservice] onCreate
05-30 18:35:14.802 I/CheckInBootCompletedReceiver( 1382): Received boot completed intent
05-30 18:35:14.803 D/CompatibilityChangeReporter( 694): Compat change id reported: 265195908; UID 10044; state: ENABLED
05-30 18:35:14.804 D/AiPqService( 963): [AIPQservice] onCreate sys_value= 0
05-30 18:35:14.807 D/extservices( 1222): BootCompletedReceiver not enabled in config, exiting
05-30 18:35:14.813 D/Zygote ( 465): Forked child process 1728
05-30 18:35:14.814 I/ActivityManager( 694): Start proc 1728:com.dangbei.screencast/u0a44 for broadcast {com.dangbei.screencast/com.dangbei.screencast.startup.BootReceiver}
05-30 18:35:14.817 E/hq ( 1498): 检查user:::switchDao id=-1
05-30 18:35:14.818 D/AiPqService( 963): [AIPQservice] onStartCommand
05-30 18:35:14.818 I/DlcClient( 1382): Binding com.android.devicelockcontroller/.storage.GlobalParametersService
05-30 18:35:14.820 I/SysControlManager( 963): run getAipqTable
05-30 18:35:14.821 I/SystemControl( 316): [/SystemControlService.cpp, readAiPqTable, 2082] readAiPqTable:run readAiPqTable
05-30 18:35:14.822 I/DeviceCheckInHelper( 1382): enqueueDeviceCheckInWork with delay: PT0S
05-30 18:35:14.822 E/SystemControl( 316): [/SysTokenizer.cpp, open, 62] Error opening file 'vendor/etc/scenes_data.txt', No such file or directory.
05-30 18:35:14.822 E/SystemControl( 316): [/SystemControlService.cpp, readAiPqTable, 2085] Error -2 opening aipq config file vendor/etc/scenes_data.txt.
05-30 18:35:14.822 D/AIPQ_TABLE( 963): getAipqTable value:
05-30 18:35:14.822 D/AiPqService( 963): scenesval--><--
05-30 18:35:14.823 D/CompatibilityChangeReporter( 694): Compat change id reported: 168419799; UID 1000; state: DISABLED
05-30 18:35:14.824 D/CompatibilityChangeReporter( 694): Compat change id reported: 273564678; UID 1000; state: DISABLED
05-30 18:35:14.824 I/Zygote ( 1728): seccomp disabled by setenforce 0
05-30 18:35:14.831 I/gbei.screencast( 1728): Using CollectorTypeCC GC.
05-30 18:35:14.835 D/CompatibilityChangeReporter( 1711): Compat change id reported: 171979766; UID 1000; state: DISABLED
05-30 18:35:14.836 D/CompatibilityChangeReporter( 1711): Compat change id reported: 242716250; UID 1000; state: DISABLED
05-30 18:35:14.839 D/CompatibilityChangeReporter( 1440): Compat change id reported: 194532703; UID 10068; state: ENABLED
05-30 18:35:14.839 D/CompatibilityChangeReporter( 1440): Compat change id reported: 253665015; UID 10068; state: ENABLED
05-30 18:35:14.842 D/CompatibilityChangeReporter( 694): Compat change id reported: 253665015; UID 10068; state: ENABLED
05-30 18:35:14.842 D/CompatibilityChangeReporter( 694): Compat change id reported: 194532703; UID 10068; state: ENABLED
05-30 18:35:14.844 D/WM-PackageManagerHelper( 1382): androidx.work.impl.background.systemjob.SystemJobService enabled
05-30 18:35:14.844 D/ApplicationLoaders( 1711): Returning zygote-cached class loader: /system/framework/android.test.base.jar
05-30 18:35:14.844 D/ApplicationLoaders( 1711): Returning zygote-cached class loader: /system/framework/android.hidl.manager-V1.0-java.jar
05-30 18:35:14.844 D/ApplicationLoaders( 1711): Returning zygote-cached class loader: /system/framework/android.hidl.base-V1.0-java.jar
05-30 18:35:14.844 D/WM-Schedulers( 1382): Created SystemJobScheduler and enabled SystemJobService
05-30 18:35:14.846 D/CompatibilityChangeReporter( 1089): Compat change id reported: 194532703; UID 10074; state: ENABLED
05-30 18:35:14.846 D/CompatibilityChangeReporter( 1089): Compat change id reported: 253665015; UID 10074; state: ENABLED
05-30 18:35:14.847 E/hq ( 1498): 检查user:::更新前的信息: null
05-30 18:35:14.847 E/hq ( 1498): 更新后的信息: Users{userId=-1, nickName='游客', avatarUrl='null', wxToken='null', vip='null', mobile='null', sex=null, description='null', city='null', province='null', country='null', launcherMode=null, token='null', token='null'}
05-30 18:35:14.848 D/CompatibilityChangeReporter( 694): Compat change id reported: 253665015; UID 10074; state: ENABLED
05-30 18:35:14.849 D/CompatibilityChangeReporter( 694): Compat change id reported: 194532703; UID 10074; state: ENABLED
05-30 18:35:14.852 D/AdHelper( 1498): ad server environment is official? false
05-30 18:35:14.853 D/AdHelper( 1498): ad server environment is official? false
05-30 18:35:14.853 D/AdHelper( 1498): ad server environment is official? false
05-30 18:35:14.853 D/AdHelper( 1498): ad server environment is official? false
05-30 18:35:14.858 E/gbei.screencast( 1728): Not starting debugger since process cannot load the jdwp agent.
05-30 18:35:14.866 I/HibernationPolicy( 1089): scheduleHibernationJob with frequency 1296000000ms and threshold 7776000000ms
05-30 18:35:14.866 D/AdHelper( 1498): AdHelper init: end
05-30 18:35:14.870 E/xxxxxxxxxxxxxxx( 1498): onConfigurationChanged2===>{1.0 ?mcc0mnc [zh_CN] ldltr sw720dp w1280dp h720dp 240dpi xlrg long land television -touch qwerty/v/v dpad/v winConfig={ mBounds=Rect(0, 0 - 1920, 1080) mAppBounds=Rect(0, 0 - 1920, 1080) mMaxBounds=Rect(0, 0 - 1920, 1080) mDisplayRotation=ROTATION_0 mWindowingMode=fullscreen mDisplayWindowingMode=fullscreen mActivityType=undefined mAlwaysOnTop=undefined mRotation=ROTATION_0} s.6 fontWeightAdjustment=0}
05-30 18:35:14.871 E/memInfo.totalMem( 1498): memInfo.totalMem=3856015360 1073741824
05-30 18:35:14.889 D/CompatibilityChangeReporter( 694): Compat change id reported: 168419799; UID 10044; state: DISABLED
05-30 18:35:14.889 D/CompatibilityChangeReporter( 694): Compat change id reported: 273564678; UID 10044; state: DISABLED
05-30 18:35:14.895 D/CompatibilityChangeReporter( 1728): Compat change id reported: 171979766; UID 10044; state: DISABLED
05-30 18:35:14.896 D/CompatibilityChangeReporter( 1728): Compat change id reported: 242716250; UID 10044; state: DISABLED
05-30 18:35:14.898 D/nativeloader( 1711): Configuring clns-shared-4 for other apk /system/app/Rocky/Rocky.apk. target_sdk_version=28, uses_libraries=, library_path=/system/app/Rocky/lib/arm:/system/app/Rocky/Rocky.apk!/lib/armeabi-v7a:/system/lib:/system_ext/lib, permitted_path=/data:/mnt/expand:/data/user/0/com.dangbei.lerad.rocky:/system/app/Rocky:/system/lib:/system_ext/lib
05-30 18:35:14.901 D/CompatibilityChangeReporter( 694): Compat change id reported: 170503758; UID 10044; state: DISABLED
05-30 18:35:14.907 D/ApplicationLoaders( 1728): Returning zygote-cached class loader: /system/framework/android.test.base.jar
05-30 18:35:14.907 D/ApplicationLoaders( 1728): Returning zygote-cached class loader: /system/framework/android.hidl.manager-V1.0-java.jar
05-30 18:35:14.907 D/ApplicationLoaders( 1728): Returning zygote-cached class loader: /system/framework/android.hidl.base-V1.0-java.jar
05-30 18:35:14.909 D/getEthernetMacAddr( 1498): getEthernetMacAddr use eth0
05-30 18:35:14.910 I/HibernationPolicy( 1089): user 0 is a profileowner. Running hibernation job.
05-30 18:35:14.912 I/HibernationPolicy( 1089): Job already scheduled.
05-30 18:35:14.930 D/nativeloader( 1662): Configuring clns-shared-6 for other apk /system/priv-app/MediaProviderLegacy/MediaProviderLegacy.apk. target_sdk_version=34, uses_libraries=, library_path=/system/priv-app/MediaProviderLegacy/lib/arm:/system/lib:/system_ext/lib, permitted_path=/data:/mnt/expand:/data/user/0/com.android.providers.media:/system/priv-app/MediaProviderLegacy:/system/lib:/system_ext/lib
05-30 18:35:14.937 D/OsInitLaunch( 1498): send cache: homeCreate, null, null, null
05-30 18:35:14.953 I/WebViewFactory( 1498): Loading com.android.webview version 116.0.5845.195 (code 584519500)
05-30 18:35:14.959 D/CompatibilityChangeReporter( 694): Compat change id reported: 161145287; UID 10017; state: ENABLED
05-30 18:35:14.960 V/SafetyCenterBackgroundR( 1089): Received a android.intent.action.BOOT_COMPLETED broadcast, but safety center is currently disabled. Cancelling any existing job.
05-30 18:35:14.963 D/SafetyLabelChangesJobService( 1089): Received broadcast with intent action 'android.intent.action.BOOT_COMPLETED'
05-30 18:35:14.964 I/SafetyLabelChangesJobService( 1089): onReceive: Safety label change notifications are not enabled.
05-30 18:35:14.965 D/nativeloader( 1498): InitLlndkLibrariesProduct: libEGL.so:libGLESv1_CM.so:libGLESv2.so:libGLESv3.so:libRS.so:libandroid_net.so:libbinder_ndk.so:libc.so:libcgrouprc.so:libclang_rt.asan-arm-android.so:libcom.android.tethering.connectivity_native.so:libdl.so:libft2.so:liblog.so:libm.so:libmediandk.so:libnativewindow.so:libneuralnetworks.so:libselinux.so:libsync.so:libvndksupport.so:libvulkan.so
05-30 18:35:14.965 D/nativeloader( 1498): Configuring product-clns-5 for unbundled product apk /product/app/webview/webview.apk. target_sdk_version=34, uses_libraries=, library_path=/product/app/webview/lib/arm:/product/app/webview/webview.apk!/lib/armeabi-v7a:/product/lib:/system/product/lib, permitted_path=/data:/mnt/expand:/product/lib:/system/product/lib
05-30 18:35:14.968 D/nativeloader( 1498): InitVndkspLibrariesProduct: android.hardware.common-V2-ndk.so:android.hardware.common.fmq-V1-ndk.so:android.hardware.graphics.allocator-V2-ndk.so:android.hardware.graphics.common-V4-ndk.so:android.hardware.graphics.common@1.0.so:android.hardware.graphics.common@1.1.so:android.hardware.graphics.common@1.2.so:android.hardware.graphics.composer3-V1-ndk.so:android.hardware.graphics.mapper@2.0.so:android.hardware.graphics.mapper@2.1.so:android.hardware.graphics.mapper@3.0.so:android.hardware.graphics.mapper@4.0.so:android.hardware.renderscript@1.0.so:android.hidl.memory.token@1.0.so:android.hidl.memory@1.0-impl.so:android.hidl.memory@1.0.so:android.hidl.safe_union@1.0.so:libRSCpuRef.so:libRSDriver.so:libRS_internal.so:libbase.so:libbcinfo.so:libblas.so:libc++.so:libcompiler_rt.so:libcutils.so:libdmabufheap.so:libgralloctypes.so:libhardware.so:libhidlbase.so:libhidlmemory.so:libion.so:libjsoncpp.so:liblzma.so:libprocessgroup.so:libunwindstack.so:libutils.so:libutilscallstack.so:libz.so
05-30 18:35:14.970 D/CompatibilityChangeReporter( 1382): Compat change id reported: 160794467; UID 10058; state: ENABLED
05-30 18:35:14.972 D/nativeloader( 1728): Configuring clns-shared-4 for other apk /system/app/dangbei-screencast/dangbei-screencast.apk. target_sdk_version=28, uses_libraries=, library_path=/system/app/dangbei-screencast/lib/arm:/system/app/dangbei-screencast/dangbei-screencast.apk!/lib/armeabi-v7a:/system/lib:/system_ext/lib, permitted_path=/data:/mnt/expand:/data/user/0/com.dangbei.screencast:/system/app/dangbei-screencast:/system/lib:/system_ext/lib
05-30 18:35:14.983 V/GraphicsEnvironment( 1711): Currently set values for:
05-30 18:35:14.984 I/PermissionEventCleanupJobService( 1089): Job already scheduled.
05-30 18:35:14.986 D/PermissionStorageTimeChangeReceiver( 1089): systemTimeSnapshot set to 1748601314986
05-30 18:35:14.986 D/PermissionStorageTimeChangeReceiver( 1089): realtimeSnapshot set to 25014
05-30 18:35:14.983 V/GraphicsEnvironment( 1711): angle_gl_driver_selection_pkgs=[]
05-30 18:35:14.987 V/GraphicsEnvironment( 1711): angle_gl_driver_selection_values=[]
05-30 18:35:14.988 D/CompatibilityChangeReporter( 1662): Compat change id reported: 194532703; UID 10017; state: ENABLED
05-30 18:35:14.988 D/CompatibilityChangeReporter( 1662): Compat change id reported: 253665015; UID 10017; state: ENABLED
05-30 18:35:14.989 V/GraphicsEnvironment( 1711): ANGLE GameManagerService for com.dangbei.lerad.rocky: false
05-30 18:35:14.989 V/GraphicsEnvironment( 1711): com.dangbei.lerad.rocky is not listed in per-application setting
05-30 18:35:14.989 V/GraphicsEnvironment( 1711): Neither updatable production driver nor prerelease driver is supported.
05-30 18:35:14.994 D/CompatibilityChangeReporter( 694): Compat change id reported: 253665015; UID 10017; state: ENABLED
05-30 18:35:14.996 D/CompatibilityChangeReporter( 694): Compat change id reported: 194532703; UID 10017; state: ENABLED
05-30 18:35:15.011 E/hq ( 1498): LauncherCallback:::onViewCreate
05-30 18:35:15.011 E/hq ( 1498): LauncherCallback:::onAttach
05-30 18:35:15.017 I/MultiDex( 1711): VM with version 2.1.0 has multidex support
05-30 18:35:15.018 I/MultiDex( 1711): Installing application
05-30 18:35:15.018 I/MultiDex( 1711): VM has multidex support, MultiDex support library is disabled.
05-30 18:35:15.020 I/cr_WVCFactoryProvider( 1498): Loaded version=116.0.5845.195 minSdkVersion=1 isBundle=false multiprocess=true packageId=2
05-30 18:35:15.026 W/System.err( 1498): com.umeng.analytics.pro.dh: Required field 'version' was not found in serialized data! Struct: com.umeng.commonsdk.statistics.proto.d$a@e94ffb4
05-30 18:35:15.027 W/System.err( 1498): at com.umeng.commonsdk.statistics.proto.d$a.a(SourceFile:10)
05-30 18:35:15.027 W/System.err( 1498): at com.umeng.commonsdk.statistics.proto.d$a.b(SourceFile:1)
05-30 18:35:15.027 W/System.err( 1498): at com.umeng.commonsdk.statistics.proto.d.read(Unknown Source:16)
05-30 18:35:15.027 W/System.err( 1498): at com.umeng.analytics.pro.ck.a(SourceFile:2)
05-30 18:35:15.027 W/System.err( 1498): at com.umeng.commonsdk.statistics.idtracking.ImprintHandler.e(SourceFile:39)
05-30 18:35:15.027 W/System.err( 1498): at com.umeng.commonsdk.statistics.idtracking.ImprintHandler.onFileLock(SourceFile:6)
05-30 18:35:15.027 W/System.err( 1498): at com.umeng.commonsdk.utils.FileLockUtil.doFileOperateion(SourceFile:19)
05-30 18:35:15.027 W/System.err( 1498): at com.umeng.commonsdk.statistics.idtracking.ImprintHandler.getImprintService(SourceFile:40)
05-30 18:35:15.027 W/System.err( 1498): at com.umeng.commonsdk.framework.UMEnvelopeBuild.imprintProperty(Unknown Source:7)
05-30 18:35:15.027 W/System.err( 1498): at com.umeng.commonsdk.utils.c.(SourceFile:37)
05-30 18:35:15.027 W/System.err( 1498): at com.umeng.commonsdk.UMConfigure.init(SourceFile:12)
05-30 18:35:15.027 W/System.err( 1498): at com.dangbei.statistics.StaticsHelp.init$lambda$0(SourceFile:43)
05-30 18:35:15.027 W/System.err( 1498): at com.dangbei.statistics.StaticsHelp.b(Unknown Source:0)
05-30 18:35:15.027 W/System.err( 1498): at le.d.run(Unknown Source:2)
05-30 18:35:15.027 W/System.err( 1498): at android.os.Handler.handleCallback(Handler.java:958)
05-30 18:35:15.027 W/System.err( 1498): at android.os.Handler.dispatchMessage(Handler.java:99)
05-30 18:35:15.027 W/System.err( 1498): at android.os.Looper.loopOnce(Looper.java:205)
05-30 18:35:15.027 W/System.err( 1498): at android.os.Looper.loop(Looper.java:294)
05-30 18:35:15.027 W/System.err( 1498): at android.os.HandlerThread.run(HandlerThread.java:67)
05-30 18:35:15.029 V/GraphicsEnvironment( 1728): Currently set values for:
05-30 18:35:15.029 V/GraphicsEnvironment( 1728): angle_gl_driver_selection_pkgs=[]
05-30 18:35:15.029 V/GraphicsEnvironment( 1728): angle_gl_driver_selection_values=[]
05-30 18:35:15.030 V/GraphicsEnvironment( 1728): ANGLE GameManagerService for com.dangbei.screencast: false
05-30 18:35:15.030 V/GraphicsEnvironment( 1728): com.dangbei.screencast is not listed in per-application setting
05-30 18:35:15.030 V/GraphicsEnvironment( 1728): Neither updatable production driver nor prerelease driver is supported.
05-30 18:35:15.056 D/CompatibilityChangeReporter( 1382): Compat change id reported: 194532703; UID 10058; state: ENABLED
05-30 18:35:15.057 D/CompatibilityChangeReporter( 1382): Compat change id reported: 253665015; UID 10058; state: ENABLED
05-30 18:35:15.059 D/CompatibilityChangeReporter( 694): Compat change id reported: 271850009; UID 10058; state: ENABLED
05-30 18:35:15.059 D/CompatibilityChangeReporter( 694): Compat change id reported: 253665015; UID 10058; state: ENABLED
05-30 18:35:15.060 D/CompatibilityChangeReporter( 694): Compat change id reported: 194532703; UID 10058; state: ENABLED
05-30 18:35:15.061 E/hq ( 1498): LauncherCallback:::inspect
05-30 18:35:15.062 D/ConnectivityService( 694): requestNetwork for uid/pid:1000/694 asUid: 10058 activeRequest: null callbackRequest: 37 [NetworkRequest [ REQUEST id=38, [ Capabilities: INTERNET&NOT_RESTRICTED&TRUSTED&NOT_VCN_MANAGED Uid: 10058 RequestorUid: 1000 RequestorPkg: android UnderlyingNetworks: Null] ]] callback flags: 0 order: 2147483647
05-30 18:35:15.063 D/WifiNetworkFactory( 694): got request NetworkRequest [ REQUEST id=38, [ Capabilities: INTERNET&NOT_RESTRICTED&TRUSTED&NOT_VCN_MANAGED Uid: 10058 RequestorUid: 1000 RequestorPkg: android UnderlyingNetworks: Null] ]
05-30 18:35:15.063 D/UntrustedWifiNetworkFactory( 694): got request NetworkRequest [ REQUEST id=38, [ Capabilities: INTERNET&NOT_RESTRICTED&TRUSTED&NOT_VCN_MANAGED Uid: 10058 RequestorUid: 1000 RequestorPkg: android UnderlyingNetworks: Null] ]
05-30 18:35:15.063 D/ConnectivityService( 694): NetReassign [no changes] [c 0] [a 0] [i 1]
05-30 18:35:15.063 D/OemPaidWifiNetworkFactory( 694): got request NetworkRequest [ REQUEST id=38, [ Capabilities: INTERNET&NOT_RESTRICTED&TRUSTED&NOT_VCN_MANAGED Uid: 10058 RequestorUid: 1000 RequestorPkg: android UnderlyingNetworks: Null] ]
05-30 18:35:15.063 D/MultiInternetWifiNetworkFactory( 694): got request NetworkRequest [ REQUEST id=38, [ Capabilities: INTERNET&NOT_RESTRICTED&TRUSTED&NOT_VCN_MANAGED Uid: 10058 RequestorUid: 1000 RequestorPkg: android UnderlyingNetworks: Null] ]
05-30 18:35:15.063 D/CompatibilityChangeReporter( 1498): Compat change id reported: 289878283; UID 1000; state: DISABLED
05-30 18:35:15.064 I/MultiDex( 1728): VM with version 2.1.0 has multidex support
05-30 18:35:15.064 D/RockyApplication( 1711): init: false
05-30 18:35:15.064 I/MultiDex( 1728): Installing application
05-30 18:35:15.064 I/MultiDex( 1728): VM has multidex support, MultiDex support library is disabled.
05-30 18:35:15.067 E/hq ( 1498): AdHelper:::后台配置是否展现广告: true
05-30 18:35:15.069 D/OsInitLaunch( 1498): send cache: launchHome, launchMainActivity, null, 1
05-30 18:35:15.078 D/ConnectivityService( 694): requestNetwork for uid/pid:10058/1382 activeRequest: null callbackRequest: 39 [NetworkRequest [ REQUEST id=40, [ Capabilities: INTERNET&NOT_RESTRICTED&TRUSTED&NOT_VCN_MANAGED Uid: 10058 RequestorUid: 10058 RequestorPkg: com.android.devicelockcontroller UnderlyingNetworks: Null] ]] callback flags: 0 order: 2147483647
05-30 18:35:15.079 D/ConnectivityService( 694): NetReassign [no changes] [c 0] [a 0] [i 0]
05-30 18:35:15.080 D/WifiNetworkFactory( 694): got request NetworkRequest [ REQUEST id=40, [ Capabilities: INTERNET&NOT_RESTRICTED&TRUSTED&NOT_VCN_MANAGED Uid: 10058 RequestorUid: 10058 RequestorPkg: com.android.devicelockcontroller UnderlyingNetworks: Null] ]
05-30 18:35:15.080 D/UntrustedWifiNetworkFactory( 694): got request NetworkRequest [ REQUEST id=40, [ Capabilities: INTERNET&NOT_RESTRICTED&TRUSTED&NOT_VCN_MANAGED Uid: 10058 RequestorUid: 10058 RequestorPkg: com.android.devicelockcontroller UnderlyingNetworks: Null] ]
05-30 18:35:15.080 D/OemPaidWifiNetworkFactory( 694): got request NetworkRequest [ REQUEST id=40, [ Capabilities: INTERNET&NOT_RESTRICTED&TRUSTED&NOT_VCN_MANAGED Uid: 10058 RequestorUid: 10058 RequestorPkg: com.android.devicelockcontroller UnderlyingNetworks: Null] ]
05-30 18:35:15.080 D/MultiInternetWifiNetworkFactory( 694): got request NetworkRequest [ REQUEST id=40, [ Capabilities: INTERNET&NOT_RESTRICTED&TRUSTED&NOT_VCN_MANAGED Uid: 10058 RequestorUid: 10058 RequestorPkg: com.android.devicelockcontroller UnderlyingNetworks: Null] ]
05-30 18:35:15.085 E/PartsInfoProvider( 1728): onCreate:
05-30 18:35:15.087 W/ActivityManager( 694): Background start not allowed: service Intent { act=com.dangbei.screencast.STARTUP pkg=com.dangbei.screencast } to com.dangbei.screencast/.startup.StartupService from pid=1728 uid=10044 pkg=com.dangbei.screencast startFg?=false
05-30 18:35:15.090 D/CompatibilityChangeReporter( 1498): Compat change id reported: 210923482; UID 1000; state: DISABLED
05-30 18:35:15.090 D/CompatibilityChangeReporter( 1498): Compat change id reported: 37756858; UID 1000; state: ENABLED
05-30 18:35:15.093 W/System.err( 1728): android.app.BackgroundServiceStartNotAllowedException: Not allowed to start service Intent { act=com.dangbei.screencast.STARTUP pkg=com.dangbei.screencast }: app is in background uid UidRecord{8bf839c u0a44 CEM idle change:idle|cached|procstate procs:0 seq(160,112)} caps=------
05-30 18:35:15.093 W/System.err( 1728): at android.app.ContextImpl.startServiceCommon(ContextImpl.java:1945)
05-30 18:35:15.093 W/System.err( 1728): at android.app.ContextImpl.startService(ContextImpl.java:1900)
05-30 18:35:15.093 W/System.err( 1728): at android.content.ContextWrapper.startService(ContextWrapper.java:825)
05-30 18:35:15.093 D/RockyVoice( 1711): RestartReceiver onReceive
05-30 18:35:15.093 W/System.err( 1728): at b.f.f.h.g.k.a(Unknown Source:20)
05-30 18:35:15.093 W/System.err( 1728): at com.dangbei.screencast.provider.PartsInfoProvider.onCreate(:2)
05-30 18:35:15.093 W/System.err( 1728): at android.content.ContentProvider.attachInfo(ContentProvider.java:2619)
05-30 18:35:15.093 W/System.err( 1728): at android.content.ContentProvider.attachInfo(ContentProvider.java:2589)
05-30 18:35:15.093 W/System.err( 1728): at android.app.ActivityThread.installProvider(ActivityThread.java:7840)
05-30 18:35:15.093 W/System.err( 1728): at android.app.ActivityThread.installContentProviders(ActivityThread.java:7351)
05-30 18:35:15.093 W/System.err( 1728): at android.app.ActivityThread.handleBindApplication(ActivityThread.java:7046)
05-30 18:35:15.093 W/System.err( 1728): at android.app.ActivityThread.-$$Nest$mhandleBindApplication(Unknown Source:0)
05-30 18:35:15.093 W/System.err( 1728): at android.app.ActivityThread$H.handleMessage(ActivityThread.java:2265)
05-30 18:35:15.093 W/System.err( 1728): at android.os.Handler.dispatchMessage(Handler.java:106)
05-30 18:35:15.093 W/System.err( 1728): at android.os.Looper.loopOnce(Looper.java:205)
05-30 18:35:15.093 W/System.err( 1728): at android.os.Looper.loop(Looper.java:294)
05-30 18:35:15.093 W/System.err( 1728): at android.app.ActivityThread.main(ActivityThread.java:8255)
05-30 18:35:15.093 W/System.err( 1728): at java.lang.reflect.Method.invoke(Native Method)
05-30 18:35:15.093 W/System.err( 1728): at com.android.internal.os.RuntimeInit$MethodAndArgsCaller.run(RuntimeInit.java:552)
05-30 18:35:15.093 W/System.err( 1728): at com.android.internal.os.ZygoteInit.main(ZygoteInit.java:978)
05-30 18:35:15.099 W/ActivityManager( 694): Background start not allowed: service Intent { act=com.dangbei.screencast.STARTUP pkg=com.dangbei.screencast } to com.dangbei.screencast/.startup.StartupService from pid=1728 uid=10044 pkg=com.dangbei.screencast startFg?=false
05-30 18:35:15.100 W/System.err( 1728): android.app.BackgroundServiceStartNotAllowedException: Not allowed to start service Intent { act=com.dangbei.screencast.STARTUP pkg=com.dangbei.screencast }: app is in background uid UidRecord{8bf839c u0a44 CEM idle change:idle|cached|procstate procs:0 seq(160,112)} caps=------
05-30 18:35:15.100 W/System.err( 1728): at android.app.ContextImpl.startServiceCommon(ContextImpl.java:1945)
05-30 18:35:15.100 W/System.err( 1728): at android.app.ContextImpl.startService(ContextImpl.java:1900)
05-30 18:35:15.100 W/System.err( 1728): at android.content.ContextWrapper.startService(ContextWrapper.java:825)
05-30 18:35:15.100 W/System.err( 1728): at b.f.f.h.g.k.a(Unknown Source:20)
05-30 18:35:15.100 W/System.err( 1728): at com.dangbei.screencast.common.utils.remotepreferences.ScreenCastPreferenceProvider.onCreate(Unknown Source:11)
05-30 18:35:15.100 W/System.err( 1728): at android.content.ContentProvider.attachInfo(ContentProvider.java:2619)
05-30 18:35:15.100 W/System.err( 1728): at android.content.ContentProvider.attachInfo(ContentProvider.java:2589)
05-30 18:35:15.100 W/System.err( 1728): at android.app.ActivityThread.installProvider(ActivityThread.java:7840)
05-30 18:35:15.101 W/System.err( 1728): at android.app.ActivityThread.installContentProviders(ActivityThread.java:7351)
05-30 18:35:15.101 W/System.err( 1728): at android.app.ActivityThread.handleBindApplication(ActivityThread.java:7046)
05-30 18:35:15.101 W/System.err( 1728): at android.app.ActivityThread.-$$Nest$mhandleBindApplication(Unknown Source:0)
05-30 18:35:15.101 W/System.err( 1728): at android.app.ActivityThread$H.handleMessage(ActivityThread.java:2265)
05-30 18:35:15.101 W/System.err( 1728): at android.os.Handler.dispatchMessage(Handler.java:106)
05-30 18:35:15.101 W/System.err( 1728): at android.os.Looper.loopOnce(Looper.java:205)
05-30 18:35:15.101 W/System.err( 1728): at android.os.Looper.loop(Looper.java:294)
05-30 18:35:15.101 W/System.err( 1728): at android.app.ActivityThread.main(ActivityThread.java:8255)
05-30 18:35:15.101 W/System.err( 1728): at java.lang.reflect.Method.invoke(Native Method)
05-30 18:35:15.101 W/System.err( 1728): at com.android.internal.os.RuntimeInit$MethodAndArgsCaller.run(RuntimeInit.java:552)
05-30 18:35:15.101 W/System.err( 1728): at com.android.internal.os.ZygoteInit.main(ZygoteInit.java:978)
05-30 18:35:15.106 D/ConnectivityService( 694): NetReassign [no changes] [c 0] [a 0] [i 0]
05-30 18:35:15.120 D/RockyManager( 1711): initFarWakeStatus isMainFarSwitch: false
05-30 18:35:15.122 I/RockyManager( 1711): isFarWake: false
05-30 18:35:15.144 D/AndroidAutoSize( 1728): designWidthInDp = 1920, designHeightInDp = 1080, screenWidth = 1920, screenHeight = 1080
05-30 18:35:15.144 D/AndroidAutoSize( 1728): initDensity = 1.5, initScaledDensity = 1.5
05-30 18:35:15.145 W/ContextImpl( 1711): Calling a method in the system process without a qualified user: android.app.ContextImpl.startService:1899 android.content.ContextWrapper.startService:825 com.cvte.tv.api.TvApiSDKManager.:177 com.cvte.tv.api.TvApiSDKManager.init:217 com.dangbei.rocky.component.system.SystemControlUtils.initSystemAidl:82
05-30 18:35:15.146 W/ActivityManager( 694): Unable to start service Intent { act=com.cvte.tv.api.TV_API_SERVICE pkg=com.cvte.tv.api.impl } U=0: not found
05-30 18:35:15.148 W/ContextImpl( 1711): Calling a method in the system process without a qualified user: android.app.ContextImpl.bindService:1988 android.content.ContextWrapper.bindService:861 com.cvte.tv.api.TvApiSDKManager.:178 com.cvte.tv.api.TvApiSDKManager.init:217 com.dangbei.rocky.component.system.SystemControlUtils.initSystemAidl:82
05-30 18:35:15.148 W/ActivityManager( 694): Unable to start service Intent { act=com.cvte.tv.api.TV_API_SERVICE pkg=com.cvte.tv.api.impl } U=0: not found
05-30 18:35:15.149 D/TvApiSDKManager( 1711): getTvApi getSystemService = false
05-30 18:35:15.149 D/TvApiSDKManager( 1711): getTvApi startService
05-30 18:35:15.150 W/ContextImpl( 1711): Calling a method in the system process without a qualified user: android.app.ContextImpl.startService:1899 android.content.ContextWrapper.startService:825 com.cvte.tv.api.TvApiSDKManager.getTvApi:361 com.dangbei.rocky.component.system.SystemControlUtils.initSystemAidl:83 com.dangbei.rocky.component.system.SystemComponent.onAttached:38
05-30 18:35:15.150 W/ActivityManager( 694): Unable to start service Intent { act=com.cvte.tv.api.TV_API_SERVICE pkg=com.cvte.tv.api.impl } U=0: not found
05-30 18:35:15.151 W/ContextImpl( 1711): Calling a method in the system process without a qualified user: android.app.ContextImpl.bindService:1988 android.content.ContextWrapper.bindService:861 com.cvte.tv.api.TvApiSDKManager.getTvApi:362 com.dangbei.rocky.component.system.SystemControlUtils.initSystemAidl:83 com.dangbei.rocky.component.system.SystemComponent.onAttached:38
05-30 18:35:15.152 W/ActivityManager( 694): Unable to start service Intent { act=com.cvte.tv.api.TV_API_SERVICE pkg=com.cvte.tv.api.impl } U=0: not found
05-30 18:35:15.161 W/ContextImpl( 1711): Calling a method in the system process without a qualified user: android.app.ContextImpl.startService:1899 android.content.ContextWrapper.startService:825 com.dangbei.phrike.core.DownloadManager.register:294 com.dangbei.component_appcontrol.phrike.XPhrikeAppCreator.register:47 com.dangbei.component_appcontrol.AppControlComponent.onAttached:65
05-30 18:35:15.161 D/CompatibilityChangeReporter( 694): Compat change id reported: 149924527; UID 10044; state: ENABLED
05-30 18:35:15.164 D/CompatibilityChangeReporter( 694): Compat change id reported: 132649864; UID 10044; state: DISABLED
05-30 18:35:15.164 I/RockyManager( 1711): initSDKDelegate:
05-30 18:35:15.168 D/CompatibilityChangeReporter( 1728): Compat change id reported: 247079863; UID 10044; state: DISABLED
05-30 18:35:15.176 I/UsbFfs-monitor( 1383): type=1400 audit(0.0:793): avc: denied { use } for path="anon_inode:[eventfd]" dev="anon_inodefs" ino=10204 scontext=u:r:su:s0 tcontext=u:r:adbd:s0 tclass=fd permissive=1
05-30 18:35:15.176 I/adbd ( 1383): type=1400 audit(0.0:794): avc: denied { use } for path="anon_inode:[eventfd]" dev="anon_inodefs" ino=10204 scontext=u:r:su:s0 tcontext=u:r:adbd:s0 tclass=fd permissive=1
05-30 18:35:15.176 I/adbd ( 1383): type=1400 audit(0.0:795): avc: denied { write } for path="socket:[34011]" dev="sockfs" ino=34011 scontext=u:r:su:s0 tcontext=u:r:adbd:s0 tclass=unix_stream_socket permissive=1
05-30 18:35:15.176 I/RxCachedThreadS( 1711): type=1400 audit(0.0:796): avc: denied { search } for name="net" dev="sysfs" ino=12345 scontext=u:r:system_app:s0 tcontext=u:object_r:sysfs_net:s0 tclass=dir permissive=1
05-30 18:35:15.176 I/adbd ( 1383): type=1400 audit(0.0:797): avc: denied { read } for path="socket:[34012]" dev="sockfs" ino=34012 scontext=u:r:su:s0 tcontext=u:r:adbd:s0 tclass=unix_stream_socket permissive=1
05-30 18:35:15.181 D/CompatibilityChangeReporter( 694): Compat change id reported: 161145287; UID 10044; state: DISABLED
05-30 18:35:15.184 I/MobclickAgent( 1498): module init:azio
05-30 18:35:15.203 W/System.err( 1728): com.umeng.analytics.pro.br: Required field 'version' was not found in serialized data! Struct: com.umeng.commonsdk.statistics.proto.d$a@595f28
05-30 18:35:15.204 D/CompatibilityChangeReporter( 1440): Compat change id reported: 247079863; UID 10068; state: ENABLED
05-30 18:35:15.204 W/System.err( 1728): at com.umeng.commonsdk.statistics.proto.d$a.a(Unknown Source:43)
05-30 18:35:15.204 W/System.err( 1728): at com.umeng.commonsdk.statistics.proto.d$a.b(Unknown Source:2)
05-30 18:35:15.204 W/System.err( 1728): at com.umeng.commonsdk.statistics.proto.d.read(Unknown Source:16)
05-30 18:35:15.204 W/System.err( 1728): at com.umeng.analytics.pro.au.a(Unknown Source:7)
05-30 18:35:15.204 W/System.err( 1728): at com.umeng.commonsdk.statistics.idtracking.ImprintHandler.e(Unknown Source:66)
05-30 18:35:15.204 W/System.err( 1728): at com.umeng.commonsdk.statistics.idtracking.ImprintHandler.onFileLock(Unknown Source:5)
05-30 18:35:15.204 W/System.err( 1728): at com.umeng.commonsdk.utils.FileLockUtil.doFileOperateion(Unknown Source:20)
05-30 18:35:15.204 W/System.err( 1728): at com.umeng.commonsdk.statistics.idtracking.ImprintHandler.getImprintService(Unknown Source:41)
05-30 18:35:15.204 W/System.err( 1728): at com.umeng.commonsdk.framework.UMEnvelopeBuild.imprintProperty(Unknown Source:7)
05-30 18:35:15.204 W/System.err( 1728): at com.umeng.commonsdk.config.FieldManager.a(Unknown Source:43)
05-30 18:35:15.204 W/System.err( 1728): at com.umeng.commonsdk.UMConfigure.preInit(Unknown Source:73)
05-30 18:35:15.204 W/System.err( 1728): at com.umeng.commonsdk.UMConfigure.init(Unknown Source:161)
05-30 18:35:15.204 W/System.err( 1728): at b.f.f.b.a(:4)
05-30 18:35:15.204 W/System.err( 1728): at h.o.a.run(Unknown Source:2)
05-30 18:35:15.205 I/vold ( 247): fuse-bpf is enabled because /sys/fs/fuse/features/fuse_bpf reads 'supported'
05-30 18:35:15.206 I/vold ( 247): Setting ro.fuse.bpf.is_running to true
05-30 18:35:15.206 I/vold ( 247): Configuring read_ahead of /mnt/user/0/emulated fuse filesystem to 256kb
05-30 18:35:15.207 I/vold ( 247): Writing 256 to /sys/class/bdi/0:65/read_ahead_kb
05-30 18:35:15.207 I/vold ( 247): Configuring max_ratio of /mnt/user/0/emulated fuse filesystem to 40
05-30 18:35:15.207 I/vold ( 247): Writing 40 to /sys/class/bdi/0:65/max_ratio
05-30 18:35:15.208 I/StorageManagerService( 694): Mounted volume VolumeInfo{emulated;0}:
05-30 18:35:15.208 I/StorageManagerService( 694): type=EMULATED diskId=null partGuid= mountFlags=PRIMARY|VISIBLE_FOR_WRITE
05-30 18:35:15.208 I/StorageManagerService( 694): mountUserId=0 state=MOUNTED
05-30 18:35:15.208 I/StorageManagerService( 694): fsType=null fsUuid=null fsLabel=null
05-30 18:35:15.208 I/StorageManagerService( 694): path=/storage/emulated internalPath=/data/media
05-30 18:35:15.209 I/StorageSessionController( 694): Notifying volume state changed for session with id: emulated;0
05-30 18:35:15.220 V/MediaStore( 1440): Examining volume emulated;0 with name external_primary and state mounted
05-30 18:35:15.231 I/StorageSessionController( 694): Notifying volume state changed for session with id: emulated;0
05-30 18:35:15.232 I/ExternalStorageServiceImpl( 1440): Ignoring volume state for vol:external_primary. State: checking
05-30 18:35:15.234 V/MediaStore( 1440): Examining volume emulated;0 with name external_primary and state mounted
05-30 18:35:15.239 I/StorageSessionController( 694): Notifying volume state changed for session with id: emulated;0
05-30 18:35:15.248 E/getHdmiStatus( 1498): sourceInputStatus=null mEtnaAdapter=null
05-30 18:35:15.254 I/TDLog ( 1728): setReportUncaughtExceptions: true
05-30 18:35:15.256 E/Application( 1728): onCreate:Version:v2.8.3/20830/883432e
05-30 18:35:15.269 I/TDLog ( 1728): TalkingData SDK init...
05-30 18:35:15.269 I/TDLog ( 1728): SDK_VERSION is: Android+TD+V5.0.7 gp Type:Native Build_Num:2141
05-30 18:35:15.269 I/TDLog ( 1728): App ID is: B9D7815EC975466AB1332111FCE62DF5
05-30 18:35:15.269 I/TDLog ( 1728): App Channel is: os
05-30 18:35:15.269 I/TDLog ( 1728): App Custom is:
05-30 18:35:15.269 I/TDLog ( 1728): SDK_OVC is: TDOVC+a3bb7754719798526508b6caad480dd7+SaaS
05-30 18:35:15.284 I/ActivityManager( 694): com.android.dynsystem is exempt from freezer
05-30 18:35:15.285 D/CompatibilityChangeReporter( 694): Compat change id reported: 135634846; UID 1000; state: DISABLED
05-30 18:35:15.289 I/MediaProvider( 1440): Begin Intent { act=com.android.providers.media.action.SCAN_VOLUME (has extras) }
05-30 18:35:15.293 I/crashsdk( 1728): version unique build id: 6230cced
05-30 18:35:15.293 V/MediaStore( 1440): Examining volume emulated;0 with name external_primary and state mounted
05-30 18:35:15.297 W/BroadcastLoopers( 694): Found previously unknown looper Thread[StorageManagerService,5,main]
05-30 18:35:15.298 D/StorageManagerService( 694): Volume emulated;0 broadcasting checking to UserHandle{0}
05-30 18:35:15.301 D/StorageManagerService( 694): Volume emulated;0 broadcasting mounted to UserHandle{0}
05-30 18:35:15.304 D/installd( 608): Found quota mount /dev/block/by-name/metadata at /metadata
05-30 18:35:15.304 D/installd( 608): Found quota mount /dev/block/dm-50 at /data
05-30 18:35:15.305 D/installd( 608): Found quota mount /dev/block/dm-50 at /data/user/0
