05-30 18:36:17.934 I/AdapterServiceConfig( 2581): init: profile=HapClientService, enabled=false
05-30 18:36:17.934 I/AdapterServiceConfig( 2581): init: profile=HeadsetService, enabled=true
05-30 18:36:17.934 I/AdapterServiceConfig( 2581): init: profile=HeadsetClientService, enabled=false
05-30 18:36:17.934 I/AdapterServiceConfig( 2581): init: profile=HearingAidService, enabled=true
05-30 18:36:17.934 I/AdapterServiceConfig( 2581): init: profile=HidDeviceService, enabled=false
05-30 18:36:17.934 I/AdapterServiceConfig( 2581): init: profile=HidHostService, enabled=true
05-30 18:36:17.934 I/AdapterServiceConfig( 2581): init: profile=GattService, enabled=true
05-30 18:36:17.934 I/AdapterServiceConfig( 2581): init: profile=LeAudioService, enabled=false
05-30 18:36:17.934 I/AdapterServiceConfig( 2581): init: profile=TbsService, enabled=false
05-30 18:36:17.934 I/AdapterServiceConfig( 2581): init: profile=BluetoothMapService, enabled=false
05-30 18:36:17.934 I/AdapterServiceConfig( 2581): init: profile=MapClientService, enabled=false
05-30 18:36:17.934 I/AdapterServiceConfig( 2581): init: profile=McpService, enabled=true
05-30 18:36:17.934 I/AdapterServiceConfig( 2581): init: profile=BluetoothOppService, enabled=true
05-30 18:36:17.934 I/AdapterServiceConfig( 2581): init: profile=PanService, enabled=true
05-30 18:36:17.935 I/AdapterServiceConfig( 2581): init: profile=BluetoothPbapService, enabled=false
05-30 18:36:17.935 I/AdapterServiceConfig( 2581): init: profile=PbapClientService, enabled=false
05-30 18:36:17.935 I/AdapterServiceConfig( 2581): init: profile=SapService, enabled=false
05-30 18:36:17.935 I/AdapterServiceConfig( 2581): init: profile=VolumeControlService, enabled=false
05-30 18:36:17.941 I/BluetoothMetricsLogger( 2581): setCounterMetricsAlarm()
05-30 18:36:17.949 D/BluetoothAdapterService( 2581): onCreate()
05-30 18:36:17.958 D/CompatibilityChangeReporter( 694): Compat change id reported: 161145287; UID 1002; state: ENABLED
05-30 18:36:17.964 D/AdapterState( 2581): make() - Creating AdapterState
05-30 18:36:17.965 I/AdapterState( 2581): OFF : entered
05-30 18:36:17.965 D/AdapterProperties( 2581): Setting state to OFF
05-30 18:36:17.967 D/BluetoothKeystoreService( 2581): new BluetoothKeystoreService isCommonCriteriaMode: false
05-30 18:36:17.968 D/BluetoothKeystoreService( 2581): start
05-30 18:36:17.968 I/droid.bluetooth( 2581): [0530/183617.968561:INFO:com_android_bluetooth_btservice_BluetoothKeystore.cpp(97)] classInitNative: succeeds
05-30 18:36:17.968 D/BluetoothKeystoreService( 2581): setBluetoothKeystoreService(): set to: com.android.bluetooth.btservice.bluetoothkeystore.BluetoothKeystoreService@8328b36
05-30 18:36:17.970 D/BluetoothKeystoreService( 2581): loadConfigData
05-30 18:36:17.971 D/BluetoothKeystoreService( 2581): getCompareResult: 0
05-30 18:36:17.975 D/CompatibilityChangeReporter( 2581): Compat change id reported: 183155436; UID 1002; state: ENABLED
05-30 18:36:17.976 I/bt_btif ( 2581): packages/modules/Bluetooth/system/btif/src/bluetooth.cc:386 init: init: start restricted = 0 ; common criteria mode = 0, config compare result = 0
05-30 18:36:17.976 I/bt ( 2581): bt_common::init_flags: Flags loaded: asha_packet_drop_frequency_threshold=60asha_phy_update_retry_limit=5always_send_services_if_gatt_disc_done=truealways_use_private_gatt_for_debugging=falseasynchronously_start_l2cap_coc=truebtaa_hci=truebta_dm_clear_conn_id_on_client_close=truebtm_dm_flush_discovery_queue_on_search_cancel=falseclassic_discovery_only=falseclear_hidd_interrupt_cid_on_disconnect=truedelay_hidh_cleanup_until_hidh_ready_start=truedevice_iot_config_logging=falsedynamic_avrcp_version_enhancement=truefinite_att_timeout=truegatt_robust_caching_client=truegatt_robust_caching_server=falsegd_core=falsegd_hal_snoop_logger_socket=truegd_hal_snoop_logger_filtering=truegd_l2cap=falsegd_link_policy=falsegd_remote_name_request=falsegd_rust=falsehci_adapter=0hfp_dynamic_version=trueirk_rotation=falseleaudio_targeted_announcement_reconnection_mode=truepass_phy_update_callback=truepbap_pse_dynamic_version_upgrade=falseperiodic_advertising_adi=trueprivate_gatt=truequeue_l2cap_coc_while_encrypting=trueread_encryption_key_size=trueredact_log=truerust_event_loop=truesco_codec_select_lc3=falsesco_codec_timeout_clear=falsesdp_serialization=truesdp_skip_rnr_if_known=truebluetooth_quality_report_callback=trueset_min_encryption=truesubrating=truetrigger_advertising_callbacks_on_first_resume_after_pause=trueuse_unified_connection_manager=falsesdp_return_classic_services_when_le_discovery_fails=truedefault_log_level=4logging_explicit_tag_settings={}
05-30 18:36:17.977 I/droid.bluetooth( 2581): [0530/183617.977055:INFO:message_loop_thread.cc(184)] Run: message loop starting for thread bt_stack_manager_thread
05-30 18:36:17.977 I/bt_stack_manager( 2581): packages/modules/Bluetooth/system/btif/src/stack_manager.cc:277 event_init_stack: is initializing the stack
05-30 18:36:17.977 I/droid.bluetooth( 2581): [0530/183617.977827:INFO:message_loop_thread.cc(184)] Run: message loop starting for thread bt_main_thread
05-30 18:36:17.978 I/device_iot_config( 2581): packages/modules/Bluetooth/system/device/src/device_iot_config_int.cc:68 device_iot_config_module_init:
05-30 18:36:17.978 E/droid.bluetooth( 2581): [0530/183617.978095:ERROR:config.cc(106)] config_new: unable to open file '/data/misc/bluedroid/bt_remote_dev_info.conf': No such file or directory
05-30 18:36:17.978 W/device_iot_config( 2581): packages/modules/Bluetooth/system/device/src/device_iot_config_int.cc:83 device_iot_config_module_init: Unable to load config file: /data/misc/bluedroid/bt_remote_dev_info.conf; using backup.
05-30 18:36:17.978 E/droid.bluetooth( 2581): [0530/183617.978206:ERROR:config.cc(106)] config_new: unable to open file '/data/misc/bluedroid/bt_remote_dev_info.bak': No such file or directory
05-30 18:36:17.978 E/device_iot_config( 2581): packages/modules/Bluetooth/system/device/src/device_iot_config_int.cc:89 device_iot_config_module_init: Unable to load bak file; creating empty config.
05-30 18:36:17.978 I/device_iot_config( 2581): packages/modules/Bluetooth/system/device/src/device_iot_config_int.cc:130 device_iot_config_module_init: Devices loaded 0
05-30 18:36:17.979 I/bt_osi_thread( 2581): packages/modules/Bluetooth/system/osi/src/thread.cc:210 run_thread: run_thread: thread id 2615, thread name alarm_default_ca started
05-30 18:36:17.979 I/bt_osi_thread( 2581): packages/modules/Bluetooth/system/osi/src/thread.cc:210 run_thread: run_thread: thread id 2616, thread name alarm_dispatcher started
05-30 18:36:17.980 I/bt_core_module( 2581): packages/modules/Bluetooth/system/btcore/src/module.cc:86 module_start_up: module_start_up Starting module "gd_shim_module"
05-30 18:36:17.980 I/bt_gd_shim( 2581): packages/modules/Bluetooth/system/main/shim/stack.cc:81 StartEverything: StartEverything Starting Gd stack
05-30 18:36:17.980 I/bt_gd_shim( 2581): packages/modules/Bluetooth/system/main/shim/stack.cc:160 Start: Start Starting Gd stack
05-30 18:36:17.980 I/BtGdWakelockNative( 2581): packages/modules/Bluetooth/system/gd/os/android/wakelock_native.cc:79 Initialize: Initializing native wake locks
05-30 18:36:17.981 I/BtGdModule( 2581): packages/modules/Bluetooth/system/gd/module.cc:85 Start: Constructing next module
05-30 18:36:17.981 I/BtGdModule( 2581): packages/modules/Bluetooth/system/gd/module.cc:89 Start: Starting dependencies of BluetoothCounterMetrics
05-30 18:36:17.981 I/BtGdModule( 2581): packages/modules/Bluetooth/system/gd/module.cc:93 Start: Finished starting dependencies and calling Start() of BluetoothCounterMetrics
05-30 18:36:17.981 I/BluetoothCounterMetrics( 2581): packages/modules/Bluetooth/system/gd/metrics/counter_metrics.cc:40 Start: Counter metrics initialized
05-30 18:36:17.981 I/BtGdModule( 2581): packages/modules/Bluetooth/system/gd/module.cc:99 Start: Started BluetoothCounterMetrics
05-30 18:36:17.981 I/BtGdModule( 2581): packages/modules/Bluetooth/system/gd/module.cc:85 Start: Constructing next module
05-30 18:36:17.982 I/BtGdModule( 2581): packages/modules/Bluetooth/system/gd/module.cc:89 Start: Starting dependencies of HciHalHidl
05-30 18:36:17.982 I/BtGdModule( 2581): packages/modules/Bluetooth/system/gd/module.cc:85 Start: Constructing next module
05-30 18:36:17.982 I/bluetooth( 2581): packages/modules/Bluetooth/system/gd/common/strings.cc:153 Uint64FromString: cannot parse whole string '0xffff'
05-30 18:36:17.982 I/bluetooth( 2581): packages/modules/Bluetooth/system/gd/hal/snoop_logger.cc:1432 GetBtSnoopMode: btsnoop_mode_empty: 1
05-30 18:36:17.982 I/bluetooth( 2581): packages/modules/Bluetooth/system/gd/hal/snoop_logger.cc:512 SnoopLogger: Snoop Logs full mode enabled
05-30 18:36:17.982 I/bluetooth( 2581): packages/modules/Bluetooth/system/gd/hal/snoop_logger.cc:334 delete_btsnoop_files: Deleting logs if they exist
05-30 18:36:17.982 I/bluetooth( 2581): packages/modules/Bluetooth/system/gd/hal/snoop_logger.cc:340 delete_btsnoop_files: Main log file does not exist at "/data/misc/bluetooth/logs/btsnoop_hci.log.filtered"
05-30 18:36:17.982 I/bluetooth( 2581): packages/modules/Bluetooth/system/gd/hal/snoop_logger.cc:348 delete_btsnoop_files: Last log file does not exist at "/data/misc/bluetooth/logs/btsnoop_hci.log.filtered"
05-30 18:36:17.982 I/bluetooth( 2581): packages/modules/Bluetooth/system/gd/hal/snoop_logger.cc:334 delete_btsnoop_files: Deleting logs if they exist
05-30 18:36:17.982 I/bluetooth( 2581): packages/modules/Bluetooth/system/gd/hal/snoop_logger.cc:340 delete_btsnoop_files: Main log file does not exist at "/data/misc/bluetooth/logs/btsnooz_hci.log"
05-30 18:36:17.982 I/bluetooth( 2581): packages/modules/Bluetooth/system/gd/hal/snoop_logger.cc:348 delete_btsnoop_files: Last log file does not exist at "/data/misc/bluetooth/logs/btsnooz_hci.log"
05-30 18:36:17.982 I/BtGdModule( 2581): packages/modules/Bluetooth/system/gd/module.cc:89 Start: Starting dependencies of SnoopLogger
05-30 18:36:17.982 I/BtGdModule( 2581): packages/modules/Bluetooth/system/gd/module.cc:93 Start: Finished starting dependencies and calling Start() of SnoopLogger
05-30 18:36:17.983 I/bluetooth( 2581): packages/modules/Bluetooth/system/gd/hal/snoop_logger_socket.cc:63 SnoopLoggerSocket: address 2130706433 port 8872
05-30 18:36:17.983 I/BtGdModule( 2581): packages/modules/Bluetooth/system/gd/module.cc:99 Start: Started SnoopLogger
05-30 18:36:17.983 I/BtGdModule( 2581): packages/modules/Bluetooth/system/gd/module.cc:85 Start: Constructing next module
05-30 18:36:17.983 I/BtGdModule( 2581): packages/modules/Bluetooth/system/gd/module.cc:89 Start: Starting dependencies of Btaa Module
05-30 18:36:17.983 I/BtGdModule( 2581): packages/modules/Bluetooth/system/gd/module.cc:93 Start: Finished starting dependencies and calling Start() of Btaa Module
05-30 18:36:17.985 E/btaa ( 2581): packages/modules/Bluetooth/system/gd/btaa/android/activity_attribution.cc:107 impl: No suspend control service available.
05-30 18:36:17.985 I/BtGdModule( 2581): packages/modules/Bluetooth/system/gd/module.cc:99 Start: Started Btaa Module
05-30 18:36:17.985 I/BtGdModule( 2581): packages/modules/Bluetooth/system/gd/module.cc:93 Start: Finished starting dependencies and calling Start() of HciHalHidl
05-30 18:36:17.987 I/bluetooth( 2581): packages/modules/Bluetooth/system/gd/hal/hci_hal_android_hidl.cc:439 start_hidl: Trying to find a HIDL interface
05-30 18:36:18.268 I/cling--ap-10( 1728): type=1400 audit(0.0:1109): avc: denied { search } for name="net" dev="sysfs" ino=12345 scontext=u:r:untrusted_app_27:s0:c44,c256,c512,c768 tcontext=u:object_r:sysfs_net:s0 tclass=dir permissive=1 app=com.dangbei.screencast
05-30 18:36:18.268 I/cling--ap-10( 1728): type=1400 audit(0.0:1110): avc: denied { read } for name="address" dev="sysfs" ino=22127 scontext=u:r:untrusted_app_27:s0:c44,c256,c512,c768 tcontext=u:object_r:sysfs_net:s0 tclass=file permissive=1 app=com.dangbei.screencast
05-30 18:36:18.268 I/cling--ap-10( 1728): type=1400 audit(0.0:1111): avc: denied { open } for path="/sys/devices/virtual/net/dummy0/address" dev="sysfs" ino=22127 scontext=u:r:untrusted_app_27:s0:c44,c256,c512,c768 tcontext=u:object_r:sysfs_net:s0 tclass=file permissive=1 app=com.dangbei.screencast
05-30 18:36:18.268 I/cling--ap-10( 1728): type=1400 audit(0.0:1112): avc: denied { getattr } for path="/sys/devices/virtual/net/dummy0/address" dev="sysfs" ino=22127 scontext=u:r:untrusted_app_27:s0:c44,c256,c512,c768 tcontext=u:object_r:sysfs_net:s0 tclass=file permissive=1 app=com.dangbei.screencast
05-30 18:36:18.301 D/bt_vendor( 479): aml_reset_bt end
05-30 18:36:18.416 D/bt_vendor( 479): aml_disbt_configure read rsp [0x4, 0xe, 0x8, 0x1, 0xf0, 0xfc, 0, 0, 0, 0, 0, 0]
05-30 18:36:18.432 D/bt_vendor( 479): aml_disbt_configure end
05-30 18:36:18.432 D/bt_userial_vendor( 479): SJD userial_vendor_close 9
05-30 18:36:18.432 D/bt_userial_vendor( 479): device fd = 9 close
05-30 18:36:18.432 D/bt_userial_vendor( 479): SJD userial_vendor_closed
05-30 18:36:18.432 D/bt_vendor( 479): op for 0
05-30 18:36:18.432 D/bt_vendor( 479): === power off BT ===
05-30 18:36:18.432 D/bt_upio ( 479): is_emulator_context : 0
05-30 18:36:18.432 D/bt_upio ( 479): is_rfkill_disabled ? [0]
05-30 18:36:18.488 F/bluetooth( 2581): Unable to get a Bluetooth service after 500ms, start the HAL before starting Bluetooth
05-30 18:36:18.488 F/libc ( 2581): Fatal signal 6 (SIGABRT), code -1 (SI_QUEUE) in tid 2617 (bt_stack_manage), pid 2581 (droid.bluetooth)
05-30 18:36:18.563 I/crash_dump32( 2628): obtaining output fd from tombstoned, type: kDebuggerdTombstoneProto
05-30 18:36:18.564 I/tombstoned( 322): received crash request for pid 2617
05-30 18:36:18.565 I/crash_dump32( 2628): performing dump of process 2581 (target tid = 2617)
05-30 18:36:18.584 E/DEBUG ( 2628): failed to read process info: failed to open /proc/2581: No such file or directory
05-30 18:36:18.664 I/xm_hidread( 1976): type=1400 audit(0.0:1113): avc: denied { read } for scontext=u:r:init:s0 tcontext=u:r:init:s0 tclass=netlink_kobject_uevent_socket permissive=1
05-30 18:36:18.667 D/bt_upio ( 479): in upio_set_bluetooth_power(), write 0 to rfkill state.
05-30 18:36:18.667 D/bt_vendor( 479): bt_power 0
05-30 18:36:18.670 E/android.hardware.bluetooth@1.0-impl( 479): bt_vendor_release_wake_lock call in
05-30 18:36:18.670 E/android.hardware.bluetooth@1.0-impl( 479): bt_vendor_release_wake_lock wakelock unacquired
05-30 18:36:18.671 I/android.hardware.bluetooth@1.1-impl( 479): BluetoothHci::initialize_1_1()
05-30 18:36:18.671 E/android.hardware.bluetooth@1.0-impl( 479): bt_vendor_acquire_wake_lock call in
05-30 18:36:18.672 E/android.hardware.bluetooth@1.0-impl( 479): bt_vendor_acquire_wake_lock get lock
05-30 18:36:18.672 E/fwlog_bt( 479): updateLogFile
05-30 18:36:18.673 E/fwlog_bt( 479): updateLogFile: to open /data/vendor/fw_log.txt
05-30 18:36:18.673 I/android.hardware.bluetooth@1.0-impl( 479): [Open-284]: ro.vendor.btmodule:multibt
05-30 18:36:18.673 E/Multi_BT( 479): [get_config_param-707]: debug config file not exist
05-30 18:36:18.673 I/Multi_BT( 479): [get_bt_prop-353]: bt_prop_val dev_name:aml_w2_s, mod_name:, vnd_lib_name:libbt-vendor_amlMulti.so, wifi_bt_name:,
05-30 18:36:18.673 I/android.hardware.bluetooth@1.0-impl( 479): [Open-290]: cur dev_name:aml_w2_s, wifi_bt_name:, libbt_vendor:libbt-vendor_amlMulti.so,
05-30 18:36:18.673 I/Multi_BT( 479): [mailbox_qca_bt_name-280]: bt_name:aml_w2_s, not qca6174
05-30 18:36:18.673 I/Multi_BT( 479): [get_aml_bt_module-445]: get aml bt module: aml_w2_s
05-30 18:36:18.674 I/Multi_BT( 479): [aml_special_handle-658]: aml modules need rmmod wifi_comm
05-30 18:36:18.674 E/Multi_BT( 479): [rmmod-641]: Unable to unload driver module wifi_comm
05-30 18:36:18.674 I/Multi_BT( 479): [matching_dev_name-418]: matched dev_name:aml_w2_s, cnt:9
05-30 18:36:18.674 I/Multi_BT( 479): [clr_bt_power_bit-798]: aml w2_s needn't clr bt power bit
05-30 18:36:18.674 I/android.hardware.bluetooth@1.0-impl( 479): [Open-310]: open vnd_lib_name:libbt-vendor_aml.so
05-30 18:36:18.682 I/bt_vendor( 479): amlbt release init 0x2024-0821-1954
05-30 18:36:18.682 I/bt_vendor( 479): I1b034743deac6dfde92346a715774f36b96e2c4b
05-30 18:36:18.682 I/bt_vendor( 479): release base commit:bb2e79fb184ca4ddf6686f77cdb0bf91f6a6fe67
05-30 18:36:18.682 E/bt_vnd_conf( 479): load_aml_stack_conf success to open file '/vendor/firmware/aml_bt.conf'
05-30 18:36:18.682 E/bt_vnd_conf( 479): load_aml_stack_conf BtChip 2
05-30 18:36:18.682 E/bt_vnd_conf( 479): load_aml_stack_conf amlbt_chiptype '2'
05-30 18:36:18.682 E/bt_vnd_conf( 479): load_aml_stack_conf BtPowerOn 2
05-30 18:36:18.682 E/bt_vnd_conf( 479): load_aml_stack_conf amlbt_poweron '2'
05-30 18:36:18.682 E/bt_vnd_conf( 479): load_aml_stack_conf RomCheck 0
05-30 18:36:18.682 E/bt_vnd_conf( 479): load_aml_stack_conf BtRecovery 0
05-30 18:36:18.682 E/bt_vnd_conf( 479): load_aml_stack_conf amlbt_btrecovery '0'
05-30 18:36:18.682 E/bt_vnd_conf( 479): load_aml_stack_conf BtSink 0
05-30 18:36:18.682 E/bt_vnd_conf( 479): load_aml_stack_conf amlbt_btsink '0'
05-30 18:36:18.682 E/bt_vnd_conf( 479): load_aml_stack_conf BtAntenna 2
05-30 18:36:18.682 E/bt_vnd_conf( 479): load_aml_stack_conf amlbt_rftype '2'
05-30 18:36:18.682 E/bt_vnd_conf( 479): load_aml_stack_conf FirmwareMode 1
05-30 18:36:18.682 E/bt_vnd_conf( 479): load_aml_stack_conf amlbt_fw_mode '1'
05-30 18:36:18.682 E/bt_vnd_conf( 479): load_aml_stack_conf ChangePinMux 0
05-30 18:36:18.682 E/bt_vnd_conf( 479): load_aml_stack_conf amlbt_pin_mux '0'
05-30 18:36:18.682 E/bt_vnd_conf( 479): load_aml_stack_conf BrDigitGain 66
05-30 18:36:18.682 E/bt_vnd_conf( 479): load_aml_stack_conf amlbt_br_digit_gain '0x42'
05-30 18:36:18.682 E/bt_vnd_conf( 479): load_aml_stack_conf EdrDigitGain 98
05-30 18:36:18.682 E/bt_vnd_conf( 479): load_aml_stack_conf amlbt_edr_digit_gain '0x62'
05-30 18:36:18.682 E/bt_vnd_conf( 479): load_aml_stack_conf Btfwlog 1
05-30 18:36:18.682 E/bt_vnd_conf( 479): load_aml_stack_conf amlbt_edr_digit_gain '0x1'
05-30 18:36:18.682 E/bt_vnd_conf( 479): load_aml_stack_conf ManfData 0519ff010a0b 051316010406
05-30 18:36:18.682 E/bt_vnd_conf( 479): load_aml_stack_conf manfdata '0519ff010a0b 051316010406' len 25
05-30 18:36:18.682 E/bt_vnd_conf( 479): load_aml_stack_conf manfdata cnt 2 strlen 12
05-30 18:36:18.682 E/bt_vnd_conf( 479): load_aml_stack_conf Btlog 3
05-30 18:36:18.682 E/bt_vnd_conf( 479): load_aml_stack_conf Btfactory 0
05-30 18:36:18.682 E/bt_vnd_conf( 479): load_aml_stack_conf Btsystem 1
05-30 18:36:18.682 D/bt_vendor( 479): [AML_BT] amlbt_transtype_check_by_persist aml_w2_s
05-30 18:36:18.682 D/bt_vendor( 479): [AML_BT] W2S Chip type(3:0:0)
05-30 18:36:18.682 D/bt_vendor( 479): property_get_state: value HW_STATE_SUCCESS
05-30 18:36:18.682 I/bt_vnd_conf( 479): Attempt to load conf from /vendor/etc/bluetooth/bt_vendor.conf
05-30 18:36:18.682 D/android.hardware.bluetooth@1.0-impl( 479): Open vendor library loaded
05-30 18:36:18.682 D/bt_vendor( 479): op for 0
05-30 18:36:18.682 D/bt_vendor( 479): === power on BT ===
05-30 18:36:18.682 D/bt_vendor( 479): bt_power 0
05-30 18:36:18.682 D/bt_upio ( 479): is_rfkill_disabled ? [0]
05-30 18:36:18.682 E/bt_upio ( 479): break
05-30 18:36:18.682 D/bt_upio ( 479): rfkill_state_path : /sys/class/rfkill/rfkill0/state
05-30 18:36:18.683 D/bt_upio ( 479): upio_power_get read 1
05-30 18:36:18.683 D/bt_upio ( 479): upio_power_get buffer 0 , ret 0
05-30 18:36:18.683 D/bt_vendor( 479): first, set bt power
05-30 18:36:18.683 D/bt_upio ( 479): is_emulator_context : 0
05-30 18:36:18.683 D/bt_upio ( 479): is_rfkill_disabled ? [0]
05-30 18:36:18.837 I/ThermalService( 2534): CPU temperatures: [53.9]
05-30 18:36:18.936 I/audio_hw_hal_alsamgr( 477): alsa format =0x1 delay frames =1024 total frames=2926080
05-30 18:36:19.071 W/SoundPool( 694): Use of stream types is deprecated for operations other than volume control
05-30 18:36:19.071 W/SoundPool( 694): See the documentation of SoundPool() for what to use instead with android.media.AudioAttributes to qualify your playback use case
05-30 18:36:19.079 I/SogouIME( 1463): onKeyDown: keyoCode=143
05-30 18:36:19.079 I/DefaultIMS( 1463): onKeyDown: keyoCode=143
05-30 18:36:19.087 I/AmFFmpegByteIOAdapter( 609): File size : 12971
05-30 18:36:19.089 W/exFFmpeg( 609): Invalid return value 0 for stream protocol
05-30 18:36:19.089 I/AmFFmpegByteIOAdapter( 609): File size : 13195
05-30 18:36:19.089 W/exFFmpeg( 609): Invalid return value 0 for stream protocol
05-30 18:36:19.089 W/exFFmpeg( 609): Invalid return value 0 for stream protocol
05-30 18:36:19.089 E/SecondScreen( 1498): FirstScreenLayoutView dispatchKeyEvent 143
05-30 18:36:19.089 W/exFFmpeg( 609): Invalid return value 0 for stream protocol
05-30 18:36:19.090 I/AmFFmpegExtractor( 609): checkInList: iswhite:0, mime:audio/ogg, type:1, id:86021 tag:0
05-30 18:36:19.090 I/AmFFmpegExtractor( 609): checkInList: iswhite:1, mime:audio/ogg, type:1, id:86021 tag:0
05-30 18:36:19.090 E/AmFFmpegExtractor( 609): codec_ctx->properties: 0
05-30 18:36:19.090 I/AmFFmpegExtractor( 609): checkSupportInList ret 1
05-30 18:36:19.092 I/AmFFmpegExtractor( 609): checkInList: iswhite:0, mime:audio/ogg, type:1, id:86021 tag:0
05-30 18:36:19.092 I/AmFFmpegExtractor( 609): checkInList: iswhite:1, mime:audio/ogg, type:1, id:86021 tag:0
05-30 18:36:19.092 E/AmFFmpegExtractor( 609): codec_ctx->properties: 0
05-30 18:36:19.092 I/AmFFmpegExtractor( 609): checkSupportInList ret 1
05-30 18:36:19.092 I/AmFFmpegExtractor( 609): checkInList: iswhite:0, mime:audio/ogg, type:1, id:86021 tag:0
05-30 18:36:19.092 I/AmFFmpegExtractor( 609): checkInList: iswhite:1, mime:audio/ogg, type:1, id:86021 tag:0
05-30 18:36:19.092 E/AmFFmpegExtractor( 609): codec_ctx->properties: 0
05-30 18:36:19.092 I/AmFFmpegExtractor( 609): checkSupportInList ret 0
05-30 18:36:19.092 E/AmFFmpegExtractor( 609): vendor do not support
05-30 18:36:19.095 I/AmFFmpegExtractor( 609): checkInList: iswhite:0, mime:audio/ogg, type:1, id:86021 tag:0
05-30 18:36:19.095 I/AmFFmpegExtractor( 609): checkInList: iswhite:1, mime:audio/ogg, type:1, id:86021 tag:0
05-30 18:36:19.095 E/AmFFmpegExtractor( 609): codec_ctx->properties: 0
05-30 18:36:19.095 I/AmFFmpegExtractor( 609): checkSupportInList ret 0
05-30 18:36:19.095 E/AmFFmpegExtractor( 609): vendor do not support
05-30 18:36:19.099 D/bt_upio ( 479): in upio_set_bluetooth_power(), write 1 to rfkill state.
05-30 18:36:19.099 D/bt_vendor( 479): end, set bt power
05-30 18:36:19.100 W/bt_vendor( 479): driver wifi_comm is not detected! count=1, usleep(20ms)...
05-30 18:36:19.103 D/MediaCodecList( 694): codecHandlesFormat: no format, so no extra checks
05-30 18:36:19.104 D/CCodec ( 694): allocate(c2.android.vorbis.decoder)
05-30 18:36:19.108 I/CCodec ( 694): setting up 'default' as default (vendor) store
05-30 18:36:19.114 F/DEBUG ( 2628): *** *** *** *** *** *** *** *** *** *** *** *** *** *** *** ***
05-30 18:36:19.114 F/DEBUG ( 2628): Build fingerprint: 'Amlogic/ross/Dangbei:14/UD2A.240505.001.W1/eng.server.20250530.140804:user/release-keys'
05-30 18:36:19.114 F/DEBUG ( 2628): Revision: '0'
05-30 18:36:19.114 F/DEBUG ( 2628): ABI: 'arm'
05-30 18:36:19.114 F/DEBUG ( 2628): Timestamp: 2025-05-30 18:36:18.584260552+0800
05-30 18:36:19.115 F/DEBUG ( 2628): Process uptime: 0s
05-30 18:36:19.115 F/DEBUG ( 2628): Cmdline: com.android.bluetooth
05-30 18:36:19.115 F/DEBUG ( 2628): pid: 2581, tid: 2617, name: bt_stack_manage >>> com.android.bluetooth <<<
05-30 18:36:19.115 F/DEBUG ( 2628): uid: 1002
05-30 18:36:19.115 F/DEBUG ( 2628): signal 6 (SIGABRT), code -1 (SI_QUEUE), fault addr --------
05-30 18:36:19.115 F/DEBUG ( 2628): Abort message: 'Unable to get a Bluetooth service after 500ms, start the HAL before starting Bluetooth'
05-30 18:36:19.115 F/DEBUG ( 2628): r0 00000000 r1 00000a39 r2 00000006 r3 bf21d770
05-30 18:36:19.115 F/DEBUG ( 2628): r4 bf21d780 r5 bf21d768 r6 00000a15 r7 0000016b
05-30 18:36:19.115 F/DEBUG ( 2628): r8 00000000 r9 ffffffff r10 bf21d770 r11 00000000
05-30 18:36:19.115 F/DEBUG ( 2628): ip 00000a39 sp bf21d750 lr ed08c603 pc ed08c616
05-30 18:36:19.115 F/DEBUG ( 2628): 11 total frames
05-30 18:36:19.115 F/DEBUG ( 2628): backtrace:
05-30 18:36:19.115 F/DEBUG ( 2628): #00 pc 0004a616 /apex/com.android.runtime/lib/bionic/libc.so (abort+138) (BuildId: 8e93a972dad1c40fabed7c4c768acf47)
05-30 18:36:19.115 F/DEBUG ( 2628): #01 pc 0040ea21 /apex/com.android.art/lib/libart.so (art::Runtime::Abort(char const*)+980) (BuildId: 0fd2607c7ac03dcf8c16f24317775f7c)
05-30 18:36:19.115 F/DEBUG ( 2628): #02 pc 000328d3 /apex/com.android.art/lib/libbase.so (android::base::SetAborter(std::__1::function&&)::$_0::__invoke(char const*)+46) (BuildId: 23a0e855011591eb7971e416736e2c69)
05-30 18:36:19.115 F/DEBUG ( 2628): #03 pc 000141c1 /system/lib/liblog.so (__android_log_assert+168) (BuildId: bca08e8c689c6020e17acd81cf0a06b3)
05-30 18:36:19.115 F/DEBUG ( 2628): #04 pc 0084a603 /apex/com.android.btservices/lib/libbluetooth_jni.so (bluetooth::hal::HciHalHidl::start_hidl()::'lambda'()::operator()() const+454) (BuildId: 8210b3794ee04ec3397381f870df98a5)
05-30 18:36:19.115 F/DEBUG ( 2628): #05 pc 0083be25 /apex/com.android.btservices/lib/libbluetooth_jni.so (bluetooth::os::Alarm::on_fire()+64) (BuildId: 8210b3794ee04ec3397381f870df98a5)
05-30 18:36:19.115 F/DEBUG ( 2628): #06 pc 0083d09d /apex/com.android.btservices/lib/libbluetooth_jni.so (bluetooth::os::Reactor::Run()+456) (BuildId: 8210b3794ee04ec3397381f870df98a5)
05-30 18:36:19.115 F/DEBUG ( 2628): #07 pc 0083d895 /apex/com.android.btservices/lib/libbluetooth_jni.so (bluetooth::os::Thread::run(bluetooth::os::Thread::Priority)+104) (BuildId: 8210b3794ee04ec3397381f870df98a5)
05-30 18:36:19.115 F/DEBUG ( 2628): #08 pc 0083d987 /apex/com.android.btservices/lib/libbluetooth_jni.so (void* std::__1::__thread_proxy >, void (bluetooth::os::Thread::*)(bluetooth::os::Thread::Priority), bluetooth::os::Thread*, bluetooth::os::Thread::Priority> >(void*)+40) (BuildId: 8210b3794ee04ec3397381f870df98a5)
05-30 18:36:19.115 F/DEBUG ( 2628): #09 pc 00094b4f /apex/com.android.runtime/lib/bionic/libc.so (__pthread_start(void*)+40) (BuildId: 8e93a972dad1c40fabed7c4c768acf47)
05-30 18:36:19.115 F/DEBUG ( 2628): #10 pc 0004b613 /apex/com.android.runtime/lib/bionic/libc.so (__start_thread+30) (BuildId: 8e93a972dad1c40fabed7c4c768acf47)
05-30 18:36:19.119 D/MediaCodecList( 694): codecHandlesFormat: no format, so no extra checks
05-30 18:36:19.120 D/bt_vendor( 479): op amlbt_if_type=1536
05-30 18:36:19.120 D/bt_vendor( 479): [insmod]driver: /vendor/lib/modules/w2_comm.ko
05-30 18:36:19.120 D/CCodec ( 694): allocate(c2.android.vorbis.decoder)
05-30 18:36:19.121 E/bt_vendor( 479): [insmod]finit_module failed! File exists
05-30 18:36:19.121 W/bt_vendor( 479): driver w2_comm is detected! count=1
05-30 18:36:19.122 D/bt_vendor( 479): [insmod]driver: /vendor/lib/modules/aml_bt.ko
05-30 18:36:19.123 I/CCodec ( 694): setting up 'default' as default (vendor) store
05-30 18:36:19.123 E/bt_vendor( 479): [insmod]finit_module failed! File exists
05-30 18:36:19.123 W/bt_vendor( 479): driver aml_bt is detected! count=1
05-30 18:36:19.123 D/bt_vendor( 479): op for 3
05-30 18:36:19.123 I/bt_userial_vendor( 479): userial vendor open: opening /dev/ttyS1
05-30 18:36:19.123 E/bt_userial_vendor( 479): userial vendor open success!!
05-30 18:36:19.124 I/bt_userial_vendor( 479): device fd = 9 open
05-30 18:36:19.124 D/bt_vendor( 479): op for 1
05-30 18:36:19.124 D/bt_hwcfg( 479): hw_config_start-------------
05-30 18:36:19.124 D/bt_hwcfg( 479): hw_config_start uart-------------
05-30 18:36:19.124 E/bt_hwcfg( 479): userial vendor: set baud speed 115200
05-30 18:36:19.124 D/bt_vendor( 479): op for 7
05-30 18:36:19.124 D/bt_upio ( 479): upio_set : pio 0 action 2, polarity 1
05-30 18:36:19.124 D/bt_upio ( 479): begin open btwrite.
05-30 18:36:19.124 E/bt_upio ( 479): upio_set : open(/proc/bluetooth/sleep/btwrite) for write failed: No such file or directory (2)
05-30 18:36:19.126 E/bt_hwcfg( 479): userial vendor: set baud speed 4000000
05-30 18:36:19.126 D/bt_hwcfg( 479): hw_config_get_iccm_size chip(3:0:0)
05-30 18:36:19.126 D/bt_hwcfg( 479): open file: /vendor/firmware/w2_bt_fw_uart.bin
05-30 18:36:19.126 D/bt_hwcfg( 479): open file: /vendor/firmware/w2_bt_fw_uart.bin successful!
05-30 18:36:19.126 D/bt_hwcfg( 479): ---------hw_config_get_iccm_size iccm_size 524288---------
05-30 18:36:19.127 D/bt_hwcfg( 479): hw_config_get_dccm_size chip(3:0:0)
05-30 18:36:19.127 D/bt_hwcfg( 479): open file: /vendor/firmware/w2_bt_fw_uart.bin
05-30 18:36:19.127 D/bt_hwcfg( 479): open file: /vendor/firmware/w2_bt_fw_uart.bin successful!
05-30 18:36:19.127 D/bt_hwcfg( 479): ---------hw_config_get_dccm_size dccm_size 131072---------
05-30 18:36:19.127 D/bt_hwcfg( 479): uart_target_baud_rate = 4000000
05-30 18:36:19.127 D/bt_hwcfg( 479): open file: /vendor/firmware/w2_bt_fw_uart.bin
05-30 18:36:19.127 D/bt_hwcfg( 479): open file: /vendor/firmware/w2_bt_fw_uart.bin successful!
05-30 18:36:19.128 I/CCodec ( 694): Created component [c2.android.vorbis.decoder]
05-30 18:36:19.129 D/CCodecConfig( 694): read media type: audio/vorbis
05-30 18:36:19.131 D/bt_userial_vendor( 479): userial_vendor_devchar_open, device name = /dev/stpbt
05-30 18:36:19.131 D/bt_userial_vendor( 479): device fd = 13 open
05-30 18:36:19.136 D/bt_hwcfg( 479): iccm write over successfully 0x423
05-30 18:36:19.137 I/CCodec ( 694): Created component [c2.android.vorbis.decoder]
05-30 18:36:19.140 D/ReflectedParamUpdater( 694): extent() != 1 for single value type: algo.buffers.max-count.values
05-30 18:36:19.141 D/ReflectedParamUpdater( 694): extent() != 1 for single value type: output.subscribed-indices.values
05-30 18:36:19.141 D/ReflectedParamUpdater( 694): extent() != 1 for single value type: input.buffers.allocator-ids.values
05-30 18:36:19.141 D/ReflectedParamUpdater( 694): extent() != 1 for single value type: output.buffers.allocator-ids.values
05-30 18:36:19.141 D/ReflectedParamUpdater( 694): extent() != 1 for single value type: algo.buffers.allocator-ids.values
05-30 18:36:19.141 D/CCodecConfig( 694): read media type: audio/vorbis
05-30 18:36:19.141 D/ReflectedParamUpdater( 694): extent() != 1 for single value type: output.buffers.pool-ids.values
05-30 18:36:19.142 D/ReflectedParamUpdater( 694): extent() != 1 for single value type: algo.buffers.pool-ids.values
05-30 18:36:19.144 D/ReflectedParamUpdater( 694): extent() != 1 for single value type: algo.buffers.max-count.values
05-30 18:36:19.144 D/ReflectedParamUpdater( 694): extent() != 1 for single value type: output.subscribed-indices.values
05-30 18:36:19.144 D/ReflectedParamUpdater( 694): extent() != 1 for single value type: input.buffers.allocator-ids.values
05-30 18:36:19.145 D/ReflectedParamUpdater( 694): extent() != 1 for single value type: output.buffers.allocator-ids.values
05-30 18:36:19.145 D/ReflectedParamUpdater( 694): extent() != 1 for single value type: algo.buffers.allocator-ids.values
05-30 18:36:19.145 D/ReflectedParamUpdater( 694): extent() != 1 for single value type: output.buffers.pool-ids.values
05-30 18:36:19.145 D/ReflectedParamUpdater( 694): extent() != 1 for single value type: algo.buffers.pool-ids.values
05-30 18:36:19.147 I/CCodecConfig( 694): query failed after returning 7 values (BAD_INDEX)
05-30 18:36:19.147 D/CCodecConfig( 694): c2 config diff is Dict {
05-30 18:36:19.147 D/CCodecConfig( 694): c2::u32 coded.bitrate.value = 64000
05-30 18:36:19.147 D/CCodecConfig( 694): c2::u32 input.buffers.max-size.value = 32768
05-30 18:36:19.147 D/CCodecConfig( 694): c2::u32 input.delay.value = 0
05-30 18:36:19.147 D/CCodecConfig( 694): string input.media-type.value = "audio/vorbis"
05-30 18:36:19.147 D/CCodecConfig( 694): string output.media-type.value = "audio/raw"
05-30 18:36:19.147 D/CCodecConfig( 694): c2::u32 raw.channel-count.value = 1
05-30 18:36:19.147 D/CCodecConfig( 694): c2::u32 raw.sample-rate.value = 48000
05-30 18:36:19.147 D/CCodecConfig( 694): }
05-30 18:36:19.150 D/MediaCodec( 694): flushMediametrics
05-30 18:36:19.150 D/CCodec ( 694): [c2.android.vorbis.decoder] buffers are bound to CCodec for this session
05-30 18:36:19.150 D/CCodecConfig( 694): no c2 equivalents for durationUs
05-30 18:36:19.150 D/CCodecConfig( 694): no c2 equivalents for track-id
05-30 18:36:19.150 D/CCodecConfig( 694): no c2 equivalents for csd-1
05-30 18:36:19.150 D/CCodecConfig( 694): no c2 equivalents for flags
05-30 18:36:19.151 D/CCodecConfig( 694): c2 config diff is c2::u32 coded.bitrate.value = 112000
05-30 18:36:19.151 D/CCodecConfig( 694): c2::u32 raw.channel-count.value = 2
05-30 18:36:19.151 D/CCodecConfig( 694): c2::u32 raw.sample-rate.value = 44100
05-30 18:36:19.152 W/Codec2Client( 694): query -- param skipped: index = 1107298332.
05-30 18:36:19.152 D/CCodec ( 694): encoding statistics level = 0
05-30 18:36:19.152 D/CCodec ( 694): setup formats input: AMessage(what = 0x00000000) = {
05-30 18:36:19.152 D/CCodec ( 694): int32_t bitrate = 112000
05-30 18:36:19.152 D/CCodec ( 694): int32_t channel-count = 2
05-30 18:36:19.152 D/CCodec ( 694): int32_t max-input-size = 32768
05-30 18:36:19.152 D/CCodec ( 694): string mime = "audio/vorbis"
05-30 18:36:19.152 D/CCodec ( 694): int32_t sample-rate = 44100
05-30 18:36:19.152 D/CCodec ( 694): }
05-30 18:36:19.152 D/CCodec ( 694): setup formats output: AMessage(what = 0x00000000) = {
05-30 18:36:19.152 D/CCodec ( 694): int32_t channel-count = 2
05-30 18:36:19.152 D/CCodec ( 694): string mime = "audio/raw"
05-30 18:36:19.152 D/CCodec ( 694): int32_t sample-rate = 44100
05-30 18:36:19.152 D/CCodec ( 694): int32_t channel-mask = 3
05-30 18:36:19.152 D/CCodec ( 694): int32_t android._config-pcm-encoding = 2
05-30 18:36:19.152 D/CCodec ( 694): }
05-30 18:36:19.152 I/CCodecConfig( 694): query failed after returning 7 values (BAD_INDEX)
05-30 18:36:19.153 W/Codec2Client( 694): query -- param skipped: index = 1342179345.
05-30 18:36:19.153 W/Codec2Client( 694): query -- param skipped: index = 2415921170.
05-30 18:36:19.155 D/BufferPoolAccessor2.0( 622): bufferpool2 0xee841d68 : 0(0 size) total buffers - 0(0 size) used buffers - 6/10 (recycle/alloc) - 4/9 (fetch/transfer)
05-30 18:36:19.155 D/BufferPoolAccessor2.0( 622): Destruction - bufferpool2 0xee841d68 cached: 0/0M, 0/0% in use; allocs: 10, 60% recycled; transfers: 9, 56% unfetched
05-30 18:36:19.155 D/BufferPoolAccessor2.0( 622): bufferpool2 0xee842f68 : 0(0 size) total buffers - 0(0 size) used buffers - 3/7 (recycle/alloc) - 4/6 (fetch/transfer)
05-30 18:36:19.155 D/BufferPoolAccessor2.0( 622): Destruction - bufferpool2 0xee842f68 cached: 0/0M, 0/0% in use; allocs: 7, 43% recycled; transfers: 6, 33% unfetched
05-30 18:36:19.155 D/BufferPoolAccessor2.0( 622): bufferpool2 0xee8433e8 : 0(0 size) total buffers - 0(0 size) used buffers - 9/11 (recycle/alloc) - 2/10 (fetch/transfer)
05-30 18:36:19.156 D/BufferPoolAccessor2.0( 622): Destruction - bufferpool2 0xee8433e8 cached: 0/0M, 0/0% in use; allocs: 11, 82% recycled; transfers: 10, 80% unfetched
05-30 18:36:19.156 D/BufferPoolAccessor2.0( 622): bufferpool2 0xee843988 : 0(0 size) total buffers - 0(0 size) used buffers - 8/10 (recycle/alloc) - 2/9 (fetch/transfer)
05-30 18:36:19.156 D/BufferPoolAccessor2.0( 622): Destruction - bufferpool2 0xee843988 cached: 0/0M, 0/0% in use; allocs: 10, 80% recycled; transfers: 9, 78% unfetched
05-30 18:36:19.156 D/BufferPoolAccessor2.0( 622): bufferpool2 0xee840fe8 : 0(0 size) total buffers - 0(0 size) used buffers - 12/15 (recycle/alloc) - 3/14 (fetch/transfer)
05-30 18:36:19.156 D/BufferPoolAccessor2.0( 622): Destruction - bufferpool2 0xee840fe8 cached: 0/0M, 0/0% in use; allocs: 15, 80% recycled; transfers: 14, 79% unfetched
05-30 18:36:19.156 D/BufferPoolAccessor2.0( 622): bufferpool2 0xee8416a8 : 0(0 size) total buffers - 0(0 size) used buffers - 11/15 (recycle/alloc) - 4/14 (fetch/transfer)
05-30 18:36:19.156 D/BufferPoolAccessor2.0( 622): Destruction - bufferpool2 0xee8416a8 cached: 0/0M, 0/0% in use; allocs: 15, 73% recycled; transfers: 14, 71% unfetched
05-30 18:36:19.156 D/CCodecBufferChannel( 694): [c2.android.vorbis.decoder#70] Created input block pool with allocatorID 16 => poolID 23 - OK (0)
05-30 18:36:19.157 D/BufferPoolAccessor2.0( 694): bufferpool2 0xe7575608 : 0(0 size) total buffers - 0(0 size) used buffers - 1/7 (recycle/alloc) - 6/18 (fetch/transfer)
05-30 18:36:19.157 D/BufferPoolAccessor2.0( 694): Destruction - bufferpool2 0xe7575608 cached: 0/0M, 0/0% in use; allocs: 7, 14% recycled; transfers: 18, 67% unfetched
05-30 18:36:19.158 D/BufferPoolAccessor2.0( 694): bufferpool2 0xbb215088 : 0(0 size) total buffers - 0(0 size) used buffers - 1/7 (recycle/alloc) - 6/24 (fetch/transfer)
05-30 18:36:19.158 D/BufferPoolAccessor2.0( 694): Destruction - bufferpool2 0xbb215088 cached: 0/0M, 0/0% in use; allocs: 7, 14% recycled; transfers: 24, 75% unfetched
05-30 18:36:19.158 D/BufferPoolAccessor2.0( 694): bufferpool2 0xbb2256a8 : 0(0 size) total buffers - 0(0 size) used buffers - 2/7 (recycle/alloc) - 5/34 (fetch/transfer)
05-30 18:36:19.158 I/CCodecBufferChannel( 694): [c2.android.vorbis.decoder#70] Created output block pool with allocatorID 16 => poolID 23 - OK
05-30 18:36:19.163 D/bt_hwcfg( 479): dccm write over successfully 0x211
05-30 18:36:19.163 D/BufferPoolAccessor2.0( 694): bufferpool2 0xbb226428 : 0(0 size) total buffers - 0(0 size) used buffers - 2/7 (recycle/alloc) - 5/24 (fetch/transfer)
05-30 18:36:19.163 D/bt_hwcfg( 479): HW_CFG_AML_DOWNLOAD_FIRMWARE_CLOSE_EVENT
05-30 18:36:19.163 D/BufferPoolAccessor2.0( 694): Destruction - bufferpool2 0xbb226428 cached: 0/0M, 0/0% in use; allocs: 7, 29% recycled; transfers: 24, 79% unfetched
05-30 18:36:19.163 D/BufferPoolAccessor2.0( 694): bufferpool2 0xbb2032c8 : 0(0 size) total buffers - 0(0 size) used buffers - 2/7 (recycle/alloc) - 5/34 (fetch/transfer)
05-30 18:36:19.164 I/SogouIME( 1463): onKeyUp: keyoCode=143
05-30 18:36:19.164 I/DefaultIMS( 1463): onKeyUp: keyoCode=143
05-30 18:36:19.164 D/BufferPoolAccessor2.0( 694): bufferpool2 0xbb225108 : 0(0 size) total buffers - 0(0 size) used buffers - 2/7 (recycle/alloc) - 5/26 (fetch/transfer)
05-30 18:36:19.164 D/BufferPoolAccessor2.0( 694): Destruction - bufferpool2 0xbb2032c8 cached: 0/0M, 0/0% in use; allocs: 7, 29% recycled; transfers: 34, 85% unfetched
05-30 18:36:19.164 D/BufferPoolAccessor2.0( 694): Destruction - bufferpool2 0xbb225108 cached: 0/0M, 0/0% in use; allocs: 7, 29% recycled; transfers: 26, 81% unfetched
05-30 18:36:19.164 D/bt_hwcfg( 479): antenna number=2 sink mode=0
05-30 18:36:19.165 I/CCodecConfig( 694): query failed after returning 7 values (BAD_INDEX)
05-30 18:36:19.165 D/CCodecConfig( 694): c2 config diff is Dict {
05-30 18:36:19.165 D/CCodecConfig( 694): c2::u32 coded.bitrate.value = 64000
05-30 18:36:19.165 D/CCodecConfig( 694): c2::u32 input.buffers.max-size.value = 32768
05-30 18:36:19.165 D/CCodecConfig( 694): c2::u32 input.delay.value = 0
05-30 18:36:19.165 D/CCodecConfig( 694): string input.media-type.value = "audio/vorbis"
05-30 18:36:19.165 D/CCodecConfig( 694): string output.media-type.value = "audio/raw"
05-30 18:36:19.165 D/CCodecConfig( 694): c2::u32 raw.channel-count.value = 1
05-30 18:36:19.165 D/CCodecConfig( 694): c2::u32 raw.sample-rate.value = 48000
05-30 18:36:19.165 D/CCodecConfig( 694): }
05-30 18:36:19.165 D/CCodecBufferChannel( 694): [c2.android.vorbis.decoder#70] Configured output block pool ids 23 => OK
05-30 18:36:19.166 D/bt_hwcfg( 479): amlbt_pin_mux=0 amlbt_br_digit_gain=0x42 amlbt_edr_digit_gain=0x62
05-30 18:36:19.166 I/C2VendorComponentStore( 485): setDmaBufUsage 5
05-30 18:36:19.166 E/SecondScreen( 1498): FirstScreenLayoutView dispatchKeyEvent 143
05-30 18:36:19.166 D/BufferPoolAccessor2.0( 694): Destruction - bufferpool2 0xbb2256a8 cached: 0/0M, 0/0% in use; allocs: 7, 29% recycled; transfers: 34, 85% unfetched
05-30 18:36:19.167 E/tombstoned( 322): Tombstone written to: tombstone_02
05-30 18:36:19.168 D/SimpleC2Component( 622): Using output block pool with poolID 23 => got 23 - 0
05-30 18:36:19.172 I/DropBoxManagerService( 694): add tag=system_app_native_crash isTagEnabled=true flags=0x2
05-30 18:36:19.174 D/bt_hwcfg( 479): amlbt_fwlog_config=1
05-30 18:36:19.177 D/bt_hwcfg( 479): HW_CFG_AML_DOWNLOAD_FIRMWARE_STRAT_CPU_UART_BEFORE
05-30 18:36:19.178 D/bt_hwcfg( 479): 0x70000
05-30 18:36:19.178 D/bt_hwcfg( 479): HW_CFG_AML_DOWNLOAD_FIRMWARE_STRAT_CPU_UART
05-30 18:36:19.180 E/NativeTombstoneManager( 694): Tombstone's UID (1002) not an app, ignoring
05-30 18:36:19.182 D/MediaCodec( 694): flushMediametrics
05-30 18:36:19.182 D/CCodec ( 694): [c2.android.vorbis.decoder] buffers are bound to CCodec for this session
05-30 18:36:19.182 D/CCodecConfig( 694): no c2 equivalents for durationUs
05-30 18:36:19.182 D/CCodecConfig( 694): no c2 equivalents for track-id
05-30 18:36:19.183 D/CCodecConfig( 694): no c2 equivalents for csd-1
05-30 18:36:19.183 D/CCodecConfig( 694): no c2 equivalents for flags
05-30 18:36:19.184 D/CCodecConfig( 694): c2 config diff is c2::u32 coded.bitrate.value = 112000
05-30 18:36:19.184 D/CCodecConfig( 694): c2::u32 raw.channel-count.value = 2
05-30 18:36:19.184 D/CCodecConfig( 694): c2::u32 raw.sample-rate.value = 44100
05-30 18:36:19.185 W/Codec2Client( 694): query -- param skipped: index = 1107298332.
05-30 18:36:19.185 D/CCodec ( 694): encoding statistics level = 0
05-30 18:36:19.185 D/CCodec ( 694): setup formats input: AMessage(what = 0x00000000) = {
05-30 18:36:19.185 D/CCodec ( 694): int32_t bitrate = 112000
05-30 18:36:19.185 D/CCodec ( 694): int32_t channel-count = 2
05-30 18:36:19.185 D/CCodec ( 694): int32_t max-input-size = 32768
05-30 18:36:19.185 D/CCodec ( 694): string mime = "audio/vorbis"
05-30 18:36:19.185 D/CCodec ( 694): int32_t sample-rate = 44100
05-30 18:36:19.185 D/CCodec ( 694): }
05-30 18:36:19.185 D/CCodec ( 694): setup formats output: AMessage(what = 0x00000000) = {
05-30 18:36:19.185 D/CCodec ( 694): int32_t channel-count = 2
05-30 18:36:19.185 D/CCodec ( 694): string mime = "audio/raw"
05-30 18:36:19.185 D/CCodec ( 694): int32_t sample-rate = 44100
05-30 18:36:19.185 D/CCodec ( 694): int32_t channel-mask = 3
05-30 18:36:19.185 D/CCodec ( 694): int32_t android._config-pcm-encoding = 2
05-30 18:36:19.185 D/CCodec ( 694): }
05-30 18:36:19.185 I/CCodecConfig( 694): query failed after returning 7 values (BAD_INDEX)
05-30 18:36:19.186 W/Codec2Client( 694): query -- param skipped: index = 1342179345.
05-30 18:36:19.186 W/Codec2Client( 694): query -- param skipped: index = 2415921170.
05-30 18:36:19.187 I/BootReceiver( 694): Copying /data/tombstones/tombstone_02 to DropBox (SYSTEM_TOMBSTONE)
05-30 18:36:19.188 D/CCodecBufferChannel( 694): [c2.android.vorbis.decoder#862] Created input block pool with allocatorID 16 => poolID 24 - OK (0)
05-30 18:36:19.188 I/DropBoxManagerService( 694): add tag=SYSTEM_TOMBSTONE isTagEnabled=true flags=0x6
05-30 18:36:19.190 I/CCodecBufferChannel( 694): [c2.android.vorbis.decoder#862] Created output block pool with allocatorID 16 => poolID 24 - OK
05-30 18:36:19.190 D/CCodecBufferChannel( 694): [c2.android.vorbis.decoder#862] Configured output block pool ids 24 => OK
05-30 18:36:19.191 D/bt_hwcfg( 479): Setting local bd addr to 22:22:52:DC:B8:59
05-30 18:36:19.192 I/C2VendorComponentStore( 485): setDmaBufUsage 5
05-30 18:36:19.193 I/C2VendorComponentStore( 485): setDmaBufUsage 5
05-30 18:36:19.195 D/SimpleC2Component( 622): Using output block pool with poolID 24 => got 24 - 0
05-30 18:36:19.203 D/bt_hwcfg( 479): BT Controller model=aml_w2_s,version = 2025.05.28,number = 0xbf68
05-30 18:36:19.205 D/bt_hwcfg( 479): vendor lib fwcfg completed
05-30 18:36:19.205 D/bt_hwcfg( 479): vendor lib config manf data
05-30 18:36:19.207 D/android.hardware.bluetooth@1.0-impl( 479): OnFirmwareConfigured result: 0
05-30 18:36:19.207 I/android.hardware.bluetooth@1.0-impl( 479): Firmware configured in 0.083s
05-30 18:36:19.208 E/NativeTombstoneManager( 694): Tombstone's UID (1002) not an app, ignoring
05-30 18:36:19.211 E/android.hardware.bluetooth@1.1-impl( 479): VendorInterface -> Unable to call initializationComplete()
05-30 18:36:19.211 D/bt_vendor( 479): op for 5
05-30 18:36:19.211 I/android.hardware.bluetooth@1.0-impl( 479): OnFirmwareConfigured: lpm_timeout_ms 3000
05-30 18:36:19.211 D/bt_vendor( 479): op for 6
05-30 18:36:19.211 D/bt_upio ( 479): upio_set : pio 2 action 2, polarity 0
05-30 18:36:19.211 E/bt_upio ( 479): upio_set : open(/proc/bluetooth/sleep/lpm) for write failed: No such file or directory (2)
05-30 18:36:19.211 D/bt_hwcfg( 479): LPM enabled!!
05-30 18:36:19.211 D/android.hardware.bluetooth@1.0-impl( 479): OnFirmwareConfigured Calling StartLowPowerWatchdog()
05-30 18:36:19.211 E/android.hardware.bluetooth@1.0-impl( 479): bt_vendor_release_wake_lock call in
05-30 18:36:19.211 E/android.hardware.bluetooth@1.1-impl( 479): BluetoothDeathRecipient::serviceDied - Bluetooth service died
05-30 18:36:19.211 I/android.hardware.bluetooth@1.1-impl( 479): BluetoothHci::close()
05-30 18:36:19.211 I/android.hardware.bluetooth@1.1-impl( 479): Skipping unlink call, service died.
05-30 18:36:19.211 D/bt_vendor( 479): op for 6
05-30 18:36:19.211 D/bt_upio ( 479): upio_set : pio 2 action 1, polarity 0
05-30 18:36:19.211 E/bt_upio ( 479): upio_set : open(/proc/bluetooth/sleep/lpm) for write failed: No such file or directory (2)
05-30 18:36:19.211 E/bt_hwcfg( 479): LPM disabled!!
05-30 18:36:19.211 E/android.hardware.bluetooth@1.0-impl( 479): bt_vendor_release_wake_lock release lock
05-30 18:36:19.212 I/ActivityManager( 694): Process com.android.bluetooth (pid 2581) has died: psvc PER
05-30 18:36:19.212 D/bt_vendor( 479): op for 4
05-30 18:36:19.213 W/ActivityManager( 694): Scheduling restart of crashed service com.android.bluetooth/.btservice.AdapterService in 5215ms for connection
05-30 18:36:19.213 W/ActivityManager( 694): Scheduling restart of crashed service com.android.bluetooth/.gatt.GattService in 1800000ms for connection
05-30 18:36:19.214 D/bt_vendor( 479): property_set_state: HW_STATE_SUCCESS
05-30 18:36:19.214 D/bt_vendor( 479): op: shutdwon_status =
05-30 18:36:19.214 D/bt_vendor( 479): hw_reg_pum_power_cfg_clear start
05-30 18:36:19.214 I/libprocessgroup( 694): Successfully killed process cgroup uid 1002 pid 2581 in 2ms
05-30 18:36:19.215 D/DisplayManagerService( 694): Drop pending events for gone uid 1002
05-30 18:36:19.216 I/C2VendorComponentStore( 485): setDmaBufUsage 5
05-30 18:36:19.218 I/Zygote ( 465): Process 2581 exited due to signal 6 (Aborted)
05-30 18:36:19.223 I/DropBoxManagerService( 694): add tag=SYSTEM_TOMBSTONE_PROTO_WITH_HEADERS isTagEnabled=true flags=0x4
05-30 18:36:19.229 D/bt_vendor( 479): hw_reg_pum_power_cfg_clear end
05-30 18:36:19.256 D/CCodecBufferChannel( 694): [c2.android.vorbis.decoder#70] MediaCodec discarded an unknown buffer
05-30 18:36:19.256 D/CCodecBufferChannel( 694): [c2.android.vorbis.decoder#70] MediaCodec discarded an unknown buffer
05-30 18:36:19.256 D/CCodecBufferChannel( 694): [c2.android.vorbis.decoder#70] MediaCodec discarded an unknown buffer
05-30 18:36:19.259 I/hw-BpHwBinder( 694): onLastStrongRef automatically unlinking death recipients
05-30 18:36:19.259 I/hw-BpHwBinder( 622): onLastStrongRef automatically unlinking death recipients
05-30 18:36:19.260 D/MediaCodec( 694): flushMediametrics
05-30 18:36:19.269 I/AmFFmpegByteIOAdapter( 609): File size : 13299
05-30 18:36:19.271 W/exFFmpeg( 609): Invalid return value 0 for stream protocol
05-30 18:36:19.271 W/exFFmpeg( 609): Invalid return value 0 for stream protocol
05-30 18:36:19.271 I/AmFFmpegExtractor( 609): checkInList: iswhite:0, mime:audio/ogg, type:1, id:86021 tag:0
05-30 18:36:19.272 I/AmFFmpegExtractor( 609): checkInList: iswhite:1, mime:audio/ogg, type:1, id:86021 tag:0
05-30 18:36:19.272 E/AmFFmpegExtractor( 609): codec_ctx->properties: 0
05-30 18:36:19.272 I/AmFFmpegExtractor( 609): checkSupportInList ret 1
05-30 18:36:19.272 D/CCodecBufferChannel( 694): [c2.android.vorbis.decoder#862] MediaCodec discarded an unknown buffer
05-30 18:36:19.272 D/CCodecBufferChannel( 694): [c2.android.vorbis.decoder#862] MediaCodec discarded an unknown buffer
05-30 18:36:19.272 D/CCodecBufferChannel( 694): [c2.android.vorbis.decoder#862] MediaCodec discarded an unknown buffer
05-30 18:36:19.274 I/AmFFmpegExtractor( 609): checkInList: iswhite:0, mime:audio/ogg, type:1, id:86021 tag:0
05-30 18:36:19.274 I/AmFFmpegExtractor( 609): checkInList: iswhite:1, mime:audio/ogg, type:1, id:86021 tag:0
05-30 18:36:19.275 E/AmFFmpegExtractor( 609): codec_ctx->properties: 0
05-30 18:36:19.275 I/AmFFmpegExtractor( 609): checkSupportInList ret 0
05-30 18:36:19.276 E/AmFFmpegExtractor( 609): vendor do not support
05-30 18:36:19.276 I/hw-BpHwBinder( 694): onLastStrongRef automatically unlinking death recipients
05-30 18:36:19.276 I/hw-BpHwBinder( 622): onLastStrongRef automatically unlinking death recipients
05-30 18:36:19.276 I/hw-BpHwBinder( 622): onLastStrongRef automatically unlinking death recipients
05-30 18:36:19.278 D/MediaCodec( 694): flushMediametrics
05-30 18:36:19.283 D/MediaCodecList( 694): codecHandlesFormat: no format, so no extra checks
05-30 18:36:19.285 D/CCodec ( 694): allocate(c2.android.vorbis.decoder)
05-30 18:36:19.286 I/CCodec ( 694): setting up 'default' as default (vendor) store
05-30 18:36:19.289 I/CCodec ( 694): Created component [c2.android.vorbis.decoder]
05-30 18:36:19.289 D/CCodecConfig( 694): read media type: audio/vorbis
05-30 18:36:19.291 D/ReflectedParamUpdater( 694): extent() != 1 for single value type: algo.buffers.max-count.values
05-30 18:36:19.292 D/ReflectedParamUpdater( 694): extent() != 1 for single value type: output.subscribed-indices.values
05-30 18:36:19.292 D/ReflectedParamUpdater( 694): extent() != 1 for single value type: input.buffers.allocator-ids.values
05-30 18:36:19.292 D/ReflectedParamUpdater( 694): extent() != 1 for single value type: output.buffers.allocator-ids.values
05-30 18:36:19.292 D/ReflectedParamUpdater( 694): extent() != 1 for single value type: algo.buffers.allocator-ids.values
