05-30 18:36:25.759 I/BluetoothAdapterService( 2707): getActiveDevices: Hearing Aid devices: Left[null] - Right[null]
05-30 18:36:25.760 D/BluetoothAdapter( 694): getActiveDevices(profile= HEADSET)
05-30 18:36:25.761 I/BluetoothAdapterService( 2707): getActiveDevices: Headset device: null
05-30 18:36:25.761 I/AS.BtHelper( 694): onSetBtScoActiveDevice: (null) -> (null)
05-30 18:36:25.768 D/BluetoothPan( 949): Proxy object connected
05-30 18:36:25.768 D/BluetoothHeadset( 949): Proxy object connected
05-30 18:36:25.768 D/BluetoothHidHost( 949): Proxy object connected
05-30 18:36:25.769 D/BluetoothA2dp( 2534): Proxy object connected
05-30 18:36:25.769 D/BluetoothHeadset( 2534): Proxy object connected
05-30 18:36:25.770 D/BluetoothPan( 2534): Proxy object connected
05-30 18:36:25.824 D/audio_hw_hal_primary( 477): [out_standby_new:5767] io 13: out:0xecd047f0 usecase:PCM_NORMAL
05-30 18:36:25.824 I/audio_hw_hal_primary( 477): [do_output_standby_l:5663] io 13: out:0xecd047f0, stream usecase:PCM_NORMAL, continuous:1
05-30 18:36:25.824 I/audio_hw_hal_primary( 477): [usecase_change_validate_l:7436] ++ io 13: out:0xecd047f0 dev masks:0x1 is_standby:1 out usecase:PCM_NORMAL
05-30 18:36:25.824 I/audio_hw_hal_ms12common( 477): aml_set_ms12_scheduler_state ms12_scheduler_state:1, sch_state:1 SCHEDULER_STANDBY is sent to ms12
05-30 18:36:25.824 I/audio_hw_hal_primary( 477): [usecase_change_validate_l:7477] -- dev masks:0 is_standby:1 out usecase PCM_NORMAL
05-30 18:36:25.824 D/audio_hw_hal_primary( 477): [out_standby_new:5790] io 13: out:0xecd047f0 usecase:PCM_NORMAL exit
05-30 18:36:25.842 I/BLE_Service( 2534): mStartDiscoveryRunnable, return for nonGTV or usersetup finished
05-30 18:36:25.889 D/libdolbyms12( 477): continuous underrun 2
05-30 18:36:25.950 I/WifiHAL ( 501): call wifi_get_link_stats handler
05-30 18:36:25.950 I/WifiHAL ( 501): Creating message to get link statistics; iface = 16
05-30 18:36:25.950 D/WifiHAL ( 501): error code -95 mapped to -3
05-30 18:36:25.951 E/WifiStaIfaceAidlImpl( 694): getLinkLayerStats failed with service-specific exception: android.os.ServiceSpecificException: (code 4)
05-30 18:36:25.995 D/ActivityManager( 694): freezing 2090 com.android.rkpdapp
05-30 18:36:25.995 D/ActivityManager( 694): freezing 2155 com.android.statementservice
05-30 18:36:26.496 I/cling--ap-6( 1728): type=1400 audit(0.0:1167): avc: denied { search } for name="net" dev="sysfs" ino=12345 scontext=u:r:untrusted_app_27:s0:c44,c256,c512,c768 tcontext=u:object_r:sysfs_net:s0 tclass=dir permissive=1 app=com.dangbei.screencast
05-30 18:36:26.496 I/cling--ap-6( 1728): type=1400 audit(0.0:1168): avc: denied { read } for name="address" dev="sysfs" ino=22127 scontext=u:r:untrusted_app_27:s0:c44,c256,c512,c768 tcontext=u:object_r:sysfs_net:s0 tclass=file permissive=1 app=com.dangbei.screencast
05-30 18:36:26.496 I/cling--ap-6( 1728): type=1400 audit(0.0:1169): avc: denied { open } for path="/sys/devices/virtual/net/dummy0/address" dev="sysfs" ino=22127 scontext=u:r:untrusted_app_27:s0:c44,c256,c512,c768 tcontext=u:object_r:sysfs_net:s0 tclass=file permissive=1 app=com.dangbei.screencast
05-30 18:36:26.850 I/ThermalService( 2534): CPU temperatures: [52.800003]
05-30 18:36:27.556 I/audio_hw_hal_primary( 477): [register_audio_patch:8215] Patch 3:id:3 mix(io:13)->dev_0[OUT_HDMI(id:23)] found, register the same patch, do nothing.
05-30 18:36:27.556 I/audio_hw_hal_primary( 477): [adev_create_audio_patch:8316] Patch 3: MIX->DEVICE, num_src:1 num_sink:1 patch_src:INVAL
05-30 18:36:27.556 I/audio_hw_hal_primary( 477): [adev_create_audio_patch:8320] sink[0]: OUT_HDMI(id:23)
05-30 18:36:27.556 I/audio_hw_hal_primary( 477): [adev_create_audio_patch:8377] Patch 3: mix(io:13) -> dev[OUT_HDMI(id:23)]
05-30 18:36:27.556 D/UEventObserver( 2534): change@/devices/platform/auge_sound/sound/card0/controlC0ACTION=changeDEVPATH=/devices/platform/auge_sound/sound/card0/controlC0SUBSYSTEM=soundAUDIO_FORMAT=0MAJOR=116MINOR=13DEVNAME=snd/controlC0SEQNUM=3576
05-30 18:36:27.556 I/audio_hw_hal_primary( 477): [adev_create_audio_patch:8445] dev=0xecf00010 cur_out_device=0x400
05-30 18:36:27.565 D/audioserver( 517): logFgsApiBegin: FGS Logger Transaction failed, -129
05-30 18:36:27.567 I/audio_hw_hal_primary( 477): out_update_source_metadata_v7() line 2013 usage:1 content_type:2
05-30 18:36:27.568 I/SogouIME( 1463): onKeyDown: keyoCode=23
05-30 18:36:27.568 I/DefaultIMS( 1463): onKeyDown: keyoCode=23
05-30 18:36:27.569 E/SecondScreen( 1498): FirstScreenLayoutView dispatchKeyEvent 23
05-30 18:36:27.569 D/audio_hw_hal_ms12v2( 477): set_dolby_ms12_continuous_state audio_continuous_standby_set status 0
05-30 18:36:27.569 D/audio_hw_hal_continuous_standby( 477): audio_continuous_standby_set, type 0, params 0
05-30 18:36:27.569 I/audio_hw_hal_ms12common( 477): aml_set_ms12_scheduler_state ms12_scheduler_state:0, sch_state:0 SCHEDULER_RUNNING is sent to ms12
05-30 18:36:27.569 I/audio_hw_hal_primary( 477): [mixer_aux_buffer_write:7017] io 13: out:0xecd047f0 usecase:PCM_NORMAL standby to unstandby
05-30 18:36:27.569 E/audio_hw_hal_virtualbuf( 477): ms12 system input underrun happens read=7657064378 write=6015999906 diff=1641064472
05-30 18:36:27.592 I/audio_hw_hal_stream( 477): aml_stream_out_info_print: out:0xecd047f0, stream_type:pcm, sync_mode:non tunnel, input_size:2506752 bytes
05-30 18:36:27.592 I/audio_hw_hal_stream( 477): aml_stream_out_info_print: last_time:77985 ms (sec:77, nsec:985892285), last_position:12892 ms (618832), cur_time:79751 ms (sec:79, nsec:751355453), cur_position:12972 ms (622672)
05-30 18:36:27.592 I/audio_hw_hal_stream( 477): aml_stream_out_info_print: time_gap:1766 ms (thr:100 ms), position_gap:80 ms, delay:83 ms, jitter: Position gap is behind system time gap by 1686 ms (thr:100 ms)
05-30 18:36:27.660 I/SogouIME( 1463): onKeyUp: keyoCode=23
05-30 18:36:27.661 I/DefaultIMS( 1463): onKeyUp: keyoCode=23
05-30 18:36:27.661 E/SecondScreen( 1498): FirstScreenLayoutView dispatchKeyEvent 23
05-30 18:36:27.667 E/CellBroadcastUtils( 694): getDefaultCellBroadcastReceiverPackageName: no package found
05-30 18:36:27.677 I/ActivityTaskManager( 694): START u0 {dat=haqu://setting:8080/... flg=0x10000000 pkg=com.dangbei.haqusetting cmp=com.dangbei.haqusetting/.ui.HomeActivity} with LAUNCH_MULTIPLE from uid 1000 (BAL_ALLOW_ALLOWLISTED_UID) result code=0
05-30 18:36:27.679 V/WindowManagerShell( 949): Transition requested: android.os.BinderProxy@7983a4c TransitionRequestInfo { type = 1, triggerTask = TaskInfo{userId=0 taskId=30 displayId=0 isRunning=true baseIntent=Intent { dat=haqu://setting:8080/... flg=0x10000000 pkg=com.dangbei.haqusetting cmp=com.dangbei.haqusetting/.ui.HomeActivity } baseActivity=ComponentInfo{com.dangbei.haqusetting/com.dangbei.haqusetting.ui.HomeActivity} topActivity=ComponentInfo{com.dangbei.haqusetting/com.dangbei.haqusetting.ui.HomeActivity} origActivity=null realActivity=ComponentInfo{com.dangbei.haqusetting/com.dangbei.haqusetting.ui.HomeActivity} numActivities=1 lastActiveTime=79841 supportsMultiWindow=true resizeMode=1 isResizeable=true minWidth=-1 minHeight=-1 defaultMinSize=220 token=WCT{android.window.IWindowContainerToken$Stub$Proxy@5c2a95} topActivityType=1 pictureInPictureParams=null shouldDockBigOverlays=true launchIntoPipHostTaskId=-1 lastParentTaskIdBeforePip=-1 displayCutoutSafeInsets=null topActivityInfo=ActivityInfo{75b7aa com.dangbei.haqusetting.ui.HomeActivity} launchCookies=[] positionInParent=Point(0, 0) parentTaskId=-1 isFocused=false isVisible=false isVisibleRequested=false isSleeping=false topActivityInSizeCompat=false topActivityEligibleForLetterboxEducation= false isLetterboxDoubleTapEnabled= false topActivityEligibleForUserAspectRatioButton= false topActivityBoundsLetterboxed= false isFromLetterboxDoubleTap= false topActivityLetterboxVerticalPosition= -1 topActivityLetterboxHorizontalPosition= -1 topActivityLetterboxWidth=-1 topActivityLetterboxHeight=-1 isUserFullscreenOverrideEnabled=false isTopActivityTransparent=true locusId=null displayAreaFeatureId=1 cameraCompatControlState=hidden}, remoteTransition = null, displayChange = null, flags = 0 }
05-30 18:36:27.688 V/WindowManager( 694): app ------------- force_land :0
05-30 18:36:27.697 D/TrafficStats( 1498): tagSocket(129) with statsTag=0xffffffff, statsUid=-1
05-30 18:36:27.701 I/BpBinder( 263): onLastStrongRef automatically unlinking death recipients:
05-30 18:36:27.703 W/SQLiteLog( 1498): (28) double-quoted string literal: "
05-30 18:36:27.703 W/SQLiteLog( 1498): (28) double-quoted string literal: "19AE8FC96AFB144E6605FF91B48F268B"
05-30 18:36:27.713 I/audio_hw_hal_primary( 477): [register_audio_patch:8215] Patch 3:id:3 mix(io:13)->dev_0[OUT_HDMI(id:23)] found, register the same patch, do nothing.
05-30 18:36:27.713 I/audio_hw_hal_primary( 477): [adev_create_audio_patch:8316] Patch 3: MIX->DEVICE, num_src:1 num_sink:1 patch_src:INVAL
05-30 18:36:27.713 I/audio_hw_hal_primary( 477): [adev_create_audio_patch:8320] sink[0]: OUT_HDMI(id:23)
05-30 18:36:27.713 I/audio_hw_hal_primary( 477): [adev_create_audio_patch:8377] Patch 3: mix(io:13) -> dev[OUT_HDMI(id:23)]
05-30 18:36:27.713 I/audio_hw_hal_primary( 477): [adev_create_audio_patch:8445] dev=0xecf00010 cur_out_device=0x400
05-30 18:36:27.714 D/audioserver( 517): logFgsApiEnd: FGS Logger Transaction failed, -129
05-30 18:36:27.714 D/audioserver( 517): logFgsApiBegin: FGS Logger Transaction failed, -129
05-30 18:36:27.714 D/UEventObserver( 2534): change@/devices/platform/auge_sound/sound/card0/controlC0ACTION=changeDEVPATH=/devices/platform/auge_sound/sound/card0/controlC0SUBSYSTEM=soundAUDIO_FORMAT=0MAJOR=116MINOR=13DEVNAME=snd/controlC0SEQNUM=3577
05-30 18:36:27.715 I/audio_hw_hal_primary( 477): [audiohal_get_latency:1333] io 13: out:0xecd047f0 frames:1280 rate:48000 whole_latency:26 alsa_latency:26
05-30 18:36:27.715 I/audio_hw_hal_primary( 477): out_update_source_metadata_v7() line 2013 usage:1 content_type:2
05-30 18:36:27.717 E/ccc ( 1432): cccccc UpdateHelper onMessageReceived com.dangbei.haqusetting com.dangbei.etna.update {"action":"get","functionTag":"leaf_controller_function_controller_dangbei_update","value":0} com.dangbei.lerad.etna.aidl.IEtnaAidlCallback$Stub$Proxy@bd1b7c0
05-30 18:36:27.719 E/RCInfo ( 1432): vid:
05-30 18:36:27.719 E/RCInfo ( 1432): pid:
05-30 18:36:27.721 D/audioserver( 517): logFgsApiBegin: FGS Logger Transaction failed, -129
05-30 18:36:27.721 I/audio_hw_hal_primary( 477): [audiohal_get_latency:1333] io 13: out:0xecd047f0 frames:1152 rate:48000 whole_latency:24 alsa_latency:24
05-30 18:36:27.724 I/audio_hw_hal_primary( 477): out_update_source_metadata_v7() line 2013 usage:13 content_type:4
05-30 18:36:27.726 W/WindowManager( 694): [addWindow] title:com.dangbei.haqusetting/com.dangbei.haqusetting.ui.HomeActivity
05-30 18:36:27.712 I/binder:1432_3( 1432): type=1400 audit(0.0:1171): avc: denied { read } for name="devices" dev="proc" ino=4026531982 scontext=u:r:system_app:s0 tcontext=u:object_r:proc:s0 tclass=file permissive=1
05-30 18:36:27.712 I/binder:1432_3( 1432): type=1400 audit(0.0:1172): avc: denied { open } for path="/proc/bus/input/devices" dev="proc" ino=4026531982 scontext=u:r:system_app:s0 tcontext=u:object_r:proc:s0 tclass=file permissive=1
05-30 18:36:27.716 I/binder:1432_3( 1432): type=1400 audit(0.0:1173): avc: denied { getattr } for path="/proc/bus/input/devices" dev="proc" ino=4026531982 scontext=u:r:system_app:s0 tcontext=u:object_r:proc:s0 tclass=file permissive=1
05-30 18:36:27.739 D/CoreBackPreview( 694): Window{b466657 u0 com.dangbei.haqusetting/com.dangbei.haqusetting.ui.HomeActivity}: Setting back callback OnBackInvokedCallbackInfo{mCallback=android.window.IOnBackInvokedCallback$Stub$Proxy@e5a662d, mPriority=0, mIsAnimationCallback=false}
05-30 18:36:27.740 E/ccc ( 1432): cccccc 请求电量实时 -1
05-30 18:36:27.746 E/OpenGLRenderer( 2658): Unable to match the desired swap behavior.
05-30 18:36:27.754 I/audio_hw_hal_primary( 477): [audiohal_get_latency:1333] io 13: out:0xecd047f0 frames:1152 rate:48000 whole_latency:24 alsa_latency:24
05-30 18:36:27.759 W/RecyclerView( 2658): No adapter attached; skipping layout
05-30 18:36:27.765 V/WindowManagerShell( 949): onTransitionReady android.os.BinderProxy@7983a4c: {id=4 t=OPEN f=0x0 trk=0 r=[0@Point(0, 0)] c=[{WCT{android.window.IWindowContainerToken$Stub$Proxy@b21db11} m=OPEN f=TRANSLUCENT leash=Surface(name=Task=30)/@0x7912f9b sb=Rect(0, 0 - 1920, 1080) eb=Rect(0, 0 - 1920, 1080) d=0}]}
05-30 18:36:27.765 V/WindowManagerShell( 949): Playing animation for (#4)android.os.BinderProxy@7983a4c@0
05-30 18:36:27.766 V/WindowManagerShell( 949): try handler com.android.wm.shell.keyguard.KeyguardTransitionHandler@b4e6a71
05-30 18:36:27.766 V/WindowManagerShell( 949): try handler com.android.wm.shell.pip.tv.TvPipTransition@937f056
05-30 18:36:27.766 V/WindowManagerShell( 949): try handler com.android.wm.shell.activityembedding.ActivityEmbeddingController@8fb8d7
05-30 18:36:27.766 V/WindowManagerShell( 949): try handler com.android.wm.shell.transition.RemoteTransitionHandler@4cd65c4
05-30 18:36:27.766 V/WindowManagerShell( 949): Transition doesn't have explicit remote, search filters for match for {id=4 t=OPEN f=0x0 trk=0 r=[0@Point(0, 0)] c=[{WCT{android.window.IWindowContainerToken$Stub$Proxy@b21db11} m=OPEN f=TRANSLUCENT leash=Surface(name=Task=30)/@0x7912f9b sb=Rect(0, 0 - 1920, 1080) eb=Rect(0, 0 - 1920, 1080) d=0}]}
05-30 18:36:27.766 V/WindowManagerShell( 949): Delegate animation for #4 to null
05-30 18:36:27.766 V/WindowManagerShell( 949): try handler com.android.wm.shell.transition.DefaultTransitionHandler@a0e3cad
05-30 18:36:27.766 V/WindowManagerShell( 949): start default transition animation, info = {id=4 t=OPEN f=0x0 trk=0 r=[0@Point(0, 0)] c=[{WCT{android.window.IWindowContainerToken$Stub$Proxy@b21db11} m=OPEN f=TRANSLUCENT leash=Surface(name=Task=30)/@0x7912f9b sb=Rect(0, 0 - 1920, 1080) eb=Rect(0, 0 - 1920, 1080) d=0}]}
05-30 18:36:27.767 V/WindowManagerShell( 949): loadAnimation: anim=android.view.animation.AlphaAnimation@e4fa476 animAttr=0x4 type=OPEN isEntrance=true
05-30 18:36:27.768 V/WindowManagerShell( 949): animated by com.android.wm.shell.transition.DefaultTransitionHandler@a0e3cad
05-30 18:36:27.772 D/OomAdjuster( 694): Not killing cached processes
05-30 18:36:27.775 I/ActivityTaskManager( 694): Displayed com.dangbei.haqusetting/.ui.HomeActivity for user 0: +94ms
05-30 18:36:27.776 V/WindowManager( 694): Sent Transition #4 createdAt=05-30 18:36:27.666 via request=TransitionRequestInfo { type = 1, triggerTask = TaskInfo{userId=0 taskId=30 displayId=0 isRunning=true baseIntent=Intent { dat=haqu://setting:8080/... flg=0x10000000 pkg=com.dangbei.haqusetting cmp=com.dangbei.haqusetting/.ui.HomeActivity } baseActivity=ComponentInfo{com.dangbei.haqusetting/com.dangbei.haqusetting.ui.HomeActivity} topActivity=ComponentInfo{com.dangbei.haqusetting/com.dangbei.haqusetting.ui.HomeActivity} origActivity=null realActivity=ComponentInfo{com.dangbei.haqusetting/com.dangbei.haqusetting.ui.HomeActivity} numActivities=1 lastActiveTime=79841 supportsMultiWindow=true resizeMode=1 isResizeable=true minWidth=-1 minHeight=-1 defaultMinSize=220 token=WCT{RemoteToken{e243829 Task{fb44798 #30 type=standard A=1000:com.dangbei.haqusetting}}} topActivityType=1 pictureInPictureParams=null shouldDockBigOverlays=true launchIntoPipHostTaskId=-1 lastParentTaskIdBeforePip=-1 displayCutoutSafeInsets=null topActivityInfo=ActivityInfo{73e97ae com.dangbei.haqusetting.ui.HomeActivity} launchCookies=[] positionInParent=Point(0, 0) parentTaskId=-1 isFocused=false isVisible=false isVisibleRequested=false isSleeping=false topActivityInSizeCompat=false topActivityEligibleForLetterboxEducation= false isLetterboxDoubleTapEnabled= false topActivityEligibleForUserAspectRatioButton= false topActivityBoundsLetterboxed= false isFromLetterboxDoubleTap= false topActivityLetterboxVerticalPosition= -1 topActivityLetterboxHorizontalPosition= -1 topActivityLetterboxWidth=-1 topActivityLetterboxHeight=-1 isUserFullscreenOverrideEnabled=false isTopActivityTransparent=true locusId=null displayAreaFeatureId=1 cameraCompatControlState=hidden}, remoteTransition = null, displayChange = null, flags = 0 }
05-30 18:36:27.776 V/WindowManager( 694): startWCT=WindowContainerTransaction { changes = {} hops = [] errorCallbackToken=null taskFragmentOrganizer=null }
05-30 18:36:27.776 V/WindowManager( 694): info={id=4 t=OPEN f=0x0 trk=0 r=[0@Point(0, 0)] c=[{WCT{RemoteToken{e243829 Task{fb44798 #30 type=standard A=1000:com.dangbei.haqusetting}}} m=OPEN f=TRANSLUCENT leash=Surface(name=Task=30)/@0xb6d6762 sb=Rect(0, 0 - 1920, 1080) eb=Rect(0, 0 - 1920, 1080) d=0}]}
05-30 18:36:27.793 I/audio_hw_hal_primary( 477): [audiohal_get_latency:1333] io 13: out:0xecd047f0 frames:1024 rate:48000 whole_latency:21 alsa_latency:21
05-30 18:36:27.793 D/WindowManagerShell( 949): TvPipController: onTaskStackChanged()
05-30 18:36:27.822 I/ImeTracker( 694): com.dangbei.haqusetting:dd8c92d2: onRequestHide at ORIGIN_SERVER_HIDE_INPUT reason HIDE_UNSPECIFIED_WINDOW
05-30 18:36:27.822 I/ImeTracker( 694): com.dangbei.haqusetting:dd8c92d2: onCancelled at PHASE_SERVER_SHOULD_HIDE
05-30 18:36:27.824 I/DefaultIMS( 1463): onStartInput attribute=android.view.inputmethod.EditorInfo@502d017 restarting=false inputType: 0
05-30 18:36:27.833 I/audio_hw_hal_primary( 477): [audiohal_get_latency:1333] io 13: out:0xecd047f0 frames:1152 rate:48000 whole_latency:24 alsa_latency:24
05-30 18:36:27.833 I/audio_hw_hal_primary( 477): [audiohal_get_latency:1333] io 13: out:0xecd047f0 frames:1152 rate:48000 whole_latency:24 alsa_latency:24
05-30 18:36:27.833 D/audioserver( 517): logFgsApiEnd: FGS Logger Transaction failed, -129
05-30 18:36:27.834 I/audio_hw_hal_primary( 477): out_update_source_metadata_v7() line 2013 usage:13 content_type:4
05-30 18:36:27.843 W/ContextImpl( 694): Calling a method in the system process without a qualified user: android.app.ContextImpl.startService:1899 com.android.server.wm.DisplayPolicy.lambda$focusChangedLw$5:2126 com.android.server.wm.DisplayPolicy.$r8$lambda$Znxk63oh-WzVnzo_WQefN7uxV48:0 com.android.server.wm.DisplayPolicy$$ExternalSyntheticLambda13.run:0 android.os.Handler.handleCallback:958
05-30 18:36:27.846 D/aaa ( 1501): LedStatusService onStartCommand begin
05-30 18:36:27.847 D/aaa ( 1501): topPkg is -------------- :com.dangbei.haqusetting
05-30 18:36:27.856 I/audio_hw_hal_primary( 477): [audiohal_get_latency:1333] io 13: out:0xecd047f0 frames:1152 rate:48000 whole_latency:24 alsa_latency:24
05-30 18:36:27.872 I/audio_hw_hal_primary( 477): [audiohal_get_latency:1333] io 13: out:0xecd047f0 frames:1152 rate:48000 whole_latency:24 alsa_latency:24
05-30 18:36:27.894 I/audio_hw_hal_primary( 477): [audiohal_get_latency:1333] io 13: out:0xecd047f0 frames:1152 rate:48000 whole_latency:24 alsa_latency:24
05-30 18:36:27.912 I/audio_hw_hal_primary( 477): [audiohal_get_latency:1333] io 13: out:0xecd047f0 frames:1280 rate:48000 whole_latency:26 alsa_latency:26
05-30 18:36:27.934 I/audio_hw_hal_primary( 477): [audiohal_get_latency:1333] io 13: out:0xecd047f0 frames:1152 rate:48000 whole_latency:24 alsa_latency:24
05-30 18:36:27.936 D/audioserver( 517): logFgsApiEnd: FGS Logger Transaction failed, -129
05-30 18:36:28.040 E/ccc ( 1432): cccccc UpdateHelper onMessageReceived com.dangbei.haqusetting com.dangbei.etna.update {"action":"get","functionTag":"leaf_controller_function_controller_dangbei_update","value":0} com.dangbei.lerad.etna.aidl.IEtnaAidlCallback$Stub$Proxy@cc7ecf9
05-30 18:36:28.043 E/ccc ( 1432): cccccc 请求电量实时 -1
05-30 18:36:28.044 E/RCInfo ( 1432): vid:
05-30 18:36:28.044 E/RCInfo ( 1432): pid:
05-30 18:36:28.112 D/ConnectivityService( 694): requestNetwork for uid/pid:1000/2658 activeRequest: null callbackRequest: 55 [NetworkRequest [ REQUEST id=56, [ Capabilities: INTERNET&NOT_RESTRICTED&TRUSTED&NOT_VCN_MANAGED Uid: 1000 RequestorUid: 1000 RequestorPkg: com.dangbei.haqusetting UnderlyingNetworks: Null] ]] callback flags: 0 order: 2147483647
05-30 18:36:28.116 D/WifiNetworkFactory( 694): got request NetworkRequest [ REQUEST id=56, [ Capabilities: INTERNET&NOT_RESTRICTED&TRUSTED&NOT_VCN_MANAGED Uid: 1000 RequestorUid: 1000 RequestorPkg: com.dangbei.haqusetting UnderlyingNetworks: Null] ]
05-30 18:36:28.116 D/UntrustedWifiNetworkFactory( 694): got request NetworkRequest [ REQUEST id=56, [ Capabilities: INTERNET&NOT_RESTRICTED&TRUSTED&NOT_VCN_MANAGED Uid: 1000 RequestorUid: 1000 RequestorPkg: com.dangbei.haqusetting UnderlyingNetworks: Null] ]
05-30 18:36:28.117 D/OemPaidWifiNetworkFactory( 694): got request NetworkRequest [ REQUEST id=56, [ Capabilities: INTERNET&NOT_RESTRICTED&TRUSTED&NOT_VCN_MANAGED Uid: 1000 RequestorUid: 1000 RequestorPkg: com.dangbei.haqusetting UnderlyingNetworks: Null] ]
05-30 18:36:28.117 D/MultiInternetWifiNetworkFactory( 694): got request NetworkRequest [ REQUEST id=56, [ Capabilities: INTERNET&NOT_RESTRICTED&TRUSTED&NOT_VCN_MANAGED Uid: 1000 RequestorUid: 1000 RequestorPkg: com.dangbei.haqusetting UnderlyingNetworks: Null] ]
05-30 18:36:28.117 D/ConnectivityService( 694): NetReassign [56 : null → 100] [c 0] [a 2] [i 1]
05-30 18:36:28.121 I/DefaultIMS( 1463): onStartInput attribute=android.view.inputmethod.EditorInfo@663cc04 restarting=false inputType: 0
05-30 18:36:28.184 V/WindowManagerShell( 949): Transition animation finished (aborted=false), notifying core (#4)android.os.BinderProxy@7983a4c@0
05-30 18:36:28.187 V/WindowManager( 694): Finish Transition #4: created at
05-30 18:36:27.666 collect-started=0.138ms request-sent=10.932ms started=13.849ms ready=25.384ms sent=94.534ms finished=520.153ms
05-30 18:36:28.189 V/WindowManagerShell( 949): Track 0 became idle
05-30 18:36:28.190 V/WindowManagerShell( 949): All active transition animations finished
05-30 18:36:28.280 E/ccc ( 1432): cccccc current is 4k (59.94 Hz)
05-30 18:36:28.295 E/ccc ( 1432): cccccc ColorFormatManager reset
05-30 18:36:28.298 D/MesonDisplayServer( 289): use connector getDisplayAttribute "HDR Priority": "268435472"
05-30 18:36:28.298 I/SystemControl( 316): [/DisplayMode.cpp, getCurrentHdrPriority, 2840] getCurrentHdrPriority is [0x10000010]
05-30 18:36:28.299 V/MesonDisplayServer( 289): GetDisplayMode:2160p60hz
05-30 18:36:28.300 D/MesonDisplayServer( 289): use connector getDisplayAttribute "HDR Priority": "268435472"
05-30 18:36:28.301 I/SystemControl( 316): [/DisplayMode.cpp, getCurrentHdrPriority, 2840] getCurrentHdrPriority is [0x10000010]
05-30 18:36:28.303 V/MesonDisplayServer( 289): GetDisplayMode:2160p60hz
05-30 18:36:28.303 D/MesonDisplay( 289): meson_write /sys/class/amhdmitx/amhdmitx0/valid_mode, outputmode:2160p60hz420,12bit
05-30 18:36:28.303 D/MesonDisplay( 289): valid mode is true!
05-30 18:36:28.303 D/MesonDisplay( 289): meson_write /sys/class/amhdmitx/amhdmitx0/valid_mode, outputmode:2160p60hz420,10bit
05-30 18:36:28.303 D/MesonDisplay( 289): valid mode is true!
05-30 18:36:28.303 D/MesonDisplay( 289): meson_write /sys/class/amhdmitx/amhdmitx0/valid_mode, outputmode:2160p60hz420,8bit
05-30 18:36:28.303 D/MesonDisplay( 289): valid mode is true!
05-30 18:36:28.304 D/MesonDisplay( 289): meson_write /sys/class/amhdmitx/amhdmitx0/valid_mode, outputmode:2160p60hz444,12bit
05-30 18:36:28.304 D/MesonDisplay( 289): valid mode is false!
05-30 18:36:28.304 D/MesonDisplay( 289): meson_write /sys/class/amhdmitx/amhdmitx0/valid_mode, outputmode:2160p60hz444,10bit
05-30 18:36:28.304 D/MesonDisplay( 289): valid mode is false!
05-30 18:36:28.304 D/MesonDisplay( 289): meson_write /sys/class/amhdmitx/amhdmitx0/valid_mode, outputmode:2160p60hz444,8bit
05-30 18:36:28.304 D/MesonDisplay( 289): valid mode is true!
05-30 18:36:28.304 D/MesonDisplay( 289): meson_write /sys/class/amhdmitx/amhdmitx0/valid_mode, outputmode:2160p60hz422,12bit
05-30 18:36:28.304 D/MesonDisplay( 289): valid mode is true!
05-30 18:36:28.304 D/MesonDisplay( 289): meson_write /sys/class/amhdmitx/amhdmitx0/valid_mode, outputmode:2160p60hzrgb,12bit
05-30 18:36:28.304 D/MesonDisplay( 289): valid mode is false!
05-30 18:36:28.304 D/MesonDisplay( 289): meson_write /sys/class/amhdmitx/amhdmitx0/valid_mode, outputmode:2160p60hzrgb,10bit
05-30 18:36:28.304 D/MesonDisplay( 289): valid mode is false!
05-30 18:36:28.304 D/MesonDisplay( 289): meson_write /sys/class/amhdmitx/amhdmitx0/valid_mode, outputmode:2160p60hzrgb,8bit
05-30 18:36:28.304 D/MesonDisplay( 289): valid mode is true!
05-30 18:36:28.304 I/MesonHwc( 289): [/ModePolicy.cpp, getCurrentSupportDeepColor, 736] getCurrentSupportDeepColor current mode: 2160p60hz supported color: 420,12bit
05-30 18:36:28.304 I/MesonHwc( 289): 420,10bit
05-30 18:36:28.304 I/MesonHwc( 289): 420,8bit
05-30 18:36:28.304 I/MesonHwc( 289): 444,8bit
05-30 18:36:28.304 I/MesonHwc( 289): 422,12bit
05-30 18:36:28.304 I/MesonHwc( 289): rgb,8bit
05-30 18:36:28.307 V/MesonDisplayServer( 289): GetDisplayMode:2160p60hz
05-30 18:36:28.307 D/MesonDisplayServer( 289): use connector getDisplayAttribute "HDMI Color ATTR": "420,10bit"
05-30 18:36:28.308 I/SystemControl( 316): [/DisplayMode.cpp, getDeepColorAttr, 2290] getDeepColorAttr colorspace:420,10bit
05-30 18:36:28.308 I/SystemControl( 316): get deep color attr mode 2160p60hz, value 420,10bit
05-30 18:36:28.308 E/ccc ( 1432): cccccc ColorHelper current get YCbCr 4:2:0 10-bit
05-30 18:36:28.312 E/ccc ( 1432): cccccc current is 4k (59.94 Hz)
05-30 18:36:28.328 E/ccc ( 1432): cccccc ColorFormatManager reset
05-30 18:36:28.329 D/MesonDisplayServer( 289): use connector getDisplayAttribute "HDR Priority": "268435472"
05-30 18:36:28.329 I/SystemControl( 316): [/DisplayMode.cpp, getCurrentHdrPriority, 2840] getCurrentHdrPriority is [0x10000010]
05-30 18:36:28.330 V/MesonDisplayServer( 289): GetDisplayMode:2160p60hz
05-30 18:36:28.331 D/MesonDisplayServer( 289): use connector getDisplayAttribute "HDR Priority": "268435472"
05-30 18:36:28.331 I/SystemControl( 316): [/DisplayMode.cpp, getCurrentHdrPriority, 2840] getCurrentHdrPriority is [0x10000010]
05-30 18:36:28.333 V/MesonDisplayServer( 289): GetDisplayMode:2160p60hz
05-30 18:36:28.333 D/MesonDisplay( 289): meson_write /sys/class/amhdmitx/amhdmitx0/valid_mode, outputmode:2160p60hz420,12bit
05-30 18:36:28.333 D/MesonDisplay( 289): valid mode is true!
05-30 18:36:28.333 D/MesonDisplay( 289): meson_write /sys/class/amhdmitx/amhdmitx0/valid_mode, outputmode:2160p60hz420,10bit
05-30 18:36:28.333 D/MesonDisplay( 289): valid mode is true!
05-30 18:36:28.333 D/MesonDisplay( 289): meson_write /sys/class/amhdmitx/amhdmitx0/valid_mode, outputmode:2160p60hz420,8bit
05-30 18:36:28.333 D/MesonDisplay( 289): valid mode is true!
05-30 18:36:28.334 D/MesonDisplay( 289): meson_write /sys/class/amhdmitx/amhdmitx0/valid_mode, outputmode:2160p60hz444,12bit
05-30 18:36:28.334 D/MesonDisplay( 289): valid mode is false!
05-30 18:36:28.334 D/MesonDisplay( 289): meson_write /sys/class/amhdmitx/amhdmitx0/valid_mode, outputmode:2160p60hz444,10bit
05-30 18:36:28.334 D/MesonDisplay( 289): valid mode is false!
05-30 18:36:28.334 D/MesonDisplay( 289): meson_write /sys/class/amhdmitx/amhdmitx0/valid_mode, outputmode:2160p60hz444,8bit
05-30 18:36:28.334 D/MesonDisplay( 289): valid mode is true!
05-30 18:36:28.334 D/MesonDisplay( 289): meson_write /sys/class/amhdmitx/amhdmitx0/valid_mode, outputmode:2160p60hz422,12bit
05-30 18:36:28.334 D/MesonDisplay( 289): valid mode is true!
05-30 18:36:28.334 D/MesonDisplay( 289): meson_write /sys/class/amhdmitx/amhdmitx0/valid_mode, outputmode:2160p60hzrgb,12bit
05-30 18:36:28.334 D/MesonDisplay( 289): valid mode is false!
05-30 18:36:28.334 D/MesonDisplay( 289): meson_write /sys/class/amhdmitx/amhdmitx0/valid_mode, outputmode:2160p60hzrgb,10bit
05-30 18:36:28.334 D/MesonDisplay( 289): valid mode is false!
05-30 18:36:28.334 D/MesonDisplay( 289): meson_write /sys/class/amhdmitx/amhdmitx0/valid_mode, outputmode:2160p60hzrgb,8bit
05-30 18:36:28.334 D/MesonDisplay( 289): valid mode is true!
05-30 18:36:28.334 I/MesonHwc( 289): [/ModePolicy.cpp, getCurrentSupportDeepColor, 736] getCurrentSupportDeepColor current mode: 2160p60hz supported color: 420,12bit
05-30 18:36:28.334 I/MesonHwc( 289): 420,10bit
05-30 18:36:28.334 I/MesonHwc( 289): 420,8bit
05-30 18:36:28.334 I/MesonHwc( 289): 444,8bit
05-30 18:36:28.334 I/MesonHwc( 289): 422,12bit
05-30 18:36:28.334 I/MesonHwc( 289): rgb,8bit
05-30 18:36:28.337 V/MesonDisplayServer( 289): GetDisplayMode:2160p60hz
05-30 18:36:28.338 D/MesonDisplayServer( 289): use connector getDisplayAttribute "HDMI Color ATTR": "420,10bit"
05-30 18:36:28.339 I/SystemControl( 316): [/DisplayMode.cpp, getDeepColorAttr, 2290] getDeepColorAttr colorspace:420,10bit
05-30 18:36:28.339 I/SystemControl( 316): get deep color attr mode 2160p60hz, value 420,10bit
05-30 18:36:28.339 E/ccc ( 1432): cccccc ColorHelper current get YCbCr 4:2:0 10-bit
05-30 18:36:28.395 I/audio_hw_hal_primary( 477): [register_audio_patch:8215] Patch 3:id:3 mix(io:13)->dev_0[OUT_HDMI(id:23)] found, register the same patch, do nothing.
05-30 18:36:28.395 I/audio_hw_hal_primary( 477): [adev_create_audio_patch:8316] Patch 3: MIX->DEVICE, num_src:1 num_sink:1 patch_src:INVAL
05-30 18:36:28.395 I/audio_hw_hal_primary( 477): [adev_create_audio_patch:8320] sink[0]: OUT_HDMI(id:23)
05-30 18:36:28.395 I/audio_hw_hal_primary( 477): [adev_create_audio_patch:8377] Patch 3: mix(io:13) -> dev[OUT_HDMI(id:23)]
05-30 18:36:28.395 I/audio_hw_hal_primary( 477): [adev_create_audio_patch:8445] dev=0xecf00010 cur_out_device=0x400
05-30 18:36:28.395 D/UEventObserver( 2534): change@/devices/platform/auge_sound/sound/card0/controlC0ACTION=changeDEVPATH=/devices/platform/auge_sound/sound/card0/controlC0SUBSYSTEM=soundAUDIO_FORMAT=0MAJOR=116MINOR=13DEVNAME=snd/controlC0SEQNUM=3578
05-30 18:36:28.403 D/audioserver( 517): logFgsApiBegin: FGS Logger Transaction failed, -129
05-30 18:36:28.405 I/audio_hw_hal_primary( 477): out_update_source_metadata_v7() line 2013 usage:1 content_type:2
05-30 18:36:28.406 I/SogouIME( 1463): onKeyDown: keyoCode=20
05-30 18:36:28.406 I/DefaultIMS( 1463): onKeyDown: keyoCode=20
05-30 18:36:28.426 I/DefaultIMS( 1463): onStartInput attribute=android.view.inputmethod.EditorInfo@fbf45ed restarting=false inputType: 0
05-30 18:36:28.437 I/audio_hw_hal_primary( 477): [register_audio_patch:8215] Patch 3:id:3 mix(io:13)->dev_0[OUT_HDMI(id:23)] found, register the same patch, do nothing.
05-30 18:36:28.437 I/audio_hw_hal_primary( 477): [adev_create_audio_patch:8316] Patch 3: MIX->DEVICE, num_src:1 num_sink:1 patch_src:INVAL
05-30 18:36:28.437 I/audio_hw_hal_primary( 477): [adev_create_audio_patch:8320] sink[0]: OUT_HDMI(id:23)
05-30 18:36:28.437 I/audio_hw_hal_primary( 477): [adev_create_audio_patch:8377] Patch 3: mix(io:13) -> dev[OUT_HDMI(id:23)]
05-30 18:36:28.438 D/UEventObserver( 2534): change@/devices/platform/auge_sound/sound/card0/controlC0ACTION=changeDEVPATH=/devices/platform/auge_sound/sound/card0/controlC0SUBSYSTEM=soundAUDIO_FORMAT=0MAJOR=116MINOR=13DEVNAME=snd/controlC0SEQNUM=3579
05-30 18:36:28.438 I/audio_hw_hal_primary( 477): [adev_create_audio_patch:8445] dev=0xecf00010 cur_out_device=0x400
05-30 18:36:28.438 D/audioserver( 517): logFgsApiEnd: FGS Logger Transaction failed, -129
05-30 18:36:28.438 D/audioserver( 517): logFgsApiBegin: FGS Logger Transaction failed, -129
05-30 18:36:28.440 I/audio_hw_hal_primary( 477): out_update_source_metadata_v7() line 2013 usage:1 content_type:2
05-30 18:36:28.443 D/audioserver( 517): logFgsApiBegin: FGS Logger Transaction failed, -129
05-30 18:36:28.444 I//apex/com.android.adbd/bin/adbd( 1383): type=1400 audit(0.0:1174): avc: denied { search } for comm=75736220666673206F70656E name="/" dev="functionfs" ino=26672 scontext=u:r:su:s0 tcontext=u:object_r:functionfs:s0 tclass=dir permissive=1
05-30 18:36:28.476 I/audio_hw_hal_primary( 477): out_update_source_metadata_v7() line 2013 usage:13 content_type:4
05-30 18:36:28.484 I/SogouIME( 1463): onKeyUp: keyoCode=20
05-30 18:36:28.484 I/DefaultIMS( 1463): onKeyUp: keyoCode=20
05-30 18:36:28.556 I/audio_hw_hal_primary( 477): [audiohal_get_latency:1333] io 13: out:0xecd047f0 frames:1280 rate:48000 whole_latency:26 alsa_latency:26
05-30 18:36:28.596 I/audio_hw_hal_primary( 477): [audiohal_get_latency:1333] io 13: out:0xecd047f0 frames:1152 rate:48000 whole_latency:24 alsa_latency:24
05-30 18:36:28.597 I/SogouIME( 1463): onKeyDown: keyoCode=20
05-30 18:36:28.598 I/DefaultIMS( 1463): onKeyDown: keyoCode=20
05-30 18:36:28.668 I/SogouIME( 1463): onKeyUp: keyoCode=20
05-30 18:36:28.668 I/DefaultIMS( 1463): onKeyUp: keyoCode=20
05-30 18:36:28.766 I/audio_hw_hal_primary( 477): [audiohal_get_latency:1333] io 13: out:0xecd047f0 frames:1152 rate:48000 whole_latency:24 alsa_latency:24
05-30 18:36:28.766 I/audio_hw_hal_primary( 477): [audiohal_get_latency:1333] io 13: out:0xecd047f0 frames:1152 rate:48000 whole_latency:24 alsa_latency:24
05-30 18:36:28.788 I/audio_hw_hal_primary( 477): [audiohal_get_latency:1333] io 13: out:0xecd047f0 frames:1152 rate:48000 whole_latency:24 alsa_latency:24
05-30 18:36:28.788 I/audio_hw_hal_primary( 477): [audiohal_get_latency:1333] io 13: out:0xecd047f0 frames:1152 rate:48000 whole_latency:24 alsa_latency:24
05-30 18:36:28.809 I/audio_hw_hal_primary( 477): [audiohal_get_latency:1333] io 13: out:0xecd047f0 frames:1152 rate:48000 whole_latency:24 alsa_latency:24
05-30 18:36:28.809 I/audio_hw_hal_primary( 477): [audiohal_get_latency:1333] io 13: out:0xecd047f0 frames:1152 rate:48000 whole_latency:24 alsa_latency:24
05-30 18:36:28.830 I/audio_hw_hal_primary( 477): [audiohal_get_latency:1333] io 13: out:0xecd047f0 frames:1152 rate:48000 whole_latency:24 alsa_latency:24
05-30 18:36:28.831 I/audio_hw_hal_primary( 477): [audiohal_get_latency:1333] io 13: out:0xecd047f0 frames:1152 rate:48000 whole_latency:24 alsa_latency:24
05-30 18:36:28.851 I/audio_hw_hal_primary( 477): [audiohal_get_latency:1333] io 13: out:0xecd047f0 frames:1152 rate:48000 whole_latency:24 alsa_latency:24
05-30 18:36:28.852 I/audio_hw_hal_primary( 477): [audiohal_get_latency:1333] io 13: out:0xecd047f0 frames:1152 rate:48000 whole_latency:24 alsa_latency:24
05-30 18:36:28.852 I/ThermalService( 2534): CPU temperatures: [52.800003]
05-30 18:36:28.873 I/audio_hw_hal_primary( 477): [audiohal_get_latency:1333] io 13: out:0xecd047f0 frames:1152 rate:48000 whole_latency:24 alsa_latency:24
05-30 18:36:28.873 I/audio_hw_hal_primary( 477): [audiohal_get_latency:1333] io 13: out:0xecd047f0 frames:1152 rate:48000 whole_latency:24 alsa_latency:24
05-30 18:36:28.894 I/audio_hw_hal_primary( 477): [audiohal_get_latency:1333] io 13: out:0xecd047f0 frames:1152 rate:48000 whole_latency:24 alsa_latency:24
05-30 18:36:28.894 I/audio_hw_hal_primary( 477): [audiohal_get_latency:1333] io 13: out:0xecd047f0 frames:1152 rate:48000 whole_latency:24 alsa_latency:24
05-30 18:36:28.916 I/audio_hw_hal_primary( 477): [audiohal_get_latency:1333] io 13: out:0xecd047f0 frames:1152 rate:48000 whole_latency:24 alsa_latency:24
05-30 18:36:28.916 I/audio_hw_hal_primary( 477): [audiohal_get_latency:1333] io 13: out:0xecd047f0 frames:1152 rate:48000 whole_latency:24 alsa_latency:24
05-30 18:36:28.916 D/audioserver( 517): logFgsApiEnd: FGS Logger Transaction failed, -129
05-30 18:36:28.918 D/audioserver( 517): logFgsApiEnd: FGS Logger Transaction failed, -129
05-30 18:36:28.954 I/WifiHAL ( 501): call wifi_get_link_stats handler
05-30 18:36:28.954 I/WifiHAL ( 501): Creating message to get link statistics; iface = 16
05-30 18:36:28.955 D/WifiHAL ( 501): error code -95 mapped to -3
05-30 18:36:28.955 E/WifiStaIfaceAidlImpl( 694): getLinkLayerStats failed with service-specific exception: android.os.ServiceSpecificException: (code 4)
05-30 18:36:29.586 E/TaskPersister( 694): File error accessing recents directory (directory doesn't exist?).
05-30 18:36:29.602 I/audio_hw_hal_alsamgr( 477): alsa format =0x1 delay frames =1024 total frames=3438080
05-30 18:36:30.855 I/ThermalService( 2534): CPU temperatures: [52.300003]
05-30 18:36:31.258 W/BatteryExternalStatsWorker( 694): error reading Bluetooth stats: 11
05-30 18:36:31.731 D/audio_hw_hal_primary( 477): [out_standby_new:5767] io 13: out:0xecd047f0 usecase:PCM_NORMAL
05-30 18:36:31.731 I/audio_hw_hal_primary( 477): [do_output_standby_l:5663] io 13: out:0xecd047f0, stream usecase:PCM_NORMAL, continuous:1
05-30 18:36:31.732 I/audio_hw_hal_primary( 477): [usecase_change_validate_l:7436] ++ io 13: out:0xecd047f0 dev masks:0x1 is_standby:1 out usecase:PCM_NORMAL
05-30 18:36:31.732 I/audio_hw_hal_ms12common( 477): aml_set_ms12_scheduler_state ms12_scheduler_state:1, sch_state:1 SCHEDULER_STANDBY is sent to ms12
05-30 18:36:31.732 I/audio_hw_hal_primary( 477): [usecase_change_validate_l:7477] -- dev masks:0 is_standby:1 out usecase PCM_NORMAL
05-30 18:36:31.732 D/audio_hw_hal_primary( 477): [out_standby_new:5790] io 13: out:0xecd047f0 usecase:PCM_NORMAL exit
05-30 18:36:31.798 D/libdolbyms12( 477): continuous underrun 2
05-30 18:36:31.960 I/WifiHAL ( 501): call wifi_get_link_stats handler
05-30 18:36:31.960 I/WifiHAL ( 501): Creating message to get link statistics; iface = 16
05-30 18:36:31.960 D/WifiHAL ( 501): error code -95 mapped to -3
05-30 18:36:31.961 E/WifiStaIfaceAidlImpl( 694): getLinkLayerStats failed with service-specific exception: android.os.ServiceSpecificException: (code 4)
05-30 18:36:32.733 D/bt_vendor( 479): op for 7
05-30 18:36:32.733 D/bt_upio ( 479): upio_set : pio 0 action 1, polarity 1
05-30 18:36:32.733 D/bt_upio ( 479): begin open btwrite.
05-30 18:36:32.733 E/bt_upio ( 479): upio_set : open(/proc/bluetooth/sleep/btwrite) for write failed: No such file or directory (2)
05-30 18:36:32.859 I/ThermalService( 2534): CPU temperatures: [52.2]
05-30 18:36:33.598 D/OomAdjuster( 694): Not killing cached processes
05-30 18:36:33.602 I/ActivityManager( 694): Background started FGS: Allowed [callingPackage: com.dangbei.screencast; callingUid: 10044; uidState: FGS ; uidBFSL: [BFSL]; intent: Intent { cmp=com.dangbei.screencast/.startup.GuardService }; code:PROC_STATE_FGS; tempAllowListReason:; targetSdkVersion:28; callerTargetSdkVersion:28; startForegroundCount:0; bindFromPackage:null: isBindService:false]
05-30 18:36:33.605 D/CompatibilityChangeReporter( 694): Compat change id reported: 135634846; UID 10044; state: DISABLED
05-30 18:36:33.606 D/CompatibilityChangeReporter( 694): Compat change id reported: 143937733; UID 10044; state: DISABLED
05-30 18:36:33.619 I/serviceDiscovery( 694): [MdnsAdvertiser] Removing service with ID 4
05-30 18:36:33.620 W/System.err( 1728): java.net.SocketException: Socket closed
05-30 18:36:33.620 W/System.err( 1728): at java.net.PlainSocketImpl.socketAccept(PlainSocketImpl.java:213)
05-30 18:36:33.620 W/System.err( 1728): at java.net.AbstractPlainSocketImpl.accept(AbstractPlainSocketImpl.java:451)
05-30 18:36:33.620 W/System.err( 1728): at java.net.ServerSocket.implAccept(ServerSocket.java:569)
05-30 18:36:33.620 W/System.err( 1728): at java.net.ServerSocket.accept(ServerSocket.java:537)
05-30 18:36:33.620 W/System.err( 1728): at b.f.f.t.f.run(Unknown Source:40)
05-30 18:36:33.620 W/System.err( 1728): at java.lang.Thread.run(Thread.java:1012)
05-30 18:36:33.621 I/serviceDiscovery( 694): [MdnsAdvertiser] Removing service with ID 5
05-30 18:36:33.622 I/serviceDiscovery( 694): [MdnsAdvertiser] Removing service with ID 3
05-30 18:36:33.623 W/UpnpServiceImpl( 1728): >>> Shutting down UPnP service...
05-30 18:36:33.626 W/AbstractChannel( 1728): Can't invoke task later as EventLoop rejected it
05-30 18:36:33.626 W/AbstractChannel( 1728): java.util.concurrent.RejectedExecutionException: event executor terminated
05-30 18:36:33.626 W/AbstractChannel( 1728): at io.netty.util.concurrent.SingleThreadEventExecutor.reject(Unknown Source:4)
05-30 18:36:33.626 W/AbstractChannel( 1728): at io.netty.util.concurrent.SingleThreadEventExecutor.offerTask(Unknown Source:6)
05-30 18:36:33.626 W/AbstractChannel( 1728): at io.netty.util.concurrent.SingleThreadEventExecutor.addTask(Unknown Source:5)
05-30 18:36:33.626 W/AbstractChannel( 1728): at io.netty.util.concurrent.SingleThreadEventExecutor.execute(Unknown Source:4)
05-30 18:36:33.626 W/AbstractChannel( 1728): at io.netty.util.concurrent.SingleThreadEventExecutor.execute(Unknown Source:18)
05-30 18:36:33.626 W/AbstractChannel( 1728): at io.netty.channel.AbstractChannel$AbstractUnsafe.invokeLater(Unknown Source:6)
05-30 18:36:33.626 W/AbstractChannel( 1728): at io.netty.channel.AbstractChannel$AbstractUnsafe.deregister(Unknown Source:24)
05-30 18:36:33.626 W/AbstractChannel( 1728): at io.netty.channel.AbstractChannel$AbstractUnsafe.fireChannelInactiveAndDeregister(Unknown Source:17)
05-30 18:36:33.626 W/AbstractChannel( 1728): at io.netty.channel.AbstractChannel$AbstractUnsafe.close(Unknown Source:112)
05-30 18:36:33.626 W/AbstractChannel( 1728): at io.netty.channel.AbstractChannel$AbstractUnsafe.close(Unknown Source:12)
05-30 18:36:33.626 W/AbstractChannel( 1728): at io.netty.channel.nio.NioEventLoop.closeAll(Unknown Source:86)
05-30 18:36:33.626 W/AbstractChannel( 1728): at io.netty.channel.nio.NioEventLoop.run(Unknown Source:202)
05-30 18:36:33.626 W/AbstractChannel( 1728): at io.netty.util.concurrent.SingleThreadEventExecutor$4.run(Unknown Source:41)
05-30 18:36:33.626 W/AbstractChannel( 1728): at io.netty.util.internal.ThreadExecutorMap$2.run(Unknown Source:8)
05-30 18:36:33.626 W/AbstractChannel( 1728): at io.netty.util.concurrent.FastThreadLocalRunnable.run(Unknown Source:2)
05-30 18:36:33.626 W/AbstractChannel( 1728): at java.lang.Thread.run(Thread.java:1012)
05-30 18:36:33.620 I/UsbFfs-monitor( 1383): type=1400 audit(0.0:1175): avc: denied { use } for path="anon_inode:[eventfd]" dev="anon_inodefs" ino=10204 scontext=u:r:su:s0 tcontext=u:r:adbd:s0 tclass=fd permissive=1
05-30 18:36:33.632 D/Zygote ( 465): Forked child process 2812
05-30 18:36:33.633 I/ActivityManager( 694): Start proc 2812:com.dangbei.screencast:bg_guard/u0a44 for service {com.dangbei.screencast/com.dangbei.screencast.startup.GuardService}
05-30 18:36:33.636 E/raop ( 1728): httpd_stop running 1 joined 0
05-30 18:36:33.636 E/raop ( 1728): httpd_stop connection->socket_fd=0
05-30 18:36:33.636 E/raop ( 1728): httpd_stop connection->socket_fd=0
05-30 18:36:33.636 E/raop ( 1728): httpd_stop connection->socket_fd=0
05-30 18:36:33.636 E/raop ( 1728): httpd_stop connection->socket_fd=0
05-30 18:36:33.636 E/raop ( 1728): httpd_stop connection->socket_fd=0
05-30 18:36:33.636 E/raop ( 1728): httpd_stop connection->socket_fd=0
05-30 18:36:33.636 E/raop ( 1728): httpd_stop connection->socket_fd=0
05-30 18:36:33.636 E/raop ( 1728): httpd_stop connection->socket_fd=0
05-30 18:36:33.636 E/raop ( 1728): httpd_stop connection->socket_fd=0
05-30 18:36:33.636 E/raop ( 1728): httpd_stop connection->socket_fd=0
05-30 18:36:33.638 I/Zygote ( 2812): seccomp disabled by setenforce 0
05-30 18:36:33.645 I/encast:bg_guard( 2812): Using CollectorTypeCC GC.
05-30 18:36:33.651 E/encast:bg_guard( 2812): Not starting debugger since process cannot load the jdwp agent.
05-30 18:36:33.656 I//apex/com.android.adbd/bin/adbd( 1383): type=1400 audit(0.0:1176): avc: denied { dac_read_search } for comm=75736220666673206F70656E capability=2 scontext=u:r:su:s0 tcontext=u:r:su:s0 tclass=capability permissive=1
05-30 18:36:33.661 D/CompatibilityChangeReporter( 694): Compat change id reported: 168419799; UID 10044; state: DISABLED
05-30 18:36:33.661 D/CompatibilityChangeReporter( 694): Compat change id reported: 273564678; UID 10044; state: DISABLED
05-30 18:36:33.664 D/CompatibilityChangeReporter( 2812): Compat change id reported: 171979766; UID 10044; state: DISABLED
05-30 18:36:33.665 D/CompatibilityChangeReporter( 2812): Compat change id reported: 242716250; UID 10044; state: DISABLED
05-30 18:36:33.656 I//apex/com.android.adbd/bin/adbd( 1383): type=1400 audit(0.0:1177): avc: denied { dac_override } for comm=75736220666673206F70656E capability=1 scontext=u:r:su:s0 tcontext=u:r:su:s0 tclass=capability permissive=1
05-30 18:36:33.656 I//apex/com.android.adbd/bin/adbd( 1383): type=1400 audit(0.0:1178): avc: denied { write } for comm=75736220666673206F70656E name="property_service" dev="tmpfs" ino=411 scontext=u:r:su:s0 tcontext=u:object_r:property_socket:s0 tclass=sock_file permissive=1
05-30 18:36:33.656 I//apex/com.android.adbd/bin/adbd( 1383): type=1400 audit(0.0:1179): avc: denied { connectto } for comm=75736220666673206F70656E path="/dev/socket/property_service" scontext=u:r:su:s0 tcontext=u:r:init:s0 tclass=unix_stream_socket permissive=1
05-30 18:36:33.656 I//apex/com.android.adbd/bin/adbd( 1383): type=1400 audit(0.0:1180): avc: denied { read } for comm=75736220666673206F70656E name="ep1" dev="functionfs" ino=39882 scontext=u:r:su:s0 tcontext=u:object_r:functionfs:s0 tclass=file permissive=1
05-30 18:36:33.668 D/CompatibilityChangeReporter( 694): Compat change id reported: 170503758; UID 10044; state: DISABLED
05-30 18:36:33.670 D/ApplicationLoaders( 2812): Returning zygote-cached class loader: /system/framework/android.test.base.jar
05-30 18:36:33.670 D/ApplicationLoaders( 2812): Returning zygote-cached class loader: /system/framework/android.hidl.manager-V1.0-java.jar
05-30 18:36:33.670 D/ApplicationLoaders( 2812): Returning zygote-cached class loader: /system/framework/android.hidl.base-V1.0-java.jar
05-30 18:36:33.679 D/nativeloader( 2812): Configuring clns-shared-4 for other apk /system/app/dangbei-screencast/dangbei-screencast.apk. target_sdk_version=28, uses_libraries=, library_path=/system/app/dangbei-screencast/lib/arm:/system/app/dangbei-screencast/dangbei-screencast.apk!/lib/armeabi-v7a:/system/lib:/system_ext/lib, permitted_path=/data:/mnt/expand:/data/user/0/com.dangbei.screencast:/system/app/dangbei-screencast:/system/lib:/system_ext/lib
05-30 18:36:33.706 V/GraphicsEnvironment( 2812): Currently set values for:
05-30 18:36:33.706 V/GraphicsEnvironment( 2812): angle_gl_driver_selection_pkgs=[]
05-30 18:36:33.706 V/GraphicsEnvironment( 2812): angle_gl_driver_selection_values=[]
05-30 18:36:33.706 V/GraphicsEnvironment( 2812): ANGLE GameManagerService for com.dangbei.screencast: false
05-30 18:36:33.706 V/GraphicsEnvironment( 2812): com.dangbei.screencast is not listed in per-application setting
05-30 18:36:33.706 V/GraphicsEnvironment( 2812): Neither updatable production driver nor prerelease driver is supported.
05-30 18:36:33.710 I/MultiDex( 2812): VM with version 2.1.0 has multidex support
05-30 18:36:33.710 I/MultiDex( 2812): Installing application
05-30 18:36:33.710 I/MultiDex( 2812): VM has multidex support, MultiDex support library is disabled.
05-30 18:36:33.711 D/CompatibilityChangeReporter( 2812): Compat change id reported: 247079863; UID 10044; state: DISABLED
05-30 18:36:33.719 D/CompatibilityChangeReporter( 694): Compat change id reported: 161145287; UID 10044; state: DISABLED
05-30 18:36:33.725 W/System.err( 2812): com.umeng.analytics.pro.br: Required field 'version' was not found in serialized data! Struct: com.umeng.commonsdk.statistics.proto.d$a@c3924d1
05-30 18:36:33.725 W/System.err( 2812): at com.umeng.commonsdk.statistics.proto.d$a.a(Unknown Source:43)
05-30 18:36:33.725 W/System.err( 2812): at com.umeng.commonsdk.statistics.proto.d$a.b(Unknown Source:2)
05-30 18:36:33.725 W/System.err( 2812): at com.umeng.commonsdk.statistics.proto.d.read(Unknown Source:16)
05-30 18:36:33.725 W/System.err( 2812): at com.umeng.analytics.pro.au.a(Unknown Source:7)
05-30 18:36:33.726 W/System.err( 2812): at com.umeng.commonsdk.statistics.idtracking.ImprintHandler.e(Unknown Source:66)
05-30 18:36:33.726 W/System.err( 2812): at com.umeng.commonsdk.statistics.idtracking.ImprintHandler.onFileLock(Unknown Source:5)
05-30 18:36:33.726 W/System.err( 2812): at com.umeng.commonsdk.utils.FileLockUtil.doFileOperateion(Unknown Source:20)
05-30 18:36:33.726 W/System.err( 2812): at com.umeng.commonsdk.statistics.idtracking.ImprintHandler.getImprintService(Unknown Source:41)
05-30 18:36:33.726 W/System.err( 2812): at com.umeng.commonsdk.framework.UMEnvelopeBuild.imprintProperty(Unknown Source:7)
05-30 18:36:33.727 W/System.err( 2812): at com.umeng.commonsdk.config.FieldManager.a(Unknown Source:43)
05-30 18:36:33.727 W/System.err( 2812): at com.umeng.commonsdk.UMConfigure.preInit(Unknown Source:73)
05-30 18:36:33.727 W/System.err( 2812): at com.umeng.commonsdk.UMConfigure.init(Unknown Source:161)
05-30 18:36:33.727 W/System.err( 2812): at b.f.f.b.a(:4)
05-30 18:36:33.727 W/System.err( 2812): at h.o.a.run(Unknown Source:2)
05-30 18:36:33.750 I/crashsdk( 2812): version unique build id: 6230cced
05-30 18:36:33.754 I/crashsdk( 2812): begin hack android.os.Process
05-30 18:36:33.755 I/crashsdk( 2812): end hack android.os.Process
05-30 18:36:33.756 D/crashsdk( 2812): Native log stat thread 2844 setup, waiting
05-30 18:36:33.765 I/TDLog ( 2812): setReportUncaughtExceptions: true
05-30 18:36:33.765 E/Application( 2812): onCreate:Version:v2.8.3/20830/883432e
05-30 18:36:33.770 I/Matrix.AnrTracer( 2812): anrTrace, final mAnrBeatTime:400, mAnrBeatRate:400
05-30 18:36:33.771 W/efs.send_log( 2812): tryFileLock start!
05-30 18:36:33.777 I/efs.config( 2812): --->>> 删除旧的配置文件 false
05-30 18:36:33.778 I/efs.base( 2812): lt=event`ev_ct=efs_core`ev_ac=pvuv`tm=2025-05-30 18:36:77`dn=6aee369d-97d5-42b8-aaef-4ff281a087ea`ps=com.dangbei.screencast:bg_guard`um_os=android`stime=1748601393632`pid=2812`fr=android`pkg=com.dangbei.screencast`vcode=20830`dsp_w=1920`uid=6aee369d-97d5-42b8-aaef-4ff281a087ea`rom=14`wid=6aee369d-97d5-42b8-aaef-4ff281a087ea`um_app_carrier=`um_access=wifi`um_app_channel=os`um_crash_sdk_version=1.4.0`ctime=1748601393`model=dbbox-a3`lang=zh`net=wifi`brand=amlogic`dsp_h=1080`um_network_type=0`ver=v2.8.3`build_model=DBBOX-A3`w_tm=1748601393`appid=5fc60c21094d637f3130af19`um_umid_header=null`sdk=34`tzone=Asia/Shanghai`sdk_ver=1.3.6.umeng
05-30 18:36:33.787 I/crashsdk( 2812): Catcher mask: 5000, 20480
05-30 18:36:33.788 I/crashsdk( 2812): Catcher thread 2821
05-30 18:36:33.788 D/crashsdk( 2812): Register ANR handler ...
05-30 18:36:33.788 E/LaunchManager( 2812): Non main process !
