05-30 18:35:20.512 D/CompatibilityChangeReporter( 694): Compat change id reported: 135634846; UID 10044; state: DISABLED
05-30 18:35:20.513 D/CompatibilityChangeReporter( 694): Compat change id reported: 143937733; UID 10044; state: DISABLED
05-30 18:35:20.514 D/NearFieldManager( 1728): bind nearfield service true
05-30 18:35:20.515 D/NearFieldManager( 1728): registerCallback true
05-30 18:35:20.515 D/HiSight-Discovery( 1728): set deviceInfo type:46
05-30 18:35:20.515 D/HiSight-Discovery( 1728): startAdvertise 1
05-30 18:35:20.528 D/Zygote ( 465): Forked child process 2325
05-30 18:35:20.528 I/ActivityManager( 694): Start proc 2325:com.huawei.connection/u0a44 for service {com.dangbei.screencast/com.huawei.connection.service.NearFieldManagerService}
05-30 18:35:20.534 I/Zygote ( 2325): seccomp disabled by setenforce 0
05-30 18:35:20.540 I/awei.connection( 2325): Using CollectorTypeCC GC.
05-30 18:35:20.545 E/awei.connection( 2325): Not starting debugger since process cannot load the jdwp agent.
05-30 18:35:20.555 D/CompatibilityChangeReporter( 694): Compat change id reported: 168419799; UID 10044; state: DISABLED
05-30 18:35:20.556 D/CompatibilityChangeReporter( 694): Compat change id reported: 273564678; UID 10044; state: DISABLED
05-30 18:35:20.560 D/CompatibilityChangeReporter( 2325): Compat change id reported: 171979766; UID 10044; state: DISABLED
05-30 18:35:20.560 D/CompatibilityChangeReporter( 2325): Compat change id reported: 242716250; UID 10044; state: DISABLED
05-30 18:35:20.563 D/CompatibilityChangeReporter( 694): Compat change id reported: 170503758; UID 10044; state: DISABLED
05-30 18:35:20.565 D/ApplicationLoaders( 2325): Returning zygote-cached class loader: /system/framework/android.test.base.jar
05-30 18:35:20.565 D/ApplicationLoaders( 2325): Returning zygote-cached class loader: /system/framework/android.hidl.manager-V1.0-java.jar
05-30 18:35:20.565 D/ApplicationLoaders( 2325): Returning zygote-cached class loader: /system/framework/android.hidl.base-V1.0-java.jar
05-30 18:35:20.574 D/nativeloader( 2325): Configuring clns-shared-4 for other apk /system/app/dangbei-screencast/dangbei-screencast.apk. target_sdk_version=28, uses_libraries=, library_path=/system/app/dangbei-screencast/lib/arm:/system/app/dangbei-screencast/dangbei-screencast.apk!/lib/armeabi-v7a:/system/lib:/system_ext/lib, permitted_path=/data:/mnt/expand:/data/user/0/com.dangbei.screencast:/system/app/dangbei-screencast:/system/lib:/system_ext/lib
05-30 18:35:20.598 V/GraphicsEnvironment( 2325): Currently set values for:
05-30 18:35:20.598 V/GraphicsEnvironment( 2325): angle_gl_driver_selection_pkgs=[]
05-30 18:35:20.598 V/GraphicsEnvironment( 2325): angle_gl_driver_selection_values=[]
05-30 18:35:20.599 V/GraphicsEnvironment( 2325): ANGLE GameManagerService for com.dangbei.screencast: false
05-30 18:35:20.599 V/GraphicsEnvironment( 2325): com.dangbei.screencast is not listed in per-application setting
05-30 18:35:20.599 V/GraphicsEnvironment( 2325): Neither updatable production driver nor prerelease driver is supported.
05-30 18:35:20.603 I/MultiDex( 2325): VM with version 2.1.0 has multidex support
05-30 18:35:20.603 I/MultiDex( 2325): Installing application
05-30 18:35:20.603 I/MultiDex( 2325): VM has multidex support, MultiDex support library is disabled.
05-30 18:35:20.603 D/CompatibilityChangeReporter( 2325): Compat change id reported: 247079863; UID 10044; state: DISABLED
05-30 18:35:20.604 D/ProfileInstaller( 1498): Installing profile for com.dangbei.leard.leradlauncher
05-30 18:35:20.617 D/TrafficStats( 1498): tagSocket(132) with statsTag=0xffffffff, statsUid=-1
05-30 18:35:20.622 D/TrafficStats( 1498): tagSocket(128) with statsTag=0xffffffff, statsUid=-1
05-30 18:35:20.627 W/System.err( 2325): com.umeng.analytics.pro.br: Required field 'version' was not found in serialized data! Struct: com.umeng.commonsdk.statistics.proto.d$a@c3924d1
05-30 18:35:20.627 W/System.err( 2325): at com.umeng.commonsdk.statistics.proto.d$a.a(Unknown Source:43)
05-30 18:35:20.627 W/System.err( 2325): at com.umeng.commonsdk.statistics.proto.d$a.b(Unknown Source:2)
05-30 18:35:20.627 W/System.err( 2325): at com.umeng.commonsdk.statistics.proto.d.read(Unknown Source:16)
05-30 18:35:20.627 W/System.err( 2325): at com.umeng.analytics.pro.au.a(Unknown Source:7)
05-30 18:35:20.627 W/System.err( 2325): at com.umeng.commonsdk.statistics.idtracking.ImprintHandler.e(Unknown Source:66)
05-30 18:35:20.627 W/System.err( 2325): at com.umeng.commonsdk.statistics.idtracking.ImprintHandler.onFileLock(Unknown Source:5)
05-30 18:35:20.627 W/System.err( 2325): at com.umeng.commonsdk.utils.FileLockUtil.doFileOperateion(Unknown Source:20)
05-30 18:35:20.627 W/System.err( 2325): at com.umeng.commonsdk.statistics.idtracking.ImprintHandler.getImprintService(Unknown Source:41)
05-30 18:35:20.627 W/System.err( 2325): at com.umeng.commonsdk.framework.UMEnvelopeBuild.imprintProperty(Unknown Source:7)
05-30 18:35:20.627 W/System.err( 2325): at com.umeng.commonsdk.config.FieldManager.a(Unknown Source:43)
05-30 18:35:20.627 W/System.err( 2325): at com.umeng.commonsdk.UMConfigure.preInit(Unknown Source:73)
05-30 18:35:20.627 W/System.err( 2325): at com.umeng.commonsdk.UMConfigure.init(Unknown Source:161)
05-30 18:35:20.627 W/System.err( 2325): at b.f.f.b.a(:4)
05-30 18:35:20.627 W/System.err( 2325): at h.o.a.run(Unknown Source:2)
05-30 18:35:20.627 D/TrafficStats( 1498): tagSocket(127) with statsTag=0xffffffff, statsUid=-1
05-30 18:35:20.636 I/adbd ( 1383): type=1400 audit(0.0:1000): avc: denied { write } for path="socket:[34011]" dev="sockfs" ino=34011 scontext=u:r:su:s0 tcontext=u:r:adbd:s0 tclass=unix_stream_socket permissive=1
05-30 18:35:20.636 I/adbd ( 1383): type=1400 audit(0.0:1001): avc: denied { read } for path="socket:[34012]" dev="sockfs" ino=34012 scontext=u:r:su:s0 tcontext=u:r:adbd:s0 tclass=unix_stream_socket permissive=1
05-30 18:35:20.649 I/crashsdk( 2325): version unique build id: 6230cced
05-30 18:35:20.644 I/Thread-3( 2325): type=1400 audit(0.0:1002): avc: denied { read } for name="version" dev="proc" ino=4026532005 scontext=u:r:untrusted_app_27:s0:c44,c256,c512,c768 tcontext=u:object_r:proc_version:s0 tclass=file permissive=1 app=com.dangbei.screencast
05-30 18:35:20.644 I/Thread-3( 2325): type=1400 audit(0.0:1003): avc: denied { open } for path="/proc/version" dev="proc" ino=4026532005 scontext=u:r:untrusted_app_27:s0:c44,c256,c512,c768 tcontext=u:object_r:proc_version:s0 tclass=file permissive=1 app=com.dangbei.screencast
05-30 18:35:20.644 I/Thread-3( 2325): type=1400 audit(0.0:1004): avc: denied { getattr } for path="/proc/version" dev="proc" ino=4026532005 scontext=u:r:untrusted_app_27:s0:c44,c256,c512,c768 tcontext=u:object_r:proc_version:s0 tclass=file permissive=1 app=com.dangbei.screencast
05-30 18:35:20.651 I/crashsdk( 2325): version unique build id: 6230cced
05-30 18:35:20.653 I/crashsdk( 2325): begin hack android.os.Process
05-30 18:35:20.653 I/crashsdk( 2325): end hack android.os.Process
05-30 18:35:20.655 D/crashsdk( 2325): Native log stat thread 2360 setup, waiting
05-30 18:35:20.671 I/Matrix.AnrTracer( 2325): anrTrace, final mAnrBeatTime:400, mAnrBeatRate:400
05-30 18:35:20.673 E/LaunchManager( 2325): Non main process !
05-30 18:35:20.673 W/System.err( 2325): java.lang.NullPointerException: Attempt to invoke virtual method 'boolean com.efs.sdk.launch.LaunchConfigManager.enableTracer()' on a null object reference
05-30 18:35:20.673 W/System.err( 2325): at com.umeng.umcrash.UMCrash.init(Unknown Source:403)
05-30 18:35:20.673 W/System.err( 2325): at java.lang.reflect.Method.invoke(Native Method)
05-30 18:35:20.673 W/System.err( 2325): at com.umeng.commonsdk.UMConfigure.init(Unknown Source:811)
05-30 18:35:20.673 W/System.err( 2325): at b.f.f.b.a(:4)
05-30 18:35:20.673 W/System.err( 2325): at h.o.a.run(Unknown Source:2)
05-30 18:35:20.673 I/UMCrash ( 2325): begin register common callback. key is umid.
05-30 18:35:20.680 W/efs.send_log( 2325): tryFileLock start!
05-30 18:35:20.684 I/efs.config( 2325): --->>> 删除旧的配置文件 false
05-30 18:35:20.684 I/efs.base( 2325): lt=event`ev_ct=efs_core`ev_ac=pvuv`tm=2025-05-30 18:35:68`dn=6aee369d-97d5-42b8-aaef-4ff281a087ea`ps=com.huawei.connection`um_os=android`stime=1748601320532`pid=2325`fr=android`pkg=com.dangbei.screencast`vcode=20830`dsp_w=1920`uid=6aee369d-97d5-42b8-aaef-4ff281a087ea`rom=14`wid=6aee369d-97d5-42b8-aaef-4ff281a087ea`um_app_carrier=`um_access=wifi`um_app_channel=os`um_crash_sdk_version=1.4.0`ctime=1748601320`model=dbbox-a3`lang=zh`net=wifi`brand=amlogic`dsp_h=1080`um_network_type=0`ver=v2.8.3`build_model=DBBOX-A3`w_tm=1748601320`appid=5fc60c21094d637f3130af19`um_umid_header=null`sdk=34`tzone=Asia/Shanghai`sdk_ver=1.3.6.umeng
05-30 18:35:20.712 I/efs.config( 2325): current config version (-1) is older than another (1735614866)
05-30 18:35:20.712 I/efs.config( 2325): load config from storage and notify observer
05-30 18:35:20.714 I/TDLog ( 2325): setReportUncaughtExceptions: true
05-30 18:35:20.715 E/Application( 2325): onCreate:Version:v2.8.3/20830/883432e
05-30 18:35:20.737 D/TrafficStats( 1498): tagSocket(134) with statsTag=0xffffffff, statsUid=-1
05-30 18:35:20.747 I/crashsdk( 2325): Catcher mask: 5000, 20480
05-30 18:35:20.748 I/crashsdk( 2325): Catcher thread 2330
05-30 18:35:20.748 D/crashsdk( 2325): Register ANR handler ...
05-30 18:35:20.749 D/NearFieldManagerService( 2325): NearFieldManagerService.
05-30 18:35:20.750 D/NearFieldManagerService( 2325): onCreate, enter.
05-30 18:35:20.750 I/NearFieldManagerService( 2325): onBind, enter.
05-30 18:35:20.750 D/NearFieldManagerService( 2325): initService
05-30 18:35:20.751 D/NearFieldManagerService( 2325): NearField starting...
05-30 18:35:20.751 D/NearFieldUtils( 2325): checkSystemProperty in
05-30 18:35:20.756 D/NearFieldUtils( 2325): checkSystemProperty: systemProperties:
05-30 18:35:20.756 E/NearFieldUtils( 2325): validProperty: priority is null
05-30 18:35:20.760 D/NearFieldManager( 1728): service connected.
05-30 18:35:20.761 D/HiSight-Discovery( 1728): eventId: 4001
05-30 18:35:20.762 D/HiSight-Discovery( 1728): msg 4001
05-30 18:35:20.762 D/HiSight-Discovery( 1728): bind success, status Ready
05-30 18:35:20.762 D/HiSight-Discovery( 1728): startAdvertise 2
05-30 18:35:20.762 D/HiSight-Discovery( 1728): stopAdvertise.
05-30 18:35:20.762 D/HiSight-Discovery( 1728): nearFieldStartListen deviceType 46
05-30 18:35:20.763 I/NearFieldManagerImpl( 2325): setDeviceInfo, sDeviceId changes
05-30 18:35:20.764 I/NearFieldManagerImpl( 2325): setDeviceInfo, sDeviceName changes
05-30 18:35:20.764 D/NearFieldManagerImpl( 2325): setServiceData, sServiceData=[], serviceData=[32]
05-30 18:35:20.764 E/NearFieldManager( 1728): setIdnNetworkPriority: networkPortPriority is empty
05-30 18:35:20.764 D/NearFieldManager( 1728): StartListen moduleId: CastPlusDiscoveryModule
05-30 18:35:20.765 D/NearFieldManagerImpl( 2325): startListen: moduleId: CastPlusDiscoveryModule
05-30 18:35:20.766 D/NearFieldUtils( 2325): getPreferredIpAddress exec
05-30 18:35:20.766 D/NearFieldUtils( 2325): getPreferredIpAddress by custom priority
05-30 18:35:20.766 D/NearFieldUtils( 2325): getIpByInterfaceSetting customIdnNetworkPriority:[]
05-30 18:35:20.766 D/NearFieldUtils( 2325): getPreferredIpAddress by default priority
05-30 18:35:20.774 D/NearFieldUtils( 2325): to get wlan0 ip address
05-30 18:35:20.774 D/NearFieldUtils( 2325): get wlan0 IP succeed.
05-30 18:35:20.774 D/NearFieldManagerImpl( 2325): sDeviceType: 46
05-30 18:35:20.774 D/NearFieldManagerImpl( 2325): registerDevice() is called.
05-30 18:35:20.774 E/NearFieldManagerUtilsNative( 2325): Begin System.loadLibrary()
05-30 18:35:20.776 I/TDLog ( 2325): TalkingData SDK init...
05-30 18:35:20.776 I/TDLog ( 2325): SDK_VERSION is: Android+TD+V5.0.7 gp Type:Native Build_Num:2141
05-30 18:35:20.776 I/TDLog ( 2325): App ID is: B9D7815EC975466AB1332111FCE62DF5
05-30 18:35:20.776 I/TDLog ( 2325): App Channel is: os
05-30 18:35:20.776 I/TDLog ( 2325): App Custom is:
05-30 18:35:20.776 I/TDLog ( 2325): SDK_OVC is: TDOVC+a3bb7754719798526508b6caad480dd7+SaaS
05-30 18:35:20.779 D/TrafficStats( 2325): tagSocket(139) with statsTag=0xffffffff, statsUid=-1
05-30 18:35:20.803 I/HicomNfTimerManager( 2325): epoll fd:138 create success
05-30 18:35:20.804 I/HicomNfTimerManager( 2325): epoll add fd:141--->138 success
05-30 18:35:20.804 I/HicomNfTimerManager( 2325): time fd:141 add to epoll success
05-30 18:35:20.806 D/nStackXDFinder( 2325): NSTACKX_Init:[146] :nstack ctrl creat epollfd 142
05-30 18:35:20.807 I/nStackXDFinder( 2325): InitDefaultInterfaceName:[779] :InitDefaultInterfaceName exec
05-30 18:35:20.807 D/nStackXCoAP( 2325): CoapServerInit:[174] :CoapServerInit is called
05-30 18:35:20.807 E/nStackXDFinder( 2325): GetLocalIp:[401] :GetLocalIp exec
05-30 18:35:20.807 E/nStackXDFinder( 2325): GetLocalIp:[407] :GetLocalIp, ifInfo is null
05-30 18:35:20.807 I/HicomNfMainCtrlManager( 2325): NSTACKX_RegisterDevice is called
05-30 18:35:20.807 D/NearFieldManagerImpl( 2325): Register device success.
05-30 18:35:20.807 I/NearFieldManagerImpl( 2325): serviceName is castPlus
05-30 18:35:20.807 D/NearFieldManagerImpl( 2325): registerCapability() called with: capabilityBitmapNum = 1, capabilityBitmap = [8]
05-30 18:35:20.808 I/HicomNf_java_to_c( 2325): registerCapability, capabilityBitmapNum: 1
05-30 18:35:20.808 I/HicomNfMainCtrlManager( 2325): RegisterCapability: 1, 8
05-30 18:35:20.808 D/NearFieldManagerImpl( 2325): Register capability succeed with capabilityBitmapNum = 1, capabilityBitmap = [8]
05-30 18:35:20.808 D/NearFieldManagerImpl( 2325): registerServiceData() called with: serviceData = 32
05-30 18:35:20.808 D/NearFieldManagerImpl( 2325): registerModule() called with: packageModuleName = com.huawei.connection+CastPlusDiscoveryModule
05-30 18:35:20.808 I/HicomNf_java_to_c( 2325): registerModule, moduleName: com.huawei.connection+CastPlusDiscoveryModule
05-30 18:35:20.808 I/HicomNfMainCtrlManager( 2325): Enter RegisterModule
05-30 18:35:20.808 I/HicomNfRegManager( 2325): RegisterModule OK, add module name com.huawei.connection+CastPlusDiscoveryModule
05-30 18:35:20.812 I/nStackXDFinder( 2325): UpdateLocalNetworkInterface:[472] :UpdateLocalNetworkInterface exec,initerfaceName:wlan0
05-30 18:35:20.812 E/nStackXDFinder( 2325): GetLocalIp:[401] :GetLocalIp exec
05-30 18:35:20.812 E/nStackXDFinder( 2325): GetLocalIp:[407] :GetLocalIp, ifInfo is null
05-30 18:35:20.812 I/nStackXDFinder( 2325): UpdateLocalNetworkInterface:[498] :UpdateLocalNetworkInterface copy ip value in default process
05-30 18:35:20.812 E/nStackXDFinder( 2325): GetLocalIp:[401] :GetLocalIp exec
05-30 18:35:20.812 D/nStackXCoAP( 2325): CoapServerInit:[174] :CoapServerInit is called
05-30 18:35:20.812 E/nStackXDFinder( 2325): GetLocalIp:[401] :GetLocalIp exec
05-30 18:35:20.812 I/nStackXUtil( 2325): BindToDevice:[352] :BindToDevice exec
05-30 18:35:20.812 I/Hisight-DeviceListManager( 1728): init DeviceListManager.
05-30 18:35:20.814 I/nStackXUtil( 2325): GetInterfaceByPriority:[279] :GetInterfaceByPriority exec
05-30 18:35:20.814 I/nStackXUtil( 2325): GetInterfaceByDefault:[309] :GetInterfaceByDefault exec
05-30 18:35:20.814 I/nStackXUtil( 2325): GetInterfaceByDefault:[316] :GetInterfaceByDefault, ndevice name: lo
05-30 18:35:20.814 I/nStackXUtil( 2325): GetInterfaceByDefault:[316] :GetInterfaceByDefault, ndevice name: wlan0
05-30 18:35:20.814 I/nStackXUtil( 2325): BindToDevice:[374] :BindToDevice, Bind localAddr name: wlan0
05-30 18:35:20.814 I/nStackXUtil( 2325): BindToDeviceInner:[191] :binding interface wlan0 success
05-30 18:35:20.814 D/nStackXCoAP( 2325): CoapInitResources:[744] :CoapInitResources g_wlanOrEthContext update
05-30 18:35:20.814 I/nStackXDFinder( 2325): RegisterServiceData:[728] :RegisterServiceData, serviceData=[32]
05-30 18:35:20.816 D/Hisight-DeviceListManager( 1728): get old secret key
05-30 18:35:20.819 E/Hisight-ConnectAuthCallBack( 1728): readSecureFile failed, no such file
05-30 18:35:20.819 W/Hisight-DeviceListManager( 1728): deviceRecords is empty
05-30 18:35:20.819 W/Hisight-DeviceListManager( 1728): occur error, clear all the list
05-30 18:35:20.820 D/Hisight-HiChainAuthControl( 1728): start HiChainAuthControl
05-30 18:35:20.838 I/ConnectAuthJNI( 1728): JNI_OnLoad begin load
05-30 18:35:20.838 I/ConnectAuthJNI( 1728): RegisterNativeMethod begin
05-30 18:35:20.838 I/ConnectAuthJNI( 1728): RegisterNativeMethod end
05-30 18:35:20.838 I/ConnectAuthJNI( 1728): RegisterNativeMethod 1004 methodLen=10
05-30 18:35:20.838 I/ConnectAuthJNI( 1728): RegisterNativeMethod 1007 RegisterNatives=0
05-30 18:35:20.838 I/ConnectAuthJNI( 1728): InitArraylist 1013
05-30 18:35:20.838 I/ConnectAuthJNI( 1728): InitConnectAuthStaticJNIMethod 1114 methodRet=0
05-30 18:35:20.838 E/ConnectAuthJNI( 1728): JNI_OnLoad finish....1138
05-30 18:35:20.838 D/Hisight-HiChainAuthControl( 1728): setupAuthIfNeeded, HiChainInstance hasn't been initialized
05-30 18:35:20.838 I/ConnectAuthJNI( 1728): Java_com_huawei_hisight_security_ConnectAuthNative_nativeSetup 795 call HiChainNativeSetup
05-30 18:35:20.838 I/ConnectAuthJNI( 1728): HiChainNativeSetup 565 registe_log
05-30 18:35:20.838 I/ConnectAuthJNI( 1728): HksStorageRegisterFileCallbacks 245 register hks file callback status =0
05-30 18:35:20.838 I/ConnectAuthJNI( 1728): HksRegisterGetDeviceIdCallback 268 register hks get hardware udid callback status =0
05-30 18:35:20.844 D/ConnectAuthJNI( 1728): [HiChain] get_instance Begin get instance
05-30 18:35:20.844 I/ConnectAuthJNI( 1728): [HKS] hks_service_key_info_init hks init : begin
05-30 18:35:20.844 I/ConnectAuthJNI( 1728): FileRead 113 FileRead
05-30 18:35:20.844 I/ConnectAuthJNI( 1728): FileRead 122 FileRead call readSecureFile begin
05-30 18:35:20.845 E/Hisight-ConnectAuthCallBack( 1728): readSecureFile failed, no such file
05-30 18:35:20.845 W/ConnectAuthJNI( 1728): FileRead 132 FileRead call readSecureFile byteArray is null
05-30 18:35:20.845 I/ConnectAuthJNI( 1728): [HKS] hks_rkc_init RKC init:begin, is_key_info_exist=0
05-30 18:35:20.845 I/ConnectAuthJNI( 1728): [HKS] hks_rkc_init_entropy the entropy is empty
05-30 18:35:20.845 I/ConnectAuthJNI( 1728): FileSize 214 FileSize
05-30 18:35:20.846 I/ConnectAuthJNI( 1728): FileSize 230 fileSize=258
05-30 18:35:20.846 I/ConnectAuthJNI( 1728): FileRead 113 FileRead
05-30 18:35:20.846 I/ConnectAuthJNI( 1728): FileRead 122 FileRead call readSecureFile begin
05-30 18:35:20.847 I/ConnectAuthJNI( 1728): FileRead 135 FileRead call readSecureFile end
05-30 18:35:20.847 I/ConnectAuthJNI( 1728): FileRead 150 fileBuff size 258, buf len 258
05-30 18:35:20.847 I/ConnectAuthJNI( 1728): FileSize 214 FileSize
05-30 18:35:20.849 I/ConnectAuthJNI( 1728): FileSize 230 fileSize=258
05-30 18:35:20.849 I/ConnectAuthJNI( 1728): FileRead 113 FileRead
05-30 18:35:20.849 I/ConnectAuthJNI( 1728): FileRead 122 FileRead call readSecureFile begin
05-30 18:35:20.850 I/ConnectAuthJNI( 1728): FileRead 135 FileRead call readSecureFile end
05-30 18:35:20.850 I/ConnectAuthJNI( 1728): FileRead 150 fileBuff size 258, buf len 258
05-30 18:35:20.851 I/ConnectAuthJNI( 1728): [HKS] hks_rkc_load_ksf load ksf success
05-30 18:35:20.851 I/ConnectAuthJNI( 1728): [HKS] hks_rkc_init root key component init success
05-30 18:35:20.851 I/ConnectAuthJNI( 1728): [HKS] hks_rkc_init RKC init:end,rc=0
05-30 18:35:20.851 I/ConnectAuthJNI( 1728): [HKS] hks_service_key_info_init hks init : end
05-30 18:35:20.851 I/ConnectAuthJNI( 1728): GetHiChainProtocolParamsCallback 371 GetHiChainProtocolParamsCallback operation_code= 99
05-30 18:35:20.851 I/ConnectAuthJNI( 1728): paramLen is ,=0
05-30 18:35:20.851 I/ConnectAuthJNI( 1728): paramLen is ,=0
05-30 18:35:20.851 I/ConnectAuthJNI( 1728): GetHiChainProtocolParamsCallback 402 GetHiChainProtocolParamsCallback end
05-30 18:35:20.851 I/ConnectAuthJNI( 1728): [HiChain] get_instance Get instance success
05-30 18:35:20.851 I/ConnectAuthJNI( 1728): Java_com_huawei_hisight_security_ConnectAuthNative_nativeGetHiChainInstance 598 get instance success
05-30 18:35:20.851 D/Hisight-HiChainAuthControl( 1728): destroyAuth
05-30 18:35:20.851 I/ConnectAuthJNI( 1728): Java_com_huawei_hisight_security_ConnectAuthNative_nativeDestroy 603 destroy
05-30 18:35:20.851 D/Hisight-HiChainAuthControl( 1728): setupAuthIfNeeded, HiChainInstance hasn't been initialized
05-30 18:35:20.851 I/ConnectAuthJNI( 1728): Java_com_huawei_hisight_security_ConnectAuthNative_nativeSetup 795 call HiChainNativeSetup
05-30 18:35:20.851 I/ConnectAuthJNI( 1728): HiChainNativeSetup 565 registe_log
05-30 18:35:20.851 I/ConnectAuthJNI( 1728): HksStorageRegisterFileCallbacks 245 register hks file callback status =0
05-30 18:35:20.851 I/ConnectAuthJNI( 1728): HksRegisterGetDeviceIdCallback 268 register hks get hardware udid callback status =0
05-30 18:35:20.851 D/ConnectAuthJNI( 1728): [HiChain] get_instance Begin get instance
05-30 18:35:20.851 I/ConnectAuthJNI( 1728): [HKS] hks_service_key_info_init hks init : begin
05-30 18:35:20.851 I/ConnectAuthJNI( 1728): [HKS] hks_service_key_info_init hks init : end
05-30 18:35:20.851 I/ConnectAuthJNI( 1728): GetHiChainProtocolParamsCallback 371 GetHiChainProtocolParamsCallback operation_code= 99
05-30 18:35:20.851 I/ConnectAuthJNI( 1728): paramLen is ,=0
05-30 18:35:20.851 I/ConnectAuthJNI( 1728): paramLen is ,=0
05-30 18:35:20.851 I/ConnectAuthJNI( 1728): GetHiChainProtocolParamsCallback 402 GetHiChainProtocolParamsCallback end
05-30 18:35:20.851 I/ConnectAuthJNI( 1728): [HiChain] get_instance Get instance success
05-30 18:35:20.851 I/ConnectAuthJNI( 1728): Java_com_huawei_hisight_security_ConnectAuthNative_nativeGetHiChainInstance 598 get instance success
05-30 18:35:20.851 W/ConnectAuthJNI( 1728): GetListTrustPeers 899 trustPeerSize=0
05-30 18:35:20.851 D/Hisight-HiChainAuthControl( 1728): destroyAuth
05-30 18:35:20.851 I/ConnectAuthJNI( 1728): Java_com_huawei_hisight_security_ConnectAuthNative_nativeDestroy 603 destroy
05-30 18:35:20.851 D/Hisight-HiChainAuthControl( 1728): setupAuthIfNeeded, HiChainInstance hasn't been initialized
05-30 18:35:20.852 I/ConnectAuthJNI( 1728): Java_com_huawei_hisight_security_ConnectAuthNative_nativeSetup 795 call HiChainNativeSetup
05-30 18:35:20.852 I/ConnectAuthJNI( 1728): HiChainNativeSetup 565 registe_log
05-30 18:35:20.852 I/ConnectAuthJNI( 1728): HksStorageRegisterFileCallbacks 245 register hks file callback status =0
05-30 18:35:20.852 I/ConnectAuthJNI( 1728): HksRegisterGetDeviceIdCallback 268 register hks get hardware udid callback status =0
05-30 18:35:20.852 D/ConnectAuthJNI( 1728): [HiChain] get_instance Begin get instance
05-30 18:35:20.852 I/ConnectAuthJNI( 1728): [HKS] hks_service_key_info_init hks init : begin
05-30 18:35:20.852 I/ConnectAuthJNI( 1728): [HKS] hks_service_key_info_init hks init : end
05-30 18:35:20.852 I/ConnectAuthJNI( 1728): GetHiChainProtocolParamsCallback 371 GetHiChainProtocolParamsCallback operation_code= 99
05-30 18:35:20.852 I/ConnectAuthJNI( 1728): paramLen is ,=0
05-30 18:35:20.852 I/ConnectAuthJNI( 1728): paramLen is ,=0
05-30 18:35:20.852 I/ConnectAuthJNI( 1728): GetHiChainProtocolParamsCallback 402 GetHiChainProtocolParamsCallback end
05-30 18:35:20.852 I/ConnectAuthJNI( 1728): [HiChain] get_instance Get instance success
05-30 18:35:20.852 I/ConnectAuthJNI( 1728): Java_com_huawei_hisight_security_ConnectAuthNative_nativeGetHiChainInstance 598 get instance success
05-30 18:35:20.852 W/ConnectAuthJNI( 1728): GetListTrustPeers 899 trustPeerSize=0
05-30 18:35:20.853 D/Hisight-DeviceListManager( 1728): init trusted list size: 0
05-30 18:35:20.853 D/HiSight-ConnectionManager( 1728): setAuthInfo, authMode: 1
05-30 18:35:20.873 E/hq ( 1498): Etna:::sendInspectLauncherUpdate
05-30 18:35:20.879 E/ccc ( 1432): cccccc SystemUpdateHelper launcherUpdate {"launcherCodeLocal":102941,"launcherCodeNet":0,"launcherVersionLocal":"2.9.4.1","launcherVersionNet":"","otaCodeLocal":0,"otaCodeNet":0,"remoteNeedUpdate":false,"updateType":""}
05-30 18:35:20.881 D/etnaManager( 1498): 不需要更新桌面
05-30 18:35:20.956 D/TrafficStats( 1498): tagSocket(139) with statsTag=0xffffffff, statsUid=-1
05-30 18:35:20.983 D/TrafficStats( 2325): tagSocket(139) with statsTag=0xffffffff, statsUid=-1
05-30 18:35:21.033 D/TrafficStats( 2325): tagSocket(140) with statsTag=0xffffffff, statsUid=-1
05-30 18:35:21.054 I/d.leradlauncher( 1498): Background concurrent copying GC freed 45696(2298KB) AllocSpace objects, 121(3496KB) LOS objects, 49% free, 18MB/36MB, paused 260us,1.842ms total 247.042ms
05-30 18:35:21.181 D/NearFieldManagerImpl( 2325): onReceive action get:android.net.conn.CONNECTIVITY_CHANGE
05-30 18:35:21.181 W/efs.info.manager( 2325): network change: wifi
05-30 18:35:21.182 D/NearFieldUtils( 2325): getPreferredIpAddress exec
05-30 18:35:21.182 D/NearFieldUtils( 2325): getPreferredIpAddress by custom priority
05-30 18:35:21.182 D/NearFieldUtils( 2325): getIpByInterfaceSetting customIdnNetworkPriority:[]
05-30 18:35:21.182 D/NearFieldUtils( 2325): getPreferredIpAddress by default priority
05-30 18:35:21.189 D/NearFieldUtils( 2325): to get wlan0 ip address
05-30 18:35:21.189 D/NearFieldUtils( 2325): get wlan0 IP succeed.
05-30 18:35:21.189 E/NearFieldManagerImpl( 2325): notifyByPriority: interfaceNameInUse is null
05-30 18:35:21.189 D/NearFieldManagerImpl( 2325): handleConnectivityAction: notified by default
05-30 18:35:21.192 D/NearFieldUtils( 2325): to get wlan0 ip address
05-30 18:35:21.192 D/NearFieldUtils( 2325): get wlan0 IP succeed.
05-30 18:35:21.192 I/NearFieldManagerImpl( 2325): wlan Connected
05-30 18:35:21.192 I/HicomNf_java_to_c( 2325): notifyNetworkStateChanged with maskStr, networkType: 0, networkState: 0, mask:
05-30 18:35:21.192 I/HicomNfMainCtrlManager( 2325): NotifyNetworkStateChanged is called with networkState: 0
05-30 18:35:21.192 I/HicomNfMainCtrlManager( 2325): P2P and USB are both disconnected
05-30 18:35:21.192 I/HicomNfSecureManager( 2325): stop listening
05-30 18:35:21.192 I/HicomNfSecureManager( 2325): StopListening, m_sessionInfoLock out, before calling NSTACKX_DMsgClose 2
05-30 18:35:21.192 I/HicomNfSecureManager( 2325): StopListening, after calling NSTACKX_DMsgClose 2
05-30 18:35:21.196 I/HicomNf_java_to_c( 2325): notifyNetworkStateChanged with maskStr, networkType: 0, networkState: 1, mask: 255.255.254.0
05-30 18:35:21.196 I/HicomNfMainCtrlManager( 2325): NotifyNetworkStateChanged is called with networkState: 1
05-30 18:35:21.196 I/HicomNfSecureManager( 2325): StartListening, before calling NSTACKX_DMsgServer
05-30 18:35:21.196 I/nStackXDMsg( 2325): NSTACKX_DMsgServer:[1335] :msgReceiver is not NULL
05-30 18:35:21.197 D/nStackXDMsg( 2325): StartDMsgMainThread:[1274] :pthread_create
05-30 18:35:21.197 I/HicomNfSecureManager( 2325): StartListening, after calling NSTACKX_DMsgServer
05-30 18:35:21.197 I/HicomNfSecureManager( 2325): OnehopSecureCtrlManager: succeeded to StartListening with type 0
05-30 18:35:21.487 E/raop ( 1728): JavaCallback init
05-30 18:35:21.560 I/ThermalService( 963): CPU temperatures: [55.7]
05-30 18:35:21.647 I/bluetooth( 1184): packages/modules/Bluetooth/system/gd/metrics/metrics_state.cc:177 AddStateChangedEvent: LEConnectionMetricsRemoteDevice: Transaction State 0x00000002, Connection Type 0x00000001, Origin Type 0x00000001
05-30 18:35:21.647 I/bluetooth( 1184): packages/modules/Bluetooth/system/gd/metrics/metrics_state.cc:58 AddStateChangedEvent: LEConnectionMetricState: Origin Type: 0x00000001, Connection Type: 0x00000001, Transaction State: 0x00000002
05-30 18:35:21.647 I/bluetooth( 1184): packages/modules/Bluetooth/system/gd/metrics/metrics_state.cc:161 UploadLEConnectionSession: LEConnectionMetricsRemoteDevice: The session is uploaded for xx:xx:xx:xx:c0:53
05-30 18:35:21.647 I/bluetooth( 1184): packages/modules/Bluetooth/system/gd/hci/le_address_manager.cc:265 ack_pause: Client already in paused state
05-30 18:35:21.647 I/bluetooth( 1184): packages/modules/Bluetooth/system/stack/gatt/connection_manager.cc:438 on_connection_complete: Le connection completed to device:xx:xx:xx:xx:c0:53
05-30 18:35:21.647 I/bluetooth( 1184): packages/modules/Bluetooth/system/stack/gatt/connection_manager.cc:438 on_connection_complete: Le connection completed to device:xx:xx:xx:xx:c0:53
05-30 18:35:21.648 I/bt_btm_ble( 1184): packages/modules/Bluetooth/system/stack/btm/btm_ble.cc:1730 btm_ble_connected: Updating device record timestamp for existing ble connection
05-30 18:35:21.651 I/bluetooth( 1184): packages/modules/Bluetooth/system/gd/hci/le_address_manager.cc:596 OnCommandComplete: Received command complete with op_code LE_REMOVE_DEVICE_FROM_FILTER_ACCEPT_LIST
05-30 18:35:21.651 I/bluetooth( 1184): packages/modules/Bluetooth/system/gd/hci/le_address_manager.cc:294 resume_registered_clients: Resuming registered clients
05-30 18:35:21.687 I/bt_stack( 1184): [INFO:gatt_attr.cc(950)] gatt_sr_init_cl_status: bda=xx:xx:xx:xx:c0:53, cl_supp_feat=0000, aware=1
05-30 18:35:21.687 I/bluetooth( 1184): packages/modules/Bluetooth/system/stack/gap/gap_ble.cc:304 client_connect_cback: No active GAP service found for peer:xx:xx:xx:xx:c0:53 callback:Connected
05-30 18:35:21.687 I/bt_bta_gattc( 1184): packages/modules/Bluetooth/system/bta/gatt/bta_gattc_act.cc:1304 bta_gattc_conn_cback: Connected client_if:3 addr:xx:xx:xx:xx:c0:53, transport:BT_TRANSPORT_LE reason:GATT_CONN_OK
05-30 18:35:21.687 I/bt_bta_gattc( 1184): packages/modules/Bluetooth/system/bta/gatt/bta_gattc_act.cc:1304 bta_gattc_conn_cback: Connected client_if:4 addr:xx:xx:xx:xx:c0:53, transport:BT_TRANSPORT_LE reason:GATT_CONN_OK
05-30 18:35:21.687 I/bluetooth( 1184): packages/modules/Bluetooth/system/stack/gatt/gatt_main.cc:405 gatt_update_app_use_link_flag: disable link idle timer for xx:xx:xx:xx:c0:53
05-30 18:35:21.688 I/bt_stack( 1184): [INFO:l2c_api.cc(1607)] L2CA_MarkLeLinkAsActivesetting link to e4:bb:d3:57:c0:53 as active
05-30 18:35:21.688 I/bluetooth( 1184): packages/modules/Bluetooth/system/stack/gatt/gatt_api.cc:1206 GATT_SetIdleTimeout: idle_timeout=65535, is_active=1, status=1 (1-OK 0-not performed)
05-30 18:35:21.688 I/bt_bta_gattc( 1184): packages/modules/Bluetooth/system/bta/gatt/bta_gattc_act.cc:1304 bta_gattc_conn_cback: Connected client_if:5 addr:xx:xx:xx:xx:c0:53, transport:BT_TRANSPORT_LE reason:GATT_CONN_OK
05-30 18:35:21.688 I/bluetooth( 1184): packages/modules/Bluetooth/system/stack/gatt/connection_manager.cc:438 on_connection_complete: Le connection completed to device:xx:xx:xx:xx:c0:53
05-30 18:35:21.688 I/bt_stack( 1184): [INFO:l2c_api.cc(1607)] L2CA_MarkLeLinkAsActivesetting link to e4:bb:d3:57:c0:53 as active
05-30 18:35:21.688 I/bluetooth( 1184): packages/modules/Bluetooth/system/stack/gatt/gatt_api.cc:1206 GATT_SetIdleTimeout: idle_timeout=65535, is_active=1, status=1 (1-OK 0-not performed)
05-30 18:35:21.688 I/bluetooth( 1184): packages/modules/Bluetooth/system/stack/gatt/gatt_main.cc:594 check_cached_model_name: Device xx:xx:xx:xx:c0:53 no cached model name
05-30 18:35:21.688 E/bt_stack( 1184): [ERROR:bta_gattc_act.cc(1500)] bta_gattc_process_indicate: indication/notif for unknown device, ignore
05-30 18:35:21.688 E/bt_stack( 1184): [ERROR:bta_gattc_act.cc(1500)] bta_gattc_process_indicate: indication/notif for unknown device, ignore
05-30 18:35:21.688 E/bt_stack( 1184): [ERROR:bta_gattc_act.cc(1500)] bta_gattc_process_indicate: indication/notif for unknown device, ignore
05-30 18:35:21.688 W/btm_acl ( 1184): packages/modules/Bluetooth/system/stack/acl/btm_acl.cc:1689 BTM_ReadRemoteVersion: Remote version information is invalid
05-30 18:35:21.688 I/bt_btif_dm( 1184): packages/modules/Bluetooth/system/btif/src/btif_dm.cc:642 btif_update_remote_version_property: Remote version info valid:false [xx:xx:xx:xx:c0:53]: 0, 0, 0
05-30 18:35:21.688 E/bta_gattc_main( 1184): packages/modules/Bluetooth/system/bta/gatt/bta_gattc_main.cc:395 bta_gattc_hdl_event: Ignore unknown conn ID: 3
05-30 18:35:21.688 E/bta_gattc_main( 1184): packages/modules/Bluetooth/system/bta/gatt/bta_gattc_main.cc:395 bta_gattc_hdl_event: Ignore unknown conn ID: 4
05-30 18:35:21.689 W/BatteryService( 1184): getBatteryService(): service is NULL
05-30 18:35:21.713 I/bt_bta_gattc( 1184): packages/modules/Bluetooth/system/bta/gatt/bta_gattc_act.cc:549 bta_gattc_conn: Connected to xx:xx:xx:xx:c0:53, robust caching support is 0
05-30 18:35:21.723 I/BluetoothPhonePolicy( 1184): processDeviceConnected, device=XX:XX:XX:XX:C0:53
05-30 18:35:21.723 D/BluetoothDatabase( 1184): setConnection: device XX:XX:XX:XX:C0:53 and isA2dpDevice=false
05-30 18:35:21.724 D/BluetoothDatabase( 1184): Updating last connected time for device: XX:XX:XX:XX:C0:53 to 0
05-30 18:35:21.724 D/BluetoothDatabase( 1184): updateDatabase XX:XX:XX:XX:C0:53
05-30 18:35:21.727 I/BLE_Service( 963): >ACL LINK CONNECTED [Dangbei] - checking for supported devices after delay
05-30 18:35:21.731 I/dangbei111( 1432): cccccc on receiver=android.bluetooth.device.action.ACL_CONNECTED,mac=E4:BB:D3:57:C0:53
05-30 18:35:21.731 E/dangbei111( 1432): cccccc cancelDiscovery begin
05-30 18:35:21.724 I//apex/com.android.adbd/bin/adbd( 1383): type=1400 audit(0.0:1016): avc: denied { search } for comm=75736220666673206F70656E name="/" dev="functionfs" ino=26672 scontext=u:r:su:s0 tcontext=u:object_r:functionfs:s0 tclass=dir permissive=1
05-30 18:35:21.756 E/dangbei111( 1432): cccccc 检查遥控器是否连接: Dangbei E4:BB:D3:57:C0:53
05-30 18:35:21.759 E/dangbei111( 1432): cccccc 检查遥控器是否连接: 蓝牙的结果 Dangbei E4:BB:D3:57:C0:53 true
05-30 18:35:21.768 E/dangbei111( 1432): cccccc input中没有遥控器存在
05-30 18:35:21.768 E/dangbei111( 1432): cccccc 蓝牙状态连接 开启30s check任务
05-30 18:35:21.770 E/dangbei111( 1432): cccccc 开始扫描
05-30 18:35:21.770 D/BluetoothAdapter( 1432): isLeEnabled(): ON
05-30 18:35:21.776 I/bt_stack( 1184): [INFO:le_scanning_manager.cc(155)] RegisterScanner in shim layer
05-30 18:35:21.776 D/BluetoothLeScanner( 1432): onScannerRegistered() - status=0 scannerId=1 mScannerId=0
05-30 18:35:21.786 D/ActivityAttributionService( 1184): notifyActivityAttributionInfo UID=1002 packageName=com.android.bluetooth deviceAddress=no_active_device_address
05-30 18:35:21.786 I/bt_btif ( 1184): packages/modules/Bluetooth/system/btif/src/bluetooth.cc:829 get_profile_interface: get_profile_interface: id = activity_attribution
05-30 18:35:21.786 I/bt_stack( 1184): [INFO:le_scanning_manager.cc(168)] Scan in shim layer started
05-30 18:35:21.787 I/bluetooth( 1184): packages/modules/Bluetooth/system/gd/hci/le_scanning_manager.cc:588 stop_scan: Scanning already stopped, return!
05-30 18:35:21.787 I/bluetooth( 1184): packages/modules/Bluetooth/system/gd/hci/le_address_manager.cc:178 register_client: Client registered
05-30 18:35:21.790 I/bt_stack( 1184): [INFO:le_scanning_manager.cc(168)] Scan in shim layer stopped
05-30 18:35:21.790 I/bluetooth( 1184): packages/modules/Bluetooth/system/gd/hci/le_address_manager.cc:193 unregister_client: Client unregistered
05-30 18:35:21.790 I/bt_stack( 1184): [INFO:le_scanning_manager.cc(346)] SetScanParameters in shim layer
05-30 18:35:21.791 I/bt_stack( 1184): [INFO:le_scanning_manager.cc(168)] Scan in shim layer started
05-30 18:35:21.791 I/bluetooth( 1184): packages/modules/Bluetooth/system/gd/hci/le_scanning_manager.cc:588 stop_scan: Scanning already stopped, return!
05-30 18:35:21.791 I/bluetooth( 1184): packages/modules/Bluetooth/system/gd/hci/le_address_manager.cc:178 register_client: Client registered
05-30 18:35:21.988 D/TrafficStats( 1728): tagSocket(171) with statsTag=0xffffffff, statsUid=-1
05-30 18:35:22.000 D/TrafficStats( 1498): tagSocket(127) with statsTag=0xffffffff, statsUid=-1
05-30 18:35:22.036 D/TrafficStats( 1498): tagSocket(5) with statsTag=0xffffffff, statsUid=-1
05-30 18:35:22.051 D/TrafficStats( 1498): tagSocket(128) with statsTag=0xffffffff, statsUid=-1
05-30 18:35:22.153 D/CompatibilityChangeReporter( 2024): Compat change id reported: 253665015; UID 10016; state: ENABLED
05-30 18:35:22.154 D/CompatibilityChangeReporter( 2024): Compat change id reported: 194532703; UID 10016; state: ENABLED
05-30 18:35:22.156 D/CompatibilityChangeReporter( 694): Compat change id reported: 253665015; UID 10016; state: ENABLED
05-30 18:35:22.157 D/CompatibilityChangeReporter( 694): Compat change id reported: 194532703; UID 10016; state: ENABLED
05-30 18:35:22.167 I/bluetooth( 1184): packages/modules/Bluetooth/system/stack/gatt/gatt_sr.cc:839 gatts_process_mtu_req: MTU 247 request from remote (e4:bb:d3:57:c0:53), resulted MTU 247
05-30 18:35:22.167 I/bt_btm_ble( 1184): packages/modules/Bluetooth/system/stack/btm/btm_ble.cc:620 BTM_SetBleDataLength: xx:xx:xx:xx:c0:53, 251
05-30 18:35:22.167 W/bt_stack( 1184): [WARNING:gatt_utils.cc(831)] Call back not found for application conn_id=3
05-30 18:35:22.167 W/bt_stack( 1184): [WARNING:gatt_utils.cc(831)] Call back not found for application conn_id=4
05-30 18:35:22.167 W/bt_stack( 1184): [WARNING:gatt_utils.cc(831)] Call back not found for application conn_id=5
05-30 18:35:22.376 D/TrafficStats( 1498): tagSocket(134) with statsTag=0xffffffff, statsUid=-1
05-30 18:35:22.377 D/TrafficStats( 1498): tagSocket(142) with statsTag=0xffffffff, statsUid=-1
05-30 18:35:22.485 W/BroadcastLoopers( 694): Found previously unknown looper Thread[PackageManager,5,main]
05-30 18:35:22.503 W/Searchables( 694): No global search activity found
05-30 18:35:22.504 I/RoleService( 694): Granting default roles...
05-30 18:35:22.508 V/MediaPlayerList( 1184): mPackageChangedBroadcastReceiver: action: android.intent.action.PACKAGE_CHANGED
05-30 18:35:22.512 W/BroadcastLoopers( 694): Found previously unknown looper Thread[android.bg,5,main]
05-30 18:35:22.520 W/Role ( 1089): Cannot get ApplicationInfo for default holder: com.android.messaging
05-30 18:35:22.524 I/InputReader( 694): Reconfiguring input devices, changes=KEYBOARD_LAYOUTS
05-30 18:35:22.526 W/Role ( 1089): Cannot get ApplicationInfo for default holder: com.android.tv.frameworkpackagestubs
05-30 18:35:22.538 W/VoiceInteractionManager( 694): no available voice recognition services found for user 0
05-30 18:35:22.539 W/Searchables( 694): No global search activity found
05-30 18:35:22.543 I/InputReader( 694): Reconfiguring input devices, changes=KEYBOARD_LAYOUTS
05-30 18:35:22.545 V/MediaPlayerList( 1184): mPackageChangedBroadcastReceiver: action: android.intent.action.PACKAGE_CHANGED
05-30 18:35:22.550 I/PermissionControllerServiceImpl( 1089): Updating user sensitive for uid 1002
05-30 18:35:22.550 W/VoiceInteractionManager( 694): no available voice recognition services found for user 0
05-30 18:35:22.553 I/PermissionControllerServiceImpl( 1089): Updating user sensitive for uid 10058
05-30 18:35:22.591 E/DocumentManagerRoleBehavior( 1089): There should be exactly one documenter; found 0: matches=[]
05-30 18:35:22.594 W/Role ( 1089): Cannot get ApplicationInfo for default holder: com.android.gallery3d
05-30 18:35:22.666 E/hq ( 1498): ErrorCoroutineExceptionHandler:::runTry error:com.dangbei.leard.base.proider.error.EmptyApiException: 数据为空 from=requestMessageDialog from=requestMessageDialog
05-30 18:35:22.670 D/CompatibilityChangeReporter( 694): Compat change id reported: 161145287; UID 10074; state: ENABLED
05-30 18:35:22.728 I/UsbFfs-monitor( 1383): type=1400 audit(0.0:1017): avc: denied { use } for path="anon_inode:[eventfd]" dev="anon_inodefs" ino=10204 scontext=u:r:su:s0 tcontext=u:r:adbd:s0 tclass=fd permissive=1
05-30 18:35:22.768 D/TrafficStats( 1498): tagSocket(5) with statsTag=0xffffffff, statsUid=-1
05-30 18:35:22.769 D/SntpClient( 694): request time failed: java.net.SocketTimeoutException: Poll timed out
05-30 18:35:22.770 D/TrafficStats( 694): tagSocket(422) with statsTag=0xffffff41, statsUid=-1
05-30 18:35:22.771 D/TrafficStats( 1498): tagSocket(128) with statsTag=0xffffffff, statsUid=-1
05-30 18:35:22.775 D/TrafficStats( 1498): tagSocket(127) with statsTag=0xffffffff, statsUid=-1
05-30 18:35:22.986 I/WifiHAL ( 501): call wifi_get_link_stats handler
05-30 18:35:22.986 I/WifiHAL ( 501): Creating message to get link statistics; iface = 16
05-30 18:35:22.986 D/WifiHAL ( 501): error code -95 mapped to -3
05-30 18:35:22.987 E/WifiStaIfaceAidlImpl( 694): getLinkLayerStats failed with service-specific exception: android.os.ServiceSpecificException: (code 4)
05-30 18:35:23.134 I/bt_btif_dm( 1184): packages/modules/Bluetooth/system/btif/src/btif_dm.cc:691 btif_update_remote_properties: cod from storage is also unclassified
05-30 18:35:23.136 E/raop ( 1728): httpd_stop running 1 joined 0
05-30 18:35:23.137 E/raop ( 1728): httpd_stop connection->socket_fd=0
05-30 18:35:23.137 E/raop ( 1728): httpd_stop connection->socket_fd=0
05-30 18:35:23.137 E/raop ( 1728): httpd_stop connection->socket_fd=0
05-30 18:35:23.137 E/raop ( 1728): httpd_stop connection->socket_fd=0
05-30 18:35:23.137 E/raop ( 1728): httpd_stop connection->socket_fd=0
05-30 18:35:23.137 E/raop ( 1728): httpd_stop connection->socket_fd=0
05-30 18:35:23.137 E/raop ( 1728): httpd_stop connection->socket_fd=0
05-30 18:35:23.137 E/raop ( 1728): httpd_stop connection->socket_fd=0
05-30 18:35:23.137 E/raop ( 1728): httpd_stop connection->socket_fd=0
05-30 18:35:23.137 E/raop ( 1728): httpd_stop connection->socket_fd=0
05-30 18:35:23.137 W/System.err( 1728): java.net.SocketException: Socket closed
05-30 18:35:23.139 W/System.err( 1728): at java.net.PlainSocketImpl.socketAccept(PlainSocketImpl.java:213)
05-30 18:35:23.139 W/System.err( 1728): at java.net.AbstractPlainSocketImpl.accept(AbstractPlainSocketImpl.java:451)
05-30 18:35:23.139 W/System.err( 1728): at java.net.ServerSocket.implAccept(ServerSocket.java:569)
05-30 18:35:23.139 W/System.err( 1728): at java.net.ServerSocket.accept(ServerSocket.java:537)
05-30 18:35:23.139 W/System.err( 1728): at b.f.f.t.f.run(Unknown Source:40)
05-30 18:35:23.139 W/System.err( 1728): at java.lang.Thread.run(Thread.java:1012)
05-30 18:35:23.144 D/HiSight-SinkService( 1728): setDiscoverable true
05-30 18:35:23.145 D/HiSight-Discovery( 1728): set deviceInfo type:46
05-30 18:35:23.145 D/HiSight-Discovery( 1728): startAdvertise 3
05-30 18:35:23.145 D/HiSight-Discovery( 1728): stopAdvertise.
05-30 18:35:23.145 D/NearFieldManager( 1728): StopListen moduleId: CastPlusDiscoveryModule
05-30 18:35:23.145 D/NearFieldManagerImpl( 2325): stopListen: moduleId: CastPlusDiscoveryModule
05-30 18:35:23.145 D/NearFieldManagerImpl( 2325): registerCapability() called with: capabilityBitmapNum = 1, capabilityBitmap = [0]
05-30 18:35:23.145 I/HicomNf_java_to_c( 2325): registerCapability, capabilityBitmapNum: 1
05-30 18:35:23.145 I/HicomNfMainCtrlManager( 2325): RegisterCapability: 1, 0
05-30 18:35:23.145 D/NearFieldManagerImpl( 2325): Register capability succeed with capabilityBitmapNum = 1, capabilityBitmap = [0]
05-30 18:35:23.146 D/HiSight-Discovery( 1728): nearFieldStartListen deviceType 46
05-30 18:35:23.146 D/wenhc ( 1498): getScreenInfo uri = content://com.dangbei.screencast.parts.info/screen_cast
05-30 18:35:23.146 D/NearFieldManagerImpl( 2325): setServiceData, sServiceData=[32], serviceData=[32]
05-30 18:35:23.146 E/NearFieldManagerImpl( 2325): setServiceData, serviceData exists
05-30 18:35:23.147 E/NearFieldManager( 1728): setIdnNetworkPriority: networkPortPriority is empty
05-30 18:35:23.147 D/NearFieldManager( 1728): StartListen moduleId: CastPlusDiscoveryModule
05-30 18:35:23.147 D/NearFieldManagerImpl( 2325): startListen: moduleId: CastPlusDiscoveryModule
05-30 18:35:23.147 D/NearFieldUtils( 2325): getPreferredIpAddress exec
05-30 18:35:23.147 D/NearFieldUtils( 2325): getPreferredIpAddress by custom priority
05-30 18:35:23.148 D/NearFieldUtils( 2325): getIpByInterfaceSetting customIdnNetworkPriority:[]
05-30 18:35:23.148 D/NearFieldUtils( 2325): getPreferredIpAddress by default priority
05-30 18:35:23.155 D/NearFieldUtils( 2325): to get wlan0 ip address
05-30 18:35:23.155 D/NearFieldUtils( 2325): get wlan0 IP succeed.
05-30 18:35:23.155 D/NearFieldManagerImpl( 2325): sDeviceType: 46
05-30 18:35:23.155 D/NearFieldManagerImpl( 2325): registerDevice() is called.
05-30 18:35:23.155 I/HicomNfMainCtrlManager( 2325): NSTACKX_RegisterDevice is called
05-30 18:35:23.156 I/nStackXDFinder( 2325): UpdateLocalNetworkInterface:[472] :UpdateLocalNetworkInterface exec,initerfaceName:wlan0
05-30 18:35:23.156 E/nStackXDFinder( 2325): GetLocalIp:[401] :GetLocalIp exec
05-30 18:35:23.156 I/nStackXDFinder( 2325): UpdateLocalNetworkInterface:[498] :UpdateLocalNetworkInterface copy ip value in default process
05-30 18:35:23.156 E/nStackXDFinder( 2325): GetLocalIp:[401] :GetLocalIp exec
05-30 18:35:23.156 I/nStackXDFinder( 2325): UpdateLocalNetworkInterface:[505] :UpdateLocalNetworkInterface: ip not change
05-30 18:35:23.156 D/NearFieldManagerImpl( 2325): Register device success.
05-30 18:35:23.156 I/NearFieldManagerImpl( 2325): serviceName is castPlus
05-30 18:35:23.156 D/NearFieldManagerImpl( 2325): registerCapability() called with: capabilityBitmapNum = 1, capabilityBitmap = [8]
05-30 18:35:23.156 I/HicomNf_java_to_c( 2325): registerCapability, capabilityBitmapNum: 1
05-30 18:35:23.156 I/HicomNfMainCtrlManager( 2325): RegisterCapability: 1, 8
05-30 18:35:23.156 D/NearFieldManagerImpl( 2325): Register capability succeed with capabilityBitmapNum = 1, capabilityBitmap = [8]
05-30 18:35:23.156 D/NearFieldManagerImpl( 2325): registerServiceData() called with: serviceData = 32
05-30 18:35:23.156 I/nStackXDFinder( 2325): RegisterServiceData:[728] :RegisterServiceData, serviceData=[32]
05-30 18:35:23.156 D/NearFieldManagerImpl( 2325): registerModule() called with: packageModuleName = com.huawei.connection+CastPlusDiscoveryModule
05-30 18:35:23.156 D/NearFieldManagerImpl( 2325): registerModule, registered before
05-30 18:35:23.156 I/HicomNf_java_to_c( 2325): registerModule, moduleName: com.huawei.connection+CastPlusDiscoveryModule
05-30 18:35:23.156 I/HicomNfMainCtrlManager( 2325): Enter RegisterModule
05-30 18:35:23.156 I/HicomNfRegManager( 2325): RegisterModule OK, already registered com.huawei.connection+CastPlusDiscoveryModule
05-30 18:35:23.159 I/bt_btif_dm( 1184): packages/modules/Bluetooth/system/btif/src/btif_dm.cc:691 btif_update_remote_properties: cod from storage is also unclassified
05-30 18:35:23.160 I/gbei.screencast( 1728): type=1400 audit(0.0:1018): avc: denied { write } for name="property_service" dev="tmpfs" ino=411 scontext=u:r:untrusted_app_27:s0:c44,c256,c512,c768 tcontext=u:object_r:property_socket:s0 tclass=sock_file permissive=1 app=com.dangbei.screencast
05-30 18:35:23.160 I/gbei.screencast( 1728): type=1400 audit(0.0:1019): avc: denied { connectto } for path="/dev/socket/property_service" scontext=u:r:untrusted_app_27:s0:c44,c256,c512,c768 tcontext=u:r:init:s0 tclass=unix_stream_socket permissive=1 app=com.dangbei.screencast
05-30 18:35:23.186 D/HiSight-SinkService( 1728): setDiscoverable true
05-30 18:35:23.186 D/wenhc ( 1498): getScreenInfo uri = content://com.dangbei.screencast.parts.info/screen_cast
05-30 18:35:23.186 D/HiSight-Discovery( 1728): set deviceInfo type:46
05-30 18:35:23.186 D/HiSight-Discovery( 1728): startAdvertise 3
05-30 18:35:23.186 D/HiSight-Discovery( 1728): stopAdvertise.
05-30 18:35:23.186 D/NearFieldManager( 1728): StopListen moduleId: CastPlusDiscoveryModule
05-30 18:35:23.187 D/NearFieldManagerImpl( 2325): stopListen: moduleId: CastPlusDiscoveryModule
05-30 18:35:23.187 D/NearFieldManagerImpl( 2325): registerCapability() called with: capabilityBitmapNum = 1, capabilityBitmap = [0]
05-30 18:35:23.187 I/HicomNf_java_to_c( 2325): registerCapability, capabilityBitmapNum: 1
05-30 18:35:23.187 I/HicomNfMainCtrlManager( 2325): RegisterCapability: 1, 0
05-30 18:35:23.187 D/NearFieldManagerImpl( 2325): Register capability succeed with capabilityBitmapNum = 1, capabilityBitmap = [0]
05-30 18:35:23.187 D/HiSight-Discovery( 1728): nearFieldStartListen deviceType 46
05-30 18:35:23.188 D/NearFieldManagerImpl( 2325): setServiceData, sServiceData=[32], serviceData=[32]
05-30 18:35:23.188 E/NearFieldManagerImpl( 2325): setServiceData, serviceData exists
05-30 18:35:23.188 E/NearFieldManager( 1728): setIdnNetworkPriority: networkPortPriority is empty
05-30 18:35:23.188 D/NearFieldManager( 1728): StartListen moduleId: CastPlusDiscoveryModule
05-30 18:35:23.188 D/NearFieldManagerImpl( 2325): startListen: moduleId: CastPlusDiscoveryModule
05-30 18:35:23.188 D/NearFieldUtils( 2325): getPreferredIpAddress exec
05-30 18:35:23.188 D/NearFieldUtils( 2325): getPreferredIpAddress by custom priority
05-30 18:35:23.188 D/NearFieldUtils( 2325): getIpByInterfaceSetting customIdnNetworkPriority:[]
05-30 18:35:23.188 D/NearFieldUtils( 2325): getPreferredIpAddress by default priority
05-30 18:35:23.197 D/NearFieldUtils( 2325): to get wlan0 ip address
05-30 18:35:23.197 D/NearFieldUtils( 2325): get wlan0 IP succeed.
05-30 18:35:23.197 D/NearFieldManagerImpl( 2325): sDeviceType: 46
05-30 18:35:23.197 D/NearFieldManagerImpl( 2325): registerDevice() is called.
05-30 18:35:23.197 I/HicomNfMainCtrlManager( 2325): NSTACKX_RegisterDevice is called
05-30 18:35:23.197 D/NearFieldManagerImpl( 2325): Register device success.
05-30 18:35:23.197 I/NearFieldManagerImpl( 2325): serviceName is castPlus
05-30 18:35:23.197 I/nStackXDFinder( 2325): UpdateLocalNetworkInterface:[472] :UpdateLocalNetworkInterface exec,initerfaceName:wlan0
05-30 18:35:23.197 E/nStackXDFinder( 2325): GetLocalIp:[401] :GetLocalIp exec
05-30 18:35:23.197 I/nStackXDFinder( 2325): UpdateLocalNetworkInterface:[498] :UpdateLocalNetworkInterface copy ip value in default process
05-30 18:35:23.197 D/NearFieldManagerImpl( 2325): registerCapability() called with: capabilityBitmapNum = 1, capabilityBitmap = [8]
05-30 18:35:23.197 E/nStackXDFinder( 2325): GetLocalIp:[401] :GetLocalIp exec
05-30 18:35:23.197 I/HicomNf_java_to_c( 2325): registerCapability, capabilityBitmapNum: 1
05-30 18:35:23.197 I/nStackXDFinder( 2325): UpdateLocalNetworkInterface:[505] :UpdateLocalNetworkInterface: ip not change
05-30 18:35:23.198 I/HicomNfMainCtrlManager( 2325): RegisterCapability: 1, 8
05-30 18:35:23.198 D/NearFieldManagerImpl( 2325): Register capability succeed with capabilityBitmapNum = 1, capabilityBitmap = [8]
