05-30 18:35:11.864 D/bt_vendor( 479): end, set bt power
05-30 18:35:11.866 W/bt_vendor( 479): driver wifi_comm is not detected! count=1, usleep(20ms)...
05-30 18:35:11.874 D/ConnectivityService( 694): NetReassign [no changes] [c 0] [a 0] [i 0]
05-30 18:35:11.878 D/xm_audio( 477): adev_get_parameters
05-30 18:35:11.886 D/bt_vendor( 479): op amlbt_if_type=1536
05-30 18:35:11.886 D/bt_vendor( 479): [insmod]driver: /vendor/lib/modules/w2_comm.ko
05-30 18:35:11.888 E/bt_vendor( 479): [insmod]finit_module failed! File exists
05-30 18:35:11.888 W/bt_vendor( 479): driver w2_comm is detected! count=1
05-30 18:35:11.888 D/bt_vendor( 479): [insmod]driver: /vendor/lib/modules/aml_bt.ko
05-30 18:35:11.889 E/bt_vendor( 479): [insmod]finit_module failed! File exists
05-30 18:35:11.889 W/bt_vendor( 479): driver aml_bt is detected! count=1
05-30 18:35:11.889 D/bt_vendor( 479): op for 3
05-30 18:35:11.889 I/bt_userial_vendor( 479): userial vendor open: opening /dev/ttyS1
05-30 18:35:11.890 V/WifiManager( 949): registerTrafficStateCallback: callback=com.android.systemui.statusbar.pipeline.wifi.data.repository.prod.WifiRepositoryHelper$createActivityFlow$1$callback$1@8da219f, executor=android.os.HandlerExecutor@f919a7b
05-30 18:35:11.891 E/bt_userial_vendor( 479): userial vendor open success!!
05-30 18:35:11.892 I/bt_userial_vendor( 479): device fd = 9 open
05-30 18:35:11.892 D/bt_vendor( 479): op for 1
05-30 18:35:11.892 D/bt_hwcfg( 479): hw_config_start-------------
05-30 18:35:11.892 D/bt_hwcfg( 479): hw_config_start uart-------------
05-30 18:35:11.892 E/bt_hwcfg( 479): userial vendor: set baud speed 115200
05-30 18:35:11.892 D/bt_vendor( 479): op for 7
05-30 18:35:11.892 D/bt_upio ( 479): upio_set : pio 0 action 2, polarity 1
05-30 18:35:11.892 D/bt_upio ( 479): begin open btwrite.
05-30 18:35:11.892 E/bt_upio ( 479): upio_set : open(/proc/bluetooth/sleep/btwrite) for write failed: No such file or directory (2)
05-30 18:35:11.893 I/StatusBarManagerService( 694): registerStatusBar bar=com.android.internal.statusbar.IStatusBar$Stub$Proxy@fd82456
05-30 18:35:11.894 E/bt_hwcfg( 479): userial vendor: set baud speed 4000000
05-30 18:35:11.894 D/bt_hwcfg( 479): hw_config_get_iccm_size chip(3:0:0)
05-30 18:35:11.894 D/bt_hwcfg( 479): open file: /vendor/firmware/w2_bt_fw_uart.bin
05-30 18:35:11.894 D/bt_hwcfg( 479): open file: /vendor/firmware/w2_bt_fw_uart.bin successful!
05-30 18:35:11.899 D/bt_hwcfg( 479): ---------hw_config_get_iccm_size iccm_size 524288---------
05-30 18:35:11.899 D/bt_hwcfg( 479): hw_config_get_dccm_size chip(3:0:0)
05-30 18:35:11.899 D/bt_hwcfg( 479): open file: /vendor/firmware/w2_bt_fw_uart.bin
05-30 18:35:11.899 D/bt_hwcfg( 479): open file: /vendor/firmware/w2_bt_fw_uart.bin successful!
05-30 18:35:11.899 D/bt_hwcfg( 479): ---------hw_config_get_dccm_size dccm_size 131072---------
05-30 18:35:11.899 D/bt_hwcfg( 479): uart_target_baud_rate = 4000000
05-30 18:35:11.899 D/bt_hwcfg( 479): open file: /vendor/firmware/w2_bt_fw_uart.bin
05-30 18:35:11.899 D/bt_hwcfg( 479): open file: /vendor/firmware/w2_bt_fw_uart.bin successful!
05-30 18:35:11.900 D/ConnectivityService( 694): NetReassign [no changes] [c 0] [a 0] [i 0]
05-30 18:35:11.902 D/xm_audio( 477): adev_get_parameters
05-30 18:35:11.908 D/bt_userial_vendor( 479): userial_vendor_devchar_open, device name = /dev/stpbt
05-30 18:35:11.908 D/bt_userial_vendor( 479): device fd = 13 open
05-30 18:35:11.913 D/bt_hwcfg( 479): iccm write over successfully 0x423
05-30 18:35:11.915 D/xm_audio( 477): adev_get_parameters
05-30 18:35:11.920 D/CompatibilityChangeReporter( 949): Compat change id reported: 205919743; UID 10052; state: ENABLED
05-30 18:35:11.929 D/xm_audio( 477): adev_get_parameters
05-30 18:35:11.931 D/ThemeOverlayController( 949): Start
05-30 18:35:11.936 D/xm_audio( 477): adev_get_parameters
05-30 18:35:11.937 D/StorageNotification( 949): Notifying about private volume: VolumeInfo{private}:
05-30 18:35:11.937 D/StorageNotification( 949): type=PRIVATE diskId=null partGuid=null mountFlags=0 mountUserId=-10000
05-30 18:35:11.937 D/StorageNotification( 949): state=MOUNTED
05-30 18:35:11.937 D/StorageNotification( 949): fsType=null fsUuid=null fsLabel=null
05-30 18:35:11.937 D/StorageNotification( 949): path=/data internalPath=null
05-30 18:35:11.941 D/bt_hwcfg( 479): dccm write over successfully 0x211
05-30 18:35:11.941 D/bt_hwcfg( 479): HW_CFG_AML_DOWNLOAD_FIRMWARE_CLOSE_EVENT
05-30 18:35:11.942 D/bt_hwcfg( 479): antenna number=2 sink mode=0
05-30 18:35:11.944 D/bt_hwcfg( 479): amlbt_pin_mux=0 amlbt_br_digit_gain=0x42 amlbt_edr_digit_gain=0x62
05-30 18:35:11.944 D/AudioService( 694): Restoring device volume behavior
05-30 18:35:11.944 D/AudioService( 694): Retrieving Volume Behavior for DeviceType: 8192
05-30 18:35:11.944 D/AudioService( 694): Skipping Setting Volume Behavior for DeviceType: 8192
05-30 18:35:11.944 D/AudioService( 694): Retrieving Volume Behavior for DeviceType: 512
05-30 18:35:11.944 D/AudioService( 694): Skipping Setting Volume Behavior for DeviceType: 512
05-30 18:35:11.944 D/AudioService( 694): Retrieving Volume Behavior for DeviceType: 64
05-30 18:35:11.944 D/AudioService( 694): Skipping Setting Volume Behavior for DeviceType: 64
05-30 18:35:11.944 D/AudioService( 694): Retrieving Volume Behavior for DeviceType: 128
05-30 18:35:11.944 D/AudioService( 694): Skipping Setting Volume Behavior for DeviceType: 128
05-30 18:35:11.944 D/AudioService( 694): Retrieving Volume Behavior for DeviceType: 256
05-30 18:35:11.944 D/AudioService( 694): Skipping Setting Volume Behavior for DeviceType: 256
05-30 18:35:11.944 D/AudioService( 694): Retrieving Volume Behavior for DeviceType: 1024
05-30 18:35:11.944 D/AudioService( 694): Skipping Setting Volume Behavior for DeviceType: 1024
05-30 18:35:11.944 D/AudioService( 694): Retrieving Volume Behavior for DeviceType: 2048
05-30 18:35:11.945 D/AudioService( 694): Skipping Setting Volume Behavior for DeviceType: 2048
05-30 18:35:11.945 D/AudioService( 694): Retrieving Volume Behavior for DeviceType: 4096
05-30 18:35:11.945 D/AudioService( 694): Skipping Setting Volume Behavior for DeviceType: 4096
05-30 18:35:11.945 D/AudioService( 694): Retrieving Volume Behavior for DeviceType: 16384
05-30 18:35:11.945 D/AudioService( 694): Skipping Setting Volume Behavior for DeviceType: 16384
05-30 18:35:11.945 D/AudioService( 694): Retrieving Volume Behavior for DeviceType: 32768
05-30 18:35:11.945 D/AudioService( 694): Skipping Setting Volume Behavior for DeviceType: 32768
05-30 18:35:11.945 D/AudioService( 694): Retrieving Volume Behavior for DeviceType: 4194304
05-30 18:35:11.945 D/AudioService( 694): Skipping Setting Volume Behavior for DeviceType: 4194304
05-30 18:35:11.945 D/AudioService( 694): Retrieving Volume Behavior for DeviceType: 8388608
05-30 18:35:11.945 D/AudioService( 694): Skipping Setting Volume Behavior for DeviceType: 8388608
05-30 18:35:11.945 D/AudioService( 694): Retrieving Volume Behavior for DeviceType: 16777216
05-30 18:35:11.945 D/AudioService( 694): Skipping Setting Volume Behavior for DeviceType: 16777216
05-30 18:35:11.945 D/AudioService( 694): Retrieving Volume Behavior for DeviceType: 33554432
05-30 18:35:11.945 D/AudioService( 694): Skipping Setting Volume Behavior for DeviceType: 33554432
05-30 18:35:11.945 D/AudioService( 694): Retrieving Volume Behavior for DeviceType: 67108864
05-30 18:35:11.945 D/AudioService( 694): Skipping Setting Volume Behavior for DeviceType: 67108864
05-30 18:35:11.945 D/AudioService( 694): Retrieving Volume Behavior for DeviceType: 134217728
05-30 18:35:11.945 D/AudioService( 694): Skipping Setting Volume Behavior for DeviceType: 134217728
05-30 18:35:11.945 D/AudioService( 694): Retrieving Volume Behavior for DeviceType: 268435456
05-30 18:35:11.945 D/AudioService( 694): Skipping Setting Volume Behavior for DeviceType: 268435456
05-30 18:35:11.945 D/AudioService( 694): Retrieving Volume Behavior for DeviceType: 536870912
05-30 18:35:11.945 D/AudioService( 694): Skipping Setting Volume Behavior for DeviceType: 536870912
05-30 18:35:11.945 D/AudioService( 694): Retrieving Volume Behavior for DeviceType: 1073741824
05-30 18:35:11.945 D/AudioService( 694): Skipping Setting Volume Behavior for DeviceType: 1073741824
05-30 18:35:11.945 D/AudioService( 694): Retrieving Volume Behavior for DeviceType: 1
05-30 18:35:11.945 D/AudioService( 694): Skipping Setting Volume Behavior for DeviceType: 1
05-30 18:35:11.945 D/AudioService( 694): Retrieving Volume Behavior for DeviceType: 65536
05-30 18:35:11.945 D/AudioService( 694): Skipping Setting Volume Behavior for DeviceType: 65536
05-30 18:35:11.945 D/AudioService( 694): Retrieving Volume Behavior for DeviceType: 536870913
05-30 18:35:11.945 D/AudioService( 694): Skipping Setting Volume Behavior for DeviceType: 536870913
05-30 18:35:11.945 D/AudioService( 694): Retrieving Volume Behavior for DeviceType: 2
05-30 18:35:11.945 D/bt_hwcfg( 479): amlbt_fwlog_config=1
05-30 18:35:11.945 D/AudioService( 694): Skipping Setting Volume Behavior for DeviceType: 2
05-30 18:35:11.945 D/AudioService( 694): Retrieving Volume Behavior for DeviceType: 131072
05-30 18:35:11.945 D/AudioService( 694): Skipping Setting Volume Behavior for DeviceType: 131072
05-30 18:35:11.945 D/AudioService( 694): Retrieving Volume Behavior for DeviceType: 536870914
05-30 18:35:11.945 D/AudioService( 694): Skipping Setting Volume Behavior for DeviceType: 536870914
05-30 18:35:11.945 D/AudioService( 694): Retrieving Volume Behavior for DeviceType: 4
05-30 18:35:11.945 D/AudioService( 694): Skipping Setting Volume Behavior for DeviceType: 4
05-30 18:35:11.945 D/AudioService( 694): Retrieving Volume Behavior for DeviceType: 262144
05-30 18:35:11.945 D/AudioService( 694): Skipping Setting Volume Behavior for DeviceType: 262144
05-30 18:35:11.945 D/AudioService( 694): Retrieving Volume Behavior for DeviceType: 262145
05-30 18:35:11.945 D/AudioService( 694): Skipping Setting Volume Behavior for DeviceType: 262145
05-30 18:35:11.945 D/AudioService( 694): Retrieving Volume Behavior for DeviceType: 8
05-30 18:35:11.945 D/AudioService( 694): Skipping Setting Volume Behavior for DeviceType: 8
05-30 18:35:11.945 D/AudioService( 694): Retrieving Volume Behavior for DeviceType: 524288
05-30 18:35:11.945 D/AudioService( 694): Skipping Setting Volume Behavior for DeviceType: 524288
05-30 18:35:11.945 D/AudioService( 694): Retrieving Volume Behavior for DeviceType: 16
05-30 18:35:11.945 D/AudioService( 694): Skipping Setting Volume Behavior for DeviceType: 16
05-30 18:35:11.945 D/AudioService( 694): Retrieving Volume Behavior for DeviceType: 1048576
05-30 18:35:11.945 D/AudioService( 694): Skipping Setting Volume Behavior for DeviceType: 1048576
05-30 18:35:11.945 D/AudioService( 694): Retrieving Volume Behavior for DeviceType: 32
05-30 18:35:11.945 D/AudioService( 694): Skipping Setting Volume Behavior for DeviceType: 32
05-30 18:35:11.945 D/AudioService( 694): Retrieving Volume Behavior for DeviceType: 2097152
05-30 18:35:11.946 D/AudioService( 694): Skipping Setting Volume Behavior for DeviceType: 2097152
05-30 18:35:11.946 W/Looper ( 694): Slow dispatch took 757ms main h=android.app.ActivityThread$H c=android.app.LoadedApk$ReceiverDispatcher$Args$$ExternalSyntheticLambda0@4bc0abf m=0
05-30 18:35:11.947 D/bt_hwcfg( 479): HW_CFG_AML_DOWNLOAD_FIRMWARE_STRAT_CPU_UART_BEFORE
05-30 18:35:11.948 D/bt_hwcfg( 479): 0x70000
05-30 18:35:11.948 D/bt_hwcfg( 479): HW_CFG_AML_DOWNLOAD_FIRMWARE_STRAT_CPU_UART
05-30 18:35:11.949 D/bt_hwcfg( 479): Setting local bd addr to 22:22:52:DC:B8:59
05-30 18:35:11.952 I/ExplicitHealthCheckController( 694): Explicit health check service is connected ComponentInfo{android.ext.services/android.ext.services.watchdog.ExplicitHealthCheckServiceImpl}
05-30 18:35:11.952 I/ExplicitHealthCheckController( 694): Service initialized, syncing requests
05-30 18:35:11.954 I/AutofillManagerService( 694): Updating for user 0: disabled=false
05-30 18:35:11.956 D/xm_audio( 477): adev_get_parameters
05-30 18:35:11.959 V/NotificationAssistants( 694): 0 notification assistant service connected: ComponentInfo{android.ext.services/android.ext.services.notification.Assistant}
05-30 18:35:11.960 V/MediaRouter( 694): Audio routes updated: AudioRoutesInfo{ type=HDMI }, a2dp=false
05-30 18:35:11.961 V/MediaRouter( 694): Selecting route: RouteInfo{ name=外部设备, description=null, status=null, category=RouteCategory{ name=系统 types=ROUTE_TYPE_LIVE_AUDIO ROUTE_TYPE_LIVE_VIDEO groupable=false }, supportedTypes=ROUTE_TYPE_LIVE_AUDIO ROUTE_TYPE_LIVE_VIDEO , presentationDisplay=null }
05-30 18:35:11.964 D/xm_audio( 477): adev_get_parameters
05-30 18:35:11.968 D/WifiService( 694): user restrictions changed
05-30 18:35:11.971 D/xm_audio( 477): adev_get_parameters
05-30 18:35:11.973 D/bt_hwcfg( 479): BT Controller model=aml_w2_s,version = 2025.05.28,number = 0xbf68
05-30 18:35:11.976 D/bt_hwcfg( 479): vendor lib fwcfg completed
05-30 18:35:11.976 D/bt_hwcfg( 479): vendor lib config manf data
05-30 18:35:11.977 I/vol.Events( 949): writeEvent collection_started
05-30 18:35:11.978 D/android.hardware.bluetooth@1.0-impl( 479): OnFirmwareConfigured result: 0
05-30 18:35:11.978 I/android.hardware.bluetooth@1.0-impl( 479): Firmware configured in 0.086s
05-30 18:35:11.978 I/bluetooth( 1184): packages/modules/Bluetooth/system/gd/hal/hci_hal_android_hidl.cc:107 initializationComplete: initialization complete with status: 0
05-30 18:35:11.978 I/BtGdModule( 1184): packages/modules/Bluetooth/system/gd/module.cc:99 Start: Started HciHalHidl
05-30 18:35:11.978 D/bt_vendor( 479): op for 5
05-30 18:35:11.978 I/BtGdModule( 1184): packages/modules/Bluetooth/system/gd/module.cc:85 Start: Constructing next module
05-30 18:35:11.978 I/android.hardware.bluetooth@1.0-impl( 479): OnFirmwareConfigured: lpm_timeout_ms 3000
05-30 18:35:11.978 D/bt_vendor( 479): op for 6
05-30 18:35:11.978 D/bt_upio ( 479): upio_set : pio 2 action 2, polarity 0
05-30 18:35:11.978 I/BtGdModule( 1184): packages/modules/Bluetooth/system/gd/module.cc:89 Start: Starting dependencies of Hci Layer
05-30 18:35:11.978 I/BtGdModule( 1184): packages/modules/Bluetooth/system/gd/module.cc:85 Start: Constructing next module
05-30 18:35:11.978 E/bt_upio ( 479): upio_set : open(/proc/bluetooth/sleep/lpm) for write failed: No such file or directory (2)
05-30 18:35:11.978 D/bt_hwcfg( 479): LPM enabled!!
05-30 18:35:11.978 I/BtGdModule( 1184): packages/modules/Bluetooth/system/gd/module.cc:89 Start: Starting dependencies of Storage Module
05-30 18:35:11.978 D/android.hardware.bluetooth@1.0-impl( 479): OnFirmwareConfigured Calling StartLowPowerWatchdog()
05-30 18:35:11.978 I/BtGdModule( 1184): packages/modules/Bluetooth/system/gd/module.cc:93 Start: Finished starting dependencies and calling Start() of Storage Module
05-30 18:35:11.978 E/android.hardware.bluetooth@1.0-impl( 479): bt_vendor_release_wake_lock call in
05-30 18:35:11.979 E/android.hardware.bluetooth@1.0-impl( 479): bt_vendor_release_wake_lock release lock
05-30 18:35:11.979 D/xm_audio( 477): adev_get_parameters
05-30 18:35:11.980 I/droid.bluetooth( 1184): [0530/183511.980639:INFO:btif_keystore.cc(61)] ConvertEncryptOrDecryptKeyIfNeeded callback isn't ready.
05-30 18:35:11.980 I/BtGdModule( 1184): packages/modules/Bluetooth/system/gd/module.cc:99 Start: Started Storage Module
05-30 18:35:11.980 I/BtGdModule( 1184): packages/modules/Bluetooth/system/gd/module.cc:93 Start: Finished starting dependencies and calling Start() of Hci Layer
05-30 18:35:11.982 I/BtGdModule( 1184): packages/modules/Bluetooth/system/gd/module.cc:99 Start: Started Hci Layer
05-30 18:35:11.982 I/BtGdModule( 1184): packages/modules/Bluetooth/system/gd/module.cc:85 Start: Constructing next module
05-30 18:35:11.983 I/BtGdModule( 1184): packages/modules/Bluetooth/system/gd/module.cc:89 Start: Starting dependencies of shim::Dumpsys
05-30 18:35:11.983 I/BtGdModule( 1184): packages/modules/Bluetooth/system/gd/module.cc:93 Start: Finished starting dependencies and calling Start() of shim::Dumpsys
05-30 18:35:11.983 I/BtGdModule( 1184): packages/modules/Bluetooth/system/gd/module.cc:99 Start: Started shim::Dumpsys
05-30 18:35:11.983 I/BtGdModule( 1184): packages/modules/Bluetooth/system/gd/module.cc:85 Start: Constructing next module
05-30 18:35:11.983 I/BtGdModule( 1184): packages/modules/Bluetooth/system/gd/module.cc:89 Start: Starting dependencies of Vendor Specific Event Manager
05-30 18:35:11.983 I/BtGdModule( 1184): packages/modules/Bluetooth/system/gd/module.cc:85 Start: Constructing next module
05-30 18:35:11.983 I/BtGdModule( 1184): packages/modules/Bluetooth/system/gd/module.cc:89 Start: Starting dependencies of Controller
05-30 18:35:11.983 I/BtGdModule( 1184): packages/modules/Bluetooth/system/gd/module.cc:85 Start: Constructing next module
05-30 18:35:11.983 I/BtGdModule( 1184): packages/modules/Bluetooth/system/gd/module.cc:89 Start: Starting dependencies of Sysprops Module
05-30 18:35:11.983 I/BtGdModule( 1184): packages/modules/Bluetooth/system/gd/module.cc:93 Start: Finished starting dependencies and calling Start() of Sysprops Module
05-30 18:35:11.983 I/BtGdModule( 1184): packages/modules/Bluetooth/system/gd/module.cc:99 Start: Started Sysprops Module
05-30 18:35:11.983 I/BtGdModule( 1184): packages/modules/Bluetooth/system/gd/module.cc:93 Start: Finished starting dependencies and calling Start() of Controller
05-30 18:35:11.994 D/xm_audio( 477): adev_get_parameters
05-30 18:35:11.999 D/vol.VolumeDialogImpl( 949): initDialog: called!
05-30 18:35:12.001 D/xm_audio( 477): adev_get_parameters
05-30 18:35:12.011 D/xm_audio( 477): adev_get_parameters
05-30 18:35:12.017 D/BootAnimation( 250): Playing files = /product/media/bootanimation.zip/part-2, Requested repeat = 0, playUntilComplete = false
05-30 18:35:12.017 D/xm_audio( 477): adev_get_parameters
05-30 18:35:12.028 D/xm_audio( 477): adev_get_parameters
05-30 18:35:12.037 D/xm_audio( 477): adev_get_parameters
05-30 18:35:12.047 D/xm_audio( 477): adev_get_parameters
05-30 18:35:12.050 I/vol.Events( 949): writeEvent level_changed STREAM_VOICE_CALL 100
05-30 18:35:12.050 I/PackageWatchdog( 694): Syncing health check requests for packages: {}
05-30 18:35:12.050 D/ExplicitHealthCheckController( 694): Getting health check supported packages
05-30 18:35:12.053 V/BluetoothManagerService( 694): Searching package com.android.bluetooth
05-30 18:35:12.053 V/BluetoothManagerService( 694): Checking activity com.android.bluetooth.BluetoothPrefs
05-30 18:35:12.054 V/BluetoothManagerService( 694): Checking activity com.android.bluetooth.map.BluetoothMapSettings
05-30 18:35:12.054 V/BluetoothManagerService( 694): Checking activity com.android.bluetooth.opp.BluetoothOppLauncherActivity
05-30 18:35:12.054 D/WifiP2pService( 694): user restrictions changed
05-30 18:35:12.055 W/Looper ( 694): Drained
05-30 18:35:12.056 I/ExplicitHealthCheckController( 694): Explicit health check supported packages [PackageConfig{com.android.networkstack, 86400000}]
05-30 18:35:12.056 D/PackageWatchdog( 694): Received supported packages [PackageConfig{com.android.networkstack, 86400000}]
05-30 18:35:12.056 D/ExplicitHealthCheckController( 694): Getting health check requested packages
05-30 18:35:12.057 I/ExplicitHealthCheckController( 694): Explicit health check requested packages []
05-30 18:35:12.057 I/vol.Events( 949): writeEvent level_changed STREAM_SYSTEM 100
05-30 18:35:12.057 I/ExplicitHealthCheckController( 694): No more health check requests, unbinding...
05-30 18:35:12.058 I/ExplicitHealthCheckController( 694): Explicit health check service is unbound
05-30 18:35:12.059 I/vol.Events( 949): writeEvent level_changed STREAM_RING 100
05-30 18:35:12.060 I/vol.Events( 949): writeEvent level_changed STREAM_MUSIC 20
05-30 18:35:12.061 I/vol.Events( 949): writeEvent level_changed STREAM_ALARM 100
05-30 18:35:12.063 I/vol.Events( 949): writeEvent level_changed STREAM_BLUETOOTH_SCO 7
05-30 18:35:12.066 D/AudioService( 694): Volume controller: VolumeController(android.os.BinderProxy@c8bcdd9,mVisible=false)
05-30 18:35:12.068 I/vol.Events( 949): writeEvent external_ringer_mode_changed unknown
05-30 18:35:12.069 I/vol.Events( 949): writeEvent zen_mode_config_changed [disallowAlarms=false disallowMedia=false disallowSystem=true disallowRinger=false]
05-30 18:35:12.103 W/AudioManager( 949): attempt to call registerAudioRecordingCallback() on a previouslyregistered callback
05-30 18:35:12.107 D/QSTileHost( 949): Loaded tile specs from setting: internet,bt,dnd,alarm,airplane,cast,screenrecord,mictoggle,cameratoggle
05-30 18:35:12.107 D/QSTileHost( 949): Recreating tiles: [internet, bt, dnd, alarm, airplane, cast, screenrecord, mictoggle, cameratoggle]
05-30 18:35:12.108 D/QSTileHost( 949): Creating tile: internet
05-30 18:35:12.117 D/QSTileHost( 949): Creating tile: bt
05-30 18:35:12.121 D/QSTileHost( 949): Creating tile: dnd
05-30 18:35:12.122 D/QSTileHost( 949): Creating tile: alarm
05-30 18:35:12.124 D/QSTileHost( 949): Creating tile: airplane
05-30 18:35:12.125 D/QSTileHost( 949): Creating tile: cast
05-30 18:35:12.127 D/QSTileHost( 949): Creating tile: screenrecord
05-30 18:35:12.129 D/QSTileHost( 949): Creating tile: mictoggle
05-30 18:35:12.130 D/QSTileHost( 949): Creating tile: cameratoggle
05-30 18:35:12.138 V/WifiManager( 949): registerSoftApCallback: callback=com.android.systemui.statusbar.policy.HotspotControllerImpl@f0eff79, executor=android.os.HandlerExecutor@bcfd4be
05-30 18:35:12.140 V/WifiManager( 949): SoftApCallbackProxy on mode 1, send InfoChanged, newInfo: SoftApInfo{bandwidth= 0, frequency= 0, wifiStandard= 0, mApInstanceIdentifier= null, mIdleShutdownTimeoutMillis= 0}
05-30 18:35:12.140 V/WifiManager( 949): SoftApCallbackProxy on mode 1, send InfoChanged, changedInfoList: []
05-30 18:35:12.140 V/WifiManager( 949): SoftApCallbackProxy on mode 1, send onConnectedClientsChanged(clients): []
05-30 18:35:12.141 I/WalletControllerImpl( 949): Setting WalletTile position: null
05-30 18:35:12.154 V/MediaRouter( 949): Audio routes updated: AudioRoutesInfo{ type=HDMI }, a2dp=false
05-30 18:35:12.154 V/MediaRouter( 949): Selecting route: RouteInfo{ name=外部设备, description=null, status=null, category=RouteCategory{ name=系统 types=ROUTE_TYPE_LIVE_AUDIO ROUTE_TYPE_LIVE_VIDEO groupable=false }, supportedTypes=ROUTE_TYPE_LIVE_AUDIO ROUTE_TYPE_LIVE_VIDEO , presentationDisplay=null }
05-30 18:35:12.160 D/ThemeOverlayController( 949): Boot colors: [WallpaperColors: ff000000 h: 6]
05-30 18:35:12.161 D/ConnectivityService( 694): NetReassign [no changes] [c 0] [a 0] [i 0]
05-30 18:35:12.162 I/bluetooth( 1184): packages/modules/Bluetooth/system/gd/hci/controller.cc:412 read_default_erroneous_data_reporting_handler: erroneous data reporting: 0
05-30 18:35:12.162 D/ConnectivityService( 694): requestNetwork for uid/pid:10052/949 activeRequest: null callbackRequest: 30 [NetworkRequest [ REQUEST id=31, [ Capabilities: INTERNET&NOT_RESTRICTED&TRUSTED&NOT_VCN_MANAGED Uid: 10052 RequestorUid: 10052 RequestorPkg: com.android.systemui UnderlyingNetworks: Null] ]] callback flags: 1 order: 2147483647
05-30 18:35:12.163 D/ConnectivityService( 694): NetReassign [no changes] [c 0] [a 0] [i 0]
05-30 18:35:12.164 E/bluetooth( 1184): packages/modules/Bluetooth/system/gd/hci/controller.cc:574 le_get_vendor_capabilities_handler: invalid data for hci requirements v0.96
05-30 18:35:12.167 I/BtGdModule( 1184): packages/modules/Bluetooth/system/gd/module.cc:99 Start: Started Controller
05-30 18:35:12.167 I/BtGdModule( 1184): packages/modules/Bluetooth/system/gd/module.cc:93 Start: Finished starting dependencies and calling Start() of Vendor Specific Event Manager
05-30 18:35:12.167 I/BtGdModule( 1184): packages/modules/Bluetooth/system/gd/module.cc:99 Start: Started Vendor Specific Event Manager
05-30 18:35:12.167 I/BtGdModule( 1184): packages/modules/Bluetooth/system/gd/module.cc:85 Start: Constructing next module
05-30 18:35:12.167 I/BtGdModule( 1184): packages/modules/Bluetooth/system/gd/module.cc:89 Start: Starting dependencies of AclSchedulerModule
05-30 18:35:12.167 I/BtGdModule( 1184): packages/modules/Bluetooth/system/gd/module.cc:93 Start: Finished starting dependencies and calling Start() of AclSchedulerModule
05-30 18:35:12.167 I/BtGdModule( 1184): packages/modules/Bluetooth/system/gd/module.cc:99 Start: Started AclSchedulerModule
05-30 18:35:12.167 I/BtGdModule( 1184): packages/modules/Bluetooth/system/gd/module.cc:85 Start: Constructing next module
05-30 18:35:12.167 I/BtGdModule( 1184): packages/modules/Bluetooth/system/gd/module.cc:89 Start: Starting dependencies of Acl Manager
05-30 18:35:12.167 I/BtGdModule( 1184): packages/modules/Bluetooth/system/gd/module.cc:93 Start: Finished starting dependencies and calling Start() of Acl Manager
05-30 18:35:12.167 I/BtGdModule( 1184): packages/modules/Bluetooth/system/gd/module.cc:99 Start: Started Acl Manager
05-30 18:35:12.167 I/BtGdModule( 1184): packages/modules/Bluetooth/system/gd/module.cc:85 Start: Constructing next module
05-30 18:35:12.167 I/BtGdModule( 1184): packages/modules/Bluetooth/system/gd/module.cc:89 Start: Starting dependencies of Le Advertising Manager
05-30 18:35:12.167 I/BtGdModule( 1184): packages/modules/Bluetooth/system/gd/module.cc:93 Start: Finished starting dependencies and calling Start() of Le Advertising Manager
05-30 18:35:12.168 I/bluetooth( 1184): packages/modules/Bluetooth/system/gd/hci/le_advertising_manager.cc:177 get_tx_path_loss_compensation: Tx path loss compensation: 0
05-30 18:35:12.168 I/BtGdModule( 1184): packages/modules/Bluetooth/system/gd/module.cc:99 Start: Started Le Advertising Manager
05-30 18:35:12.168 I/BtGdModule( 1184): packages/modules/Bluetooth/system/gd/module.cc:85 Start: Constructing next module
05-30 18:35:12.168 I/bluetooth( 1184): packages/modules/Bluetooth/system/gd/hci/msft.cc:305 MsftExtensionManager: MsftExtensionManager()
05-30 18:35:12.168 I/BtGdModule( 1184): packages/modules/Bluetooth/system/gd/module.cc:89 Start: Starting dependencies of Microsoft Extension Manager
05-30 18:35:12.168 I/BtGdModule( 1184): packages/modules/Bluetooth/system/gd/module.cc:93 Start: Finished starting dependencies and calling Start() of Microsoft Extension Manager
05-30 18:35:12.168 I/bluetooth( 1184): packages/modules/Bluetooth/system/gd/hci/msft.cc:51 start: MsftExtensionManager start()
05-30 18:35:12.168 I/bluetooth( 1184): packages/modules/Bluetooth/system/gd/hci/msft.cc:63 start: MSFT extension is not supported.
05-30 18:35:12.168 I/BtGdModule( 1184): packages/modules/Bluetooth/system/gd/module.cc:99 Start: Started Microsoft Extension Manager
05-30 18:35:12.168 I/BtGdModule( 1184): packages/modules/Bluetooth/system/gd/module.cc:85 Start: Constructing next module
05-30 18:35:12.169 I/BtGdModule( 1184): packages/modules/Bluetooth/system/gd/module.cc:89 Start: Starting dependencies of Le Scanning Manager
05-30 18:35:12.169 I/BtGdModule( 1184): packages/modules/Bluetooth/system/gd/module.cc:93 Start: Finished starting dependencies and calling Start() of Le Scanning Manager
05-30 18:35:12.169 I/bluetooth( 1184): packages/modules/Bluetooth/system/gd/hci/le_scanning_manager.cc:304 get_rx_path_loss_compensation: Rx path loss compensation: 0
05-30 18:35:12.169 I/BtGdModule( 1184): packages/modules/Bluetooth/system/gd/module.cc:99 Start: Started Le Scanning Manager
05-30 18:35:12.169 I/BtGdModule( 1184): packages/modules/Bluetooth/system/gd/module.cc:85 Start: Constructing next module
05-30 18:35:12.177 W/ScanResultUtil( 694): Empty or null ScanResult list
05-30 18:35:12.177 W/WifiService( 694): Attempt to retrieve WifiConfiguration with invalid scanResult List
05-30 18:35:12.184 W/ScanResultUtil( 694): Empty or null ScanResult list
05-30 18:35:12.184 W/WifiService( 694): Attempt to retrieve WifiConfiguration with invalid scanResult List
05-30 18:35:12.184 W/ScanResultUtil( 694): Empty or null ScanResult list
05-30 18:35:12.184 E/WifiService( 694): Attempt to retrieve passpoint with invalid scanResult List
05-30 18:35:12.185 W/ScanResultUtil( 694): Empty or null ScanResult list
05-30 18:35:12.185 W/WifiService( 694): Attempt to retrieve OsuProviders with invalid scanResult List
05-30 18:35:12.191 D/ThemeOverlayController( 949): fetched overlays. accent: android.content.om.FabricatedOverlay@cf262b neutral: android.content.om.FabricatedOverlay@6168a88 dynamic: android.content.om.FabricatedOverlay@2fe9c21
05-30 18:35:12.191 I/BtGdModule( 1184): packages/modules/Bluetooth/system/gd/module.cc:89 Start: Starting dependencies of Distance Measurement Manager
05-30 18:35:12.191 I/BtGdModule( 1184): packages/modules/Bluetooth/system/gd/module.cc:93 Start: Finished starting dependencies and calling Start() of Distance Measurement Manager
05-30 18:35:12.191 D/ThemeOverlayController( 949): updateThemeOverlays. Setting: null
05-30 18:35:12.191 I/BtGdModule( 1184): packages/modules/Bluetooth/system/gd/module.cc:99 Start: Started Distance Measurement Manager
05-30 18:35:12.192 I/bluetooth( 1184): packages/modules/Bluetooth/system/gd/stack_manager.cc:52 StartUp: init_status == 0
05-30 18:35:12.192 I/bluetooth( 1184): packages/modules/Bluetooth/system/gd/stack_manager.cc:59 StartUp: init complete
05-30 18:35:12.192 I/bt_gd_shim( 1184): packages/modules/Bluetooth/system/main/shim/stack.cc:168 Start: Start Successfully toggled Gd stack
05-30 18:35:12.192 I/bt_shim_scanner( 1184): packages/modules/Bluetooth/system/main/shim/le_scanning_manager.cc:144 Init: init BleScannerInterfaceImpl
05-30 18:35:12.192 I/bt_core_module( 1184): packages/modules/Bluetooth/system/btcore/src/module.cc:91 module_start_up: module_start_up Started module "gd_shim_module"
05-30 18:35:12.192 I/bt_btif_core( 1184): packages/modules/Bluetooth/system/btif/src/btif_core.cc:228 btif_init_bluetooth: btif_init_bluetooth entered
05-30 18:35:12.193 I/droid.bluetooth( 1184): [0530/183512.193047:INFO:message_loop_thread.cc(184)] Run: message loop starting for thread bt_jni_thread
05-30 18:35:12.193 I/bt_btif_core( 1184): packages/modules/Bluetooth/system/btif/src/btif_core.cc:232 btif_init_bluetooth: btif_init_bluetooth finished
05-30 18:35:12.196 D/ThemeOverlayController( 949): Skipping overlay creation. Theme was already: ColorScheme {
05-30 18:35:12.196 D/ThemeOverlayController( 949): seed color: H269 C70 T49 = #1B6EF3
05-30 18:35:12.196 D/ThemeOverlayController( 949): style: TONAL_SPOT
05-30 18:35:12.196 D/ThemeOverlayController( 949): palettes:
05-30 18:35:12.196 D/ThemeOverlayController( 949): PRIMARY
05-30 18:35:12.196 D/ThemeOverlayController( 949): H275 C4 T99 = #FEFBFF
05-30 18:35:12.196 D/ThemeOverlayController( 949): H270 C11 T95 = #EEF0FF
05-30 18:35:12.196 D/ThemeOverlayController( 949): H268 C19 T90 = #D9E2FF
05-30 18:35:12.196 D/ThemeOverlayController( 949): H268 C35 T80 = #B0C6FF
05-30 18:35:12.196 D/ThemeOverlayController( 949): H269 C36 T70 = #94AAE4
05-30 18:35:12.196 D/ThemeOverlayController( 949): H269 C36 T60 = #7A90C8
05-30 18:35:12.196 D/ThemeOverlayController( 949): H269 C36 T50 = #5F75AB
05-30 18:35:12.196 D/ThemeOverlayController( 949): H269 C36 T40 = #475D92
05-30 18:35:12.196 D/ThemeOverlayController( 949): H269 C36 T30 = #2F4578
05-30 18:35:12.196 D/ThemeOverlayController( 949): H269 C36 T20 = #152E60
05-30 18:35:12.196 D/ThemeOverlayController( 949): H269 C33 T10 = #001945
05-30 18:35:12.196 D/ThemeOverlayController( 949): H0 C0 T0 = #000000
05-30 18:35:12.196 D/ThemeOverlayController( 949): SECONDARY
05-30 18:35:12.196 D/ThemeOverlayController( 949): H275 C4 T99 = #FEFBFF
05-30 18:35:12.196 D/ThemeOverlayController( 949): H270 C11 T95 = #EEF0FF
05-30 18:35:12.196 D/ThemeOverlayController( 949): H269 C16 T90 = #DCE2F9
05-30 18:35:12.196 D/ThemeOverlayController( 949): H269 C16 T80 = #C0C6DC
05-30 18:35:12.196 D/ThemeOverlayController( 949): H268 C16 T70 = #A4ABC1
05-30 18:35:12.196 D/ThemeOverlayController( 949): H270 C16 T60 = #8A90A5
05-30 18:35:12.196 D/ThemeOverlayController( 949): H268 C16 T50 = #6F768A
05-30 18:35:12.196 D/ThemeOverlayController( 949): H268 C16 T40 = #575E71
05-30 18:35:12.196 D/ThemeOverlayController( 949): H271 C16 T30 = #404659
05-30 18:35:12.196 D/ThemeOverlayController( 949): H271 C16 T20 = #2A3042
05-30 18:35:12.196 D/ThemeOverlayController( 949): H271 C16 T10 = #151B2C
05-30 18:35:12.196 D/ThemeOverlayController( 949): H0 C0 T0 = #000000
05-30 18:35:12.196 D/ThemeOverlayController( 949): TERTIARY
05-30 18:35:12.196 D/ThemeOverlayController( 949): H285 C3 T99 = #FFFBFF
05-30 18:35:12.196 D/ThemeOverlayController( 949): H330 C12 T95 = #FFEBFA
05-30 18:35:12.196 D/ThemeOverlayController( 949): H329 C24 T90 = #FDD7FA
05-30 18:35:12.196 D/ThemeOverlayController( 949): H329 C24 T80 = #E0BBDD
05-30 18:35:12.196 D/ThemeOverlayController( 949): H329 C24 T70 = #C3A0C1
05-30 18:35:12.196 D/ThemeOverlayController( 949): H330 C24 T60 = #A886A6
05-30 18:35:12.196 D/ThemeOverlayController( 949): H328 C24 T50 = #8B6C8B
05-30 18:35:12.196 D/ThemeOverlayController( 949): H329 C24 T40 = #725572
05-30 18:35:12.196 D/ThemeOverlayController( 949): H329 C24 T30 = #593D59
05-30 18:35:12.196 D/ThemeOverlayController( 949): H329 C24 T20 = #412742
05-30 18:35:12.196 D/ThemeOverlayController( 949): H329 C24 T10 = #2A122C
05-30 18:35:12.196 D/ThemeOverlayController( 949): H0 C0 T0 = #000000
05-30 18:35:12.196 D/ThemeOverlayController( 949): NEUTRAL
05-30 18:35:12.196 D/ThemeOverlayController( 949): H275 C4 T99 = #FEFBFF
05-30 18:35:12.196 D/ThemeOverlayController( 949): H269 C6 T95 = #F1F0F7
05-30 18:35:12.196 D/ThemeOverlayController( 949): H265 C6 T90 = #E2E2E9
05-30 18:35:12.196 D/ThemeOverlayController( 949): H267 C6 T80 = #C6C6CD
05-30 18:35:12.196 D/ThemeOverlayController( 949): H267 C5 T70 = #ABABB1
05-30 18:35:12.196 D/ThemeOverlayController( 949): H272 C6 T60 = #909097
05-30 18:35:12.196 D/ThemeOverlayController( 949): H265 C6 T50 = #75767C
05-30 18:35:12.196 D/ThemeOverlayController( 949): H268 C6 T40 = #5D5E64
05-30 18:35:12.196 D/ThemeOverlayController( 949): H270 C6 T30 = #45464C
05-30 18:35:12.196 D/ThemeOverlayController( 949): H273 C6 T20 = #2F3036
05-30 18:35:12.196 D/ThemeOverlayController( 949): H273 C6 T10 = #1A1B20
05-30 18:35:12.196 D/ThemeOverlayController( 949): H0 C0 T0 = #000000
05-30 18:35:12.196 D/ThemeOverlayController( 949): NEUTRAL VARIANT
05-30 18:35:12.196 D/ThemeOverlayController( 949): H275 C4 T99 = #FEFBFF
05-30 18:35:12.196 D/ThemeOverlayController( 949): H270 C8 T95 = #F0F0FA
05-30 18:35:12.196 D/ThemeOverlayController( 949): H267 C8 T90 = #E1E2EC
05-30 18:35:12.196 D/ThemeOverlayController( 949): H268 C8 T80 = #C5C6D0
05-30 18:35:12.196 D/ThemeOverlayController( 949): H264 C8 T70 = #A9ABB4
05-30 18:35:12.196 D/ThemeOverlayController( 949): H270 C8 T60 = #8F9099
05-30 18:35:12.196 D/ThemeOverlayController( 949): H268 C8 T50 = #74767F
05-30 18:35:12.196 D/ThemeOverlayController( 949): H269 C8 T40 = #5C5E67
05-30 18:35:12.196 D/ThemeOverlayController( 949): H271 C9 T30 = #44464F
05-30 18:35:12.196 D/ThemeOverlayController( 949): H271 C8 T20 = #2E3038
05-30 18:35:12.196 D/ThemeOverlayController( 949): H273 C9 T10 = #191B23
05-30 18:35:12.196 D/ThemeOverlayController( 949): H0 C0 T0 = #000000
05-30 18:35:12.196 D/ThemeOverlayController( 949): }
05-30 18:35:12.197 D/ThemeOverlayController( 949): ThemeHomeDelay: ThemeOverlayController ready
05-30 18:35:12.200 D/CompatibilityChangeReporter( 694): Compat change id reported: 265464455; UID 1000; state: DISABLED
05-30 18:35:12.200 D/CompatibilityChangeReporter( 694): Compat change id reported: 265452344; UID 1000; state: DISABLED
05-30 18:35:12.200 D/CompatibilityChangeReporter( 694): Compat change id reported: 266124927; UID 1000; state: DISABLED
05-30 18:35:12.200 D/CompatibilityChangeReporter( 694): Compat change id reported: 265451093; UID 1000; state: DISABLED
05-30 18:35:12.200 D/CompatibilityChangeReporter( 694): Compat change id reported: 265456536; UID 1000; state: DISABLED
05-30 18:35:12.201 D/CompatibilityChangeReporter( 694): Compat change id reported: 255940284; UID 1000; state: DISABLED
05-30 18:35:12.201 D/CompatibilityChangeReporter( 694): Compat change id reported: 236283604; UID 1000; state: DISABLED
05-30 18:35:12.201 D/CompatibilityChangeReporter( 694): Compat change id reported: 263959004; UID 1000; state: DISABLED
05-30 18:35:12.201 D/CompatibilityChangeReporter( 694): Compat change id reported: 264304459; UID 1000; state: DISABLED
05-30 18:35:12.201 D/CompatibilityChangeReporter( 694): Compat change id reported: 264301586; UID 1000; state: DISABLED
05-30 18:35:12.201 D/CompatibilityChangeReporter( 694): Compat change id reported: 254631730; UID 1000; state: DISABLED
05-30 18:35:12.201 D/CompatibilityChangeReporter( 694): Compat change id reported: 273509367; UID 1000; state: DISABLED
05-30 18:35:12.201 D/CompatibilityChangeReporter( 694): Compat change id reported: 263259275; UID 1000; state: DISABLED
05-30 18:35:12.202 D/CompatibilityChangeReporter( 694): Compat change id reported: 174042980; UID 1000; state: DISABLED
05-30 18:35:12.202 D/CompatibilityChangeReporter( 694): Compat change id reported: 174042936; UID 1000; state: DISABLED
05-30 18:35:12.202 D/CompatibilityChangeReporter( 694): Compat change id reported: 181136395; UID 1000; state: DISABLED
05-30 18:35:12.202 W/bt_device_interop( 1184): packages/modules/Bluetooth/system/device/src/interop.cc:1676 interop_database_save_allowlisted_media_players_list: found feature - INTEROP_BROWSE_PLAYER_ALLOW_LIST
05-30 18:35:12.203 I/bt_stack_config( 1184): packages/modules/Bluetooth/system/main/stack_config.cc:72 init: init attempt to load stack conf from /apex/com.android.btservices/etc/bluetooth/bt_stack.conf
05-30 18:35:12.204 I/bt_stack_manager( 1184): packages/modules/Bluetooth/system/btif/src/stack_manager.cc:285 event_init_stack: finished
05-30 18:35:12.205 I/bt_osi_wakelock( 1184): packages/modules/Bluetooth/system/osi/src/wakelock.cc:99 wakelock_set_os_callouts: wakelock_set_os_callouts set to non-native
05-30 18:35:12.205 I/bt_btif ( 1184): packages/modules/Bluetooth/system/btif/src/bluetooth.cc:829 get_profile_interface: get_profile_interface: id = socket
05-30 18:35:12.205 E/bt_btif_storage( 1184): packages/modules/Bluetooth/system/btif/src/btif_storage.cc:622 btif_storage_get_adapter_property: btif_storage_get_adapter_property: Controller not ready! Unable to return Bluetooth Address
05-30 18:35:12.209 E/BluetoothServiceJni( 1184): adapter_properties_callback: Status 1 is incorrect
05-30 18:35:12.200 I/bt_main_thread( 1184): type=1400 audit(0.0:694): avc: denied { open } for path="/dev/__properties__/u:object_r:vendor_default_prop:s0" dev="tmpfs" ino=377 scontext=u:r:bluetooth:s0 tcontext=u:object_r:vendor_default_prop:s0 tclass=file permissive=1
05-30 18:35:12.211 D/BluetoothKeystoreService( 1184): initJni()
05-30 18:35:12.211 I/bt_btif ( 1184): packages/modules/Bluetooth/system/btif/src/bluetooth.cc:829 get_profile_interface: get_profile_interface: id = bluetooth_keystore
05-30 18:35:12.211 I/droid.bluetooth( 1184): [0530/183512.211736:INFO:com_android_bluetooth_BluetoothQualityReport.cpp(88)] classInitNative: succeeds
05-30 18:35:12.211 I/bt_btif ( 1184): packages/modules/Bluetooth/system/btif/src/bluetooth.cc:829 get_profile_interface: get_profile_interface: id = bqr
05-30 18:35:12.211 I/bluetooth( 1184): packages/modules/Bluetooth/system/btif/src/btif_bqr.cc:739 init: BluetoothQualityReportInterfaceImpl
05-30 18:35:12.212 I/bt_btif ( 1184): packages/modules/Bluetooth/system/btif/src/bluetooth.cc:829 get_profile_interface: get_profile_interface: id = sdp
05-30 18:35:12.213 D/AdapterProperties( 1184): Name is: DBBOX-A3 62b6
05-30 18:35:12.213 I/bluetooth( 1184): packages/modules/Bluetooth/system/gd/storage/config_cache.cc:289 ConvertEncryptOrDecryptKeyIfNeeded: ConvertEncryptOrDecryptKeyIfNeeded
05-30 18:35:12.200 I/bt_main_thread( 1184): type=1400 audit(0.0:695): avc: denied { getattr } for path="/dev/__properties__/u:object_r:vendor_default_prop:s0" dev="tmpfs" ino=377 scontext=u:r:bluetooth:s0 tcontext=u:object_r:vendor_default_prop:s0 tclass=file permissive=1
05-30 18:35:12.215 I/BluetoothAdapterService( 1184): loadLeAudioAllowDevices
05-30 18:35:12.215 I/BluetoothAdapterService( 1184): LE Audio allow list is disabled.
05-30 18:35:12.217 D/BluetoothManagerService( 694): Bluetooth Adapter name changed to DBBOX-A3 62b6 by android
05-30 18:35:12.217 D/BluetoothManagerService( 694): Stored Bluetooth name: DBBOX-A3 62b6
05-30 18:35:12.200 I/bt_main_thread( 1184): type=1400 audit(0.0:696): avc: denied { map } for path="/dev/__properties__/u:object_r:vendor_default_prop:s0" dev="tmpfs" ino=377 scontext=u:r:bluetooth:s0 tcontext=u:object_r:vendor_default_prop:s0 tclass=file permissive=1
05-30 18:35:12.221 D/BluetoothDatabase( 1184): start()
05-30 18:35:12.223 D/BluetoothDatabase( 1184): Load Database
05-30 18:35:12.225 I/BluetoothAdapterService( 1184): Phone policy enabled
05-30 18:35:12.227 D/ActiveDeviceManager( 1184): start()
05-30 18:35:12.251 D/ActiveDeviceManager( 1184): onAudioDevicesAdded
05-30 18:35:12.251 D/ActiveDeviceManager( 1184): Audio device added: DBBOX-A3 type: 2
05-30 18:35:12.251 D/ActiveDeviceManager( 1184): Audio device added: DBBOX-A3 type: 9
05-30 18:35:12.251 D/ActiveDeviceManager( 1184): Audio device added: DBBOX-A3 type: 14
05-30 18:35:12.251 D/ActiveDeviceManager( 1184): Audio device added: DBBOX-A3 type: 15
05-30 18:35:12.251 D/ActiveDeviceManager( 1184): Audio device added: DBBOX-A3 type: 25
05-30 18:35:12.251 D/ActiveDeviceManager( 1184): Audio device added: DBBOX-A3 type: 17
05-30 18:35:12.251 D/ActiveDeviceManager( 1184): Audio device added: DBBOX-A3 type: 28
05-30 18:35:12.253 I/droid.bluetooth( 1184): [0530/183512.253168:INFO:com_android_bluetooth_btservice_ActivityAttribution.cpp(96)] classInitNative: succeeds
05-30 18:35:12.253 D/BluetoothAdapterService( 1184): setAdapterService() - trying to set service to com.android.bluetooth.btservice.AdapterService@d54974f
05-30 18:35:12.257 D/CompatibilityChangeReporter( 694): Compat change id reported: 194480991; UID 1000; state: ENABLED
05-30 18:35:12.261 D/BluetoothAdapterService( 1184): onBind()
05-30 18:35:12.261 D/BluetoothManagerService( 694): BluetoothServiceConnection: com.android.bluetooth.btservice.AdapterService
05-30 18:35:12.262 D/BluetoothManagerService( 694): MESSAGE_BLUETOOTH_SERVICE_CONNECTED: 1
05-30 18:35:12.265 D/BluetoothDatabase( 1184): compactLastConnectionTime: Compacting metadata after load
05-30 18:35:12.265 I/BluetoothDatabase( 1184): cacheMetadata
05-30 18:35:12.265 V/BluetoothDatabase( 1184): cacheMetadata: found device null
05-30 18:35:12.265 V/BluetoothDatabase( 1184): cacheMetadata: found device XX:XX:XX:XX:C0:53
05-30 18:35:12.265 I/BluetoothDatabase( 1184): cacheMetadata: Database is ready
05-30 18:35:12.268 E/CellBroadcastUtils( 694): getDefaultCellBroadcastReceiverPackageName: no package found
05-30 18:35:12.269 D/BluetoothManagerService( 694): Broadcasting onBluetoothServiceUp() to 3 receivers.
05-30 18:35:12.270 D/BluetoothAdapter( 1184): onBluetoothServiceUp: com.android.bluetooth.btservice.AdapterService$AdapterServiceBinder@d94adca
05-30 18:35:12.270 D/BluetoothAdapter( 694): onBluetoothServiceUp: android.bluetooth.IBluetooth$Stub$Proxy@cfc04d1
05-30 18:35:12.270 D/BluetoothAdapter( 949): onBluetoothServiceUp: android.bluetooth.IBluetooth$Stub$Proxy@c80b846
05-30 18:35:12.272 D/CompatibilityChangeReporter( 694): Compat change id reported: 197654537; UID 1000; state: ENABLED
05-30 18:35:12.274 D/BluetoothAdapterService( 1184): enable() - Enable called with quiet mode status = false
05-30 18:35:12.275 I/AdapterState( 1184): BLE_TURNING_ON : entered
05-30 18:35:12.275 D/AdapterProperties( 1184): Setting state to BLE_TURNING_ON
05-30 18:35:12.276 I/ActivityTaskManager( 694): START u0 {act=android.intent.action.MAIN cat=[android.intent.category.HOME] flg=0x10000100 cmp=com.android.tv.settings/.system.FallbackHome (has extras)} with LAUNCH_MULTIPLE from uid 0 (BAL_ALLOW_ALLOWLISTED_UID) result code=0
05-30 18:35:12.276 D/BluetoothAdapterService( 1184): updateAdapterState() - Broadcasting state BLE_TURNING_ON to 1 receivers.
05-30 18:35:12.277 D/BluetoothManagerService( 694): MESSAGE_BLUETOOTH_STATE_CHANGE: OFF > BLE_TURNING_ON
05-30 18:35:12.277 D/BluetoothManagerService( 694): Sending BLE State Change: OFF > BLE_TURNING_ON
05-30 18:35:12.277 W/BroadcastLoopers( 694): Found previously unknown looper Thread[BluetoothManagerService,5,main]
05-30 18:35:12.280 I/ActivityManager( 694): com.android.tv.settings is exempt from freezer
05-30 18:35:12.280 D/CompatibilityChangeReporter( 694): Compat change id reported: 135634846; UID 1000; state: DISABLED
05-30 18:35:12.288 D/SystemServerTiming( 694): getUserSwitchability-0
05-30 18:35:12.288 D/SystemServerTiming( 694): TM.isInCall
05-30 18:35:12.291 D/SystemServerTiming( 694): hasUserRestriction-DISALLOW_USER_SWITCH
05-30 18:35:12.291 D/SystemServerTiming( 694): getInt-ALLOW_USER_SWITCHING_WHEN_SYSTEM_USER_LOCKED
05-30 18:35:12.291 D/SystemServerTiming( 694): isUserUnlocked-USER_SYSTEM
05-30 18:35:12.297 D/Zygote ( 465): Forked child process 1315
05-30 18:35:12.299 D/AdapterState( 1184): Start Timeout Delay: 4000
05-30 18:35:12.299 D/BluetoothAdapterService( 1184): bleOnProcessStart()
05-30 18:35:12.299 I/ActivityManager( 694): Start proc 1315:com.android.tv.settings/1000 for top-activity {com.android.tv.settings/com.android.tv.settings.system.FallbackHome}
05-30 18:35:12.299 I/AdapterProperties( 1184): init(), maxConnectedAudioDevices, default=5, propertyOverlayed=5, finalValue=5
05-30 18:35:12.305 I/Zygote ( 1315): seccomp disabled by setenforce 0
05-30 18:35:12.312 D/BluetoothAdapterService( 1184): bleOnProcessStart() - Make Bond State Machine
05-30 18:35:12.313 D/BluetoothBondStateMachine( 1184): make
05-30 18:35:12.317 I/oid.tv.settings( 1315): Using CollectorTypeCC GC.
05-30 18:35:12.320 I/BluetoothBondStateMachine( 1184): StableState(): Entering Off State
05-30 18:35:12.323 D/QSTileHost( 949): Saving tiles: [internet, bt, dnd, alarm, airplane, cast, screenrecord, mictoggle, cameratoggle, custom(com.android.permissioncontroller/.permission.service.v33.SafetyCenterQsTileService)] for user: 0
05-30 18:35:12.320 I/rainbow_flow( 593): type=1400 audit(0.0:697): avc: denied { ioctl } for path="/dev/spidev1.0" dev="tmpfs" ino=545 ioctlcmd=0x6b00 scontext=u:r:init:s0 tcontext=u:object_r:device:s0 tclass=chr_file permissive=1
05-30 18:35:12.333 E/oid.tv.settings( 1315): Not starting debugger since process cannot load the jdwp agent.
05-30 18:35:12.340 D/QSTileHost( 949): Loaded tile specs from setting: internet,bt,dnd,alarm,airplane,cast,screenrecord,mictoggle,cameratoggle,custom(com.android.permissioncontroller/.permission.service.v33.SafetyCenterQsTileService)
05-30 18:35:12.340 D/QSTileHost( 949): Saving tiles: [internet, bt, dnd, alarm, airplane, cast, screenrecord, mictoggle, cameratoggle] for user: 0
05-30 18:35:12.341 I/BtGatt.JNI( 1184): classInitNative(L1347): classInitNative: Success!
05-30 18:35:12.341 I/bt_btif ( 1184): packages/modules/Bluetooth/system/btif/src/bluetooth.cc:829 get_profile_interface: get_profile_interface: id = gatt
05-30 18:35:12.341 I/droid.bluetooth( 1184): [0530/183512.341471:INFO:btif_ble_advertiser.cc(271)] get_ble_advertiser_instance use gd le advertiser
05-30 18:35:12.341 I/droid.bluetooth( 1184): [0530/183512.341703:INFO:bta_gatts_api.cc(379)] BTA_GATTS_InitBonded
05-30 18:35:12.341 I/droid.bluetooth( 1184): [0530/183512.341789:INFO:le_scanning_manager.cc(483)] RegisterCallbacks in shim layer
05-30 18:35:12.341 I/bt_bta_sys_main( 1184): packages/modules/Bluetooth/system/bta/sys/bta_sys_main.cc:101 bta_sys_event: Ignoring receipt of unregistered event id:GATT server
05-30 18:35:12.343 D/CompatibilityChangeReporter( 1184): Compat change id reported: 160794467; UID 1002; state: ENABLED
05-30 18:35:12.350 D/SystemServerTiming( 694): getUserSwitchability-0
05-30 18:35:12.350 D/SystemServerTiming( 694): TM.isInCall
05-30 18:35:12.351 D/SystemServerTiming( 694): hasUserRestriction-DISALLOW_USER_SWITCH
05-30 18:35:12.351 D/SystemServerTiming( 694): getInt-ALLOW_USER_SWITCHING_WHEN_SYSTEM_USER_LOCKED
05-30 18:35:12.351 D/SystemServerTiming( 694): isUserUnlocked-USER_SYSTEM
05-30 18:35:12.353 D/QSTileHost( 949): Loaded tile specs from setting: internet,bt,dnd,alarm,airplane,cast,screenrecord,mictoggle,cameratoggle
05-30 18:35:12.353 D/QSTileHost( 949): Loaded tile specs from setting: internet,bt,dnd,alarm,airplane,cast,screenrecord,mictoggle,cameratoggle
05-30 18:35:12.355 D/CompatibilityChangeReporter( 694): Compat change id reported: 168419799; UID 1000; state: DISABLED
05-30 18:35:12.355 D/CompatibilityChangeReporter( 694): Compat change id reported: 273564678; UID 1000; state: DISABLED
05-30 18:35:12.359 D/SystemServerTiming( 694): getUserSwitchability-0
05-30 18:35:12.359 D/SystemServerTiming( 694): TM.isInCall
05-30 18:35:12.359 D/CompatibilityChangeReporter( 1315): Compat change id reported: 171979766; UID 1000; state: ENABLED
05-30 18:35:12.359 D/SystemServerTiming( 694): hasUserRestriction-DISALLOW_USER_SWITCH
05-30 18:35:12.359 D/SystemServerTiming( 694): getInt-ALLOW_USER_SWITCHING_WHEN_SYSTEM_USER_LOCKED
05-30 18:35:12.359 D/SystemServerTiming( 694): isUserUnlocked-USER_SYSTEM
05-30 18:35:12.359 D/CompatibilityChangeReporter( 1315): Compat change id reported: 242716250; UID 1000; state: ENABLED
05-30 18:35:12.361 I/bt_stack_manager( 1184): packages/modules/Bluetooth/system/btif/src/stack_manager.cc:310 event_start_up_stack: event_start_up_stack is bringing up the stack
05-30 18:35:12.362 I/bt_stack_manager( 1184): packages/modules/Bluetooth/system/btif/src/stack_manager.cc:314 event_start_up_stack: event_start_up_stack Gd shim module enabled
05-30 18:35:12.362 I/bt_core_module( 1184): packages/modules/Bluetooth/system/btcore/src/module.cc:86 module_start_up: module_start_up Starting module "btif_config_module"
05-30 18:35:12.362 I/bt_core_module( 1184): packages/modules/Bluetooth/system/btcore/src/module.cc:91 module_start_up: module_start_up Started module "btif_config_module"
