05-30 18:35:13.444 I/audio_hw_hal_primary( 477): [usecase_change_validate_l:7436] ++ io 13: out:0xecd047f0 dev masks:0x1 is_standby:1 out usecase:PCM_NORMAL
05-30 18:35:13.444 I/audio_hw_hal_ms12common( 477): aml_set_ms12_scheduler_state ms12_scheduler_state:1, sch_state:1 SCHEDULER_STANDBY is sent to ms12
05-30 18:35:13.444 I/audio_hw_hal_primary( 477): [usecase_change_validate_l:7477] -- dev masks:0 is_standby:1 out usecase PCM_NORMAL
05-30 18:35:13.444 D/audio_hw_hal_primary( 477): [out_standby_new:5790] io 13: out:0xecd047f0 usecase:PCM_NORMAL exit
05-30 18:35:13.456 V/WindowManagerShell( 949): Transition requested: android.os.BinderProxy@50d4d39 TransitionRequestInfo { type = 2, triggerTask = TaskInfo{userId=0 taskId=3 displayId=0 isRunning=false baseIntent=Intent { act=android.intent.action.MAIN cat=[android.intent.category.HOME] flg=0x10800100 cmp=com.android.tv.settings/.system.FallbackHome } baseActivity=null topActivity=null origActivity=null realActivity=ComponentInfo{com.android.tv.settings/com.android.tv.settings.system.FallbackHome} numActivities=0 lastActiveTime=22521 supportsMultiWindow=true resizeMode=0 isResizeable=false minWidth=-1 minHeight=-1 defaultMinSize=220 token=WCT{android.window.IWindowContainerToken$Stub$Proxy@7476f7e} topActivityType=2 pictureInPictureParams=null shouldDockBigOverlays=false launchIntoPipHostTaskId=-1 lastParentTaskIdBeforePip=-1 displayCutoutSafeInsets=null topActivityInfo=null launchCookies=[] positionInParent=Point(0, 0) parentTaskId=-1 isFocused=true isVisible=true isVisibleRequested=true isSleeping=false topActivityInSizeCompat=false topActivityEligibleForLetterboxEducation= false isLetterboxDoubleTapEnabled= false topActivityEligibleForUserAspectRatioButton= false topActivityBoundsLetterboxed= false isFromLetterboxDoubleTap= false topActivityLetterboxVerticalPosition= -1 topActivityLetterboxHorizontalPosition= -1 topActivityLetterboxWidth=-1 topActivityLetterboxHeight=-1 isUserFullscreenOverrideEnabled=false isTopActivityTransparent=false locusId=null displayAreaFeatureId=1 cameraCompatControlState=hidden}, remoteTransition = null, displayChange = null, flags = 0 }
05-30 18:35:13.456 D/CompatibilityChangeReporter( 694): Compat change id reported: 161252188; UID 10049; state: DISABLED
05-30 18:35:13.456 I/lerad.etna.haqu( 1432): Using CollectorTypeCC GC.
05-30 18:35:13.459 D/CompatibilityChangeReporter( 694): Compat change id reported: 135634846; UID 10049; state: DISABLED
05-30 18:35:13.459 D/CompatibilityChangeReporter( 694): Compat change id reported: 177438394; UID 10049; state: DISABLED
05-30 18:35:13.459 D/CompatibilityChangeReporter( 694): Compat change id reported: 135772972; UID 10049; state: DISABLED
05-30 18:35:13.459 D/CompatibilityChangeReporter( 694): Compat change id reported: 135754954; UID 10049; state: ENABLED
05-30 18:35:13.463 I/HealthConnectBackupRestore( 694): Attempt to schedule download timeout job with state: 0
05-30 18:35:13.463 I/HealthConnectBackupRestore( 694): Attempt to schedule staging timeout job with state: 0
05-30 18:35:13.463 I/HealthConnectBackupRestore( 694): Attempt to schedule merging timeout job with state: 0
05-30 18:35:13.465 D/HeadsetService( 1184): Unlocked userId 0
05-30 18:35:13.465 D/HearingAidService( 1184): Unlocked userId 0
05-30 18:35:13.465 D/HidHostService( 1184): Unlocked userId 0
05-30 18:35:13.468 D/BluetoothOppService( 1184): Unlocked userId 0
05-30 18:35:13.468 D/PanService( 1184): Unlocked userId 0
05-30 18:35:13.469 I/BackupManagerService( 694): isBackupEnabled() => false due to absent settings file
05-30 18:35:13.469 D/BackupManagerService( 694): user:0 readBackupEnableState enabled:false
05-30 18:35:13.469 I/BackupManagerService( 694): [UserID:0] Backup enabled => false
05-30 18:35:13.471 W/ContextImpl( 963): Calling a method in the system process without a qualified user: android.app.ContextImpl.startService:1899 android.content.ContextWrapper.startService:825 android.content.ContextWrapper.startService:825 com.droidlogic.btpair.FastBootComplete.onReceive:23 android.app.ActivityThread.handleReceiver:4494
05-30 18:35:13.474 D/CompatibilityChangeReporter( 694): Compat change id reported: 161252188; UID 1000; state: DISABLED
05-30 18:35:13.476 D/CompatibilityChangeReporter( 694): Compat change id reported: 265464455; UID 1000; state: DISABLED
05-30 18:35:13.476 D/CompatibilityChangeReporter( 694): Compat change id reported: 265452344; UID 1000; state: DISABLED
05-30 18:35:13.479 D/CompatibilityChangeReporter( 694): Compat change id reported: 266124927; UID 1000; state: DISABLED
05-30 18:35:13.479 I/AccountManagerService( 694): User 0 is unlocked - opening CE database
05-30 18:35:13.480 D/CompatibilityChangeReporter( 694): Compat change id reported: 265451093; UID 1000; state: DISABLED
05-30 18:35:13.480 D/CompatibilityChangeReporter( 694): Compat change id reported: 265456536; UID 1000; state: DISABLED
05-30 18:35:13.481 D/Zygote ( 465): Forked child process 1440
05-30 18:35:13.481 D/CompatibilityChangeReporter( 694): Compat change id reported: 255940284; UID 1000; state: DISABLED
05-30 18:35:13.481 W/ActivityManager( 694): Slow operation: 95ms so far, now at startProcess: returned from zygote!
05-30 18:35:13.481 D/CompatibilityChangeReporter( 694): Compat change id reported: 236283604; UID 1000; state: DISABLED
05-30 18:35:13.482 D/CompatibilityChangeReporter( 694): Compat change id reported: 263959004; UID 1000; state: DISABLED
05-30 18:35:13.482 E/lerad.etna.haqu( 1432): Not starting debugger since process cannot load the jdwp agent.
05-30 18:35:13.482 D/CompatibilityChangeReporter( 694): Compat change id reported: 264304459; UID 1000; state: DISABLED
05-30 18:35:13.483 D/CompatibilityChangeReporter( 694): Compat change id reported: 264301586; UID 1000; state: DISABLED
05-30 18:35:13.484 D/CompatibilityChangeReporter( 694): Compat change id reported: 254631730; UID 1000; state: DISABLED
05-30 18:35:13.485 D/CompatibilityChangeReporter( 694): Compat change id reported: 273509367; UID 1000; state: DISABLED
05-30 18:35:13.486 D/CompatibilityChangeReporter( 694): Compat change id reported: 263259275; UID 1000; state: DISABLED
05-30 18:35:13.487 D/CompatibilityChangeReporter( 694): Compat change id reported: 174042980; UID 1000; state: DISABLED
05-30 18:35:13.487 D/CompatibilityChangeReporter( 694): Compat change id reported: 174042936; UID 1000; state: DISABLED
05-30 18:35:13.488 D/CompatibilityChangeReporter( 694): Compat change id reported: 181136395; UID 1000; state: DISABLED
05-30 18:35:13.491 W/MediaSessionCompat( 1184): Couldn't find a unique registered media button receiver in the given context.
05-30 18:35:13.491 I/Zygote ( 1440): seccomp disabled by setenforce 0
05-30 18:35:13.499 I/MediaSessionStack( 694): addSession to bottom of stack | record: com.android.bluetooth/BluetoothMediaBrowserService (userId=0)
05-30 18:35:13.501 D/CompatibilityChangeReporter( 694): Compat change id reported: 194480991; UID 1000; state: ENABLED
05-30 18:35:13.501 I/rs.media.module( 1440): Using CollectorTypeCC GC.
05-30 18:35:13.504 E/CellBroadcastUtils( 694): getDefaultCellBroadcastReceiverPackageName: no package found
05-30 18:35:13.508 D/CompatibilityChangeReporter( 694): Compat change id reported: 197654537; UID 1000; state: DISABLED
05-30 18:35:13.508 D/libdolbyms12( 477): continuous underrun 2
05-30 18:35:13.510 E/rs.media.module( 1440): Not starting debugger since process cannot load the jdwp agent.
05-30 18:35:13.510 I/ActivityTaskManager( 694): START u0 {act=android.intent.action.MAIN cat=[android.intent.category.HOME] flg=0x10000100 cmp=com.dangbei.leard.leradlauncher/com.dangbei.launcher.home.LauncherActivity (has extras)} with LAUNCH_SINGLE_TASK from uid 0 (BAL_ALLOW_ALLOWLISTED_UID) result code=0
05-30 18:35:13.516 I/ActivityManager( 694): com.android.keychain is exempt from freezer
05-30 18:35:13.520 W/ActivityManager( 694): Slow operation: 134ms so far, now at startProcess: done updating battery stats
05-30 18:35:13.520 I/Watchdog( 694): Interesting Java process com.android.providers.media.module started. Pid 1440
05-30 18:35:13.520 W/ActivityManager( 694): Slow operation: 134ms so far, now at startProcess: building log message
05-30 18:35:13.520 I/ActivityManager( 694): Start proc 1440:com.android.providers.media.module/u0a68 for service {com.android.providers.media.module/com.android.providers.media.fuse.ExternalStorageServiceImpl}
05-30 18:35:13.520 W/ActivityManager( 694): Slow operation: 134ms so far, now at startProcess: starting to update pids map
05-30 18:35:13.520 W/ActivityManager( 694): Slow operation: 134ms so far, now at startProcess: done updating pids map
05-30 18:35:13.520 W/ActivityManager( 694): Slow operation: 82ms so far, now at startProcess: asking zygote to start proc
05-30 18:35:13.520 D/CompatibilityChangeReporter( 694): Compat change id reported: 143937733; UID 10039; state: DISABLED
05-30 18:35:13.524 I/ActivityManager( 694): com.dangbei.leard.leradlauncher is exempt from freezer
05-30 18:35:13.524 D/CompatibilityChangeReporter( 694): Compat change id reported: 135634846; UID 1000; state: DISABLED
05-30 18:35:13.526 D/CompatibilityChangeReporter( 694): Compat change id reported: 168419799; UID 10068; state: DISABLED
05-30 18:35:13.527 D/CompatibilityChangeReporter( 694): Compat change id reported: 273564678; UID 10068; state: DISABLED
05-30 18:35:13.530 D/SystemServerTiming( 694): getUserSwitchability-0
05-30 18:35:13.530 D/SystemServerTiming( 694): TM.isInCall
05-30 18:35:13.530 D/CompatibilityChangeReporter( 694): Compat change id reported: 265195908; UID 10068; state: ENABLED
05-30 18:35:13.530 D/SystemServerTiming( 694): hasUserRestriction-DISALLOW_USER_SWITCH
05-30 18:35:13.530 D/SystemServerTiming( 694): getInt-ALLOW_USER_SWITCHING_WHEN_SYSTEM_USER_LOCKED
05-30 18:35:13.531 D/SystemServerTiming( 694): isUserUnlocked-USER_SYSTEM
05-30 18:35:13.532 I/BpBinder( 263): onLastStrongRef automatically unlinking death recipients:
05-30 18:35:13.541 W/Looper ( 694): Slow dispatch took 105ms main h=android.app.ActivityThread$H c=android.app.LoadedApk$ReceiverDispatcher$Args$$ExternalSyntheticLambda0@1f9e8c m=0
05-30 18:35:13.541 D/CompatibilityChangeReporter( 1432): Compat change id reported: 171979766; UID 1000; state: DISABLED
05-30 18:35:13.542 D/CompatibilityChangeReporter( 1432): Compat change id reported: 242716250; UID 1000; state: DISABLED
05-30 18:35:13.545 D/BLE_Service( 963): Service onCreate
05-30 18:35:13.546 I/SyncManager( 694): Loaded persisted syncs: 0 periodic syncs, 0 oneshot syncs, 0 total system server jobs, JobStats: FirstLoad: 5/3/0 LastSave: -1/-1/-1
05-30 18:35:13.548 V/NotificationAssistants( 694): 0 notification assistant service connected: ComponentInfo{android.ext.services/android.ext.services.notification.Assistant}
05-30 18:35:13.551 D/ApplicationLoaders( 1432): Returning zygote-cached class loader: /system/framework/android.test.base.jar
05-30 18:35:13.551 D/ApplicationLoaders( 1432): Returning zygote-cached class loader: /system/framework/android.hidl.manager-V1.0-java.jar
05-30 18:35:13.551 D/ApplicationLoaders( 1432): Returning zygote-cached class loader: /system/framework/android.hidl.base-V1.0-java.jar
05-30 18:35:13.553 D/SystemServerTiming( 694): getUserSwitchability-0
05-30 18:35:13.553 D/SystemServerTiming( 694): TM.isInCall
05-30 18:35:13.554 D/SystemServerTiming( 694): hasUserRestriction-DISALLOW_USER_SWITCH
05-30 18:35:13.554 D/SystemServerTiming( 694): getInt-ALLOW_USER_SWITCHING_WHEN_SYSTEM_USER_LOCKED
05-30 18:35:13.554 D/SystemServerTiming( 694): isUserUnlocked-USER_SYSTEM
05-30 18:35:13.558 I/ActivityManager( 694): com.oranth.ledstatus is exempt from freezer
05-30 18:35:13.560 D/SystemServerTiming( 694): getUserSwitchability-0
05-30 18:35:13.560 D/SystemServerTiming( 694): TM.isInCall
05-30 18:35:13.560 D/SystemServerTiming( 694): hasUserRestriction-DISALLOW_USER_SWITCH
05-30 18:35:13.560 D/SystemServerTiming( 694): getInt-ALLOW_USER_SWITCHING_WHEN_SYSTEM_USER_LOCKED
05-30 18:35:13.561 D/SystemServerTiming( 694): isUserUnlocked-USER_SYSTEM
05-30 18:35:13.562 W/AudioVideoDevReconnectService( 963): oncreate
05-30 18:35:13.563 D/Zygote ( 465): Forked child process 1463
05-30 18:35:13.563 W/ActivityManager( 694): Slow operation: 124ms so far, now at startProcess: returned from zygote!
05-30 18:35:13.564 W/ActivityManager( 694): Slow operation: 125ms so far, now at startProcess: done updating battery stats
05-30 18:35:13.564 W/ActivityManager( 694): Slow operation: 125ms so far, now at startProcess: building log message
05-30 18:35:13.564 I/ActivityManager( 694): Start proc 1463:com.sohu.inputmethod.sogou.tv/u0a39 for service {com.sohu.inputmethod.sogou.tv/com.sohu.inputmethod.sogou.tv.SogouIME}
05-30 18:35:13.564 W/ActivityManager( 694): Slow operation: 126ms so far, now at startProcess: starting to update pids map
05-30 18:35:13.564 W/ActivityManager( 694): Slow operation: 126ms so far, now at startProcess: done updating pids map
05-30 18:35:13.564 W/ActivityManager( 694): Slow operation: 106ms so far, now at startProcess: asking zygote to start proc
05-30 18:35:13.565 D/CompatibilityChangeReporter( 694): Compat change id reported: 143937733; UID 10049; state: ENABLED
05-30 18:35:13.566 V/MediaPlayerList( 1184): onActiveSessionsChanged: number of controllers: 0
05-30 18:35:13.566 D/AvrcpTargetJni( 1184): sendPlayerSettingsNative
05-30 18:35:13.566 I/bt_stack( 1184): [INFO:avrcp_service.cc(551)] virtual void bluetooth::avrcp::AvrcpService::SendPlayerSettingsChanged(std::vector, std::vector)
05-30 18:35:13.566 I/bt_stack( 1184): [INFO:avrcp_service.cc(565)] attribute=PlayerAttribute::REPEAT : value=PlayerRepeatValue::OFF
05-30 18:35:13.566 I/bt_stack( 1184): attribute=PlayerAttribute::SHUFFLE : value=PlayerShuffleValue::OFF
05-30 18:35:13.566 I/bt_stack( 1184):
05-30 18:35:13.567 I/BrowsedPlayerWrapper( 1184): onConnected: com.android.bluetooth is connected
05-30 18:35:13.568 D/AvrcpBrowsablePlayerConnector( 1184): Browse player callback called: package=com.android.bluetooth : status=0
05-30 18:35:13.568 D/AvrcpBrowsablePlayerConnector( 1184): Received a message: msg.what=1
05-30 18:35:13.568 I/AvrcpBrowsablePlayerConnector( 1184): Checking root contents for com.android.bluetooth
05-30 18:35:13.568 D/SystemServerTiming( 694): getUserSwitchability-0
05-30 18:35:13.568 D/SystemServerTiming( 694): TM.isInCall
05-30 18:35:13.571 D/SystemServerTiming( 694): hasUserRestriction-DISALLOW_USER_SWITCH
05-30 18:35:13.571 D/SystemServerTiming( 694): getInt-ALLOW_USER_SWITCHING_WHEN_SYSTEM_USER_LOCKED
05-30 18:35:13.572 D/SystemServerTiming( 694): isUserUnlocked-USER_SYSTEM
05-30 18:35:13.572 D/LocalBluetoothProfileManager( 963): LocalBluetoothProfileManager construction complete
05-30 18:35:13.575 D/LocalBluetoothProfileManager( 963): Adding local A2DP profile
05-30 18:35:13.578 D/BluetoothA2dp( 963): Binding service...
05-30 18:35:13.578 W/MediaSessionCompat( 1184): Couldn't find a unique registered media button receiver in the given context.
05-30 18:35:13.579 D/CompatibilityChangeReporter( 1440): Compat change id reported: 171979766; UID 10068; state: ENABLED
05-30 18:35:13.579 D/CompatibilityChangeReporter( 1440): Compat change id reported: 242716250; UID 10068; state: ENABLED
05-30 18:35:13.580 D/SystemServerTiming( 694): getUserSwitchability-0
05-30 18:35:13.580 D/SystemServerTiming( 694): TM.isInCall
05-30 18:35:13.580 I/MediaSessionStack( 694): addSession to bottom of stack | record: com.android.bluetooth/BluetoothMediaBrowserService (userId=0)
05-30 18:35:13.580 D/SystemServerTiming( 694): hasUserRestriction-DISALLOW_USER_SWITCH
05-30 18:35:13.580 D/SystemServerTiming( 694): getInt-ALLOW_USER_SWITCHING_WHEN_SYSTEM_USER_LOCKED
05-30 18:35:13.580 D/SystemServerTiming( 694): isUserUnlocked-USER_SYSTEM
05-30 18:35:13.581 D/LocalBluetoothProfileManager( 963): Adding local HEADSET profile
05-30 18:35:13.581 I/Zygote ( 1463): seccomp disabled by setenforce 0
05-30 18:35:13.583 D/BluetoothHeadset( 963): Binding service...
05-30 18:35:13.585 D/LocalBluetoothProfileManager( 963): Adding local OPP profile
05-30 18:35:13.586 D/LocalBluetoothProfileManager( 963): Adding local Hearing Aid profile
05-30 18:35:13.587 D/SystemServerTiming( 694): getUserSwitchability-0
05-30 18:35:13.587 D/SystemServerTiming( 694): TM.isInCall
05-30 18:35:13.588 D/SystemServerTiming( 694): hasUserRestriction-DISALLOW_USER_SWITCH
05-30 18:35:13.588 D/SystemServerTiming( 694): getInt-ALLOW_USER_SWITCHING_WHEN_SYSTEM_USER_LOCKED
05-30 18:35:13.588 D/SystemServerTiming( 694): isUserUnlocked-USER_SYSTEM
05-30 18:35:13.590 D/BluetoothHearingAid( 963): Binding service...
05-30 18:35:13.592 I/method.sogou.tv( 1463): Using CollectorTypeCC GC.
05-30 18:35:13.593 D/SystemServerTiming( 694): getUserSwitchability-0
05-30 18:35:13.593 D/SystemServerTiming( 694): TM.isInCall
05-30 18:35:13.594 D/SystemServerTiming( 694): hasUserRestriction-DISALLOW_USER_SWITCH
05-30 18:35:13.594 D/SystemServerTiming( 694): getInt-ALLOW_USER_SWITCHING_WHEN_SYSTEM_USER_LOCKED
05-30 18:35:13.594 D/SystemServerTiming( 694): isUserUnlocked-USER_SYSTEM
05-30 18:35:13.598 V/MediaPlayerList( 1184): onActiveSessionsChanged: number of controllers: 0
05-30 18:35:13.598 D/AvrcpTargetJni( 1184): sendPlayerSettingsNative
05-30 18:35:13.598 I/bt_stack( 1184): [INFO:avrcp_service.cc(551)] virtual void bluetooth::avrcp::AvrcpService::SendPlayerSettingsChanged(std::vector, std::vector)
05-30 18:35:13.598 I/bt_stack( 1184): [INFO:avrcp_service.cc(565)] attribute=PlayerAttribute::REPEAT : value=PlayerRepeatValue::OFF
05-30 18:35:13.598 I/bt_stack( 1184): attribute=PlayerAttribute::SHUFFLE : value=PlayerShuffleValue::OFF
05-30 18:35:13.598 I/bt_stack( 1184):
05-30 18:35:13.598 I/BrowsedPlayerWrapper( 1184): onConnected: com.android.bluetooth is connected
05-30 18:35:13.598 I/BrowsedPlayerWrapper( 1184): getFolderItems: Connected to browsable player: com.android.bluetooth
05-30 18:35:13.601 D/LocalBluetoothProfileManager( 963): Adding local HID_HOST profile
05-30 18:35:13.602 E/method.sogou.tv( 1463): Not starting debugger since process cannot load the jdwp agent.
05-30 18:35:13.606 D/BluetoothHidHost( 963): Binding service...
05-30 18:35:13.607 D/LocalBluetoothProfileManager( 963): Adding local PAN profile
05-30 18:35:13.611 I/UsageStatsService( 694): User[0] Rollover scheduled @ 2025-05-31 18:28:15(1748687295430)
05-30 18:35:13.613 D/WindowManagerShell( 949): TvPipController: onTaskStackChanged()
05-30 18:35:13.614 D/CompatibilityChangeReporter( 694): Compat change id reported: 168419799; UID 10039; state: DISABLED
05-30 18:35:13.615 I/update_engine( 624): [INFO:cleanup_previous_update_action.cc(112)] Executing task 8
05-30 18:35:13.615 D/CompatibilityChangeReporter( 694): Compat change id reported: 273564678; UID 10039; state: DISABLED
05-30 18:35:13.615 D/BluetoothPan( 963): Binding service...
05-30 18:35:13.616 D/CompatibilityChangeReporter( 694): Compat change id reported: 170503758; UID 10068; state: ENABLED
05-30 18:35:13.619 D/CompatibilityChangeReporter( 694): Compat change id reported: 265195908; UID 10039; state: ENABLED
05-30 18:35:13.622 I/update_engine( 624): [INFO:cleanup_previous_update_action.cc(189)] Boot completed, waiting on markBootSuccessful()
05-30 18:35:13.624 D/SystemServerTiming( 694): getUserSwitchability-0
05-30 18:35:13.624 D/SystemServerTiming( 694): TM.isInCall
05-30 18:35:13.625 D/SystemServerTiming( 694): hasUserRestriction-DISALLOW_USER_SWITCH
05-30 18:35:13.625 D/SystemServerTiming( 694): getInt-ALLOW_USER_SWITCHING_WHEN_SYSTEM_USER_LOCKED
05-30 18:35:13.625 D/SystemServerTiming( 694): isUserUnlocked-USER_SYSTEM
05-30 18:35:13.629 I/update_engine( 624): [INFO:snapshot.cpp(3835)] EnsureMetadataMounted does nothing in Android mode.
05-30 18:35:13.634 D/nativeloader( 1432): Configuring clns-shared-4 for other apk /system/app/dangbei-etna-service/dangbei-etna-service.apk. target_sdk_version=28, uses_libraries=, library_path=/system/app/dangbei-etna-service/lib/arm:/system/app/dangbei-etna-service/dangbei-etna-service.apk!/lib/armeabi-v7a:/system/lib:/system_ext/lib, permitted_path=/data:/mnt/expand:/data/user/0/com.dangbei.lerad.etna.haqu:/system/app/dangbei-etna-service:/system/lib:/system_ext/lib
05-30 18:35:13.635 D/Zygote ( 465): Forked child process 1477
05-30 18:35:13.635 W/ActivityManager( 694): Slow operation: 177ms so far, now at startProcess: returned from zygote!
05-30 18:35:13.636 W/ActivityManager( 694): Slow operation: 177ms so far, now at startProcess: done updating battery stats
05-30 18:35:13.636 W/ActivityManager( 694): Slow operation: 177ms so far, now at startProcess: building log message
05-30 18:35:13.636 I/ActivityManager( 694): Start proc 1477:com.android.music/u0a49 for service {com.android.music/com.android.music.MediaPlaybackService}
05-30 18:35:13.636 W/ActivityManager( 694): Slow operation: 177ms so far, now at startProcess: starting to update pids map
05-30 18:35:13.636 W/ActivityManager( 694): Slow operation: 178ms so far, now at startProcess: done updating pids map
05-30 18:35:13.636 W/ActivityManager( 694): Slow operation: 121ms so far, now at startProcess: asking zygote to start proc
05-30 18:35:13.642 D/CompatibilityChangeReporter( 1463): Compat change id reported: 171979766; UID 10039; state: DISABLED
05-30 18:35:13.643 D/CompatibilityChangeReporter( 1463): Compat change id reported: 242716250; UID 10039; state: DISABLED
05-30 18:35:13.646 I/update_engine( 624): [INFO:snapshot_stats.cpp(37)] Read merge statistics file failed: No such file or directory
05-30 18:35:13.654 D/LocalBluetoothProfileManager( 963): Current Profiles[]
05-30 18:35:13.654 D/CompatibilityChangeReporter( 694): Compat change id reported: 170503758; UID 10039; state: DISABLED
05-30 18:35:13.654 D/LocalBluetoothProfileManager( 963): New Profiles[HID]
05-30 18:35:13.655 D/CachedBluetoothDevice( 963): updating profiles for XX:XX:XX:XX:C0:53
05-30 18:35:13.659 V/CachedBluetoothDevice( 963): Class: 50c
05-30 18:35:13.659 V/CachedBluetoothDevice( 963): UUID:
05-30 18:35:13.659 V/CachedBluetoothDevice( 963): 0000180f-0000-1000-8000-00805f9b34fb
05-30 18:35:13.659 V/CachedBluetoothDevice( 963): 00001812-0000-1000-8000-00805f9b34fb
05-30 18:35:13.659 D/BluetoothAdapter( 963): getActiveDevices(profile= A2DP)
05-30 18:35:13.660 I/update_engine( 624): [INFO:cleanup_previous_update_action.cc(261)] Waiting for any previous merge request to complete. This can take up to several minutes.
05-30 18:35:13.660 D/ApplicationLoaders( 1463): Returning zygote-cached class loader: /system/framework/android.test.base.jar
05-30 18:35:13.660 D/ApplicationLoaders( 1463): Returning zygote-cached class loader: /system/framework/android.hidl.manager-V1.0-java.jar
05-30 18:35:13.660 D/ApplicationLoaders( 1463): Returning zygote-cached class loader: /system/framework/android.hidl.base-V1.0-java.jar
05-30 18:35:13.664 I/Zygote ( 1477): seccomp disabled by setenforce 0
05-30 18:35:13.665 D/nativeloader( 1440): Configuring clns-shared-4 for other apk /apex/com.android.mediaprovider/priv-app/MediaProvider@UD2A.240505.001.W1/MediaProvider.apk. target_sdk_version=34, uses_libraries=, library_path=/apex/com.android.mediaprovider/priv-app/MediaProvider@UD2A.240505.001.W1/lib/arm:/apex/com.android.mediaprovider/priv-app/MediaProvider@UD2A.240505.001.W1/MediaProvider.apk!/lib/armeabi-v7a:/system/lib:/system_ext/lib, permitted_path=/data:/mnt/expand:/data/user/0/com.android.providers.media.module:/apex/com.android.mediaprovider/priv-app/MediaProvider@UD2A.240505.001.W1:/system/lib:/system_ext/lib
05-30 18:35:13.665 I/BluetoothAdapterService( 1184): getActiveDevices: A2dp device: null
05-30 18:35:13.666 E/update_engine( 624): [ERROR:snapshot.cpp(2929)] Read state file failed: No such file or directory
05-30 18:35:13.666 D/BluetoothAdapter( 963): getActiveDevices(profile= HEADSET)
05-30 18:35:13.669 I/BluetoothAdapterService( 1184): getActiveDevices: Headset device: null
05-30 18:35:13.669 D/nativeloader( 1440): InitApexLibraries:
05-30 18:35:13.669 D/nativeloader( 1440): com_android_adservices: libhpke_jni.so:libtflite_support_classifiers_native.so
05-30 18:35:13.669 D/nativeloader( 1440): com_android_appsearch: libicing.so
05-30 18:35:13.669 D/nativeloader( 1440): com_android_art: libartservice.so
05-30 18:35:13.669 D/nativeloader( 1440): com_android_btservices: libbluetooth_jni.so
05-30 18:35:13.669 D/nativeloader( 1440): com_android_conscrypt: libjavacrypto.so
05-30 18:35:13.669 D/nativeloader( 1440): com_android_extservices: libhpke_jni.so:libtflite_support_classifiers_native.so
05-30 18:35:13.669 D/nativeloader( 1440): com_android_os_statsd: libstats_jni.so
05-30 18:35:13.669 D/nativeloader( 1440): com_android_tethering: libandroid_net_connectivity_com_android_net_module_util_jni.so:libcronet.114.0.5735.84.so:libframework-connectivity-jni.so:libframework-connectivity-tiramisu-jni.so:libservice-connectivity.so
05-30 18:35:13.669 D/nativeloader( 1440): com_android_uwb: libuwb_uci_jni_rust.so
05-30 18:35:13.669 D/nativeloader( 1440): com_android_virt: libvirtualizationservice_jni.so:libvirtualmachine_jni.so
05-30 18:35:13.669 D/BluetoothAdapter( 963): getActiveDevices(profile= HEARING_AID)
05-30 18:35:13.672 I/m.android.music( 1477): Using CollectorTypeCC GC.
05-30 18:35:13.675 I/BluetoothAdapterService( 1184): getActiveDevices: Hearing Aid devices: Left[null] - Right[null]
05-30 18:35:13.679 E/m.android.music( 1477): Not starting debugger since process cannot load the jdwp agent.
05-30 18:35:13.680 E/update_engine( 624): [ERROR:snapshot.cpp(2929)] Read state file failed: No such file or directory
05-30 18:35:13.682 D/BluetoothA2dp( 963): Proxy object connected
05-30 18:35:13.686 D/BluetoothHeadset( 963): Proxy object connected
05-30 18:35:13.692 D/BluetoothHearingAid( 963): Proxy object connected
05-30 18:35:13.692 D/CompatibilityChangeReporter( 694): Compat change id reported: 168419799; UID 10049; state: DISABLED
05-30 18:35:13.693 D/CompatibilityChangeReporter( 694): Compat change id reported: 273564678; UID 10049; state: DISABLED
05-30 18:35:13.693 D/Zygote ( 465): Forked child process 1495
05-30 18:35:13.694 W/ActivityManager( 694): Slow operation: 178ms so far, now at startProcess: returned from zygote!
05-30 18:35:13.695 W/ActivityManager( 694): Slow operation: 179ms so far, now at startProcess: done updating battery stats
05-30 18:35:13.695 W/ActivityManager( 694): Slow operation: 179ms so far, now at startProcess: building log message
05-30 18:35:13.695 I/ActivityManager( 694): Start proc 1495:com.android.keychain/1000 for service {com.android.keychain/com.android.keychain.KeyChainService}
05-30 18:35:13.695 W/ActivityManager( 694): Slow operation: 180ms so far, now at startProcess: starting to update pids map
05-30 18:35:13.695 W/ActivityManager( 694): Slow operation: 180ms so far, now at startProcess: done updating pids map
05-30 18:35:13.695 W/ActivityManager( 694): Slow operation: 172ms so far, now at startProcess: asking zygote to start proc
05-30 18:35:13.699 I/BLE_Service( 963): mConnRunnable, looking on bonded devices in order to find connection target...
05-30 18:35:13.699 I/BLE_Service( 963): connectToBondedDevices><
05-30 18:35:13.700 E/update_engine( 624): [ERROR:snapshot.cpp(2929)] Read state file failed: No such file or directory
05-30 18:35:13.705 I/update_engine( 624): [INFO:snapshot.cpp(1076)] CheckMergeState for snapshots returned: None
05-30 18:35:13.707 D/BluetoothHidHost( 963): Proxy object connected
05-30 18:35:13.708 D/CompatibilityChangeReporter( 694): Compat change id reported: 265195908; UID 10049; state: ENABLED
05-30 18:35:13.710 I/BLE_Service( 963): bondedDevices size:1
05-30 18:35:13.710 D/Zygote ( 465): Forked child process 1498
05-30 18:35:13.711 W/ActivityManager( 694): Slow operation: 187ms so far, now at startProcess: returned from zygote!
05-30 18:35:13.711 W/ActivityManager( 694): Slow operation: 188ms so far, now at startProcess: done updating battery stats
05-30 18:35:13.711 W/ActivityManager( 694): Slow operation: 188ms so far, now at startProcess: building log message
05-30 18:35:13.711 I/ActivityManager( 694): Start proc 1498:com.dangbei.leard.leradlauncher/1000 for top-activity {com.dangbei.leard.leradlauncher/com.dangbei.launcher.home.LauncherActivity}
05-30 18:35:13.711 W/ActivityManager( 694): Slow operation: 188ms so far, now at startProcess: starting to update pids map
05-30 18:35:13.712 W/ActivityManager( 694): Slow operation: 188ms so far, now at startProcess: done updating pids map
05-30 18:35:13.712 W/ActivityManager( 694): Slow operation: 154ms so far, now at startProcess: asking zygote to start proc
05-30 18:35:13.714 I/BLE_Service( 963): GetToBondedDevicesMacAddress><
05-30 18:35:13.715 I/update_engine( 624): [INFO:snapshot.cpp(1048)] ProcessUpdateState handling state: None
05-30 18:35:13.716 V/GraphicsEnvironment( 1432): Currently set values for:
05-30 18:35:13.716 V/GraphicsEnvironment( 1432): angle_gl_driver_selection_pkgs=[]
05-30 18:35:13.716 V/GraphicsEnvironment( 1432): angle_gl_driver_selection_values=[]
05-30 18:35:13.717 V/GraphicsEnvironment( 1432): ANGLE GameManagerService for com.dangbei.lerad.etna.haqu: false
05-30 18:35:13.717 V/GraphicsEnvironment( 1432): com.dangbei.lerad.etna.haqu is not listed in per-application setting
05-30 18:35:13.718 V/GraphicsEnvironment( 1432): Neither updatable production driver nor prerelease driver is supported.
05-30 18:35:13.721 I/BLE_Service( 963): bondedDevices size: 1
05-30 18:35:13.722 D/nativeloader( 1463): Configuring clns-shared-4 for other apk /system/app/com.sohu.inputmethod.sogou.tv/com.sohu.inputmethod.sogou.tv.apk. target_sdk_version=28, uses_libraries=, library_path=/system/app/com.sohu.inputmethod.sogou.tv/lib/arm:/system/app/com.sohu.inputmethod.sogou.tv/com.sohu.inputmethod.sogou.tv.apk!/lib/armeabi-v7a:/system/lib:/system_ext/lib, permitted_path=/data:/mnt/expand:/data/user_de/0/com.sohu.inputmethod.sogou.tv:/system/app/com.sohu.inputmethod.sogou.tv:/system/lib:/system_ext/lib
05-30 18:35:13.722 W/System.err( 963): java.io.FileNotFoundException: /sys/class/aml_btusb/aml_btusb/aml_rclist: open failed: ENOENT (No such file or directory)
05-30 18:35:13.722 W/System.err( 963): at libcore.io.IoBridge.open(IoBridge.java:574)
05-30 18:35:13.722 W/System.err( 963): at java.io.FileOutputStream.(FileOutputStream.java:236)
05-30 18:35:13.722 W/System.err( 963): at java.io.FileOutputStream.(FileOutputStream.java:125)
05-30 18:35:13.722 W/System.err( 963): at java.io.FileWriter.(FileWriter.java:66)
05-30 18:35:13.722 W/System.err( 963): at com.droidlogic.btpair.DialogBluetoothService.writeFileFromString(DialogBluetoothService.java:294)
05-30 18:35:13.722 W/System.err( 963): at com.droidlogic.btpair.DialogBluetoothService.GetToBondedDevicesMacAddress(DialogBluetoothService.java:452)
05-30 18:35:13.722 W/System.err( 963): at com.droidlogic.btpair.DialogBluetoothService$2.run(DialogBluetoothService.java:349)
05-30 18:35:13.722 W/System.err( 963): at android.os.Handler.handleCallback(Handler.java:958)
05-30 18:35:13.722 W/System.err( 963): at android.os.Handler.dispatchMessage(Handler.java:99)
05-30 18:35:13.722 W/System.err( 963): at android.os.Looper.loopOnce(Looper.java:205)
05-30 18:35:13.722 W/System.err( 963): at android.os.Looper.loop(Looper.java:294)
05-30 18:35:13.722 W/System.err( 963): at android.app.ActivityThread.main(ActivityThread.java:8255)
05-30 18:35:13.722 W/System.err( 963): at java.lang.reflect.Method.invoke(Native Method)
05-30 18:35:13.722 W/System.err( 963): at com.android.internal.os.RuntimeInit$MethodAndArgsCaller.run(RuntimeInit.java:552)
05-30 18:35:13.722 W/System.err( 963): at com.android.internal.os.ZygoteInit.main(ZygoteInit.java:978)
05-30 18:35:13.722 W/System.err( 963): Caused by: android.system.ErrnoException: open failed: ENOENT (No such file or directory)
05-30 18:35:13.722 W/System.err( 963): at libcore.io.Linux.open(Native Method)
05-30 18:35:13.722 W/System.err( 963): at libcore.io.ForwardingOs.open(ForwardingOs.java:563)
05-30 18:35:13.722 W/System.err( 963): at libcore.io.BlockGuardOs.open(BlockGuardOs.java:274)
05-30 18:35:13.722 W/System.err( 963): at libcore.io.ForwardingOs.open(ForwardingOs.java:563)
05-30 18:35:13.722 W/System.err( 963): at android.app.ActivityThread$AndroidOs.open(ActivityThread.java:8138)
05-30 18:35:13.722 W/System.err( 963): at libcore.io.IoBridge.open(IoBridge.java:560)
05-30 18:35:13.722 W/System.err( 963): ... 14 more
05-30 18:35:13.722 I/Zygote ( 1495): seccomp disabled by setenforce 0
05-30 18:35:13.724 D/BluetoothPan( 963): Proxy object connected
05-30 18:35:13.725 I/BLE_Service( 963): Device Name: Dangbei, MAC Address: E4:BB:D3:57:C0:53
05-30 18:35:13.726 W/System.err( 963): java.io.FileNotFoundException: /sys/class/aml_btusb/aml_btusb/aml_rclist: open failed: ENOENT (No such file or directory)
05-30 18:35:13.727 W/System.err( 963): at libcore.io.IoBridge.open(IoBridge.java:574)
05-30 18:35:13.727 W/System.err( 963): at java.io.FileInputStream.(FileInputStream.java:160)
05-30 18:35:13.727 W/System.err( 963): at java.io.FileReader.(FileReader.java:75)
05-30 18:35:13.727 W/System.err( 963): at com.droidlogic.btpair.DialogBluetoothService.readCurrentMacAddresses(DialogBluetoothService.java:325)
05-30 18:35:13.727 W/System.err( 963): at com.droidlogic.btpair.DialogBluetoothService.writeMacAddressToFile(DialogBluetoothService.java:307)
05-30 18:35:13.727 W/System.err( 963): at com.droidlogic.btpair.DialogBluetoothService.GetToBondedDevicesMacAddress(DialogBluetoothService.java:456)
05-30 18:35:13.727 W/System.err( 963): at com.droidlogic.btpair.DialogBluetoothService$2.run(DialogBluetoothService.java:349)
05-30 18:35:13.727 W/System.err( 963): at android.os.Handler.handleCallback(Handler.java:958)
05-30 18:35:13.727 W/System.err( 963): at android.os.Handler.dispatchMessage(Handler.java:99)
05-30 18:35:13.727 W/System.err( 963): at android.os.Looper.loopOnce(Looper.java:205)
05-30 18:35:13.727 W/System.err( 963): at android.os.Looper.loop(Looper.java:294)
05-30 18:35:13.727 W/System.err( 963): at android.app.ActivityThread.main(ActivityThread.java:8255)
05-30 18:35:13.727 W/System.err( 963): at java.lang.reflect.Method.invoke(Native Method)
05-30 18:35:13.727 W/System.err( 963): at com.android.internal.os.RuntimeInit$MethodAndArgsCaller.run(RuntimeInit.java:552)
05-30 18:35:13.727 W/System.err( 963): at com.android.internal.os.ZygoteInit.main(ZygoteInit.java:978)
05-30 18:35:13.727 W/System.err( 963): Caused by: android.system.ErrnoException: open failed: ENOENT (No such file or directory)
05-30 18:35:13.727 W/System.err( 963): at libcore.io.Linux.open(Native Method)
05-30 18:35:13.727 W/System.err( 963): at libcore.io.ForwardingOs.open(ForwardingOs.java:563)
05-30 18:35:13.727 W/System.err( 963): at libcore.io.BlockGuardOs.open(BlockGuardOs.java:274)
05-30 18:35:13.727 W/System.err( 963): at libcore.io.ForwardingOs.open(ForwardingOs.java:563)
05-30 18:35:13.727 W/System.err( 963): at android.app.ActivityThread$AndroidOs.open(ActivityThread.java:8138)
05-30 18:35:13.727 W/System.err( 963): at libcore.io.IoBridge.open(IoBridge.java:560)
05-30 18:35:13.727 W/System.err( 963): ... 14 more
05-30 18:35:13.727 E/BLE_Service( 963): error /sys/class/aml_btusb/aml_btusb/aml_rclist: open failed: ENOENT (No such file or directory)
05-30 18:35:13.728 W/System.err( 963): java.io.FileNotFoundException: /sys/class/aml_btusb/aml_btusb/aml_rclist: open failed: ENOENT (No such file or directory)
05-30 18:35:13.728 W/System.err( 963): at libcore.io.IoBridge.open(IoBridge.java:574)
05-30 18:35:13.728 W/System.err( 963): at java.io.FileOutputStream.(FileOutputStream.java:236)
05-30 18:35:13.728 W/System.err( 963): at java.io.FileOutputStream.(FileOutputStream.java:125)
05-30 18:35:13.728 W/System.err( 963): at java.io.FileWriter.(FileWriter.java:66)
05-30 18:35:13.728 W/System.err( 963): at com.droidlogic.btpair.DialogBluetoothService.writeMacAddressToFile(DialogBluetoothService.java:310)
05-30 18:35:13.728 W/System.err( 963): at com.droidlogic.btpair.DialogBluetoothService.GetToBondedDevicesMacAddress(DialogBluetoothService.java:456)
05-30 18:35:13.728 W/System.err( 963): at com.droidlogic.btpair.DialogBluetoothService$2.run(DialogBluetoothService.java:349)
05-30 18:35:13.728 W/System.err( 963): at android.os.Handler.handleCallback(Handler.java:958)
05-30 18:35:13.728 W/System.err( 963): at android.os.Handler.dispatchMessage(Handler.java:99)
05-30 18:35:13.728 W/System.err( 963): at android.os.Looper.loopOnce(Looper.java:205)
05-30 18:35:13.728 W/System.err( 963): at android.os.Looper.loop(Looper.java:294)
05-30 18:35:13.728 W/System.err( 963): at android.app.ActivityThread.main(ActivityThread.java:8255)
05-30 18:35:13.728 W/System.err( 963): at java.lang.reflect.Method.invoke(Native Method)
05-30 18:35:13.728 W/System.err( 963): at com.android.internal.os.RuntimeInit$MethodAndArgsCaller.run(RuntimeInit.java:552)
05-30 18:35:13.728 W/System.err( 963): at com.android.internal.os.ZygoteInit.main(ZygoteInit.java:978)
05-30 18:35:13.728 W/System.err( 963): Caused by: android.system.ErrnoException: open failed: ENOENT (No such file or directory)
05-30 18:35:13.728 W/System.err( 963): at libcore.io.Linux.open(Native Method)
05-30 18:35:13.728 W/System.err( 963): at libcore.io.ForwardingOs.open(ForwardingOs.java:563)
05-30 18:35:13.728 W/System.err( 963): at libcore.io.BlockGuardOs.open(BlockGuardOs.java:274)
05-30 18:35:13.728 W/System.err( 963): at libcore.io.ForwardingOs.open(ForwardingOs.java:563)
05-30 18:35:13.728 W/System.err( 963): at android.app.ActivityThread$AndroidOs.open(ActivityThread.java:8138)
05-30 18:35:13.728 W/System.err( 963): at libcore.io.IoBridge.open(IoBridge.java:560)
05-30 18:35:13.728 W/System.err( 963): ... 14 more
05-30 18:35:13.730 D/Zygote ( 465): Forked child process 1501
05-30 18:35:13.730 W/ActivityManager( 694): Slow operation: 173ms so far, now at startProcess: returned from zygote!
05-30 18:35:13.731 W/ActivityManager( 694): Slow operation: 173ms so far, now at startProcess: done updating battery stats
05-30 18:35:13.731 W/ActivityManager( 694): Slow operation: 173ms so far, now at startProcess: building log message
05-30 18:35:13.731 I/ActivityManager( 694): Start proc 1501:com.oranth.ledstatus/1000 for broadcast {com.oranth.ledstatus/com.oranth.ledstatus.BootCompletedReceiver}
05-30 18:35:13.731 W/ActivityManager( 694): Slow operation: 173ms so far, now at startProcess: starting to update pids map
05-30 18:35:13.731 W/ActivityManager( 694): Slow operation: 173ms so far, now at startProcess: done updating pids map
05-30 18:35:13.732 I/Zygote ( 1498): seccomp disabled by setenforce 0
05-30 18:35:13.734 I/ndroid.keychain( 1495): Using CollectorTypeCC GC.
05-30 18:35:13.735 I/update_engine( 624): [INFO:cleanup_previous_update_action.cc(297)] Can't find any snapshot to merge.
05-30 18:35:13.737 I/d.leradlauncher( 1498): Using CollectorTypeCC GC.
05-30 18:35:13.737 I/Zygote ( 1501): seccomp disabled by setenforce 0
05-30 18:35:13.741 D/CompatibilityChangeReporter( 1477): Compat change id reported: 171979766; UID 10049; state: DISABLED
05-30 18:35:13.741 D/CompatibilityChangeReporter( 1477): Compat change id reported: 242716250; UID 10049; state: DISABLED
05-30 18:35:13.742 E/ndroid.keychain( 1495): Not starting debugger since process cannot load the jdwp agent.
05-30 18:35:13.742 I/ranth.ledstatus( 1501): Late-enabling -Xcheck:jni
05-30 18:35:13.746 E/update_engine( 624): [ERROR:snapshot.cpp(2929)] Read state file failed: No such file or directory
05-30 18:35:13.749 E/d.leradlauncher( 1498): Not starting debugger since process cannot load the jdwp agent.
05-30 18:35:13.754 D/CompatibilityChangeReporter( 694): Compat change id reported: 170503758; UID 10049; state: DISABLED
05-30 18:35:13.757 I/UsageStatsService( 694): User[0] Flushing usage stats to disk
05-30 18:35:13.761 I/system_server( 694): Background young concurrent copying GC freed 227256(10MB) AllocSpace objects, 28(976KB) LOS objects, 40% free, 14MB/25MB, paused 304us,4.024ms total 232.618ms
05-30 18:35:13.764 V/GraphicsEnvironment( 1440): Currently set values for:
05-30 18:35:13.764 V/GraphicsEnvironment( 1440): angle_gl_driver_selection_pkgs=[]
05-30 18:35:13.764 V/GraphicsEnvironment( 1440): angle_gl_driver_selection_values=[]
05-30 18:35:13.765 V/GraphicsEnvironment( 1440): ANGLE GameManagerService for com.android.providers.media.module: false
05-30 18:35:13.765 V/GraphicsEnvironment( 1440): com.android.providers.media.module is not listed in per-application setting
05-30 18:35:13.765 I/update_engine( 624): [INFO:cleanup_previous_update_action.cc(130)] Stopping/suspending/completing CleanupPreviousUpdateAction
05-30 18:35:13.765 V/GraphicsEnvironment( 1440): Neither updatable production driver nor prerelease driver is supported.
05-30 18:35:13.768 W/System ( 694): A resource failed to call close.
05-30 18:35:13.774 D/CompatibilityChangeReporter( 694): Compat change id reported: 168419799; UID 1000; state: DISABLED
05-30 18:35:13.774 D/CompatibilityChangeReporter( 694): Compat change id reported: 273564678; UID 1000; state: DISABLED
05-30 18:35:13.782 D/CompatibilityChangeReporter( 1498): Compat change id reported: 171979766; UID 1000; state: DISABLED
05-30 18:35:13.782 D/CompatibilityChangeReporter( 1498): Compat change id reported: 242716250; UID 1000; state: DISABLED
05-30 18:35:13.788 D/nativeloader( 1477): InitLlndkLibrariesProduct: libEGL.so:libGLESv1_CM.so:libGLESv2.so:libGLESv3.so:libRS.so:libandroid_net.so:libbinder_ndk.so:libc.so:libcgrouprc.so:libclang_rt.asan-arm-android.so:libcom.android.tethering.connectivity_native.so:libdl.so:libft2.so:liblog.so:libm.so:libmediandk.so:libnativewindow.so:libneuralnetworks.so:libselinux.so:libsync.so:libvndksupport.so:libvulkan.so
05-30 18:35:13.789 D/nativeloader( 1477): Configuring product-clns-4 for unbundled product apk /product/app/Music/Music.apk. target_sdk_version=30, uses_libraries=, library_path=/product/app/Music/lib/arm:/product/lib:/system/product/lib, permitted_path=/data:/mnt/expand:/data/user/0/com.android.music:/product/lib:/system/product/lib
05-30 18:35:13.790 D/CompatibilityChangeReporter( 694): Compat change id reported: 168419799; UID 1000; state: DISABLED
05-30 18:35:13.790 D/CompatibilityChangeReporter( 694): Compat change id reported: 273564678; UID 1000; state: DISABLED
05-30 18:35:13.791 D/ApplicationLoaders( 1498): Returning zygote-cached class loader: /system/framework/android.test.base.jar
05-30 18:35:13.791 D/ApplicationLoaders( 1498): Returning zygote-cached class loader: /system/framework/android.hidl.manager-V1.0-java.jar
05-30 18:35:13.791 D/ApplicationLoaders( 1498): Returning zygote-cached class loader: /system/framework/android.hidl.base-V1.0-java.jar
05-30 18:35:13.794 D/nativeloader( 1477): InitVndkspLibrariesProduct: android.hardware.common-V2-ndk.so:android.hardware.common.fmq-V1-ndk.so:android.hardware.graphics.allocator-V2-ndk.so:android.hardware.graphics.common-V4-ndk.so:android.hardware.graphics.common@1.0.so:android.hardware.graphics.common@1.1.so:android.hardware.graphics.common@1.2.so:android.hardware.graphics.composer3-V1-ndk.so:android.hardware.graphics.mapper@2.0.so:android.hardware.graphics.mapper@2.1.so:android.hardware.graphics.mapper@3.0.so:android.hardware.graphics.mapper@4.0.so:android.hardware.renderscript@1.0.so:android.hidl.memory.token@1.0.so:android.hidl.memory@1.0-impl.so:android.hidl.memory@1.0.so:android.hidl.safe_union@1.0.so:libRSCpuRef.so:libRSDriver.so:libRS_internal.so:libbase.so:libbcinfo.so:libblas.so:libc++.so:libcompiler_rt.so:libcutils.so:libdmabufheap.so:libgralloctypes.so:libhardware.so:libhidlbase.so:libhidlmemory.so:libion.so:libjsoncpp.so:liblzma.so:libprocessgroup.so:libunwindstack.so:libutils.so:libutilscallstack.so:libz.so
05-30 18:35:13.797 D/CompatibilityChangeReporter( 1495): Compat change id reported: 171979766; UID 1000; state: ENABLED
05-30 18:35:13.797 D/CompatibilityChangeReporter( 1495): Compat change id reported: 242716250; UID 1000; state: ENABLED
05-30 18:35:13.801 I/MultiDex( 1432): VM with version 2.1.0 has multidex support
05-30 18:35:13.801 I/MultiDex( 1432): Installing application
05-30 18:35:13.801 I/MultiDex( 1432): VM has multidex support, MultiDex support library is disabled.
05-30 18:35:13.804 V/GraphicsEnvironment( 1463): Currently set values for:
05-30 18:35:13.804 V/GraphicsEnvironment( 1463): angle_gl_driver_selection_pkgs=[]
05-30 18:35:13.804 V/GraphicsEnvironment( 1463): angle_gl_driver_selection_values=[]
05-30 18:35:13.805 V/GraphicsEnvironment( 1463): ANGLE GameManagerService for com.sohu.inputmethod.sogou.tv: false
05-30 18:35:13.805 V/GraphicsEnvironment( 1463): com.sohu.inputmethod.sogou.tv is not listed in per-application setting
05-30 18:35:13.805 V/GraphicsEnvironment( 1463): Neither updatable production driver nor prerelease driver is supported.
05-30 18:35:13.814 I/update_engine( 624): [INFO:cleanup_previous_update_action.cc(477)] Not reporting merge stats because state is None
05-30 18:35:13.815 I/ranth.ledstatus( 1501): Using CollectorTypeCC GC.
05-30 18:35:13.823 I/adbd ( 1383): jdwp connection from 1501
05-30 18:35:13.825 I/system_server( 694): Using smaps_rollup for pss collection
05-30 18:35:13.826 V/GraphicsEnvironment( 1477): Currently set values for:
05-30 18:35:13.826 V/GraphicsEnvironment( 1477): angle_gl_driver_selection_pkgs=[]
05-30 18:35:13.826 V/GraphicsEnvironment( 1477): angle_gl_driver_selection_values=[]
05-30 18:35:13.827 V/GraphicsEnvironment( 1477): ANGLE GameManagerService for com.android.music: false
05-30 18:35:13.828 V/GraphicsEnvironment( 1477): com.android.music is not listed in per-application setting
05-30 18:35:13.828 V/GraphicsEnvironment( 1477): Neither updatable production driver nor prerelease driver is supported.
05-30 18:35:13.834 I/MultiDex( 1463): VM with version 2.1.0 has multidex support
05-30 18:35:13.834 I/MultiDex( 1463): Installing application
05-30 18:35:13.834 I/MultiDex( 1463): VM has multidex support, MultiDex support library is disabled.
05-30 18:35:13.838 V/WindowManager( 694): app ------------- force_land :0
05-30 18:35:13.843 I/update_engine( 624): [INFO:cleanup_previous_update_action.cc(130)] Stopping/suspending/completing CleanupPreviousUpdateAction
05-30 18:35:13.847 D/nativeloader( 1495): Configuring clns-shared-4 for other apk /system/app/KeyChain/KeyChain.apk. target_sdk_version=34, uses_libraries=, library_path=/system/app/KeyChain/lib/arm:/system/app/KeyChain/KeyChain.apk!/lib/armeabi-v7a:/system/lib:/system_ext/lib, permitted_path=/data:/mnt/expand:/data/user/0/com.android.keychain:/system/app/KeyChain:/system/lib:/system_ext/lib
05-30 18:35:13.855 D/nativeloader( 1498): Configuring clns-shared-4 for other apk /system/app/dangbei-launcher/dangbei-launcher.apk. target_sdk_version=28, uses_libraries=, library_path=/system/app/dangbei-launcher/lib/arm:/system/app/dangbei-launcher/dangbei-launcher.apk!/lib/armeabi-v7a:/system/lib:/system_ext/lib, permitted_path=/data:/mnt/expand:/data/user/0/com.dangbei.leard.leradlauncher:/system/app/dangbei-launcher:/system/lib:/system_ext/lib
05-30 18:35:13.857 I/MediaSessionStack( 694): addSession to bottom of stack | record: com.android.music/MediaPlaybackService (userId=0)
05-30 18:35:13.858 V/MediaPlayerList( 1184): onActiveSessionsChanged: number of controllers: 0
05-30 18:35:13.858 D/AvrcpTargetJni( 1184): sendPlayerSettingsNative
05-30 18:35:13.858 I/bt_stack( 1184): [INFO:avrcp_service.cc(551)] virtual void bluetooth::avrcp::AvrcpService::SendPlayerSettingsChanged(std::vector, std::vector)
05-30 18:35:13.859 I/bt_stack( 1184): [INFO:avrcp_service.cc(565)] attribute=PlayerAttribute::REPEAT : value=PlayerRepeatValue::OFF
05-30 18:35:13.859 I/bt_stack( 1184): attribute=PlayerAttribute::SHUFFLE : value=PlayerShuffleValue::OFF
05-30 18:35:13.859 I/bt_stack( 1184):
05-30 18:35:13.861 I/update_engine( 624): [INFO:action_processor.cc(116)] ActionProcessor: finished last action CleanupPreviousUpdateAction with code ErrorCode::kSuccess
05-30 18:35:13.870 D/CompatibilityChangeReporter( 1477): Compat change id reported: 160794467; UID 10049; state: DISABLED
05-30 18:35:13.877 D/CompatibilityChangeReporter( 694): Compat change id reported: 168419799; UID 1000; state: DISABLED
05-30 18:35:13.877 D/CompatibilityChangeReporter( 694): Compat change id reported: 273564678; UID 1000; state: DISABLED
05-30 18:35:13.881 I/MediaBrowserService( 1477): No root for client com.android.bluetooth from service android.service.media.MediaBrowserService$ServiceBinder$1
05-30 18:35:13.882 E/MediaBrowser( 1184): onConnectFailed for ComponentInfo{com.android.music/com.android.music.MediaPlaybackService}
05-30 18:35:13.883 I/update_engine( 624): [INFO:update_attempter_android.cc(583)] Processing Done.
05-30 18:35:13.885 W/BrowsedPlayerWrapper( 1184): onConnectionFailed: Connection Failed with com.android.music
05-30 18:35:13.885 D/AvrcpBrowsablePlayerConnector( 1184): Browse player callback called: package=com.android.music : status=1
05-30 18:35:13.885 D/AvrcpBrowsablePlayerConnector( 1184): Received a message: msg.what=1
05-30 18:35:13.885 I/AvrcpBrowsablePlayerConnector( 1184): com.android.music is not browsable
05-30 18:35:13.901 V/GraphicsEnvironment( 1498): Currently set values for:
05-30 18:35:13.901 V/GraphicsEnvironment( 1498): angle_gl_driver_selection_pkgs=[]
05-30 18:35:13.901 V/GraphicsEnvironment( 1498): angle_gl_driver_selection_values=[]
05-30 18:35:13.902 V/GraphicsEnvironment( 1498): ANGLE GameManagerService for com.dangbei.leard.leradlauncher: false
05-30 18:35:13.902 V/GraphicsEnvironment( 1498): com.dangbei.leard.leradlauncher is not listed in per-application setting
05-30 18:35:13.902 V/GraphicsEnvironment( 1498): Neither updatable production driver nor prerelease driver is supported.
05-30 18:35:13.909 D/CompatibilityChangeReporter( 1501): Compat change id reported: 171979766; UID 1000; state: DISABLED
05-30 18:35:13.909 E/SogouIME( 1463): setupInputSurface
