05-30 18:35:18.410 D/SystemServerTimingAsync( 694): ssm.onCompletedEventUser-0_{|Unlocked|}_com.android.server.power.hint.HintManagerService
05-30 18:35:18.410 D/SystemServerTimingAsync( 694): ssm.onCompletedEventUser-0_{|Unlocked|}_com.android.server.recoverysystem.RecoverySystemService$Lifecycle
05-30 18:35:18.410 D/SystemServerTimingAsync( 694): ssm.onCompletedEventUser-0_{|Unlocked|}_com.android.server.lights.LightsService
05-30 18:35:18.410 D/SystemServerTimingAsync( 694): ssm.onCompletedEventUser-0_{|Unlocked|}_com.android.server.display.DisplayManagerService
05-30 18:35:18.411 D/SystemServerTimingAsync( 694): ssm.onCompletedEventUser-0_{|Unlocked|}_com.android.server.pm.Installer
05-30 18:35:18.411 D/SystemServerTimingAsync( 694): ssm.onCompletedEventUser-0_{|Unlocked|}_com.android.server.pm.PackageInstallerService$Lifecycle
05-30 18:35:18.411 D/SystemServerTimingAsync( 694): ssm.onCompletedEventUser-0_{|Unlocked|}_com.android.server.pm.UserManagerService$LifeCycle
05-30 18:35:18.411 D/SystemServerTimingAsync( 694): ssm.onCompletedEventUser-0_{|Unlocked|}_com.android.server.om.OverlayManagerService
05-30 18:35:18.411 D/SystemServerTimingAsync( 694): ssm.onCompletedEventUser-0_{|Unlocked|}_com.android.server.resources.ResourcesManagerService
05-30 18:35:18.411 D/SystemServerTimingAsync( 694): ssm.onCompletedEventUser-0_{|Unlocked|}_com.android.server.sensorprivacy.SensorPrivacyService
05-30 18:35:18.411 D/SystemServerTimingAsync( 694): ssm.onCompletedEventUser-0_{|Unlocked|}_com.android.server.sensors.SensorService
05-30 18:35:18.411 D/SystemServerTimingAsync( 694): ssm.onCompletedEventUser-0_{|Unlocked|}_com.android.server.SystemConfigService
05-30 18:35:18.411 D/SystemServerTimingAsync( 694): ssm.onCompletedEventUser-0_{|Unlocked|}_com.android.server.BatteryService
05-30 18:35:18.411 D/SystemServerTimingAsync( 694): ssm.onCompletedEventUser-0_{|Unlocked|}_com.android.server.usage.UsageStatsService
05-30 18:35:18.411 D/SystemServerTimingAsync( 694): ssm.onCompletedEventUser-0_{|Unlocked|}_com.android.server.webkit.WebViewUpdateService
05-30 18:35:18.411 D/SystemServerTimingAsync( 694): ssm.onCompletedEventUser-0_{|Unlocked|}_com.android.server.CachedDeviceStateService
05-30 18:35:18.411 D/SystemServerTimingAsync( 694): ssm.onCompletedEventUser-0_{|Unlocked|}_com.android.server.BinderCallsStatsService$LifeCycle
05-30 18:35:18.411 D/SystemServerTimingAsync( 694): ssm.onCompletedEventUser-0_{|Unlocked|}_com.android.server.LooperStatsService$Lifecycle
05-30 18:35:18.411 D/SystemServerTimingAsync( 694): ssm.onCompletedEventUser-0_{|Unlocked|}_com.android.server.rollback.RollbackManagerService
05-30 18:35:18.411 D/SystemServerTimingAsync( 694): ssm.onCompletedEventUser-0_{|Unlocked|}_com.android.server.os.NativeTombstoneManagerService
05-30 18:35:18.411 D/SystemServerTimingAsync( 694): ssm.onCompletedEventUser-0_{|Unlocked|}_com.android.server.os.BugreportManagerService
05-30 18:35:18.411 D/SystemServerTimingAsync( 694): ssm.onCompletedEventUser-0_{|Unlocked|}_com.android.server.gpu.GpuService
05-30 18:35:18.411 D/SystemServerTimingAsync( 694): ssm.onCompletedEventUser-0_{|Unlocked|}_com.android.server.security.rkp.RemoteProvisioningService
05-30 18:35:18.411 D/SystemServerTimingAsync( 694): ssm.onCompletedEventUser-0_{|Unlocked|}_com.android.server.security.KeyChainSystemService
05-30 18:35:18.411 D/SystemServerTimingAsync( 694): ssm.onCompletedEventUser-0_{|Unlocked|}_com.android.server.BinaryTransparencyService
05-30 18:35:18.411 D/SystemServerTimingAsync( 694): ssm.onCompletedEventUser-0_{|Unlocked|}_com.android.server.accounts.AccountManagerService$Lifecycle
05-30 18:35:18.411 D/SystemServerTimingAsync( 694): ssm.onCompletedEventUser-0_{|Unlocked|}_com.android.server.content.ContentService$Lifecycle
05-30 18:35:18.411 D/SystemServerTimingAsync( 694): ssm.onCompletedEventUser-0_{|Unlocked|}_com.android.server.deviceconfig.DeviceConfigInit$Lifecycle
05-30 18:35:18.411 D/SystemServerTimingAsync( 694): ssm.onCompletedEventUser-0_{|Unlocked|}_com.android.server.DropBoxManagerService
05-30 18:35:18.411 D/SystemServerTimingAsync( 694): ssm.onCompletedEventUser-0_{|Unlocked|}_com.android.role.RoleService
05-30 18:35:18.411 D/SystemServerTimingAsync( 694): ssm.onCompletedEventUser-0_{|Unlocked|}_com.android.server.vibrator.VibratorManagerService$Lifecycle
05-30 18:35:18.411 D/SystemServerTimingAsync( 694): ssm.onCompletedEventUser-0_{|Unlocked|}_com.android.server.tare.InternalResourceService
05-30 18:35:18.411 D/SystemServerTimingAsync( 694): ssm.onCompletedEventUser-0_{|Unlocked|}_com.android.server.alarm.AlarmManagerService
05-30 18:35:18.411 D/SystemServerTimingAsync( 694): ssm.onCompletedEventUser-0_{|Unlocked|}_com.android.server.devicestate.DeviceStateManagerService
05-30 18:35:18.411 D/SystemServerTimingAsync( 694): ssm.onCompletedEventUser-0_{|Unlocked|}_com.android.server.camera.CameraServiceProxy
05-30 18:35:18.411 D/SystemServerTimingAsync( 694): ssm.onCompletedEventUser-0_{|Unlocked|}_com.android.server.bluetooth.BluetoothService
05-30 18:35:18.411 D/SystemServerTimingAsync( 694): ssm.onCompletedEventUser-0_{|Unlocked|}_com.android.server.connectivity.IpConnectivityMetrics
05-30 18:35:18.411 D/SystemServerTimingAsync( 694): ssm.onCompletedEventUser-0_{|Unlocked|}_com.android.server.net.watchlist.NetworkWatchlistService$Lifecycle
05-30 18:35:18.411 D/SystemServerTimingAsync( 694): ssm.onCompletedEventUser-0_{|Unlocked|}_com.android.server.PinnerService
05-30 18:35:18.411 D/SystemServerTimingAsync( 694): ssm.onCompletedEventUser-0_{|Unlocked|}_com.android.server.integrity.AppIntegrityManagerService
05-30 18:35:18.411 D/SystemServerTimingAsync( 694): ssm.onCompletedEventUser-0_{|Unlocked|}_com.android.server.logcat.LogcatManagerService
05-30 18:35:18.411 D/SystemServerTimingAsync( 694): ssm.onCompletedEventUser-0_{|Unlocked|}_com.android.server.inputmethod.InputMethodManagerService$Lifecycle
05-30 18:35:18.411 D/SystemServerTimingAsync( 694): ssm.onCompletedEventUser-0_{|Unlocked|}_com.android.server.accessibility.AccessibilityManagerService$Lifecycle
05-30 18:35:18.411 D/SystemServerTimingAsync( 694): ssm.onCompletedEventUser-0_{|Unlocked|}_com.android.server.StorageManagerService$Lifecycle
05-30 18:35:18.411 D/SystemServerTimingAsync( 694): ssm.onCompletedEventUser-0_{|Unlocked|}_com.android.server.usage.StorageStatsService$Lifecycle
05-30 18:35:18.411 D/SystemServerTimingAsync( 694): ssm.onCompletedEventUser-0_{|Unlocked|}_com.android.server.UiModeManagerService
05-30 18:35:18.411 D/SystemServerTimingAsync( 694): ssm.onCompletedEventUser-0_{|Unlocked|}_com.android.server.locales.LocaleManagerService
05-30 18:35:18.412 D/SystemServerTimingAsync( 694): ssm.onCompletedEventUser-0_{|Unlocked|}_com.android.server.grammaticalinflection.GrammaticalInflectionService
05-30 18:35:18.412 D/SystemServerTimingAsync( 694): ssm.onCompletedEventUser-0_{|Unlocked|}_com.android.server.apphibernation.AppHibernationService
05-30 18:35:18.412 D/SystemServerTimingAsync( 694): ssm.onCompletedEventUser-0_{|Unlocked|}_com.android.server.locksettings.LockSettingsService$Lifecycle
05-30 18:35:18.412 D/SystemServerTimingAsync( 694): ssm.onCompletedEventUser-0_{|Unlocked|}_com.android.server.PersistentDataBlockService
05-30 18:35:18.412 D/SystemServerTimingAsync( 694): ssm.onCompletedEventUser-0_{|Unlocked|}_com.android.server.testharness.TestHarnessModeService
05-30 18:35:18.412 D/SystemServerTimingAsync( 694): ssm.onCompletedEventUser-0_{|Unlocked|}_com.android.server.oemlock.OemLockService
05-30 18:35:18.412 D/SystemServerTimingAsync( 694): ssm.onCompletedEventUser-0_{|Unlocked|}_com.android.server.DeviceIdleController
05-30 18:35:18.412 D/SystemServerTimingAsync( 694): ssm.onCompletedEventUser-0_{|Unlocked|}_com.android.server.devicepolicy.DevicePolicyManagerService$Lifecycle
05-30 18:35:18.412 D/SystemServerTimingAsync( 694): ssm.onCompletedEventUser-0_{|Unlocked|}_com.android.server.texttospeech.TextToSpeechManagerService
05-30 18:35:18.412 D/SystemServerTimingAsync( 694): ssm.onCompletedEventUser-0_{|Unlocked|}_com.android.server.ambientcontext.AmbientContextManagerService
05-30 18:35:18.412 D/SystemServerTimingAsync( 694): ssm.onCompletedEventUser-0_{|Unlocked|}_com.android.server.wearable.WearableSensingManagerService
05-30 18:35:18.412 D/SystemServerTimingAsync( 694): ssm.onCompletedEventUser-0_{|Unlocked|}_com.android.server.speech.SpeechRecognitionManagerService
05-30 18:35:18.412 D/SystemServerTimingAsync( 694): ssm.onCompletedEventUser-0_{|Unlocked|}_com.android.server.searchui.SearchUiManagerService
05-30 18:35:18.412 D/SystemServerTimingAsync( 694): ssm.onCompletedEventUser-0_{|Unlocked|}_com.android.server.smartspace.SmartspaceManagerService
05-30 18:35:18.412 D/SystemServerTimingAsync( 694): ssm.onCompletedEventUser-0_{|Unlocked|}_com.android.server.graphics.fonts.FontManagerService$Lifecycle
05-30 18:35:18.412 D/SystemServerTimingAsync( 694): ssm.onCompletedEventUser-0_{|Unlocked|}_com.android.server.textservices.TextServicesManagerService$Lifecycle
05-30 18:35:18.412 D/SystemServerTimingAsync( 694): ssm.onCompletedEventUser-0_{|Unlocked|}_com.android.server.textclassifier.TextClassificationManagerService$Lifecycle
05-30 18:35:18.412 D/SystemServerTimingAsync( 694): ssm.onCompletedEventUser-0_{|Unlocked|}_com.android.server.NetworkScoreService$Lifecycle
05-30 18:35:18.412 D/SystemServerTimingAsync( 694): ssm.onCompletedEventUser-0_{|Unlocked|}_com.android.server.NetworkStatsServiceInitializer
05-30 18:35:18.412 D/SystemServerTimingAsync( 694): ssm.onCompletedEventUser-0_{|Unlocked|}_com.android.server.wifi.WifiService
05-30 18:35:18.412 D/SystemServerTimingAsync( 694): ssm.onCompletedEventUser-0_{|Unlocked|}_com.android.server.wifi.scanner.WifiScanningService
05-30 18:35:18.412 D/SystemServerTimingAsync( 694): ssm.onCompletedEventUser-0_{|Unlocked|}_com.android.server.wifi.p2p.WifiP2pService
05-30 18:35:18.412 D/SystemServerTimingAsync( 694): ssm.onCompletedEventUser-0_{|Unlocked|}_com.android.server.ConnectivityServiceInitializer
05-30 18:35:18.412 D/SystemServerTimingAsync( 694): ssm.onCompletedEventUser-0_{|Unlocked|}_com.android.server.notification.NotificationManagerService
05-30 18:35:18.412 D/SystemServerTimingAsync( 694): ssm.onCompletedEventUser-0_{|Unlocked|}_com.android.server.storage.DeviceStorageMonitorService
05-30 18:35:18.412 D/SystemServerTimingAsync( 694): ssm.onCompletedEventUser-0_{|Unlocked|}_com.android.server.timedetector.TimeDetectorService$Lifecycle
05-30 18:35:18.412 D/SystemServerTimingAsync( 694): ssm.onCompletedEventUser-0_{|Unlocked|}_com.android.server.location.LocationManagerService$Lifecycle
05-30 18:35:18.412 D/SystemServerTimingAsync( 694): ssm.onCompletedEventUser-0_{|Unlocked|}_com.android.server.pm.verify.domain.DomainVerificationService
05-30 18:35:18.412 D/SystemServerTimingAsync( 694): ssm.onCompletedEventUser-0_{|Unlocked|}_com.android.server.timezonedetector.location.LocationTimeZoneManagerService$Lifecycle
05-30 18:35:18.412 D/SystemServerTimingAsync( 694): ssm.onCompletedEventUser-0_{|Unlocked|}_com.android.server.location.altitude.AltitudeService$Lifecycle
05-30 18:35:18.412 D/SystemServerTimingAsync( 694): ssm.onCompletedEventUser-0_{|Unlocked|}_com.android.server.search.SearchManagerService$Lifecycle
05-30 18:35:18.412 D/SystemServerTimingAsync( 694): ssm.onCompletedEventUser-0_{|Unlocked|}_com.android.server.wallpapereffectsgeneration.WallpaperEffectsGenerationManagerService
05-30 18:35:18.412 D/SystemServerTimingAsync( 694): ssm.onCompletedEventUser-0_{|Unlocked|}_com.android.server.audio.AudioService$Lifecycle
05-30 18:35:18.412 D/SystemServerTimingAsync( 694): ssm.onCompletedEventUser-0_{|Unlocked|}_com.android.server.soundtrigger_middleware.SoundTriggerMiddlewareService$Lifecycle
05-30 18:35:18.412 D/SystemServerTimingAsync( 694): ssm.onCompletedEventUser-0_{|Unlocked|}_com.android.server.adb.AdbService$Lifecycle
05-30 18:35:18.413 D/SystemServerTimingAsync( 694): ssm.onCompletedEventUser-0_{|Unlocked|}_com.android.server.usb.UsbService$Lifecycle
05-30 18:35:18.413 D/SystemServerTimingAsync( 694): ssm.onCompletedEventUser-0_{|Unlocked|}_com.android.server.twilight.TwilightService
05-30 18:35:18.413 D/SystemServerTimingAsync( 694): ssm.onCompletedEventUser-0_{|Unlocked|}_com.android.server.display.color.ColorDisplayService
05-30 18:35:18.413 D/SystemServerTimingAsync( 694): ssm.onCompletedEventUser-0_{|Unlocked|}_com.android.server.job.JobSchedulerService
05-30 18:35:18.413 D/SystemServerTimingAsync( 694): ssm.onCompletedEventUser-0_{|Unlocked|}_com.android.server.wallpaper.WallpaperManagerService$Lifecycle
05-30 18:35:18.413 D/SystemServerTimingAsync( 694): ssm.onCompletedEventUser-0_{|Unlocked|}_com.android.server.timezonedetector.TimeZoneDetectorService$Lifecycle
05-30 18:35:18.413 D/SystemServerTimingAsync( 694): ssm.onCompletedEventUser-0_{|Unlocked|}_com.android.server.trust.TrustManagerService
05-30 18:35:18.413 D/SystemServerTimingAsync( 694): ssm.onCompletedEventUser-0_{|Unlocked|}_com.android.server.backup.BackupManagerService$Lifecycle
05-30 18:35:18.413 D/SystemServerTimingAsync( 694): ssm.onCompletedEventUser-0_{|Unlocked|}_com.android.server.appwidget.AppWidgetService
05-30 18:35:18.413 D/SystemServerTimingAsync( 694): ssm.onCompletedEventUser-0_{|Unlocked|}_com.android.server.voiceinteraction.VoiceInteractionManagerService
05-30 18:35:18.413 D/SystemServerTimingAsync( 694): ssm.onCompletedEventUser-0_{|Unlocked|}_com.android.server.GestureLauncherService
05-30 18:35:18.413 D/SystemServerTimingAsync( 694): ssm.onCompletedEventUser-0_{|Unlocked|}_com.android.server.SensorNotificationService
05-30 18:35:18.413 D/SystemServerTimingAsync( 694): ssm.onCompletedEventUser-0_{|Unlocked|}_com.android.server.emergency.EmergencyAffordanceService
05-30 18:35:18.413 D/SystemServerTimingAsync( 694): ssm.onCompletedEventUser-0_{|Unlocked|}_com.android.server.blob.BlobStoreManagerService
05-30 18:35:18.413 D/SystemServerTimingAsync( 694): ssm.onCompletedEventUser-0_{|Unlocked|}_com.android.server.dreams.DreamManagerService
05-30 18:35:18.413 D/SystemServerTimingAsync( 694): ssm.onCompletedEventUser-0_{|Unlocked|}_com.android.server.security.AttestationVerificationManagerService
05-30 18:35:18.413 D/SystemServerTimingAsync( 694): ssm.onCompletedEventUser-0_{|Unlocked|}_com.android.server.restrictions.RestrictionsManagerService
05-30 18:35:18.413 D/SystemServerTimingAsync( 694): ssm.onCompletedEventUser-0_{|Unlocked|}_com.android.server.media.MediaSessionService
05-30 18:35:18.413 D/SystemServerTimingAsync( 694): ssm.onCompletedEventUser-0_{|Unlocked|}_com.android.server.hdmi.HdmiControlService
05-30 18:35:18.413 D/SystemServerTimingAsync( 694): ssm.onCompletedEventUser-0_{|Unlocked|}_com.android.server.tv.interactive.TvInteractiveAppManagerService
05-30 18:35:18.413 D/SystemServerTimingAsync( 694): ssm.onCompletedEventUser-0_{|Unlocked|}_com.android.server.tv.TvInputManagerService
05-30 18:35:18.413 D/SystemServerTimingAsync( 694): ssm.onCompletedEventUser-0_{|Unlocked|}_com.android.server.media.MediaResourceMonitorService
05-30 18:35:18.413 D/SystemServerTimingAsync( 694): ssm.onCompletedEventUser-0_{|Unlocked|}_com.android.server.tv.TvRemoteService
05-30 18:35:18.413 D/SystemServerTimingAsync( 694): ssm.onCompletedEventUser-0_{|Unlocked|}_com.android.server.biometrics.BiometricService
05-30 18:35:18.413 D/SystemServerTimingAsync( 694): ssm.onCompletedEventUser-0_{|Unlocked|}_com.android.server.biometrics.AuthService
05-30 18:35:18.413 D/SystemServerTimingAsync( 694): ssm.onCompletedEventUser-0_{|Unlocked|}_com.android.server.pm.ShortcutService$Lifecycle
05-30 18:35:18.413 D/SystemServerTimingAsync( 694): ssm.onCompletedEventUser-0_{|Unlocked|}_com.android.server.pm.LauncherAppsService
05-30 18:35:18.413 D/SystemServerTimingAsync( 694): ssm.onCompletedEventUser-0_{|Unlocked|}_com.android.server.pm.CrossProfileAppsService
05-30 18:35:18.413 D/SystemServerTimingAsync( 694): ssm.onCompletedEventUser-0_{|Unlocked|}_com.android.server.people.PeopleService
05-30 18:35:18.413 D/SystemServerTimingAsync( 694): ssm.onCompletedEventUser-0_{|Unlocked|}_com.android.server.media.metrics.MediaMetricsManagerService
05-30 18:35:18.413 D/SystemServerTimingAsync( 694): ssm.onCompletedEventUser-0_{|Unlocked|}_com.android.server.pm.BackgroundInstallControlService
05-30 18:35:18.413 D/SystemServerTimingAsync( 694): ssm.onCompletedEventUser-0_{|Unlocked|}_com.android.server.media.projection.MediaProjectionManagerService
05-30 18:35:18.413 D/SystemServerTimingAsync( 694): ssm.onCompletedEventUser-0_{|Unlocked|}_com.android.server.slice.SliceManagerService$Lifecycle
05-30 18:35:18.413 D/SystemServerTimingAsync( 694): ssm.onCompletedEventUser-0_{|Unlocked|}_com.android.server.stats.StatsCompanion$Lifecycle
05-30 18:35:18.413 D/SystemServerTimingAsync( 694): ssm.onCompletedEventUser-0_{|Unlocked|}_com.android.server.scheduling.RebootReadinessManagerService$Lifecycle
05-30 18:35:18.413 D/SystemServerTimingAsync( 694): ssm.onCompletedEventUser-0_{|Unlocked|}_com.android.server.stats.pull.StatsPullAtomService
05-30 18:35:18.413 D/SystemServerTimingAsync( 694): ssm.onCompletedEventUser-0_{|Unlocked|}_com.android.server.stats.bootstrap.StatsBootstrapAtomService$Lifecycle
05-30 18:35:18.413 D/SystemServerTimingAsync( 694): ssm.onCompletedEventUser-0_{|Unlocked|}_com.android.server.incident.IncidentCompanionService
05-30 18:35:18.413 D/SystemServerTimingAsync( 694): ssm.onCompletedEventUser-0_{|Unlocked|}_com.android.server.sdksandbox.SdkSandboxManagerService$Lifecycle
05-30 18:35:18.413 D/SystemServerTimingAsync( 694): ssm.onCompletedEventUser-0_{|Unlocked|}_com.android.server.adservices.AdServicesManagerService$Lifecycle
05-30 18:35:18.413 D/SystemServerTimingAsync( 694): ssm.onCompletedEventUser-0_{|Unlocked|}_com.android.server.ondevicepersonalization.OnDevicePersonalizationSystemService$Lifecycle
05-30 18:35:18.414 D/SystemServerTimingAsync( 694): ssm.onCompletedEventUser-0_{|Unlocked|}_com.android.server.autofill.AutofillManagerService
05-30 18:35:18.414 D/SystemServerTimingAsync( 694): ssm.onCompletedEventUser-0_{|Unlocked|}_com.android.server.clipboard.ClipboardService
05-30 18:35:18.414 D/SystemServerTimingAsync( 694): ssm.onCompletedEventUser-0_{|Unlocked|}_com.android.server.appbinding.AppBindingService$Lifecycle
05-30 18:35:18.414 D/SystemServerTimingAsync( 694): ssm.onCompletedEventUser-0_{|Unlocked|}_com.android.server.tracing.TracingServiceProxy
05-30 18:35:18.414 D/SystemServerTimingAsync( 694): ssm.onCompletedEventUser-0_{|Unlocked|}_com.android.server.policy.PermissionPolicyService
05-30 18:35:18.414 D/SystemServerTimingAsync( 694): ssm.onCompletedEventUser-0_{|Unlocked|}_com.android.server.pm.StagingManager$Lifecycle
05-30 18:35:18.414 D/SystemServerTimingAsync( 694): ssm.onCompletedEventUser-0_{|Unlocked|}_com.android.server.app.GameManagerService$Lifecycle
05-30 18:35:18.414 D/SystemServerTimingAsync( 694): ssm.onCompletedEventUser-0_{|Unlocked|}_com.android.safetycenter.SafetyCenterService
05-30 18:35:18.414 D/SystemServerTimingAsync( 694): ssm.onCompletedEventUser-0_{|Unlocked|}_com.android.server.appsearch.AppSearchModule$Lifecycle
05-30 18:35:18.414 D/SystemServerTimingAsync( 694): ssm.onCompletedEventUser-0_{|Unlocked|}_com.android.server.media.MediaCommunicationService
05-30 18:35:18.414 D/SystemServerTimingAsync( 694): ssm.onCompletedEventUser-0_{|Unlocked|}_com.android.server.compat.overrides.AppCompatOverridesService$Lifecycle
05-30 18:35:18.414 D/SystemServerTimingAsync( 694): ssm.onCompletedEventUser-0_{|Unlocked|}_com.android.server.healthconnect.HealthConnectManagerService
05-30 18:35:18.414 D/SystemServerTimingAsync( 694): ssm.onCompletedEventUser-0_{|Unlocked|}_com.android.server.devicelock.DeviceLockService
05-30 18:35:18.414 D/SystemServerTimingAsync( 694): ssm.onCompletedEventUser-0_{|Unlocked|}_com.android.server.soundtrigger.SoundTriggerService
05-30 18:35:18.344 I/init ( 2233): type=1400 audit(0.0:953): avc: denied { execute_no_trans } for path="/vendor/bin/led_switch.sh" dev="dm-11" ino=331701 scontext=u:r:init:s0 tcontext=u:object_r:vendor_file:s0 tclass=file permissive=1
05-30 18:35:18.424 I/led_switch.sh( 2233): type=1400 audit(0.0:954): avc: denied { write } for name="led_swith.txt" dev="dm-50" ino=349 scontext=u:r:init:s0 tcontext=u:object_r:shell_data_file:s0 tclass=file permissive=1 bug=b/77873135
05-30 18:35:18.435 V/GraphicsEnvironment( 2210): Currently set values for:
05-30 18:35:18.438 V/GraphicsEnvironment( 2210): angle_gl_driver_selection_pkgs=[]
05-30 18:35:18.438 V/GraphicsEnvironment( 2210): angle_gl_driver_selection_values=[]
05-30 18:35:18.442 V/GraphicsEnvironment( 2210): ANGLE GameManagerService for com.android.externalstorage: false
05-30 18:35:18.442 V/GraphicsEnvironment( 2210): com.android.externalstorage is not listed in per-application setting
05-30 18:35:18.424 I/led_switch.sh( 2233): type=1400 audit(0.0:955): avc: denied { open } for path="/data/local/tmp/led_swith.txt" dev="dm-50" ino=349 scontext=u:r:init:s0 tcontext=u:object_r:shell_data_file:s0 tclass=file permissive=1 bug=b/77873135
05-30 18:35:18.452 I/UsbFfs-monitor( 1383): type=1400 audit(0.0:956): avc: denied { use } for path="anon_inode:[eventfd]" dev="anon_inodefs" ino=10204 scontext=u:r:su:s0 tcontext=u:r:adbd:s0 tclass=fd permissive=1
05-30 18:35:18.452 I/adbd ( 1383): type=1400 audit(0.0:957): avc: denied { write } for path="socket:[34011]" dev="sockfs" ino=34011 scontext=u:r:su:s0 tcontext=u:r:adbd:s0 tclass=unix_stream_socket permissive=1
05-30 18:35:18.445 D/xm_audio( 477): socket_thread start
05-30 18:35:18.445 D/xm_audio( 477): create socket g_is_running4
05-30 18:35:18.445 D/XM_HIDREAD( 1976): Client connected.
05-30 18:35:18.446 D/XM_HIDREAD( 1976): accept before.
05-30 18:35:18.446 D/xm_audio( 477): create socket g_is_running5
05-30 18:35:18.446 E/xm_audio( 477): so socket connect suc
05-30 18:35:18.446 D/xm_audio( 477): data_thread start
05-30 18:35:18.446 V/GraphicsEnvironment( 2210): Neither updatable production driver nor prerelease driver is supported.
05-30 18:35:18.461 I/DrmHalHidl( 2090): No hidl drm factories found
05-30 18:35:18.461 I/hwservicemanager( 234): getTransport: Cannot find entry android.hardware.drm@1.0::IDrmFactory/default in either framework or device VINTF manifest.
05-30 18:35:18.461 E/DrmHalHidl( 2090): Failed to find passthrough drm factories
05-30 18:35:18.464 I/DrmUtils( 2090): found IDrmFactory. Instance name:[android.hardware.drm.IDrmFactory/clearkey]
05-30 18:35:18.464 I/DrmUtils( 2090): found IDrmFactory. Instance name:[android.hardware.drm.IDrmFactory/widevine]
05-30 18:35:18.466 I/WVCdm-DrmFactory( 516): [app][com.android.rkpdapp] calling virtual ::ndk::ScopedAStatus wvdrm::hardware::drm::widevine::WVDrmFactory::createDrmPlugin(const Uuid &, const string &, std::shared_ptr< ::aidl::android::hardware::drm::IDrmPlugin> *)
05-30 18:35:18.467 D/WVCdm ( 516): Instantiating CDM metrics queue
05-30 18:35:18.467 D/WVCdm ( 516): Instantiating CDM.
05-30 18:35:18.469 D/XM_HIDREAD( 1976): handle_client start.
05-30 18:35:18.472 D/ExternalStorage( 2210): After updating volumes, found 1 active roots
05-30 18:35:18.477 D/OomAdjuster( 694): Not killing cached processes
05-30 18:35:18.480 I/ActivityManager( 694): com.oranth.usbopenft is exempt from freezer
05-30 18:35:18.480 D/CompatibilityChangeReporter( 694): Compat change id reported: 135634846; UID 1000; state: DISABLED
05-30 18:35:18.487 E/HigherBroadcastServer( 1432): {"bluetoothBoot":false,"bluetoothController":false,"bluetoothMac":"1C:79:2D:20:62:B6","deviceModel":"DBBOX-A3","deviceModelNumber":"H5P464","deviceName":"客厅的当贝盒子","findController":1,"hostName":"192.168.3.222","inetAddress":"192.168.3.222","mac":"20:02:FE:19:C2:49","port":6689,"romCode":5007,"romVersion":"5.0.0.7","wifiMac":"1C:79:2D:20:62:B5","deviceId":"6f215fe5923ef04ed4749210af2b76b9","sn":"DZOH5P8251918026"}
05-30 18:35:18.488 W/NsdServiceInfo( 1432): Key lengths > 9 are discouraged: deviceModel
05-30 18:35:18.488 W/NsdServiceInfo( 1432): Key lengths > 9 are discouraged: deviceModelNumber
05-30 18:35:18.488 W/NsdServiceInfo( 1432): Key lengths > 9 are discouraged: deviceName
05-30 18:35:18.488 W/NsdServiceInfo( 1432): Key lengths > 9 are discouraged: romVersion
05-30 18:35:18.488 W/NsdServiceInfo( 1432): Key lengths > 9 are discouraged: findController
05-30 18:35:18.502 D/WVCdm ( 516): [cdm_engine.cpp(581):QueryStatus] security_level = Default, query_token = WidevineCdmVersion
05-30 18:35:18.515 I/WVCdm ( 516): [file_utils.cpp(38):Exists] stat failed: ENOENT
05-30 18:35:18.516 I/WVCdm ( 516): [oemcrypto_adapter_dynamic.cpp(783):Initialize] Level 3 Build Info (v18): {"soc_vendor":"L3_34136","soc_model":"ARM 32 bit","ta_ver":"18.1.0+May 15 2024_23:17:25_","uses_opk":false,"tee_os":"none","tee_os_ver":"0.0.0","form_factor":"L3","implementer":"Widevine","fused":false}
05-30 18:35:18.522 D/ExternalStorage( 2210): After updating volumes, found 1 active roots
05-30 18:35:18.532 D/ExternalStorage( 2210): After updating volumes, found 1 active roots
05-30 18:35:18.533 I/WVCdm ( 516): [(0):] Level3 Library 34136 May 15 2024 23:17:25
05-30 18:35:18.542 D/TrafficStats( 1432): tagSocket(93) with statsTag=0xffffffff, statsUid=-1
05-30 18:35:18.556 D/TrafficStats( 1498): tagSocket(127) with statsTag=0xffffffff, statsUid=-1
05-30 18:35:18.557 D/TrafficStats( 1498): tagSocket(134) with statsTag=0xffffffff, statsUid=-1
05-30 18:35:18.568 D/TrafficStats( 1432): tagSocket(94) with statsTag=0xffffffff, statsUid=-1
05-30 18:35:18.572 D/TrafficStats( 1498): tagSocket(157) with statsTag=0xffffffff, statsUid=-1
05-30 18:35:18.573 D/TrafficStats( 1432): tagSocket(96) with statsTag=0xffffffff, statsUid=-1
05-30 18:35:18.574 D/TrafficStats( 1728): tagSocket(164) with statsTag=0xffffffff, statsUid=-1
05-30 18:35:18.574 D/TrafficStats( 1432): tagSocket(95) with statsTag=0xffffffff, statsUid=-1
05-30 18:35:18.575 D/Zygote ( 465): Forked child process 2282
05-30 18:35:18.576 W/ActivityManager( 694): Slow operation: 96ms so far, now at startProcess: returned from zygote!
05-30 18:35:18.576 W/ActivityManager( 694): Slow operation: 96ms so far, now at startProcess: done updating battery stats
05-30 18:35:18.576 W/ActivityManager( 694): Slow operation: 96ms so far, now at startProcess: building log message
05-30 18:35:18.576 I/ActivityManager( 694): Start proc 2282:com.oranth.usbopenft/1000 for broadcast {com.oranth.usbopenft/com.oranth.usbopenft.UsbReceiver}
05-30 18:35:18.576 W/ActivityManager( 694): Slow operation: 97ms so far, now at startProcess: starting to update pids map
05-30 18:35:18.576 W/ActivityManager( 694): Slow operation: 97ms so far, now at startProcess: done updating pids map
05-30 18:35:18.579 D/CompatibilityChangeReporter( 2155): Compat change id reported: 160794467; UID 10027; state: DISABLED
05-30 18:35:18.582 I/serviceDiscovery( 694): [MdnsSocketProvider] Start monitoring sockets.
05-30 18:35:18.584 D/TrafficStats( 1498): tagSocket(192) with statsTag=0xffffffff, statsUid=-1
05-30 18:35:18.584 D/TrafficStats( 1498): tagSocket(196) with statsTag=0xffffffff, statsUid=-1
05-30 18:35:18.582 I/TetheringManager( 694): registerTetheringEventCallback caller:android
05-30 18:35:18.585 D/ConnectivityService( 694): NetReassign [no changes] [c 0] [a 0] [i 1]
05-30 18:35:18.586 I/serviceDiscovery( 694): [MdnsAdvertiser] Adding service name: 192.168.3.222, type: _db_controller._tcp, hostAddresses: /192.168.3.222, port: 6689, network: null, txtRecord: deviceModel=DBBOX-A3romVersion=5.0.0.7findController=1sn=DZOH5P8251918026mac=20:02:FE:19:C2:49 deviceName=客厅的当贝盒子)deviceId=6f215fe5923ef04ed4749210af2b76b9deviceModelNumber=H5P464 romCode=5007 with ID 2 and subtype null
05-30 18:35:18.614 I/Zygote ( 2282): seccomp disabled by setenforce 0
05-30 18:35:18.622 I/ranth.usbopenft( 2282): Using CollectorTypeCC GC.
05-30 18:35:18.641 E/ranth.usbopenft( 2282): Not starting debugger since process cannot load the jdwp agent.
05-30 18:35:18.652 D/CompatibilityChangeReporter( 949): Compat change id reported: 186082280; UID 10052; state: ENABLED
05-30 18:35:18.659 D/TrafficStats( 694): tagSocket(427) with statsTag=0xffffffff, statsUid=-1
05-30 18:35:18.659 E/hq ( 1498): WeatherRefresh:::请求网络地址后,更新的地理位置为:101280601
05-30 18:35:18.702 I/WVCdm ( 516): [oemcrypto_adapter_dynamic.cpp(797):Initialize] L3 Initialized. Trying L1.
05-30 18:35:18.703 W/WVCdm ( 516): [oemcrypto_adapter_dynamic.cpp(810):Initialize] Could not load oemcrypto from path liboemcrypto.so. dlopen failed: library "liboemcrypto.so" not found
05-30 18:35:18.703 W/WVCdm ( 516): [oemcrypto_adapter_dynamic.cpp(814):Initialize] Could not load oemcrypto. Falling back to L3.
05-30 18:35:18.703 E/WVCdm ( 516): [oemcrypto_adapter_dynamic.cpp(1271):ValidateOrInstallL1KeyboxOrCert] L1 not initialized. Falling back to L3
05-30 18:35:18.703 I/WVCdm ( 516): [file_utils.cpp(38):Exists] stat failed: ENOENT
05-30 18:35:18.703 W/WVCdm ( 516): [oemcrypto_adapter_dynamic.cpp(1470):OEMCrypto_InitializeAndCheckKeybox] Keybox error: 25. Falling back to L3.
05-30 18:35:18.703 I/WVCdm ( 516): [oemcrypto_adapter_dynamic.cpp(846):Level1Terminate] L1 Terminate not needed
05-30 18:35:18.703 D/WVCdm ( 516): [crypto_session.cpp(472):CacheVersion] OEMCrypto version (default security level): 18.1
05-30 18:35:18.703 D/WVCdm ( 516): [crypto_session.cpp(481):CacheVersion] OEMCrypto version (L3 security level): 18.1
05-30 18:35:18.706 D/TrafficStats( 1711): tagSocket(179) with statsTag=0xffffffff, statsUid=-1
05-30 18:35:18.717 D/WVCdm ( 516): [cdm_engine.cpp(581):QueryStatus] security_level = Default, query_token = ProvisioningModel
05-30 18:35:18.717 D/CompatibilityChangeReporter( 694): Compat change id reported: 168419799; UID 1000; state: DISABLED
05-30 18:35:18.717 I/RkpdWidevine( 2090): Not a WV provisioning 4.0 device. No provisioning required.
05-30 18:35:18.718 D/CompatibilityChangeReporter( 694): Compat change id reported: 273564678; UID 1000; state: DISABLED
05-30 18:35:18.726 D/statsd_drm( 610): statsd_mediadrm skipping empty entry
05-30 18:35:18.727 D/CompatibilityChangeReporter( 2155): Compat change id reported: 194532703; UID 10027; state: DISABLED
05-30 18:35:18.727 D/CompatibilityChangeReporter( 2155): Compat change id reported: 253665015; UID 10027; state: DISABLED
05-30 18:35:18.727 D/TrafficStats( 1711): tagSocket(180) with statsTag=0xffffffff, statsUid=-1
05-30 18:35:18.730 I/WVCdm ( 516): [(0):] L3 Terminate.
05-30 18:35:18.730 I/WM-WorkerWrapper( 2090): Worker result SUCCESS for Work [ id=90d07dd9-36ca-4693-b664-1b803f957622, tags={ com.android.rkpdapp.provisioner.WidevineProvisioner, WidevineProvisioner } ]
05-30 18:35:18.754 D/CompatibilityChangeReporter( 694): Compat change id reported: 271850009; UID 10027; state: DISABLED
05-30 18:35:18.754 D/CompatibilityChangeReporter( 694): Compat change id reported: 253665015; UID 10027; state: DISABLED
05-30 18:35:18.755 D/CompatibilityChangeReporter( 694): Compat change id reported: 194532703; UID 10027; state: DISABLED
05-30 18:35:18.756 D/ConnectivityService( 694): requestNetwork for uid/pid:1000/694 asUid: 10027 activeRequest: null callbackRequest: 49 [NetworkRequest [ REQUEST id=50, [ Capabilities: INTERNET&NOT_RESTRICTED&TRUSTED&NOT_VCN_MANAGED Uid: 10027 RequestorUid: 1000 RequestorPkg: android UnderlyingNetworks: Null] ]] callback flags: 0 order: 2147483647
05-30 18:35:18.757 D/WifiNetworkFactory( 694): got request NetworkRequest [ REQUEST id=50, [ Capabilities: INTERNET&NOT_RESTRICTED&TRUSTED&NOT_VCN_MANAGED Uid: 10027 RequestorUid: 1000 RequestorPkg: android UnderlyingNetworks: Null] ]
05-30 18:35:18.757 D/UntrustedWifiNetworkFactory( 694): got request NetworkRequest [ REQUEST id=50, [ Capabilities: INTERNET&NOT_RESTRICTED&TRUSTED&NOT_VCN_MANAGED Uid: 10027 RequestorUid: 1000 RequestorPkg: android UnderlyingNetworks: Null] ]
05-30 18:35:18.757 D/OemPaidWifiNetworkFactory( 694): got request NetworkRequest [ REQUEST id=50, [ Capabilities: INTERNET&NOT_RESTRICTED&TRUSTED&NOT_VCN_MANAGED Uid: 10027 RequestorUid: 1000 RequestorPkg: android UnderlyingNetworks: Null] ]
05-30 18:35:18.757 D/MultiInternetWifiNetworkFactory( 694): got request NetworkRequest [ REQUEST id=50, [ Capabilities: INTERNET&NOT_RESTRICTED&TRUSTED&NOT_VCN_MANAGED Uid: 10027 RequestorUid: 1000 RequestorPkg: android UnderlyingNetworks: Null] ]
05-30 18:35:18.757 D/ConnectivityService( 694): NetReassign [50 : null → 100] [c 1] [a 0] [i 1]
05-30 18:35:18.769 D/CompatibilityChangeReporter( 2282): Compat change id reported: 171979766; UID 1000; state: ENABLED
05-30 18:35:18.770 D/CompatibilityChangeReporter( 2282): Compat change id reported: 242716250; UID 1000; state: ENABLED
05-30 18:35:18.770 I/BroadcastQueue( 694): BOOT_COMPLETED_BROADCAST_COMPLETION_LATENCY_REPORTED action:android.intent.action.BOOT_COMPLETED dispatchLatency:-23431 completeLatency:5367 dispatchRealLatency:-23431 completeRealLatency:5367 receiversSize:39 userId:0 userType:android.os.usertype.full.SYSTEM
05-30 18:35:18.773 I/ActivityManager( 694): Finished processing BOOT_COMPLETED for u0
05-30 18:35:18.815 D/nativeloader( 2282): Configuring clns-shared-4 for other apk /system/app/UsbOpenFT/UsbOpenFT.apk. target_sdk_version=35, uses_libraries=, library_path=/system/app/UsbOpenFT/lib/arm:/system/app/UsbOpenFT/UsbOpenFT.apk!/lib/armeabi-v7a:/system/lib:/system_ext/lib, permitted_path=/data:/mnt/expand:/data/user/0/com.oranth.usbopenft:/system/app/UsbOpenFT:/system/lib:/system_ext/lib
05-30 18:35:18.845 V/GraphicsEnvironment( 2282): Currently set values for:
05-30 18:35:18.845 V/GraphicsEnvironment( 2282): angle_gl_driver_selection_pkgs=[]
05-30 18:35:18.845 V/GraphicsEnvironment( 2282): angle_gl_driver_selection_values=[]
05-30 18:35:18.846 V/GraphicsEnvironment( 2282): ANGLE GameManagerService for com.oranth.usbopenft: false
05-30 18:35:18.846 V/GraphicsEnvironment( 2282): com.oranth.usbopenft is not listed in per-application setting
05-30 18:35:18.846 V/GraphicsEnvironment( 2282): Neither updatable production driver nor prerelease driver is supported.
05-30 18:35:18.888 D/ConnectivityService( 694): requestNetwork for uid/pid:10027/2155 activeRequest: null callbackRequest: 51 [NetworkRequest [ REQUEST id=52, [ Capabilities: INTERNET&NOT_RESTRICTED&TRUSTED&NOT_VCN_MANAGED Uid: 10027 RequestorUid: 10027 RequestorPkg: com.android.statementservice UnderlyingNetworks: Null] ]] callback flags: 0 order: 2147483647
05-30 18:35:18.892 D/WifiNetworkFactory( 694): got request NetworkRequest [ REQUEST id=52, [ Capabilities: INTERNET&NOT_RESTRICTED&TRUSTED&NOT_VCN_MANAGED Uid: 10027 RequestorUid: 10027 RequestorPkg: com.android.statementservice UnderlyingNetworks: Null] ]
05-30 18:35:18.893 D/UntrustedWifiNetworkFactory( 694): got request NetworkRequest [ REQUEST id=52, [ Capabilities: INTERNET&NOT_RESTRICTED&TRUSTED&NOT_VCN_MANAGED Uid: 10027 RequestorUid: 10027 RequestorPkg: com.android.statementservice UnderlyingNetworks: Null] ]
05-30 18:35:18.893 D/ConnectivityService( 694): NetReassign [52 : null → 100] [c 1] [a 2] [i 1]
05-30 18:35:18.893 D/OemPaidWifiNetworkFactory( 694): got request NetworkRequest [ REQUEST id=52, [ Capabilities: INTERNET&NOT_RESTRICTED&TRUSTED&NOT_VCN_MANAGED Uid: 10027 RequestorUid: 10027 RequestorPkg: com.android.statementservice UnderlyingNetworks: Null] ]
05-30 18:35:18.893 D/MultiInternetWifiNetworkFactory( 694): got request NetworkRequest [ REQUEST id=52, [ Capabilities: INTERNET&NOT_RESTRICTED&TRUSTED&NOT_VCN_MANAGED Uid: 10027 RequestorUid: 10027 RequestorPkg: com.android.statementservice UnderlyingNetworks: Null] ]
05-30 18:35:18.896 D/AppManager( 1498): checkLocalAppsIsValid:
05-30 18:35:18.904 E/hq ( 1498): CrashHandler:::图片加载异常 message=Failed to load resource
05-30 18:35:18.904 E/hq ( 1498): model=
05-30 18:35:18.904 E/hq ( 1498): target=Target for: com.dangbei.palaemon.layout.DBImageView{a975248 V.ED..... ........ 0,0-410,580}
05-30 18:35:18.907 D/CompatibilityChangeReporter( 2155): Compat change id reported: 263076149; UID 10027; state: DISABLED
05-30 18:35:18.938 I/WM-WorkerWrapper( 2155): Worker result SUCCESS for Work [ id=697083e8-296c-4b8d-a018-c32f44b44dc8, tags={ com.android.statementservice.domain.worker.RetryRequestWorker } ]
05-30 18:35:18.949 W/JobScheduler( 694): Job didn't exist in JobStore: 54adc88 #u0a27/28 com.android.statementservice/androidx.work.impl.background.systemjob.SystemJobService
05-30 18:35:19.002 D/AppManager( 1498): checkLocalAppsIsValid: success
05-30 18:35:19.073 I/dangbei ad sdk( 1498): AdSplashView::show offline ad
05-30 18:35:19.081 I/okhttp.OkHttpClient( 1432): <-- 200 OK http://tyapi.qun7.com/v1/core/launcherota (745ms, unknown-length body)
05-30 18:35:19.086 E/hq ( 1498): 当小贝:::message list add complete data.messageList:[]
05-30 18:35:19.086 E/hq ( 1498): data.tabList=[]
05-30 18:35:19.086 I/hq ( 1498): 当小贝:::showMessage from=requestGetMessageRemind
05-30 18:35:19.088 I/hq ( 1498): 当小贝:::showMessage 没有消息需要显示
05-30 18:35:19.090 E/ccc ( 1432): cccccc launcher ota response is BaseResponse{message='success', data=UpgradeInfoEntity{contentLength=0, versionName='', versionCode=0, remark='', list=[]}, code=0}
05-30 18:35:19.091 W/System.err( 1432): java.lang.IndexOutOfBoundsException: Index 0 out of bounds for length 0
05-30 18:35:19.091 W/System.err( 1432): at jdk.internal.util.Preconditions.outOfBounds(Preconditions.java:64)
05-30 18:35:19.091 W/System.err( 1432): at jdk.internal.util.Preconditions.outOfBoundsCheckIndex(Preconditions.java:70)
05-30 18:35:19.091 W/System.err( 1432): at jdk.internal.util.Preconditions.checkIndex(Preconditions.java:266)
05-30 18:35:19.091 W/System.err( 1432): at java.util.Objects.checkIndex(Objects.java:359)
05-30 18:35:19.091 W/System.err( 1432): at java.util.ArrayList.get(ArrayList.java:434)
05-30 18:35:19.091 W/System.err( 1432): at com.dangbei.etna.update.launcher.LauncherUpdateHelper$requestLauncherUpdateInfo$1$2.invoke(LauncherUpdateHelper.kt:198)
05-30 18:35:19.091 W/System.err( 1432): at com.dangbei.etna.update.launcher.LauncherUpdateHelper$requestLauncherUpdateInfo$1$2.invoke(LauncherUpdateHelper.kt:189)
05-30 18:35:19.091 W/System.err( 1432): at com.etna.haqu.support.ext.FlowExtKt$safeCollect$3.emit(FlowExt.kt:52)
05-30 18:35:19.091 W/System.err( 1432): at kotlinx.coroutines.flow.FlowKt__ErrorsKt$catchImpl$2.emit(Errors.kt:158)
05-30 18:35:19.091 W/System.err( 1432): at kotlinx.coroutines.flow.FlowKt__ChannelsKt.emitAllImpl$FlowKt__ChannelsKt(Channels.kt:62)
05-30 18:35:19.091 W/System.err( 1432): at kotlinx.coroutines.flow.FlowKt__ChannelsKt.access$emitAllImpl$FlowKt__ChannelsKt(Channels.kt:1)
05-30 18:35:19.091 W/System.err( 1432): at kotlinx.coroutines.flow.FlowKt__ChannelsKt$emitAllImpl$1.invokeSuspend(Unknown Source:14)
05-30 18:35:19.091 W/System.err( 1432): at kotlin.coroutines.jvm.internal.BaseContinuationImpl.resumeWith(ContinuationImpl.kt:33)
05-30 18:35:19.091 W/System.err( 1432): at kotlinx.coroutines.DispatchedTask.run(DispatchedTask.kt:106)
05-30 18:35:19.091 W/System.err( 1432): at android.os.Handler.handleCallback(Handler.java:958)
05-30 18:35:19.091 W/System.err( 1432): at android.os.Handler.dispatchMessage(Handler.java:99)
05-30 18:35:19.091 W/System.err( 1432): at android.os.Looper.loopOnce(Looper.java:205)
05-30 18:35:19.091 W/System.err( 1432): at android.os.Looper.loop(Looper.java:294)
05-30 18:35:19.091 W/System.err( 1432): at android.app.ActivityThread.main(ActivityThread.java:8255)
05-30 18:35:19.091 W/System.err( 1432): at java.lang.reflect.Method.invoke(Native Method)
05-30 18:35:19.091 W/System.err( 1432): at com.android.internal.os.RuntimeInit$MethodAndArgsCaller.run(RuntimeInit.java:552)
05-30 18:35:19.091 W/System.err( 1432): at com.android.internal.os.ZygoteInit.main(ZygoteInit.java:978)
05-30 18:35:19.094 E/ccc ( 1432): cccccc com.dangbei.haqusetting not connect
05-30 18:35:19.094 E/ccc ( 1432): cccccc updateHelper 通知更新
05-30 18:35:19.148 E/martin ( 1498): 组件:2025-05-30
05-30 18:35:19.149 D/AppManager( 1498): checkLocalAppsIsValid: success
05-30 18:35:19.152 E/weatherWidget( 1498): dataChange:Fri May 30 18:35:19 GMT+08:00 2025
05-30 18:35:19.162 I/d.leradlauncher( 1498): NativeAlloc concurrent copying GC freed 460382(35MB) AllocSpace objects, 81(12MB) LOS objects, 49% free, 9021KB/17MB, paused 227us,431us total 195.335ms
05-30 18:35:19.182 W/d.leradlauncher( 1498): ApkAssets: Deleting an ApkAssets object ' and /product/app/webview/webview.apk' with 1 weak references
05-30 18:35:19.184 W/d.leradlauncher( 1498): ApkAssets: Deleting an ApkAssets object ' and /system/app/dangbei-steward/dangbei-steward.apk' with 1 weak references
05-30 18:35:19.184 W/d.leradlauncher( 1498): ApkAssets: Deleting an ApkAssets object ' and /system/app/dangbei-file-manager/dangbei-file-manager.apk' with 1 weak references
05-30 18:35:19.184 W/d.leradlauncher( 1498): ApkAssets: Deleting an ApkAssets object ' and /system/app/dangbei-media-player/dangbei-media-player.apk' with 1 weak references
05-30 18:35:19.185 W/d.leradlauncher( 1498): ApkAssets: Deleting an ApkAssets object ' and /system/app/dangbei-screencast/dangbei-screencast.apk' with 1 weak references
05-30 18:35:19.185 W/d.leradlauncher( 1498): ApkAssets: Deleting an ApkAssets object ' and /system/app/dangbei-feedback/dangbei-feedback.apk' with 1 weak references
05-30 18:35:19.185 W/d.leradlauncher( 1498): ApkAssets: Deleting an ApkAssets object ' and /system/app/dangbei-setting/dangbei-setting.apk' with 1 weak references
05-30 18:35:19.435 I/serviceDiscovery( 694): [MdnsAdvertiser.wlan0] Probing finished for service 2
05-30 18:35:19.438 D/LanCommander( 1432): com.dangbei.andes.bean.RegistrationData@fe9bfbc----------------onServiceRegistered
05-30 18:35:19.557 I/ThermalService( 963): CPU temperatures: [56.2]
05-30 18:35:19.584 I/okhttp.OkHttpClient( 1432): <-- 200 OK http://tymsgapi.qun7.com/v1/core/logip (1255ms, 81-byte body)
05-30 18:35:19.585 I/okhttp.OkHttpClient( 1432): <-- 200 OK http://tymsgapi.qun7.com/v1/core/rom (1224ms, unknown-length body)
05-30 18:35:19.587 I/HttpUtil( 1432): success
05-30 18:35:19.584 I/UsbFfs-monitor( 1383): type=1400 audit(0.0:984): avc: denied { use } for path="anon_inode:[eventfd]" dev="anon_inodefs" ino=10204 scontext=u:r:su:s0 tcontext=u:r:adbd:s0 tclass=fd permissive=1
05-30 18:35:19.584 I/adbd ( 1383): type=1400 audit(0.0:985): avc: denied { write } for path="socket:[34011]" dev="sockfs" ino=34011 scontext=u:r:su:s0 tcontext=u:r:adbd:s0 tclass=unix_stream_socket permissive=1
05-30 18:35:19.584 I/adbd ( 1383): type=1400 audit(0.0:986): avc: denied { read } for path="socket:[34012]" dev="sockfs" ino=34012 scontext=u:r:su:s0 tcontext=u:r:adbd:s0 tclass=unix_stream_socket permissive=1
05-30 18:35:19.592 I/okhttp.OkHttpClient( 1432): <-- 200 OK http://tymsgapi.qun7.com/v1/core/appupdate (1182ms, unknown-length body)
05-30 18:35:19.598 E/ccc ( 1432): cccccc requestOtaInfo result BaseResponse{message='success', data=OtaUpdateBean{downloadId='3859', updateType=1, romVersionName='5.0.0.7', romCode=66666, current=0, romMd5v='e5fc8d9a29132ffd8efdc3842c3c35a5', romLength=1107791189, romSize='1.0 GB', downUrl='http://dl.qun7.com/H5/H5Pro/5.0.0.6-20250530-wsyv%20/user_H5P_S905X5M_20250529_3-ota.zip', reUrl='http://dl.v5tv.com/H5/H5Pro/5.0.0.6-20250530-wsyv%20/user_H5P_S905X5M_20250529_3-ota.zip', reUrl2='http://dl.tymcdn.com/H5/H5Pro/5.0.0.6-20250530-wsyv%20/user_H5P_S905X5M_20250529_3-ota.zip', tempUrl='null', remark='30号早上9点配置OTA升级
05-30 18:35:19.598 E/ccc ( 1432): 固件时间:29号晚上10点
05-30 18:35:19.598 E/ccc ( 1432): 更新信息:
05-30 18:35:19.598 E/ccc ( 1432): user_H5P_S905X5M_20250529_3
05-30 18:35:19.598 E/ccc ( 1432): 链接: https://pan.baidu.com/s/13dvHYrF9ktJxYMb1qkA6TA?pwd=wsyv 提取码: wsyv
05-30 18:35:19.598 E/ccc ( 1432): 1.修复深度清理卡死log异常 对应Redmine bug 10
05-30 18:35:19.598 E/ccc ( 1432): 2.47981 47937对应相关禅道bug
05-30 18:35:19.598 E/ccc ( 1432): 对应Redmine bug #29 #19 #78 #52 #27 #26
05-30 18:35:19.598 E/ccc ( 1432): 加油,各位老表,干完今天回家过端午', status=idle, progress=0.0, filterMac=[], localPath='null', popup=1, isPaused=false, cancelled=false, extraInfo='null'}, code=0}
05-30 18:35:19.601 E/ccc ( 1432): cccccc com.dangbei.haqusetting not connect
05-30 18:35:19.601 E/ccc ( 1432): cccccc updateHelper 通知更新
05-30 18:35:19.601 E/ccc ( 1432): cccccc OtaUpdateHelper 普通更新 1
05-30 18:35:19.623 D/TrafficStats( 1498): tagSocket(134) with statsTag=0xffffffff, statsUid=-1
05-30 18:35:19.604 I/lerad.etna.haqu( 1432): type=1400 audit(0.0:987): avc: denied { read } for name="cache" dev="dm-8" ino=95 scontext=u:r:system_app:s0 tcontext=u:object_r:cache_file:s0 tclass=lnk_file permissive=1
05-30 18:35:19.632 I//apex/com.android.adbd/bin/adbd( 1383): type=1400 audit(0.0:988): avc: denied { dac_read_search } for comm=75736220666673206F70656E capability=2 scontext=u:r:su:s0 tcontext=u:r:su:s0 tclass=capability permissive=1
05-30 18:35:19.976 I/WifiHAL ( 501): call wifi_get_link_stats handler
05-30 18:35:19.976 I/WifiHAL ( 501): Creating message to get link statistics; iface = 16
05-30 18:35:19.977 D/WifiHAL ( 501): error code -95 mapped to -3
05-30 18:35:19.977 E/WifiStaIfaceAidlImpl( 694): getLinkLayerStats failed with service-specific exception: android.os.ServiceSpecificException: (code 4)
05-30 18:35:19.994 D/InstantWifi( 694): Receive Wifi is connected, freq = 5745 and currentNetworkId : 0, wifiinfo = SSID: , BSSID: 02:00:00:00:00:00, MAC: 02:00:00:00:00:00, IP: /192.168.3.222, Security type: 2, Supplicant state: COMPLETED, Wi-Fi standard: 6, RSSI: -60, Link speed: 1200Mbps, Tx Link speed: 1200Mbps, Max Supported Tx Link speed: 1200Mbps, Rx Link speed: 272Mbps, Max Supported Rx Link speed: 1200Mbps, Frequency: 5745MHz, Net ID: -1, Metered hint: false, score: 60, isUsable: true, CarrierMerged: false, SubscriptionId: -1, IsPrimary: 1, Trusted: true, Restricted: false, Ephemeral: false, OEM paid: false, OEM private: false, OSU AP: false, FQDN: , Provider friendly name: , Requesting package name: MLO Information: , Is TID-To-Link negotiation supported by the AP: false, AP MLD Address: , AP MLO Link Id: , AP MLO Affiliated links:
05-30 18:35:19.994 D/TrafficStats( 1498): tagSocket(127) with statsTag=0xffffffff, statsUid=-1
05-30 18:35:19.994 D/XHttpObservable( 1711): createNetWorkObservable subscribe: ShowMessageEntity{code=0, data=TipEntity{movieType=[我想看喜剧片, 动作片, 枪战片], movie=[庆余年, 误杀, 美丽人生, 爆笑虫子, 哪吒, 小猪佩奇, 胡歌的电视剧, 张艺谋导演的电影, 切换到1080P, 收藏], appController=[打开当贝市场, 下载哈趣影视, 爱奇艺, 卸载腾讯视频], weather=[今天的天气, 未来五天的天气, 杭州天气怎么样, 明天下不下雨], music=[我要听歌, 周杰伦的歌, 上一首, 下一首, 快进一分钟, 暂停], liveAppDownload='非常抱歉,根据监管部门政策管理要求,暂不提供相应服务。', subscreen=null, wakeUpVoiceResponse=[ProbabilityEntity{word='在呢', probability=30}, ProbabilityEntity{word='我在', probability=35}, ProbabilityEntity{word='你说', probability=15}, ProbabilityEntity{word='来啦', probability=20}], unrecognizedVoiceResponse=[ProbabilityEntity{word='可以再说一遍么', probability=45}, ProbabilityEntity{word='可以说的详细一点么', probability=30}, ProbabilityEntity{word='请问有什么可以帮您', probability=25}], notUnderstandVoiceResponse=[ProbabilityEntity{word='换个说法试试吧', probability=100}]}, message='success'} ,,, isDisposed = false
05-30 18:35:19.998 D/XHttpObservable( 1711): createNetWorkObservable subscribe: MediaControlEntity{code=0, data=PageEntity{list=[ContentEntity{packageName='com.dangbei.leard.leradlauncher', activityName='FilmDetailActivity'}, ContentEntity{packageName='com.dangbei.leard.leradlauncher', activityName='FullScreenDetailActivity'}, ContentEntity{packageName='com.dangbei.leard.leradlauncher', activityName='TencentSportActivity'}, ContentEntity{packageName='com.dangbei.leradVideoPlugins', activityName='FilmDetailActivity'}, ContentEntity{packageName='com.dangbei.leradVideoPlugins', activityName='FullScreenDetailActivity'}, ContentEntity{packageName='com.dangbei.leradVideoPlugins', activityName='TencentSportActivity'}, ContentEntity{packageName='com.dangbei.leradVideoPlugins', activityName='ShortPlayActivity'}, ContentEntity{packageName='com.dangbei.hqmedia', activityName='FilmDetailActivity'}, ContentEntity{packageName='com.dangbei.hqmedia', activityName='FullScreenDetailActivity'}, ContentEntity{packageName='com.dangbei.leradVideoPlugins', activityName='MangoMediaActivity'}, ContentEntity{packageName='com.dangbei.leradVideoPlugins', activityName='VcinemaActivity'}]}, message='success'} ,,, isDisposed = false
05-30 18:35:20.001 D/TrafficStats( 1498): tagSocket(128) with statsTag=0xffffffff, statsUid=-1
05-30 18:35:20.010 D/TrafficStats( 1498): tagSocket(132) with statsTag=0xffffffff, statsUid=-1
05-30 18:35:20.381 D/TrafficStats( 1728): tagSocket(163) with statsTag=0xffffffff, statsUid=-1
05-30 18:35:20.398 D/TrafficStats( 1498): tagSocket(5) with statsTag=0xffffffff, statsUid=-1
05-30 18:35:20.405 E/hq ( 1498): ErrorCoroutineExceptionHandler:::runTry error:com.dangbei.leard.base.proider.error.EmptyApiException: 数据为空 from=requestMessageDialog from=requestMessageDialog
05-30 18:35:20.461 I/efs.config( 1728): No update is required, less than 8h since the last update
05-30 18:35:20.473 I/WifiService( 694): releaseMulticastLock uid=10044
05-30 18:35:20.475 I/WifiService( 694): releaseMulticastLock uid=10044
05-30 18:35:20.481 D/WifiHAL ( 501): Setting APF program, halHandle = 0xf1582500
05-30 18:35:20.481 I/WifiHAL ( 501): createRequest: APF set program request
05-30 18:35:20.482 D/WifiHAL ( 501): error code -95 mapped to -3
05-30 18:35:20.482 I/WifiHAL ( 501): Request Response failed for APF, result = -3
05-30 18:35:20.482 E/WifiStaIfaceAidlImpl( 694): installApfPacketFilter failed with service-specific exception: android.os.ServiceSpecificException: (code 4)
05-30 18:35:20.493 E/StartupService( 1728): showToast: app is background
05-30 18:35:20.495 D/HiSight-SinkService( 1728): setDiscoverable true
05-30 18:35:20.496 D/wenhc ( 1498): getScreenInfo uri = content://com.dangbei.screencast.parts.info/screen_cast
05-30 18:35:20.496 D/NearFieldManager( 1728): init.
05-30 18:35:20.497 D/NearFieldManager( 1728): try check dmsdp
05-30 18:35:20.510 D/NearFieldManager( 1728): package not exist
