--------- beginning of system
05-30 18:34:54.775 I/vold ( 247): Vold 3.0 (the awakening) firing up
05-30 18:34:54.776 D/vold ( 247): Detected support for: ext4 f2fs vfat
05-30 18:34:54.788 D/vold ( 247): VoldNativeService::start() completed OK
05-30 18:34:55.547 I/vold ( 247): Using AIDL version of IBootControl
05-30 18:34:55.581 D/vold ( 247): fscrypt_mount_metadata_encrypted: /data encrypt: 0 format: 0 with null block device: /dev/block/by-name/userdata and zoned device:
05-30 18:34:55.582 D/vold ( 247): metadata_key_dir/key: /metadata/vold/metadata_encryption/key
05-30 18:34:55.582 I/keystore2( 282): system/security/keystore2/src/keystore2_main.rs:61 - Keystore2 is starting.
05-30 18:34:55.582 I/keystore2( 282): system/security/keystore2/src/keystore2_main.rs:67 - Setting up sqlite logging for keystore2
05-30 18:34:55.587 W/keystore2( 282): system/security/keystore2/src/metrics_store.rs:577 - In update_keystore_crash_sysprop: Failed to read the existing system property due to: system/security/keystore2/src/metrics_store.rs:608: Property not set..Therefore, keystore crashes will not be logged.
05-30 18:34:55.591 D/vold ( 247): Key exists, using: /metadata/vold/metadata_encryption/key
05-30 18:34:55.593 I/keystore2( 282): system/security/keystore2/src/keystore2_main.rs:97 - Starting thread pool now.
05-30 18:34:55.601 I/keystore2( 282): system/security/keystore2/src/globals.rs:256 - KeyMint device is current version (Some(300)) for security level: r#TRUSTED_ENVIRONMENT
05-30 18:34:55.606 I/keystore2( 282): system/security/keystore2/src/shared_secret_negotiation.rs:47 - Shared secret negotiation concluded successfully.
05-30 18:34:55.618 I/keystore2( 282): system/security/keystore2/src/keystore2_main.rs:152 - Successfully registered Keystore 2.0 service.
05-30 18:34:55.618 I/keystore2( 282): system/security/keystore2/src/keystore2_main.rs:154 - Joining thread pool now.
05-30 18:34:55.618 D/vold ( 247): Mounting metadata-encrypted filesystem:/data
05-30 18:34:55.621 I/vold ( 247): [libfs_mgr] Running /system/bin/fsck.f2fs -a -c 10000 --debug-cache /dev/block/dm-50
05-30 18:34:55.623 I/keystore2( 282): system/security/keystore2/src/shared_secret_negotiation.rs:294 - No StrongBox Keymint available, so no RoT transfer
05-30 18:34:55.716 I/vold ( 247): [libfs_mgr] __mount(source=/dev/block/dm-50,target=/data,type=f2fs)=0: Success
05-30 18:34:55.716 D/vold ( 247): Mounted /data
05-30 18:34:55.775 I/Checkpoint( 247): cp_prepareCheckpoint called
05-30 18:34:55.799 I/vold ( 247): fscrypt_initialize_systemwide_keys
05-30 18:34:55.800 D/vold ( 247): Key exists, using: /data/unencrypted/key
05-30 18:34:55.804 D/vold ( 247): Installed fscrypt key with ref bfa2742705aa23e60a76c12cde3ca26a to /data
05-30 18:34:55.805 D/vold ( 247): Added fscrypt-provisioning key for bfa2742705aa23e60a76c12cde3ca26a to session keyring
05-30 18:34:55.807 I/vold ( 247): Wrote system DE key reference to:/data/unencrypted/ref
05-30 18:34:55.807 D/vold ( 247): Generating standard storage key
05-30 18:34:55.807 D/vold ( 247): Installed fscrypt key with ref 176c33c96d96425b179ab1b4adf61e98 to /data
05-30 18:34:55.807 D/vold ( 247): Added fscrypt-provisioning key for 176c33c96d96425b179ab1b4adf61e98 to session keyring
05-30 18:34:55.808 I/vold ( 247): Wrote per boot key reference to:/data/unencrypted/per_boot_ref
05-30 18:34:55.846 I/incfs ( 247): Initial API level of the device: 34
05-30 18:34:55.846 I/incfs ( 247): ro.incremental.enable: yes
05-30 18:34:55.846 I/incfs ( 247): isFsAvailable: true
05-30 18:34:55.846 I/incfs ( 247): isFsAvailable: true
05-30 18:34:55.847 I/incfs ( 247): IncFs_Features: v2
05-30 18:34:55.848 I/keystore2( 282): system/security/keystore2/src/maintenance.rs:206 - In early_boot_ended.
05-30 18:34:55.861 I/keystore2( 282): system/security/keystore2/src/globals.rs:66 - Touching Keystore 2.0 database for this first time since boot.
05-30 18:34:55.861 I/keystore2( 282): system/security/keystore2/src/globals.rs:68 - Calling cleanup leftovers.
05-30 18:34:55.861 I/keystore2( 282): system/security/keystore2/src/boot_level_keys.rs:57 - ro.keystore.boot_level_key.strategy not set, inferring from installed KM instances
05-30 18:34:55.861 I/keystore2( 282): system/security/keystore2/src/boot_level_keys.rs:115 - In get_level_zero_key: security_level=r#SOFTWARE, deny_later_strategy=EarlyBootOnly
05-30 18:34:55.868 I/keystore2( 282): system/security/keystore2/src/super_key.rs:293 - Starting boot level watcher.
05-30 18:34:55.868 I/keystore2( 282): system/security/keystore2/src/maintenance.rs:187 - Call to earlyBootEnded succeeded for security level TRUSTED_ENVIRONMENT.
05-30 18:34:55.868 I/keystore2( 282): system/security/keystore2/src/super_key.rs:325 - Read keystore.boot_level value 30
05-30 18:34:55.869 I/keystore2( 282): system/security/keystore2/src/super_key.rs:325 - Read keystore.boot_level value 30
05-30 18:34:55.870 E/keystore2( 282): system/security/keystore2/src/maintenance.rs:192 - Call to earlyBootEnded failed for security level STRONGBOX: system/security/keystore2/src/maintenance.rs:167: getting keymint device.
05-30 18:34:55.870 E/keystore2( 282): system/security/keystore2/src/error.rs:180 - system/security/keystore2/src/maintenance.rs:167: getting keymint device
05-30 18:34:55.870 E/keystore2( 282):
05-30 18:34:55.870 E/keystore2( 282): Caused by:
05-30 18:34:55.870 E/keystore2( 282): 0: system/security/keystore2/src/globals.rs:335: Cannot connect to Keymint
05-30 18:34:55.870 E/keystore2( 282): 1: system/security/keystore2/src/globals.rs:246: Trying to get Legacy wrapper.
05-30 18:34:55.870 E/keystore2( 282): 2: Error::Km(r#HARDWARE_TYPE_UNAVAILABLE)
05-30 18:34:55.870 E/vold ( 247): keystore2 Keystore earlyBootEnded returned service specific error: -68
05-30 18:34:56.099 V/BootAnimation( 250): Surface size has been limited to [1920x1080] from [3840x2160]
05-30 18:34:56.234 V/BootAnimation( 250): Surface size has been limited to [1920x1080] from [3840x2160]
05-30 18:34:56.234 D/BootAnimation( 250): resizeSurface BLASTBufferQueue to 1920 1080.
05-30 18:34:56.356 D/BootAnimation( 250): BootAnimation::threadLoop
05-30 18:34:56.356 D/BootAnimation( 250): bootVideoProp=50, mConfig=0, mVol=50, mMute=0
05-30 18:34:56.378 D/BootAnimation( 250): BootAnimationShownTiming start time: 6406ms
05-30 18:34:56.670 D/vold ( 247): fscrypt_init_user0
05-30 18:34:56.670 D/vold ( 247): Preparing: /data/misc/vold/user_keys
05-30 18:34:56.675 D/vold ( 247): Preparing: /data/misc/vold/user_keys/ce
05-30 18:34:56.676 D/vold ( 247): Preparing: /data/misc/vold/user_keys/de
05-30 18:34:56.685 D/vold ( 247): Installed fscrypt key with ref f50089b97ceef05a5e4ec6acbda40857 to /data
05-30 18:34:56.686 D/vold ( 247): Added fscrypt-provisioning key for f50089b97ceef05a5e4ec6acbda40857 to session keyring
05-30 18:34:56.686 D/vold ( 247): Installed de key for user 0
05-30 18:34:56.686 D/vold ( 247): Preparing: /data/data
05-30 18:34:56.687 D/vold ( 247): Preparing: /data/user/0
05-30 18:34:56.688 D/vold ( 247): Preparing: /data/media/obb
05-30 18:34:56.689 D/vold ( 247): fscrypt_prepare_user_storage for volume null, user 0, serial 0, flags 1
05-30 18:34:56.689 D/vold ( 247): Preparing: /data/system/users/0
05-30 18:34:56.689 D/vold ( 247): Preparing: /data/misc/profiles/cur/0
05-30 18:34:56.690 D/vold ( 247): Preparing: /data/system_de/0
05-30 18:34:56.691 I/vold ( 247): Verified that /data/system_de/0 has the encryption policy f50089b97ceef05a5e4ec6acbda40857 v2 modes 1/4 flags 0xa
05-30 18:34:56.691 D/vold ( 247): Preparing: /data/vendor_de/0
05-30 18:34:56.692 I/vold ( 247): Verified that /data/vendor_de/0 has the encryption policy f50089b97ceef05a5e4ec6acbda40857 v2 modes 1/4 flags 0xa
05-30 18:34:56.692 D/vold ( 247): Preparing: /data/misc_de/0
05-30 18:34:56.693 I/vold ( 247): Verified that /data/misc_de/0 has the encryption policy f50089b97ceef05a5e4ec6acbda40857 v2 modes 1/4 flags 0xa
05-30 18:34:56.693 D/vold ( 247): Preparing: /data/user_de/0
05-30 18:34:56.694 I/vold ( 247): Verified that /data/user_de/0 has the encryption policy f50089b97ceef05a5e4ec6acbda40857 v2 modes 1/4 flags 0xa
05-30 18:34:56.694 D/vold ( 247): /system/bin/vold_prepare_subdirs
05-30 18:34:56.694 D/vold ( 247): prepare
05-30 18:34:56.694 D/vold ( 247):
05-30 18:34:56.694 D/vold ( 247): 0
05-30 18:34:56.694 D/vold ( 247): 1
05-30 18:34:56.764 D/vold ( 247): Detected support for FS_IOC_ADD_ENCRYPTION_KEY
05-30 18:34:56.894 I/odsign ( 444): Trying to retrieve existing HMAC key...
05-30 18:34:56.896 I/odsign ( 444): Trying to retrieve existing keystore key...
05-30 18:34:56.900 I/odsign ( 444): Verified public key signature.
05-30 18:34:56.900 I/odsign ( 444): Initialized Keystore key.
05-30 18:34:56.902 I/odsign ( 444): Found and verified existing public key certificate: /data/misc/odsign/key.cert
05-30 18:34:57.026 I/odrefresh( 445): ART APEX version 340090000
05-30 18:34:57.156 I/odrefresh( 445): Boot images on /system OK (arm)
05-30 18:34:57.163 I/odrefresh( 445): system_server artifacts on /system OK
05-30 18:34:57.176 I/odsign ( 444): /data/misc/odsign/odsign.info.signature matches.
05-30 18:34:57.176 I/odsign ( 444): Loaded /data/misc/odsign/odsign.info
05-30 18:34:57.177 I/odsign ( 444): All root hashes match.
05-30 18:34:57.177 I/odsign ( 444): odrefresh said artifacts are VALID
05-30 18:34:57.177 I/odsign ( 444): On-device signing done.
05-30 18:34:57.177 I/odsign ( 444): Metrics report is empty
05-30 18:34:57.198 I/keystore2( 282): system/security/keystore2/src/super_key.rs:330 - keystore.boot_level 1000000000 hits maximum 1000000000, finishing.
05-30 18:34:58.295 I/android.hardware.wifi-service.droidlogic( 501): Wifi Hal is booting up...
05-30 18:34:58.301 I/android.hardware.wifi-service.droidlogic( 501): Joining RPC thread pool
05-30 18:34:58.583 I/gsid ( 562): no DSU: No such file or directory
05-30 18:34:58.964 I/installd( 608): installd firing up
05-30 18:34:59.157 I/wificond( 618): wificond is starting up...
05-30 18:34:59.164 E/HidlServiceManagement( 618): Service android.system.wifi.keystore@1.0::IKeystore/default must be in VINTF manifest in order to register/get.
05-30 18:34:59.164 I/wificond( 618): Did not register wifi keystore HIDL HAL service: -2147483648
05-30 18:34:59.232 W/storaged( 616): health: invalid battery status
05-30 18:35:01.875 D/SystemServerTiming( 694): InitBeforeStartServices
05-30 18:35:01.878 I/SystemServer( 694): Entered the Android system server!
05-30 18:35:02.166 I/SystemServerInitThreadPool( 694): Creating instance with 4 threads
05-30 18:35:02.707 D/SystemServerTiming( 694): StartServices
05-30 18:35:02.707 D/SystemServerTiming( 694): startBootstrapServices
05-30 18:35:02.707 D/SystemServerTiming( 694): ArtModuleServiceInitializer
05-30 18:35:02.709 D/SystemServerTiming( 694): StartWatchdog
05-30 18:35:02.716 I/SystemServer( 694): Reading configuration...
05-30 18:35:02.717 D/SystemServerTiming( 694): ReadingSystemConfig
05-30 18:35:02.717 D/SystemServerTiming( 694): PlatformCompat
05-30 18:35:02.717 D/SystemServerTimingAsync( 694): InitThreadPoolExec:ReadingSystemConfig
05-30 18:35:02.718 D/CompatConfig( 694): Found a config file: /system/etc/compatconfig/TeleService-platform-compat-config.xml
05-30 18:35:02.718 D/CompatConfig( 694): Adding: com.android.server.compat.config.Change@243b41e
05-30 18:35:02.718 D/CompatConfig( 694): Adding: com.android.server.compat.config.Change@4e904ff
05-30 18:35:02.718 D/CompatConfig( 694): Adding: com.android.server.compat.config.Change@2f702cc
05-30 18:35:02.718 D/CompatConfig( 694): Adding: com.android.server.compat.config.Change@bce8915
05-30 18:35:02.719 D/CompatConfig( 694): Adding: com.android.server.compat.config.Change@ff2f42a
05-30 18:35:02.719 D/CompatConfig( 694): Adding: com.android.server.compat.config.Change@bf77fb8
05-30 18:35:02.719 I/SystemConfig( 694): Reading permissions from /system/etc/sysconfig/framework-sysconfig.xml
05-30 18:35:02.721 D/CompatConfig( 694): Found a config file: /system/etc/compatconfig/calendar-provider-compat-config.xml
05-30 18:35:02.721 I/SystemConfig( 694): Reading permissions from /system/etc/sysconfig/hiddenapi-package-whitelist.xml
05-30 18:35:02.721 D/CompatConfig( 694): Adding: com.android.server.compat.config.Change@ba494f7
05-30 18:35:02.722 I/SystemConfig( 694): Reading permissions from /system/etc/sysconfig/initial-package-stopped-states.xml
05-30 18:35:02.723 D/CompatConfig( 694): Found a config file: /system/etc/compatconfig/contacts-provider-platform-compat-config.xml
05-30 18:35:02.724 I/SystemConfig( 694): Reading permissions from /system/etc/sysconfig/preinstalled-packages-asl-files.xml
05-30 18:35:02.724 D/CompatConfig( 694): Found a config file: /system/etc/compatconfig/documents-ui-compat-config.xml
05-30 18:35:02.725 D/CompatConfig( 694): Adding: com.android.server.compat.config.Change@d17f1c9
05-30 18:35:02.725 I/SystemConfig( 694): Reading permissions from /system/etc/sysconfig/preinstalled-packages-com.android.providers.media.module.xml
05-30 18:35:02.726 I/SystemConfig( 694): Reading permissions from /system/etc/sysconfig/preinstalled-packages-platform.xml
05-30 18:35:02.726 D/CompatConfig( 694): Found a config file: /system/etc/compatconfig/framework-platform-compat-config.xml
05-30 18:35:02.727 I/SystemConfig( 694): Reading permissions from /system/etc/permissions/android.hardware.bluetooth.xml
05-30 18:35:02.728 I/SystemConfig( 694): Reading permissions from /system/etc/permissions/android.hardware.bluetooth_le.xml
05-30 18:35:02.729 I/SystemConfig( 694): Reading permissions from /system/etc/permissions/android.software.webview.xml
05-30 18:35:02.730 I/SystemConfig( 694): Reading permissions from /system/etc/permissions/android.test.base.xml
05-30 18:35:02.730 D/CompatConfig( 694): Adding: com.android.server.compat.config.Change@52646e8
05-30 18:35:02.730 D/CompatConfig( 694): Adding: com.android.server.compat.config.Change@a571101
05-30 18:35:02.730 D/CompatConfig( 694): Adding: com.android.server.compat.config.Change@606bba6
05-30 18:35:02.730 D/CompatConfig( 694): Adding: com.android.server.compat.config.Change@66ea9e7
05-30 18:35:02.730 D/CompatConfig( 694): Adding: com.android.server.compat.config.Change@48ce994
05-30 18:35:02.730 D/CompatConfig( 694): Adding: com.android.server.compat.config.Change@ba2bc3d
05-30 18:35:02.730 D/CompatConfig( 694): Adding: com.android.server.compat.config.Change@dd2ec32
05-30 18:35:02.730 D/CompatConfig( 694): Adding: com.android.server.compat.config.Change@771fd83
05-30 18:35:02.730 D/CompatConfig( 694): Adding: com.android.server.compat.config.Change@d190b00
05-30 18:35:02.730 D/CompatConfig( 694): Adding: com.android.server.compat.config.Change@9bf997e
05-30 18:35:02.730 D/CompatConfig( 694): Adding: com.android.server.compat.config.Change@ccceedf
05-30 18:35:02.730 D/CompatConfig( 694): Adding: com.android.server.compat.config.Change@383d72c
05-30 18:35:02.730 D/CompatConfig( 694): Adding: com.android.server.compat.config.Change@2ba35f5
05-30 18:35:02.731 D/CompatConfig( 694): Adding: com.android.server.compat.config.Change@637cf8a
05-30 18:35:02.731 D/CompatConfig( 694): Adding: com.android.server.compat.config.Change@5bb99fb
05-30 18:35:02.731 D/CompatConfig( 694): Adding: com.android.server.compat.config.Change@ced3a18
05-30 18:35:02.731 I/SystemConfig( 694): Reading permissions from /system/etc/permissions/android.test.mock.xml
05-30 18:35:02.731 D/CompatConfig( 694): Adding: com.android.server.compat.config.Change@f453c71
05-30 18:35:02.731 D/CompatConfig( 694): Adding: com.android.server.compat.config.Change@94b5a56
05-30 18:35:02.731 D/CompatConfig( 694): Adding: com.android.server.compat.config.Change@f1fdad7
05-30 18:35:02.731 D/CompatConfig( 694): Adding: com.android.server.compat.config.Change@e87dfc4
05-30 18:35:02.731 D/CompatConfig( 694): Adding: com.android.server.compat.config.Change@ba02ead
05-30 18:35:02.731 D/CompatConfig( 694): Adding: com.android.server.compat.config.Change@83ac5e2
05-30 18:35:02.731 D/CompatConfig( 694): Adding: com.android.server.compat.config.Change@81d4d73
05-30 18:35:02.731 D/CompatConfig( 694): Adding: com.android.server.compat.config.Change@c053430
05-30 18:35:02.731 D/CompatConfig( 694): Adding: com.android.server.compat.config.Change@13e08a9
05-30 18:35:02.731 D/CompatConfig( 694): Adding: com.android.server.compat.config.Change@9c35e2e
05-30 18:35:02.731 D/CompatConfig( 694): Adding: com.android.server.compat.config.Change@4754dcf
05-30 18:35:02.731 D/CompatConfig( 694): Adding: com.android.server.compat.config.Change@c1635c
05-30 18:35:02.731 D/CompatConfig( 694): Adding: com.android.server.compat.config.Change@3c58665
05-30 18:35:02.731 D/CompatConfig( 694): Adding: com.android.server.compat.config.Change@12b2f3a
05-30 18:35:02.731 D/CompatConfig( 694): Adding: com.android.server.compat.config.Change@8a2f7eb
05-30 18:35:02.731 D/CompatConfig( 694): Adding: com.android.server.compat.config.Change@faf5948
05-30 18:35:02.731 D/CompatConfig( 694): Adding: com.android.server.compat.config.Change@8d23e1
05-30 18:35:02.731 D/CompatConfig( 694): Adding: com.android.server.compat.config.Change@e0d0506
05-30 18:35:02.731 D/CompatConfig( 694): Adding: com.android.server.compat.config.Change@bb727c7
05-30 18:35:02.731 D/CompatConfig( 694): Adding: com.android.server.compat.config.Change@604c1f4
05-30 18:35:02.731 D/CompatConfig( 694): Adding: com.android.server.compat.config.Change@9d71d1d
05-30 18:35:02.731 D/CompatConfig( 694): Adding: com.android.server.compat.config.Change@ce46b92
05-30 18:35:02.731 D/CompatConfig( 694): Adding: com.android.server.compat.config.Change@af47963
05-30 18:35:02.731 D/CompatConfig( 694): Adding: com.android.server.compat.config.Change@ca60960
05-30 18:35:02.731 D/CompatConfig( 694): Adding: com.android.server.compat.config.Change@9cd6e19
05-30 18:35:02.731 D/CompatConfig( 694): Adding: com.android.server.compat.config.Change@459aede
05-30 18:35:02.731 D/CompatConfig( 694): Adding: com.android.server.compat.config.Change@b2b48bf
05-30 18:35:02.731 D/CompatConfig( 694): Adding: com.android.server.compat.config.Change@4525b8c
05-30 18:35:02.731 D/CompatConfig( 694): Adding: com.android.server.compat.config.Change@93dd2d5
05-30 18:35:02.731 D/CompatConfig( 694): Adding: com.android.server.compat.config.Change@b4ddaea
05-30 18:35:02.731 D/CompatConfig( 694): Adding: com.android.server.compat.config.Change@3d5b1db
05-30 18:35:02.731 D/CompatConfig( 694): Adding: com.android.server.compat.config.Change@88fa478
05-30 18:35:02.731 D/CompatConfig( 694): Adding: com.android.server.compat.config.Change@615c751
05-30 18:35:02.731 D/CompatConfig( 694): Adding: com.android.server.compat.config.Change@3a6bbb6
05-30 18:35:02.731 D/CompatConfig( 694): Adding: com.android.server.compat.config.Change@ff390b7
05-30 18:35:02.731 D/CompatConfig( 694): Adding: com.android.server.compat.config.Change@5569024
05-30 18:35:02.731 D/CompatConfig( 694): Adding: com.android.server.compat.config.Change@59e878d
05-30 18:35:02.731 D/CompatConfig( 694): Adding: com.android.server.compat.config.Change@5dadd42
05-30 18:35:02.731 D/CompatConfig( 694): Adding: com.android.server.compat.config.Change@a68153
05-30 18:35:02.731 D/CompatConfig( 694): Adding: com.android.server.compat.config.Change@b7e8a90
05-30 18:35:02.731 D/CompatConfig( 694): Adding: com.android.server.compat.config.Change@e790f89
05-30 18:35:02.731 D/CompatConfig( 694): Adding: com.android.server.compat.config.Change@93d8b8e
05-30 18:35:02.731 D/CompatConfig( 694): Adding: com.android.server.compat.config.Change@d8ddfaf
05-30 18:35:02.731 D/CompatConfig( 694): Adding: com.android.server.compat.config.Change@fe9bfbc
05-30 18:35:02.731 D/CompatConfig( 694): Adding: com.android.server.compat.config.Change@65a1b45
05-30 18:35:02.731 D/CompatConfig( 694): Adding: com.android.server.compat.config.Change@50ad29a
05-30 18:35:02.732 D/CompatConfig( 694): Adding: com.android.server.compat.config.Change@ee2c7cb
05-30 18:35:02.732 D/CompatConfig( 694): Adding: com.android.server.compat.config.Change@1711ba8
05-30 18:35:02.732 D/CompatConfig( 694): Adding: com.android.server.compat.config.Change@f8626c1
05-30 18:35:02.732 D/CompatConfig( 694): Adding: com.android.server.compat.config.Change@6337e66
05-30 18:35:02.732 D/CompatConfig( 694): Adding: com.android.server.compat.config.Change@d5415a7
05-30 18:35:02.732 D/CompatConfig( 694): Adding: com.android.server.compat.config.Change@1904a54
05-30 18:35:02.732 D/CompatConfig( 694): Adding: com.android.server.compat.config.Change@20d6dfd
05-30 18:35:02.732 D/CompatConfig( 694): Adding: com.android.server.compat.config.Change@5e91af2
05-30 18:35:02.732 D/CompatConfig( 694): Adding: com.android.server.compat.config.Change@3a26543
05-30 18:35:02.732 D/CompatConfig( 694): Adding: com.android.server.compat.config.Change@cc7ecf9
05-30 18:35:02.732 D/CompatConfig( 694): Adding: com.android.server.compat.config.Change@ce9f43e
05-30 18:35:02.732 D/CompatConfig( 694): Adding: com.android.server.compat.config.Change@dfc129f
05-30 18:35:02.732 D/CompatConfig( 694): Adding: com.android.server.compat.config.Change@7fa8fec
05-30 18:35:02.732 D/CompatConfig( 694): Adding: com.android.server.compat.config.Change@a115fb5
05-30 18:35:02.732 D/CompatConfig( 694): Adding: com.android.server.compat.config.Change@f8d164a
05-30 18:35:02.732 D/CompatConfig( 694): Adding: com.android.server.compat.config.Change@31939bb
05-30 18:35:02.732 I/SystemConfig( 694): Reading permissions from /system/etc/permissions/android.test.runner.xml
05-30 18:35:02.732 D/CompatConfig( 694): Adding: com.android.server.compat.config.Change@2f6bed8
05-30 18:35:02.732 D/CompatConfig( 694): Adding: com.android.server.compat.config.Change@4454231
05-30 18:35:02.732 D/CompatConfig( 694): Adding: com.android.server.compat.config.Change@e8e4d16
05-30 18:35:02.732 D/CompatConfig( 694): Adding: com.android.server.compat.config.Change@317b697
05-30 18:35:02.732 D/CompatConfig( 694): Adding: com.android.server.compat.config.Change@a84f084
05-30 18:35:02.732 D/CompatConfig( 694): Adding: com.android.server.compat.config.Change@5fad06d
05-30 18:35:02.732 D/CompatConfig( 694): Adding: com.android.server.compat.config.Change@89a24a2
05-30 18:35:02.732 D/CompatConfig( 694): Adding: com.android.server.compat.config.Change@8172533
05-30 18:35:02.732 D/CompatConfig( 694): Adding: com.android.server.compat.config.Change@7a290f0
05-30 18:35:02.732 D/CompatConfig( 694): Adding: com.android.server.compat.config.Change@2010669
05-30 18:35:02.732 D/CompatConfig( 694): Adding: com.android.server.compat.config.Change@899e8ee
05-30 18:35:02.732 D/CompatConfig( 694): Adding: com.android.server.compat.config.Change@494e18f
05-30 18:35:02.732 D/CompatConfig( 694): Adding: com.android.server.compat.config.Change@3b7cc1c
05-30 18:35:02.732 D/CompatConfig( 694): Adding: com.android.server.compat.config.Change@f1aa025
05-30 18:35:02.732 D/CompatConfig( 694): Adding: com.android.server.compat.config.Change@cbfa5fa
05-30 18:35:02.732 D/CompatConfig( 694): Adding: com.android.server.compat.config.Change@b8807ab
05-30 18:35:02.732 D/CompatConfig( 694): Adding: com.android.server.compat.config.Change@4838e08
05-30 18:35:02.732 D/CompatConfig( 694): Adding: com.android.server.compat.config.Change@37a19a1
05-30 18:35:02.732 D/CompatConfig( 694): Adding: com.android.server.compat.config.Change@25227c6
05-30 18:35:02.732 D/CompatConfig( 694): Adding: com.android.server.compat.config.Change@e3d7387
05-30 18:35:02.732 D/CompatConfig( 694): Adding: com.android.server.compat.config.Change@ac782b4
05-30 18:35:02.732 D/CompatConfig( 694): Adding: com.android.server.compat.config.Change@bfdaedd
05-30 18:35:02.732 D/CompatConfig( 694): Adding: com.android.server.compat.config.Change@238fa52
05-30 18:35:02.732 D/CompatConfig( 694): Adding: com.android.server.compat.config.Change@bf3c123
05-30 18:35:02.732 D/CompatConfig( 694): Adding: com.android.server.compat.config.Change@fb41620
05-30 18:35:02.732 D/CompatConfig( 694): Adding: com.android.server.compat.config.Change@b2b5bd9
05-30 18:35:02.732 D/CompatConfig( 694): Adding: com.android.server.compat.config.Change@a48699e
05-30 18:35:02.732 D/CompatConfig( 694): Adding: com.android.server.compat.config.Change@f374c7f
05-30 18:35:02.732 D/CompatConfig( 694): Adding: com.android.server.compat.config.Change@d14744c
05-30 18:35:02.732 D/CompatConfig( 694): Adding: com.android.server.compat.config.Change@becdc95
05-30 18:35:02.732 D/CompatConfig( 694): Adding: com.android.server.compat.config.Change@f4d81aa
05-30 18:35:02.732 D/CompatConfig( 694): Adding: com.android.server.compat.config.Change@4fe319b
05-30 18:35:02.733 D/CompatConfig( 694): Adding: com.android.server.compat.config.Change@40bad11
05-30 18:35:02.733 D/CompatConfig( 694): Adding: com.android.server.compat.config.Change@3da0e76
05-30 18:35:02.733 D/CompatConfig( 694): Adding: com.android.server.compat.config.Change@9844c77
05-30 18:35:02.733 D/CompatConfig( 694): Adding: com.android.server.compat.config.Change@7ab00e4
05-30 18:35:02.733 D/CompatConfig( 694): Adding: com.android.server.compat.config.Change@26d094d
05-30 18:35:02.733 D/CompatConfig( 694): Adding: com.android.server.compat.config.Change@fd09c02
05-30 18:35:02.733 D/CompatConfig( 694): Adding: com.android.server.compat.config.Change@6e73913
05-30 18:35:02.733 I/SystemConfig( 694): Reading permissions from /system/etc/permissions/com.android.adservices.sdksandbox.xml
05-30 18:35:02.733 D/CompatConfig( 694): Adding: com.android.server.compat.config.Change@b894750
05-30 18:35:02.733 D/CompatConfig( 694): Adding: com.android.server.compat.config.Change@50ded49
05-30 18:35:02.733 D/CompatConfig( 694): Adding: com.android.server.compat.config.Change@4b0764e
05-30 18:35:02.733 D/CompatConfig( 694): Adding: com.android.server.compat.config.Change@182536f
05-30 18:35:02.733 D/CompatConfig( 694): Adding: com.android.server.compat.config.Change@c3887c
05-30 18:35:02.733 D/CompatConfig( 694): Adding: com.android.server.compat.config.Change@2bf1505
05-30 18:35:02.733 D/CompatConfig( 694): Adding: com.android.server.compat.config.Change@aa1a95a
05-30 18:35:02.733 D/CompatConfig( 694): Adding: com.android.server.compat.config.Change@e0ab78b
05-30 18:35:02.733 D/CompatConfig( 694): Adding: com.android.server.compat.config.Change@efeb068
05-30 18:35:02.733 D/CompatConfig( 694): Adding: com.android.server.compat.config.Change@4a0fc81
05-30 18:35:02.733 D/CompatConfig( 694): Adding: com.android.server.compat.config.Change@2410126
05-30 18:35:02.734 D/CompatConfig( 694): Found a config file: /system/etc/compatconfig/icu4j-platform-compat-config.xml
05-30 18:35:02.734 I/SystemConfig( 694): Reading permissions from /system/etc/permissions/com.android.future.usb.accessory.xml
05-30 18:35:02.734 D/CompatConfig( 694): Adding: com.android.server.compat.config.Change@b5fdfbd
05-30 18:35:02.735 D/CompatConfig( 694): Found a config file: /system/etc/compatconfig/services-platform-compat-config.xml
05-30 18:35:02.735 I/SystemConfig( 694): Reading permissions from /system/etc/permissions/com.android.intentresolver.xml
05-30 18:35:02.737 I/SystemConfig( 694): Reading permissions from /system/etc/permissions/com.android.location.provider.xml
05-30 18:35:02.737 I/SystemConfig( 694): Reading permissions from /system/etc/permissions/com.android.media.remotedisplay.xml
05-30 18:35:02.738 D/CompatConfig( 694): Adding: com.android.server.compat.config.Change@f4d0efe
05-30 18:35:02.738 D/CompatConfig( 694): Adding: com.android.server.compat.config.Change@e3808ac
05-30 18:35:02.738 I/SystemConfig( 694): Reading permissions from /system/etc/permissions/com.android.media.tv.remoteprovider.xml
05-30 18:35:02.738 D/CompatConfig( 694): Adding: com.android.server.compat.config.Change@1884975
05-30 18:35:02.738 D/CompatConfig( 694): Adding: com.android.server.compat.config.Change@2e71d0a
05-30 18:35:02.738 D/CompatConfig( 694): Adding: com.android.server.compat.config.Change@6fc997b
05-30 18:35:02.738 D/CompatConfig( 694): Adding: com.android.server.compat.config.Change@730398
05-30 18:35:02.738 D/CompatConfig( 694): Adding: com.android.server.compat.config.Change@ba107f1
05-30 18:35:02.738 D/CompatConfig( 694): Adding: com.android.server.compat.config.Change@961ffd6
05-30 18:35:02.738 D/CompatConfig( 694): Adding: com.android.server.compat.config.Change@315257
05-30 18:35:02.738 D/CompatConfig( 694): Adding: com.android.server.compat.config.Change@260c144
05-30 18:35:02.738 D/CompatConfig( 694): Adding: com.android.server.compat.config.Change@cad322d
05-30 18:35:02.738 D/CompatConfig( 694): Adding: com.android.server.compat.config.Change@6d64362
05-30 18:35:02.738 D/CompatConfig( 694): Adding: com.android.server.compat.config.Change@18ebcf3
05-30 18:35:02.738 D/CompatConfig( 694): Adding: com.android.server.compat.config.Change@e4aadb0
05-30 18:35:02.738 D/CompatConfig( 694): Adding: com.android.server.compat.config.Change@cd7c429
05-30 18:35:02.738 D/CompatConfig( 694): Adding: com.android.server.compat.config.Change@65933ae
05-30 18:35:02.738 D/CompatConfig( 694): Adding: com.android.server.compat.config.Change@84e354f
05-30 18:35:02.738 D/CompatConfig( 694): Adding: com.android.server.compat.config.Change@7a4f4dc
05-30 18:35:02.738 D/CompatConfig( 694): Adding: com.android.server.compat.config.Change@1ff79e5
05-30 18:35:02.738 D/CompatConfig( 694): Adding: com.android.server.compat.config.Change@d08dcba
05-30 18:35:02.738 D/CompatConfig( 694): Adding: com.android.server.compat.config.Change@1e2d76b
05-30 18:35:02.738 D/CompatConfig( 694): Adding: com.android.server.compat.config.Change@2fa82c8
05-30 18:35:02.738 D/CompatConfig( 694): Adding: com.android.server.compat.config.Change@732cf61
05-30 18:35:02.738 D/CompatConfig( 694): Adding: com.android.server.compat.config.Change@1d80a86
05-30 18:35:02.738 D/CompatConfig( 694): Adding: com.android.server.compat.config.Change@5d57f47
05-30 18:35:02.738 D/CompatConfig( 694): Adding: com.android.server.compat.config.Change@990374
05-30 18:35:02.739 D/CompatConfig( 694): Adding: com.android.server.compat.config.Change@fec009d
05-30 18:35:02.739 D/CompatConfig( 694): Adding: com.android.server.compat.config.Change@61a4912
05-30 18:35:02.739 D/CompatConfig( 694): Adding: com.android.server.compat.config.Change@160c8e3
05-30 18:35:02.739 D/CompatConfig( 694): Adding: com.android.server.compat.config.Change@5fce2e0
05-30 18:35:02.739 D/CompatConfig( 694): Adding: com.android.server.compat.config.Change@30d0999
05-30 18:35:02.739 D/CompatConfig( 694): Adding: com.android.server.compat.config.Change@cd103f
05-30 18:35:02.739 D/CompatConfig( 694): Adding: com.android.server.compat.config.Change@1fd4d0c
05-30 18:35:02.739 D/CompatConfig( 694): Adding: com.android.server.compat.config.Change@99ba655
05-30 18:35:02.739 D/CompatConfig( 694): Adding: com.android.server.compat.config.Change@eb1e86a
05-30 18:35:02.739 D/CompatConfig( 694): Adding: com.android.server.compat.config.Change@28c715b
05-30 18:35:02.739 D/CompatConfig( 694): Adding: com.android.server.compat.config.Change@7b82df8
05-30 18:35:02.739 I/SystemConfig( 694): Reading permissions from /system/etc/permissions/com.android.mediadrm.signer.xml
05-30 18:35:02.739 D/CompatConfig( 694): Adding: com.android.server.compat.config.Change@d3d52d1
05-30 18:35:02.739 D/CompatConfig( 694): Adding: com.android.server.compat.config.Change@fe2136
05-30 18:35:02.739 D/CompatConfig( 694): Adding: com.android.server.compat.config.Change@16c837
05-30 18:35:02.739 D/CompatConfig( 694): Adding: com.android.server.compat.config.Change@c3e31a4
05-30 18:35:02.739 D/CompatConfig( 694): Adding: com.android.server.compat.config.Change@2734b0d
05-30 18:35:02.739 D/CompatConfig( 694): Adding: com.android.server.compat.config.Change@5031ac2
05-30 18:35:02.739 D/CompatConfig( 694): Adding: com.android.server.compat.config.Change@885b0d3
05-30 18:35:02.739 D/CompatConfig( 694): Adding: com.android.server.compat.config.Change@2fec410
05-30 18:35:02.739 D/CompatConfig( 694): Adding: com.android.server.compat.config.Change@a968b09
05-30 18:35:02.739 D/CompatConfig( 694): Adding: com.android.server.compat.config.Change@26c210e
05-30 18:35:02.739 D/CompatConfig( 694): Adding: com.android.server.compat.config.Change@8f0872f
05-30 18:35:02.739 D/CompatConfig( 694): Adding: com.android.server.compat.config.Change@4f4113c
05-30 18:35:02.739 D/CompatConfig( 694): Adding: com.android.server.compat.config.Change@993cec5
05-30 18:35:02.739 D/CompatConfig( 694): Adding: com.android.server.compat.config.Change@e4d401a
05-30 18:35:02.739 D/CompatConfig( 694): Adding: com.android.server.compat.config.Change@e88674b
05-30 18:35:02.739 D/CompatConfig( 694): Adding: com.android.server.compat.config.Change@e8f0528
05-30 18:35:02.739 D/CompatConfig( 694): Adding: com.android.server.compat.config.Change@b679241
05-30 18:35:02.739 D/CompatConfig( 694): Adding: com.android.server.compat.config.Change@8ef43e6
05-30 18:35:02.739 D/CompatConfig( 694): Adding: com.android.server.compat.config.Change@e742d27
05-30 18:35:02.739 D/CompatConfig( 694): Adding: com.android.server.compat.config.Change@634bd4
05-30 18:35:02.739 D/CompatConfig( 694): Adding: com.android.server.compat.config.Change@55a117d
05-30 18:35:02.739 D/CompatConfig( 694): Adding: com.android.server.compat.config.Change@f6c74c3
05-30 18:35:02.739 D/CompatConfig( 694): Adding: com.android.server.compat.config.Change@e935140
05-30 18:35:02.739 D/CompatConfig( 694): Adding: com.android.server.compat.config.Change@efb4879
05-30 18:35:02.739 D/CompatConfig( 694): Adding: com.android.server.compat.config.Change@7a8e9be
05-30 18:35:02.739 D/CompatConfig( 694): Adding: com.android.server.compat.config.Change@1179a1f
05-30 18:35:02.739 D/CompatConfig( 694): Adding: com.android.server.compat.config.Change@afc416c
05-30 18:35:02.739 I/SystemConfig( 694): Reading permissions from /system/etc/permissions/com.android.networkstack.xml
05-30 18:35:02.739 D/CompatConfig( 694): Adding: com.android.server.compat.config.Change@edef335
05-30 18:35:02.739 D/CompatConfig( 694): Adding: com.android.server.compat.config.Change@305e3ca
05-30 18:35:02.740 D/CompatConfig( 694): Adding: com.android.server.compat.config.Change@d25b93b
05-30 18:35:02.740 D/CompatConfig( 694): Adding: com.android.server.compat.config.Change@6220858
05-30 18:35:02.740 D/CompatConfig( 694): Adding: com.android.server.compat.config.Change@7188db1
05-30 18:35:02.740 D/CompatConfig( 694): Adding: com.android.server.compat.config.Change@8867296
05-30 18:35:02.740 D/CompatConfig( 694): Adding: com.android.server.compat.config.Change@e2cae17
05-30 18:35:02.740 D/CompatConfig( 694): Adding: com.android.server.compat.config.Change@2db5204
05-30 18:35:02.740 D/CompatConfig( 694): Adding: com.android.server.compat.config.Change@d7753ed
05-30 18:35:02.740 D/CompatConfig( 694): Adding: com.android.server.compat.config.Change@daf2222
05-30 18:35:02.740 D/CompatConfig( 694): Adding: com.android.server.compat.config.Change@84414b3
05-30 18:35:02.740 D/CompatConfig( 694): Adding: com.android.server.compat.config.Change@8bd8a70
05-30 18:35:02.740 D/CompatConfig( 694): Adding: com.android.server.compat.config.Change@b8241e9
05-30 18:35:02.740 D/CompatConfig( 694): Adding: com.android.server.compat.config.Change@9c13e6e
05-30 18:35:02.740 D/CompatConfig( 694): Adding: com.android.server.compat.config.Change@f61490f
05-30 18:35:02.740 D/CompatConfig( 694): Adding: com.android.server.compat.config.Change@148dd9c
05-30 18:35:02.740 D/CompatConfig( 694): Adding: com.android.server.compat.config.Change@23413a5
05-30 18:35:02.740 D/CompatConfig( 694): Adding: com.android.server.compat.config.Change@4c6d37a
05-30 18:35:02.740 D/CompatConfig( 694): Adding: com.android.server.compat.config.Change@773672b
05-30 18:35:02.740 D/CompatConfig( 694): Adding: com.android.server.compat.config.Change@bd43788
05-30 18:35:02.740 D/CompatConfig( 694): Adding: com.android.server.compat.config.Change@d774521
05-30 18:35:02.740 D/CompatConfig( 694): Adding: com.android.server.compat.config.Change@b5ead46
05-30 18:35:02.740 D/CompatConfig( 694): Adding: com.android.server.compat.config.Change@a3f4b07
05-30 18:35:02.740 D/CompatConfig( 694): Adding: com.android.server.compat.config.Change@4394434
05-30 18:35:02.741 D/CompatConfig( 694): No directory /system/system_ext/etc/compatconfig, skipping
05-30 18:35:02.741 I/SystemConfig( 694): Reading permissions from /system/etc/permissions/javax.obex.xml
05-30 18:35:02.741 D/ApexManagerTiming( 694): getActiveApexInfos_noCache
05-30 18:35:02.742 I/SystemConfig( 694): Reading permissions from /system/etc/permissions/org.apache.http.legacy.xml
05-30 18:35:02.747 I/SystemConfig( 694): Reading permissions from /system/etc/permissions/privapp-permissions-oranth.xml
05-30 18:35:02.749 I/SystemConfig( 694): Reading permissions from /system/etc/permissions/privapp-permissions-platform.xml
05-30 18:35:02.759 I/SystemConfig( 694): Reading permissions from /system/etc/permissions/privapp_allowlist_com.android.adservices.api.xml
05-30 18:35:02.761 I/SystemConfig( 694): Reading permissions from /system/etc/permissions/privapp_allowlist_com.android.providers.media.module.xml
05-30 18:35:02.762 D/CompatConfig( 694): No directory /apex/com.android.healthfitness/etc/compatconfig, skipping
05-30 18:35:02.762 D/CompatConfig( 694): No directory /apex/com.android.tzdata/etc/compatconfig, skipping
05-30 18:35:02.762 I/SystemConfig( 694): Reading permissions from /system/etc/permissions/tv_core_hardware.xml
05-30 18:35:02.762 D/CompatConfig( 694): No directory /apex/com.android.ondevicepersonalization/etc/compatconfig, skipping
05-30 18:35:02.762 D/CompatConfig( 694): No directory /apex/com.android.resolv/etc/compatconfig, skipping
05-30 18:35:02.762 D/CompatConfig( 694): No directory /apex/com.android.neuralnetworks/etc/compatconfig, skipping
05-30 18:35:02.762 D/CompatConfig( 694): No directory /apex/com.google.android.widevine/etc/compatconfig, skipping
05-30 18:35:02.763 D/CompatConfig( 694): No directory /apex/com.android.os.statsd/etc/compatconfig, skipping
05-30 18:35:02.763 I/SystemConfig( 694): Reading permissions from /system/etc/permissions/platform.xml
05-30 18:35:02.763 D/CompatConfig( 694): Found a config file: /apex/com.android.btservices/etc/compatconfig/bluetoothapk-platform-compat-config.xml
05-30 18:35:02.764 D/CompatConfig( 694): Adding: com.android.server.compat.config.Change@15498fb
05-30 18:35:02.765 D/CompatConfig( 694): Found a config file: /apex/com.android.btservices/etc/compatconfig/bluetooth-compat-config.xml
05-30 18:35:02.766 D/CompatConfig( 694): Adding: com.android.server.compat.config.Change@86bd371
05-30 18:35:02.767 I/SystemConfig( 694): Reading permissions from /vendor/etc/permissions/android.hardware.audio.output.xml
05-30 18:35:02.767 D/CompatConfig( 694): Found a config file: /apex/com.android.btservices/etc/compatconfig/framework-bluetooth-compat-config.xml
05-30 18:35:02.768 D/CompatConfig( 694): Adding: com.android.server.compat.config.Change@8b4a2c4
05-30 18:35:02.769 D/CompatConfig( 694): No directory /apex/com.android.extservices/etc/compatconfig, skipping
05-30 18:35:02.769 I/SystemConfig( 694): Reading permissions from /vendor/etc/permissions/android.hardware.bluetooth.xml
05-30 18:35:02.770 I/SystemConfig( 694): Reading permissions from /vendor/etc/permissions/android.hardware.bluetooth_le.xml
05-30 18:35:02.770 D/CompatConfig( 694): Found a config file: /apex/com.android.mediaprovider/etc/compatconfig/media-provider-platform-compat-config.xml
05-30 18:35:02.771 I/SystemConfig( 694): Reading permissions from /vendor/etc/permissions/android.hardware.camera.external.xml
05-30 18:35:02.772 I/SystemConfig( 694): Reading permissions from /vendor/etc/permissions/android.hardware.ethernet.xml
05-30 18:35:02.773 I/SystemConfig( 694): Reading permissions from /vendor/etc/permissions/android.hardware.gamepad.xml
05-30 18:35:02.773 D/CompatConfig( 694): Adding: com.android.server.compat.config.Change@98e1ccf
05-30 18:35:02.773 D/CompatConfig( 694): Adding: com.android.server.compat.config.Change@563865c
05-30 18:35:02.773 D/CompatConfig( 694): Adding: com.android.server.compat.config.Change@5786d65
05-30 18:35:02.773 D/CompatConfig( 694): Adding: com.android.server.compat.config.Change@6b98a3a
05-30 18:35:02.773 D/CompatConfig( 694): Adding: com.android.server.compat.config.Change@7f9b6eb
05-30 18:35:02.773 D/CompatConfig( 694): Adding: com.android.server.compat.config.Change@fd0ac48
05-30 18:35:02.773 D/CompatConfig( 694): Adding: com.android.server.compat.config.Change@8077ae1
05-30 18:35:02.774 I/SystemConfig( 694): Reading permissions from /vendor/etc/permissions/android.hardware.hardware_keystore.xml
05-30 18:35:02.774 D/CompatConfig( 694): No directory /apex/com.android.virt/etc/compatconfig, skipping
05-30 18:35:02.775 D/CompatConfig( 694): No directory /apex/com.android.rkpd/etc/compatconfig, skipping
05-30 18:35:02.775 I/SystemConfig( 694): Reading permissions from /vendor/etc/permissions/android.hardware.hdmi.cec.xml
05-30 18:35:02.775 D/CompatConfig( 694): No directory /apex/com.android.uwb/etc/compatconfig, skipping
05-30 18:35:02.775 D/CompatConfig( 694): No directory /apex/com.android.adbd/etc/compatconfig, skipping
05-30 18:35:02.775 D/CompatConfig( 694): No directory /apex/com.android.adservices/etc/compatconfig, skipping
05-30 18:35:02.775 D/CompatConfig( 694): No directory /apex/com.android.scheduling/etc/compatconfig, skipping
05-30 18:35:02.775 D/CompatConfig( 694): No directory /apex/com.android.appsearch/etc/compatconfig, skipping
05-30 18:35:02.775 D/CompatConfig( 694): No directory /apex/com.android.media/etc/compatconfig, skipping
05-30 18:35:02.775 D/CompatConfig( 694): No directory /apex/com.android.runtime/etc/compatconfig, skipping
05-30 18:35:02.775 D/CompatConfig( 694): No directory /apex/com.android.media.swcodec/etc/compatconfig, skipping
05-30 18:35:02.775 I/SystemConfig( 694): Reading permissions from /vendor/etc/permissions/android.hardware.keystore.app_attest_key.xml
05-30 18:35:02.775 D/CompatConfig( 694): No directory /apex/com.android.i18n/etc/compatconfig, skipping
05-30 18:35:02.775 D/CompatConfig( 694): No directory /apex/com.android.configinfrastructure/etc/compatconfig, skipping
05-30 18:35:02.776 D/CompatConfig( 694): No directory /apex/com.android.ipsec/etc/compatconfig, skipping
05-30 18:35:02.776 D/CompatConfig( 694): No directory /apex/com.android.conscrypt/etc/compatconfig, skipping
05-30 18:35:02.776 D/CompatConfig( 694): No directory /apex/com.android.sdkext/etc/compatconfig, skipping
05-30 18:35:02.776 I/SystemConfig( 694): Reading permissions from /vendor/etc/permissions/android.hardware.location.xml
05-30 18:35:02.777 D/CompatConfig( 694): Found a config file: /apex/com.android.art/etc/compatconfig/libcore-platform-compat-config.xml
05-30 18:35:02.777 I/SystemConfig( 694): Reading permissions from /vendor/etc/permissions/android.hardware.opengles.aep.xml
05-30 18:35:02.778 I/SystemConfig( 694): Reading permissions from /vendor/etc/permissions/android.hardware.usb.host.xml
05-30 18:35:02.778 D/CompatConfig( 694): Adding: com.android.server.compat.config.Change@d5ba519
05-30 18:35:02.778 D/CompatConfig( 694): Adding: com.android.server.compat.config.Change@6a919de
05-30 18:35:02.778 D/CompatConfig( 694): Adding: com.android.server.compat.config.Change@b95d7bf
05-30 18:35:02.778 D/CompatConfig( 694): Adding: com.android.server.compat.config.Change@3433e8c
05-30 18:35:02.778 D/CompatConfig( 694): Adding: com.android.server.compat.config.Change@cf879d5
05-30 18:35:02.778 D/CompatConfig( 694): Adding: com.android.server.compat.config.Change@aa8f5ea
05-30 18:35:02.778 D/CompatConfig( 694): Adding: com.android.server.compat.config.Change@1da30db
05-30 18:35:02.778 D/CompatConfig( 694): Adding: com.android.server.compat.config.Change@92bb778
05-30 18:35:02.778 D/CompatConfig( 694): Adding: com.android.server.compat.config.Change@853de51
05-30 18:35:02.778 D/CompatConfig( 694): Adding: com.android.server.compat.config.Change@d1886b6
05-30 18:35:02.778 D/CompatConfig( 694): Adding: com.android.server.compat.config.Change@340ffb7
05-30 18:35:02.778 I/SystemConfig( 694): Reading permissions from /vendor/etc/permissions/android.hardware.vulkan.compute.xml
05-30 18:35:02.779 D/CompatConfig( 694): No directory /apex/com.android.permission/etc/compatconfig, skipping
05-30 18:35:02.779 D/CompatConfig( 694): No directory /apex/com.android.apex.cts.shim/etc/compatconfig, skipping
05-30 18:35:02.780 D/CompatConfig( 694): Found a config file: /apex/com.android.wifi/etc/compatconfig/wifi-compat-config.xml
05-30 18:35:02.780 I/SystemConfig( 694): Reading permissions from /vendor/etc/permissions/android.hardware.vulkan.level.xml
05-30 18:35:02.781 I/SystemConfig( 694): Reading permissions from /vendor/etc/permissions/android.hardware.vulkan.version.xml
05-30 18:35:02.781 D/CompatConfig( 694): Adding: com.android.server.compat.config.Change@b29fd90
05-30 18:35:02.781 D/CompatConfig( 694): Adding: com.android.server.compat.config.Change@9830689
05-30 18:35:02.781 D/CompatConfig( 694): Adding: com.android.server.compat.config.Change@fbdb68e
05-30 18:35:02.782 I/SystemConfig( 694): Reading permissions from /vendor/etc/permissions/android.hardware.wifi.direct.xml
05-30 18:35:02.783 I/SystemConfig( 694): Reading permissions from /vendor/etc/permissions/android.hardware.wifi.passpoint.xml
05-30 18:35:02.783 D/CompatConfig( 694): Found a config file: /apex/com.android.tethering/etc/compatconfig/connectivity-platform-compat-config.xml
05-30 18:35:02.783 I/SystemConfig( 694): Reading permissions from /vendor/etc/permissions/android.hardware.wifi.xml
05-30 18:35:02.784 D/CompatConfig( 694): Adding: com.android.server.compat.config.Change@28506cb
05-30 18:35:02.784 D/CompatConfig( 694): Adding: com.android.server.compat.config.Change@6b7eea8
05-30 18:35:02.784 D/CompatConfig( 694): Adding: com.android.server.compat.config.Change@12e0966
05-30 18:35:02.784 D/CompatConfig( 694): Adding: com.android.server.compat.config.Change@25b44a7
05-30 18:35:02.785 I/SystemConfig( 694): Reading permissions from /vendor/etc/permissions/android.software.app_widgets.xml
05-30 18:35:02.785 I/SystemConfig( 694): Reading permissions from /vendor/etc/permissions/android.software.backup.xml
05-30 18:35:02.785 D/CompatConfig( 694): No directory /apex/com.android.vndk.v34/etc/compatconfig, skipping
05-30 18:35:02.786 D/CompatConfig( 694): No directory /apex/com.amlogic.mediaextractor/etc/compatconfig, skipping
05-30 18:35:02.786 D/CompatConfig( 694): No directory /apex/com.android.devicelock/etc/compatconfig, skipping
05-30 18:35:02.786 I/SystemConfig( 694): Reading permissions from /vendor/etc/permissions/android.software.cant_save_state.xml
05-30 18:35:02.787 I/SystemConfig( 694): Reading permissions from /vendor/etc/permissions/android.software.farfield.xml
05-30 18:35:02.788 I/SystemConfig( 694): Reading permissions from /vendor/etc/permissions/android.software.ipsec_tunnels.xml
05-30 18:35:02.788 D/SystemServerTiming( 694): StartFileIntegrityService
05-30 18:35:02.788 I/SystemServiceManager( 694): Starting com.android.server.security.FileIntegrityService
05-30 18:35:02.789 I/SystemConfig( 694): Reading permissions from /vendor/etc/permissions/android.software.opengles.deqp.level-2023-03-01.xml
05-30 18:35:02.790 I/SystemConfig( 694): Reading permissions from /vendor/etc/permissions/android.software.verified_boot.xml
05-30 18:35:02.790 D/SystemServerTiming( 694): StartInstaller
05-30 18:35:02.791 I/SystemServiceManager( 694): Starting com.android.server.pm.Installer
05-30 18:35:02.791 I/SystemConfig( 694): Reading permissions from /vendor/etc/permissions/android.software.vulkan.deqp.level-2023-03-01.xml
05-30 18:35:02.792 I/SystemConfig( 694): Reading permissions from /vendor/etc/permissions/aosp_excluded_hardware.xml
05-30 18:35:02.793 D/SystemConfig( 694): Removed unavailable feature android.hardware.location.network
05-30 18:35:02.793 I/SystemConfig( 694): Reading permissions from /vendor/etc/permissions/com.droidlogic.appinstaller.xml
05-30 18:35:02.796 I/SystemConfig( 694): Reading permissions from /vendor/etc/permissions/com.google.android.feature.SILENT_OTA.xml
05-30 18:35:02.797 D/SystemServerTiming( 694): DeviceIdentifiersPolicyService
05-30 18:35:02.797 I/SystemServiceManager( 694): Starting com.android.server.os.DeviceIdentifiersPolicyService
05-30 18:35:02.797 I/SystemConfig( 694): Reading permissions from /vendor/etc/permissions/droidlogic.jasplayer.xml
05-30 18:35:02.798 D/SystemServerTiming( 694): StartFeatureFlagsService
05-30 18:35:02.798 I/SystemServiceManager( 694): Starting com.android.server.flags.FeatureFlagsService
05-30 18:35:02.798 D/FeatureFlagsService( 694): Started Feature Flag Service
05-30 18:35:02.799 I/SystemConfig( 694): Reading permissions from /vendor/etc/permissions/droidlogic.jniasplayer.xml
05-30 18:35:02.801 D/SystemServerTiming( 694): UriGrantsManagerService
05-30 18:35:02.801 I/SystemConfig( 694): Reading permissions from /vendor/etc/permissions/droidlogic.software.core.xml
05-30 18:35:02.801 I/SystemServiceManager( 694): Starting com.android.server.uri.UriGrantsManagerService$Lifecycle
05-30 18:35:02.802 W/SystemConfig( 694): name is required for in START_TAG (empty) @27:35 in java.io.FileReader@acb384
05-30 18:35:02.802 D/SystemServerTiming( 694): StartPowerStatsService
05-30 18:35:02.802 I/SystemServiceManager( 694): Starting com.android.server.powerstats.PowerStatsService
05-30 18:35:02.802 I/SystemConfig( 694): Reading permissions from /vendor/etc/permissions/droidlogic.tv.software.core.xml
05-30 18:35:02.803 I/SystemConfig( 694): Ignore shared library droidlogic.tv.software.core: /vendor/framework/droidlogic.tv.software.core.jar does not exist
05-30 18:35:02.804 I/SystemConfig( 694): Reading permissions from /vendor/etc/permissions/prime.xml
05-30 18:35:02.805 I/SystemConfig( 694): Reading permissions from /product/etc/sysconfig/atv-component-overrides.xml
05-30 18:35:02.807 D/SystemServerTiming( 694): StartIStatsService
