05-30 18:35:11.140 D/OverviewProxyService( 949): at com.android.systemui.tv.DaggerTvGlobalRootComponent$TvSysUIComponentImpl$SwitchingProvider.get(go/retraceme f52b90d40c9757c33d597329b7d93a419828f05e967eab5bf4316109a5573534:46)
05-30 18:35:11.140 D/OverviewProxyService( 949): at dagger.internal.DoubleCheck.get(go/retraceme f52b90d40c9757c33d597329b7d93a419828f05e967eab5bf4316109a5573534:14)
05-30 18:35:11.140 D/OverviewProxyService( 949): at com.android.systemui.tv.DaggerTvGlobalRootComponent$TvSysUIComponentImpl$SwitchingProvider.get5(go/retraceme f52b90d40c9757c33d597329b7d93a419828f05e967eab5bf4316109a5573534:26)
05-30 18:35:11.140 D/OverviewProxyService( 949): at com.android.systemui.tv.DaggerTvGlobalRootComponent$TvSysUIComponentImpl$SwitchingProvider.get(go/retraceme f52b90d40c9757c33d597329b7d93a419828f05e967eab5bf4316109a5573534:21)
05-30 18:35:11.140 D/OverviewProxyService( 949): at dagger.internal.DoubleCheck.get(go/retraceme f52b90d40c9757c33d597329b7d93a419828f05e967eab5bf4316109a5573534:14)
05-30 18:35:11.140 D/OverviewProxyService( 949): at com.android.systemui.SystemUIApplication$$ExternalSyntheticLambda1.run(go/retraceme f52b90d40c9757c33d597329b7d93a419828f05e967eab5bf4316109a5573534:47)
05-30 18:35:11.140 D/OverviewProxyService( 949): at com.android.systemui.SystemUIApplication.timeInitialization(go/retraceme f52b90d40c9757c33d597329b7d93a419828f05e967eab5bf4316109a5573534:28)
05-30 18:35:11.140 D/OverviewProxyService( 949): at com.android.systemui.SystemUIApplication.startServicesIfNeeded(go/retraceme f52b90d40c9757c33d597329b7d93a419828f05e967eab5bf4316109a5573534:18)
05-30 18:35:11.140 D/OverviewProxyService( 949): at com.android.systemui.SystemUIApplication.startServicesIfNeeded(go/retraceme f52b90d40c9757c33d597329b7d93a419828f05e967eab5bf4316109a5573534:6)
05-30 18:35:11.140 D/OverviewProxyService( 949): at com.android.systemui.SystemUIService.onCreate(go/retraceme f52b90d40c9757c33d597329b7d93a419828f05e967eab5bf4316109a5573534:10)
05-30 18:35:11.140 D/OverviewProxyService( 949): at android.app.ActivityThread.handleCreateService(ActivityThread.java:4696)
05-30 18:35:11.140 D/OverviewProxyService( 949): at android.app.ActivityThread.-$$Nest$mhandleCreateService(Unknown Source:0)
05-30 18:35:11.140 D/OverviewProxyService( 949): at android.app.ActivityThread$H.handleMessage(ActivityThread.java:2293)
05-30 18:35:11.140 D/OverviewProxyService( 949): at android.os.Handler.dispatchMessage(Handler.java:106)
05-30 18:35:11.140 D/OverviewProxyService( 949): at android.os.Looper.loopOnce(Looper.java:205)
05-30 18:35:11.140 D/OverviewProxyService( 949): at android.os.Looper.loop(Looper.java:294)
05-30 18:35:11.140 D/OverviewProxyService( 949): at android.app.ActivityThread.main(ActivityThread.java:8255)
05-30 18:35:11.140 D/OverviewProxyService( 949): at java.lang.reflect.Method.invoke(Native Method)
05-30 18:35:11.140 D/OverviewProxyService( 949): at com.android.internal.os.RuntimeInit$MethodAndArgsCaller.run(RuntimeInit.java:552)
05-30 18:35:11.140 D/OverviewProxyService( 949): at com.android.internal.os.ZygoteInit.main(ZygoteInit.java:978)
05-30 18:35:11.140 D/PermissionCache( 263): checking android.permission.INTERNAL_SYSTEM_WINDOW for uid=10052 => granted (885 us)
05-30 18:35:11.143 D/WallpaperService( 949): reportEngineShown: shouldWait=true
05-30 18:35:11.144 I/audio_hw_hal_primary( 477): mixer_aux_buffer_write() HDMI changing status, need reconfig Dolby MS12
05-30 18:35:11.144 D/audio_hw_hal_profile( 477): get_hdmi_sink_cap_new is running...
05-30 18:35:11.144 D/audio_hw_hal_profile( 477): query hdmi format...
05-30 18:35:11.144 D/audio_hw_hal_profile( 477): get_hdmi_sink_cap_new ddp is unsupported; ddp-joc(atmos) is unsupported;
05-30 18:35:11.144 I/audio_hw_hal_profile( 477): PCM cap Max channel =2
05-30 18:35:11.144 I/audio_hw_hal_stream( 477): get_sink_capability mbox+dvb case sink_capability = 0x9000000
05-30 18:35:11.144 I/audio_hw_hal_stream( 477): force ddp out =0
05-30 18:35:11.144 D/audio_hw_hal_profile( 477): get_hdmi_sink_cap_new is running...
05-30 18:35:11.144 D/audio_hw_hal_profile( 477): query hdmi format...
05-30 18:35:11.145 D/audio_hw_hal_profile( 477): get_hdmi_sink_cap_new ddp is unsupported; ddp-joc(atmos) is unsupported;
05-30 18:35:11.145 I/audio_hw_hal_profile( 477): PCM cap Max channel =2
05-30 18:35:11.145 I/audio_hw_hal_stream( 477): [get_sink_dts_capability:212] mbox+dvb case sink_capability: PCM_16_BIT(0x1)
05-30 18:35:11.145 D/audio_hw_hal_profile( 477): get_hdmi_sink_cap_new is running...
05-30 18:35:11.145 D/audio_hw_hal_profile( 477): query hdmi format...
05-30 18:35:11.145 D/audio_hw_hal_profile( 477): get_hdmi_sink_cap_new ddp is unsupported; ddp-joc(atmos) is unsupported;
05-30 18:35:11.145 I/audio_hw_hal_profile( 477): PCM cap Max channel =2
05-30 18:35:11.145 I/audio_hw_hal_stream( 477): [get_sink_mpegh_capability:245] mbox+dvb case sink_capability: PCM_16_BIT(0x1)
05-30 18:35:11.145 D/audio_hw_hal_profile( 477): get_hdmi_sink_cap_new is running...
05-30 18:35:11.145 D/audio_hw_hal_profile( 477): [get_hdmi_sink_cap_new:960] query hdmi sample_rate... format: PCM_16_BIT(0x1)
05-30 18:35:11.145 I/audio_hw_hal_profile( 477): get_hdmi_sink_cap_new format =0x1 support rate =sup_sampling_rates=32000|44100|48000|88200|96000|176400|192000
05-30 18:35:11.145 I/audio_hw_hal_stream( 477): pcm_fmt support sample_rate_mask:0x7f
05-30 18:35:11.145 I/audio_hw_hal_stream( 477): get_sink_dv_capability : /sys/class/amhdmitx/amhdmitx0/hdmi_hdr_status = HDR10-GAMMA_ST2084
05-30 18:35:11.145 I/audio_hw_hal_stream( 477): get_sink_dv_capability : dv enable 0
05-30 18:35:11.145 I/audio_hw_hal_stream( 477): [get_sink_format:446] out:0xecd047f0 out devices:0x80002 cur_out_devices:0x2 format:PCM_16_BIT(0x1) digital_mode(PCM) sink cap:AC3(0x9000000)
05-30 18:35:11.145 I/audio_hw_hal_stream( 477): get_sink_format() HDMI ARC or mbox + dvb case
05-30 18:35:11.145 I/audio_hw_hal_stream( 477): [get_sink_format:645] sink_format:PCM_16_BIT(0x1) max channel:2 optical_format:PCM_16_BIT(0x1) dual_output 0
05-30 18:35:11.145 I/audio_hw_hal_primary( 477): [config_output:5882] out:0xecd047f0 hal_internal_format:PCM_16_BIT(0x1) dolby_lib_type: 2 reset_decoder 1 rate =48000 ch=2
05-30 18:35:11.145 W/DeviceHAL( 477): Error from HAL Device in function get_audio_port_v7: Function not implemented
05-30 18:35:11.145 I/audio_hw_hal_primary( 477): continuous_mode(adev) 1 ms12->dolby_ms12_enable 1
05-30 18:35:11.145 I/audio_hw_hal_ms12common( 477): audiohal_send_msg_2_ms12 mesg_type:MS12_MESG_TYPE_RESET_MS12_ENCODER entry
05-30 18:35:11.145 I/audio_hw_hal_ms12common( 477): audiohal_send_msg_2_ms12 mesg_type:MS12_MESG_TYPE_RESET_MS12_ENCODER exit
05-30 18:35:11.145 I/audio_hw_hal_primary( 477): [config_output:6071] out stream alsa port device:0
05-30 18:35:11.145 D/audio_hw_hal_ms12common( 477): ms12_message_threadloop(), msg type: MS12_MESG_TYPE_RESET_MS12_ENCODER
05-30 18:35:11.145 I/audio_hw_hal_ms12v2( 477): +dolby_ms12_encoder_reconfig()
05-30 18:35:11.145 D/libdolbyms12( 477): mch_enable 0
05-30 18:35:11.145 D/audio_hw_hal_continuous_standby( 477): audio_continuous_standby_set, type 1, params 8
05-30 18:35:11.145 D/audio_hw_hal_ms12common( 477): ms12_message_threadloop mesg_list is empty, loop waiting......
05-30 18:35:11.146 I/AudioFlinger( 517): openOutput() this 0xf41c0010, module 10 Device AUDIO_DEVICE_OUT_HDMI, @:, SamplingRate 32000, Format 0x9000000, Channels 0x1, flags 0x51
05-30 18:35:11.146 D/libdolbyms12( 477): set runtime mch_enable 0
05-30 18:35:11.146 D/audio_hw_hal_primary( 477): [adev_open_output_stream_new:7868] enter: dev=0xecf00010 handle=55 devices=0x400/'HDMI,' flags=0x51/'DIRECT,COMPRESS_OFFLOAD,HW_AV_SYNC,' config=(rt=32000 ch_mask=0x1 fmt=0x9000000) address=''
05-30 18:35:11.146 D/audio_hw_hal_primary( 477): adev_open_output_stream_new: enter
05-30 18:35:11.146 I/audio_hw_hal_primary( 477): [adev_open_output_stream:3285] io 85: out:0xecd00010 dev:OUT_HDMI(0x400) addr:
05-30 18:35:11.146 I/audio_hw_hal_primary( 477): [adev_open_output_stream:3287] ch_mask:0x1 rate:32000 format:AC3(0x9000000) flags:0x51
05-30 18:35:11.146 I/audio_hw_hal_primary( 477): adev_open_output_stream: for raw audio output,force alsa stereo output
05-30 18:35:11.146 D/audio_hw_hal_primary( 477): [adev_open_output_stream:3573] format=AC3 rate=32000
05-30 18:35:11.146 I/audio_hw_hal_primary( 477): [adev_open_output_stream:3610] result profile ch_mask:0x1 rate:32000 format:AC3(0x9000000) usecase:RAW_HWSYNC
05-30 18:35:11.146 I/audio_hw_hal_utils( 477): aml_get_stream_dump_file_name line 2929 file_name /data/vendor/audiohal/stream_pid477_tid535.dd
05-30 18:35:11.146 I/audio_hw_hal_primary( 477): [adev_open_output_stream_new:8037] io 85: out: 0xecd00010 card:0 alsa devices:0 exit ------
05-30 18:35:11.151 I/audio_hw_hal_primary( 477): [out_get_buffer_size:552] out:0xecd00010 config.rate=32000, format:AC3(0x9000000), stream format:AC3(0x9000000)
05-30 18:35:11.155 I/AudioFlinger( 517): HAL output buffer size 2048 frames, normal sink buffer size 2048 frames
05-30 18:35:11.158 I/audio_hw_hal_primary( 477): [audiohal_get_latency:1333] io 85: out:0xecd00010 frames:1280 rate:32000 whole_latency:40 alsa_latency:40
05-30 18:35:11.160 I/audio_hw_hal_primary( 477): [out_set_event_callback:3158] io 85: out:0xecd00010, callback:0xeefd591d cookie:0xef4c1510
05-30 18:35:11.162 D/SystemServerTiming( 694): ManagedServices.unbindOtherUserServices_current0
05-30 18:35:11.163 I/audio_hw_hal_primary( 477): [audiohal_get_latency:1333] io 85: out:0xecd00010 frames:1280 rate:32000 whole_latency:40 alsa_latency:40
05-30 18:35:11.165 I/audio_hw_hal_primary( 477): [audiohal_get_latency:1333] io 85: out:0xecd00010 frames:1152 rate:32000 whole_latency:36 alsa_latency:36
05-30 18:35:11.165 D/WallpaperService( 949): reportEngineShown: shouldWait=true
05-30 18:35:11.166 D/SystemServerTiming( 694): ManagedServices.unbindOtherUserServices_current0
05-30 18:35:11.167 D/SystemServerTiming( 694): ManagedServices.unbindOtherUserServices_current0
05-30 18:35:11.168 V/NotificationAssistants( 694): enabling notification assistant for 0: ComponentInfo{android.ext.services/android.ext.services.notification.Assistant}
05-30 18:35:11.168 V/NotificationAssistants( 694): binding: Intent { act=android.service.notification.NotificationAssistantService cmp=android.ext.services/.notification.Assistant (has extras) }
05-30 18:35:11.171 I/AudioFlinger( 517): AudioFlinger's thread 0xee5d0250 tid=1248 ready to run
05-30 18:35:11.173 D/AudioFlinger( 517): ro.audio.silent is ignored since no output device is set
05-30 18:35:11.173 D/AudioFlinger( 517): ro.audio.silent is ignored since no output device is set
05-30 18:35:11.186 I/AudioFlinger( 517): openOutput() this 0xf41c0010, module 10 Device AUDIO_DEVICE_OUT_HDMI, @:, SamplingRate 0, Format 00000000, Channels 0, flags 0x4001
05-30 18:35:11.187 D/audio_hw_hal_primary( 477): [adev_open_output_stream_new:7868] enter: dev=0xecf00010 handle=5d devices=0x400/'HDMI,' flags=0x4001/'DIRECT,MMAP_NOIRQ,' config=(rt=0 ch_mask=0x0 fmt=0x0) address=''
05-30 18:35:11.187 D/audio_hw_hal_primary( 477): adev_open_output_stream_new: enter
05-30 18:35:11.187 I/audio_hw_hal_primary( 477): [adev_open_output_stream:3285] io 93: out:0xecd01cd0 dev:OUT_HDMI(0x400) addr:
05-30 18:35:11.187 I/audio_hw_hal_primary( 477): [adev_open_output_stream:3287] ch_mask:0 rate:0 format:DEFAULT(0) flags:0x4001
05-30 18:35:11.187 I/audio_hw_hal_primary( 477): when open aaudio stream, send RUNNING msg to submix & ms12
05-30 18:35:11.187 W/audio_hw_hal_ms12common( 477): aml_set_ms12_scheduler_state sch_state:0 SCHEDULER_RUNNING, ms12 scheduler state not changed.
05-30 18:35:11.187 I/audio_hw_hal_mmap( 477): [outMmapInit:680] stream:0xecd01cd0
05-30 18:35:11.187 I/audio_hw_hal_mmap( 477): [dma_buffer_allocate:639] enter
05-30 18:35:11.188 I/DMABUFHEAPS( 477): Using DMA-BUF heap named: system-uncached
05-30 18:35:11.188 I/audio_hw_hal_mmap( 477): [dma_buffer_allocate:673] s32DmaFd:21, pu8MmapAddr:0xf0980000
05-30 18:35:11.188 I/audio_hw_hal_mmap( 477): [mmap_audio_register_client:927] OK ! stream 0xecd01cd0, client id 0
05-30 18:35:11.188 I/audio_hw_hal_primary( 477): [adev_open_output_stream:3540] vendor.media.llp 0
05-30 18:35:11.188 I/audio_hw_hal_primary( 477): [adev_open_output_stream:3610] result profile ch_mask:0x3 rate:48000 format:PCM_16_BIT(0x1) usecase:PCM_MMAP
05-30 18:35:11.188 I/audio_hw_hal_utils( 477): aml_get_stream_dump_file_name line 2929 file_name /data/vendor/audiohal/stream_pid477_tid477.pcm
05-30 18:35:11.188 I/audio_hw_hal_primary( 477): [adev_open_output_stream_new:8037] io 93: out: 0xecd01cd0 card:0 alsa devices:0 exit ------
05-30 18:35:11.189 D/AudioService( 694): Mic mute false, user=0
05-30 18:35:11.190 I/audio_hw_hal_primary( 477): [out_get_buffer_size:552] out:0xecd01cd0 config.rate=48000, format:PCM_16_BIT(0x1), stream format:PCM_16_BIT(0x1)
05-30 18:35:11.192 I/audio_hw_hal_profile( 477): [out_get_parameters:2092] out:0xecd01cd0 query channels. Format:PCM_16_BIT(0x1) ++++++++++ hal_format:PCM_16_BIT
05-30 18:35:11.192 D/audio_hw_hal_profile( 477): get_hdmi_sink_cap_new is running...
05-30 18:35:11.192 D/audio_hw_hal_profile( 477): [get_hdmi_sink_cap_new:887] query hdmi channels... format: PCM_16_BIT(0x1)
05-30 18:35:11.192 I/audio_hw_hal_profile( 477): [out_get_parameters:2165] sup_channels=AUDIO_CHANNEL_OUT_STEREO
05-30 18:35:11.194 D/AudioFlinger( 517): closing mmapThread 0xee400010
05-30 18:35:11.194 D/AudioFlinger( 517): mmapThread exit()
05-30 18:35:11.195 W/ActivityThread( 1184): Failed to find provider info for bluetooth_legacy.provider (user not unlocked)
05-30 18:35:11.195 D/DataMigration( 1184): Legacy migration skiped: no migration app installed
05-30 18:35:11.201 I/BluetoothAvrcpControllerJni( 1184): classInitNative: succeeds
05-30 18:35:11.202 I/WifiClientModeImpl[19783:wlan0]( 694): disconnectedstate enter
05-30 18:35:11.202 W/WifiConnectivityManager( 694): mConnectedSingleSavedNetworkSingleScanScheduleSec is not configured! Using default scan schedule
05-30 18:35:11.203 W/WifiConnectivityManager( 694): mConnectedSingleSavedNetworkSingleScanType is not configured! Using default scan types
05-30 18:35:11.203 D/CompatibilityChangeReporter( 1184): Compat change id reported: 263076149; UID 1002; state: ENABLED
05-30 18:35:11.205 I/BluetoothHidHostServiceJni( 1184): classInitNative: succeeds
05-30 18:35:11.205 D/WifiClientModeImpl[19783:wlan0]( 694): setupClientMode() ifacename = wlan0
05-30 18:35:11.208 I/AudioFlinger( 517): AudioFlinger's thread 0xee400010 tid=1250 ready to run
05-30 18:35:11.209 I/audio_hw_hal_primary( 477): [adev_close_output_stream_new:8052] io handle 93: out:0xecd01cd0
05-30 18:35:11.209 D/audio_hw_hal_primary( 477): adev_close_output_stream_new: enter usecase = PCM_MMAP
05-30 18:35:11.209 I/audio_hw_hal_primary( 477): [adev_close_output_stream:3695] io 93: out:0xecd01cd0 dev:OUT_HDMI(0x400) flags:0x4001, usecase:PCM_MMAP
05-30 18:35:11.209 D/audio_hw_hal_primary( 477): [out_standby_new:5767] io 93: out:0xecd01cd0 usecase:PCM_MMAP
05-30 18:35:11.209 I/audio_hw_hal_primary( 477): already standby, do nothing
05-30 18:35:11.209 I/audio_hw_hal_mmap( 477): [outMmapDeInit:743] stream:0xecd01cd0
05-30 18:35:11.209 I/audio_hw_hal_mmap( 477): [mmap_audio_unregister_client:955] OK ! stream 0xecd01cd0, client id 0
05-30 18:35:11.209 I/audio_hw_hal_primary( 477): when close aaudio stream, send STANDBY msg to submix & ms12
05-30 18:35:11.209 W/audio_hw_hal_ms12common( 477): aml_set_ms12_scheduler_state sch_state:0 SCHEDULER_RUNNING, ms12 scheduler state not changed.
05-30 18:35:11.209 I/audio_hw_hal_resourcemgr( 477): [is_output_device_muted:710] device:0x2 port_mute:0, fade_mute:0
05-30 18:35:11.209 I/audio_hw_hal_primary( 477): [adev_close_output_stream:3863] io 93: out:0xecd01cd0 exit ------
05-30 18:35:11.211 I/WifiVendorHal( 694): Driver: RTK_DRIVER_VERSION Firmware: RTK_FIRMWARE_VERSION
05-30 18:35:11.212 I/AudioFlinger( 517): openOutput() this 0xf41c0010, module 10 Device AUDIO_DEVICE_OUT_HDMI, @:, SamplingRate 48000, Format 0x000001, Channels 0x3, flags 0x4001
05-30 18:35:11.212 I/WifiHAL ( 501): Added event handler 0xf00c0ce0:0xf14149d1 for vendor 0x1a11 and subcmd 0xb at 2
05-30 18:35:11.212 D/NavigationModeController( 949): getCurrentInteractionMode: mode=0 contextUser=0
05-30 18:35:11.213 I/WifiHAL ( 501): Added event handler 0xf0240ed0:0xf14149d1 for vendor 0x1a11 and subcmd 0xa at 3
05-30 18:35:11.213 D/audio_hw_hal_primary( 477): [adev_open_output_stream_new:7868] enter: dev=0xecf00010 handle=65 devices=0x400/'HDMI,' flags=0x4001/'DIRECT,MMAP_NOIRQ,' config=(rt=48000 ch_mask=0x3 fmt=0x1) address=''
05-30 18:35:11.213 D/audio_hw_hal_primary( 477): adev_open_output_stream_new: enter
05-30 18:35:11.213 I/audio_hw_hal_primary( 477): [adev_open_output_stream:3285] io 101: out:0xecd01cd0 dev:OUT_HDMI(0x400) addr:
05-30 18:35:11.213 I/audio_hw_hal_primary( 477): [adev_open_output_stream:3287] ch_mask:0x3 rate:48000 format:PCM_16_BIT(0x1) flags:0x4001
05-30 18:35:11.213 I/audio_hw_hal_primary( 477): when open aaudio stream, send RUNNING msg to submix & ms12
05-30 18:35:11.213 W/audio_hw_hal_ms12common( 477): aml_set_ms12_scheduler_state sch_state:0 SCHEDULER_RUNNING, ms12 scheduler state not changed.
05-30 18:35:11.213 I/audio_hw_hal_mmap( 477): [outMmapInit:680] stream:0xecd01cd0
05-30 18:35:11.213 I/audio_hw_hal_mmap( 477): [dma_buffer_allocate:639] enter
05-30 18:35:11.213 D/WifiHAL ( 501): error code -95 mapped to -3
05-30 18:35:11.213 I/WifiHAL ( 501): Successfully removed event handler 0xf0240ed0:0xf14149d1 for vendor 0x1a11, subcmd 0xa from 2
05-30 18:35:11.213 E/WifiHAL ( 501): Failed to register set Hal preInit; result = -3
05-30 18:35:11.214 I/DMABUFHEAPS( 477): Using DMA-BUF heap named: system-uncached
05-30 18:35:11.214 I/audio_hw_hal_mmap( 477): [dma_buffer_allocate:673] s32DmaFd:21, pu8MmapAddr:0xf0980000
05-30 18:35:11.214 I/audio_hw_hal_mmap( 477): [mmap_audio_register_client:927] OK ! stream 0xecd01cd0, client id 0
05-30 18:35:11.214 I/audio_hw_hal_primary( 477): [adev_open_output_stream:3540] vendor.media.llp 0
05-30 18:35:11.214 I/audio_hw_hal_primary( 477): [adev_open_output_stream:3610] result profile ch_mask:0x3 rate:48000 format:PCM_16_BIT(0x1) usecase:PCM_MMAP
05-30 18:35:11.214 I/audio_hw_hal_utils( 477): aml_get_stream_dump_file_name line 2929 file_name /data/vendor/audiohal/stream_pid477_tid535.pcm
05-30 18:35:11.214 I/audio_hw_hal_primary( 477): [adev_open_output_stream_new:8037] io 101: out: 0xecd01cd0 card:0 alsa devices:0 exit ------
05-30 18:35:11.214 E/WifiChipAidlImpl( 694): startLoggingToDebugRingBuffer failed with service-specific exception: android.os.ServiceSpecificException: (code 4)
05-30 18:35:11.216 I/BluetoothPanServiceJni( 1184): classInitNative(L108): succeeds
05-30 18:35:11.216 D/CompatibilityChangeReporter( 694): Compat change id reported: 161145287; UID 10069; state: ENABLED
05-30 18:35:11.217 I/WifiHAL ( 501): Added event handler 0xf0240ed0:0xf14149d1 for vendor 0x1a11 and subcmd 0xa at 3
05-30 18:35:11.217 D/WifiHAL ( 501): error code -95 mapped to -3
05-30 18:35:11.217 I/WifiHAL ( 501): Successfully removed event handler 0xf0240ed0:0xf14149d1 for vendor 0x1a11, subcmd 0xa from 2
05-30 18:35:11.217 E/WifiHAL ( 501): Failed to register set Hal preInit; result = -3
05-30 18:35:11.218 I/AdapterServiceConfig( 1184): init: profile=A2dpService, enabled=true
05-30 18:35:11.218 I/AdapterServiceConfig( 1184): init: profile=A2dpSinkService, enabled=false
05-30 18:35:11.218 I/AdapterServiceConfig( 1184): init: profile=AvrcpTargetService, enabled=true
05-30 18:35:11.218 I/AdapterServiceConfig( 1184): init: profile=AvrcpControllerService, enabled=false
05-30 18:35:11.218 I/AdapterServiceConfig( 1184): init: profile=BassClientService, enabled=false
05-30 18:35:11.218 I/AdapterServiceConfig( 1184): init: profile=BatteryService, enabled=false
05-30 18:35:11.218 I/AdapterServiceConfig( 1184): init: profile=CsipSetCoordinatorService, enabled=false
05-30 18:35:11.218 I/AdapterServiceConfig( 1184): init: profile=HapClientService, enabled=false
05-30 18:35:11.218 I/AdapterServiceConfig( 1184): init: profile=HeadsetService, enabled=true
05-30 18:35:11.218 I/AdapterServiceConfig( 1184): init: profile=HeadsetClientService, enabled=false
05-30 18:35:11.218 I/AdapterServiceConfig( 1184): init: profile=HearingAidService, enabled=true
05-30 18:35:11.218 I/AdapterServiceConfig( 1184): init: profile=HidDeviceService, enabled=false
05-30 18:35:11.218 I/AdapterServiceConfig( 1184): init: profile=HidHostService, enabled=true
05-30 18:35:11.218 I/AdapterServiceConfig( 1184): init: profile=GattService, enabled=true
05-30 18:35:11.218 I/AdapterServiceConfig( 1184): init: profile=LeAudioService, enabled=false
05-30 18:35:11.218 I/AdapterServiceConfig( 1184): init: profile=TbsService, enabled=false
05-30 18:35:11.218 I/AdapterServiceConfig( 1184): init: profile=BluetoothMapService, enabled=false
05-30 18:35:11.218 I/AdapterServiceConfig( 1184): init: profile=MapClientService, enabled=false
05-30 18:35:11.218 I/AdapterServiceConfig( 1184): init: profile=McpService, enabled=true
05-30 18:35:11.218 I/AdapterServiceConfig( 1184): init: profile=BluetoothOppService, enabled=true
05-30 18:35:11.218 I/AdapterServiceConfig( 1184): init: profile=PanService, enabled=true
05-30 18:35:11.218 I/AdapterServiceConfig( 1184): init: profile=BluetoothPbapService, enabled=false
05-30 18:35:11.218 I/AdapterServiceConfig( 1184): init: profile=PbapClientService, enabled=false
05-30 18:35:11.218 I/AdapterServiceConfig( 1184): init: profile=SapService, enabled=false
05-30 18:35:11.218 I/AdapterServiceConfig( 1184): init: profile=VolumeControlService, enabled=false
05-30 18:35:11.220 I/audio_hw_hal_primary( 477): [out_get_buffer_size:552] out:0xecd01cd0 config.rate=48000, format:PCM_16_BIT(0x1), stream format:PCM_16_BIT(0x1)
05-30 18:35:11.216 I/rainbow_flow( 593): type=1400 audit(0.0:693): avc: denied { ioctl } for path="/dev/spidev1.0" dev="tmpfs" ino=545 ioctlcmd=0x6b00 scontext=u:r:init:s0 tcontext=u:object_r:device:s0 tclass=chr_file permissive=1
05-30 18:35:11.220 E/WifiChipAidlImpl( 694): startLoggingToDebugRingBuffer failed with service-specific exception: android.os.ServiceSpecificException: (code 4)
05-30 18:35:11.220 D/WifiDiags( 694): startLogging() iface list is {wlan0} after adding wlan0
05-30 18:35:11.221 I/AudioFlinger( 517): AudioFlinger's thread 0xee400010 tid=1253 ready to run
05-30 18:35:11.223 I/wpa_supplicant( 1140): wpa_driver_nl80211_driver_cmd: wifi vendor: aml_w2_s
05-30 18:35:11.223 I/wpa_supplicant( 1140): wpa_driver_nl80211_driver_cmd: wlan0: private command: BTCOEXSCAN-STOP
05-30 18:35:11.223 I/audio_hw_hal_primary( 477): [out_set_volume:1406] out:0xecd01cd0 left:0.120643 continuous:1 internal_format:PCM_16_BIT dolby:0 direct pcm:1 mmap_pcm:1
05-30 18:35:11.223 I/wpa_supplicant( 1140): wpa_driver_nl80211_driver_cmd: wifi vendor: aml_w2_s
05-30 18:35:11.223 I/wpa_supplicant( 1140): wpa_driver_nl80211_driver_cmd: wlan0: private command: RXFILTER-STOP
05-30 18:35:11.224 I/wpa_supplicant( 1140): wpa_driver_nl80211_driver_cmd: wifi vendor: aml_w2_s
05-30 18:35:11.224 I/wpa_supplicant( 1140): wpa_driver_nl80211_driver_cmd: wlan0: private command: RXFILTER-ADD 2
05-30 18:35:11.224 I/wpa_supplicant( 1140): wpa_driver_nl80211_driver_cmd: wifi vendor: aml_w2_s
05-30 18:35:11.224 I/wpa_supplicant( 1140): wpa_driver_nl80211_driver_cmd: wlan0: private command: RXFILTER-START
05-30 18:35:11.225 I/wpa_supplicant( 1140): wpa_driver_nl80211_driver_cmd: wifi vendor: aml_w2_s
05-30 18:35:11.225 I/wpa_supplicant( 1140): wpa_driver_nl80211_driver_cmd: wlan0: private command: RXFILTER-STOP
05-30 18:35:11.226 I/wpa_supplicant( 1140): wpa_driver_nl80211_driver_cmd: wifi vendor: aml_w2_s
05-30 18:35:11.226 I/wpa_supplicant( 1140): wpa_driver_nl80211_driver_cmd: wlan0: private command: RXFILTER-ADD 3
05-30 18:35:11.226 I/mali ( 949): Successfully parsed 1 environment variable(s) from /vendor/etc/mali_platform.config.
05-30 18:35:11.227 I/wpa_supplicant( 1140): wpa_driver_nl80211_driver_cmd: wifi vendor: aml_w2_s
05-30 18:35:11.227 I/wpa_supplicant( 1140): wpa_driver_nl80211_driver_cmd: wlan0: private command: RXFILTER-START
05-30 18:35:11.227 I/wpa_supplicant( 1140): wpa_driver_nl80211_driver_cmd: wifi vendor: aml_w2_s
05-30 18:35:11.227 I/wpa_supplicant( 1140): wpa_driver_nl80211_driver_cmd: wlan0: private command: SETSUSPENDMODE 1
05-30 18:35:11.238 I/AudioFlinger( 517): openOutput() this 0xf41c0010, module 10 Device AUDIO_DEVICE_OUT_HDMI, @:, SamplingRate 0, Format 00000000, Channels 0, flags 0x1
05-30 18:35:11.239 D/audio_hw_hal_primary( 477): [adev_open_output_stream_new:7868] enter: dev=0xecf00010 handle=6d devices=0x400/'HDMI,' flags=0x1/'DIRECT,' config=(rt=0 ch_mask=0x0 fmt=0x0) address=''
05-30 18:35:11.239 D/audio_hw_hal_primary( 477): adev_open_output_stream_new: enter
05-30 18:35:11.239 I/audio_hw_hal_primary( 477): [adev_open_output_stream:3285] io 109: out:0xecd06be0 dev:OUT_HDMI(0x400) addr:
05-30 18:35:11.239 I/audio_hw_hal_primary( 477): [adev_open_output_stream:3287] ch_mask:0 rate:0 format:DEFAULT(0) flags:0x1
05-30 18:35:11.239 I/audio_hw_hal_primary( 477): [adev_open_output_stream:3610] result profile ch_mask:0x3 rate:48000 format:PCM_16_BIT(0x1) usecase:PCM_DIRECT
05-30 18:35:11.239 I/audio_hw_hal_utils( 477): aml_get_stream_dump_file_name line 2929 file_name /data/vendor/audiohal/stream_pid477_tid535.pcm
05-30 18:35:11.239 I/audio_hw_hal_primary( 477): [adev_open_output_stream_new:8037] io 109: out: 0xecd06be0 card:0 alsa devices:0 exit ------
05-30 18:35:11.239 I/mali ( 949): Successfully parsed 1 environment variable(s) from /vendor/etc/mali_platform.config.
05-30 18:35:11.240 I/BluetoothMetricsLogger( 1184): setCounterMetricsAlarm()
05-30 18:35:11.240 D/WifiConfigStore( 694): Writing to stores completed in 4 ms.
05-30 18:35:11.244 I/wpa_supplicant( 1140): wpa_driver_nl80211_driver_cmd: wifi vendor: aml_w2_s
05-30 18:35:11.244 I/wpa_supplicant( 1140): wpa_driver_nl80211_driver_cmd: wlan0: private command: SETSUSPENDMODE 0
05-30 18:35:11.246 I/audio_hw_hal_primary( 477): [out_get_buffer_size:552] out:0xecd06be0 config.rate=48000, format:PCM_16_BIT(0x1), stream format:PCM_16_BIT(0x1)
05-30 18:35:11.246 I/AudioFlinger( 517): HAL output buffer size 2048 frames, normal sink buffer size 2048 frames
05-30 18:35:11.247 I/audio_hw_hal_primary( 477): [audiohal_get_latency:1333] io 109: out:0xecd06be0 frames:1024 rate:48000 whole_latency:21 alsa_latency:21
05-30 18:35:11.248 I/audio_hw_hal_primary( 477): [out_set_event_callback:3158] io 109: out:0xecd06be0, callback:0xeefd591d cookie:0xef4c27d0
05-30 18:35:11.249 I/AudioFlinger( 517): AudioFlinger's thread 0xee5d8370 tid=1260 ready to run
05-30 18:35:11.249 I/audio_hw_hal_primary( 477): [audiohal_get_latency:1333] io 109: out:0xecd06be0 frames:1280 rate:48000 whole_latency:26 alsa_latency:26
05-30 18:35:11.249 I/audio_hw_hal_primary( 477): [audiohal_get_latency:1333] io 109: out:0xecd06be0 frames:1280 rate:48000 whole_latency:26 alsa_latency:26
05-30 18:35:11.249 D/AudioFlinger( 517): ro.audio.silent is ignored since no output device is set
05-30 18:35:11.250 I/audio_hw_hal_profile( 477): [out_get_parameters:2085] out:0xecd06be0 query audio format. ++++++++++ hal_format:PCM_16_BIT
05-30 18:35:11.250 D/audio_hw_hal_profile( 477): get_hdmi_sink_cap_new is running...
05-30 18:35:11.251 D/audio_hw_hal_profile( 477): query hdmi format...
05-30 18:35:11.251 D/audio_hw_hal_profile( 477): get_hdmi_sink_cap_new ddp is unsupported; ddp-joc(atmos) is unsupported;
05-30 18:35:11.251 I/audio_hw_hal_profile( 477): PCM cap Max channel =2
05-30 18:35:11.251 I/audio_hw_hal_profile( 477): [out_get_parameters:2165] sup_formats=AUDIO_FORMAT_PCM_16_BIT|AUDIO_FORMAT_IEC61937|AUDIO_FORMAT_AC3|AUDIO_FORMAT_E_AC3
05-30 18:35:11.251 D/APM_AudioPolicyManager( 517): modifySurroundFormats: forced use = 13
05-30 18:35:11.253 I/audio_hw_hal_profile( 477): [out_get_parameters:2089] out:0xecd06be0 query sample rate. Format:PCM_16_BIT(0x1) ++++++++++ hal_format:PCM_16_BIT
05-30 18:35:11.253 D/audio_hw_hal_profile( 477): get_hdmi_sink_cap_new is running...
05-30 18:35:11.253 D/audio_hw_hal_profile( 477): [get_hdmi_sink_cap_new:960] query hdmi sample_rate... format: PCM_16_BIT(0x1)
05-30 18:35:11.253 I/audio_hw_hal_profile( 477): get_hdmi_sink_cap_new format =0x1 support rate =sup_sampling_rates=32000|44100|48000|88200|96000|176400|192000
05-30 18:35:11.253 I/audio_hw_hal_profile( 477): [out_get_parameters:2165] sup_sampling_rates=32000|44100|48000|88200|96000|176400|192000
05-30 18:35:11.253 I/audio_hw_hal_profile( 477): [out_get_parameters:2092] out:0xecd06be0 query channels. Format:PCM_16_BIT(0x1) ++++++++++ hal_format:PCM_16_BIT
05-30 18:35:11.253 D/audio_hw_hal_profile( 477): get_hdmi_sink_cap_new is running...
05-30 18:35:11.254 D/audio_hw_hal_profile( 477): [get_hdmi_sink_cap_new:887] query hdmi channels... format: PCM_16_BIT(0x1)
05-30 18:35:11.254 I/audio_hw_hal_profile( 477): [out_get_parameters:2165] sup_channels=AUDIO_CHANNEL_OUT_STEREO
05-30 18:35:11.256 I/audio_hw_hal_profile( 477): [out_get_parameters:2089] out:0xecd06be0 query sample rate. Format:IEC61937(0xd000000) ++++++++++ hal_format:PCM_16_BIT
05-30 18:35:11.256 D/audio_hw_hal_profile( 477): get_hdmi_sink_cap_new is running...
05-30 18:35:11.256 D/audio_hw_hal_profile( 477): [get_hdmi_sink_cap_new:960] query hdmi sample_rate... format: IEC61937(0xd000000)
05-30 18:35:11.256 I/audio_hw_hal_profile( 477): [out_get_parameters:2165] sup_sampling_rates=8000|11025|16000|22050|24000|32000|44100|48000|128000|176400|192000
05-30 18:35:11.259 I/audio_hw_hal_profile( 477): [out_get_parameters:2092] out:0xecd06be0 query channels. Format:IEC61937(0xd000000) ++++++++++ hal_format:PCM_16_BIT
05-30 18:35:11.259 D/audio_hw_hal_profile( 477): get_hdmi_sink_cap_new is running...
05-30 18:35:11.259 D/audio_hw_hal_profile( 477): [get_hdmi_sink_cap_new:887] query hdmi channels... format: IEC61937(0xd000000)
05-30 18:35:11.259 I/audio_hw_hal_profile( 477): [out_get_parameters:2165] sup_channels=AUDIO_CHANNEL_OUT_MONO|AUDIO_CHANNEL_OUT_STEREO|AUDIO_CHANNEL_OUT_TRI|AUDIO_CHANNEL_OUT_TRI_BACK|AUDIO_CHANNEL_OUT_3POINT1|AUDIO_CHANNEL_OUT_QUAD|AUDIO_CHANNEL_OUT_SURROUND|AUDIO_CHANNEL_OUT_PENTA|AUDIO_CHANNEL_OUT_5POINT1|AUDIO_CHANNEL_OUT_7POINT1
05-30 18:35:11.260 D/audio_hw_hal_primary( 477): [out_dump:848] io 109: out:0xecd06be0, fd:22
05-30 18:35:11.260 D/ResourceTrimmer( 949): Resource trimmer registered.
05-30 18:35:11.261 I/hwservicemanager( 234): getTransport: Cannot find entry android.hardware.configstore@1.0::ISurfaceFlingerConfigs/default in either framework or device VINTF manifest.
05-30 18:35:11.264 D/audio_hw_hal_primary( 477): [out_set_parameters:971] out:0xecd06be0 kvpairs:closing=true;exiting=1 out->out_device:0x400, adev->out_device:0x80002
05-30 18:35:11.264 E/audio_hw_hal_primary( 477): out_set_parameters, ret:-2, hw_sync_mode:is false
05-30 18:35:11.266 D/KeyguardTransitionCoreStartable( 949): Started com.android.systemui.keyguard.domain.interactor.FromLockscreenTransitionInteractor@e0ab78b
05-30 18:35:11.268 D/audio_hw_hal_primary( 477): [out_standby_new:5767] io 109: out:0xecd06be0 usecase:PCM_DIRECT
05-30 18:35:11.268 I/audio_hw_hal_primary( 477): already standby, do nothing
05-30 18:35:11.272 I/audio_hw_hal_primary( 477): [out_set_event_callback:3158] io 109: out:0xecd06be0, callback:0xeefd591d cookie:0xef4c27d0
05-30 18:35:11.272 I/audio_hw_hal_primary( 477): [adev_close_output_stream_new:8052] io handle 109: out:0xecd06be0
05-30 18:35:11.272 D/audio_hw_hal_primary( 477): adev_close_output_stream_new: enter usecase = PCM_DIRECT
05-30 18:35:11.272 I/audio_hw_hal_primary( 477): [adev_close_output_stream:3695] io 109: out:0xecd06be0 dev:OUT_HDMI(0x400) flags:0x1, usecase:PCM_DIRECT
05-30 18:35:11.272 D/audio_hw_hal_primary( 477): [out_standby_new:5767] io 109: out:0xecd06be0 usecase:PCM_DIRECT
05-30 18:35:11.272 I/audio_hw_hal_primary( 477): already standby, do nothing
05-30 18:35:11.272 I/audio_hw_hal_resourcemgr( 477): [is_output_device_muted:710] device:0x2 port_mute:0, fade_mute:0
05-30 18:35:11.272 I/audio_hw_hal_primary( 477): [adev_close_output_stream:3863] io 109: out:0xecd06be0 exit ------
05-30 18:35:11.274 I/AudioFlinger( 517): openOutput() this 0xf41c0010, module 10 Device AUDIO_DEVICE_OUT_HDMI, @:, SamplingRate 8000, Format 0xd000000, Channels 0x1, flags 0x1
05-30 18:35:11.276 D/audio_hw_hal_primary( 477): [adev_open_output_stream_new:7868] enter: dev=0xecf00010 handle=75 devices=0x400/'HDMI,' flags=0x401/'DIRECT,IEC958_NONAUDIO,' config=(rt=8000 ch_mask=0x1 fmt=0xd000000) address=''
05-30 18:35:11.276 D/audio_hw_hal_primary( 477): adev_open_output_stream_new: enter
05-30 18:35:11.276 I/audio_hw_hal_primary( 477): [adev_open_output_stream:3285] io 117: out:0xecd06be0 dev:OUT_HDMI(0x400) addr:
05-30 18:35:11.276 I/audio_hw_hal_primary( 477): [adev_open_output_stream:3287] ch_mask:0x1 rate:8000 format:IEC61937(0xd000000) flags:0x401
05-30 18:35:11.276 D/audio_hw_hal_primary( 477): [adev_open_output_stream:3381] current format is IEC61937
05-30 18:35:11.276 I/audio_hw_hal_primary( 477): [adev_open_output_stream:3610] result profile ch_mask:0x1 rate:8000 format:IEC61937(0xd000000) usecase:RAW_DIRECT
05-30 18:35:11.276 I/audio_hw_hal_utils( 477): aml_get_stream_dump_file_name line 2929 file_name /data/vendor/audiohal/stream_pid477_tid669.pcm
05-30 18:35:11.276 I/audio_hw_hal_primary( 477): [adev_open_output_stream_new:8037] io 117: out: 0xecd06be0 card:0 alsa devices:0 exit ------
05-30 18:35:11.279 I/audio_hw_hal_primary( 477): [out_get_buffer_size:552] out:0xecd06be0 config.rate=8000, format:IEC61937(0xd000000), stream format:IEC61937(0xd000000)
05-30 18:35:11.279 I/audio_hw_hal_primary( 477): out_get_buffer_size AUDIO_FORMAT_IEC61937 buffer size = 4096 frames
05-30 18:35:11.281 I/AudioFlinger( 517): HAL output buffer size 2048 frames, normal sink buffer size 2048 frames
05-30 18:35:11.281 I/audio_hw_hal_primary( 477): [audiohal_get_latency:1333] io 117: out:0xecd06be0 frames:1280 rate:8000 whole_latency:160 alsa_latency:160
05-30 18:35:11.282 I/audio_hw_hal_primary( 477): [out_set_event_callback:3158] io 117: out:0xecd06be0, callback:0xeefd591d cookie:0xef4c1570
05-30 18:35:11.283 I/AudioFlinger( 517): AudioFlinger's thread 0xee5d8370 tid=1262 ready to run
05-30 18:35:11.284 I/audio_hw_hal_primary( 477): [audiohal_get_latency:1333] io 117: out:0xecd06be0 frames:1152 rate:8000 whole_latency:144 alsa_latency:144
05-30 18:35:11.284 I/audio_hw_hal_primary( 477): [audiohal_get_latency:1333] io 117: out:0xecd06be0 frames:1152 rate:8000 whole_latency:144 alsa_latency:144
05-30 18:35:11.284 D/AudioFlinger( 517): ro.audio.silent is ignored since no output device is set
05-30 18:35:11.285 D/audio_hw_hal_primary( 477): [out_standby_new:5767] io 117: out:0xecd06be0 usecase:RAW_DIRECT
05-30 18:35:11.285 I/audio_hw_hal_primary( 477): already standby, do nothing
05-30 18:35:11.288 D/AudioFlinger( 517): ro.audio.silent is ignored since no output device is set
05-30 18:35:11.290 D/BluetoothAdapterService( 1184): onCreate()
05-30 18:35:11.308 D/CompatibilityChangeReporter( 694): Compat change id reported: 161145287; UID 1002; state: ENABLED
05-30 18:35:11.312 D/KeyguardTransitionCoreStartable( 949): Started com.android.systemui.keyguard.domain.interactor.FromGoneTransitionInteractor@4a0fc81
05-30 18:35:11.315 I/AudioFlinger( 517): openOutput() this 0xf41c0010, module 10 Device AUDIO_DEVICE_OUT_HDMI, @:, SamplingRate 0, Format 00000000, Channels 0, flags 0x41
05-30 18:35:11.316 D/audio_hw_hal_primary( 477): [adev_open_output_stream_new:7868] enter: dev=0xecf00010 handle=7d devices=0x400/'HDMI,' flags=0x41/'DIRECT,HW_AV_SYNC,' config=(rt=0 ch_mask=0x0 fmt=0x0) address=''
05-30 18:35:11.316 D/audio_hw_hal_primary( 477): adev_open_output_stream_new: enter
05-30 18:35:11.316 I/audio_hw_hal_primary( 477): [adev_open_output_stream:3285] io 125: out:0xecd00740 dev:OUT_HDMI(0x400) addr:
05-30 18:35:11.316 I/audio_hw_hal_primary( 477): [adev_open_output_stream:3287] ch_mask:0 rate:0 format:DEFAULT(0) flags:0x41
05-30 18:35:11.316 D/audio_hw_hal_primary( 477): [adev_open_output_stream:3573] format=PCM_16_BIT rate=48000
05-30 18:35:11.316 I/audio_hw_hal_primary( 477): [adev_open_output_stream:3610] result profile ch_mask:0x3 rate:48000 format:PCM_16_BIT(0x1) usecase:PCM_HWSYNC
05-30 18:35:11.318 D/audio_hw_hal_timer( 477): func:audio_timer_create create timer.1 success.
05-30 18:35:11.319 D/audio_hw_hal_timer( 477): func:audio_timer_create create timer.2 success.
05-30 18:35:11.319 D/audio_hw_hal_primary( 477): [adev_open_output_stream_new:7980] timer_id:1
05-30 18:35:11.319 I/audio_hw_hal_utils( 477): aml_get_stream_dump_file_name line 2929 file_name /data/vendor/audiohal/stream_pid477_tid477.pcm
05-30 18:35:11.319 I/audio_hw_hal_primary( 477): [adev_open_output_stream_new:8037] io 125: out: 0xecd00740 card:0 alsa devices:0 exit ------
05-30 18:35:11.323 I/audio_hw_hal_primary( 477): [out_get_buffer_size:552] out:0xecd00740 config.rate=48000, format:PCM_16_BIT(0x1), stream format:PCM_16_BIT(0x1)
05-30 18:35:11.323 I/AudioFlinger( 517): HAL output buffer size 2058 frames, normal sink buffer size 2058 frames
05-30 18:35:11.323 I/audio_hw_hal_primary( 477): [audiohal_get_latency:1333] io 125: out:0xecd00740 frames:1280 rate:48000 whole_latency:26 alsa_latency:26
05-30 18:35:11.324 I/audio_hw_hal_primary( 477): [out_set_event_callback:3158] io 125: out:0xecd00740, callback:0xeefd591d cookie:0xef4c0d30
05-30 18:35:11.324 I/AudioFlinger( 517): AudioFlinger's thread 0xee5dc400 tid=1267 ready to run
05-30 18:35:11.326 I/MesonDisplay( 289): [/mode_policy.c, meson_mode_set_policy, 1177] connector:0 to policy:0
05-30 18:35:11.326 I/MesonDisplay( 289): [/mode_policy.c, is_dv_prefer, 66] not prefer dv, hdr_priority:10000010
05-30 18:35:11.326 I/MesonDisplay( 289): [/mode_policy.c, is_dv_prefer, 66] not prefer dv, hdr_priority:10000010
05-30 18:35:11.326 I/MesonDisplay( 289): [/mode_policy.c, hdr_scene_process, 724] policy:0 is_bestcolorspace:1 state:0
05-30 18:35:11.326 I/MesonDisplay( 289): [/mode_policy_parser.c, is_support_hdmimode, 110] is_support_hdmimode mode: 2160p60hz
05-30 18:35:11.326 I/MesonDisplay( 289): [/mode_policy_parser.c, is_support_hdmimode, 110] is_support_hdmimode mode: 2160p60hz
05-30 18:35:11.326 D/MesonDisplay( 289): meson_write /sys/class/amhdmitx/amhdmitx0/valid_mode, outputmode:2160p60hz420,10bit
05-30 18:35:11.326 D/AudioFlinger( 517): ro.audio.silent is ignored since no output device is set
05-30 18:35:11.326 D/MesonDisplay( 289): valid mode is true!
05-30 18:35:11.326 I/MesonDisplay( 289): [/mode_policy.c, is_support_4kHDR, 499] is_support_4kHDR mode:[420,10bit], deep color:[2160p60hz]
05-30 18:35:11.326 I/MesonDisplay( 289): [/mode_policy.c, meson_mode_get_policy_output, 1289] final_displaymode:2160p60hz, final_deepcolor:420,10bit, amdv_type:0
05-30 18:35:11.326 I/MesonDisplay( 289): [/mode_policy.c, meson_mode_set_policy, 1177] connector:0 to policy:0
05-30 18:35:11.327 D/audio_hw_hal_primary( 477): [out_standby_new:5767] io 125: out:0xecd00740 usecase:PCM_HWSYNC
05-30 18:35:11.327 I/audio_hw_hal_primary( 477): already standby, do nothing
05-30 18:35:11.329 I/audio_hw_hal_primary( 477): [audiohal_get_latency:1333] io 125: out:0xecd00740 frames:1152 rate:48000 whole_latency:24 alsa_latency:24
05-30 18:35:11.330 D/WallpaperService( 949): reportEngineShown: shouldWait=false
05-30 18:35:11.331 I/audio_hw_hal_primary( 477): [audiohal_get_latency:1333] io 125: out:0xecd00740 frames:1152 rate:48000 whole_latency:24 alsa_latency:24
05-30 18:35:11.332 I/audio_hw_hal_profile( 477): [out_get_parameters:2085] out:0xecd00740 query audio format. ++++++++++ hal_format:PCM_16_BIT
05-30 18:35:11.332 D/audio_hw_hal_profile( 477): get_hdmi_sink_cap_new is running...
05-30 18:35:11.332 D/audio_hw_hal_profile( 477): query hdmi format...
05-30 18:35:11.332 D/audio_hw_hal_profile( 477): get_hdmi_sink_cap_new ddp is unsupported; ddp-joc(atmos) is unsupported;
05-30 18:35:11.332 I/audio_hw_hal_profile( 477): PCM cap Max channel =2
05-30 18:35:11.332 I/audio_hw_hal_profile( 477): [out_get_parameters:2165] sup_formats=AUDIO_FORMAT_PCM_16_BIT|AUDIO_FORMAT_IEC61937|AUDIO_FORMAT_AC3|AUDIO_FORMAT_E_AC3
05-30 18:35:11.333 D/APM_AudioPolicyManager( 517): modifySurroundFormats: forced use = 13
05-30 18:35:11.334 I/audio_hw_hal_profile( 477): [out_get_parameters:2089] out:0xecd00740 query sample rate. Format:PCM_16_BIT(0x1) ++++++++++ hal_format:PCM_16_BIT
05-30 18:35:11.334 D/audio_hw_hal_profile( 477): get_hdmi_sink_cap_new is running...
05-30 18:35:11.334 D/audio_hw_hal_profile( 477): [get_hdmi_sink_cap_new:960] query hdmi sample_rate... format: PCM_16_BIT(0x1)
05-30 18:35:11.334 I/audio_hw_hal_profile( 477): get_hdmi_sink_cap_new format =0x1 support rate =sup_sampling_rates=32000|44100|48000|88200|96000|176400|192000
05-30 18:35:11.334 I/audio_hw_hal_profile( 477): [out_get_parameters:2165] sup_sampling_rates=32000|44100|48000|88200|96000|176400|192000
05-30 18:35:11.334 I/audio_hw_hal_profile( 477): [out_get_parameters:2092] out:0xecd00740 query channels. Format:PCM_16_BIT(0x1) ++++++++++ hal_format:PCM_16_BIT
05-30 18:35:11.335 D/audio_hw_hal_profile( 477): get_hdmi_sink_cap_new is running...
05-30 18:35:11.335 D/audio_hw_hal_profile( 477): [get_hdmi_sink_cap_new:887] query hdmi channels... format: PCM_16_BIT(0x1)
05-30 18:35:11.335 I/audio_hw_hal_profile( 477): [out_get_parameters:2165] sup_channels=AUDIO_CHANNEL_OUT_STEREO
05-30 18:35:11.335 D/AdapterState( 1184): make() - Creating AdapterState
05-30 18:35:11.336 I/audio_hw_hal_profile( 477): [out_get_parameters:2089] out:0xecd00740 query sample rate. Format:IEC61937(0xd000000) ++++++++++ hal_format:PCM_16_BIT
05-30 18:35:11.336 D/audio_hw_hal_profile( 477): get_hdmi_sink_cap_new is running...
05-30 18:35:11.336 D/audio_hw_hal_profile( 477): [get_hdmi_sink_cap_new:960] query hdmi sample_rate... format: IEC61937(0xd000000)
05-30 18:35:11.336 I/audio_hw_hal_profile( 477): [out_get_parameters:2165] sup_sampling_rates=8000|11025|16000|22050|24000|32000|44100|48000|128000|176400|192000
05-30 18:35:11.338 I/audio_hw_hal_profile( 477): [out_get_parameters:2092] out:0xecd00740 query channels. Format:IEC61937(0xd000000) ++++++++++ hal_format:PCM_16_BIT
05-30 18:35:11.338 I/AdapterState( 1184): OFF : entered
05-30 18:35:11.338 D/audio_hw_hal_profile( 477): get_hdmi_sink_cap_new is running...
05-30 18:35:11.338 D/AdapterProperties( 1184): Setting state to OFF
05-30 18:35:11.338 D/audio_hw_hal_profile( 477): [get_hdmi_sink_cap_new:887] query hdmi channels... format: IEC61937(0xd000000)
05-30 18:35:11.338 I/audio_hw_hal_profile( 477): [out_get_parameters:2165] sup_channels=AUDIO_CHANNEL_OUT_MONO|AUDIO_CHANNEL_OUT_STEREO|AUDIO_CHANNEL_OUT_TRI|AUDIO_CHANNEL_OUT_TRI_BACK|AUDIO_CHANNEL_OUT_3POINT1|AUDIO_CHANNEL_OUT_QUAD|AUDIO_CHANNEL_OUT_SURROUND|AUDIO_CHANNEL_OUT_PENTA|AUDIO_CHANNEL_OUT_5POINT1|AUDIO_CHANNEL_OUT_7POINT1
05-30 18:35:11.339 D/WallpaperService( 949): Wallpaper has updated the surface:null
05-30 18:35:11.340 D/KeyguardTransitionCoreStartable( 949): Started com.android.systemui.keyguard.domain.interactor.FromDozingTransitionInteractor@b5fdfbd
05-30 18:35:11.340 D/audio_hw_hal_primary( 477): [out_dump:848] io 125: out:0xecd00740, fd:22
05-30 18:35:11.343 D/audio_hw_hal_primary( 477): [out_set_parameters:971] out:0xecd00740 kvpairs:closing=true;exiting=1 out->out_device:0x400, adev->out_device:0x80002
05-30 18:35:11.343 E/audio_hw_hal_primary( 477): out_set_parameters, ret:-2, hw_sync_mode:is false
05-30 18:35:11.344 D/BluetoothKeystoreService( 1184): new BluetoothKeystoreService isCommonCriteriaMode: false
05-30 18:35:11.344 D/AudioFlinger( 517): ro.audio.silent is ignored since no output device is set
05-30 18:35:11.345 D/BluetoothKeystoreService( 1184): start
05-30 18:35:11.346 I/droid.bluetooth( 1184): [0530/183511.345942:INFO:com_android_bluetooth_btservice_BluetoothKeystore.cpp(97)] classInitNative: succeeds
05-30 18:35:11.346 D/BluetoothKeystoreService( 1184): setBluetoothKeystoreService(): set to: com.android.bluetooth.btservice.bluetoothkeystore.BluetoothKeystoreService@c3924d1
05-30 18:35:11.347 I/audio_hw_hal_primary( 477): [out_set_event_callback:3158] io 125: out:0xecd00740, callback:0xeefd591d cookie:0xef4c0d30
05-30 18:35:11.347 I/audio_hw_hal_primary( 477): [adev_close_output_stream_new:8052] io handle 125: out:0xecd00740
05-30 18:35:11.347 D/audio_hw_hal_primary( 477): adev_close_output_stream_new: enter usecase = PCM_HWSYNC
05-30 18:35:11.347 D/audio_hw_hal_timer( 477): func:audio_timer_delete delete timer.1 success.
05-30 18:35:11.348 D/audio_hw_hal_timer( 477): func:audio_timer_delete delete timer.2 success.
05-30 18:35:11.348 D/audio_hw_hal_primary( 477): [adev_close_output_stream_new:8076] timer_id:1 ret:2
05-30 18:35:11.348 I/audio_hw_hal_primary( 477): [adev_close_output_stream:3695] io 125: out:0xecd00740 dev:OUT_HDMI(0x400) flags:0x41, usecase:PCM_HWSYNC
05-30 18:35:11.348 D/audio_hw_hal_primary( 477): [out_standby_new:5767] io 125: out:0xecd00740 usecase:PCM_HWSYNC
05-30 18:35:11.348 I/audio_hw_hal_primary( 477): already standby, do nothing
05-30 18:35:11.348 I/audio_hw_hal_resourcemgr( 477): [is_output_device_muted:710] device:0x2 port_mute:0, fade_mute:0
05-30 18:35:11.348 I/audio_hw_hal_primary( 477): [adev_close_output_stream:3863] io 125: out:0xecd00740 exit ------
05-30 18:35:11.350 D/KeyguardTransitionCoreStartable( 949): Started com.android.systemui.keyguard.domain.interactor.FromAodTransitionInteractor@efeb068
05-30 18:35:11.350 I/AudioFlinger( 517): openOutput() this 0xf41c0010, module 10 Device AUDIO_DEVICE_OUT_HDMI, @:, SamplingRate 8000, Format 0xd000000, Channels 0x1, flags 0x41
05-30 18:35:11.351 D/BluetoothKeystoreService( 1184): loadConfigData
05-30 18:35:11.351 D/audio_hw_hal_primary( 477): [adev_open_output_stream_new:7868] enter: dev=0xecf00010 handle=85 devices=0x400/'HDMI,' flags=0x441/'DIRECT,HW_AV_SYNC,IEC958_NONAUDIO,' config=(rt=8000 ch_mask=0x1 fmt=0xd000000) address=''
05-30 18:35:11.351 D/audio_hw_hal_primary( 477): adev_open_output_stream_new: enter
05-30 18:35:11.351 I/audio_hw_hal_primary( 477): [adev_open_output_stream:3285] io 133: out:0xecd00740 dev:OUT_HDMI(0x400) addr:
05-30 18:35:11.351 I/audio_hw_hal_primary( 477): [adev_open_output_stream:3287] ch_mask:0x1 rate:8000 format:IEC61937(0xd000000) flags:0x441
05-30 18:35:11.351 D/audio_hw_hal_primary( 477): [adev_open_output_stream:3381] current format is IEC61937
05-30 18:35:11.351 D/audio_hw_hal_primary( 477): [adev_open_output_stream:3573] format=IEC61937 rate=8000
05-30 18:35:11.351 I/audio_hw_hal_primary( 477): [adev_open_output_stream:3610] result profile ch_mask:0x1 rate:8000 format:IEC61937(0xd000000) usecase:RAW_DIRECT
05-30 18:35:11.351 I/audio_hw_hal_utils( 477): aml_get_stream_dump_file_name line 2929 file_name /data/vendor/audiohal/stream_pid477_tid477.pcm
05-30 18:35:11.351 I/audio_hw_hal_primary( 477): [adev_open_output_stream_new:8037] io 133: out: 0xecd00740 card:0 alsa devices:0 exit ------
05-30 18:35:11.354 I/audio_hw_hal_primary( 477): [out_get_buffer_size:552] out:0xecd00740 config.rate=8000, format:IEC61937(0xd000000), stream format:IEC61937(0xd000000)
05-30 18:35:11.354 I/audio_hw_hal_primary( 477): out_get_buffer_size AUDIO_FORMAT_IEC61937 buffer size = 4096 frames
05-30 18:35:11.354 D/BluetoothKeystoreService( 1184): getCompareResult: 0
05-30 18:35:11.358 I/AudioFlinger( 517): HAL output buffer size 2048 frames, normal sink buffer size 2048 frames
05-30 18:35:11.358 D/KeyguardTransitionCoreStartable( 949): Started com.android.systemui.keyguard.domain.interactor.FromOccludedTransitionInteractor@1426b14
05-30 18:35:11.359 I/audio_hw_hal_primary( 477): [audiohal_get_latency:1333] io 133: out:0xecd00740 frames:1024 rate:8000 whole_latency:128 alsa_latency:128
05-30 18:35:11.363 I/audio_hw_hal_primary( 477): [out_set_event_callback:3158] io 133: out:0xecd00740, callback:0xeefd591d cookie:0xef4c0d90
05-30 18:35:11.364 I/AudioFlinger( 517): AudioFlinger's thread 0xee5dc400 tid=1273 ready to run
05-30 18:35:11.365 I/audio_hw_hal_primary( 477): [audiohal_get_latency:1333] io 133: out:0xecd00740 frames:1024 rate:8000 whole_latency:128 alsa_latency:128
05-30 18:35:11.366 I/audio_hw_hal_primary( 477): [audiohal_get_latency:1333] io 133: out:0xecd00740 frames:1280 rate:8000 whole_latency:160 alsa_latency:160
05-30 18:35:11.366 D/CompatibilityChangeReporter( 1184): Compat change id reported: 183155436; UID 1002; state: ENABLED
05-30 18:35:11.366 D/AudioFlinger( 517): ro.audio.silent is ignored since no output device is set
05-30 18:35:11.368 I/bt_btif ( 1184): packages/modules/Bluetooth/system/btif/src/bluetooth.cc:386 init: init: start restricted = 0 ; common criteria mode = 0, config compare result = 0
05-30 18:35:11.369 D/audio_hw_hal_primary( 477): [out_standby_new:5767] io 133: out:0xecd00740 usecase:RAW_DIRECT
05-30 18:35:11.369 I/audio_hw_hal_primary( 477): already standby, do nothing
05-30 18:35:11.369 D/AudioFlinger( 517): ro.audio.silent is ignored since no output device is set
