05-30 18:35:17.308 I/preinstall.sh( 1975): type=1400 audit(0.0:898): avc: denied { getattr } for path="/data/data/com.oranth.ledstatus" dev="dm-50" ino=1549 scontext=u:r:init:s0 tcontext=u:object_r:system_app_data_file:s0 tclass=dir permissive=1
05-30 18:35:17.319 D/CompatibilityChangeReporter( 694): Compat change id reported: 170503758; UID 10071; state: ENABLED
05-30 18:35:17.349 D/AppManager( 1498): checkLocalAppsIsValid:
05-30 18:35:17.358 D/nativeloader( 2090): Configuring clns-shared-4 for other apk /apex/com.android.rkpd/priv-app/rkpdapp@UD2A.240505.001.W1/rkpdapp.apk. target_sdk_version=34, uses_libraries=, library_path=/apex/com.android.rkpd/priv-app/rkpdapp@UD2A.240505.001.W1/lib/arm:/system/lib:/system_ext/lib, permitted_path=/data:/mnt/expand:/data/user/0/com.android.rkpdapp:/apex/com.android.rkpd/priv-app/rkpdapp@UD2A.240505.001.W1:/system/lib:/system_ext/lib
05-30 18:35:17.362 D/nativeloader( 2090): InitApexLibraries:
05-30 18:35:17.362 D/nativeloader( 2090): com_android_adservices: libhpke_jni.so:libtflite_support_classifiers_native.so
05-30 18:35:17.362 D/nativeloader( 2090): com_android_appsearch: libicing.so
05-30 18:35:17.362 D/nativeloader( 2090): com_android_art: libartservice.so
05-30 18:35:17.362 D/nativeloader( 2090): com_android_btservices: libbluetooth_jni.so
05-30 18:35:17.362 D/nativeloader( 2090): com_android_conscrypt: libjavacrypto.so
05-30 18:35:17.362 D/nativeloader( 2090): com_android_extservices: libhpke_jni.so:libtflite_support_classifiers_native.so
05-30 18:35:17.362 D/nativeloader( 2090): com_android_os_statsd: libstats_jni.so
05-30 18:35:17.362 D/nativeloader( 2090): com_android_tethering: libandroid_net_connectivity_com_android_net_module_util_jni.so:libcronet.114.0.5735.84.so:libframework-connectivity-jni.so:libframework-connectivity-tiramisu-jni.so:libservice-connectivity.so
05-30 18:35:17.362 D/nativeloader( 2090): com_android_uwb: libuwb_uci_jni_rust.so
05-30 18:35:17.362 D/nativeloader( 2090): com_android_virt: libvirtualizationservice_jni.so:libvirtualmachine_jni.so
05-30 18:35:17.377 E/hq ( 1498): ErrorCoroutineExceptionHandler:::runTry error:java.net.UnknownHostException: Unable to resolve host "ottdbui-tyapiqun7.yysh.mgtv.com": No address associated with hostname from=requestAppAdInfo
05-30 18:35:17.389 D/aaa ( 1501): LedStatusService onStartCommand begin
05-30 18:35:17.389 D/aaa ( 1501): topPkg is -------------- :com.dangbei.leard.leradlauncher
05-30 18:35:17.400 V/GraphicsEnvironment( 2090): Currently set values for:
05-30 18:35:17.400 V/GraphicsEnvironment( 2090): angle_gl_driver_selection_pkgs=[]
05-30 18:35:17.400 V/GraphicsEnvironment( 2090): angle_gl_driver_selection_values=[]
05-30 18:35:17.402 V/GraphicsEnvironment( 2090): ANGLE GameManagerService for com.android.rkpdapp: false
05-30 18:35:17.402 V/GraphicsEnvironment( 2090): com.android.rkpdapp is not listed in per-application setting
05-30 18:35:17.402 V/GraphicsEnvironment( 2090): Neither updatable production driver nor prerelease driver is supported.
05-30 18:35:17.416 D/WM-WrkMgrInitializer( 2090): Initializing WorkManager with default configuration.
05-30 18:35:17.427 D/WM-PackageManagerHelper( 2090): androidx.work.impl.background.systemjob.SystemJobService enabled
05-30 18:35:17.427 D/WM-Schedulers( 2090): Created SystemJobScheduler and enabled SystemJobService
05-30 18:35:17.440 I/ActivityManager( 694): com.android.shell is exempt from freezer
05-30 18:35:17.440 D/CompatibilityChangeReporter( 694): Compat change id reported: 135634846; UID 2000; state: DISABLED
05-30 18:35:17.441 D/CompatibilityChangeReporter( 694): Compat change id reported: 177438394; UID 2000; state: DISABLED
05-30 18:35:17.441 D/CompatibilityChangeReporter( 694): Compat change id reported: 135772972; UID 2000; state: DISABLED
05-30 18:35:17.441 D/CompatibilityChangeReporter( 694): Compat change id reported: 135754954; UID 2000; state: ENABLED
05-30 18:35:17.455 I/RkpdBootReceiver( 2090): Caught boot intent, waking up.
05-30 18:35:17.457 D/Zygote ( 465): Forked child process 2120
05-30 18:35:17.458 I/ActivityManager( 694): Start proc 2120:com.android.shell/2000 for broadcast {com.android.shell/com.android.shell.HeapDumpReceiver}
05-30 18:35:17.459 D/DhcpClient( 1046): Received packet: 1c:79:2d:20:62:b5 ACK: your new IP /192.168.3.222, netmask /255.255.254.0, gateways [/192.168.3.1] DNS servers: /202.96.134.133 /202.96.128.166 , lease time 3600
05-30 18:35:17.465 I/Zygote ( 2120): seccomp disabled by setenforce 0
05-30 18:35:17.473 D/DhcpClient( 1046): Confirmed lease: com.android.networkstack.android.net.DhcpResults@d6811a15 DHCP server /192.168.3.1 Vendor info null lease 3600 seconds Servername
05-30 18:35:17.474 I/m.android.shell( 2120): Using CollectorTypeCC GC.
05-30 18:35:17.477 I/RkpdBootReceiver( 2090): Queueing a one-time provisioning job for widevine provisioning.
05-30 18:35:17.488 E/m.android.shell( 2120): Not starting debugger since process cannot load the jdwp agent.
05-30 18:35:17.493 I/wpa_supplicant( 1140): wpa_driver_nl80211_driver_cmd: wifi vendor: aml_w2_s
05-30 18:35:17.493 I/wpa_supplicant( 1140): wpa_driver_nl80211_driver_cmd: wlan0: private command: BTCOEXMODE 2
05-30 18:35:17.510 D/IpClient/wlan0( 1046): addressUpdated: 192.168.3.222/23 on ifindex 16 flags 0x00000080 scope 0
05-30 18:35:17.513 I/WifiClientModeImpl[19783:wlan0]( 694): Update current security type to 2
05-30 18:35:17.516 W/ContextImpl( 694): Calling a method in the system process without a qualified user: android.app.ContextImpl.sendStickyBroadcast:1626 com.android.server.wifi.ClientModeImpl.sendNetworkChangeBroadcast:3008 com.android.server.wifi.ClientModeImpl.lambda$sendNetworkChangeBroadcastWithCurrentState$14:2985 com.android.server.wifi.ClientModeImpl.$r8$lambda$q-j88Pjw4gROgoJFr8wBlBVbuJI:0 com.android.server.wifi.ClientModeImpl$$ExternalSyntheticLambda4.send:0
05-30 18:35:17.522 D/RockyReceiver( 1711): action: android.net.wifi.STATE_CHANGE
05-30 18:35:17.523 E/Netd ( 464): no such netId 100
05-30 18:35:17.523 E/ConnectivityService( 694): Exception in networkAddRouteParcel for non-gateway: android.os.ServiceSpecificException: Machine is not on the network (code 64)
05-30 18:35:17.524 E/Netd ( 464): no such netId 100
05-30 18:35:17.525 E/ConnectivityService( 694): Exception in networkAddRouteParcel for gateway: android.os.ServiceSpecificException: Machine is not on the network (code 64)
05-30 18:35:17.529 D/DhcpClient( 1046): Scheduling renewal in 1799s
05-30 18:35:17.529 D/DhcpClient( 1046): Scheduling rebind in 3149s
05-30 18:35:17.529 D/DhcpClient( 1046): Scheduling expiry in 3599s
05-30 18:35:17.537 D/WifiHAL ( 501): Setting APF program, halHandle = 0xf1582500
05-30 18:35:17.537 I/WifiHAL ( 501): createRequest: APF set program request
05-30 18:35:17.537 D/WifiHAL ( 501): error code -95 mapped to -3
05-30 18:35:17.537 I/WifiHAL ( 501): Request Response failed for APF, result = -3
05-30 18:35:17.537 E/WifiStaIfaceAidlImpl( 694): installApfPacketFilter failed with service-specific exception: android.os.ServiceSpecificException: (code 4)
05-30 18:35:17.543 D/CompatibilityChangeReporter( 694): Compat change id reported: 168419799; UID 2000; state: DISABLED
05-30 18:35:17.543 D/CompatibilityChangeReporter( 694): Compat change id reported: 273564678; UID 2000; state: DISABLED
05-30 18:35:17.549 D/CompatibilityChangeReporter( 694): Compat change id reported: 265195908; UID 2000; state: ENABLED
05-30 18:35:17.552 I/ThermalService( 963): CPU temperatures: [59.000004]
05-30 18:35:17.554 D/ConnectivityService( 694): Setting DNS servers for network 100 to [/202.96.134.133, /202.96.128.166]
05-30 18:35:17.554 W/BroadcastLoopers( 694): Found previously unknown looper Thread[ConnectivityServiceThread,5,main]
05-30 18:35:17.554 W/ContextImpl( 694): Calling a method in the system process without a qualified user: android.app.ContextImpl.sendStickyBroadcast:1626 com.android.server.wifi.ClientModeImpl.sendNetworkChangeBroadcast:3008 com.android.server.wifi.ClientModeImpl.lambda$sendNetworkChangeBroadcastWithCurrentState$14:2985 com.android.server.wifi.ClientModeImpl.$r8$lambda$q-j88Pjw4gROgoJFr8wBlBVbuJI:0 com.android.server.wifi.ClientModeImpl$$ExternalSyntheticLambda4.send:0
05-30 18:35:17.555 D/ConnectivityService( 694): [100 WIFI] EVENT_NETWORK_INFO_CHANGED, going from CONNECTING to CONNECTED
05-30 18:35:17.557 D/DnsManager( 694): sendDnsConfigurationForNetwork(100, [202.96.134.133, 202.96.128.166], [], 1800, 25, 8, 64, 0, 0, , [])
05-30 18:35:17.562 D/RockyReceiver( 1711): action: android.net.wifi.STATE_CHANGE
05-30 18:35:17.562 W/DnsManager( 694): updatePrivateDns(100, PrivateDnsConfig{true:/[]})
05-30 18:35:17.562 D/ConnectivityService( 694): Setting DNS servers for network 100 to [/202.96.134.133, /202.96.128.166]
05-30 18:35:17.563 D/DnsManager( 694): sendDnsConfigurationForNetwork(100, [202.96.134.133, 202.96.128.166], [], 1800, 25, 8, 64, 0, 0, , [202.96.134.133, 202.96.128.166])
05-30 18:35:17.565 W/resolv ( 464): Validating DnsTlsServer 202.96.128.166 with mark 0xf0064
05-30 18:35:17.569 W/resolv ( 464): Socket failed to connect: Network is unreachable
05-30 18:35:17.572 W/resolv ( 464): TCP Handshake failed: 101
05-30 18:35:17.572 W/resolv ( 464): query failed
05-30 18:35:17.572 W/resolv ( 464): validateDnsTlsServer returned 0 for 202.96.128.166
05-30 18:35:17.572 W/resolv ( 464): Validation failed
05-30 18:35:17.579 D/CompatibilityChangeReporter( 2120): Compat change id reported: 171979766; UID 2000; state: ENABLED
05-30 18:35:17.580 D/CompatibilityChangeReporter( 2120): Compat change id reported: 242716250; UID 2000; state: ENABLED
05-30 18:35:17.589 W/resolv ( 464): Validating DnsTlsServer 202.96.134.133 with mark 0xf0064
05-30 18:35:17.590 W/resolv ( 464): Socket failed to connect: Network is unreachable
05-30 18:35:17.591 W/resolv ( 464): TCP Handshake failed: 101
05-30 18:35:17.591 W/resolv ( 464): query failed
05-30 18:35:17.591 W/resolv ( 464): validateDnsTlsServer returned 0 for 202.96.134.133
05-30 18:35:17.594 W/resolv ( 464): Validation failed
05-30 18:35:17.595 D/ConnectivityService( 694): Adding iface wlan0 to network 100
05-30 18:35:17.609 D/CompatibilityChangeReporter( 2090): Compat change id reported: 160794467; UID 10071; state: ENABLED
05-30 18:35:17.611 D/ConnectivityService( 694): Setting DNS servers for network 100 to [/202.96.134.133, /202.96.128.166]
05-30 18:35:17.611 D/DnsManager( 694): sendDnsConfigurationForNetwork(100, [202.96.134.133, 202.96.128.166], [], 1800, 25, 8, 64, 0, 0, , [202.96.134.133, 202.96.128.166])
05-30 18:35:17.613 W/resolv ( 464): Validating DnsTlsServer 202.96.128.166 with mark 0xf0064
05-30 18:35:17.619 W/resolv ( 464): Validating DnsTlsServer 202.96.134.133 with mark 0xf0064
05-30 18:35:17.621 W/BestClock( 694): java.time.DateTimeException: Missing network time fix
05-30 18:35:17.622 W/WifiScoreReport( 694): Cannot start external scoring netId=100 currentNetId=100 currentNetCapabilities=[ Transports: WIFI Capabilities: NOT_METERED&INTERNET&NOT_RESTRICTED&TRUSTED&NOT_VPN&NOT_ROAMING&NOT_CONGESTED&NOT_SUSPENDED&NOT_VCN_MANAGED LinkUpBandwidth>=12000Kbps LinkDnBandwidth>=60000Kbps Specifier: TransportInfo: , Provider friendly name: , Requesting package name: "DB-machines5G"wpa2-pskMLO Information: , Is TID-To-Link negotiation supported by the AP: false, AP MLD Address: , AP MLO Link Id: , AP MLO Affiliated links: > SignalStrength: -58 AllowedUids: <{10029}> OwnerUid: 10029 AdminUids: [10029] SSID: "DB-machines5G" UnderlyingNetworks: Null] sessionId=1008
05-30 18:35:17.641 W/BestClock( 694): java.time.DateTimeException: Missing network time fix
05-30 18:35:17.644 D/ConnectivityService( 694): Switching to new default network for: uid/pid:1000/694 activeRequest: 1 callbackRequest: 1 [NetworkRequest [ REQUEST id=1, [ Capabilities: INTERNET&NOT_RESTRICTED&TRUSTED&NOT_VPN&NOT_VCN_MANAGED RequestorUid: 1000 RequestorPkg: android UnderlyingNetworks: Null] ]] callback flags: 1 order: 2147483647 using NetworkAgentInfo{network{100} handle{432902426637} ni{WIFI CONNECTED extra: } created=2025-05-30T10:35:16.899Z Score(Policies : TRANSPORT_PRIMARY&IS_UNMETERED ; KeepConnected : 0) created 27586 lp{{InterfaceName: wlan0 LinkAddresses: [ fe80::630c:e917:bda5:f47c/64,192.168.3.222/23 ] DnsAddresses: [ /202.96.134.133,/202.96.128.166 ] Domains: null MTU: 0 ServerAddress: /192.168.3.1 TcpBufferSizes: 524288,1048576,2097152,262144,524288,1048576 Routes: [ fe80::/64 -> :: wlan0 mtu 0,192.168.2.0/23 -> 0.0.0.0 wlan0 mtu 0,0.0.0.0/0 -> 192.168.3.1 wlan0 mtu 0 ]}} nc{[ Transports: WIFI Capabilities: NOT_METERED&INTERNET&NOT_RESTRICTED&TRUSTED&NOT_VPN&NOT_ROAMING&FOREGROUND&NOT_CONGESTED&NOT_SUSPENDED&NOT_VCN_MANAGED LinkUpBandwidth>=12000Kbps LinkDnBandwidth>=60000Kbps Specifier: TransportInfo: , Provider friendly name: , Requesting package name: "DB-machines5G"wpa2-pskMLO Information: , Is TID-To-Link negotiation supported by the AP: false, AP MLD Address: , AP MLO Link Id: , AP MLO Affiliated links: > SignalStrength: -58 OwnerUid: 10029 AdminUids: [10029] SSID: "DB-machines5G" UnderlyingNetworks: Null]} factorySerialNumber=4}
05-30 18:35:17.647 D/WifiMemoryStoreImpl( 694): Set cluster G3d3ebbf601e73c21 for Wd5d96bf946e7e00c: SUCCESS
05-30 18:35:17.647 D/XM_HIDREAD( 1976): add@ add@/devices/virtual/xt_idletimer/timers
05-30 18:35:17.649 E/NetlinkEvent( 464): NetlinkEvent::FindParam(): Parameter 'INTERFACE' not found
05-30 18:35:17.649 E/NetlinkEvent( 464): NetlinkEvent::FindParam(): Parameter 'STATE' not found
05-30 18:35:17.649 E/NetlinkEvent( 464): NetlinkEvent::FindParam(): Parameter 'TIME_NS' not found
05-30 18:35:17.649 E/NetlinkEvent( 464): NetlinkEvent::FindParam(): Parameter 'UID' not found
05-30 18:35:17.657 D/nativeloader( 2120): Configuring clns-shared-4 for other apk /system/priv-app/Shell/Shell.apk. target_sdk_version=34, uses_libraries=, library_path=/system/priv-app/Shell/lib/arm:/system/lib:/system_ext/lib, permitted_path=/data:/mnt/expand:/data/user_de/0/com.android.shell:/system/priv-app/Shell:/system/lib:/system_ext/lib
05-30 18:35:17.659 D/NetworkMonitor/100( 1046): Validation disabled.
05-30 18:35:17.662 E/WifiStaIfaceAidlImpl( 694): stopRssiMonitoring failed with service-specific exception: android.os.ServiceSpecificException: (code 5)
05-30 18:35:17.670 W/BestClock( 694): java.time.DateTimeException: Missing network time fix
05-30 18:35:17.669 D/CompatibilityChangeReporter( 2090): Compat change id reported: 194532703; UID 10071; state: ENABLED
05-30 18:35:17.671 D/CompatibilityChangeReporter( 2090): Compat change id reported: 253665015; UID 10071; state: ENABLED
05-30 18:35:17.673 D/CompatibilityChangeReporter( 694): Compat change id reported: 271850009; UID 10071; state: ENABLED
05-30 18:35:17.673 D/WifiMemoryStoreImpl( 694): Set cluster G3d3ebbf601e73c21 for W22a612453cff3dee: SUCCESS
05-30 18:35:17.674 D/CompatibilityChangeReporter( 694): Compat change id reported: 253665015; UID 10071; state: ENABLED
05-30 18:35:17.674 D/CompatibilityChangeReporter( 694): Compat change id reported: 194532703; UID 10071; state: ENABLED
05-30 18:35:17.675 D/ConnectivityService( 694): requestNetwork for uid/pid:1000/694 asUid: 10071 activeRequest: null callbackRequest: 44 [NetworkRequest [ REQUEST id=45, [ Capabilities: INTERNET&NOT_RESTRICTED&TRUSTED&NOT_VCN_MANAGED Uid: 10071 RequestorUid: 1000 RequestorPkg: android UnderlyingNetworks: Null] ]] callback flags: 0 order: 2147483647
05-30 18:35:17.691 D/WifiMemoryStoreImpl( 694): Set cluster G3d3ebbf601e73c21 for Wb8cfbf70d919f214: SUCCESS
05-30 18:35:17.702 E/xxxxxxxxxxxxxxx( 1498): onReceive: true , configuration = {1.0 ?mcc0mnc [zh_CN] ldltr sw720dp w1280dp h720dp 240dpi xlrg long land television -touch qwerty/v/v dpad/v winConfig={ mBounds=Rect(0, 0 - 1920, 1080) mAppBounds=Rect(0, 0 - 1920, 1080) mMaxBounds=Rect(0, 0 - 1920, 1080) mDisplayRotation=ROTATION_0 mWindowingMode=fullscreen mDisplayWindowingMode=fullscreen mActivityType=undefined mAlwaysOnTop=undefined mRotation=ROTATION_0} s.6 fontWeightAdjustment=0}
05-30 18:35:17.703 E/xxxxxxxxxxxxxxx( 1498): isScreenSizeChange=false app onConfigurationChanged={1.0 ?mcc0mnc [zh_CN] ldltr sw720dp w1280dp h720dp 240dpi xlrg long land television -touch qwerty/v/v dpad/v winConfig={ mBounds=Rect(0, 0 - 1920, 1080) mAppBounds=Rect(0, 0 - 1920, 1080) mMaxBounds=Rect(0, 0 - 1920, 1080) mDisplayRotation=ROTATION_0 mWindowingMode=fullscreen mDisplayWindowingMode=fullscreen mActivityType=undefined mAlwaysOnTop=undefined mRotation=ROTATION_0} s.6 fontWeightAdjustment=0}
05-30 18:35:17.704 W/BestClock( 694): java.time.DateTimeException: Missing network time fix
05-30 18:35:17.704 W/BestClock( 694): java.time.DateTimeException: Missing network time fix
05-30 18:35:17.705 W/BestClock( 694): java.time.DateTimeException: Missing network time fix
05-30 18:35:17.708 D/UpstreamNetworkMonitor( 1046): New default Internet network: 100
05-30 18:35:17.710 E/hq ( 1498): CrashHandler:::图片加载异常 message=Failed to load resource
05-30 18:35:17.710 E/hq ( 1498): model=
05-30 18:35:17.710 E/hq ( 1498): target=Target for: com.dangbei.palaemon.layout.DBImageView{371fa2 V.ED..... ........ 0,0-410,580}
05-30 18:35:17.713 V/GraphicsEnvironment( 2120): Currently set values for:
05-30 18:35:17.713 V/GraphicsEnvironment( 2120): angle_gl_driver_selection_pkgs=[]
05-30 18:35:17.713 V/GraphicsEnvironment( 2120): angle_gl_driver_selection_values=[]
05-30 18:35:17.718 V/GraphicsEnvironment( 2120): ANGLE GameManagerService for com.android.shell: false
05-30 18:35:17.718 V/GraphicsEnvironment( 2120): com.android.shell is not listed in per-application setting
05-30 18:35:17.718 V/GraphicsEnvironment( 2120): Neither updatable production driver nor prerelease driver is supported.
05-30 18:35:17.720 D/NetworkTimeUpdateService( 694): New default network 100; checking time.
05-30 18:35:17.731 D/InstantWifi( 694): Receive Wifi is connected, freq = 5745 and currentNetworkId : 0, wifiinfo = SSID: , BSSID: 02:00:00:00:00:00, MAC: 02:00:00:00:00:00, IP: /192.168.3.222, Security type: 2, Supplicant state: COMPLETED, Wi-Fi standard: 6, RSSI: -58, Link speed: 1200Mbps, Tx Link speed: 1200Mbps, Max Supported Tx Link speed: 1200Mbps, Rx Link speed: 6Mbps, Max Supported Rx Link speed: 1200Mbps, Frequency: 5745MHz, Net ID: -1, Metered hint: false, score: 60, isUsable: true, CarrierMerged: false, SubscriptionId: -1, IsPrimary: 1, Trusted: true, Restricted: false, Ephemeral: false, OEM paid: false, OEM private: false, OSU AP: false, FQDN: , Provider friendly name: , Requesting package name: MLO Information: , Is TID-To-Link negotiation supported by the AP: false, AP MLD Address: , AP MLO Link Id: , AP MLO Affiliated links:
05-30 18:35:17.738 D/WifiMemoryStoreImpl( 694): Set cluster G3d3ebbf601e73c21 for W265e7efff769d96f: SUCCESS
05-30 18:35:17.743 D/CompatibilityChangeReporter( 1498): Compat change id reported: 247079863; UID 1000; state: DISABLED
05-30 18:35:17.755 D/TrafficStats( 694): tagSocket(422) with statsTag=0xffffff41, statsUid=-1
05-30 18:35:17.758 D/CompatibilityChangeReporter( 694): Compat change id reported: 135634846; UID 10027; state: DISABLED
05-30 18:35:17.758 D/HeapDumpReceiver( 2120): onReceive(): Intent { act=android.intent.action.BOOT_COMPLETED flg=0x89000010 cmp=com.android.shell/.HeapDumpReceiver (has extras) }
05-30 18:35:17.758 D/CompatibilityChangeReporter( 694): Compat change id reported: 177438394; UID 10027; state: DISABLED
05-30 18:35:17.758 D/CompatibilityChangeReporter( 694): Compat change id reported: 135772972; UID 10027; state: DISABLED
05-30 18:35:17.758 D/CompatibilityChangeReporter( 694): Compat change id reported: 135754954; UID 10027; state: DISABLED
05-30 18:35:17.760 D/AppManager( 1498): checkLocalAppsIsValid: size
05-30 18:35:17.760 D/AppManager( 1498): AppManager resetData:
05-30 18:35:17.760 D/CompatibilityChangeReporter( 694): Compat change id reported: 143937733; UID 10027; state: DISABLED
05-30 18:35:17.766 D/WifiMemoryStoreImpl( 694): Set cluster G3d3ebbf601e73c21 for Wfa626341504f976b: SUCCESS
05-30 18:35:17.772 W/BestClock( 694): java.time.DateTimeException: Missing network time fix
05-30 18:35:17.773 D/ConnectivityService( 694): Sending CONNECTED broadcast for type 1 [100 WIFI] isDefaultNetwork=true
05-30 18:35:17.773 W/ContextImpl( 694): Calling a method in the system process without a qualified user: android.app.ContextImpl.sendStickyBroadcast:1626 android.net.connectivity.com.android.server.ConnectivityService.sendStickyBroadcast:3280 android.net.connectivity.com.android.server.ConnectivityService.sendGeneralBroadcast:3250 android.net.connectivity.com.android.server.ConnectivityService.sendConnectedBroadcast:3223 android.net.connectivity.com.android.server.ConnectivityService.sendLegacyNetworkBroadcast:10138
05-30 18:35:17.766 D/HeapDumpReceiver( 2120): Deleting from /data/user_de/0/com.android.shell/files/heapdumps
05-30 18:35:17.776 W/BestClock( 694): java.time.DateTimeException: Missing network time fix
05-30 18:35:17.780 D/WifiMemoryStoreImpl( 694): Set cluster G3d3ebbf601e73c21 for W3d3ebbf601e73c21: SUCCESS
05-30 18:35:17.787 D/Zygote ( 465): Forked child process 2155
05-30 18:35:17.789 I/ActivityManager( 694): Start proc 2155:com.android.statementservice/u0a27 for broadcast {com.android.statementservice/com.android.statementservice.domain.BootCompletedReceiver}
05-30 18:35:17.794 W/System.err( 963): java.lang.NoSuchMethodException: android.net.SntpClient.requestTime [class java.lang.String, int, class android.net.Network]
05-30 18:35:17.794 W/System.err( 963): at java.lang.Class.getMethod(Class.java:2937)
05-30 18:35:17.794 W/System.err( 963): at java.lang.Class.getMethod(Class.java:2449)
05-30 18:35:17.794 W/System.err( 963): at com.droidlogic.NtpService.SyncTimeLock(NtpService.java:113)
05-30 18:35:17.794 W/System.err( 963): at com.droidlogic.NtpService.-$$Nest$mSyncTimeLock(Unknown Source:0)
05-30 18:35:17.794 W/System.err( 963): at com.droidlogic.NtpService$2.run(NtpService.java:104)
05-30 18:35:17.794 W/System.err( 963): at android.os.Handler.handleCallback(Handler.java:958)
05-30 18:35:17.794 W/System.err( 963): at android.os.Handler.dispatchMessage(Handler.java:99)
05-30 18:35:17.794 W/System.err( 963): at android.os.Looper.loopOnce(Looper.java:205)
05-30 18:35:17.794 W/System.err( 963): at android.os.Looper.loop(Looper.java:294)
05-30 18:35:17.794 W/System.err( 963): at android.os.HandlerThread.run(HandlerThread.java:67)
05-30 18:35:17.795 I/Zygote ( 2155): seccomp disabled by setenforce 0
05-30 18:35:17.799 D/RockyReceiver( 1711): action: android.net.conn.CONNECTIVITY_CHANGE
05-30 18:35:17.799 E/hq ( 1498): NetWorkStateReceiver:::NetWorkStateReceiver onReceive: 网络变化广播 >>>> intent.action=android.net.conn.CONNECTIVITY_CHANGE
05-30 18:35:17.800 D/aaa ( 1501): action:android.net.conn.CONNECTIVITY_CHANGE
05-30 18:35:17.801 E/hq ( 1498): NetWorkStateReceiver:::Network is available. isConnect=false 是否频次过快=false t=1748601317800
05-30 18:35:17.801 I/Receiver( 1711): 网络连接成功
05-30 18:35:17.801 W/eventbuscore( 1498): post Event:com.dangbei.leard.base.entity.event.NetStateEvent
05-30 18:35:17.802 I/tatementservice( 2155): Using CollectorTypeCC GC.
05-30 18:35:17.804 W/eventbuscore( 1498): post Event:com.dangbei.leard.base.entity.event.NetChangeEvent
05-30 18:35:17.808 D/AppManager( 1498): requestBlackAndWhiteList
05-30 18:35:17.808 D/AppListModel( 1498): requestAppFilterList: true , false
05-30 18:35:17.811 E/tatementservice( 2155): Not starting debugger since process cannot load the jdwp agent.
05-30 18:35:17.832 D/TrafficStats( 1498): tagSocket(173) with statsTag=0xffffffff, statsUid=-1
05-30 18:35:17.832 D/yc_test ( 1498): refreshWeather: null
05-30 18:35:17.833 E/DangXiaoBeiManager( 1498): setMessageList: true
05-30 18:35:17.836 E/hq ( 1498): 当小贝:::message list add complete data.messageList:[]
05-30 18:35:17.836 E/hq ( 1498): data.tabList=[]
05-30 18:35:17.836 I/hq ( 1498): 当小贝:::showMessage from=net_change
05-30 18:35:17.837 I/hq ( 1498): 当小贝:::showMessage 没有消息需要显示
05-30 18:35:17.848 W/BestClock( 694): java.time.DateTimeException: Missing network time fix
05-30 18:35:17.850 D/LanSocketServer( 1432): connect
05-30 18:35:17.850 W/BestClock( 694): java.time.DateTimeException: Missing network time fix
05-30 18:35:17.853 D/CompatibilityChangeReporter( 694): Compat change id reported: 168419799; UID 10027; state: DISABLED
05-30 18:35:17.853 D/CompatibilityChangeReporter( 694): Compat change id reported: 273564678; UID 10027; state: DISABLED
05-30 18:35:17.856 D/TrafficStats( 1498): tagSocket(174) with statsTag=0xffffffff, statsUid=-1
05-30 18:35:17.857 D/ConnectivityService( 694): NetReassign [38 : null → 100, 1 : null → 100, 43 : null → 100, 18 : null → 100, 34 : null → 100, 22 : null → 100, 7 : null → 100, 26 : null → 100, 40 : null → 100, 14 : null → 100, 24 : null → 100, 16 : null → 100, 31 : null → 100] [c 1] [a 212] [i 2]
05-30 18:35:17.858 E/hq ( 1498): listenerNet:::重新来网了 key=image_error isConnect=true
05-30 18:35:17.859 E/hq ( 1498): listenerNet:::重新来网了 key=requestAppWhiteList isConnect=true
05-30 18:35:17.862 I/ConnectivityService( 694): Update score for net 100 : +EVER_EVALUATED
05-30 18:35:17.862 D/ConnectivityService( 694): [100 WIFI] validation passed
05-30 18:35:17.862 I/ConnectivityService( 694): Update capabilities for net 100 : +VALIDATED
05-30 18:35:17.862 I/ConnectivityService( 694): Update score for net 100 : +EVER_VALIDATED+IS_VALIDATED
05-30 18:35:17.865 D/ConnectivityService( 694): NetReassign [no changes] [c 0] [a 0] [i 2]
05-30 18:35:17.865 D/TrafficStats( 1498): tagSocket(133) with statsTag=0xffffffff, statsUid=-1
05-30 18:35:17.868 E/hq ( 1498): listenerNet:::重新来网了 key=ConfigureInterface:Init isConnect=true
05-30 18:35:17.872 E/hq ( 1498): listenerNet:::重新来网了 key=requestGetMessageRemind isConnect=true
05-30 18:35:17.874 E/hq ( 1498): listenerNet:::重新来网了 key=requestMessageConfig isConnect=true
05-30 18:35:17.875 E/hq ( 1498): listenerNet:::重新来网了 key=requestMessageDialog isConnect=true
05-30 18:35:17.875 E/hq ( 1498): listenerNet:::重新来网了 key=requestNetAppAdInfo isConnect=true
05-30 18:35:17.878 E/hq ( 1498): CrashHandler:::图片加载异常 message=Failed to load resource
05-30 18:35:17.878 E/hq ( 1498): model=
05-30 18:35:17.878 E/hq ( 1498): target=Target for: com.dangbei.palaemon.layout.DBImageView{371fa2 V.ED..... ........ 0,0-410,580}
05-30 18:35:17.882 D/yc_test ( 1498): refreshWeather: null
05-30 18:35:17.883 D/InstantWifi( 694): Receive Wifi is connected, freq = 5745 and currentNetworkId : 0, wifiinfo = SSID: , BSSID: 02:00:00:00:00:00, MAC: 02:00:00:00:00:00, IP: /192.168.3.222, Security type: 2, Supplicant state: COMPLETED, Wi-Fi standard: 6, RSSI: -58, Link speed: 1200Mbps, Tx Link speed: 1200Mbps, Max Supported Tx Link speed: 1200Mbps, Rx Link speed: 6Mbps, Max Supported Rx Link speed: 1200Mbps, Frequency: 5745MHz, Net ID: -1, Metered hint: false, score: 60, isUsable: true, CarrierMerged: false, SubscriptionId: -1, IsPrimary: 1, Trusted: true, Restricted: false, Ephemeral: false, OEM paid: false, OEM private: false, OSU AP: false, FQDN: , Provider friendly name: , Requesting package name: MLO Information: , Is TID-To-Link negotiation supported by the AP: false, AP MLD Address: , AP MLO Link Id: , AP MLO Affiliated links:
05-30 18:35:17.886 D/ConnectivityService( 694): Setting DNS servers for network 100 to [/202.96.134.133, /202.96.128.166]
05-30 18:35:17.886 D/DnsManager( 694): sendDnsConfigurationForNetwork(100, [202.96.134.133, 202.96.128.166], [], 1800, 25, 8, 64, 0, 0, , [202.96.134.133, 202.96.128.166])
05-30 18:35:17.892 W/ContextImpl( 694): Calling a method in the system process without a qualified user: android.app.ContextImpl.sendStickyBroadcast:1626 android.net.connectivity.com.android.server.ConnectivityService.sendStickyBroadcast:3280 android.net.connectivity.com.android.server.ConnectivityService.sendGeneralBroadcast:3250 android.net.connectivity.com.android.server.ConnectivityService.sendInetConditionBroadcast:3227 android.net.connectivity.com.android.server.ConnectivityService.updateInetCondition:9819
05-30 18:35:17.894 W/LastMileLogger( 694): Failed to stop event tracing: /sys/kernel/debug/tracing/instances/wifi/tracing_on: open failed: ENOENT (No such file or directory)
05-30 18:35:17.896 D/CompatibilityChangeReporter( 694): Compat change id reported: 265195908; UID 10027; state: ENABLED
05-30 18:35:17.908 D/ConnectivityService( 694): NetReassign [45 : null → 100] [c 0] [a 1] [i 4]
05-30 18:35:17.909 D/WifiConfigStore( 694): Writing to stores completed in 5 ms.
05-30 18:35:17.910 D/TrafficStats( 1498): tagSocket(143) with statsTag=0xffffffff, statsUid=-1
05-30 18:35:17.910 D/WifiNetworkFactory( 694): got request NetworkRequest [ REQUEST id=45, [ Capabilities: INTERNET&NOT_RESTRICTED&TRUSTED&NOT_VCN_MANAGED Uid: 10071 RequestorUid: 1000 RequestorPkg: android UnderlyingNetworks: Null] ]
05-30 18:35:17.910 D/UntrustedWifiNetworkFactory( 694): got request NetworkRequest [ REQUEST id=45, [ Capabilities: INTERNET&NOT_RESTRICTED&TRUSTED&NOT_VCN_MANAGED Uid: 10071 RequestorUid: 1000 RequestorPkg: android UnderlyingNetworks: Null] ]
05-30 18:35:17.910 D/OemPaidWifiNetworkFactory( 694): got request NetworkRequest [ REQUEST id=45, [ Capabilities: INTERNET&NOT_RESTRICTED&TRUSTED&NOT_VCN_MANAGED Uid: 10071 RequestorUid: 1000 RequestorPkg: android UnderlyingNetworks: Null] ]
05-30 18:35:17.911 D/MultiInternetWifiNetworkFactory( 694): got request NetworkRequest [ REQUEST id=45, [ Capabilities: INTERNET&NOT_RESTRICTED&TRUSTED&NOT_VCN_MANAGED Uid: 10071 RequestorUid: 1000 RequestorPkg: android UnderlyingNetworks: Null] ]
05-30 18:35:17.929 D/TrafficStats( 1498): tagSocket(183) with statsTag=0xffffffff, statsUid=-1
05-30 18:35:17.933 E/hq ( 1498): WeatherRefresh:::请求网络地址后,更新的地理位置为:null
05-30 18:35:17.936 D/TrafficStats( 1498): tagSocket(184) with statsTag=0xffffffff, statsUid=-1
05-30 18:35:17.938 E/hq ( 1498): WeatherRefresh:::请求网络地址后,更新的地理位置为:null
05-30 18:35:17.941 W/System.err( 1432): SLF4J: Failed to load class "org.slf4j.impl.StaticLoggerBinder".
05-30 18:35:17.941 W/System.err( 1432): SLF4J: Defaulting to no-operation (NOP) logger implementation
05-30 18:35:17.941 W/System.err( 1432): SLF4J: See http://www.slf4j.org/codes.html#StaticLoggerBinder for further details.
05-30 18:35:17.942 D/LanSocketServer( 1432): connect /192.168.3.222:6689
05-30 18:35:17.943 D/LanSocketServer( 1432): connect start
05-30 18:35:17.943 E/LanCommander( 1432): onNetWorkChanged: true
05-30 18:35:17.946 D/CompatibilityChangeReporter( 2155): Compat change id reported: 171979766; UID 10027; state: DISABLED
05-30 18:35:17.946 D/CompatibilityChangeReporter( 2155): Compat change id reported: 242716250; UID 10027; state: DISABLED
05-30 18:35:17.949 D/TrafficStats( 1432): tagSocket(84) with statsTag=0xffffffff, statsUid=-1
05-30 18:35:17.952 E/LanCommander( 1432): onServerCreatedSuccess 192.168.3.222:6689
05-30 18:35:17.956 E/RCInfo ( 1432): vid:
05-30 18:35:17.956 E/RCInfo ( 1432): pid:
05-30 18:35:17.956 E/RCInfo ( 1432): RCBrand:NA
05-30 18:35:17.957 E/RCInfo ( 1432): vid:
05-30 18:35:17.957 E/RCInfo ( 1432): pid:
05-30 18:35:17.958 E/RCInfo ( 1432): vid:
05-30 18:35:17.958 E/RCInfo ( 1432): pid:
05-30 18:35:17.958 E/RCInfo ( 1432): vid:
05-30 18:35:17.959 E/RCInfo ( 1432): pid:
05-30 18:35:17.959 E/RCInfo ( 1432): RCBrand:NA
05-30 18:35:17.959 E/RCInfo ( 1432): vid:
05-30 18:35:17.959 E/RCInfo ( 1432): pid:
05-30 18:35:17.960 E/RCInfo ( 1432): vid:
05-30 18:35:17.960 E/RCInfo ( 1432): pid:
05-30 18:35:17.964 W/OverlayManager( 694): service 'idmap' died
05-30 18:35:17.970 E/StartupService( 1728): onConnected:
05-30 18:35:17.979 D/WifiMemoryStoreImpl( 694): Set cluster G3d3ebbf601e73c21 for Wb8cfbf70d919f214: SUCCESS
05-30 18:35:17.985 D/CompatibilityChangeReporter( 1382): Compat change id reported: 263076149; UID 10058; state: ENABLED
05-30 18:35:17.986 E/TaskWorkerFactory( 1382): Cannot create worker: com.android.devicelockcontroller.provision.worker.DeviceCheckInWorker
05-30 18:35:17.986 E/TaskWorkerFactory( 1382): java.lang.NoSuchMethodException: com.android.devicelockcontroller.provision.worker.DeviceCheckInWorker. [class android.content.Context, class androidx.work.WorkerParameters, interface com.google.common.util.concurrent.ListeningExecutorService]
05-30 18:35:17.986 E/TaskWorkerFactory( 1382): at java.lang.Class.getConstructor0(Class.java:3325)
05-30 18:35:17.986 E/TaskWorkerFactory( 1382): at java.lang.Class.getDeclaredConstructor(Class.java:3063)
05-30 18:35:17.986 E/TaskWorkerFactory( 1382): at com.android.devicelockcontroller.policy.TaskWorkerFactory.createWorker(TaskWorkerFactory.java:53)
05-30 18:35:17.986 E/TaskWorkerFactory( 1382): at androidx.work.DelegatingWorkerFactory.createWorker(DelegatingWorkerFactory.java:71)
05-30 18:35:17.986 E/TaskWorkerFactory( 1382): at androidx.work.WorkerFactory.createWorkerWithDefaultFallback(WorkerFactory.java:82)
05-30 18:35:17.986 E/TaskWorkerFactory( 1382): at androidx.work.impl.WorkerWrapper.runWorker(WorkerWrapper.java:240)
05-30 18:35:17.986 E/TaskWorkerFactory( 1382): at androidx.work.impl.WorkerWrapper.run(WorkerWrapper.java:142)
05-30 18:35:17.986 E/TaskWorkerFactory( 1382): at androidx.work.impl.utils.SerialExecutorImpl$Task.run(SerialExecutorImpl.java:96)
05-30 18:35:17.986 E/TaskWorkerFactory( 1382): at java.util.concurrent.ThreadPoolExecutor.runWorker(ThreadPoolExecutor.java:1145)
05-30 18:35:17.986 E/TaskWorkerFactory( 1382): at java.util.concurrent.ThreadPoolExecutor$Worker.run(ThreadPoolExecutor.java:644)
05-30 18:35:17.986 E/TaskWorkerFactory( 1382): at java.lang.Thread.run(Thread.java:1012)
05-30 18:35:17.991 D/CompatibilityChangeReporter( 694): Compat change id reported: 170503758; UID 10027; state: DISABLED
05-30 18:35:17.994 D/ApplicationLoaders( 2155): Returning zygote-cached class loader: /system/framework/android.test.base.jar
05-30 18:35:18.044 D/nativeloader( 2155): Configuring clns-shared-4 for other apk /system/priv-app/StatementService/StatementService.apk. target_sdk_version=29, uses_libraries=, library_path=/system/priv-app/StatementService/lib/arm:/system/lib:/system_ext/lib, permitted_path=/data:/mnt/expand:/data/user/0/com.android.statementservice:/system/priv-app/StatementService:/system/lib:/system_ext/lib
05-30 18:35:18.050 I/CheckInWorker( 1382): perform check-in request
05-30 18:35:18.058 D/getEthernetMacAddr( 1432): getEthernetMacAddr use eth0
05-30 18:35:18.077 V/GraphicsEnvironment( 2155): Currently set values for:
05-30 18:35:18.077 V/GraphicsEnvironment( 2155): angle_gl_driver_selection_pkgs=[]
05-30 18:35:18.077 V/GraphicsEnvironment( 2155): angle_gl_driver_selection_values=[]
05-30 18:35:18.078 V/GraphicsEnvironment( 2155): ANGLE GameManagerService for com.android.statementservice: false
05-30 18:35:18.078 V/GraphicsEnvironment( 2155): com.android.statementservice is not listed in per-application setting
05-30 18:35:18.078 V/GraphicsEnvironment( 2155): Neither updatable production driver nor prerelease driver is supported.
05-30 18:35:18.081 D/getEthernetMacAddr( 1432): getEthernetMacAddr use eth0
05-30 18:35:18.084 W/System.err( 1728): java.lang.NullPointerException: Attempt to invoke virtual method 'byte[] java.net.NetworkInterface.getHardwareAddress()' on a null object reference
05-30 18:35:18.084 W/System.err( 1728): at b.f.f.y.g.b(Unknown Source:11)
05-30 18:35:18.084 W/System.err( 1728): at b.d.a.a.p.c0(Unknown Source:2)
05-30 18:35:18.084 W/System.err( 1728): at b.f.f.w.b.(:16)
05-30 18:35:18.084 W/System.err( 1728): at com.dangbei.screencast.startup.StartupService.w(:2)
05-30 18:35:18.084 W/System.err( 1728): at b.f.f.h.g.b.run(:6)
05-30 18:35:18.084 W/System.err( 1728): at b.d.a.a.n.a(Unknown Source:10)
05-30 18:35:18.084 W/System.err( 1728): at b.f.f.h.g.j.onReceive(Unknown Source:20)
05-30 18:35:18.084 W/System.err( 1728): at android.app.LoadedApk$ReceiverDispatcher$Args.lambda$getRunnable$0(LoadedApk.java:1811)
05-30 18:35:18.084 W/System.err( 1728): at android.app.LoadedApk$ReceiverDispatcher$Args.$r8$lambda$gDuJqgxY6Zb-ifyeubKeivTLAwk(Unknown Source:0)
05-30 18:35:18.084 W/System.err( 1728): at android.app.LoadedApk$ReceiverDispatcher$Args$$ExternalSyntheticLambda0.run(Unknown Source:2)
05-30 18:35:18.084 W/System.err( 1728): at android.os.Handler.handleCallback(Handler.java:958)
05-30 18:35:18.085 W/System.err( 1728): at android.os.Handler.dispatchMessage(Handler.java:99)
05-30 18:35:18.085 W/System.err( 1728): at android.os.Looper.loopOnce(Looper.java:205)
05-30 18:35:18.085 W/System.err( 1728): at android.os.Looper.loop(Looper.java:294)
05-30 18:35:18.085 W/System.err( 1728): at android.app.ActivityThread.main(ActivityThread.java:8255)
05-30 18:35:18.085 W/System.err( 1728): at java.lang.reflect.Method.invoke(Native Method)
05-30 18:35:18.085 W/System.err( 1728): at com.android.internal.os.RuntimeInit$MethodAndArgsCaller.run(RuntimeInit.java:552)
05-30 18:35:18.085 W/System.err( 1728): at com.android.internal.os.ZygoteInit.main(ZygoteInit.java:978)
05-30 18:35:18.092 D/WM-WrkMgrInitializer( 2155): Initializing WorkManager with default configuration.
05-30 18:35:18.099 D/IpClient/wlan0( 1046): addressUpdated: fe80::630c:e917:bda5:f47c/64 on ifindex 16 flags 0x00000880 scope 253
05-30 18:35:18.101 D/WM-PackageManagerHelper( 2155): androidx.work.impl.background.systemjob.SystemJobService enabled
05-30 18:35:18.102 D/WM-Schedulers( 2155): Created SystemJobScheduler and enabled SystemJobService
05-30 18:35:18.107 D/CompatibilityChangeReporter( 2155): Compat change id reported: 183155436; UID 10027; state: DISABLED
05-30 18:35:18.124 D/CompatibilityChangeReporter( 694): Compat change id reported: 135634846; UID 10019; state: DISABLED
05-30 18:35:18.126 D/CompatibilityChangeReporter( 694): Compat change id reported: 177438394; UID 10019; state: DISABLED
05-30 18:35:18.126 D/CompatibilityChangeReporter( 694): Compat change id reported: 135772972; UID 10019; state: DISABLED
05-30 18:35:18.126 D/CompatibilityChangeReporter( 694): Compat change id reported: 135754954; UID 10019; state: ENABLED
05-30 18:35:18.127 D/CompatibilityChangeReporter( 694): Compat change id reported: 143937733; UID 10019; state: ENABLED
05-30 18:35:18.129 D/RockyManager( 1711): switchWakeIsAllow isQuitBootGuide: true isBtMode: false
05-30 18:35:18.129 D/RockyManager( 1711): switchWakeIsAllow isAllowFarWake: true
05-30 18:35:18.140 W/efs.info.manager( 1728): network change: wifi
05-30 18:35:18.147 D/getEthernetMacAddr( 1432): getEthernetMacAddr use eth0
05-30 18:35:18.155 D/getEthernetMacAddr( 1432): getEthernetMacAddr use eth0
05-30 18:35:18.157 W/System.err( 1728): com.umeng.analytics.pro.br: Required field 'snapshots' was not present! Struct: IdTracking(snapshots:null)
05-30 18:35:18.158 W/System.err( 1728): at com.umeng.commonsdk.statistics.proto.c.n(Unknown Source:24)
05-30 18:35:18.158 W/System.err( 1728): at com.umeng.commonsdk.statistics.proto.c$a.a(Unknown Source:14)
05-30 18:35:18.158 W/System.err( 1728): at com.umeng.commonsdk.statistics.proto.c$a.b(Unknown Source:2)
05-30 18:35:18.158 W/System.err( 1728): at com.umeng.commonsdk.statistics.proto.c.read(Unknown Source:16)
05-30 18:35:18.158 W/System.err( 1728): at com.umeng.analytics.pro.au.a(Unknown Source:7)
05-30 18:35:18.158 W/System.err( 1728): at com.umeng.commonsdk.statistics.idtracking.e.i(Unknown Source:35)
05-30 18:35:18.158 W/System.err( 1728): at com.umeng.commonsdk.statistics.idtracking.e.f(Unknown Source:1)
05-30 18:35:18.158 W/System.err( 1728): at com.umeng.commonsdk.statistics.idtracking.e.a(Unknown Source:131)
05-30 18:35:18.158 W/System.err( 1728): at com.umeng.commonsdk.statistics.c.(Unknown Source:112)
05-30 18:35:18.158 W/System.err( 1728): at com.umeng.commonsdk.framework.a.r(Unknown Source:103)
05-30 18:35:18.158 W/System.err( 1728): at com.umeng.commonsdk.framework.a.k(Unknown Source:0)
05-30 18:35:18.158 W/System.err( 1728): at com.umeng.commonsdk.framework.a$2.handleMessage(Unknown Source:39)
05-30 18:35:18.158 W/System.err( 1728): at android.os.Handler.dispatchMessage(Handler.java:106)
05-30 18:35:18.158 W/System.err( 1728): at android.os.Looper.loopOnce(Looper.java:205)
05-30 18:35:18.158 W/System.err( 1728): at android.os.Looper.loop(Looper.java:294)
05-30 18:35:18.158 W/System.err( 1728): at android.os.HandlerThread.run(HandlerThread.java:67)
05-30 18:35:18.167 D/AppListModel( 1498): requestAppFilterList: success
05-30 18:35:18.167 D/AppListModel( 1498): updateList
05-30 18:35:18.167 D/AppListModel( 1498): updateList: resetAppList
05-30 18:35:18.174 D/Zygote ( 465): Forked child process 2210
05-30 18:35:18.175 W/ActivityManager( 694): Slow operation: 51ms so far, now at startProcess: returned from zygote!
05-30 18:35:18.175 W/ActivityManager( 694): Slow operation: 51ms so far, now at startProcess: done updating battery stats
05-30 18:35:18.175 W/ActivityManager( 694): Slow operation: 52ms so far, now at startProcess: building log message
05-30 18:35:18.175 I/ActivityManager( 694): Start proc 2210:com.android.externalstorage/u0a19 for broadcast {com.android.externalstorage/com.android.externalstorage.MountReceiver}
05-30 18:35:18.175 W/ActivityManager( 694): Slow operation: 52ms so far, now at startProcess: starting to update pids map
05-30 18:35:18.176 W/ActivityManager( 694): Slow operation: 52ms so far, now at startProcess: done updating pids map
05-30 18:35:18.195 W/CheckInWorker( 1382): CheckIn failed. No device identifier available!
05-30 18:35:18.197 I/WM-WorkerWrapper( 1382): Worker result FAILURE for Work [ id=2e14d8eb-0d77-4e72-8f26-2754a24d7b1a, tags={ com.android.devicelockcontroller.provision.worker.DeviceCheckInWorker } ]
05-30 18:35:18.199 I/Zygote ( 2210): seccomp disabled by setenforce 0
05-30 18:35:18.213 I/externalstorage( 2210): Using CollectorTypeCC GC.
05-30 18:35:18.215 D/ConnectivityService( 694): requestNetwork for uid/pid:10071/2090 activeRequest: null callbackRequest: 46 [NetworkRequest [ REQUEST id=47, [ Capabilities: INTERNET&NOT_RESTRICTED&TRUSTED&NOT_VCN_MANAGED Uid: 10071 RequestorUid: 10071 RequestorPkg: com.android.rkpdapp UnderlyingNetworks: Null] ]] callback flags: 0 order: 2147483647
05-30 18:35:18.218 D/ConnectivityService( 694): NetReassign [47 : null → 100] [c 0] [a 2] [i 1]
05-30 18:35:18.222 E/externalstorage( 2210): Not starting debugger since process cannot load the jdwp agent.
05-30 18:35:18.223 D/WifiNetworkFactory( 694): got request NetworkRequest [ REQUEST id=47, [ Capabilities: INTERNET&NOT_RESTRICTED&TRUSTED&NOT_VCN_MANAGED Uid: 10071 RequestorUid: 10071 RequestorPkg: com.android.rkpdapp UnderlyingNetworks: Null] ]
05-30 18:35:18.224 D/UntrustedWifiNetworkFactory( 694): got request NetworkRequest [ REQUEST id=47, [ Capabilities: INTERNET&NOT_RESTRICTED&TRUSTED&NOT_VCN_MANAGED Uid: 10071 RequestorUid: 10071 RequestorPkg: com.android.rkpdapp UnderlyingNetworks: Null] ]
05-30 18:35:18.224 D/OemPaidWifiNetworkFactory( 694): got request NetworkRequest [ REQUEST id=47, [ Capabilities: INTERNET&NOT_RESTRICTED&TRUSTED&NOT_VCN_MANAGED Uid: 10071 RequestorUid: 10071 RequestorPkg: com.android.rkpdapp UnderlyingNetworks: Null] ]
05-30 18:35:18.224 D/MultiInternetWifiNetworkFactory( 694): got request NetworkRequest [ REQUEST id=47, [ Capabilities: INTERNET&NOT_RESTRICTED&TRUSTED&NOT_VCN_MANAGED Uid: 10071 RequestorUid: 10071 RequestorPkg: com.android.rkpdapp UnderlyingNetworks: Null] ]
05-30 18:35:18.233 D/CompatibilityChangeReporter( 694): Compat change id reported: 168419799; UID 10019; state: DISABLED
05-30 18:35:18.234 D/CompatibilityChangeReporter( 694): Compat change id reported: 273564678; UID 10019; state: DISABLED
05-30 18:35:18.237 D/CompatibilityChangeReporter( 694): Compat change id reported: 265195908; UID 10019; state: ENABLED
05-30 18:35:18.253 D/CompatibilityChangeReporter( 2210): Compat change id reported: 171979766; UID 10019; state: ENABLED
05-30 18:35:18.253 D/CompatibilityChangeReporter( 2210): Compat change id reported: 242716250; UID 10019; state: ENABLED
05-30 18:35:18.262 D/AppManager( 1498): checkLocalAppsIsValid:
05-30 18:35:18.265 D/TrafficStats( 1728): tagSocket(162) with statsTag=0xffffffff, statsUid=-1
05-30 18:35:18.266 D/CompatibilityChangeReporter( 2090): Compat change id reported: 263076149; UID 10071; state: ENABLED
05-30 18:35:18.276 E/hq ( 1498): ErrorCoroutineExceptionHandler:::runTry error:com.dangbei.leard.base.proider.error.EmptyApiException: 数据为空 from=requestMessageDialog from=requestMessageDialog
05-30 18:35:18.282 I/SendAliveManager( 1463): doWhenNetworkStateChanged
05-30 18:35:18.294 E/hq ( 1498): WeatherRefresh:::请求网络地址后,更新的地理位置为:101280601
05-30 18:35:18.304 D/CompatibilityChangeReporter( 694): Compat change id reported: 170503758; UID 10019; state: ENABLED
05-30 18:35:18.316 I/Receiver( 1711): ----------netConnectInitSDK--------------
05-30 18:35:18.316 D/RockyNetMessageUtil( 1711): initTipsList tipEntity = TipEntity{movieType=[我想看喜剧片, 动作片, 枪战片], movie=[庆余年, 误杀, 美丽人生, 爆笑虫子, 哪吒, 小猪佩奇, 胡歌的电视剧, 张艺谋导演的电影, 切换到1080P, 收藏], appController=[打开当贝市场, 下载哈趣影视, 爱奇艺, 卸载腾讯视频], weather=[今天的天气, 未来五天的天气, 杭州天气怎么样, 明天下不下雨], music=[我要听歌, 周杰伦的歌, 上一首, 下一首, 快进一分钟, 暂停], liveAppDownload='非常抱歉,根据监管部门政策管理要求,暂不提供相应服务。', subscreen=null, wakeUpVoiceResponse=[ProbabilityEntity{word='在呢', probability=30}, ProbabilityEntity{word='我在', probability=35}, ProbabilityEntity{word='你说', probability=15}, ProbabilityEntity{word='来啦', probability=20}], unrecognizedVoiceResponse=[ProbabilityEntity{word='可以再说一遍么', probability=45}, ProbabilityEntity{word='可以说的详细一点么', probability=30}, ProbabilityEntity{word='请问有什么可以帮您', probability=25}], notUnderstandVoiceResponse=[ProbabilityEntity{word='换个说法试试吧', probability=100}]} isRequestTipSuccess = false
05-30 18:35:18.318 D/nativeloader( 2210): Configuring clns-shared-4 for other apk /system/priv-app/ExternalStorageProvider/ExternalStorageProvider.apk. target_sdk_version=34, uses_libraries=, library_path=/system/priv-app/ExternalStorageProvider/lib/arm:/system/lib:/system_ext/lib, permitted_path=/data:/mnt/expand:/data/user/0/com.android.externalstorage:/system/priv-app/ExternalStorageProvider:/system/lib:/system_ext/lib
05-30 18:35:18.319 D/RockyNetMessageUtil( 1711): initMediaControlPage pageEntity = PageEntity{list=[ContentEntity{packageName='com.dangbei.leard.leradlauncher', activityName='FilmDetailActivity'}, ContentEntity{packageName='com.dangbei.leard.leradlauncher', activityName='FullScreenDetailActivity'}, ContentEntity{packageName='com.dangbei.leard.leradlauncher', activityName='TencentSportActivity'}, ContentEntity{packageName='com.dangbei.leradVideoPlugins', activityName='FilmDetailActivity'}, ContentEntity{packageName='com.dangbei.leradVideoPlugins', activityName='FullScreenDetailActivity'}, ContentEntity{packageName='com.dangbei.leradVideoPlugins', activityName='TencentSportActivity'}, ContentEntity{packageName='com.dangbei.leradVideoPlugins', activityName='ShortPlayActivity'}, ContentEntity{packageName='com.dangbei.hqmedia', activityName='FilmDetailActivity'}, ContentEntity{packageName='com.dangbei.hqmedia', activityName='FullScreenDetailActivity'}, ContentEntity{packageName='com.dangbei.leradVideoPlugins', activityName='MangoMediaActivity'}, ContentEntity{packageName='com.dangbei.leradVideoPlugins', activityName='VcinemaActivity'}]} isRequestPageControlSuccess = false
05-30 18:35:18.319 D/XHttpObservable( 1711): handleRequest: start https://tyapi.qun7.com/v1/voice/getsoundshowmsg ,,, isCache = false
05-30 18:35:18.326 D/XHttpObservable( 1711): handleRequest: start https://tyapi.qun7.com/v1/voice/getResponseControlPage ,,, isCache = false
05-30 18:35:18.328 D/aaa ( 1501): WiFi is connect
05-30 18:35:18.329 I/okhttp.OkHttpClient( 1432): --> POST http://tymsgapi.qun7.com/v1/core/logip (600-byte body)
05-30 18:35:18.335 D/aaa ( 1501): WiFi is connect
05-30 18:35:18.336 I/okhttp.OkHttpClient( 1432): --> POST http://tyapi.qun7.com/v1/core/launcherota (533-byte body)
05-30 18:35:18.360 I/okhttp.OkHttpClient( 1432): --> POST http://tymsgapi.qun7.com/v1/core/rom (533-byte body)
05-30 18:35:18.392 E/SecondScreen( 1498): isShowSecondScreen()=0 getCurrentPageState()=com.monster.gamma.core.LoadService@8a6dbd
05-30 18:35:18.406 I/ActivityManager( 694): reportOnUserCompletedEvent(0): stored=10, eligible=111
05-30 18:35:18.406 D/SystemServerTimingAsync( 694): ssm.CompletedEventUser-0
05-30 18:35:18.407 I/SystemServiceManager( 694): Calling onCompletedEventUser 0
05-30 18:35:18.409 D/SystemServerTimingAsync( 694): ssm.onCompletedEventUser-0_{|Unlocked|}_com.android.server.security.FileIntegrityService
05-30 18:35:18.409 I/okhttp.OkHttpClient( 1432): --> POST http://tymsgapi.qun7.com/v1/core/appupdate (2314-byte body)
05-30 18:35:18.410 D/SystemServerTimingAsync( 694): ssm.onCompletedEventUser-0_{|Unlocked|}_com.android.server.os.DeviceIdentifiersPolicyService
05-30 18:35:18.410 D/SystemServerTimingAsync( 694): ssm.onCompletedEventUser-0_{|Unlocked|}_com.android.server.flags.FeatureFlagsService
05-30 18:35:18.410 D/SystemServerTimingAsync( 694): ssm.onCompletedEventUser-0_{|Unlocked|}_com.android.server.uri.UriGrantsManagerService$Lifecycle
05-30 18:35:18.410 D/SystemServerTimingAsync( 694): ssm.onCompletedEventUser-0_{|Unlocked|}_com.android.server.powerstats.PowerStatsService
05-30 18:35:18.410 D/SystemServerTimingAsync( 694): ssm.onCompletedEventUser-0_{|Unlocked|}_com.android.server.permission.access.AccessCheckingService
05-30 18:35:18.410 D/SystemServerTimingAsync( 694): ssm.onCompletedEventUser-0_{|Unlocked|}_com.android.server.wm.ActivityTaskManagerService$Lifecycle
05-30 18:35:18.410 D/SystemServerTimingAsync( 694): ssm.onCompletedEventUser-0_{|Unlocked|}_com.android.server.am.ActivityManagerService$Lifecycle
05-30 18:35:18.410 D/SystemServerTimingAsync( 694): ssm.onCompletedEventUser-0_{|Unlocked|}_com.android.server.pm.DataLoaderManagerService
05-30 18:35:18.410 D/SystemServerTimingAsync( 694): ssm.onCompletedEventUser-0_{|Unlocked|}_com.android.server.power.PowerManagerService
05-30 18:35:18.410 D/SystemServerTimingAsync( 694): ssm.onCompletedEventUser-0_{|Unlocked|}_com.android.server.power.ThermalManagerService
