05-30 18:35:12.491 I/bt_stack( 1184): [INFO:btif_hf.cc(1626)] GetInterface
05-30 18:35:12.491 I/bt_btif_hf( 1184): packages/modules/Bluetooth/system/btif/src/btif_hf.cc:1590 ExecuteService: service starts to: Initialize
05-30 18:35:12.491 I/bluetooth( 1184): packages/modules/Bluetooth/system/bta/ag/bta_ag_main.cc:405 bta_ag_api_enable: AG api enable
05-30 18:35:12.491 I/bt_btif_storage( 1184): packages/modules/Bluetooth/system/btif/src/btif_storage.cc:653 btif_storage_get_adapter_property: btif_storage_get_adapter_property service_mask:0x20000048
05-30 18:35:12.491 I/bluetooth( 1184): packages/modules/Bluetooth/system/bta/ag/bta_ag_sdp.cc:146 bta_ag_add_record: features: 135023
05-30 18:35:12.491 I/bt_bta_dm( 1184): packages/modules/Bluetooth/system/bta/dm/bta_dm_act.cc:3456 bta_dm_eir_update_uuid: EIR Adding UUID=0x1112 into extended inquiry response
05-30 18:35:12.491 I/bt_bta_dm( 1184): packages/modules/Bluetooth/system/bta/dm/bta_dm_act.cc:3155 bta_dm_set_eir: Generating extended inquiry response packet EIR
05-30 18:35:12.491 I/bluetooth( 1184): packages/modules/Bluetooth/system/bta/ag/bta_ag_sdp.cc:146 bta_ag_add_record: features: 135023
05-30 18:35:12.491 I/bt_bta_dm( 1184): packages/modules/Bluetooth/system/bta/dm/bta_dm_act.cc:3456 bta_dm_eir_update_uuid: EIR Adding UUID=0x111F into extended inquiry response
05-30 18:35:12.491 I/bt_bta_dm( 1184): packages/modules/Bluetooth/system/bta/dm/bta_dm_act.cc:3155 bta_dm_set_eir: Generating extended inquiry response packet EIR
05-30 18:35:12.491 I/bt_stack( 1184): [INFO:port_api.cc(220)] RFCOMM_CreateConnectionWithSecurity: bd_addr=ff:ff:ff:ff:ff:ff, scn=2, is_server=1, mtu=256, uuid=0x1112, dlci=4, signal_state=0x0b, p_port=0xc0f153b0
05-30 18:35:12.491 I/bt_stack( 1184): [INFO:port_api.cc(220)] RFCOMM_CreateConnectionWithSecurity: bd_addr=ff:ff:ff:ff:ff:ff, scn=3, is_server=1, mtu=256, uuid=0x111f, dlci=6, signal_state=0x0b, p_port=0xc0f15438
05-30 18:35:12.491 I/bt_stack( 1184): [INFO:port_api.cc(220)] RFCOMM_CreateConnectionWithSecurity: bd_addr=ff:ff:ff:ff:ff:ff, scn=2, is_server=1, mtu=256, uuid=0x1112, dlci=4, signal_state=0x0b, p_port=0xc0f154c0
05-30 18:35:12.492 I/bt_stack( 1184): [INFO:port_api.cc(220)] RFCOMM_CreateConnectionWithSecurity: bd_addr=ff:ff:ff:ff:ff:ff, scn=3, is_server=1, mtu=256, uuid=0x111f, dlci=6, signal_state=0x0b, p_port=0xc0f15548
05-30 18:35:12.492 I/bt_stack( 1184): [INFO:port_api.cc(220)] RFCOMM_CreateConnectionWithSecurity: bd_addr=ff:ff:ff:ff:ff:ff, scn=2, is_server=1, mtu=256, uuid=0x1112, dlci=4, signal_state=0x0b, p_port=0xc0f155d0
05-30 18:35:12.492 I/bt_stack( 1184): [INFO:port_api.cc(220)] RFCOMM_CreateConnectionWithSecurity: bd_addr=ff:ff:ff:ff:ff:ff, scn=3, is_server=1, mtu=256, uuid=0x111f, dlci=6, signal_state=0x0b, p_port=0xc0f15658
05-30 18:35:12.492 I/bt_stack( 1184): [INFO:port_api.cc(220)] RFCOMM_CreateConnectionWithSecurity: bd_addr=ff:ff:ff:ff:ff:ff, scn=2, is_server=1, mtu=256, uuid=0x1112, dlci=4, signal_state=0x0b, p_port=0xc0f156e0
05-30 18:35:12.492 I/bt_stack( 1184): [INFO:port_api.cc(220)] RFCOMM_CreateConnectionWithSecurity: bd_addr=ff:ff:ff:ff:ff:ff, scn=3, is_server=1, mtu=256, uuid=0x111f, dlci=6, signal_state=0x0b, p_port=0xc0f15768
05-30 18:35:12.492 I/bt_stack( 1184): [INFO:port_api.cc(220)] RFCOMM_CreateConnectionWithSecurity: bd_addr=ff:ff:ff:ff:ff:ff, scn=2, is_server=1, mtu=256, uuid=0x1112, dlci=4, signal_state=0x0b, p_port=0xc0f157f0
05-30 18:35:12.492 I/bt_stack( 1184): [INFO:port_api.cc(220)] RFCOMM_CreateConnectionWithSecurity: bd_addr=ff:ff:ff:ff:ff:ff, scn=3, is_server=1, mtu=256, uuid=0x111f, dlci=6, signal_state=0x0b, p_port=0xc0f15878
05-30 18:35:12.492 I/bt_stack( 1184): [INFO:port_api.cc(220)] RFCOMM_CreateConnectionWithSecurity: bd_addr=ff:ff:ff:ff:ff:ff, scn=2, is_server=1, mtu=256, uuid=0x1112, dlci=4, signal_state=0x0b, p_port=0xc0f15900
05-30 18:35:12.492 I/bt_stack( 1184): [INFO:port_api.cc(220)] RFCOMM_CreateConnectionWithSecurity: bd_addr=ff:ff:ff:ff:ff:ff, scn=3, is_server=1, mtu=256, uuid=0x111f, dlci=6, signal_state=0x0b, p_port=0xc0f15988
05-30 18:35:12.492 I/bt_stack( 1184): [INFO:btif_hf.cc(318)] btif_hf_upstreams_evt: AG enable/disable event 0
05-30 18:35:12.500 D/CompatibilityChangeReporter( 694): Compat change id reported: 197654537; UID 1000; state: ENABLED
05-30 18:35:12.503 D/ActivityAttributionService( 1184): notifyActivityAttributionInfo UID=1002 packageName=com.android.bluetooth deviceAddress=no_active_device_address
05-30 18:35:12.503 I/bt_btif ( 1184): packages/modules/Bluetooth/system/btif/src/bluetooth.cc:829 get_profile_interface: get_profile_interface: id = activity_attribution
05-30 18:35:12.505 D/HearingAidService( 1184): create()
05-30 18:35:12.507 D/HearingAidService( 1184): start()
05-30 18:35:12.507 I/bt_stack( 1184): [INFO:com_android_bluetooth_hearing_aid.cpp(97)] classInitNative: succeeds
05-30 18:35:12.509 D/HearingAidService( 1184): setHearingAidService(): set to: com.android.bluetooth.hearingaid.HearingAidService@be1590b
05-30 18:35:12.509 I/bt_btif ( 1184): packages/modules/Bluetooth/system/btif/src/bluetooth.cc:829 get_profile_interface: get_profile_interface: id = hearing_aid
05-30 18:35:12.509 D/ActivityAttributionService( 1184): notifyActivityAttributionInfo UID=1002 packageName=com.android.bluetooth deviceAddress=no_active_device_address
05-30 18:35:12.509 I/bt_btif ( 1184): packages/modules/Bluetooth/system/btif/src/bluetooth.cc:829 get_profile_interface: get_profile_interface: id = activity_attribution
05-30 18:35:12.509 I/bt_stack( 1184): [INFO:hearing_aid_software_encoding_aidl.cc(182)] init
05-30 18:35:12.511 I/BTAudioProviderFactoryAIDL( 477): getProviderCapabilities - SessionType=HEARING_AID_SOFTWARE_ENCODING_DATAPATH supports 1 codecs
05-30 18:35:12.511 I/bt_stack( 1184): [INFO:client_interface_aidl.cc(124)] FetchAudioProvider: BluetoothAudioHal SessionType=HEARING_AID_SOFTWARE_ENCODING_DATAPATH has 1 AudioCapabilities
05-30 18:35:12.511 I/BTAudioProviderFactoryAIDL( 477): openProvider - SessionType=HEARING_AID_SOFTWARE_ENCODING_DATAPATH
05-30 18:35:12.511 I/BTAudioProviderHearingAid( 477): HearingAidAudioProvider - size of audio buffer 3584 byte(s)
05-30 18:35:12.512 I/bt_stack( 1184): [INFO:client_interface_aidl.cc(143)] IBluetoothAudioProvidersFactory::openProvider() returned 0xef2645d0 (remote)
05-30 18:35:12.512 I/bluetooth( 1184): packages/modules/Bluetooth/system/stack/gatt/gatt_api.cc:1257 GATT_Register: Allocated name:GattClient uuid:dd2b2e7e-a439-5c0f-d85d-350f78e1422b gatt_if:4 eatt_support:0
05-30 18:35:12.513 I/bt_btif ( 1184): packages/modules/Bluetooth/system/btif/src/bluetooth.cc:829 get_profile_interface: get_profile_interface: id = hidhost
05-30 18:35:12.514 I/bt_btif_storage( 1184): packages/modules/Bluetooth/system/btif/src/btif_storage.cc:653 btif_storage_get_adapter_property: btif_storage_get_adapter_property service_mask:0x20100048
05-30 18:35:12.514 I/bt_l2cap( 1184): packages/modules/Bluetooth/system/stack/l2cap/l2c_api.cc:172 L2CA_Register: L2CAP Registered service classic PSM: 0x0011
05-30 18:35:12.514 I/bt_l2cap( 1184): packages/modules/Bluetooth/system/stack/l2cap/l2c_api.cc:172 L2CA_Register: L2CAP Registered service classic PSM: 0x0013
05-30 18:35:12.514 I/bluetooth( 1184): packages/modules/Bluetooth/system/stack/gatt/gatt_api.cc:1257 GATT_Register: Allocated name:GattClient uuid:d0a03781-7807-9a31-5c52-19d2969ad816 gatt_if:5 eatt_support:0
05-30 18:35:12.514 W/bt_stack( 1184): [WARNING:btif_hh.cc(467)] Added device xx:xx:xx:xx:c0:53
05-30 18:35:12.514 W/bt_btif ( 1184): packages/modules/Bluetooth/system/main/bte_logmsg.cc:108 LogMsg: BTA_HH_ADD_DEV_EVT: status = 0, handle = 16
05-30 18:35:12.514 I/bt_bta_gattc( 1184): packages/modules/Bluetooth/system/bta/gatt/bta_gattc_act.cc:429 bta_gattc_init_bk_conn: Not a connected remote device yet
05-30 18:35:12.515 I/bluetooth( 1184): packages/modules/Bluetooth/system/gd/hci/le_address_manager.cc:178 register_client: Client registered
05-30 18:35:12.515 I/bluetooth( 1184): packages/modules/Bluetooth/system/gd/hci/le_address_manager.cc:265 ack_pause: Client already in paused state
05-30 18:35:12.517 I/bluetooth( 1184): packages/modules/Bluetooth/system/gd/hci/le_address_manager.cc:596 OnCommandComplete: Received command complete with op_code LE_ADD_DEVICE_TO_FILTER_ACCEPT_LIST
05-30 18:35:12.517 I/bluetooth( 1184): packages/modules/Bluetooth/system/gd/hci/le_address_manager.cc:294 resume_registered_clients: Resuming registered clients
05-30 18:35:12.520 I/bluetooth( 1184): packages/modules/Bluetooth/system/gd/hci/acl_manager/le_impl.h:878 update_connectability_state_after_armed: Le connection state machine armed state:ConnectabilityState::ARMED status:SUCCESS
05-30 18:35:12.549 D/CompatibilityChangeReporter( 694): Compat change id reported: 161145287; UID 1000; state: ENABLED
05-30 18:35:12.549 D/CompatibilityChangeReporter( 694): Compat change id reported: 161145287; UID 1000; state: DISABLED
05-30 18:35:12.552 D/CompatibilityChangeReporter( 1315): Compat change id reported: 183155436; UID 1000; state: ENABLED
05-30 18:35:12.553 D/ActivityThread( 1184): Loading provider com.android.bluetooth.opp: com.android.bluetooth.opp.BluetoothOppProvider
05-30 18:35:12.557 D/BtOppService( 1184): setBluetoothOppService(): set to: com.android.bluetooth.opp.BluetoothOppService@bca7ae7
05-30 18:35:12.557 D/ActivityAttributionService( 1184): notifyActivityAttributionInfo UID=1002 packageName=com.android.bluetooth deviceAddress=no_active_device_address
05-30 18:35:12.557 I/bt_btif ( 1184): packages/modules/Bluetooth/system/btif/src/bluetooth.cc:829 get_profile_interface: get_profile_interface: id = activity_attribution
05-30 18:35:12.563 D/BluetoothPanServiceJni( 1184): initializeNative(L113): pan
05-30 18:35:12.563 I/bt_btif ( 1184): packages/modules/Bluetooth/system/btif/src/bluetooth.cc:829 get_profile_interface: get_profile_interface: id = pan
05-30 18:35:12.563 I/bt_l2cap( 1184): packages/modules/Bluetooth/system/stack/l2cap/l2c_api.cc:172 L2CA_Register: L2CAP Registered service classic PSM: 0x000f
05-30 18:35:12.563 I/bt_bta_dm( 1184): packages/modules/Bluetooth/system/bta/dm/bta_dm_act.cc:3456 bta_dm_eir_update_uuid: EIR Adding UUID=0x1116 into extended inquiry response
05-30 18:35:12.563 I/bt_bta_dm( 1184): packages/modules/Bluetooth/system/bta/dm/bta_dm_act.cc:3155 bta_dm_set_eir: Generating extended inquiry response packet EIR
05-30 18:35:12.563 I/bt_bta_dm( 1184): packages/modules/Bluetooth/system/bta/dm/bta_dm_act.cc:3456 bta_dm_eir_update_uuid: EIR Adding UUID=0x1115 into extended inquiry response
05-30 18:35:12.563 I/bt_bta_dm( 1184): packages/modules/Bluetooth/system/bta/dm/bta_dm_act.cc:3155 bta_dm_set_eir: Generating extended inquiry response packet EIR
05-30 18:35:12.563 I/bt_bta_dm( 1184): packages/modules/Bluetooth/system/bta/dm/bta_dm_act.cc:3456 bta_dm_eir_update_uuid: EIR Adding UUID=0x1116 into extended inquiry response
05-30 18:35:12.563 I/bt_bta_dm( 1184): packages/modules/Bluetooth/system/bta/dm/bta_dm_act.cc:3155 bta_dm_set_eir: Generating extended inquiry response packet EIR
05-30 18:35:12.563 I/bt_bta_dm( 1184): packages/modules/Bluetooth/system/bta/dm/bta_dm_act.cc:3456 bta_dm_eir_update_uuid: EIR Adding UUID=0x1115 into extended inquiry response
05-30 18:35:12.563 I/bt_bta_dm( 1184): packages/modules/Bluetooth/system/bta/dm/bta_dm_act.cc:3155 bta_dm_set_eir: Generating extended inquiry response packet EIR
05-30 18:35:12.563 D/BluetoothPanServiceJni( 1184): control_state_callback(L60): state:0, local_role:3, ifname:bt-pan
05-30 18:35:12.565 I/TetheringManager( 1184): registerTetheringEventCallback:com.android.bluetooth
05-30 18:35:12.566 I/TetheringManager( 1184): registerTetheringEventCallback caller:com.android.bluetooth
05-30 18:35:12.568 D/AvrcpVolumeManager( 1184): onAudioDevicesAdded: Not expecting device changed
05-30 18:35:12.568 D/HeadsetPhoneState( 1184): sendDeviceStateChanged. mService=0 mSignal=0 mRoam=0 mBatteryCharge=3
05-30 18:35:12.569 D/CompatibilityChangeReporter( 1184): Compat change id reported: 150939131; UID 1002; state: ENABLED
05-30 18:35:12.570 D/AdapterProperties( 1184): onBluetoothReady, state=TURNING_ON, ScanMode=20
05-30 18:35:12.578 D/BluetoothAdapterService( 1184): updateUuids() - Updating UUIDs for bonded devices
05-30 18:35:12.578 I/BluetoothAdapterService( 1184): initProfileServices: Initializing all bluetooth profile services
05-30 18:35:12.578 W/HeadsetClientService( 1184): getHeadsetClientService(): service is null
05-30 18:35:12.578 W/BluetoothMapService( 1184): getBluetoothMapService(): service is null
05-30 18:35:12.578 W/MapClientService( 1184): getMapClientService(): service is null
05-30 18:35:12.578 D/HidDeviceService( 1184): getHidDeviceService(): service is NULL
05-30 18:35:12.578 W/BluetoothPbapService( 1184): getBluetoothPbapService(): service is null
05-30 18:35:12.578 W/PbapClientService( 1184): getPbapClientService(): service is null
05-30 18:35:12.578 W/HapClientService( 1184): getHapClientService(): service is NULL
05-30 18:35:12.578 W/SapService( 1184): getSapService(): service is null
05-30 18:35:12.578 W/VolumeControlService( 1184): getVolumeControlService(): service is NULL
05-30 18:35:12.578 W/CsipSetCoordinatorService( 1184): getCsipSetCoordinatorService(): service is NULL
05-30 18:35:12.578 W/LeAudioService( 1184): getLeAudioService(): service is NULL
05-30 18:35:12.578 W/BassClientService( 1184): getBassClientService(): service is NULL
05-30 18:35:12.578 W/BatteryService( 1184): getBatteryService(): service is NULL
05-30 18:35:12.579 I/AdapterState( 1184): ON : entered
05-30 18:35:12.579 D/AdapterProperties( 1184): Setting state to ON
05-30 18:35:12.580 D/BluetoothAdapterService( 1184): updateAdapterState() - Broadcasting state ON to 1 receivers.
05-30 18:35:12.582 D/BluetoothManagerService( 694): MESSAGE_BLUETOOTH_STATE_CHANGE: TURNING_ON > ON
05-30 18:35:12.582 D/BluetoothManagerService( 694): Broadcasting onBluetoothStateChange(true) to 13 receivers.
05-30 18:35:12.582 D/BluetoothLeAudio( 694): Binding service...
05-30 18:35:12.582 W/BluetoothManagerService( 694): Cannot bind profile: 22, not in supported profiles list
05-30 18:35:12.582 D/BluetoothLeAudio( 694): Binding service...
05-30 18:35:12.582 W/BluetoothManagerService( 694): Cannot bind profile: 22, not in supported profiles list
05-30 18:35:12.582 D/BluetoothHearingAid( 694): Binding service...
05-30 18:35:12.582 I/BluetoothCompanionManager( 1184): Companion device is null, type=0
05-30 18:35:12.583 D/BluetoothManagerService( 694): Creating new ProfileServiceConnections object for profile: 21
05-30 18:35:12.583 I/BluetoothAdapterService( 1184): sendUuidsInternal: Received service discovery UUIDs for device XX:XX:XX:XX:C0:53
05-30 18:35:12.583 D/BluetoothAdapterService( 1184): index=0uuid=0000180f-0000-1000-8000-00805f9b34fb
05-30 18:35:12.583 D/BluetoothAdapterService( 1184): index=1uuid=00001812-0000-1000-8000-00805f9b34fb
05-30 18:35:12.583 I/BluetoothPhonePolicy( 1184): onUuidsDiscovered: discovered services for device XX:XX:XX:XX:C0:53
05-30 18:35:12.583 I/BluetoothPhonePolicy( 1184): processInitProfilePriorities() - device XX:XX:XX:XX:C0:53
05-30 18:35:12.583 W/LeAudioService( 1184): getLeAudioService(): service is NULL
05-30 18:35:12.583 W/CsipSetCoordinatorService( 1184): getCsipSetCoordinatorService(): service is NULL
05-30 18:35:12.583 W/VolumeControlService( 1184): getVolumeControlService(): service is NULL
05-30 18:35:12.583 W/HapClientService( 1184): getHapClientService(): service is NULL
05-30 18:35:12.583 W/BassClientService( 1184): getBassClientService(): service is NULL
05-30 18:35:12.583 W/BatteryService( 1184): getBatteryService(): service is NULL
05-30 18:35:12.584 V/BluetoothDatabase( 1184): getProfileConnectionPolicy: device XX:XX:XX:XX:C0:53 profile=HID_HOST, connectionPolicy=100
05-30 18:35:12.585 D/AdapterProperties( 1184): Scan Mode:21
05-30 18:35:12.585 D/AdapterProperties( 1184): Discoverable Timeout:120
05-30 18:35:12.585 D/AdapterProperties( 1184): mLocalIOCapability set to 1
05-30 18:35:12.586 D/CompatibilityChangeReporter( 694): Compat change id reported: 261072174; UID 1000; state: ENABLED
05-30 18:35:12.587 D/BluetoothA2dpSink( 694): Binding service...
05-30 18:35:12.587 W/BluetoothManagerService( 694): Cannot bind profile: 11, not in supported profiles list
05-30 18:35:12.587 D/BluetoothLeAudio( 694): Binding service...
05-30 18:35:12.587 W/BluetoothManagerService( 694): Cannot bind profile: 22, not in supported profiles list
05-30 18:35:12.587 D/BluetoothA2dp( 694): Binding service...
05-30 18:35:12.587 D/BluetoothManagerService( 694): Creating new ProfileServiceConnections object for profile: 2
05-30 18:35:12.591 D/CompatibilityChangeReporter( 1315): Compat change id reported: 237531167; UID 1000; state: DISABLED
05-30 18:35:12.592 D/BluetoothA2dp( 694): Binding service...
05-30 18:35:12.592 D/BluetoothHearingAid( 694): Binding service...
05-30 18:35:12.593 D/BluetoothA2dp( 694): Binding service...
05-30 18:35:12.593 D/BluetoothLeAudioBroadcast( 694): Binding service...
05-30 18:35:12.593 W/BluetoothManagerService( 694): Cannot bind profile: 26, not in supported profiles list
05-30 18:35:12.593 D/BluetoothHearingAid( 949): Binding service...
05-30 18:35:12.593 D/BluetoothHeadset( 694): Binding service...
05-30 18:35:12.593 D/BluetoothManagerService( 694): Creating new ProfileServiceConnections object for profile: 1
05-30 18:35:12.594 W/OpenGLRenderer( 1315): Unknown dataspace 0
05-30 18:35:12.598 D/BluetoothHearingAid( 694): Binding service...
05-30 18:35:12.599 D/BluetoothManagerService( 694): Sending BLE State Change: TURNING_ON > ON
05-30 18:35:12.600 D/BluetoothManagerService( 694): Sending State Change: TURNING_ON > ON
05-30 18:35:12.601 W/WindowManager( 694): [addWindow] title:com.android.tv.settings/com.android.tv.settings.system.FallbackHome
05-30 18:35:12.603 D/BluetoothAdapterService( 1184): isQuietModeEnabled() - Enabled = false
05-30 18:35:12.603 I/BluetoothPhonePolicy( 1184): autoConnect: Initiate auto connection on BT on...
05-30 18:35:12.604 D/BluetoothDatabase( 1184): getMostRecentlyConnectedA2dpDevice: Invalid address for device null
05-30 18:35:12.604 E/BluetoothPhonePolicy( 1184): autoConnect: most recently active a2dp device is null
05-30 18:35:12.604 D/ActiveDeviceManager( 1184): handleAdapterStateChanged: currentState=12
05-30 18:35:12.606 D/CompatibilityChangeReporter( 694): Compat change id reported: 168419799; UID 1000; state: DISABLED
05-30 18:35:12.607 D/LocalBluetoothProfileManager( 949): Adding local A2DP profile
05-30 18:35:12.608 D/CompatibilityChangeReporter( 694): Compat change id reported: 273564678; UID 1000; state: DISABLED
05-30 18:35:12.610 D/BluetoothA2dp( 949): Binding service...
05-30 18:35:12.611 D/BtOppService( 1184): start Socket Listeners
05-30 18:35:12.611 D/BtOppService( 1184): stopListeners: mServerSocket is null
05-30 18:35:12.611 D/ObexServerSockets( 1184): create(rfcomm = -2, l2capPsm = -2)
05-30 18:35:12.611 D/LocalBluetoothProfileManager( 949): Adding local HEADSET profile
05-30 18:35:12.613 D/BluetoothHeadset( 949): Binding service...
05-30 18:35:12.614 D/LocalBluetoothProfileManager( 949): Adding local OPP profile
05-30 18:35:12.615 D/LocalBluetoothProfileManager( 949): Adding local HID_HOST profile
05-30 18:35:12.617 D/BluetoothHidHost( 949): Binding service...
05-30 18:35:12.618 D/BluetoothManagerService( 694): Creating new ProfileServiceConnections object for profile: 4
05-30 18:35:12.619 I/bt_btif_sock( 1184): packages/modules/Bluetooth/system/btif/src/btif_sock.cc:161 btif_sock_connection_logger: address=00:00:00:00:00:00, role=1, state=1
05-30 18:35:12.619 D/CoreBackPreview( 694): Window{7cdc75f u0 com.android.tv.settings/com.android.tv.settings.system.FallbackHome}: Setting back callback OnBackInvokedCallbackInfo{mCallback=android.window.IOnBackInvokedCallback$Stub$Proxy@d5ebdf3, mPriority=0, mIsAnimationCallback=false}
05-30 18:35:12.619 I/bt_btif_sock_rfcomm( 1184): packages/modules/Bluetooth/system/btif/src/btif_sock_rfc.cc:320 btsock_rfc_listen: Adding listening socket service_name: (null) - channel: -2
05-30 18:35:12.620 I/bt_stack( 1184): [INFO:port_api.cc(220)] RFCOMM_CreateConnectionWithSecurity: bd_addr=ff:ff:ff:ff:ff:ff, scn=4, is_server=1, mtu=990, uuid=000000, dlci=8, signal_state=0x0b, p_port=0xc0f15a10
05-30 18:35:12.620 I/bt_btif_sock( 1184): packages/modules/Bluetooth/system/btif/src/btif_sock.cc:161 btif_sock_connection_logger: address=00:00:00:00:00:00, role=1, state=1
05-30 18:35:12.620 D/BluetoothAdapter( 1184): listenUsingInsecureL2capOn: port=-2
05-30 18:35:12.622 D/LocalBluetoothProfileManager( 949): Adding local PAN profile
05-30 18:35:12.624 I/bt_btif_sock( 1184): packages/modules/Bluetooth/system/btif/src/btif_sock.cc:161 btif_sock_connection_logger: address=00:00:00:00:00:00, role=1, state=1
05-30 18:35:12.625 I/bluetooth( 1184): packages/modules/Bluetooth/system/btif/src/btif_sock_l2cap.cc:332 btsock_l2cap_alloc_l: Allocated l2cap socket structure socket_id:1
05-30 18:35:12.625 D/BluetoothPan( 949): Binding service...
05-30 18:35:12.625 I/bt_l2cap( 1184): packages/modules/Bluetooth/system/stack/l2cap/l2c_api.cc:172 L2CA_Register: L2CAP Registered service classic PSM: 0x1001
05-30 18:35:12.625 I/bt_btif_sock( 1184): packages/modules/Bluetooth/system/btif/src/btif_sock.cc:161 btif_sock_connection_logger: address=00:00:00:00:00:00, role=1, state=1
05-30 18:35:12.625 I/bluetooth( 1184): packages/modules/Bluetooth/system/btif/src/btif_sock_l2cap.cc:357 send_app_psm_or_chan_l: Sending l2cap socket socket_id:1 channel:4097
05-30 18:35:12.625 D/BluetoothAdapter( 1184): listenUsingInsecureL2capOn: set assigned channel to 4097
05-30 18:35:12.625 D/BluetoothManagerService( 694): Creating new ProfileServiceConnections object for profile: 5
05-30 18:35:12.625 D/ObexServerSockets( 1184): Succeed to create listening sockets
05-30 18:35:12.625 D/ObexServerSockets0( 1184): startAccept()
05-30 18:35:12.626 D/BluetoothSdpJni( 1184): sdpCreateOppOpsRecordNative
05-30 18:35:12.626 D/BluetoothSdpJni( 1184): SDP Create record success - handle: 0
05-30 18:35:12.626 D/BtOppService( 1184): mOppSdpHandle :0
05-30 18:35:12.626 I/bt_bta_dm( 1184): packages/modules/Bluetooth/system/bta/dm/bta_dm_act.cc:3456 bta_dm_eir_update_uuid: EIR Adding UUID=0x1105 into extended inquiry response
05-30 18:35:12.626 I/bt_bta_dm( 1184): packages/modules/Bluetooth/system/bta/dm/bta_dm_act.cc:3155 bta_dm_set_eir: Generating extended inquiry response packet EIR
05-30 18:35:12.626 E/bt_btif ( 1184): packages/modules/Bluetooth/system/main/bte_logmsg.cc:105 LogMsg: toggleProfile: Unknown service 255 being enabled
05-30 18:35:12.626 D/ObexServerSockets0( 1184): Accepting socket connection...
05-30 18:35:12.627 D/BluetoothSocket( 1184): accept(), timeout (ms):-1
05-30 18:35:12.627 D/ObexServerSockets0( 1184): Accepting socket connection...
05-30 18:35:12.627 D/BluetoothSocket( 1184): accept(), timeout (ms):-1
05-30 18:35:12.633 I/mali ( 1315): Successfully parsed 1 environment variable(s) from /vendor/etc/mali_platform.config.
05-30 18:35:12.634 I/mali ( 1315): Successfully parsed 1 environment variable(s) from /vendor/etc/mali_platform.config.
05-30 18:35:12.654 D/LocalBluetoothProfileManager( 949): Current Profiles[]
05-30 18:35:12.654 I/hwservicemanager( 234): getTransport: Cannot find entry android.hardware.configstore@1.0::ISurfaceFlingerConfigs/default in either framework or device VINTF manifest.
05-30 18:35:12.655 D/LocalBluetoothProfileManager( 949): New Profiles[HID]
05-30 18:35:12.655 D/CachedBluetoothDevice( 949): updating profiles for XX:XX:XX:XX:C0:53
05-30 18:35:12.662 D/BluetoothAdapter( 949): getActiveDevices(profile= A2DP)
05-30 18:35:12.665 I/BluetoothAdapterService( 1184): getActiveDevices: A2dp device: null
05-30 18:35:12.665 D/BluetoothAdapter( 949): getActiveDevices(profile= HEADSET)
05-30 18:35:12.668 I/BluetoothAdapterService( 1184): getActiveDevices: Headset device: null
05-30 18:35:12.668 D/BluetoothAdapter( 949): getActiveDevices(profile= HEARING_AID)
05-30 18:35:12.670 I/BluetoothAdapterService( 1184): getActiveDevices: Hearing Aid devices: Left[null] - Right[null]
05-30 18:35:12.686 I/MesonDisplay( 289): [/mode_policy.c, meson_mode_set_policy, 1177] connector:0 to policy:0
05-30 18:35:12.686 I/MesonDisplay( 289): [/mode_policy.c, is_dv_prefer, 66] not prefer dv, hdr_priority:10000010
05-30 18:35:12.686 I/MesonDisplay( 289): [/mode_policy.c, is_dv_prefer, 66] not prefer dv, hdr_priority:10000010
05-30 18:35:12.686 I/MesonDisplay( 289): [/mode_policy.c, hdr_scene_process, 724] policy:0 is_bestcolorspace:1 state:0
05-30 18:35:12.686 I/MesonDisplay( 289): [/mode_policy_parser.c, is_support_hdmimode, 110] is_support_hdmimode mode: 2160p60hz
05-30 18:35:12.686 I/MesonDisplay( 289): [/mode_policy_parser.c, is_support_hdmimode, 110] is_support_hdmimode mode: 2160p60hz
05-30 18:35:12.686 D/MesonDisplay( 289): meson_write /sys/class/amhdmitx/amhdmitx0/valid_mode, outputmode:2160p60hz420,10bit
05-30 18:35:12.686 D/MesonDisplay( 289): valid mode is true!
05-30 18:35:12.686 I/MesonDisplay( 289): [/mode_policy.c, is_support_4kHDR, 499] is_support_4kHDR mode:[420,10bit], deep color:[2160p60hz]
05-30 18:35:12.686 I/MesonDisplay( 289): [/mode_policy.c, meson_mode_get_policy_output, 1289] final_displaymode:2160p60hz, final_deepcolor:420,10bit, amdv_type:0
05-30 18:35:12.686 I/MesonDisplay( 289): [/mode_policy.c, meson_mode_set_policy, 1177] connector:0 to policy:0
05-30 18:35:12.687 D/BluetoothHearingAid( 694): Proxy object connected
05-30 18:35:12.688 E/OpenGLRenderer( 1315): Unable to match the desired swap behavior.
05-30 18:35:12.693 D/BluetoothA2dp( 694): Proxy object connected
05-30 18:35:12.693 D/BluetoothA2dp( 694): Proxy object connected
05-30 18:35:12.693 D/BluetoothHearingAid( 694): Proxy object connected
05-30 18:35:12.693 D/BluetoothA2dp( 694): Proxy object connected
05-30 18:35:12.694 D/BluetoothAdapter( 694): getActiveDevices(profile= A2DP)
05-30 18:35:12.696 I/BluetoothAdapterService( 1184): getActiveDevices: A2dp device: null
05-30 18:35:12.698 D/BluetoothHeadset( 694): Proxy object connected
05-30 18:35:12.699 D/BluetoothHearingAid( 694): Proxy object connected
05-30 18:35:12.699 D/BluetoothHearingAid( 949): Proxy object connected
05-30 18:35:12.701 D/BluetoothAdapter( 694): getActiveDevices(profile= HEARING_AID)
05-30 18:35:12.704 I/BluetoothAdapterService( 1184): getActiveDevices: Hearing Aid devices: Left[null] - Right[null]
05-30 18:35:12.711 D/BluetoothA2dp( 949): Proxy object connected
05-30 18:35:12.713 D/BluetoothAdapter( 694): getActiveDevices(profile= HEADSET)
05-30 18:35:12.715 I/BluetoothAdapterService( 1184): getActiveDevices: Headset device: null
05-30 18:35:12.716 D/BluetoothHeadset( 949): Proxy object connected
05-30 18:35:12.716 I/AS.BtHelper( 694): onSetBtScoActiveDevice: (null) -> (null)
05-30 18:35:12.723 D/BluetoothHidHost( 949): Proxy object connected
05-30 18:35:12.723 W/ContextImpl( 694): Calling a method in the system process without a qualified user: android.app.ContextImpl.startService:1899 com.android.server.wm.DisplayPolicy.lambda$focusChangedLw$5:2126 com.android.server.wm.DisplayPolicy.$r8$lambda$Znxk63oh-WzVnzo_WQefN7uxV48:0 com.android.server.wm.DisplayPolicy$$ExternalSyntheticLambda13.run:0 android.os.Handler.handleCallback:958
05-30 18:35:12.723 W/ActivityManager( 694): Unable to start service Intent { cmp=com.oranth.ledstatus/.LedStatusService } U=0: not found
05-30 18:35:12.730 I/ActivityTaskManager( 694): Displayed com.android.tv.settings/.system.FallbackHome for user 0: +518ms
05-30 18:35:12.732 V/WindowManager( 694): Sent Transition #0 createdAt=05-30 18:35:09.050
05-30 18:35:12.732 V/WindowManager( 694): startWCT=WindowContainerTransaction { changes = {} hops = [] errorCallbackToken=null taskFragmentOrganizer=null }
05-30 18:35:12.732 V/WindowManager( 694): info=null
05-30 18:35:12.732 V/WindowManager( 694): Finish Transition #0: created at
05-30 18:35:09.050 collect-started=0.268ms request-sent=0.325ms started=72.54ms ready=3445.971ms sent=3672.867ms finished=3681.311ms
05-30 18:35:12.736 D/BluetoothPan( 949): Proxy object connected
05-30 18:35:12.736 D/ActivityManagerTiming( 694): FinishBooting
05-30 18:35:12.739 D/WindowManager( 694): updateCecScreenStatus 0
05-30 18:35:12.739 D/HDMI ( 694): setCecSettingIntValue name:cec_screen_state, value:0
05-30 18:35:12.740 I/HDMI ( 694): screen state is changing to 0
05-30 18:35:12.776 D/BootAnimation( 250): BootAnimationShownTiming End time: 22804ms
05-30 18:35:12.786 D/BootAnimation( 250): BootAnimationStopTiming start time: 22814ms
05-30 18:35:12.804 I/libperfmgr( 492): Hint type not present in actions: EXPENSIVE_RENDERING
05-30 18:35:12.804 I/android.hardware.power-service.libperfmgr( 492): Power mode EXPENSIVE_RENDERING isModeSupported: 0
05-30 18:35:12.900 I/SurfaceFlinger( 263): Boot is finished (17556 ms)
05-30 18:35:12.903 D/SurfaceFlinger( 263): Power hint is disabled
05-30 18:35:12.903 D/ActivityManagerTiming( 694): FinishBooting
05-30 18:35:12.903 W/Zygote ( 465): forkRepeatedly terminated due to non-simple command
05-30 18:35:12.903 D/Zygote ( 465): mbuffer starts with 1 , nice name is , mEnd = 19, mNext = 19, mLinesLeft = 0, mFd = 5
05-30 18:35:12.905 I/ActivityManager( 694): About to commit checkpoint
05-30 18:35:12.906 I/SystemServiceManager( 694): Starting phase 1000
05-30 18:35:12.906 D/ActivityManagerTiming( 694): OnBootPhase_1000
05-30 18:35:12.906 D/ActivityManagerTiming( 694): OnBootPhase_1000_com.android.server.security.FileIntegrityService
05-30 18:35:12.906 D/ActivityManagerTiming( 694): OnBootPhase_1000_com.android.server.pm.Installer
05-30 18:35:12.906 D/ActivityManagerTiming( 694): OnBootPhase_1000_com.android.server.os.DeviceIdentifiersPolicyService
05-30 18:35:12.906 D/ActivityManagerTiming( 694): OnBootPhase_1000_com.android.server.flags.FeatureFlagsService
05-30 18:35:12.906 D/ActivityManagerTiming( 694): OnBootPhase_1000_com.android.server.uri.UriGrantsManagerService$Lifecycle
05-30 18:35:12.906 D/ActivityManagerTiming( 694): OnBootPhase_1000_com.android.server.powerstats.PowerStatsService
05-30 18:35:12.906 E/PowerStatsService( 694): Failed to start PowerStatsService loggers
05-30 18:35:12.906 D/ActivityManagerTiming( 694): OnBootPhase_1000_com.android.server.permission.access.AccessCheckingService
05-30 18:35:12.906 D/ActivityManagerTiming( 694): OnBootPhase_1000_com.android.server.wm.ActivityTaskManagerService$Lifecycle
05-30 18:35:12.906 D/ActivityManagerTiming( 694): OnBootPhase_1000_com.android.server.am.ActivityManagerService$Lifecycle
05-30 18:35:12.907 D/ActivityManagerTiming( 694): OnBootPhase_1000_com.android.server.pm.DataLoaderManagerService
05-30 18:35:12.907 D/ActivityManagerTiming( 694): OnBootPhase_1000_com.android.server.power.PowerManagerService
05-30 18:35:12.908 D/ActivityManagerTiming( 694): OnBootPhase_1000_com.android.server.power.ThermalManagerService
05-30 18:35:12.908 D/ActivityManagerTiming( 694): OnBootPhase_1000_com.android.server.power.hint.HintManagerService
05-30 18:35:12.908 D/ActivityManagerTiming( 694): OnBootPhase_1000_com.android.server.recoverysystem.RecoverySystemService$Lifecycle
05-30 18:35:12.908 D/ActivityManagerTiming( 694): OnBootPhase_1000_com.android.server.lights.LightsService
05-30 18:35:12.908 D/ActivityManagerTiming( 694): OnBootPhase_1000_com.android.server.display.DisplayManagerService
05-30 18:35:12.909 I/DisplayBrightnessStrategySelector( 694): Changing the DisplayBrightnessStrategy from OverrideBrightnessStrategy toInvalidBrightnessStrategy for display 0
05-30 18:35:12.909 I/LogicalDisplayMapper( 694): Requesting Transition to state: 0, from state=-1, interactive=true, mBootCompleted=true
05-30 18:35:12.909 I/LogicalDisplayMapper( 694): Applying layout: [{dispId: 0(ON), displayGroupName: , addr: {port=11, model=0x401050603f19a5}, mThermalBrightnessThrottlingMapId: null, mRefreshRateZoneId: null, mLeadDisplayId: -1, mLeadDisplayAddress: null, mThermalRefreshRateThrottlingMapId: null}], Previous layout: [{dispId: 0(ON), displayGroupName: , addr: {port=11, model=0x401050603f19a5}, mThermalBrightnessThrottlingMapId: null, mRefreshRateZoneId: null, mLeadDisplayId: -1, mLeadDisplayAddress: null, mThermalRefreshRateThrottlingMapId: null}]
05-30 18:35:12.909 D/ActivityManagerTiming( 694): OnBootPhase_1000_com.android.server.pm.verify.domain.DomainVerificationService
05-30 18:35:12.909 V/DisplayPowerController2[0]( 694): Brightness [0.39763778] reason changing to: 'manual', previous reason: 'override'.
05-30 18:35:12.909 D/ActivityManagerTiming( 694): OnBootPhase_1000_com.android.server.pm.PackageInstallerService$Lifecycle
05-30 18:35:12.909 D/ActivityManagerTiming( 694): OnBootPhase_1000_com.android.server.pm.UserManagerService$LifeCycle
05-30 18:35:12.909 D/ActivityManagerTiming( 694): OnBootPhase_1000_com.android.server.om.OverlayManagerService
05-30 18:35:12.909 D/ActivityManagerTiming( 694): OnBootPhase_1000_com.android.server.resources.ResourcesManagerService
05-30 18:35:12.909 D/ActivityManagerTiming( 694): OnBootPhase_1000_com.android.server.sensorprivacy.SensorPrivacyService
05-30 18:35:12.909 D/ActivityManagerTiming( 694): OnBootPhase_1000_com.android.server.sensors.SensorService
05-30 18:35:12.909 I/DisplayPowerController2[0]( 694): BrightnessEvent: disp=0, physDisp=local:4616277992360486155, brt=0.39763778, initBrt=0.39763778, rcmdBrt=NaN, preBrt=NaN, lux=0.0, preLux=0.0, hbmMax=1.0, hbmMode=off, rbcStrength=0, thrmMax=1.0, powerFactor=1.0, wasShortTermModelActive=false, flags=, reason=manual, autoBrightness=false, strategy=InvalidBrightnessStrategy
05-30 18:35:12.910 D/ActivityManagerTiming( 694): OnBootPhase_1000_com.android.server.SystemConfigService
05-30 18:35:12.910 D/ActivityManagerTiming( 694): OnBootPhase_1000_com.android.server.BatteryService
05-30 18:35:12.910 D/ActivityManagerTiming( 694): OnBootPhase_1000_com.android.server.usage.UsageStatsService
05-30 18:35:12.910 D/ActivityManagerTiming( 694): OnBootPhase_1000_com.android.server.webkit.WebViewUpdateService
05-30 18:35:12.910 D/ActivityManagerTiming( 694): OnBootPhase_1000_com.android.server.CachedDeviceStateService
05-30 18:35:12.910 D/ActivityManagerTiming( 694): OnBootPhase_1000_com.android.server.BinderCallsStatsService$LifeCycle
05-30 18:35:12.910 D/ActivityManagerTiming( 694): OnBootPhase_1000_com.android.server.LooperStatsService$Lifecycle
05-30 18:35:12.910 D/ActivityManagerTiming( 694): OnBootPhase_1000_com.android.server.rollback.RollbackManagerService
05-30 18:35:12.911 D/ActivityManagerTiming( 694): OnBootPhase_1000_com.android.server.os.NativeTombstoneManagerService
05-30 18:35:12.911 D/ActivityManagerTiming( 694): OnBootPhase_1000_com.android.server.os.BugreportManagerService
05-30 18:35:12.911 D/ActivityManagerTiming( 694): OnBootPhase_1000_com.android.server.gpu.GpuService
05-30 18:35:12.911 D/ActivityManagerTiming( 694): OnBootPhase_1000_com.android.server.security.rkp.RemoteProvisioningService
05-30 18:35:12.911 D/ActivityManagerTiming( 694): OnBootPhase_1000_com.android.server.security.KeyChainSystemService
05-30 18:35:12.911 D/ActivityManagerTiming( 694): OnBootPhase_1000_com.android.server.BinaryTransparencyService
05-30 18:35:12.911 I/TransparencyService( 694): Boot completed. Getting VBMeta Digest.
05-30 18:35:12.911 D/TransparencyService( 694): VBMeta Digest: c8117efe3935fd70d0a72f8856568e037153c86b0dc46a0f5244de999894ebc3
05-30 18:35:12.912 I/TransparencyService( 694): Boot completed. Collecting biometric system properties.
05-30 18:35:12.912 D/RollbackManager( 694): mRollbackLifetimeDurationInMillis=1209600000
05-30 18:35:12.913 I/TransparencyService( 694): Scheduling measurements to be taken.
05-30 18:35:12.913 I/TransparencyService( 694): Scheduling binary content-digest computation job
05-30 18:35:12.914 D/CompatibilityChangeReporter( 694): Compat change id reported: 253665015; UID 1000; state: ENABLED
05-30 18:35:12.914 D/CompatibilityChangeReporter( 694): Compat change id reported: 253665015; UID 1000; state: DISABLED
05-30 18:35:12.915 D/CompatibilityChangeReporter( 694): Compat change id reported: 194532703; UID 1000; state: ENABLED
05-30 18:35:12.915 D/AppStandbyController( 694): Loaded headless system app cache in 4 ms: appIdleEnabled=true
05-30 18:35:12.916 D/CompatibilityChangeReporter( 694): Compat change id reported: 194532703; UID 1000; state: DISABLED
05-30 18:35:12.918 D/TransparencyService( 694): Job 1740526926 to measure binaries was scheduled successfully.
05-30 18:35:12.918 D/TransparencyService( 694): Registering APK & Non-Staged APEX updates...
05-30 18:35:12.918 D/TransparencyService( 694): Registering APEX updates...
05-30 18:35:12.919 D/ActivityManagerTiming( 694): OnBootPhase_1000_com.android.server.accounts.AccountManagerService$Lifecycle
05-30 18:35:12.920 D/ActivityManagerTiming( 694): OnBootPhase_1000_com.android.server.content.ContentService$Lifecycle
05-30 18:35:12.920 D/ActivityManagerTiming( 694): OnBootPhase_1000_com.android.server.deviceconfig.DeviceConfigInit$Lifecycle
05-30 18:35:12.920 D/ActivityManagerTiming( 694): OnBootPhase_1000_com.android.server.DropBoxManagerService
05-30 18:35:12.920 D/ActivityManagerTiming( 694): OnBootPhase_1000_com.android.role.RoleService
05-30 18:35:12.920 D/ActivityManagerTiming( 694): OnBootPhase_1000_com.android.server.vibrator.VibratorManagerService$Lifecycle
05-30 18:35:12.920 D/ActivityManagerTiming( 694): OnBootPhase_1000_com.android.server.tare.InternalResourceService
05-30 18:35:12.920 D/ActivityManagerTiming( 694): OnBootPhase_1000_com.android.server.alarm.AlarmManagerService
05-30 18:35:12.920 D/ActivityManagerTiming( 694): OnBootPhase_1000_com.android.server.devicestate.DeviceStateManagerService
05-30 18:35:12.920 D/ActivityManagerTiming( 694): OnBootPhase_1000_com.android.server.camera.CameraServiceProxy
05-30 18:35:12.921 D/ActivityManagerTiming( 694): OnBootPhase_1000_com.android.server.bluetooth.BluetoothService
05-30 18:35:12.921 D/ActivityManagerTiming( 694): OnBootPhase_1000_com.android.server.connectivity.IpConnectivityMetrics
05-30 18:35:12.921 D/ActivityManagerTiming( 694): OnBootPhase_1000_com.android.server.net.watchlist.NetworkWatchlistService$Lifecycle
05-30 18:35:12.921 D/ActivityManagerTiming( 694): OnBootPhase_1000_com.android.server.PinnerService
05-30 18:35:12.921 D/ActivityManagerTiming( 694): OnBootPhase_1000_com.android.server.integrity.AppIntegrityManagerService
05-30 18:35:12.921 D/ActivityManagerTiming( 694): OnBootPhase_1000_com.android.server.logcat.LogcatManagerService
05-30 18:35:12.921 D/ActivityManagerTiming( 694): OnBootPhase_1000_com.android.server.inputmethod.InputMethodManagerService$Lifecycle
05-30 18:35:12.921 D/ActivityManagerTiming( 694): OnBootPhase_1000_com.android.server.accessibility.AccessibilityManagerService$Lifecycle
05-30 18:35:12.921 D/ActivityManagerTiming( 694): OnBootPhase_1000_com.android.server.StorageManagerService$Lifecycle
05-30 18:35:12.921 D/ActivityManagerTiming( 694): OnBootPhase_1000_com.android.server.usage.StorageStatsService$Lifecycle
05-30 18:35:12.921 D/ActivityManagerTiming( 694): OnBootPhase_1000_com.android.server.UiModeManagerService
05-30 18:35:12.921 D/ActivityManagerTiming( 694): OnBootPhase_1000_com.android.server.locales.LocaleManagerService
05-30 18:35:12.921 D/ActivityManagerTiming( 694): OnBootPhase_1000_com.android.server.grammaticalinflection.GrammaticalInflectionService
05-30 18:35:12.921 D/ActivityManagerTiming( 694): OnBootPhase_1000_com.android.server.apphibernation.AppHibernationService
05-30 18:35:12.921 D/StorageManagerService( 694): Thinking about reset, mBootCompleted=true, mDaemonConnected=true
05-30 18:35:12.922 I/StorageSessionController( 694): Started resetting external storage service...
05-30 18:35:12.922 I/StorageSessionController( 694): Finished resetting external storage service
05-30 18:35:12.922 I/StorageManagerService( 694): Resetting vold...
05-30 18:35:12.922 D/ActivityManagerTiming( 694): OnBootPhase_1000_com.android.server.locksettings.LockSettingsService$Lifecycle
05-30 18:35:12.922 D/ActivityManagerTiming( 694): OnBootPhase_1000_com.android.server.PersistentDataBlockService
05-30 18:35:12.922 D/ActivityManagerTiming( 694): OnBootPhase_1000_com.android.server.testharness.TestHarnessModeService
05-30 18:35:12.922 D/TestHarnessModeService( 694): Completing Test Harness Mode setup.
05-30 18:35:12.922 I/HibernationStateDiskStore( 694): No hibernation file on disk for file /data/system/hibernation/states
05-30 18:35:12.923 I/StorageManagerService( 694): Reset vold
05-30 18:35:12.923 I/vold ( 247): onUserAdded: 0
05-30 18:35:12.948 D/ActivityManagerTiming( 694): OnBootPhase_1000_com.android.server.oemlock.OemLockService
05-30 18:35:12.948 D/ActivityManagerTiming( 694): OnBootPhase_1000_com.android.server.DeviceIdleController
05-30 18:35:12.948 D/ActivityManagerTiming( 694): OnBootPhase_1000_com.android.server.devicepolicy.DevicePolicyManagerService$Lifecycle
05-30 18:35:12.948 D/ActivityManagerTiming( 694): OnBootPhase_1000_com.android.server.texttospeech.TextToSpeechManagerService
05-30 18:35:12.948 D/ActivityManagerTiming( 694): OnBootPhase_1000_com.android.server.ambientcontext.AmbientContextManagerService
05-30 18:35:12.948 D/ActivityManagerTiming( 694): OnBootPhase_1000_com.android.server.wearable.WearableSensingManagerService
05-30 18:35:12.948 D/ActivityManagerTiming( 694): OnBootPhase_1000_com.android.server.speech.SpeechRecognitionManagerService
05-30 18:35:12.948 D/ActivityManagerTiming( 694): OnBootPhase_1000_com.android.server.searchui.SearchUiManagerService
05-30 18:35:12.948 D/ActivityManagerTiming( 694): OnBootPhase_1000_com.android.server.smartspace.SmartspaceManagerService
05-30 18:35:12.948 D/ActivityManagerTiming( 694): OnBootPhase_1000_com.android.server.graphics.fonts.FontManagerService$Lifecycle
05-30 18:35:12.948 D/ActivityManagerTiming( 694): OnBootPhase_1000_com.android.server.textservices.TextServicesManagerService$Lifecycle
05-30 18:35:12.948 D/ActivityManagerTiming( 694): OnBootPhase_1000_com.android.server.textclassifier.TextClassificationManagerService$Lifecycle
05-30 18:35:12.948 D/ActivityManagerTiming( 694): OnBootPhase_1000_com.android.server.NetworkScoreService$Lifecycle
05-30 18:35:12.948 D/ActivityManagerTiming( 694): OnBootPhase_1000_com.android.server.NetworkStatsServiceInitializer
05-30 18:35:12.948 D/ActivityManagerTiming( 694): OnBootPhase_1000_com.android.server.wifi.WifiService
05-30 18:35:12.949 D/ActivityManagerTiming( 694): OnBootPhase_1000_com.android.server.wifi.scanner.WifiScanningService
05-30 18:35:12.949 D/ActivityManagerTiming( 694): OnBootPhase_1000_com.android.server.wifi.p2p.WifiP2pService
05-30 18:35:12.949 D/WifiService( 694): Handle boot completed
05-30 18:35:12.949 D/ActivityManagerTiming( 694): OnBootPhase_1000_com.android.server.ConnectivityServiceInitializer
05-30 18:35:12.950 D/ActivityManagerTiming( 694): OnBootPhase_1000_com.android.server.notification.NotificationManagerService
05-30 18:35:12.950 D/ActivityManagerTiming( 694): OnBootPhase_1000_com.android.server.storage.DeviceStorageMonitorService
05-30 18:35:12.950 D/ActivityManagerTiming( 694): OnBootPhase_1000_com.android.server.timedetector.TimeDetectorService$Lifecycle
05-30 18:35:12.950 D/ActivityManagerTiming( 694): OnBootPhase_1000_com.android.server.location.LocationManagerService$Lifecycle
05-30 18:35:12.950 D/ActivityManagerTiming( 694): OnBootPhase_1000_com.android.server.timezonedetector.TimeZoneDetectorService$Lifecycle
05-30 18:35:12.950 D/ActivityManagerTiming( 694): OnBootPhase_1000_com.android.server.location.altitude.AltitudeService$Lifecycle
05-30 18:35:12.950 D/ActivityManagerTiming( 694): OnBootPhase_1000_com.android.server.timezonedetector.location.LocationTimeZoneManagerService$Lifecycle
05-30 18:35:12.950 D/ActivityManagerTiming( 694): OnBootPhase_1000_com.android.server.search.SearchManagerService$Lifecycle
05-30 18:35:12.950 D/ActivityManagerTiming( 694): OnBootPhase_1000_com.android.server.wallpaper.WallpaperManagerService$Lifecycle
05-30 18:35:12.951 D/ActivityManagerTiming( 694): OnBootPhase_1000_com.android.server.wallpapereffectsgeneration.WallpaperEffectsGenerationManagerService
05-30 18:35:12.951 I/WifiScoreCard( 694): Installing MemoryStore
05-30 18:35:12.951 I/WifiHealthMonitor( 694): Installing MemoryStore
05-30 18:35:12.951 D/ActivityManagerTiming( 694): OnBootPhase_1000_com.android.server.audio.AudioService$Lifecycle
05-30 18:35:12.951 D/ActivityManagerTiming( 694): OnBootPhase_1000_com.android.server.soundtrigger_middleware.SoundTriggerMiddlewareService$Lifecycle
05-30 18:35:12.951 D/ActivityManagerTiming( 694): OnBootPhase_1000_com.android.server.adb.AdbService$Lifecycle
05-30 18:35:12.951 D/ActivityManagerTiming( 694): OnBootPhase_1000_com.android.server.usb.UsbService$Lifecycle
05-30 18:35:12.951 D/ActivityManagerTiming( 694): OnBootPhase_1000_com.android.server.twilight.TwilightService
05-30 18:35:12.952 D/ActivityManagerTiming( 694): OnBootPhase_1000_com.android.server.display.color.ColorDisplayService
05-30 18:35:12.952 D/ActivityManagerTiming( 694): OnBootPhase_1000_com.android.server.job.JobSchedulerService
05-30 18:35:12.952 D/ActivityManagerTiming( 694): OnBootPhase_1000_com.android.server.soundtrigger.SoundTriggerService
05-30 18:35:12.952 D/SoundTriggerService( 694): onBootPhase: 1000 : false
05-30 18:35:12.953 D/ActivityManagerTiming( 694): OnBootPhase_1000_com.android.server.trust.TrustManagerService
05-30 18:35:12.953 D/ActivityManagerTiming( 694): OnBootPhase_1000_com.android.server.backup.BackupManagerService$Lifecycle
05-30 18:35:12.953 D/ActivityManagerTiming( 694): OnBootPhase_1000_com.android.server.appwidget.AppWidgetService
05-30 18:35:12.953 D/ActivityManagerTiming( 694): OnBootPhase_1000_com.android.server.voiceinteraction.VoiceInteractionManagerService
05-30 18:35:12.953 I/UsbDeviceManager( 694): Setting USB config to
05-30 18:35:12.953 D/UsbDeviceManager( 694): setUsbConfig(4) request:1
05-30 18:35:12.953 D/ActivityManagerTiming( 694): OnBootPhase_1000_com.android.server.GestureLauncherService
05-30 18:35:12.953 D/ActivityManagerTiming( 694): OnBootPhase_1000_com.android.server.SensorNotificationService
05-30 18:35:12.955 D/CompatibilityChangeReporter( 694): Compat change id reported: 168936375; UID 1000; state: ENABLED
05-30 18:35:12.955 D/CompatibilityChangeReporter( 694): Compat change id reported: 168936375; UID 1000; state: DISABLED
05-30 18:35:12.960 E/usb.gadget.aidl-service.droidlogic( 500): Failed to open /sys/devices/platform/10d50000.hsi2c
05-30 18:35:12.960 I/Tethering( 1046): USB bcast connected:false configured:false rndis:false ncm:false
05-30 18:35:12.960 I/usb.gadget.aidl-service.droidlogic( 500): the string of all interrupts is unexpected
05-30 18:35:12.960 I/libusbconfigfs( 500): setCurrentUsbFunctions None
05-30 18:35:12.960 I/libusbconfigfs( 500): Gadget cannot be pulled down
05-30 18:35:12.961 I/libusbconfigfs( 500): mMonitor signalled to exit
05-30 18:35:12.961 I/libusbconfigfs( 500): mMonitor destroyed
05-30 18:35:12.961 I/usb.gadget.aidl-service.droidlogic( 500): Returned from tearDown gadget
05-30 18:35:12.962 I/libusbconfigfs( 500): setCurrentUsbFunctions mtp
05-30 18:35:12.964 D/CompatibilityChangeReporter( 694): Compat change id reported: 73144566; UID 1000; state: ENABLED
05-30 18:35:12.964 D/CompatibilityChangeReporter( 694): Compat change id reported: 73144566; UID 1000; state: DISABLED
05-30 18:35:12.965 D/WifiNetworkFactory( 694): Registering NetworkFactory
05-30 18:35:12.966 D/UntrustedWifiNetworkFactory( 694): Registering NetworkFactory
05-30 18:35:12.967 D/ConnectivityService( 694): Got NetworkProvider Messenger for WifiNetworkFactory
05-30 18:35:12.967 D/RestrictedWifiNetworkFactory( 694): Registering NetworkFactory
05-30 18:35:12.967 D/ConnectivityService( 694): Got NetworkProvider Messenger for UntrustedWifiNetworkFactory
05-30 18:35:12.967 D/ActivityManagerTiming( 694): OnBootPhase_1000_com.android.server.emergency.EmergencyAffordanceService
05-30 18:35:12.967 D/ConnectivityService( 694): Got NetworkProvider Messenger for RestrictedWifiNetworkFactory
05-30 18:35:12.967 D/ActivityManagerTiming( 694): OnBootPhase_1000_com.android.server.blob.BlobStoreManagerService
05-30 18:35:12.967 D/OemPaidWifiNetworkFactory( 694): Registering NetworkFactory
05-30 18:35:12.967 D/MultiInternetWifiNetworkFactory( 694): Registering NetworkFactory
05-30 18:35:12.967 D/ConnectivityService( 694): Got NetworkProvider Messenger for OemPaidWifiNetworkFactory
05-30 18:35:12.967 D/ConnectivityService( 694): Got NetworkProvider Messenger for MultiInternetWifiNetworkFactory
05-30 18:35:12.969 I/WifiHAL ( 501): found interface wlan0
05-30 18:35:12.969 D/WifiHAL ( 501): error code -95 mapped to -3
05-30 18:35:12.969 E/WifiHAL ( 501): failed to set scanning mac OUI; result = -3
05-30 18:35:12.969 E/WifiChipAidlImpl( 694): getUsableChannels failed with service-specific exception: android.os.ServiceSpecificException: (code 4)
05-30 18:35:12.971 D/ActivityManagerTiming( 694): OnBootPhase_1000_com.android.server.dreams.DreamManagerService
05-30 18:35:12.971 D/ActivityManagerTiming( 694): OnBootPhase_1000_com.android.server.security.AttestationVerificationManagerService
05-30 18:35:12.971 D/ActivityManagerTiming( 694): OnBootPhase_1000_com.android.server.restrictions.RestrictionsManagerService
05-30 18:35:12.971 D/ActivityManagerTiming( 694): OnBootPhase_1000_com.android.server.media.MediaSessionService
05-30 18:35:12.972 D/ActivityManagerTiming( 694): OnBootPhase_1000_com.android.server.hdmi.HdmiControlService
05-30 18:35:12.972 D/ActivityManagerTiming( 694): OnBootPhase_1000_com.android.server.tv.interactive.TvInteractiveAppManagerService
05-30 18:35:12.972 I/HdmiControlService( 694): bootCompleted
05-30 18:35:12.972 D/ActivityManagerTiming( 694): OnBootPhase_1000_com.android.server.tv.TvInputManagerService
05-30 18:35:12.972 D/ActivityManagerTiming( 694): OnBootPhase_1000_com.android.server.media.MediaResourceMonitorService
