05-30 18:35:15.305 D/installd( 608): Found quota mount /dev/block/dm-50 at /mnt/pass_through/0/emulated
05-30 18:35:15.306 D/installd( 608): Found storage mount /dev/block/dm-50 at /mnt/pass_through/0/emulated
05-30 18:35:15.307 D/installd( 608): Found storage mount at /mnt/pass_through/0/emulated
05-30 18:35:15.308 V/MediaStore( 1440): Examining volume emulated;0 with name external_primary and state mounted
05-30 18:35:15.312 V/MediaStore( 1440): Examining volume emulated;0 with name external_primary and state mounted
05-30 18:35:15.327 E/DiskReceiver( 1315): Missing fsUuid, not launching activity.
05-30 18:35:15.327 V/MediaProvider( 1440): onConfigure() for internal.db
05-30 18:35:15.331 I/crashsdk( 1728): begin hack android.os.Process
05-30 18:35:15.331 I/crashsdk( 1728): end hack android.os.Process
05-30 18:35:15.335 V/MediaProvider( 1440): onOpen() for internal.db
05-30 18:35:15.335 V/MediaProvider( 1440): onOpen() finished for internal.db
05-30 18:35:15.336 D/DiskReceiver( 1315): Scanning volume: VolumeInfo{emulated;0}:
05-30 18:35:15.336 D/DiskReceiver( 1315): type=EMULATED diskId=null partGuid= mountFlags=PRIMARY|VISIBLE_FOR_WRITE
05-30 18:35:15.336 D/DiskReceiver( 1315): mountUserId=0 state=MOUNTED
05-30 18:35:15.336 D/DiskReceiver( 1315): fsType=null fsUuid=null fsLabel=null
05-30 18:35:15.336 D/DiskReceiver( 1315): path=/storage/emulated internalPath=/data/media
05-30 18:35:15.342 D/crashsdk( 1728): Native log stat thread 1807 setup, waiting
05-30 18:35:15.345 D/CompatibilityChangeReporter( 694): Compat change id reported: 182734110; UID 10068; state: ENABLED
05-30 18:35:15.349 D/BufferPoolAccessor2.0( 694): bufferpool2 0xe7575608 : 0(0 size) total buffers - 0(0 size) used buffers - 1/7 (recycle/alloc) - 6/18 (fetch/transfer)
05-30 18:35:15.349 D/BufferPoolAccessor2.0( 694): evictor expired: 1, evicted: 1
05-30 18:35:15.350 I/crashsdk( 1728): version unique build id: 6230cced
05-30 18:35:15.350 D/OsInitLaunch( 1498): send cache: mangoAuth, null, AUTH_NO_NETWORK, null
05-30 18:35:15.356 D/BufferPoolAccessor2.0( 622): bufferpool2 0xee842f68 : 0(0 size) total buffers - 0(0 size) used buffers - 3/7 (recycle/alloc) - 4/6 (fetch/transfer)
05-30 18:35:15.356 D/BufferPoolAccessor2.0( 622): evictor expired: 1, evicted: 1
05-30 18:35:15.359 D/ConnectivityService( 694): requestNetwork for uid/pid:1000/1498 activeRequest: null callbackRequest: 42 [NetworkRequest [ REQUEST id=43, [ Capabilities: INTERNET&NOT_RESTRICTED&TRUSTED&NOT_VCN_MANAGED Uid: 1000 RequestorUid: 1000 RequestorPkg: com.dangbei.leard.leradlauncher UnderlyingNetworks: Null] ]] callback flags: 0 order: 2147483647
05-30 18:35:15.360 D/WifiNetworkFactory( 694): got request NetworkRequest [ REQUEST id=43, [ Capabilities: INTERNET&NOT_RESTRICTED&TRUSTED&NOT_VCN_MANAGED Uid: 1000 RequestorUid: 1000 RequestorPkg: com.dangbei.leard.leradlauncher UnderlyingNetworks: Null] ]
05-30 18:35:15.360 D/UntrustedWifiNetworkFactory( 694): got request NetworkRequest [ REQUEST id=43, [ Capabilities: INTERNET&NOT_RESTRICTED&TRUSTED&NOT_VCN_MANAGED Uid: 1000 RequestorUid: 1000 RequestorPkg: com.dangbei.leard.leradlauncher UnderlyingNetworks: Null] ]
05-30 18:35:15.360 D/OemPaidWifiNetworkFactory( 694): got request NetworkRequest [ REQUEST id=43, [ Capabilities: INTERNET&NOT_RESTRICTED&TRUSTED&NOT_VCN_MANAGED Uid: 1000 RequestorUid: 1000 RequestorPkg: com.dangbei.leard.leradlauncher UnderlyingNetworks: Null] ]
05-30 18:35:15.360 D/ConnectivityService( 694): NetReassign [no changes] [c 0] [a 0] [i 0]
05-30 18:35:15.360 D/MultiInternetWifiNetworkFactory( 694): got request NetworkRequest [ REQUEST id=43, [ Capabilities: INTERNET&NOT_RESTRICTED&TRUSTED&NOT_VCN_MANAGED Uid: 1000 RequestorUid: 1000 RequestorPkg: com.dangbei.leard.leradlauncher UnderlyingNetworks: Null] ]
05-30 18:35:15.362 I/ActivityManager( 694): Background started FGS: Allowed [callingPackage: com.dangbei.screencast; callingUid: 10044; uidState: CEM ; uidBFSL: n/a; intent: Intent { act=com.dangbei.screencast.STARTUP pkg=com.dangbei.screencast }; code:SYSTEM_ALERT_WINDOW_PERMISSION; tempAllowListReason:; targetSdkVersion:28; callerTargetSdkVersion:28; startForegroundCount:0; bindFromPackage:null: isBindService:false]
05-30 18:35:15.367 I/crashsdk( 1728): Catcher mask: 5000, 20480
05-30 18:35:15.367 I/crashsdk( 1728): Catcher thread 1736
05-30 18:35:15.367 D/crashsdk( 1728): Register ANR handler ...
05-30 18:35:15.375 I/MediaProvider( 1440): Scanned internal due to REASON_MOUNTED, found 4 items in 37ms, 0 inserts 0 updates 0 deletes
05-30 18:35:15.378 D/CompatibilityChangeReporter( 694): Compat change id reported: 170668199; UID 10044; state: DISABLED
05-30 18:35:15.378 W/ActivityManager( 694): Foreground service started from background can not have location/camera/microphone access: service com.dangbei.screencast/.startup.StartupService
05-30 18:35:15.379 D/CompatibilityChangeReporter( 694): Compat change id reported: 255038118; UID 10044; state: DISABLED
05-30 18:35:15.379 D/CompatibilityChangeReporter( 694): Compat change id reported: 255042465; UID 10044; state: DISABLED
05-30 18:35:15.380 W/ModernMediaScanner( 1440): Failed to visit /oem/media: java.nio.file.NoSuchFileException: /oem/media
05-30 18:35:15.381 W/ForegroundServiceTypeLoggerModule( 694): Foreground service start for UID: 10044 does not have any types
05-30 18:35:15.383 I/ActivityManager( 694): Deferring FGS notification in legacy app com.dangbei.screencast/u0a44 : Notification(channel=channel_record shortcut=null contentView=null vibrate=null sound=null defaults=0x0 flags=0x60 color=0x00000000 category=transport vis=PUBLIC)
05-30 18:35:15.391 D/CompatibilityChangeReporter( 1498): Compat change id reported: 237531167; UID 1000; state: DISABLED
05-30 18:35:15.396 W/OpenGLRenderer( 1498): Unknown dataspace 0
05-30 18:35:15.399 I/MediaProvider( 1440): Scanned internal due to REASON_MOUNTED, found 0 items in 20ms, 0 inserts 0 updates 0 deletes
05-30 18:35:15.409 W/WindowManager( 694): [addWindow] title:com.dangbei.leard.leradlauncher/com.dangbei.launcher.home.LauncherActivity
05-30 18:35:15.411 D/Zygote ( 465): Forked child process 1823
05-30 18:35:15.412 W/ActivityManager( 694): Slow operation: 128ms so far, now at startProcess: returned from zygote!
05-30 18:35:15.412 W/ActivityManager( 694): Slow operation: 129ms so far, now at startProcess: done updating battery stats
05-30 18:35:15.412 W/ActivityManager( 694): Slow operation: 129ms so far, now at startProcess: building log message
05-30 18:35:15.412 I/ActivityManager( 694): Start proc 1823:com.android.dynsystem/1000 for broadcast {com.android.dynsystem/com.android.dynsystem.BootCompletedReceiver}
05-30 18:35:15.412 W/ActivityManager( 694): Slow operation: 129ms so far, now at startProcess: starting to update pids map
05-30 18:35:15.413 W/ActivityManager( 694): Slow operation: 129ms so far, now at startProcess: done updating pids map
05-30 18:35:15.420 I/Zygote ( 1823): seccomp disabled by setenforce 0
05-30 18:35:15.421 I/Choreographer( 1498): Skipped 65 frames! The application may be doing too much work on its main thread.
05-30 18:35:15.426 I/droid.dynsystem( 1823): Using CollectorTypeCC GC.
05-30 18:35:15.433 E/droid.dynsystem( 1823): Not starting debugger since process cannot load the jdwp agent.
05-30 18:35:15.434 W/efs.send_log( 1728): tryFileLock start!
05-30 18:35:15.437 I/Matrix.AnrTracer( 1728): anrTrace, final mAnrBeatTime:400, mAnrBeatRate:400
05-30 18:35:15.442 D/CompatibilityChangeReporter( 1711): Compat change id reported: 263076149; UID 1000; state: DISABLED
05-30 18:35:15.444 D/xm_audio( 477): socket_thread start
05-30 18:35:15.445 D/xm_audio( 477): create socket g_is_running4
05-30 18:35:15.445 D/xm_audio( 477): create socket g_is_running5
05-30 18:35:15.445 E/xm_audio( 477): socket connect fail fd
05-30 18:35:15.445 E/xm_audio( 477): Error no: 111,Connection refused
05-30 18:35:15.445 E/xm_audio( 477): close cret:0
05-30 18:35:15.446 W/System.err( 1711): java.lang.NoSuchMethodException: android.bluetooth.IBluetooth$Stub$Proxy.getAddress []
05-30 18:35:15.457 W/System.err( 1711): at java.lang.Class.getMethod(Class.java:2937)
05-30 18:35:15.457 W/System.err( 1711): at java.lang.Class.getMethod(Class.java:2449)
05-30 18:35:15.457 W/System.err( 1711): at com.dangbei.statistics.UtilCommon.getBluetoothAddressSdk23(UtilCommon.java:363)
05-30 18:35:15.457 W/System.err( 1711): at com.dangbei.statistics.UtilCommon.getBluetoothAddress(UtilCommon.java:333)
05-30 18:35:15.457 W/System.err( 1711): at com.dangbei.statistics.HttpBasicParamsInterceptor.lambda$create$26(HttpBasicParamsInterceptor.java:105)
05-30 18:35:15.457 W/System.err( 1711): at com.dangbei.statistics.-$$Lambda$HttpBasicParamsInterceptor$rmVfygJIBySIPZc0Bf7cpAPG2bY.call(Unknown Source:0)
05-30 18:35:15.457 W/System.err( 1711): at com.dangbei.statistics.library.Helper.callBackSelf(Helper.java:9)
05-30 18:35:15.457 W/System.err( 1711): at com.dangbei.statistics.HttpBasicParamsInterceptor.create(HttpBasicParamsInterceptor.java:105)
05-30 18:35:15.457 W/System.err( 1711): at com.dangbei.statistics.HttpBasicParamsInterceptor.lambda$init$0(HttpBasicParamsInterceptor.java:40)
05-30 18:35:15.457 W/System.err( 1711): at com.dangbei.statistics.-$$Lambda$HttpBasicParamsInterceptor$wo_01s0EQtjtRA0FDaKTO2uOKHM.accept(Unknown Source:2)
05-30 18:35:15.457 W/System.err( 1711): at io.reactivex.internal.operators.single.SingleDoOnSuccess$DoOnSuccess.onSuccess(SingleDoOnSuccess.java:54)
05-30 18:35:15.457 W/System.err( 1711): at io.reactivex.internal.operators.single.SingleObserveOn$ObserveOnSingleObserver.run(SingleObserveOn.java:81)
05-30 18:35:15.457 W/System.err( 1711): at io.reactivex.Scheduler$DisposeTask.run(Scheduler.java:578)
05-30 18:35:15.457 W/System.err( 1711): at io.reactivex.internal.schedulers.ScheduledRunnable.run(ScheduledRunnable.java:66)
05-30 18:35:15.457 W/System.err( 1711): at io.reactivex.internal.schedulers.ScheduledRunnable.call(ScheduledRunnable.java:57)
05-30 18:35:15.457 W/System.err( 1711): at java.util.concurrent.FutureTask.run(FutureTask.java:264)
05-30 18:35:15.457 W/System.err( 1711): at java.util.concurrent.ScheduledThreadPoolExecutor$ScheduledFutureTask.run(ScheduledThreadPoolExecutor.java:307)
05-30 18:35:15.457 W/System.err( 1711): at java.util.concurrent.ThreadPoolExecutor.runWorker(ThreadPoolExecutor.java:1145)
05-30 18:35:15.457 W/System.err( 1711): at java.util.concurrent.ThreadPoolExecutor$Worker.run(ThreadPoolExecutor.java:644)
05-30 18:35:15.457 W/System.err( 1711): at java.lang.Thread.run(Thread.java:1012)
05-30 18:35:15.460 E/raop ( 1728): *********************AirplayBroadcastServer+++++++++
05-30 18:35:15.461 D/LaunchConfigManager( 1728): check in allready
05-30 18:35:15.461 I/AiuiEngine( 1711): create aiui agent
05-30 18:35:15.461 D/RockyVoice_AiUiDelegate( 1711): 初始化成功
05-30 18:35:15.462 I/UMCrash ( 1728): begin register common callback. key is umid.
05-30 18:35:15.462 D/RockyNetMessageUtil( 1711): initTipsList tipEntity = null isRequestTipSuccess = false
05-30 18:35:15.462 I/libusbconfigfs( 500): monitorFfs signalled error
05-30 18:35:15.463 I/usb.gadget.aidl-service.droidlogic( 500): unvote accessory limit current failed
05-30 18:35:15.463 I/usb.gadget.aidl-service.droidlogic( 500): Usb Gadget setcurrent functions called successfully
05-30 18:35:15.463 E/UsbDeviceManager( 694): Usb setCurrentUsbFunctionsCb failed ,functions:4 ,status:1 ,transactionId:6
05-30 18:35:15.463 I/UsbDeviceManager( 694): notifyCurrentFunction request:1 status:1
05-30 18:35:15.464 I/UtilCommon( 1711): bluetoothMac=1C:79:2D:20:62:B6
05-30 18:35:15.466 D/CompatibilityChangeReporter( 1728): Compat change id reported: 270306772; UID 10044; state: DISABLED
05-30 18:35:15.467 I/LaunchTrace( 1728): begin sendLaunchCache
05-30 18:35:15.468 D/CompatibilityChangeReporter( 1728): Compat change id reported: 235355681; UID 10044; state: DISABLED
05-30 18:35:15.474 D/RockyNetMessageUtil( 1711): initMediaControlPage pageEntity = null isRequestPageControlSuccess = false
05-30 18:35:15.478 I/ActivityManager( 694): Background started FGS: Allowed [callingPackage: com.dangbei.screencast; callingUid: 10044; uidState: FGS ; uidBFSL: [BFSL]; intent: Intent { cmp=com.dangbei.screencast/.huaweicast.service.HuaweiCastService }; code:PROC_STATE_FGS; tempAllowListReason:; targetSdkVersion:28; callerTargetSdkVersion:28; startForegroundCount:0; bindFromPackage:null: isBindService:false]
05-30 18:35:15.485 D/XHttpObservable( 1711): handleRequest: start https://tyapi.qun7.com/v1/voice/getsoundshowmsg ,,, isCache = false
05-30 18:35:15.485 E/H264FrameQueue( 1728): H264FrameQueue: mFullQueueCount:200
05-30 18:35:15.491 D/XHttpObservable( 1711): handleRequest: start https://tyapi.qun7.com/v1/voice/getResponseControlPage ,,, isCache = false
05-30 18:35:15.491 W/SQLiteLog( 1498): (28) double-quoted string literal: "1748601283456"
05-30 18:35:15.491 W/SQLiteLog( 1498): (28) double-quoted string literal: "A88C5B69C3555B88E7810508B431FE80"
05-30 18:35:15.493 D/CoreBackPreview( 694): Window{3668bea u0 com.dangbei.leard.leradlauncher/com.dangbei.launcher.home.LauncherActivity}: Setting back callback OnBackInvokedCallbackInfo{mCallback=android.window.IOnBackInvokedCallback$Stub$Proxy@131c39a, mPriority=0, mIsAnimationCallback=false}
05-30 18:35:15.494 I/mali ( 1498): Successfully parsed 1 environment variable(s) from /vendor/etc/mali_platform.config.
05-30 18:35:15.495 I/mali ( 1498): Successfully parsed 1 environment variable(s) from /vendor/etc/mali_platform.config.
05-30 18:35:15.499 W/System.err( 1728): java.lang.NullPointerException: Attempt to invoke virtual method 'byte[] java.net.NetworkInterface.getHardwareAddress()' on a null object reference
05-30 18:35:15.499 W/System.err( 1728): at b.f.f.y.g.b(Unknown Source:11)
05-30 18:35:15.499 W/System.err( 1728): at b.d.a.a.p.c0(Unknown Source:2)
05-30 18:35:15.499 W/System.err( 1728): at com.dangbei.screencast.startup.StartupService.onCreate(:5)
05-30 18:35:15.499 W/System.err( 1728): at android.app.ActivityThread.handleCreateService(ActivityThread.java:4696)
05-30 18:35:15.499 W/System.err( 1728): at android.app.ActivityThread.-$$Nest$mhandleCreateService(Unknown Source:0)
05-30 18:35:15.499 W/System.err( 1728): at android.app.ActivityThread$H.handleMessage(ActivityThread.java:2293)
05-30 18:35:15.499 W/System.err( 1728): at android.os.Handler.dispatchMessage(Handler.java:106)
05-30 18:35:15.499 W/System.err( 1728): at android.os.Looper.loopOnce(Looper.java:205)
05-30 18:35:15.499 W/System.err( 1728): at android.os.Looper.loop(Looper.java:294)
05-30 18:35:15.499 W/System.err( 1728): at android.app.ActivityThread.main(ActivityThread.java:8255)
05-30 18:35:15.499 W/System.err( 1728): at java.lang.reflect.Method.invoke(Native Method)
05-30 18:35:15.499 W/System.err( 1728): at com.android.internal.os.RuntimeInit$MethodAndArgsCaller.run(RuntimeInit.java:552)
05-30 18:35:15.499 W/System.err( 1728): at com.android.internal.os.ZygoteInit.main(ZygoteInit.java:978)
05-30 18:35:15.509 D/CompatibilityChangeReporter( 694): Compat change id reported: 168419799; UID 1000; state: DISABLED
05-30 18:35:15.509 D/CompatibilityChangeReporter( 694): Compat change id reported: 273564678; UID 1000; state: DISABLED
05-30 18:35:15.519 W/SQLiteLog( 1498): (28) double-quoted string literal: "1748601283456"
05-30 18:35:15.519 W/SQLiteLog( 1498): (28) double-quoted string literal: "0"
05-30 18:35:15.519 W/SQLiteLog( 1498): (28) double-quoted string literal: ""
05-30 18:35:15.519 W/SQLiteLog( 1498): (28) double-quoted string literal: ""
05-30 18:35:15.519 W/SQLiteLog( 1498): (28) double-quoted string literal: "A88C5B69C3555B88E7810508B431FE80"
05-30 18:35:15.522 W/System.err( 1711): java.net.UnknownHostException: Unable to resolve host "tyapi.qun7.com": No address associated with hostname
05-30 18:35:15.522 W/System.err( 1711): at java.net.Inet6AddressImpl.lookupHostByName(Inet6AddressImpl.java:156)
05-30 18:35:15.522 W/System.err( 1711): at java.net.Inet6AddressImpl.lookupAllHostAddr(Inet6AddressImpl.java:103)
05-30 18:35:15.522 W/System.err( 1711): at java.net.InetAddress.getAllByName(InetAddress.java:1152)
05-30 18:35:15.523 W/System.err( 1711): at com.android.okhttp.Dns$1.lookup(Dns.java:41)
05-30 18:35:15.523 W/System.err( 1711): at com.android.okhttp.internal.http.RouteSelector.resetNextInetSocketAddress(RouteSelector.java:178)
05-30 18:35:15.523 W/System.err( 1711): at com.android.okhttp.internal.http.RouteSelector.nextProxy(RouteSelector.java:144)
05-30 18:35:15.523 W/System.err( 1711): at com.android.okhttp.internal.http.RouteSelector.next(RouteSelector.java:86)
05-30 18:35:15.523 W/System.err( 1711): at com.android.okhttp.internal.http.StreamAllocation.findConnection(StreamAllocation.java:176)
05-30 18:35:15.523 W/System.err( 1711): at com.android.okhttp.internal.http.StreamAllocation.findHealthyConnection(StreamAllocation.java:128)
05-30 18:35:15.523 W/System.err( 1711): at com.android.okhttp.internal.http.StreamAllocation.newStream(StreamAllocation.java:97)
05-30 18:35:15.523 W/System.err( 1711): at com.android.okhttp.internal.http.HttpEngine.connect(HttpEngine.java:289)
05-30 18:35:15.523 W/System.err( 1711): at com.android.okhttp.internal.http.HttpEngine.sendRequest(HttpEngine.java:232)
05-30 18:35:15.523 W/System.err( 1711): at com.android.okhttp.internal.huc.HttpURLConnectionImpl.execute(HttpURLConnectionImpl.java:465)
05-30 18:35:15.523 W/System.err( 1711): at com.android.okhttp.internal.huc.HttpURLConnectionImpl.getResponse(HttpURLConnectionImpl.java:411)
05-30 18:35:15.523 W/System.err( 1711): at com.android.okhttp.internal.huc.HttpURLConnectionImpl.getResponseCode(HttpURLConnectionImpl.java:542)
05-30 18:35:15.523 W/System.err( 1711): at com.dangbei.statistics.UtilCommon.networkGetIp(UtilCommon.java:826)
05-30 18:35:15.523 W/System.err( 1711): at com.dangbei.statistics.UtilCommon$1.accept(UtilCommon.java:807)
05-30 18:35:15.523 W/System.err( 1711): at com.dangbei.statistics.UtilCommon$1.accept(UtilCommon.java:803)
05-30 18:35:15.523 W/System.err( 1711): at io.reactivex.internal.operators.observable.ObservableDoOnEach$DoOnEachObserver.onNext(ObservableDoOnEach.java:93)
05-30 18:35:15.523 W/System.err( 1711): at io.reactivex.internal.operators.observable.ObservableObserveOn$ObserveOnObserver.drainNormal(ObservableObserveOn.java:201)
05-30 18:35:15.523 W/System.err( 1711): at io.reactivex.internal.operators.observable.ObservableObserveOn$ObserveOnObserver.run(ObservableObserveOn.java:255)
05-30 18:35:15.523 W/System.err( 1711): at io.reactivex.internal.schedulers.ScheduledRunnable.run(ScheduledRunnable.java:66)
05-30 18:35:15.523 W/System.err( 1711): at io.reactivex.internal.schedulers.ScheduledRunnable.call(ScheduledRunnable.java:57)
05-30 18:35:15.523 W/System.err( 1711): at java.util.concurrent.FutureTask.run(FutureTask.java:264)
05-30 18:35:15.523 W/System.err( 1711): at java.util.concurrent.ScheduledThreadPoolExecutor$ScheduledFutureTask.run(ScheduledThreadPoolExecutor.java:307)
05-30 18:35:15.523 W/System.err( 1711): at java.util.concurrent.ThreadPoolExecutor.runWorker(ThreadPoolExecutor.java:1145)
05-30 18:35:15.523 W/System.err( 1711): at java.util.concurrent.ThreadPoolExecutor$Worker.run(ThreadPoolExecutor.java:644)
05-30 18:35:15.523 W/System.err( 1711): at java.lang.Thread.run(Thread.java:1012)
05-30 18:35:15.523 W/System.err( 1711): Caused by: android.system.GaiException: android_getaddrinfo failed: EAI_NODATA (No address associated with hostname)
05-30 18:35:15.523 W/System.err( 1711): at libcore.io.Linux.android_getaddrinfo(Native Method)
05-30 18:35:15.523 W/System.err( 1711): at libcore.io.ForwardingOs.android_getaddrinfo(ForwardingOs.java:133)
05-30 18:35:15.523 W/System.err( 1711): at libcore.io.BlockGuardOs.android_getaddrinfo(BlockGuardOs.java:222)
05-30 18:35:15.523 W/System.err( 1711): at libcore.io.ForwardingOs.android_getaddrinfo(ForwardingOs.java:133)
05-30 18:35:15.523 W/System.err( 1711): at java.net.Inet6AddressImpl.lookupHostByName(Inet6AddressImpl.java:135)
05-30 18:35:15.523 W/System.err( 1711): ... 27 more
05-30 18:35:15.532 E/hq ( 1498): ErrorCoroutineExceptionHandler:::runTry error:java.net.UnknownHostException: Unable to resolve host "ottdbui-tyapiqun7.yysh.mgtv.com": No address associated with hostname from=requestAppBarData_loadData
05-30 18:35:15.532 D/CompatibilityChangeReporter( 1823): Compat change id reported: 171979766; UID 1000; state: ENABLED
05-30 18:35:15.532 D/CompatibilityChangeReporter( 1823): Compat change id reported: 242716250; UID 1000; state: ENABLED
05-30 18:35:15.541 I/ThermalService( 963): CPU temperatures: [58.600002]
05-30 18:35:15.549 E/HuaweiCastService( 1728): onCreate called().
05-30 18:35:15.551 I/hwservicemanager( 234): getTransport: Cannot find entry android.hardware.configstore@1.0::ISurfaceFlingerConfigs/default in either framework or device VINTF manifest.
05-30 18:35:15.557 I/efs.base( 1728): lt=event`ev_ct=efs_core`ev_ac=pvuv`tm=2025-05-30 18:35:44`dn=6aee369d-97d5-42b8-aaef-4ff281a087ea`ps=com.dangbei.screencast`um_os=android`stime=1748601315187`pid=1728`fr=android`pkg=com.dangbei.screencast`vcode=20830`dsp_w=1920`uid=6aee369d-97d5-42b8-aaef-4ff281a087ea`rom=14`wid=6aee369d-97d5-42b8-aaef-4ff281a087ea`um_app_carrier=`um_access=unknow`um_app_channel=os`um_crash_sdk_version=1.4.0`ctime=1748601315`model=dbbox-a3`lang=zh`net=disconnected`brand=amlogic`dsp_h=1080`um_network_type=0`ver=v2.8.3`build_model=DBBOX-A3`w_tm=1748601315`appid=5fc60c21094d637f3130af19`um_umid_header=null`sdk=34`tzone=Asia/Shanghai`sdk_ver=1.3.6.umeng
05-30 18:35:15.560 E/StartupService( 1728): onFailure: java.net.UnknownHostException: Unable to resolve host "tyapi.qun7.com": No address associated with hostname
05-30 18:35:15.564 I/MediaProvider( 1440): Scanned internal due to REASON_MOUNTED, found 10 items in 164ms, 0 inserts 0 updates 0 deletes
05-30 18:35:15.567 E/PlayerClient( 1728): registerCallback com.dangbei.screencast.huaweicast.service.HuaweiCastService$a@a561d
05-30 18:35:15.567 D/PlayerClient( 1728): registerCallback true
05-30 18:35:15.567 D/PlayerClient( 1728): init.
05-30 18:35:15.569 W/KIT_FWK_a( 1728): KitFwk is not installed, pls do not use related interfaces.
05-30 18:35:15.570 W/KIT_FWK_a( 1728): KitFwk is not installed, pls do not use related interfaces.
05-30 18:35:15.570 E/PlayerClient( 1728): bind player service by aar.
05-30 18:35:15.571 W/SoundPool( 1711): Use of stream types is deprecated for operations other than volume control
05-30 18:35:15.571 W/SoundPool( 1711): See the documentation of SoundPool() for what to use instead with android.media.AudioAttributes to qualify your playback use case
05-30 18:35:15.572 D/CompatibilityChangeReporter( 694): Compat change id reported: 261072174; UID 10044; state: DISABLED
05-30 18:35:15.578 I/efs.config( 1728): --->>> 删除旧的配置文件 false
05-30 18:35:15.578 W/efs.send_log( 1728): tryFileLock sendlock sucess! processname: com.dangbei.screencast
05-30 18:35:15.579 D/RockyVoice( 1711): RestartReceiver onReceive
05-30 18:35:15.583 D/PlayerClient( 1728): bind player sink service true
05-30 18:35:15.585 W/ActivityManager( 694): Foreground service started from background can not have location/camera/microphone access: service com.dangbei.screencast/.huaweicast.service.HuaweiCastService
05-30 18:35:15.585 W/ContextImpl( 694): Calling a method in the system process without a qualified user: android.app.ContextImpl.startService:1899 com.android.server.wm.DisplayPolicy.lambda$focusChangedLw$5:2126 com.android.server.wm.DisplayPolicy.$r8$lambda$Znxk63oh-WzVnzo_WQefN7uxV48:0 com.android.server.wm.DisplayPolicy$$ExternalSyntheticLambda13.run:0 android.os.Handler.handleCallback:958
05-30 18:35:15.585 W/ForegroundServiceTypeLoggerModule( 694): Foreground service start for UID: 10044 does not have any types
05-30 18:35:15.590 W/SQLiteLog( 1498): (28) double-quoted string literal: "19AE8FC96AFB144E6605FF91B48F268B"
05-30 18:35:15.590 W/SQLiteLog( 1498): (28) double-quoted string literal: ""
05-30 18:35:15.591 E/HuaweiCastService( 1728): startForeground!
05-30 18:35:15.593 I/MesonDisplay( 289): [/mode_policy.c, meson_mode_set_policy, 1177] connector:0 to policy:0
05-30 18:35:15.593 I/MesonDisplay( 289): [/mode_policy.c, is_dv_prefer, 66] not prefer dv, hdr_priority:10000010
05-30 18:35:15.593 I/MesonDisplay( 289): [/mode_policy.c, is_dv_prefer, 66] not prefer dv, hdr_priority:10000010
05-30 18:35:15.593 I/MesonDisplay( 289): [/mode_policy.c, hdr_scene_process, 724] policy:0 is_bestcolorspace:1 state:0
05-30 18:35:15.593 I/MesonDisplay( 289): [/mode_policy_parser.c, is_support_hdmimode, 110] is_support_hdmimode mode: 2160p60hz
05-30 18:35:15.593 I/MesonDisplay( 289): [/mode_policy_parser.c, is_support_hdmimode, 110] is_support_hdmimode mode: 2160p60hz
05-30 18:35:15.593 D/MesonDisplay( 289): meson_write /sys/class/amhdmitx/amhdmitx0/valid_mode, outputmode:2160p60hz420,10bit
05-30 18:35:15.594 D/MesonDisplay( 289): valid mode is true!
05-30 18:35:15.594 I/MesonDisplay( 289): [/mode_policy.c, is_support_4kHDR, 499] is_support_4kHDR mode:[420,10bit], deep color:[2160p60hz]
05-30 18:35:15.594 I/MesonDisplay( 289): [/mode_policy.c, meson_mode_get_policy_output, 1289] final_displaymode:2160p60hz, final_deepcolor:420,10bit, amdv_type:0
05-30 18:35:15.594 I/MesonDisplay( 289): [/mode_policy.c, meson_mode_set_policy, 1177] connector:0 to policy:0
05-30 18:35:15.595 D/aaa ( 1501): LedStatusService onStartCommand begin
05-30 18:35:15.595 E/HuaweiCastService( 1728): onStartCommand in 0
05-30 18:35:15.596 E/OpenGLRenderer( 1498): Unable to match the desired swap behavior.
05-30 18:35:15.597 D/aaa ( 1501): topPkg is -------------- :com.dangbei.leard.leradlauncher
05-30 18:35:15.601 I/WifiService( 694): acquireMulticastLock uid=10044
05-30 18:35:15.605 D/RockyReceiver( 1711): action: android.net.wifi.WIFI_STATE_CHANGED
05-30 18:35:15.606 I/WifiService( 694): acquireMulticastLock uid=10044
05-30 18:35:15.610 W/SQLiteLog( 1498): (28) double-quoted string literal: "19AE8FC96AFB144E6605FF91B48F268B"
05-30 18:35:15.610 W/SQLiteLog( 1498): (28) double-quoted string literal: "-1"
05-30 18:35:15.612 D/WifiNl80211Manager( 694): Scan result ready event
05-30 18:35:15.612 D/WifiNative( 694): Scan result ready event
05-30 18:35:15.616 D/MobclickAgent( 1498): 创建新会话: 19AE8FC96AFB144E6605FF91B48F268B
05-30 18:35:15.622 D/nativeloader( 1823): Configuring clns-shared-4 for other apk /system/priv-app/DynamicSystemInstallationService/DynamicSystemInstallationService.apk. target_sdk_version=34, uses_libraries=, library_path=/system/priv-app/DynamicSystemInstallationService/lib/arm:/system/priv-app/DynamicSystemInstallationService/DynamicSystemInstallationService.apk!/lib/armeabi-v7a:/system/lib:/system_ext/lib, permitted_path=/data:/mnt/expand:/data/user/0/com.android.dynsystem:/system/priv-app/DynamicSystemInstallationService:/system/lib:/system_ext/lib
05-30 18:35:15.628 W/System.err( 1498): java.net.UnknownHostException: Unable to resolve host "utoken.umeng.com": No address associated with hostname
05-30 18:35:15.629 W/System.err( 1498): at java.net.Inet6AddressImpl.lookupHostByName(Inet6AddressImpl.java:156)
05-30 18:35:15.629 W/System.err( 1498): at java.net.Inet6AddressImpl.lookupAllHostAddr(Inet6AddressImpl.java:103)
05-30 18:35:15.629 W/System.err( 1498): at java.net.InetAddress.getAllByName(InetAddress.java:1152)
05-30 18:35:15.629 W/System.err( 1498): at com.android.okhttp.Dns$1.lookup(Dns.java:41)
05-30 18:35:15.629 W/System.err( 1498): at com.android.okhttp.internal.http.RouteSelector.resetNextInetSocketAddress(RouteSelector.java:178)
05-30 18:35:15.629 W/System.err( 1498): at com.android.okhttp.internal.http.RouteSelector.nextProxy(RouteSelector.java:144)
05-30 18:35:15.629 W/System.err( 1498): at com.android.okhttp.internal.http.RouteSelector.next(RouteSelector.java:86)
05-30 18:35:15.629 W/System.err( 1498): at com.android.okhttp.internal.http.StreamAllocation.findConnection(StreamAllocation.java:176)
05-30 18:35:15.629 W/System.err( 1498): at com.android.okhttp.internal.http.StreamAllocation.findHealthyConnection(StreamAllocation.java:128)
05-30 18:35:15.629 W/System.err( 1498): at com.android.okhttp.internal.http.StreamAllocation.newStream(StreamAllocation.java:97)
05-30 18:35:15.629 W/System.err( 1498): at com.android.okhttp.internal.http.HttpEngine.connect(HttpEngine.java:289)
05-30 18:35:15.629 W/System.err( 1498): at com.android.okhttp.internal.http.HttpEngine.sendRequest(HttpEngine.java:232)
05-30 18:35:15.629 W/System.err( 1498): at com.android.okhttp.internal.huc.HttpURLConnectionImpl.execute(HttpURLConnectionImpl.java:465)
05-30 18:35:15.629 W/System.err( 1498): at com.android.okhttp.internal.huc.HttpURLConnectionImpl.connect(HttpURLConnectionImpl.java:131)
05-30 18:35:15.629 W/System.err( 1498): at com.android.okhttp.internal.huc.HttpURLConnectionImpl.getOutputStream(HttpURLConnectionImpl.java:262)
05-30 18:35:15.629 W/System.err( 1498): at com.android.okhttp.internal.huc.DelegatingHttpsURLConnection.getOutputStream(DelegatingHttpsURLConnection.java:219)
05-30 18:35:15.629 W/System.err( 1498): at com.android.okhttp.internal.huc.HttpsURLConnectionImpl.getOutputStream(HttpsURLConnectionImpl.java:30)
05-30 18:35:15.629 W/System.err( 1498): at com.umeng.umzid.a.a(SourceFile:80)
05-30 18:35:15.629 W/System.err( 1498): at com.umeng.umzid.ZIDManager.b(SourceFile:298)
05-30 18:35:15.629 W/System.err( 1498): at com.umeng.umzid.ZIDManager$b.run(Unknown Source:4)
05-30 18:35:15.629 W/System.err( 1498): at java.util.concurrent.Executors$RunnableAdapter.call(Executors.java:487)
05-30 18:35:15.629 W/System.err( 1498): at java.util.concurrent.FutureTask.run(FutureTask.java:264)
05-30 18:35:15.629 W/System.err( 1498): at java.util.concurrent.ScheduledThreadPoolExecutor$ScheduledFutureTask.run(ScheduledThreadPoolExecutor.java:307)
05-30 18:35:15.629 W/System.err( 1498): at java.util.concurrent.ThreadPoolExecutor.runWorker(ThreadPoolExecutor.java:1145)
05-30 18:35:15.629 W/System.err( 1498): at java.util.concurrent.ThreadPoolExecutor$Worker.run(ThreadPoolExecutor.java:644)
05-30 18:35:15.629 W/System.err( 1498): at java.lang.Thread.run(Thread.java:1012)
05-30 18:35:15.629 W/System.err( 1498): Caused by: android.system.GaiException: android_getaddrinfo failed: EAI_NODATA (No address associated with hostname)
05-30 18:35:15.629 W/System.err( 1498): at libcore.io.Linux.android_getaddrinfo(Native Method)
05-30 18:35:15.629 W/System.err( 1498): at libcore.io.ForwardingOs.android_getaddrinfo(ForwardingOs.java:133)
05-30 18:35:15.629 W/System.err( 1498): at libcore.io.BlockGuardOs.android_getaddrinfo(BlockGuardOs.java:222)
05-30 18:35:15.629 W/System.err( 1498): at libcore.io.ForwardingOs.android_getaddrinfo(ForwardingOs.java:133)
05-30 18:35:15.629 W/System.err( 1498): at java.net.Inet6AddressImpl.lookupHostByName(Inet6AddressImpl.java:135)
05-30 18:35:15.629 W/System.err( 1498): ... 25 more
05-30 18:35:15.655 D/HiSight-SinkService( 1728): onCreate.
05-30 18:35:15.663 V/GraphicsEnvironment( 1823): Currently set values for:
05-30 18:35:15.663 D/HiSight-ConnectionManager( 1728): start ConnectionManager
05-30 18:35:15.663 V/GraphicsEnvironment( 1823): angle_gl_driver_selection_pkgs=[]
05-30 18:35:15.663 V/GraphicsEnvironment( 1823): angle_gl_driver_selection_values=[]
05-30 18:35:15.665 D/HiSight-SinkService( 1728): onBind.
05-30 18:35:15.666 V/GraphicsEnvironment( 1823): ANGLE GameManagerService for com.android.dynsystem: false
05-30 18:35:15.666 V/GraphicsEnvironment( 1823): com.android.dynsystem is not listed in per-application setting
05-30 18:35:15.667 V/GraphicsEnvironment( 1823): Neither updatable production driver nor prerelease driver is supported.
05-30 18:35:15.668 D/PlayerClient( 1728): service connected.
05-30 18:35:15.668 D/HiSight-SinkService( 1728): ITaskBinder registerCallback: true
05-30 18:35:15.668 D/HiSight-HiSightManager( 1728): ITaskBinder registerCallback.
05-30 18:35:15.668 D/HiSight-CallbackManager( 1728): addNewCallback. com.dangbei.screencast.huaweicast.service.HuaweiCastService$a@a561d
05-30 18:35:15.668 E/HuaweiCastService( 1728): eventId: 4001
05-30 18:35:15.669 E/HuaweiCastService( 1728): mPlayerClient is null.
05-30 18:35:15.669 D/HiSight-HiSightManager( 1728): check capability vbr range not setting, using default value
05-30 18:35:15.669 E/HuaweiCastService( 1728): mPlayerClient is null.
05-30 18:35:15.670 D/HiSight-SinkService( 1728): setAuthMode
05-30 18:35:15.670 W/HiSight-ConnectionManager( 1728): mSinkId is empty
05-30 18:35:15.674 I/ActivityManager( 694): com.android.managedprovisioning is exempt from freezer
05-30 18:35:15.675 D/CompatibilityChangeReporter( 694): Compat change id reported: 135634846; UID 10021; state: DISABLED
05-30 18:35:15.675 D/CompatibilityChangeReporter( 694): Compat change id reported: 177438394; UID 10021; state: DISABLED
05-30 18:35:15.675 D/CompatibilityChangeReporter( 694): Compat change id reported: 135772972; UID 10021; state: DISABLED
05-30 18:35:15.676 D/CompatibilityChangeReporter( 694): Compat change id reported: 135754954; UID 10021; state: ENABLED
05-30 18:35:15.677 D/CompatibilityChangeReporter( 694): Compat change id reported: 143937733; UID 10021; state: ENABLED
05-30 18:35:15.692 I/ActivityManager( 694): com.android.dynsystem is exempt from freezer
05-30 18:35:15.693 D/CompatibilityChangeReporter( 694): Compat change id reported: 135634846; UID 1000; state: DISABLED
05-30 18:35:15.702 E/xxxxxxxxxxxxxxx( 1498): onReceive:mIsHDMIPlugged = true
05-30 18:35:15.702 E/hq ( 1498): USBReceiver:::USBReceiver onReceive: action=android.intent.action.MEDIA_MOUNTED
05-30 18:35:15.706 D/wenhc ( 1498): getScreenInfo uri = content://com.dangbei.screencast.parts.info/screen_cast
05-30 18:35:15.721 I/OpenGLRenderer( 1498): Davey! duration=1377ms; Flags=1, FrameTimelineVsyncId=942, IntendedVsync=24358944327, Vsync=25443357852, InputEventId=0, HandleInputStart=25450655344, AnimationStart=25450657552, PerformTraversalsStart=25450756261, DrawStart=25625419469, FrameDeadline=24377627660, FrameInterval=25450074844, FrameStartTime=16683285, SyncQueued=25625944886, SyncStart=25626062802, IssueDrawCommandsStart=25641322761, SwapBuffers=25727488427, FrameCompleted=25736435511, DequeueBufferDuration=20279709, QueueBufferDuration=607792, GpuCompleted=25736435511, SwapBuffersCompleted=25729308094, DisplayPresentTime=0, CommandSubmissionCompleted=25727488427,
05-30 18:35:15.725 V/WindowManagerShell( 949): onTransitionReady android.os.BinderProxy@50d4d39: {id=1 t=CLOSE f=0x0 trk=0 r=[0@Point(0, 0)] c=[{WCT{android.window.IWindowContainerToken$Stub$Proxy@94997fb} m=OPEN f=MOVE_TO_TOP leash=Surface(name=Task=28)/@0x2f69d2c sb=Rect(0, 0 - 1920, 1080) eb=Rect(0, 0 - 1920, 1080) d=0},{WCT{android.window.IWindowContainerToken$Stub$Proxy@7c66018} m=CLOSE f=SHOW_WALLPAPER leash=Surface(name=Task=3)/@0x2ec83f5 sb=Rect(0, 0 - 1920, 1080) eb=Rect(0, 0 - 1920, 1080) d=0}]}
05-30 18:35:15.726 V/WindowManagerShell( 949): Playing animation for (#1)android.os.BinderProxy@50d4d39@0
05-30 18:35:15.726 V/WindowManagerShell( 949): try handler com.android.wm.shell.keyguard.KeyguardTransitionHandler@b4e6a71
05-30 18:35:15.726 V/WindowManagerShell( 949): try handler com.android.wm.shell.pip.tv.TvPipTransition@937f056
05-30 18:35:15.726 V/WindowManagerShell( 949): try handler com.android.wm.shell.activityembedding.ActivityEmbeddingController@8fb8d7
05-30 18:35:15.726 V/WindowManagerShell( 949): try handler com.android.wm.shell.transition.RemoteTransitionHandler@4cd65c4
05-30 18:35:15.726 V/WindowManagerShell( 949): Transition doesn't have explicit remote, search filters for match for {id=1 t=CLOSE f=0x0 trk=0 r=[0@Point(0, 0)] c=[{WCT{android.window.IWindowContainerToken$Stub$Proxy@94997fb} m=OPEN f=MOVE_TO_TOP leash=Surface(name=Task=28)/@0x2f69d2c sb=Rect(0, 0 - 1920, 1080) eb=Rect(0, 0 - 1920, 1080) d=0},{WCT{android.window.IWindowContainerToken$Stub$Proxy@7c66018} m=CLOSE f=SHOW_WALLPAPER leash=Surface(name=Task=3)/@0x2ec83f5 sb=Rect(0, 0 - 1920, 1080) eb=Rect(0, 0 - 1920, 1080) d=0}]}
05-30 18:35:15.726 V/WindowManagerShell( 949): Delegate animation for #1 to null
05-30 18:35:15.727 V/WindowManagerShell( 949): try handler com.android.wm.shell.transition.DefaultTransitionHandler@a0e3cad
05-30 18:35:15.727 V/WindowManagerShell( 949): start default transition animation, info = {id=1 t=CLOSE f=0x0 trk=0 r=[0@Point(0, 0)] c=[{WCT{android.window.IWindowContainerToken$Stub$Proxy@94997fb} m=OPEN f=MOVE_TO_TOP leash=Surface(name=Task=28)/@0x2f69d2c sb=Rect(0, 0 - 1920, 1080) eb=Rect(0, 0 - 1920, 1080) d=0},{WCT{android.window.IWindowContainerToken$Stub$Proxy@7c66018} m=CLOSE f=SHOW_WALLPAPER leash=Surface(name=Task=3)/@0x2ec83f5 sb=Rect(0, 0 - 1920, 1080) eb=Rect(0, 0 - 1920, 1080) d=0}]}
05-30 18:35:15.729 V/WindowManagerShell( 949): loadAnimation: anim=android.view.animation.AlphaAnimation@37ef6a9 animAttr=0x13 type=CLOSE isEntrance=false
05-30 18:35:15.731 V/WindowManagerShell( 949): loadAnimation: anim=android.view.animation.AlphaAnimation@c42ebcf animAttr=0x12 type=CLOSE isEntrance=true
05-30 18:35:15.732 V/WindowManagerShell( 949): animated by com.android.wm.shell.transition.DefaultTransitionHandler@a0e3cad
05-30 18:35:15.739 I/ActivityTaskManager( 694): Displayed com.dangbei.leard.leradlauncher/com.dangbei.launcher.home.LauncherActivity for user 0: +2s235ms
05-30 18:35:15.741 V/WindowManager( 694): Sent Transition #1 createdAt=05-30 18:35:13.445 via request=TransitionRequestInfo { type = 2, triggerTask = TaskInfo{userId=0 taskId=3 displayId=0 isRunning=false baseIntent=Intent { act=android.intent.action.MAIN cat=[android.intent.category.HOME] flg=0x10800100 cmp=com.android.tv.settings/.system.FallbackHome } baseActivity=null topActivity=null origActivity=null realActivity=ComponentInfo{com.android.tv.settings/com.android.tv.settings.system.FallbackHome} numActivities=0 lastActiveTime=22521 supportsMultiWindow=true resizeMode=0 isResizeable=false minWidth=-1 minHeight=-1 defaultMinSize=220 token=WCT{RemoteToken{7f33807 Task{b6beb36 #3 type=home A=1000:com.android.tv.settings}}} topActivityType=2 pictureInPictureParams=null shouldDockBigOverlays=false launchIntoPipHostTaskId=-1 lastParentTaskIdBeforePip=-1 displayCutoutSafeInsets=null topActivityInfo=null launchCookies=[] positionInParent=Point(0, 0) parentTaskId=-1 isFocused=true isVisible=true isVisibleRequested=true isSleeping=false topActivityInSizeCompat=false topActivityEligibleForLetterboxEducation= false isLetterboxDoubleTapEnabled= false topActivityEligibleForUserAspectRatioButton= false topActivityBoundsLetterboxed= false isFromLetterboxDoubleTap= false topActivityLetterboxVerticalPosition= -1 topActivityLetterboxHorizontalPosition= -1 topActivityLetterboxWidth=-1 topActivityLetterboxHeight=-1 isUserFullscreenOverrideEnabled=false isTopActivityTransparent=false locusId=null displayAreaFeatureId=1 cameraCompatControlState=hidden}, remoteTransition = null, displayChange = null, flags = 0 }
05-30 18:35:15.741 V/WindowManager( 694): startWCT=WindowContainerTransaction { changes = {} hops = [] errorCallbackToken=null taskFragmentOrganizer=null }
05-30 18:35:15.742 V/WindowManager( 694): info={id=1 t=CLOSE f=0x0 trk=0 r=[0@Point(0, 0)] c=[{WCT{RemoteToken{a0b2d34 Task{867e65c #28 type=home A=1000:com.dangbei.leard.leradlauncher}}} m=OPEN f=MOVE_TO_TOP leash=Surface(name=Task=28)/@0xf299088 sb=Rect(0, 0 - 1920, 1080) eb=Rect(0, 0 - 1920, 1080) d=0},{WCT{RemoteToken{7f33807 Task{b6beb36 #3 type=home A=1000:com.android.tv.settings}}} m=CLOSE f=SHOW_WALLPAPER leash=Surface(name=Task=3)/@0x1d2842b sb=Rect(0, 0 - 1920, 1080) eb=Rect(0, 0 - 1920, 1080) d=0}]}
05-30 18:35:15.742 D/Zygote ( 465): Forked child process 1889
05-30 18:35:15.743 W/ActivityManager( 694): Slow operation: 68ms so far, now at startProcess: returned from zygote!
05-30 18:35:15.752 W/ActivityManager( 694): Slow operation: 78ms so far, now at startProcess: done updating battery stats
05-30 18:35:15.752 W/ActivityManager( 694): Slow operation: 78ms so far, now at startProcess: building log message
05-30 18:35:15.752 I/ActivityManager( 694): Start proc 1889:com.android.managedprovisioning/u0a21 for broadcast {com.android.managedprovisioning/com.android.managedprovisioning.BootReminder}
05-30 18:35:15.752 W/ActivityManager( 694): Slow operation: 78ms so far, now at startProcess: starting to update pids map
05-30 18:35:15.753 W/ActivityManager( 694): Slow operation: 78ms so far, now at startProcess: done updating pids map
05-30 18:35:15.753 W/ActivityManager( 694): Slow operation: 62ms so far, now at startProcess: asking zygote to start proc
05-30 18:35:15.756 I/Zygote ( 1889): seccomp disabled by setenforce 0
05-30 18:35:15.762 I/gedprovisioning( 1889): Using CollectorTypeCC GC.
05-30 18:35:15.771 D/View ( 1498):
05-30 18:35:15.777 E/gedprovisioning( 1889): Not starting debugger since process cannot load the jdwp agent.
05-30 18:35:15.785 D/View ( 1498):
05-30 18:35:15.786 D/View ( 1498):
05-30 18:35:15.790 D/View ( 1498):
05-30 18:35:15.791 D/View ( 1498):
05-30 18:35:15.792 D/View ( 1498):
05-30 18:35:15.792 D/View ( 1498):
05-30 18:35:15.793 D/CompatibilityChangeReporter( 694): Compat change id reported: 214016041; UID 1000; state: DISABLED
05-30 18:35:15.793 D/CompatibilityChangeReporter( 694): Compat change id reported: 214016041; UID 1000; state: ENABLED
05-30 18:35:15.793 D/View ( 1498):
05-30 18:35:15.793 D/View ( 1498):
05-30 18:35:15.794 D/View ( 1498):
05-30 18:35:15.794 I/ImeTracker( 694): com.dangbei.leard.leradlauncher:6a5467d0: onRequestHide at ORIGIN_SERVER_HIDE_INPUT reason HIDE_UNSPECIFIED_WINDOW
05-30 18:35:15.794 I/ImeTracker( 694): com.dangbei.leard.leradlauncher:6a5467d0: onCancelled at PHASE_SERVER_SHOULD_HIDE
05-30 18:35:15.796 D/View ( 1498):
05-30 18:35:15.797 D/View ( 1498):
05-30 18:35:15.798 D/View ( 1498):
05-30 18:35:15.801 D/CompatibilityChangeReporter( 694): Compat change id reported: 265195908; UID 10021; state: ENABLED
05-30 18:35:15.802 I/DefaultIMS( 1463): onStartInput attribute=android.view.inputmethod.EditorInfo@1ff13be restarting=false inputType: 0
05-30 18:35:15.815 D/Zygote ( 465): Forked child process 1916
05-30 18:35:15.815 W/ActivityManager( 694): Slow operation: 124ms so far, now at startProcess: returned from zygote!
05-30 18:35:15.816 W/ActivityManager( 694): Slow operation: 125ms so far, now at startProcess: done updating battery stats
05-30 18:35:15.816 W/ActivityManager( 694): Slow operation: 125ms so far, now at startProcess: building log message
05-30 18:35:15.816 I/ActivityManager( 694): Start proc 1916:com.android.dynsystem:dynsystem/1000 for service {com.android.dynsystem/com.android.dynsystem.DynamicSystemInstallationService}
05-30 18:35:15.816 W/ActivityManager( 694): Slow operation: 125ms so far, now at startProcess: starting to update pids map
05-30 18:35:15.816 W/ActivityManager( 694): Slow operation: 125ms so far, now at startProcess: done updating pids map
05-30 18:35:15.822 I/efs.config( 1728): current config version (-1) is older than another (1735614866)
05-30 18:35:15.823 I/efs.config( 1728): load config from storage and notify observer
05-30 18:35:15.825 D/View ( 1498):
05-30 18:35:15.825 D/View ( 1498):
05-30 18:35:15.826 D/View ( 1498):
05-30 18:35:15.826 I/Zygote ( 1916): seccomp disabled by setenforce 0
05-30 18:35:15.826 D/View ( 1498):
05-30 18:35:15.826 D/View ( 1498):
05-30 18:35:15.827 D/View ( 1498):
05-30 18:35:15.828 D/CompatibilityChangeReporter( 694): Compat change id reported: 168419799; UID 10021; state: DISABLED
05-30 18:35:15.829 D/CompatibilityChangeReporter( 694): Compat change id reported: 273564678; UID 10021; state: DISABLED
05-30 18:35:15.835 D/CompatibilityChangeReporter( 1889): Compat change id reported: 171979766; UID 10021; state: ENABLED
05-30 18:35:15.835 D/CompatibilityChangeReporter( 1889): Compat change id reported: 242716250; UID 10021; state: ENABLED
05-30 18:35:15.836 D/View ( 1498):
05-30 18:35:15.836 D/View ( 1498):
05-30 18:35:15.836 D/View ( 1498):
05-30 18:35:15.839 I/ystem:dynsystem( 1916): Using CollectorTypeCC GC.
05-30 18:35:15.840 D/View ( 1498):
05-30 18:35:15.842 D/View ( 1498):
05-30 18:35:15.843 D/View ( 1498):
05-30 18:35:15.843 D/View ( 1498):
05-30 18:35:15.844 D/View ( 1498):
05-30 18:35:15.844 D/View ( 1498):
05-30 18:35:15.845 D/View ( 1498):
05-30 18:35:15.845 D/View ( 1498):
05-30 18:35:15.846 D/View ( 1498):
05-30 18:35:15.847 E/ystem:dynsystem( 1916): Not starting debugger since process cannot load the jdwp agent.
05-30 18:35:15.851 E/hq ( 1498): NetWorkStateReceiver:::NetWorkStateReceiver onReceive: 网络变化广播 >>>> intent.action=android.net.wifi.SCAN_RESULTS
05-30 18:35:15.855 D/CompatibilityChangeReporter( 694): Compat change id reported: 170503758; UID 10021; state: ENABLED
05-30 18:35:15.855 D/View ( 1498):
05-30 18:35:15.857 D/View ( 1498):
05-30 18:35:15.860 D/View ( 1498):
05-30 18:35:15.860 D/View ( 1498):
05-30 18:35:15.861 D/View ( 1498):
05-30 18:35:15.861 D/View ( 1498):
05-30 18:35:15.861 D/View ( 1498):
05-30 18:35:15.862 I/WifiHAL ( 501): call wifi_get_link_stats handler
05-30 18:35:15.862 I/WifiHAL ( 501): Creating message to get link statistics; iface = 16
05-30 18:35:15.862 D/WifiHAL ( 501): error code -95 mapped to -3
05-30 18:35:15.862 E/WifiStaIfaceAidlImpl( 694): getLinkLayerStats failed with service-specific exception: android.os.ServiceSpecificException: (code 4)
05-30 18:35:15.864 D/View ( 1498):
05-30 18:35:15.865 D/View ( 1498):
05-30 18:35:15.865 D/CompatibilityChangeReporter( 1916): Compat change id reported: 171979766; UID 1000; state: ENABLED
05-30 18:35:15.866 D/CompatibilityChangeReporter( 1916): Compat change id reported: 242716250; UID 1000; state: ENABLED
05-30 18:35:15.867 D/View ( 1498):
05-30 18:35:15.867 D/View ( 1498):
05-30 18:35:15.873 D/View ( 1498):
05-30 18:35:15.873 E/FactoryResetOperateImpl( 1498): isFirstBoot 1
05-30 18:35:15.874 E/FactoryResetOperateImpl( 1498): isFirstBoot 1
05-30 18:35:15.875 D/View ( 1498):
05-30 18:35:15.876 D/View ( 1498):
05-30 18:35:15.876 D/View ( 1498):
05-30 18:35:15.878 E/hq ( 1498): LookupControler:::startLookupControllerTimer
05-30 18:35:15.879 D/View ( 1498):
05-30 18:35:15.879 D/View ( 1498):
05-30 18:35:15.880 W/gedprovisioning( 1889): ClassLoaderContext shared library size mismatch. Expected=2, found=0 (PCL[]{PCL[/system_ext/framework/androidx.window.extensions.jar*875812793]#PCL[/system_ext/framework/androidx.window.sidecar.jar*2298648165]} | PCL[])
05-30 18:35:15.881 D/View ( 1498):
05-30 18:35:15.881 W/ContextImpl( 1498): Calling a method in the system process without a qualified user: android.app.ContextImpl.bindService:1988 android.content.ContextWrapper.bindService:861 ae.b.h:57 ae.b$c.call:3 ce.c$a.run:5
05-30 18:35:15.881 D/View ( 1498):
05-30 18:35:15.882 D/View ( 1498):
05-30 18:35:15.882 D/CompatibilityChangeReporter( 694): Compat change id reported: 261072174; UID 1000; state: DISABLED
05-30 18:35:15.882 D/View ( 1498):
05-30 18:35:15.883 D/View ( 1498):
05-30 18:35:15.883 D/View ( 1498):
05-30 18:35:15.886 D/View ( 1498):
05-30 18:35:15.887 D/View ( 1498):
05-30 18:35:15.887 D/View ( 1498):
05-30 18:35:15.890 D/View ( 1498):
05-30 18:35:15.891 D/nativeloader( 1889): Configuring clns-shared-4 for other apk /system/priv-app/ManagedProvisioning/ManagedProvisioning.apk. target_sdk_version=34, uses_libraries=, library_path=/system/priv-app/ManagedProvisioning/lib/arm:/system/lib:/system_ext/lib, permitted_path=/data:/mnt/expand:/data/user/0/com.android.managedprovisioning:/system/priv-app/ManagedProvisioning:/system/lib:/system_ext/lib
05-30 18:35:15.909 D/nativeloader( 1916): Configuring clns-shared-4 for other apk /system/priv-app/DynamicSystemInstallationService/DynamicSystemInstallationService.apk. target_sdk_version=34, uses_libraries=, library_path=/system/priv-app/DynamicSystemInstallationService/lib/arm:/system/priv-app/DynamicSystemInstallationService/DynamicSystemInstallationService.apk!/lib/armeabi-v7a:/system/lib:/system_ext/lib, permitted_path=/data:/mnt/expand:/data/user/0/com.android.dynsystem:/system/priv-app/DynamicSystemInstallationService:/system/lib:/system_ext/lib
05-30 18:35:15.910 W/WindowOnBackDispatcher( 1315): sendCancelIfRunning: isInProgress=falsecallback=android.view.ViewRootImpl$$ExternalSyntheticLambda17@436e258
05-30 18:35:15.915 D/CoreBackPreview( 694): Window{7cdc75f u0 com.android.tv.settings/com.android.tv.settings.system.FallbackHome}: Setting back callback null
05-30 18:35:15.944 W/InputManager-JNI( 694): Input channel object '7cdc75f com.android.tv.settings/com.android.tv.settings.system.FallbackHome (client)' was disposed without first being removed with the input manager!
05-30 18:35:15.944 D/View ( 1498):
05-30 18:35:15.945 D/View ( 1498):
05-30 18:35:15.945 D/View ( 1498):
05-30 18:35:15.945 D/View ( 1498):
05-30 18:35:15.946 D/View ( 1498):
05-30 18:35:15.951 D/View ( 1498):
05-30 18:35:15.951 D/View ( 1498):
05-30 18:35:15.953 D/View ( 1498):
05-30 18:35:15.954 D/View ( 1498):
05-30 18:35:15.955 D/View ( 1498):
05-30 18:35:15.955 D/View ( 1498):
05-30 18:35:15.956 D/View ( 1498):
05-30 18:35:15.957 D/View ( 1498):
05-30 18:35:15.957 D/View ( 1498):
05-30 18:35:15.958 D/View ( 1498):
05-30 18:35:15.958 D/View ( 1498):
05-30 18:35:15.959 D/View ( 1498):
05-30 18:35:15.959 D/View ( 1498):
05-30 18:35:15.960 D/View ( 1498):
05-30 18:35:15.960 D/View ( 1498):
05-30 18:35:15.961 D/View ( 1498):
05-30 18:35:15.961 D/View ( 1498):
05-30 18:35:15.962 D/View ( 1498):
05-30 18:35:15.962 D/View ( 1498):
05-30 18:35:15.963 D/View ( 1498):
05-30 18:35:15.964 D/View ( 1498):
05-30 18:35:15.964 D/View ( 1498):
05-30 18:35:15.965 D/View ( 1498):
05-30 18:35:15.965 D/View ( 1498):
05-30 18:35:15.965 V/GraphicsEnvironment( 1889): Currently set values for:
05-30 18:35:15.965 V/GraphicsEnvironment( 1889): angle_gl_driver_selection_pkgs=[]
05-30 18:35:15.965 V/GraphicsEnvironment( 1889): angle_gl_driver_selection_values=[]
05-30 18:35:15.966 D/View ( 1498):
05-30 18:35:15.966 V/GraphicsEnvironment( 1889): ANGLE GameManagerService for com.android.managedprovisioning: false
05-30 18:35:15.966 D/View ( 1498):
