05-28 16:10:21.222 D/LocalDisplayAdapter( 742): The active mode was changed from SurfaceFlinger or the display device to {id=233, width=1920, height=1080, fps=59.94006, alternativeRefreshRates=[], supportedHdrTypes=[]}
05-28 16:10:21.222 D/LocalDisplayAdapter( 742): New display modes are added and the active mode has changed, use active mode as default mode.
05-28 16:10:21.222 W/LocalDisplayAdapter( 742): DisplayModeSpecs base mode no longer available, using currently active mode.
05-28 16:10:21.224 I/DisplayDeviceRepository( 742): Display device changed: DisplayDeviceInfo{"内置屏幕": uniqueId="local:4627013623894091019", 1920 x 1080, modeId 223, renderFrameRate 59.94006, defaultModeId 223, supportedModes [{id=223, width=1920, height=1080, fps=59.94006, alternativeRefreshRates=[], supportedHdrTypes=[2]}, {id=224, width=1920, height=1080, fps=60.000004, alternativeRefreshRates=[], supportedHdrTypes=[2]}, {id=225, width=1920, height=1080, fps=50.0, alternativeRefreshRates=[], supportedHdrTypes=[2]}, {id=226, width=1920, height=1080, fps=29.97003, alternativeRefreshRates=[], supportedHdrTypes=[2]}, {id=227, width=1920, height=1080, fps=30.000002, alternativeRefreshRates=[], supportedHdrTypes=[2]}, {id=228, width=1920, height=1080, fps=23.976025, alternativeRefreshRates=[], supportedHdrTypes=[2]}, {id=229, width=1920, height=1080, fps=24.000002, alternativeRefreshRates=[], supportedHdrTypes=[2]}, {id=230, width=1280, height=720, fps=59.94006, alternativeRefreshRates=[], supportedHdrTypes=[2]}, {id=231, width=1280, height=720, fps=60.000004, alternativeRefreshRates=[], supportedHdrTypes=[2]}, {id=232, width=1280, height=720, fps=50.0, alternativeRefreshRates=[], supportedHdrTypes=[2]}], colorMode 0, supportedColorModes [0], hdrCapabilities HdrCapabilities{mSupportedHdrTypes=[2], mMaxLuminance=500.0, mMaxAverageLuminance=500.0, mMinLuminance=0.0}, allmSupported false, gameContentTypeSupported false, density 240, 42.406 x 42.203 dpi, appVsyncOff 2000000, presDeadline 13683333, touch INTERNAL, rotation 0, type INTERNAL, address {port=11, model=0x403674603f19a5}, deviceProductInfo DeviceProductInfo{name=DBPADGO1AIR, manufacturerPnpId=DBA, productId=48, modelYear=null, manufactureDate=ManufactureDate{week=10, year=2014}, connectionToSinkType=2}, state ON, committedState ON, frameRateOverride , brightnessMinimum 0.0, brightnessMaximum 1.0, brightnessDefault 0.39763778, hdrSdrRatio NaN, FLAG_ALLOWED_TO_BE_DEFAULT_DISPLAY, FLAG_ROTATES_WITH_CONTENT, FLAG_SECURE, FLAG_SUPPORTS_PROTECTED_BUFFERS, FLAG_TRUSTED, installOrientation 0, displayShape DisplayShape{ spec=729782573 displayWidth=1920 displayHeight=1080 physicalPixelDisplaySizeRatio=1.0 rotation=0 offsetX=0 offsetY=0 scale=1.0}}
05-28 16:10:21.229 D/DisplayManagerService( 742): Ignore redundant display event 0/2 to 10067/1190
05-28 16:10:21.229 D/DisplayManagerService( 742): Ignore redundant display event 0/2 to 10075/6844
05-28 16:10:21.229 W/LocalDisplayAdapter( 742): Ignoring request for invalid base mode id 223
05-28 16:10:21.231 I/DisplayDeviceRepository( 742): Display device changed: DisplayDeviceInfo{"内置屏幕": uniqueId="local:4627013623894091019", 1920 x 1080, modeId 233, renderFrameRate 59.94006, defaultModeId 233, supportedModes [{id=233, width=1920, height=1080, fps=59.94006, alternativeRefreshRates=[], supportedHdrTypes=[]}], colorMode 0, supportedColorModes [0], hdrCapabilities HdrCapabilities{mSupportedHdrTypes=[], mMaxLuminance=500.0, mMaxAverageLuminance=500.0, mMinLuminance=0.0}, allmSupported false, gameContentTypeSupported false, density 240, 42.406 x 42.203 dpi, appVsyncOff 2000000, presDeadline 13683333, touch INTERNAL, rotation 0, type INTERNAL, address {port=11, model=0x403674603f19a5}, deviceProductInfo DeviceProductInfo{name=Linux FHD, manufacturerPnpId=LNX, productId=0, modelYear=null, manufactureDate=ManufactureDate{week=5, year=2012}, connectionToSinkType=0}, state ON, committedState ON, frameRateOverride , brightnessMinimum 0.0, brightnessMaximum 1.0, brightnessDefault 0.39763778, hdrSdrRatio NaN, FLAG_ALLOWED_TO_BE_DEFAULT_DISPLAY, FLAG_ROTATES_WITH_CONTENT, FLAG_SECURE, FLAG_SUPPORTS_PROTECTED_BUFFERS, FLAG_TRUSTED, installOrientation 0, displayShape DisplayShape{ spec=729782573 displayWidth=1920 displayHeight=1080 physicalPixelDisplaySizeRatio=1.0 rotation=0 offsetX=0 offsetY=0 scale=1.0}}
05-28 16:10:22.011 D/AudioService( 742): setWiredDeviceConnectionState( type:400 state:DEVICE_STATE_UNAVAILABLE addr: name:) from android
05-28 16:10:22.011 I/AS.AudioDeviceInventory( 742): handleDeviceConnection(false dev:400 address: name:)
05-28 16:10:22.011 I/AS.AudioDeviceInventory( 742): deviceKey:0x400:
05-28 16:10:22.011 I/AS.AudioDeviceInventory( 742): deviceInfo:[DeviceInfo: type:0x400 (hdmi) name: addr: codec: 0 sensorUuid: null disabled modes: {}] is(already)Connected:true
05-28 16:10:22.022 I/AS.AudioDeviceInventory( 742): sendDeviceConnectionIntent(dev:0x400 state:0x0 address: name:);
05-28 16:10:46.281 V/WindowManager( 742): app ------------- force_land :0
05-28 16:10:46.286 D/DisplayManagerService( 742): Ignore redundant display event 0/2 to 10067/1190
05-28 16:10:46.287 D/DisplayManagerService( 742): Ignore redundant display event 0/2 to 10075/6844
05-28 16:10:46.292 D/HDMI ( 742): Hotplug event:[port:0, connected:true]
05-28 16:10:46.305 D/HDMI ( 742): initPortInfo port info:port_id: 0, type: HDMI_OUT, address: 0x1000, cec: true, arc: true, mhl: false, earc: false
05-28 16:10:46.307 D/AudioService( 742): setWiredDeviceConnectionState( type:400 state:DEVICE_STATE_AVAILABLE addr: name:) from android
05-28 16:10:46.309 I/AS.AudioDeviceInventory( 742): handleDeviceConnection(true dev:400 address: name:)
05-28 16:10:46.309 I/AS.AudioDeviceInventory( 742): deviceKey:0x400:
05-28 16:10:46.309 I/AS.AudioDeviceInventory( 742): deviceInfo:null is(already)Connected:false
05-28 16:10:46.478 D/HDMI ( 742): New logical address for device [4]: [preferred:4, assigned:4]
05-28 16:10:46.480 D/HDMI ( 742): addCecDevice new:CEC: logical_address: 0x04 device_type: 4 cec_version: 5 vendor_id: 1877008 display_name: DBBOX-A3 power_status: 0 physical_address: 0x1000 port_id: 0 old:null
05-28 16:10:46.489 D/HDMI ( 742): onAddressAllocated address:4 reason:4
05-28 16:10:46.490 D/HDMI ( 742): [S]: 4F:84:10:00:04
05-28 16:10:46.492 D/HDMI ( 742): DeviceDiscoveryAction start com.android.server.hdmi.DeviceDiscoveryAction@2e1d0bd
05-28 16:10:46.531 I/AS.AudioDeviceInventory( 742): sendDeviceConnectionIntent(dev:0x400 state:0x1 address: name:);
05-28 16:10:46.585 D/LocalDisplayAdapter( 742): The active mode was changed from SurfaceFlinger or the display device to {id=234, width=1920, height=1080, fps=59.94006, alternativeRefreshRates=[], supportedHdrTypes=[2]}
05-28 16:10:46.585 D/LocalDisplayAdapter( 742): New display modes are added and the active mode has changed, use active mode as default mode.
05-28 16:10:46.585 W/LocalDisplayAdapter( 742): DisplayModeSpecs base mode no longer available, using currently active mode.
05-28 16:10:46.587 I/DisplayDeviceRepository( 742): Display device changed: DisplayDeviceInfo{"内置屏幕": uniqueId="local:4627013623894091019", 1920 x 1080, modeId 233, renderFrameRate 59.94006, defaultModeId 233, supportedModes [{id=233, width=1920, height=1080, fps=59.94006, alternativeRefreshRates=[], supportedHdrTypes=[]}], colorMode 0, supportedColorModes [0], hdrCapabilities HdrCapabilities{mSupportedHdrTypes=[], mMaxLuminance=500.0, mMaxAverageLuminance=500.0, mMinLuminance=0.0}, allmSupported false, gameContentTypeSupported false, density 240, 42.406 x 42.203 dpi, appVsyncOff 2000000, presDeadline 13683333, touch INTERNAL, rotation 0, type INTERNAL, address {port=11, model=0x403674603f19a5}, deviceProductInfo DeviceProductInfo{name=Linux FHD, manufacturerPnpId=LNX, productId=0, modelYear=null, manufactureDate=ManufactureDate{week=5, year=2012}, connectionToSinkType=0}, state ON, committedState ON, frameRateOverride , brightnessMinimum 0.0, brightnessMaximum 1.0, brightnessDefault 0.39763778, hdrSdrRatio NaN, FLAG_ALLOWED_TO_BE_DEFAULT_DISPLAY, FLAG_ROTATES_WITH_CONTENT, FLAG_SECURE, FLAG_SUPPORTS_PROTECTED_BUFFERS, FLAG_TRUSTED, installOrientation 0, displayShape DisplayShape{ spec=729782573 displayWidth=1920 displayHeight=1080 physicalPixelDisplaySizeRatio=1.0 rotation=0 offsetX=0 offsetY=0 scale=1.0}}
05-28 16:10:46.593 D/DisplayManagerService( 742): Ignore redundant display event 0/2 to 10067/1190
05-28 16:10:46.593 D/DisplayManagerService( 742): Ignore redundant display event 0/2 to 10075/6844
05-28 16:10:46.644 D/HDMI ( 742): [S]: 4F:87:1C:A4:10
05-28 16:10:46.796 D/HDMI ( 742): [S]: 40:8C
05-28 16:10:46.907 E/HDMI ( 742): [1]:Failed to send 40:8C with errorCode=1
05-28 16:10:46.908 D/HDMI ( 742): [S]: 40:47:44:42:42:4F:58:2D:41:33
05-28 16:10:47.023 E/HDMI ( 742): [1]:Failed to send 40:47:44:42:42:4F:58:2D:41:33 with errorCode=1
05-28 16:10:47.023 D/HDMI ( 742): [S]: 45:7D
05-28 16:10:47.024 D/HDMI ( 742): Failed to send cec command 40:47:44:42:42:4F:58:2D:41:33
05-28 16:10:47.134 E/HDMI ( 742): [1]:Failed to send 45:7D with errorCode=1
05-28 16:10:47.135 D/HDMI ( 742): AVR did not respond to
05-28 16:10:47.135 D/HdmiControlService( 742): Switching to full volume behavior
05-28 16:10:47.534 D/HdmiCecController( 742): [P]:AllocatedAddress=[]
05-28 16:10:47.536 D/HDMI ( 742): addCecDevice new:CEC: logical_address: 0x04 device_type: 4 cec_version: 5 vendor_id: 1877008 display_name: DBBOX-A3 power_status: 0 physical_address: 0x1000 port_id: 0 old:null
05-28 16:10:59.863 V/HotPlugDetectionAction( 742): Poll all devices.
05-28 16:11:00.267 D/HdmiCecController( 742): [P]:AllocatedAddress=[]
05-28 16:11:11.829 V/WindowManager( 742): app ------------- force_land :0
05-28 16:11:11.838 D/DisplayManagerService( 742): Ignore redundant display event 0/2 to 10067/1190
05-28 16:11:11.839 D/DisplayManagerService( 742): Ignore redundant display event 0/2 to 10075/6844
05-28 16:11:11.840 D/HDMI ( 742): Hotplug event:[port:0, connected:false]
05-28 16:11:12.038 D/LocalDisplayAdapter( 742): The active mode was changed from SurfaceFlinger or the display device to {id=244, width=1920, height=1080, fps=59.94006, alternativeRefreshRates=[], supportedHdrTypes=[]}
05-28 16:11:12.038 D/LocalDisplayAdapter( 742): New display modes are added and the active mode has changed, use active mode as default mode.
05-28 16:11:12.038 W/LocalDisplayAdapter( 742): DisplayModeSpecs base mode no longer available, using currently active mode.
05-28 16:11:12.039 I/DisplayDeviceRepository( 742): Display device changed: DisplayDeviceInfo{"内置屏幕": uniqueId="local:4627013623894091019", 1920 x 1080, modeId 234, renderFrameRate 59.94006, defaultModeId 234, supportedModes [{id=234, width=1920, height=1080, fps=59.94006, alternativeRefreshRates=[], supportedHdrTypes=[2]}, {id=235, width=1920, height=1080, fps=60.000004, alternativeRefreshRates=[], supportedHdrTypes=[2]}, {id=236, width=1920, height=1080, fps=50.0, alternativeRefreshRates=[], supportedHdrTypes=[2]}, {id=237, width=1920, height=1080, fps=29.97003, alternativeRefreshRates=[], supportedHdrTypes=[2]}, {id=238, width=1920, height=1080, fps=30.000002, alternativeRefreshRates=[], supportedHdrTypes=[2]}, {id=239, width=1920, height=1080, fps=23.976025, alternativeRefreshRates=[], supportedHdrTypes=[2]}, {id=240, width=1920, height=1080, fps=24.000002, alternativeRefreshRates=[], supportedHdrTypes=[2]}, {id=241, width=1280, height=720, fps=59.94006, alternativeRefreshRates=[], supportedHdrTypes=[2]}, {id=242, width=1280, height=720, fps=60.000004, alternativeRefreshRates=[], supportedHdrTypes=[2]}, {id=243, width=1280, height=720, fps=50.0, alternativeRefreshRates=[], supportedHdrTypes=[2]}], colorMode 0, supportedColorModes [0], hdrCapabilities HdrCapabilities{mSupportedHdrTypes=[2], mMaxLuminance=500.0, mMaxAverageLuminance=500.0, mMinLuminance=0.0}, allmSupported false, gameContentTypeSupported false, density 240, 42.406 x 42.203 dpi, appVsyncOff 2000000, presDeadline 13683333, touch INTERNAL, rotation 0, type INTERNAL, address {port=11, model=0x403674603f19a5}, deviceProductInfo DeviceProductInfo{name=DBPADGO1AIR, manufacturerPnpId=DBA, productId=48, modelYear=null, manufactureDate=ManufactureDate{week=10, year=2014}, connectionToSinkType=2}, state ON, committedState ON, frameRateOverride , brightnessMinimum 0.0, brightnessMaximum 1.0, brightnessDefault 0.39763778, hdrSdrRatio NaN, FLAG_ALLOWED_TO_BE_DEFAULT_DISPLAY, FLAG_ROTATES_WITH_CONTENT, FLAG_SECURE, FLAG_SUPPORTS_PROTECTED_BUFFERS, FLAG_TRUSTED, installOrientation 0, displayShape DisplayShape{ spec=729782573 displayWidth=1920 displayHeight=1080 physicalPixelDisplaySizeRatio=1.0 rotation=0 offsetX=0 offsetY=0 scale=1.0}}
05-28 16:11:12.043 D/DisplayManagerService( 742): Ignore redundant display event 0/2 to 10067/1190
05-28 16:11:12.044 D/DisplayManagerService( 742): Ignore redundant display event 0/2 to 10075/6844
05-28 16:11:12.045 W/LocalDisplayAdapter( 742): Ignoring request for invalid base mode id 234
05-28 16:11:12.047 I/DisplayDeviceRepository( 742): Display device changed: DisplayDeviceInfo{"内置屏幕": uniqueId="local:4627013623894091019", 1920 x 1080, modeId 244, renderFrameRate 59.94006, defaultModeId 244, supportedModes [{id=244, width=1920, height=1080, fps=59.94006, alternativeRefreshRates=[], supportedHdrTypes=[]}], colorMode 0, supportedColorModes [0], hdrCapabilities HdrCapabilities{mSupportedHdrTypes=[], mMaxLuminance=500.0, mMaxAverageLuminance=500.0, mMinLuminance=0.0}, allmSupported false, gameContentTypeSupported false, density 240, 42.406 x 42.203 dpi, appVsyncOff 2000000, presDeadline 13683333, touch INTERNAL, rotation 0, type INTERNAL, address {port=11, model=0x403674603f19a5}, deviceProductInfo DeviceProductInfo{name=Linux FHD, manufacturerPnpId=LNX, productId=0, modelYear=null, manufactureDate=ManufactureDate{week=5, year=2012}, connectionToSinkType=0}, state ON, committedState ON, frameRateOverride , brightnessMinimum 0.0, brightnessMaximum 1.0, brightnessDefault 0.39763778, hdrSdrRatio NaN, FLAG_ALLOWED_TO_BE_DEFAULT_DISPLAY, FLAG_ROTATES_WITH_CONTENT, FLAG_SECURE, FLAG_SUPPORTS_PROTECTED_BUFFERS, FLAG_TRUSTED, installOrientation 0, displayShape DisplayShape{ spec=729782573 displayWidth=1920 displayHeight=1080 physicalPixelDisplaySizeRatio=1.0 rotation=0 offsetX=0 offsetY=0 scale=1.0}}
05-28 16:11:12.860 D/AudioService( 742): setWiredDeviceConnectionState( type:400 state:DEVICE_STATE_UNAVAILABLE addr: name:) from android
05-28 16:11:12.861 I/AS.AudioDeviceInventory( 742): handleDeviceConnection(false dev:400 address: name:)
05-28 16:11:12.862 I/AS.AudioDeviceInventory( 742): deviceKey:0x400:
05-28 16:11:12.862 I/AS.AudioDeviceInventory( 742): deviceInfo:[DeviceInfo: type:0x400 (hdmi) name: addr: codec: 0 sensorUuid: null disabled modes: {}] is(already)Connected:true
05-28 16:11:12.874 I/AS.AudioDeviceInventory( 742): sendDeviceConnectionIntent(dev:0x400 state:0x0 address: name:);
05-28 16:11:14.352 V/WindowManager( 742): app ------------- force_land :0
05-28 16:11:14.356 D/DisplayManagerService( 742): Ignore redundant display event 0/2 to 10067/1190
05-28 16:11:14.356 D/DisplayManagerService( 742): Ignore redundant display event 0/2 to 10075/6844
05-28 16:11:14.357 D/HDMI ( 742): Hotplug event:[port:0, connected:true] --------- beginning of main
05-28 16:11:14.379 D/MesonDisplayServer( 289): getDisplayAttribute "Dolby Vision CAP2": "The Rx don't support DolbyVision"
05-28 16:11:14.379 I/SystemControl( 343): [/Ubootenv.cpp, updateValue, 68] [ubootenv] update value name [ubootenv.var.hdr_policy]: value [0]
05-28 16:11:14.379 I/SystemControl( 343): [/Ubootenv.cpp, get, 336] [ubootenv] get key:hdr_policy envValue: 0
05-28 16:11:14.379 D/MesonDisplayServer( 289): getDisplayAttribute "Dolby Vision CAP2": "The Rx don't support DolbyVision"
05-28 16:11:14.379 E/SystemControl( 343): [/DisplayMode.cpp, getHdmiDvCap, 1618] TV isn't support dolby vision: The Rx don't support DolbyVision
05-28 16:11:14.379 I/SystemControl( 343): [/DisplayMode.cpp, onTxEvent, 3294] onTxEvent boot config enable do nothing, just return
05-28 16:11:14.379 I/SystemControl( 343): [/UEventObserver.cpp, HDMITxUenventThreadLoop, 451] HDMI TX switch_name:hdmitx_audio, switch_state: 1
05-28 16:11:14.379 I/SystemControl( 343): [/DisplayMode.cpp, onTxEvent, 3267] onTxEvent switchName:hdmitx_audio hpdstate:1 state: 1
05-28 16:11:14.379 I/SystemControl( 343): [/SysWrite.cpp, getKernelReleaseVersion, 701] getKernelReleaseVersion: 5.15
05-28 16:11:14.379 I/SystemControl( 343): [/SystemControlHal.cpp, onEvent, 72] onEvent event:5, client size:5
05-28 16:11:14.379 I/SystemControlClient( 528): notifyCallback event type:5
05-28 16:11:14.379 I/SystemControlClient( 529): notifyCallback event type:5
05-28 16:11:14.379 I/SystemControlClient( 528): notifyCallback: listener is NULL.
05-28 16:11:14.379 I/SystemControlClient( 529): notifyCallback: listener is NULL.
05-28 16:11:14.379 I/SystemControlClient( 244): notifyCallback event type:5
05-28 16:11:14.379 I/SystemControlClient( 244): notifyCallback: listener is NULL.
05-28 16:11:14.380 I/SystemControl( 343): [/UEventObserver.cpp, HDMITxUenventThreadLoop, 451] HDMI TX switch_name:hdmitx_current_status, switch_state: 275
05-28 16:11:14.380 I/SystemControl( 343): [/Ubootenv.cpp, updateValue, 68] [ubootenv] update value name [ubootenv.var.hdr_priority]: value [268435472]
05-28 16:11:14.380 I/SystemControlClient( 527): notifyCallback event type:5
05-28 16:11:14.380 I/SystemControl( 343): [/Ubootenv.cpp, get, 336] [ubootenv] get key:hdr_priority envValue: 268435472
05-28 16:11:14.380 I/SystemControlClient( 527): notifyCallback: listener is NULL.
05-28 16:11:14.380 I/SystemControlEvent( 1379): system control callback event: 5
05-28 16:11:14.380 I/SystemControl( 343): [/Ubootenv.cpp, get, 345] [ubootenv] search end and not find env:user_colorattribute
05-28 16:11:14.380 V/MesonDisplayServer( 289): GetDisplayMode:dummy_l
05-28 16:11:14.380 I/SystemControl( 343): [/Ubootenv.cpp, get, 336] [ubootenv] get key:hdmimode envValue: none
05-28 16:11:14.381 I/SystemControl( 343): [/Ubootenv.cpp, get, 336] [ubootenv] get key:cvbsmode envValue: 576cvbs
05-28 16:11:14.381 I/SystemControl( 343): [/Ubootenv.cpp, get, 345] [ubootenv] search end and not find env:user_colorattribute
05-28 16:11:14.381 I/SystemControl( 343): [/Ubootenv.cpp, get, 345] [ubootenv] search end and not find env:dv_enable
05-28 16:11:14.381 E/MesonHwc( 289): dolby vision driver is not ready
05-28 16:11:14.382 I/SystemControl( 343): [/Ubootenv.cpp, get, 345] [ubootenv] search end and not find env:user_prefer_dv_type
05-28 16:11:14.382 E/MesonHwc( 289): dolby vision driver is not ready
05-28 16:11:14.382 D/MesonDisplayServer( 289): getDisplayAttribute "Dolby Vision CAP2": "The Rx don't support DolbyVision"
05-28 16:11:14.382 E/MesonHwc( 289): TV isn't support dv: The Rx don't support DolbyVision
05-28 16:11:14.382 I/SystemControl( 343): [/Ubootenv.cpp, get, 345] [ubootenv] search end and not find env:hdr_force_mode
05-28 16:11:14.382 I/SystemControl( 343): [/Ubootenv.cpp, get, 336] [ubootenv] get key:hdr_policy envValue: 0
05-28 16:11:14.382 I/SystemControl( 343): [/Ubootenv.cpp, get, 336] [ubootenv] get key:hdr_priority envValue: 268435472
05-28 16:11:14.382 E/MesonHwc( 289): dolby vision driver is not ready
05-28 16:11:14.382 D/MesonDisplayServer( 289): getDisplayAttribute "Dolby Vision CAP2": "The Rx don't support DolbyVision"
05-28 16:11:14.382 I/SystemControl( 343): [/Ubootenv.cpp, get, 345] [ubootenv] search end and not find env:hdr_resolution_priority
05-28 16:11:14.383 I/SystemControl( 343): [/Ubootenv.cpp, get, 345] [ubootenv] search end and not find env:user_prefer_dv_type
05-28 16:11:14.383 E/MesonHwc( 289): dolby vision driver is not ready
05-28 16:11:14.383 V/MesonDisplayServer( 289): GetDisplayMode:dummy_l
05-28 16:11:14.384 I/SystemControl( 343): [/Ubootenv.cpp, get, 345] [ubootenv] search end and not find env:framerate_priority
05-28 16:11:14.388 E/MesonHwc( 289): EDID parsing error detected
05-28 16:11:14.388 V/MesonDisplayServer( 289): GetDisplayMode:dummy_l
05-28 16:11:14.388 D/MesonDisplayServer( 289): SetDisplay[HDMI Color ATTR] attr to "rgb,8bit"
05-28 16:11:14.388 D/MesonDisplayServer( 289): SetDisplay[HDMI] Mode to "720p60hz"
05-28 16:11:14.459 I/audio_hw_hal_primary( 509): [adev_uevent_callback:9131] uevent type=0
05-28 16:11:14.459 I/SystemControl( 343): [/UEventObserver.cpp, HDMITxUenventThreadLoop, 451] HDMI TX switch_name:hdmitx_vmode_audio, switch_state: 1
05-28 16:11:14.460 I/SystemControl( 343): [/UEventObserver.cpp, HDMITxUenventThreadLoop, 451] HDMI TX switch_name:hdmitx_current_status, switch_state: 276
05-28 16:11:14.475 I/audio_hw_hal_alsamgr( 509): raw to lpcm switch aml_alsa_output_write
05-28 16:11:14.480 I/SystemControl( 343): [/Ubootenv.cpp, get, 336] [ubootenv] get key:720p_x envValue: 0
05-28 16:11:14.480 I/SystemControl( 343): [/Ubootenv.cpp, get, 336] [ubootenv] get key:720p_y envValue: 0
05-28 16:11:14.481 I/SystemControl( 343): [/Ubootenv.cpp, get, 336] [ubootenv] get key:720p_w envValue: 1280
05-28 16:11:14.481 I/SystemControl( 343): [/Ubootenv.cpp, get, 336] [ubootenv] get key:720p_h envValue: 720
05-28 16:11:14.481 I/SystemControl( 343): [/Ubootenv.cpp, updateValue, 68] [ubootenv] update value name [ubootenv.var.720p_x]: value [0]
05-28 16:11:14.481 I/SystemControl( 343): [/Ubootenv.cpp, get, 336] [ubootenv] get key:720p_x envValue: 0
05-28 16:11:14.481 I/SystemControl( 343): [/Ubootenv.cpp, updateValue, 68] [ubootenv] update value name [ubootenv.var.720p_y]: value [0]
05-28 16:11:14.481 I/SystemControl( 343): [/Ubootenv.cpp, get, 336] [ubootenv] get key:720p_y envValue: 0
05-28 16:11:14.481 I/SystemControl( 343): [/Ubootenv.cpp, updateValue, 68] [ubootenv] update value name [ubootenv.var.720p_w]: value [1280]
05-28 16:11:14.481 I/SystemControl( 343): [/Ubootenv.cpp, get, 336] [ubootenv] get key:720p_w envValue: 1280
05-28 16:11:14.481 I/SystemControl( 343): [/Ubootenv.cpp, updateValue, 68] [ubootenv] update value name [ubootenv.var.720p_h]: value [720]
05-28 16:11:14.481 I/SystemControl( 343): [/Ubootenv.cpp, get, 336] [ubootenv] get key:720p_h envValue: 720
05-28 16:11:14.482 V/MesonDisplayServer( 289): SetDisplay[HDMI] DisplayRect to "(0,0,1280,720)"
05-28 16:11:14.482 V/MesonDisplayServer( 289): SetDisplayViewPort done
05-28 16:11:14.484 E/MesonHwc( 289): read screen size 16x9 from vinfo
05-28 16:11:14.484 E/MesonHwc( 289): dolby vision driver is not ready
05-28 16:11:14.484 E/MesonHwc( 289): dolby vision driver is not ready
05-28 16:11:14.484 D/MesonHwc( 289): ERR: PLEASE FIX NON-IMPLEMENT FUN(update).
05-28 16:11:14.485 D/MesonComposer3( 289): halEventcallback onHotplug client3.0
05-28 16:11:14.485 E/MesonHwc( 289): getPort 11
05-28 16:11:14.485 I/SystemControl( 343): notify plugin
05-28 16:11:14.485 E/MesonHwc( 289): getPort 11
05-28 16:11:14.485 I/SystemControl( 343): [/SystemControlHal.cpp, onEvent, 72] onEvent event:3, client size:5
05-28 16:11:14.485 E/DisplayIdentification( 263): Display identification data has unknown format.
05-28 16:11:14.485 E/HWComposer( 263): Failed to parse identification data for display 0
05-28 16:11:14.485 I/SystemControlClient( 528): notifyCallback event type:3
05-28 16:11:14.485 I/SystemControlClient( 528): notifyCallback: listener is NULL.
05-28 16:11:14.485 I/SystemControlClient( 529): notifyCallback event type:3
05-28 16:11:14.485 I/SystemControlClient( 529): notifyCallback: listener is NULL.
05-28 16:11:14.486 I/SystemControlClient( 527): notifyCallback event type:3
05-28 16:11:14.486 I/SystemControlClient( 527): notifyCallback: listener is NULL.
05-28 16:11:14.486 I/SystemControlClient( 244): notifyCallback event type:3
05-28 16:11:14.486 I/SystemControlClient( 244): notifyCallback: listener is NULL.
05-28 16:11:14.486 I/SystemControlEvent( 1379): system control callback event: 3
05-28 16:11:14.487 I/SurfaceFlinger( 263): Reconnecting display 4627013623894091019 (HAL ID 0)
05-28 16:11:14.488 E/ccc ( 1946): cccccc hdmi plug reset
05-28 16:11:14.489 E/xxxxxxxxxxxxxxx( 2316): onReceive:mIsHDMIPlugged = true
05-28 16:11:14.491 I/SystemControl( 343): [/UEventObserver.cpp, HDMITxUenventThreadLoop, 451] HDMI TX switch_name:hdmitx_current_status, switch_state: 277
05-28 16:11:14.491 E/MesonComposer3( 289): destroyLayer: display:0 failed to destroy layer:727
05-28 16:11:14.492 E/HwcComposer( 263): destroyLayer failed Status(-8, EX_SERVICE_SPECIFIC): '3: '
05-28 16:11:14.492 E/HWC2 ( 263): destroyLayer(0, 727) failed: BadLayer (3)
05-28 16:11:14.492 E/MesonComposer3( 289): destroyLayer: display:0 failed to destroy layer:470
05-28 16:11:14.492 E/HwcComposer( 263): destroyLayer failed Status(-8, EX_SERVICE_SPECIFIC): '3: '
05-28 16:11:14.492 E/HWC2 ( 263): destroyLayer(0, 470) failed: BadLayer (3)
05-28 16:11:14.492 E/MesonComposer3( 289): destroyLayer: display:0 failed to destroy layer:213
05-28 16:11:14.492 E/HwcComposer( 263): destroyLayer failed Status(-8, EX_SERVICE_SPECIFIC): '3: '
05-28 16:11:14.492 E/HWC2 ( 263): destroyLayer(0, 213) failed: BadLayer (3)
05-28 16:11:14.493 E/HwcComposer( 263): setClientTargetSlotCount failed Status(-8, EX_SERVICE_SPECIFIC): '4: '
05-28 16:11:14.496 I/audio_hw_hal_ms12v2( 509): dolby_ms12_threadloop alsa is not running
05-28 16:11:14.496 I/audio_hw_hal_alsamgr( 509): aml_alsa_output_write alsa_running_status[0xeed05650] change from 0 to 1
05-28 16:11:14.501 I/Scheduler( 263): Display 4627013623894091019 is the pacesetter
05-28 16:11:14.501 E/SchedulerTimer( 263): Terminated
05-28 16:11:14.501 D/SurfaceFlinger( 263): Setting power mode 2 on display 4627013623894091019
05-28 16:11:14.501 W/EventThread( 263): Failed dispatching Hotplug{displayId=4627013623894091019, connected} for Connection{0xf1c82c10, VSyncRequest::None}
05-28 16:11:14.501 W/EventThread( 263): Failed dispatching Hotplug{displayId=4627013623894091019, connected} for Connection{0xf1c83290, VSyncRequest::None}
05-28 16:11:14.502 W/EventThread( 263): Failed dispatching Hotplug{displayId=4627013623894091019, connected} for Connection{0xf1c82d10, VSyncRequest::None}
05-28 16:11:14.502 W/EventThread( 263): Failed dispatching Hotplug{displayId=4627013623894091019, connected} for Connection{0xf1c82890, VSyncRequest::None}
05-28 16:11:14.502 D/SurfaceFlinger( 263): Finished setting power mode 2 on display 4627013623894091019
05-28 16:11:14.503 I/MesonDisplay( 289): [/mode_policy.c, meson_mode_set_policy, 1177] connector:0 to policy:0
05-28 16:11:14.503 I/MesonDisplay( 289): [/mode_policy.c, is_dv_prefer, 66] not prefer dv, hdr_priority:10000010
05-28 16:11:14.503 I/MesonDisplay( 289): [/mode_policy.c, is_dv_prefer, 66] not prefer dv, hdr_priority:10000010
05-28 16:11:14.503 E/MesonDisplay( 289): EDID parsing error detected
05-28 16:11:14.503 I/MesonDisplay( 289): [/mode_policy.c, sdr_scene_process, 1146] final_displaymode:720p60hz
05-28 16:11:14.503 I/MesonDisplay( 289): [/mode_policy.c, get_best_color_attr, 613] get_best_color_attr current mode:[720p60hz] brr_mode:[720p60hz]
05-28 16:11:14.503 D/MesonDisplay( 289): meson_write /sys/class/amhdmitx/amhdmitx0/valid_mode, outputmode:720p60hzrgb,8bit
05-28 16:11:14.503 D/MesonDisplay( 289): valid mode is true!
05-28 16:11:14.503 I/MesonDisplay( 289): [/mode_policy.c, get_best_color_attr, 679] support current mode:[720p60hz], color format:[rgb,8bit]
05-28 16:11:14.503 I/MesonDisplay( 289): [/mode_policy.c, get_hdmi_color_attr, 1081] get hdmi color attribute : [rgb,8bit], outputmode is: [720p60hz]
05-28 16:11:14.503 I/MesonDisplay( 289): [/mode_policy.c, update_deepcolor, 1107] colorattribute = rgb,8bit
05-28 16:11:14.503 I/MesonDisplay( 289): [/mode_policy.c, sdr_scene_process, 1163] final_deepcolor = rgb,8bit
05-28 16:11:14.503 I/MesonDisplay( 289): [/mode_policy.c, meson_mode_get_policy_output, 1289] final_displaymode:720p60hz, final_deepcolor:rgb,8bit, amdv_type:0
05-28 16:11:14.503 I/MesonDisplay( 289): [/mode_policy.c, meson_mode_set_policy, 1177] connector:0 to policy:0
05-28 16:11:14.505 D/LocalDisplayAdapter( 742): The active mode was changed from SurfaceFlinger or the display device to {id=246, width=1280, height=720, fps=59.94006, alternativeRefreshRates=[], supportedHdrTypes=[]}
05-28 16:11:14.505 D/LocalDisplayAdapter( 742): New display modes are added and the active mode has changed, use active mode as default mode.
05-28 16:11:14.507 I/DisplayDeviceRepository( 742): Display device changed: DisplayDeviceInfo{"内置屏幕": uniqueId="local:4627013623894091019", 1920 x 1080, modeId 244, renderFrameRate 59.94006, defaultModeId 244, supportedModes [{id=244, width=1920, height=1080, fps=59.94006, alternativeRefreshRates=[], supportedHdrTypes=[]}], colorMode 0, supportedColorModes [0], hdrCapabilities HdrCapabilities{mSupportedHdrTypes=[], mMaxLuminance=500.0, mMaxAverageLuminance=500.0, mMinLuminance=0.0}, allmSupported false, gameContentTypeSupported false, density 240, 42.406 x 42.203 dpi, appVsyncOff 2000000, presDeadline 13683333, touch INTERNAL, rotation 0, type INTERNAL, address {port=11, model=0x403674603f19a5}, deviceProductInfo DeviceProductInfo{name=Linux FHD, manufacturerPnpId=LNX, productId=0, modelYear=null, manufactureDate=ManufactureDate{week=5, year=2012}, connectionToSinkType=0}, state ON, committedState ON, frameRateOverride , brightnessMinimum 0.0, brightnessMaximum 1.0, brightnessDefault 0.39763778, hdrSdrRatio NaN, FLAG_ALLOWED_TO_BE_DEFAULT_DISPLAY, FLAG_ROTATES_WITH_CONTENT, FLAG_SECURE, FLAG_SUPPORTS_PROTECTED_BUFFERS, FLAG_TRUSTED, installOrientation 0, displayShape DisplayShape{ spec=729782573 displayWidth=1920 displayHeight=1080 physicalPixelDisplaySizeRatio=1.0 rotation=0 offsetX=0 offsetY=0 scale=1.0}}
05-28 16:11:14.510 D/DisplayManagerService( 742): Ignore redundant display event 0/2 to 10067/1190
05-28 16:11:14.510 D/DisplayManagerService( 742): Ignore redundant display event 0/2 to 10075/6844
05-28 16:11:14.515 I/RefreshRateSelector( 263): Display 4627013623894091019 policy changed
05-28 16:11:14.515 I/RefreshRateSelector( 263): Previous: {defaultModeId=248, allowGroupSwitching=false, primaryRanges={physical=[0.00 Hz, 340282346638528859811704183484516925440.00 Hz], render=[0.00 Hz, 340282346638528859811704183484516925440.00 Hz]}, appRequestRanges={physical=[0.00 Hz, 340282346638528859811704183484516925440.00 Hz], render=[0.00 Hz, 340282346638528859811704183484516925440.00 Hz]}}
05-28 16:11:14.515 I/RefreshRateSelector( 263): Current: DisplayManagerPolicy{defaultModeId=246, allowGroupSwitching=false, primaryRanges={physical=[0.00 Hz, inf Hz], render=[0.00 Hz, 120.00 Hz]}, appRequestRanges={physical=[0.00 Hz, inf Hz], render=[0.00 Hz, inf Hz]}}
05-28 16:11:14.515 I/RefreshRateSelector( 263): 0 mode changes were performed under the previous policy
05-28 16:11:14.520 I/InputManager-JNI( 742): Viewport [0] to add: local:4627013623894091019, isActive: true
05-28 16:11:14.521 I/InputReader( 742): Reconfiguring input devices, changes=DISPLAY_INFO
05-28 16:11:14.521 D/DisplayManagerService( 742): Ignore redundant display event 0/2 to 10067/1190
05-28 16:11:14.522 D/DisplayManagerService( 742): Ignore redundant display event 0/2 to 10075/6844
05-28 16:11:14.547 I/MesonDisplay( 289): [/mode_policy.c, meson_mode_set_policy, 1177] connector:0 to policy:8
05-28 16:11:14.547 I/SystemControl( 343): [/Ubootenv.cpp, get, 336] [ubootenv] get key:hdr_preferred_policy envValue: 0
05-28 16:11:14.547 I/SystemControl( 343): [/Ubootenv.cpp, get, 336] [ubootenv] get key:user_hdr_type envValue: 3
05-28 16:11:14.548 D/MesonDisplayServer( 289): getDisplayAttribute "Dolby Vision CAP2": "The Rx don't support DolbyVision"
05-28 16:11:14.548 I/SystemControl( 343): [/Ubootenv.cpp, updateValue, 68] [ubootenv] update value name [ubootenv.var.hdr_policy]: value [0]
05-28 16:11:14.548 I/SystemControl( 343): [/Ubootenv.cpp, get, 336] [ubootenv] get key:hdr_policy envValue: 0
05-28 16:11:14.548 I/SystemControl( 343): [/Ubootenv.cpp, updateValue, 68] [ubootenv] update value name [ubootenv.var.hdr_priority]: value [268435472]
05-28 16:11:14.548 I/SystemControl( 343): [/Ubootenv.cpp, get, 336] [ubootenv] get key:hdr_priority envValue: 268435472
05-28 16:11:14.548 I/SystemControl( 343): [/Ubootenv.cpp, get, 345] [ubootenv] search end and not find env:user_colorattribute
05-28 16:11:14.548 V/MesonDisplayServer( 289): GetDisplayMode:720p60hz
05-28 16:11:14.548 I/SystemControl( 343): [/Ubootenv.cpp, get, 336] [ubootenv] get key:hdmimode envValue: none
05-28 16:11:14.548 I/SystemControl( 343): [/Ubootenv.cpp, get, 336] [ubootenv] get key:cvbsmode envValue: 576cvbs
05-28 16:11:14.548 I/SystemControl( 343): [/Ubootenv.cpp, get, 345] [ubootenv] search end and not find env:user_colorattribute
05-28 16:11:14.549 I/SystemControl( 343): [/Ubootenv.cpp, get, 345] [ubootenv] search end and not find env:dv_enable
05-28 16:11:14.549 E/MesonHwc( 289): dolby vision driver is not ready
05-28 16:11:14.549 I/SystemControl( 343): [/Ubootenv.cpp, get, 345] [ubootenv] search end and not find env:user_prefer_dv_type
05-28 16:11:14.549 E/MesonHwc( 289): dolby vision driver is not ready
05-28 16:11:14.549 I/SystemControl( 343): [/Ubootenv.cpp, get, 345] [ubootenv] search end and not find env:hdr_force_mode
05-28 16:11:14.549 I/SystemControl( 343): [/Ubootenv.cpp, get, 336] [ubootenv] get key:hdr_policy envValue: 0
05-28 16:11:14.549 I/SystemControl( 343): [/Ubootenv.cpp, get, 336] [ubootenv] get key:hdr_priority envValue: 268435472
05-28 16:11:14.549 E/MesonHwc( 289): dolby vision driver is not ready
05-28 16:11:14.550 D/MesonDisplayServer( 289): getDisplayAttribute "Dolby Vision CAP2": "The Rx don't support DolbyVision"
05-28 16:11:14.550 I/SystemControl( 343): [/Ubootenv.cpp, get, 345] [ubootenv] search end and not find env:hdr_resolution_priority
05-28 16:11:14.550 I/SystemControl( 343): [/Ubootenv.cpp, get, 345] [ubootenv] search end and not find env:user_prefer_dv_type
05-28 16:11:14.550 E/MesonHwc( 289): dolby vision driver is not ready
05-28 16:11:14.550 I/MesonDisplay( 289): [/mode_policy.c, is_dv_prefer, 66] not prefer dv, hdr_priority:10000010
05-28 16:11:14.550 I/MesonDisplay( 289): [/mode_policy.c, is_dv_prefer, 66] not prefer dv, hdr_priority:10000010
05-28 16:11:14.550 I/MesonDisplay( 289): [/mode_policy.c, sdr_scene_process, 1154] final_displaymode:1080p60hz
05-28 16:11:14.550 I/MesonDisplay( 289): [/mode_policy.c, get_best_color_attr, 613] get_best_color_attr current mode:[1080p60hz] brr_mode:[1080p60hz]
05-28 16:11:14.550 D/MesonDisplay( 289): meson_write /sys/class/amhdmitx/amhdmitx0/valid_mode, outputmode:1080p60hzrgb,8bit
05-28 16:11:14.550 D/MesonDisplay( 289): valid mode is true!
05-28 16:11:14.550 I/MesonDisplay( 289): [/mode_policy.c, get_best_color_attr, 679] support current mode:[1080p60hz], color format:[rgb,8bit]
05-28 16:11:14.550 I/MesonDisplay( 289): [/mode_policy.c, get_hdmi_color_attr, 1081] get hdmi color attribute : [rgb,8bit], outputmode is: [1080p60hz]
05-28 16:11:14.550 I/MesonDisplay( 289): [/mode_policy.c, update_deepcolor, 1107] colorattribute = rgb,8bit
05-28 16:11:14.550 I/MesonDisplay( 289): [/mode_policy.c, sdr_scene_process, 1163] final_deepcolor = rgb,8bit
05-28 16:11:14.550 I/MesonDisplay( 289): [/mode_policy.c, meson_mode_get_policy_output, 1289] final_displaymode:1080p60hz, final_deepcolor:rgb,8bit, amdv_type:0
05-28 16:11:14.550 I/SystemControl( 343): [/Ubootenv.cpp, get, 336] [ubootenv] get key:hdr_preferred_policy envValue: 0
05-28 16:11:14.550 D/MesonDisplayServer( 289): use connector getDisplayAttribute "HDMI Color ATTR": "rgb,8bit"
05-28 16:11:14.551 D/MesonDisplayServer( 289): getDisplayAttribute "HDR Policy": "0"
05-28 16:11:14.551 D/MesonDisplayServer( 289): getDisplayAttribute "FORCE HDR Mode": "0"
05-28 16:11:14.551 D/MesonDisplayServer( 289): getDisplayAttribute "Dolby Vision Mode": "usage: echo mode > /sys/class/amdolby_vision/dv_mode AMDV_OUTPUT_MODE_BYPASS 0 AMDV_OUTPUT_MODE_IPT 1 AMDV_OUTPUT_MODE_IPT_TUNNEL 2 AMDV_OUTPUT_MODE_HDR10 3 AMDV_OUTPUT_MODE_SDR10 4 AMDV_OUTPUT_MODE_SDR8 5current dv_mode = off"
05-28 16:11:14.551 D/MesonDisplayServer( 289): getDisplayAttribute "Dolby Vision Policy": "0"
05-28 16:11:14.551 I/SystemControl( 343): [/Ubootenv.cpp, get, 345] [ubootenv] search end and not find env:hdr_force_mode
05-28 16:11:14.551 I/SystemControl( 343): [/Ubootenv.cpp, get, 336] [ubootenv] get key:hdr_policy envValue: 0
05-28 16:11:14.551 E/MesonHwc( 289): dolby vision driver is not ready
05-28 16:11:14.552 D/MesonDisplayServer( 289): use connector getDisplayAttribute "HDR Priority": "268435472"
05-28 16:11:14.552 I/SystemControl( 343): [/Ubootenv.cpp, get, 336] [ubootenv] get key:hdr_priority envValue: 268435472
05-28 16:11:14.552 D/MesonDisplayServer( 289): getDisplayAttribute "Dolby Vision Enable": "N"
05-28 16:11:14.552 D/MesonDisplayServer( 289): getDisplayAttribute "Dolby Vision LL Policy": "0"
05-28 16:11:14.552 E/MesonHwc( 289): dolby vision driver is not ready
05-28 16:11:14.552 V/MesonDisplayServer( 289): GetDisplayMode:720p60hz
05-28 16:11:14.719 I/MesonDisplay( 289): [/HDCPTxAuth.cpp, stopVerAll, 344] hdcp_tx 2.2 & 1.4 stop hdcp pwr
05-28 16:11:14.720 E/MesonDisplay( 289): open /sys/class/amhdmitx/amhdmitx0/hdcp_pwr fail. Error info [No such file or directory]
05-28 16:11:14.761 E/MesonDisplay( 289): open /sys/class/amhdmitx/amhdmitx0/hdcp_pwr fail. Error info [No such file or directory]
05-28 16:11:14.761 E/MesonDisplay( 289): open /sys/class/amhdmitx/amhdmitx0/hdcp_ctrl fail. Error info [No such file or directory]
05-28 16:11:14.761 E/MesonDisplay( 289): open /sys/class/amhdmitx/amhdmitx0/hdcp_ctrl fail. Error info [No such file or directory]
05-28 16:11:14.764 I/MesonDisplay( 289): [/HDCPTxAuth.cpp, stop, 137] hdcp_tx pthread exit id = 3997155776, (null) done
05-28 16:11:14.764 D/MesonDisplayServer( 289): SetDisplay[HDMI] Mode to "1080p60hz"
05-28 16:11:14.782 E/MesonHwc( 289): waitVBlank failed crtc[63]ret[-1]
05-28 16:11:14.782 E/MesonHwc( 289): wait for hw vsync error:-1
05-28 16:11:14.785 I/SystemControl( 343): [/UEventObserver.cpp, HDMITxUenventThreadLoop, 451] HDMI TX switch_name:hdmitx_current_status, switch_state: 278
05-28 16:11:14.842 I/audio_hw_hal_primary( 509): [adev_uevent_callback:9131] uevent type=0
05-28 16:11:14.843 I/SystemControl( 343): [/UEventObserver.cpp, HDMITxUenventThreadLoop, 451] HDMI TX switch_name:hdmitx_vmode_audio, switch_state: 1
05-28 16:11:14.846 I/SystemControl( 343): [/UEventObserver.cpp, HDMITxUenventThreadLoop, 451] HDMI TX switch_name:hdmitx_current_status, switch_state: 279
05-28 16:11:14.853 I/audio_hw_hal_alsamgr( 509): raw to lpcm switch aml_alsa_output_write
05-28 16:11:14.865 V/MesonDisplayServer( 289): GetDisplayMode:1080p60hz
05-28 16:11:14.866 E/MesonHwc( 289): read screen size 16x9 from vinfo
05-28 16:11:14.866 E/MesonHwc( 289): dolby vision driver is not ready
05-28 16:11:14.867 E/MesonHwc( 289): dolby vision driver is not ready
05-28 16:11:14.867 D/MesonHwc( 289): ERR: PLEASE FIX NON-IMPLEMENT FUN(update).
05-28 16:11:14.867 I/SystemControl( 343): [/Ubootenv.cpp, get, 336] [ubootenv] get key:1080p_x envValue: 0
05-28 16:11:14.868 I/SystemControl( 343): [/Ubootenv.cpp, get, 336] [ubootenv] get key:1080p_y envValue: 0
05-28 16:11:14.868 I/SystemControl( 343): [/Ubootenv.cpp, get, 336] [ubootenv] get key:1080p_w envValue: 1920
05-28 16:11:14.868 I/SystemControl( 343): [/Ubootenv.cpp, get, 336] [ubootenv] get key:1080p_h envValue: 1080
05-28 16:11:14.868 V/MesonDisplayServer( 289): SetDisplay[HDMI] DisplayRect to "(0,0,1920,1080)"
05-28 16:11:14.868 V/MesonDisplayServer( 289): SetDisplayViewPort done
05-28 16:11:14.869 I/SystemControl( 343): [/UEventObserver.cpp, HDMITxUenventThreadLoop, 451] HDMI TX switch_name:hdmitx_current_status, switch_state: 280
05-28 16:11:14.873 I/audio_hw_hal_ms12v2( 509): dolby_ms12_threadloop alsa is not running
05-28 16:11:14.873 I/audio_hw_hal_alsamgr( 509): aml_alsa_output_write alsa_running_status[0xeed05650] change from 0 to 1
05-28 16:11:14.888 E/MesonHwc( 289): open file [/sys/class/amhdmitx/amhdmitx0/aud_mute] error:Permission denied
05-28 16:11:14.889 E/MesonHwc( 289): open file [/sys/class/amhdmitx/amhdmitx0/aud_mute] error:Permission denied
05-28 16:11:14.889 E/MesonHwc( 289): dolby vision driver is not ready
05-28 16:11:14.889 I/MesonDisplay( 289): [/HDCPTxAuth.cpp, authThread, 173] hdcp_tx thread loop entry
05-28 16:11:14.889 I/MesonDisplay( 289): [/HDCPTxAuth.cpp, start, 109] hdcp_tx, create hdcp thread id = 3997155776 done
05-28 16:11:14.889 D/MesonDisplay( 289): read /sys/class/amhdmitx/amhdmitx0/hdcp_lstore, result length:0, val:
05-28 16:11:14.890 I/SystemControl( 343): [/Ubootenv.cpp, get, 345] [ubootenv] search end and not find env:digitaudiooutput
05-28 16:11:14.890 V/MesonDisplayServer( 289): GetDisplayMode:1080p60hz
05-28 16:11:14.890 D/MesonDisplayServer( 289): use connector getDisplayAttribute "HDMI Color ATTR": "rgb,8bit"
05-28 16:11:14.890 I/SystemControl( 343): [/Ubootenv.cpp, updateValue, 68] [ubootenv] update value name [ubootenv.var.1080p60hz_deepcolor]: value [rgb,8bit]
05-28 16:11:14.890 I/SystemControl( 343): [/Ubootenv.cpp, get, 336] [ubootenv] get key:1080p60hz_deepcolor envValue: 422,12bit
05-28 16:11:14.891 I/SystemControl( 343): [/Ubootenv.cpp, printValues, 137] [ubootenv] printenv end
05-28 16:11:14.898 I/SystemControl( 343): [/Ubootenv.cpp, updateValue, 104] [ubootenv] Save ubootenv to /dev/block/by-name/env succeed!
05-28 16:11:14.898 I/SystemControl( 343): [/Ubootenv.cpp, updateValue, 68] [ubootenv] update value name [ubootenv.var.colorattribute]: value [rgb,8bit]
05-28 16:11:14.898 I/SystemControl( 343): [/Ubootenv.cpp, get, 336] [ubootenv] get key:colorattribute envValue: 422,12bit
05-28 16:11:14.899 I/SystemControl( 343): [/Ubootenv.cpp, printValues, 137] [ubootenv] printenv end
05-28 16:11:14.900 I/SystemControl( 343): [/Ubootenv.cpp, updateValue, 104] [ubootenv] Save ubootenv to /dev/block/by-name/env succeed!
05-28 16:11:14.901 I/SystemControl( 343): [/Ubootenv.cpp, updateValue, 68] [ubootenv] update value name [ubootenv.var.hdmi_colordepth]: value [8]
05-28 16:11:14.901 I/SystemControl( 343): [/Ubootenv.cpp, get, 336] [ubootenv] get key:hdmi_colordepth envValue: 8
05-28 16:11:14.901 I/SystemControl( 343): [/Ubootenv.cpp, updateValue, 68] [ubootenv] update value name [ubootenv.var.hdmi_colorspace]: value [auto]
05-28 16:11:14.901 I/SystemControl( 343): [/Ubootenv.cpp, get, 336] [ubootenv] get key:hdmi_colorspace envValue: auto
05-28 16:11:14.901 I/SystemControl( 343): [/Ubootenv.cpp, updateValue, 68] [ubootenv] update value name [ubootenv.var.outputmode]: value [1080p60hz]
05-28 16:11:14.901 I/SystemControl( 343): [/Ubootenv.cpp, get, 336] [ubootenv] get key:outputmode envValue: 1080p60hz
05-28 16:11:14.901 E/MesonHwc( 289): dolby vision driver is not ready
05-28 16:11:14.901 I/MesonDisplay( 289): [/mode_policy.c, meson_mode_set_policy, 1177] connector:0 to policy:0
05-28 16:11:14.915 E/HwcComposer( 263): setClientTargetSlotCount failed Status(-8, EX_SERVICE_SPECIFIC): '4: '
05-28 16:11:14.929 I/Scheduler( 263): Display 4627013623894091019 is the pacesetter
05-28 16:11:14.929 E/SchedulerTimer( 263): Terminated
05-28 16:11:14.930 D/SurfaceFlinger( 263): Setting power mode 2 on display 4627013623894091019
05-28 16:11:14.930 W/EventThread( 263): Failed dispatching Hotplug{displayId=4627013623894091019, connected} for Connection{0xf1c82c10, VSyncRequest::None}
05-28 16:11:14.930 W/EventThread( 263): Failed dispatching Hotplug{displayId=4627013623894091019, connected} for Connection{0xf1c83290, VSyncRequest::None}
05-28 16:11:14.930 W/EventThread( 263): Failed dispatching Hotplug{displayId=4627013623894091019, connected} for Connection{0xf1c82d10, VSyncRequest::None}
05-28 16:11:14.930 W/EventThread( 263): Failed dispatching Hotplug{displayId=4627013623894091019, connected} for Connection{0xf1c82890, VSyncRequest::None}
05-28 16:11:14.930 D/SurfaceFlinger( 263): Finished setting power mode 2 on display 4627013623894091019
05-28 16:11:14.932 W/HWComposer( 263): Ignoring duplicate VSYNC event from HWC for display 4627013623894091019 (t=7145247114000)
05-28 16:11:14.941 I/RefreshRateSelector( 263): Display 4627013623894091019 policy changed
05-28 16:11:14.941 I/RefreshRateSelector( 263): Previous: {defaultModeId=246, allowGroupSwitching=false, primaryRanges={physical=[0.00 Hz, 340282346638528859811704183484516925440.00 Hz], render=[0.00 Hz, 340282346638528859811704183484516925440.00 Hz]}, appRequestRanges={physical=[0.00 Hz, 340282346638528859811704183484516925440.00 Hz], render=[0.00 Hz, 340282346638528859811704183484516925440.00 Hz]}}
05-28 16:11:14.941 I/RefreshRateSelector( 263): Current: DisplayManagerPolicy{defaultModeId=248, allowGroupSwitching=false, primaryRanges={physical=[0.00 Hz, inf Hz], render=[0.00 Hz, 120.00 Hz]}, appRequestRanges={physical=[0.00 Hz, inf Hz], render=[0.00 Hz, inf Hz]}}
05-28 16:11:14.941 I/RefreshRateSelector( 263): 0 mode changes were performed under the previous policy
05-28 16:11:14.965 I/MesonDisplay( 289): [/mode_policy.c, meson_mode_set_policy, 1177] connector:0 to policy:8
05-28 16:11:14.965 I/SystemControl( 343): [/Ubootenv.cpp, get, 336] [ubootenv] get key:hdr_preferred_policy envValue: 0
05-28 16:11:14.965 I/SystemControl( 343): [/Ubootenv.cpp, get, 336] [ubootenv] get key:user_hdr_type envValue: 3
05-28 16:11:14.966 D/MesonDisplayServer( 289): getDisplayAttribute "Dolby Vision CAP2": "The Rx don't support DolbyVision"
05-28 16:11:14.966 I/SystemControl( 343): [/Ubootenv.cpp, updateValue, 68] [ubootenv] update value name [ubootenv.var.hdr_policy]: value [0]
05-28 16:11:14.966 I/SystemControl( 343): [/Ubootenv.cpp, get, 336] [ubootenv] get key:hdr_policy envValue: 0
05-28 16:11:14.966 I/SystemControl( 343): [/Ubootenv.cpp, updateValue, 68] [ubootenv] update value name [ubootenv.var.hdr_priority]: value [268435472]
05-28 16:11:14.966 I/SystemControl( 343): [/Ubootenv.cpp, get, 336] [ubootenv] get key:hdr_priority envValue: 268435472
05-28 16:11:14.966 I/SystemControl( 343): [/Ubootenv.cpp, get, 345] [ubootenv] search end and not find env:user_colorattribute
05-28 16:11:14.966 V/MesonDisplayServer( 289): GetDisplayMode:1080p60hz
05-28 16:11:14.967 I/SystemControl( 343): [/Ubootenv.cpp, get, 336] [ubootenv] get key:hdmimode envValue: none
05-28 16:11:14.967 I/SystemControl( 343): [/Ubootenv.cpp, get, 336] [ubootenv] get key:cvbsmode envValue: 576cvbs
05-28 16:11:14.967 I/SystemControl( 343): [/Ubootenv.cpp, get, 345] [ubootenv] search end and not find env:user_colorattribute
05-28 16:11:14.967 I/SystemControl( 343): [/Ubootenv.cpp, get, 345] [ubootenv] search end and not find env:dv_enable
05-28 16:11:14.967 E/MesonHwc( 289): dolby vision driver is not ready
05-28 16:11:14.968 I/SystemControl( 343): [/Ubootenv.cpp, get, 345] [ubootenv] search end and not find env:user_prefer_dv_type
05-28 16:11:14.968 E/MesonHwc( 289): dolby vision driver is not ready
05-28 16:11:14.968 I/SystemControl( 343): [/Ubootenv.cpp, get, 345] [ubootenv] search end and not find env:hdr_force_mode
05-28 16:11:14.968 I/SystemControl( 343): [/Ubootenv.cpp, get, 336] [ubootenv] get key:hdr_policy envValue: 0
05-28 16:11:14.968 I/SystemControl( 343): [/Ubootenv.cpp, get, 336] [ubootenv] get key:hdr_priority envValue: 268435472
05-28 16:11:14.968 E/MesonHwc( 289): dolby vision driver is not ready
05-28 16:11:14.969 D/MesonDisplayServer( 289): getDisplayAttribute "Dolby Vision CAP2": "The Rx don't support DolbyVision"
05-28 16:11:14.969 I/SystemControl( 343): [/Ubootenv.cpp, get, 345] [ubootenv] search end and not find env:hdr_resolution_priority
05-28 16:11:14.969 I/SystemControl( 343): [/Ubootenv.cpp, get, 345] [ubootenv] search end and not find env:user_prefer_dv_type
05-28 16:11:14.969 E/MesonHwc( 289): dolby vision driver is not ready
05-28 16:11:14.969 I/MesonDisplay( 289): [/mode_policy.c, is_dv_prefer, 66] not prefer dv, hdr_priority:10000010
05-28 16:11:14.969 I/MesonDisplay( 289): [/mode_policy.c, is_dv_prefer, 66] not prefer dv, hdr_priority:10000010
05-28 16:11:14.969 I/MesonDisplay( 289): [/mode_policy.c, sdr_scene_process, 1154] final_displaymode:720p60hz
05-28 16:11:14.969 I/MesonDisplay( 289): [/mode_policy.c, get_best_color_attr, 613] get_best_color_attr current mode:[720p60hz] brr_mode:[720p60hz]
05-28 16:11:14.969 D/MesonDisplay( 289): meson_write /sys/class/amhdmitx/amhdmitx0/valid_mode, outputmode:720p60hzrgb,8bit
05-28 16:11:14.970 D/MesonDisplay( 289): valid mode is true!
05-28 16:11:14.970 I/MesonDisplay( 289): [/mode_policy.c, get_best_color_attr, 679] support current mode:[720p60hz], color format:[rgb,8bit]
05-28 16:11:14.970 I/MesonDisplay( 289): [/mode_policy.c, get_hdmi_color_attr, 1081] get hdmi color attribute : [rgb,8bit], outputmode is: [720p60hz]
05-28 16:11:14.970 I/MesonDisplay( 289): [/mode_policy.c, update_deepcolor, 1107] colorattribute = rgb,8bit
05-28 16:11:14.970 I/MesonDisplay( 289): [/mode_policy.c, sdr_scene_process, 1163] final_deepcolor = rgb,8bit
05-28 16:11:14.970 I/MesonDisplay( 289): [/mode_policy.c, meson_mode_get_policy_output, 1289] final_displaymode:720p60hz, final_deepcolor:rgb,8bit, amdv_type:0
05-28 16:11:14.970 I/SystemControl( 343): [/Ubootenv.cpp, get, 336] [ubootenv] get key:hdr_preferred_policy envValue: 0
05-28 16:11:14.970 D/MesonDisplayServer( 289): use connector getDisplayAttribute "HDMI Color ATTR": "rgb,8bit"
05-28 16:11:14.970 D/MesonDisplayServer( 289): getDisplayAttribute "HDR Policy": "0"
05-28 16:11:14.970 D/MesonDisplayServer( 289): getDisplayAttribute "FORCE HDR Mode": "0"
05-28 16:11:14.971 D/MesonDisplayServer( 289): getDisplayAttribute "Dolby Vision Mode": "usage: echo mode > /sys/class/amdolby_vision/dv_mode AMDV_OUTPUT_MODE_BYPASS 0 AMDV_OUTPUT_MODE_IPT 1 AMDV_OUTPUT_MODE_IPT_TUNNEL 2 AMDV_OUTPUT_MODE_HDR10 3 AMDV_OUTPUT_MODE_SDR10 4 AMDV_OUTPUT_MODE_SDR8 5current dv_mode = off"
05-28 16:11:14.971 D/MesonDisplayServer( 289): getDisplayAttribute "Dolby Vision Policy": "0"
05-28 16:11:14.971 I/SystemControl( 343): [/Ubootenv.cpp, get, 345] [ubootenv] search end and not find env:hdr_force_mode
