05-28 16:14:25.977 I/hdmicecd( 552): [HdmiCecControl]:portId: 0, type:output, cec support:1, arc support:1, physical address:0
05-28 16:14:25.977 I/hdmicecd( 552): [HdmiCecControl]:arc port:0
05-28 16:14:25.981 D/hdmiconnection( 552): port id:0 physical: 0
05-28 16:14:25.981 E/IPCThreadState( 552): binder thread pool (1 threads) starved for 1052 ms
05-28 16:14:25.982 D/HDMI ( 742): initPortInfo port info:port_id: 0, type: HDMI_OUT, address: 0x0000, cec: true, arc: true, mhl: false, earc: false
05-28 16:14:25.982 I/hdmicecd( 532): [HdmiCecControl]:clearLogicaladdress
05-28 16:14:25.983 W/Looper ( 742): Slow dispatch took 1057ms main h=android.os.Handler c=com.android.server.hdmi.WorkSourceUidPreservingRunnable@7db88a3 m=0
05-28 16:14:25.983 W/Looper ( 742): Slow delivery took 1059ms main h=com.android.server.power.Notifier$NotifierHandler c=null m=7
05-28 16:14:26.005 E/HwcComposer( 263): setClientTargetSlotCount failed Status(-8, EX_SERVICE_SPECIFIC): '4: '
05-28 16:14:26.013 I/Scheduler( 263): Display 4627013623894091019 is the pacesetter
05-28 16:14:26.013 E/SchedulerTimer( 263): Terminated
05-28 16:14:26.014 D/SurfaceFlinger( 263): Setting power mode 2 on display 4627013623894091019
05-28 16:14:26.014 W/EventThread( 263): Failed dispatching Hotplug{displayId=4627013623894091019, connected} for Connection{0xf1c82c10, VSyncRequest::None}
05-28 16:14:26.014 W/EventThread( 263): Failed dispatching Hotplug{displayId=4627013623894091019, connected} for Connection{0xf1c83290, VSyncRequest::None}
05-28 16:14:26.014 W/EventThread( 263): Failed dispatching Hotplug{displayId=4627013623894091019, connected} for Connection{0xf1c82d10, VSyncRequest::None}
05-28 16:14:26.014 W/EventThread( 263): Failed dispatching Hotplug{displayId=4627013623894091019, connected} for Connection{0xf1c82890, VSyncRequest::None}
05-28 16:14:26.014 W/EventThread( 263): Failed dispatching Hotplug{displayId=4627013623894091019, connected} for Connection{0xf1c86910, VSyncRequest::None}
05-28 16:14:26.014 W/EventThread( 263): Failed dispatching Hotplug{displayId=4627013623894091019, connected} for Connection{0xf1c84e90, VSyncRequest::None}
05-28 16:14:26.015 D/SurfaceFlinger( 263): Finished setting power mode 2 on display 4627013623894091019
05-28 16:14:26.016 I/MesonDisplay( 289): [/mode_policy.c, meson_mode_set_policy, 1177] connector:0 to policy:0
05-28 16:14:26.016 I/MesonDisplay( 289): [/mode_policy.c, is_dv_prefer, 66] not prefer dv, hdr_priority:10000010
05-28 16:14:26.016 I/MesonDisplay( 289): [/mode_policy.c, is_dv_prefer, 66] not prefer dv, hdr_priority:10000010
05-28 16:14:26.016 E/MesonDisplay( 289): EDID parsing error detected
05-28 16:14:26.016 I/MesonDisplay( 289): [/mode_policy.c, sdr_scene_process, 1146] final_displaymode:720p60hz
05-28 16:14:26.016 I/MesonDisplay( 289): [/mode_policy.c, get_best_color_attr, 613] get_best_color_attr current mode:[720p60hz] brr_mode:[720p60hz]
05-28 16:14:26.016 D/MesonDisplay( 289): meson_write /sys/class/amhdmitx/amhdmitx0/valid_mode, outputmode:720p60hzrgb,8bit
05-28 16:14:26.017 D/MesonDisplay( 289): valid mode is true!
05-28 16:14:26.017 I/MesonDisplay( 289): [/mode_policy.c, get_best_color_attr, 679] support current mode:[720p60hz], color format:[rgb,8bit]
05-28 16:14:26.017 I/MesonDisplay( 289): [/mode_policy.c, get_hdmi_color_attr, 1081] get hdmi color attribute : [rgb,8bit], outputmode is: [720p60hz]
05-28 16:14:26.017 I/MesonDisplay( 289): [/mode_policy.c, update_deepcolor, 1107] colorattribute = rgb,8bit
05-28 16:14:26.017 I/MesonDisplay( 289): [/mode_policy.c, sdr_scene_process, 1163] final_deepcolor = rgb,8bit
05-28 16:14:26.017 I/MesonDisplay( 289): [/mode_policy.c, meson_mode_get_policy_output, 1289] final_displaymode:720p60hz, final_deepcolor:rgb,8bit, amdv_type:0
05-28 16:14:26.017 I/MesonDisplay( 289): [/mode_policy.c, meson_mode_set_policy, 1177] connector:0 to policy:0
05-28 16:14:26.021 I/MesonDisplay( 289): [/mode_policy.c, meson_mode_set_policy, 1177] connector:0 to policy:0
05-28 16:14:26.021 I/MesonDisplay( 289): [/mode_policy.c, is_dv_prefer, 66] not prefer dv, hdr_priority:10000010
05-28 16:14:26.021 I/MesonDisplay( 289): [/mode_policy.c, is_dv_prefer, 66] not prefer dv, hdr_priority:10000010
05-28 16:14:26.021 E/MesonDisplay( 289): EDID parsing error detected
05-28 16:14:26.021 I/MesonDisplay( 289): [/mode_policy.c, sdr_scene_process, 1146] final_displaymode:720p60hz
05-28 16:14:26.021 I/MesonDisplay( 289): [/mode_policy.c, get_best_color_attr, 613] get_best_color_attr current mode:[720p60hz] brr_mode:[720p60hz]
05-28 16:14:26.021 D/MesonDisplay( 289): meson_write /sys/class/amhdmitx/amhdmitx0/valid_mode, outputmode:720p60hzrgb,8bit
05-28 16:14:26.021 D/MesonDisplay( 289): valid mode is true!
05-28 16:14:26.021 I/MesonDisplay( 289): [/mode_policy.c, get_best_color_attr, 679] support current mode:[720p60hz], color format:[rgb,8bit]
05-28 16:14:26.021 I/MesonDisplay( 289): [/mode_policy.c, get_hdmi_color_attr, 1081] get hdmi color attribute : [rgb,8bit], outputmode is: [720p60hz]
05-28 16:14:26.021 I/MesonDisplay( 289): [/mode_policy.c, update_deepcolor, 1107] colorattribute = rgb,8bit
05-28 16:14:26.021 I/MesonDisplay( 289): [/mode_policy.c, sdr_scene_process, 1163] final_deepcolor = rgb,8bit
05-28 16:14:26.021 I/MesonDisplay( 289): [/mode_policy.c, meson_mode_get_policy_output, 1289] final_displaymode:720p60hz, final_deepcolor:rgb,8bit, amdv_type:0
05-28 16:14:26.021 I/MesonDisplay( 289): [/mode_policy.c, meson_mode_set_policy, 1177] connector:0 to policy:0
05-28 16:14:26.022 D/LocalDisplayAdapter( 742): The active mode was changed from SurfaceFlinger or the display device to {id=260, width=1280, height=720, fps=59.94006, alternativeRefreshRates=[], supportedHdrTypes=[]}
05-28 16:14:26.023 V/MediaRouter( 742): Audio routes updated: AudioRoutesInfo{ type=HDMI }, a2dp=false
05-28 16:14:26.023 V/MediaRouter( 742): Selecting route: RouteInfo{ name=外部设备, description=null, status=null, category=RouteCategory{ name=系统 types=ROUTE_TYPE_LIVE_AUDIO ROUTE_TYPE_LIVE_VIDEO groupable=false }, supportedTypes=ROUTE_TYPE_LIVE_AUDIO ROUTE_TYPE_LIVE_VIDEO , presentationDisplay=null }
05-28 16:14:26.024 I/DisplayDeviceRepository( 742): Display device changed: DisplayDeviceInfo{"内置屏幕": uniqueId="local:4627013623894091019", 1280 x 720, modeId 260, renderFrameRate 59.94006, defaultModeId 260, supportedModes [{id=258, width=1920, height=1080, fps=59.94006, alternativeRefreshRates=[], supportedHdrTypes=[]}, {id=259, width=1920, height=1080, fps=60.000004, alternativeRefreshRates=[], supportedHdrTypes=[]}, {id=260, width=1280, height=720, fps=59.94006, alternativeRefreshRates=[], supportedHdrTypes=[]}, {id=261, width=1280, height=720, fps=60.000004, alternativeRefreshRates=[], supportedHdrTypes=[]}], colorMode 0, supportedColorModes [0], hdrCapabilities HdrCapabilities{mSupportedHdrTypes=[], mMaxLuminance=500.0, mMaxAverageLuminance=500.0, mMinLuminance=0.0}, allmSupported false, gameContentTypeSupported false, density 160, 2032.0 x 2032.0 dpi, appVsyncOff 2000000, presDeadline 13683333, touch INTERNAL, rotation 0, type INTERNAL, address {port=11, model=0x403674603f19a5}, deviceProductInfo null, state ON, committedState ON, frameRateOverride , brightnessMinimum 0.0, brightnessMaximum 1.0, brightnessDefault 0.39763778, hdrSdrRatio NaN, FLAG_ALLOWED_TO_BE_DEFAULT_DISPLAY, FLAG_ROTATES_WITH_CONTENT, FLAG_SECURE, FLAG_SUPPORTS_PROTECTED_BUFFERS, FLAG_TRUSTED, installOrientation 0, displayShape DisplayShape{ spec=-1507169495 displayWidth=1280 displayHeight=720 physicalPixelDisplaySizeRatio=1.0 rotation=0 offsetX=0 offsetY=0 scale=1.0}}
05-28 16:14:26.024 W/Looper ( 742): Drained
05-28 16:14:26.025 I/DisplayDeviceRepository( 742): Display device changed: DisplayDeviceInfo{"内置屏幕": uniqueId="local:4627013623894091019", 1280 x 720, modeId 260, renderFrameRate 59.94006, defaultModeId 260, supportedModes [{id=258, width=1920, height=1080, fps=59.94006, alternativeRefreshRates=[], supportedHdrTypes=[]}, {id=259, width=1920, height=1080, fps=60.000004, alternativeRefreshRates=[], supportedHdrTypes=[]}, {id=260, width=1280, height=720, fps=59.94006, alternativeRefreshRates=[], supportedHdrTypes=[]}, {id=261, width=1280, height=720, fps=60.000004, alternativeRefreshRates=[], supportedHdrTypes=[]}], colorMode 0, supportedColorModes [0], hdrCapabilities HdrCapabilities{mSupportedHdrTypes=[], mMaxLuminance=500.0, mMaxAverageLuminance=500.0, mMinLuminance=0.0}, allmSupported false, gameContentTypeSupported false, density 160, 2032.0 x 2032.0 dpi, appVsyncOff 2000000, presDeadline 13683333, touch INTERNAL, rotation 0, type INTERNAL, address {port=11, model=0x403674603f19a5}, deviceProductInfo null, state ON, committedState ON, frameRateOverride , brightnessMinimum 0.0, brightnessMaximum 1.0, brightnessDefault 0.39763778, hdrSdrRatio NaN, FLAG_ALLOWED_TO_BE_DEFAULT_DISPLAY, FLAG_ROTATES_WITH_CONTENT, FLAG_SECURE, FLAG_SUPPORTS_PROTECTED_BUFFERS, FLAG_TRUSTED, installOrientation 0, displayShape DisplayShape{ spec=-1507169495 displayWidth=1280 displayHeight=720 physicalPixelDisplaySizeRatio=1.0 rotation=0 offsetX=0 offsetY=0 scale=1.0}}
05-28 16:14:26.036 I/RefreshRateSelector( 263): Display 4627013623894091019 policy changed
05-28 16:14:26.036 I/RefreshRateSelector( 263): Previous: {defaultModeId=264, allowGroupSwitching=false, primaryRanges={physical=[0.00 Hz, 340282346638528859811704183484516925440.00 Hz], render=[0.00 Hz, 340282346638528859811704183484516925440.00 Hz]}, appRequestRanges={physical=[0.00 Hz, 340282346638528859811704183484516925440.00 Hz], render=[0.00 Hz, 340282346638528859811704183484516925440.00 Hz]}}
05-28 16:14:26.036 I/RefreshRateSelector( 263): Current: DisplayManagerPolicy{defaultModeId=264, allowGroupSwitching=false, primaryRanges={physical=[0.00 Hz, inf Hz], render=[0.00 Hz, 120.00 Hz]}, appRequestRanges={physical=[0.00 Hz, inf Hz], render=[0.00 Hz, inf Hz]}}
05-28 16:14:26.036 I/RefreshRateSelector( 263): 0 mode changes were performed under the previous policy
05-28 16:14:26.038 D/hdmicecd( 532): [CEC]:printCecMessage, [4 -> 4] len: 0, body:, result:no ack
05-28 16:14:26.098 D/hdmicecd( 532): [CEC]:printCecMessage, [4 -> 4] len: 0, body:, result:no ack
05-28 16:14:26.154 D/hdmicecd( 532): [CEC]:printCecMessage, [4 -> 4] len: 0, body:, result:no ack
05-28 16:14:26.154 D/HDMI ( 742): New logical address for device [4]: [preferred:4, assigned:4]
05-28 16:14:26.155 D/hdmicecd( 532): [HdmiCecControl]:getPhysicalAddress, physical addr: ffff, last pa: 1000, ret = 0
05-28 16:14:26.155 D/hdmicecd( 532): [HdmiCecControl]:getPhysicalAddress, physical addr: ffff, last pa: 1000, ret = 0
05-28 16:14:26.155 D/hdmicecd( 532): [HdmiCecControl]:getPhysicalAddress, physical addr: ffff, last pa: 1000, ret = 0
05-28 16:14:26.156 D/hdmicecd( 532): [HdmiCecControl]:getVendorId, vendorId: 0x1CA410
05-28 16:14:26.157 D/hdmicecd( 532): [HdmiCecControl]:getPhysicalAddress, physical addr: ffff, last pa: 1000, ret = 0
05-28 16:14:26.157 D/HDMI ( 742): addCecDevice new:CEC: logical_address: 0x04 device_type: 4 cec_version: 5 vendor_id: 1877008 display_name: DBBOX-A3 power_status: 0 physical_address: 0x1000 port_id: 0 old:null
05-28 16:14:26.157 I/hdmicecd( 532): [HdmiCecControl]:addr:4, allocate result:0
05-28 16:14:26.166 D/hdmicecd( 532): [HdmiCecControl]:onAddressAllocated:4
05-28 16:14:26.167 D/HDMI ( 742): onAddressAllocated address:4 reason:4
05-28 16:14:26.167 D/hdmicecd( 532): [HdmiCecControl]:getPhysicalAddress, physical addr: ffff, last pa: 1000, ret = 0
05-28 16:14:26.168 D/hdmicecd( 532): [HdmiCecControl]:getVendorId, vendorId: 0x1CA410
05-28 16:14:26.168 D/HDMI ( 742): [S]: 4F:84:10:00:04
05-28 16:14:26.169 D/hdmicecd( 532): [HdmiCecControl]:getPhysicalAddress, physical addr: ffff, last pa: 1000, ret = 0
05-28 16:14:26.170 D/HDMI ( 742): DeviceDiscoveryAction start com.android.server.hdmi.DeviceDiscoveryAction@d2d07a0
05-28 16:14:26.329 I/SystemControl( 343): [/UEventObserver.cpp, HDMITxUenventThreadLoop, 451] HDMI TX switch_name:hdmitx_current_status, switch_state: 303
05-28 16:14:26.335 I/SystemControl( 343): [/UEventObserver.cpp, HDMITxUenventThreadLoop, 451] HDMI TX switch_name:hdmitx_hpd, switch_state: 0
05-28 16:14:26.335 I/SystemControl( 343): [/DisplayMode.cpp, onTxEvent, 3267] onTxEvent switchName:hdmitx_hpd hpdstate:0 state: 1
05-28 16:14:26.335 I/SystemControl( 343): [/Ubootenv.cpp, get, 345] [ubootenv] search end and not find env:connector_type
05-28 16:14:26.335 I/SystemControl( 343): [/SysWrite.cpp, getKernelReleaseVersion, 701] getKernelReleaseVersion: 5.15
05-28 16:14:26.335 I/SystemControl( 343): [/SystemControlHal.cpp, onEvent, 72] onEvent event:2, client size:5
05-28 16:14:26.336 I/SystemControlClient( 529): notifyCallback event type:2
05-28 16:14:26.336 I/SystemControlClient( 529): notifyCallback: listener is NULL.
05-28 16:14:26.336 V/WindowManager( 742): app ------------- force_land :0
05-28 16:14:26.335 I/SystemControlClient( 528): notifyCallback event type:2
05-28 16:14:26.336 I/SystemControlClient( 528): notifyCallback: listener is NULL.
05-28 16:14:26.336 E/MesonHwc( 289): DrmConnector[HDMI-A] still DISCONNECTED.
05-28 16:14:26.336 D/MesonHwc( 289): ERR: PLEASE FIX NON-IMPLEMENT FUN(update).
05-28 16:14:26.336 I/SystemControlClient( 527): notifyCallback event type:2
05-28 16:14:26.336 I/SystemControlClient( 527): notifyCallback: listener is NULL.
05-28 16:14:26.336 I/SystemControlClient( 244): notifyCallback event type:2
05-28 16:14:26.336 I/SystemControlClient( 244): notifyCallback: listener is NULL.
05-28 16:14:26.336 I/SystemControl( 343): [/Ubootenv.cpp, get, 345] [ubootenv] search end and not find env:connector_type
05-28 16:14:26.337 I/SystemControlEvent( 1379): system control callback event: 2
05-28 16:14:26.337 E/MesonHwc( 289): FixedDisplayPipe::getConnectorCfg 15
05-28 16:14:26.337 E/MesonHwc( 289): read screen size 0x0 from vinfo
05-28 16:14:26.337 E/MesonHwc( 289): dolby vision driver is not ready
05-28 16:14:26.338 I/SystemControl( 343): [/Ubootenv.cpp, get, 345] [ubootenv] search end and not find env:connector_type
05-28 16:14:26.338 E/MesonHwc( 289): FixedDisplayPipe::getConnectorCfg 15
05-28 16:14:26.338 D/MesonHwc( 289): ERR: PLEASE FIX NON-IMPLEMENT FUN(update).
05-28 16:14:26.339 E/MesonHwc( 289): read screen size 0x0 from vinfo
05-28 16:14:26.339 E/MesonHwc( 289): dolby vision driver is not ready
05-28 16:14:26.340 E/MesonHwc( 289): Do Nothing in updateDisplayMode .
05-28 16:14:26.340 V/MesonDisplayServer( 289): GetDisplayMode:720p60hz
05-28 16:14:26.341 E/xxxxxxxxxxxxxxx( 2316): onReceive:mIsHDMIPlugged = false
05-28 16:14:26.344 I/hdmicecd( 552): [HdmiCecControl]:Hotplug event port:0, now:0, prevStatus:1 power:1
05-28 16:14:26.344 E/xxxxxxxxxxxxxxx( 2316): onReceive:mIsHDMIPlugged = false
05-28 16:14:26.345 I/SystemControl( 343): [/Ubootenv.cpp, get, 336] [ubootenv] get key:hdmimode envValue: none
05-28 16:14:26.345 I/SystemControl( 343): [/Ubootenv.cpp, get, 345] [ubootenv] search end and not find env:user_colorattribute
05-28 16:14:26.345 I/SystemControl( 343): [/Ubootenv.cpp, get, 345] [ubootenv] search end and not find env:hdr_force_mode
05-28 16:14:26.345 I/SystemControl( 343): [/DisplayMode.cpp, gethdrforcemode, 2742] get hdr force mode is [2]
05-28 16:14:26.345 I/SystemControl( 343): [/Ubootenv.cpp, get, 336] [ubootenv] get key:hdr_policy envValue: 0
05-28 16:14:26.345 I/SystemControl( 343): [/DisplayMode.cpp, getHdrStrategy, 2758] getHdrStrategy is [0]
05-28 16:14:26.345 I/SystemControl( 343): [/Ubootenv.cpp, get, 336] [ubootenv] get key:hdr_priority envValue: 268435472
05-28 16:14:26.345 I/SystemControl( 343): [/DisplayMode.cpp, getHdrPriority, 2891] getHdrPriority is [0x10000010]
05-28 16:14:26.345 I/SystemControl( 343): [/DisplayMode.cpp, getCommonData, 1534] isbestcolorspace:1, isbestpolicy:1, hdr_policy:0, hdr_priority :268435472, hdr_force_mode:2
05-28 16:14:26.345 I/hdmiconnection( 552): hot plug port id 0, is connected 0
05-28 16:14:26.346 D/HDMI ( 742): Hotplug event:[port:0, connected:false]
05-28 16:14:26.348 V/MesonDisplayServer( 289): GetDisplayMode:720p60hz
05-28 16:14:26.348 I/SystemControl( 343): [/DisplayMode.cpp, getDisplayMode, 2331] getDisplayMode mode:720p60hz
05-28 16:14:26.349 I/SystemControl( 343): [/Ubootenv.cpp, get, 336] [ubootenv] get key:hdmimode envValue: none
05-28 16:14:26.349 I/SystemControl( 343): [/Ubootenv.cpp, get, 336] [ubootenv] get key:cvbsmode envValue: 576cvbs
05-28 16:14:26.349 I/SystemControl( 343): [/DisplayMode.cpp, getCommonData, 1542] hdmi_current_mode:720p60hz, ubootenv hdmimode:none cvbsmode:576cvbs
05-28 16:14:26.349 I/WiredAccessoryManager( 742): MSG_NEW_DEVICE_STATE
05-28 16:14:26.349 I/AS.AudioDeviceInventory( 742): NOISY: adding 0x400
05-28 16:14:26.350 I/AS.AudioDeviceInventory( 742): NOISY: musicDevice changing from NONE to 0x400
05-28 16:14:26.350 E/ccc ( 1946): cccccc hdmi plug reset
05-28 16:14:26.350 E/ccc ( 1946): cccccc hdmi plug reset
05-28 16:14:26.350 D/MesonDisplayServer( 289): use connector getDisplayAttribute "HDMI Color ATTR": "rgb,8bit"
05-28 16:14:26.350 I/SystemControl( 343): [/Ubootenv.cpp, get, 345] [ubootenv] search end and not find env:user_colorattribute
05-28 16:14:26.350 I/SystemControl( 343): [/DisplayMode.cpp, getCommonData, 1554] hdmi_current_attr:rgb,8bit, ubootenv_colorattribute:none
05-28 16:14:26.350 I/SystemControl( 343): [/Ubootenv.cpp, get, 345] [ubootenv] search end and not find env:dv_enable
05-28 16:14:26.350 I/SystemControl( 343): [/DisplayMode.cpp, getCommonData, 1567] dv_enable:0
05-28 16:14:26.350 I/SystemControl( 343): [/Ubootenv.cpp, get, 345] [ubootenv] search end and not find env:user_prefer_dv_type
05-28 16:14:26.350 I/SystemControl( 343): [/DisplayMode.cpp, getCommonData, 1578] ubootenv_dv_type:0
05-28 16:14:26.351 I/AS.AudioDeviceBroker( 742): broadcast ACTION_AUDIO_BECOMING_NOISY
05-28 16:14:26.352 I/SystemControl( 343): [/DisplayMode.cpp, getHdmiData, 1721] display sink type:0 [0:none, 1:sink, 2:repeater]
05-28 16:14:26.352 I/SystemControl( 343): [/DisplayMode.cpp, filterHdmiDispcap, 1398] before filtered HdmiDispcap:
05-28 16:14:26.352 I/SystemControl( 343): [/DisplayMode.cpp, filterHdmiDispcap, 1427] after filtered HdmiDispcap:
05-28 16:14:26.369 D/MesonDisplayServer( 289): getDisplayAttribute "Dolby Vision CAP2": "The Rx don't support DolbyVision"
05-28 16:14:26.369 E/SystemControl( 343): [/DisplayMode.cpp, getHdmiDvCap, 1618] TV isn't support dolby vision: The Rx don't support DolbyVision
05-28 16:14:26.369 I/SystemControl( 343): [/DisplayMode.cpp, onTxEvent, 3294] onTxEvent boot config enable do nothing, just return
05-28 16:14:26.370 I/SystemControl( 343): [/UEventObserver.cpp, HDMITxUenventThreadLoop, 451] HDMI TX switch_name:hdmitx_audio, switch_state: 0
05-28 16:14:26.370 I/SystemControl( 343): [/DisplayMode.cpp, onTxEvent, 3267] onTxEvent switchName:hdmitx_audio hpdstate:0 state: 1
05-28 16:14:26.370 I/SystemControl( 343): [/SysWrite.cpp, getKernelReleaseVersion, 701] getKernelReleaseVersion: 5.15
05-28 16:14:26.370 I/SystemControl( 343): [/SystemControlHal.cpp, onEvent, 72] onEvent event:4, client size:5
05-28 16:14:26.370 I/SystemControlClient( 528): notifyCallback event type:4
05-28 16:14:26.370 I/SystemControlClient( 528): notifyCallback: listener is NULL.
05-28 16:14:26.370 I/SystemControlClient( 529): notifyCallback event type:4
05-28 16:14:26.370 I/SystemControlClient( 529): notifyCallback: listener is NULL.
05-28 16:14:26.371 I/SystemControlClient( 527): notifyCallback event type:4
05-28 16:14:26.371 I/SystemControlClient( 527): notifyCallback: listener is NULL.
05-28 16:14:26.371 I/SystemControlClient( 244): notifyCallback event type:4
05-28 16:14:26.371 I/SystemControlClient( 244): notifyCallback: listener is NULL.
05-28 16:14:26.372 I/SystemControlEvent( 1379): system control callback event: 4
05-28 16:14:26.373 I/SystemControl( 343): [/UEventObserver.cpp, HDMITxUenventThreadLoop, 451] HDMI TX switch_name:hdmitx_current_status, switch_state: 304
05-28 16:14:26.441 D/MesonDisplayServer( 289): SetDisplay[CVBS] Mode to "dummy_l"
05-28 16:14:26.461 I/SystemControl( 343): [/UEventObserver.cpp, HDMITxUenventThreadLoop, 451] HDMI TX switch_name:hdmitx_current_status, switch_state: 305
05-28 16:14:26.464 D/hdmicecd( 532): [CEC]:printCecMessage, [4 -> f] len: 4, body: 84 10 00 04, result:success
05-28 16:14:26.464 E/IPCThreadState( 532): binder thread pool (1 threads) starved for 296 ms
05-28 16:14:26.464 D/HDMI ( 742): [S]: 4F:87:1C:A4:10
05-28 16:14:26.499 D/MesonComposer3( 289): halEventcallback onHotplug client3.0
05-28 16:14:26.500 E/MesonHwc( 289): getPort 15
05-28 16:14:26.500 E/MesonHwc( 289): getPort 15
05-28 16:14:26.501 I/SurfaceFlinger( 263): Reconnecting display 4627013623894091019 (HAL ID 0)
05-28 16:14:26.505 E/MesonComposer3( 289): destroyLayer: display:0 failed to destroy layer:754
05-28 16:14:26.506 E/HwcComposer( 263): destroyLayer failed Status(-8, EX_SERVICE_SPECIFIC): '3: '
05-28 16:14:26.506 E/HWC2 ( 263): destroyLayer(0, 754) failed: BadLayer (3)
05-28 16:14:26.506 E/MesonComposer3( 289): destroyLayer: display:0 failed to destroy layer:497
05-28 16:14:26.506 E/HwcComposer( 263): destroyLayer failed Status(-8, EX_SERVICE_SPECIFIC): '3: '
05-28 16:14:26.506 E/HWC2 ( 263): destroyLayer(0, 497) failed: BadLayer (3)
05-28 16:14:26.506 E/MesonComposer3( 289): destroyLayer: display:0 failed to destroy layer:240
05-28 16:14:26.506 E/HwcComposer( 263): destroyLayer failed Status(-8, EX_SERVICE_SPECIFIC): '3: '
05-28 16:14:26.506 E/HWC2 ( 263): destroyLayer(0, 240) failed: BadLayer (3)
05-28 16:14:26.507 E/HwcComposer( 263): setClientTargetSlotCount failed Status(-8, EX_SERVICE_SPECIFIC): '4: '
05-28 16:14:26.518 I/Scheduler( 263): Display 4627013623894091019 is the pacesetter
05-28 16:14:26.518 E/SchedulerTimer( 263): Terminated
05-28 16:14:26.518 D/SurfaceFlinger( 263): Setting power mode 2 on display 4627013623894091019
05-28 16:14:26.518 W/EventThread( 263): Failed dispatching Hotplug{displayId=4627013623894091019, connected} for Connection{0xf1c83290, VSyncRequest::None}
05-28 16:14:26.518 W/EventThread( 263): Failed dispatching Hotplug{displayId=4627013623894091019, connected} for Connection{0xf1c82c10, VSyncRequest::None}
05-28 16:14:26.518 W/EventThread( 263): Failed dispatching Hotplug{displayId=4627013623894091019, connected} for Connection{0xf1c82d10, VSyncRequest::None}
05-28 16:14:26.519 W/EventThread( 263): Failed dispatching Hotplug{displayId=4627013623894091019, connected} for Connection{0xf1c82890, VSyncRequest::None}
05-28 16:14:26.519 W/EventThread( 263): Failed dispatching Hotplug{displayId=4627013623894091019, connected} for Connection{0xf1c86910, VSyncRequest::None}
05-28 16:14:26.519 W/EventThread( 263): Failed dispatching Hotplug{displayId=4627013623894091019, connected} for Connection{0xf1c84e90, VSyncRequest::None}
05-28 16:14:26.519 D/SurfaceFlinger( 263): Finished setting power mode 2 on display 4627013623894091019
05-28 16:14:26.524 I/DisplayDeviceRepository( 742): Display device changed: DisplayDeviceInfo{"内置屏幕": uniqueId="local:4627013623894091019", 1280 x 720, modeId 260, renderFrameRate 59.94006, defaultModeId 260, supportedModes [{id=258, width=1920, height=1080, fps=59.94006, alternativeRefreshRates=[], supportedHdrTypes=[]}, {id=259, width=1920, height=1080, fps=60.000004, alternativeRefreshRates=[], supportedHdrTypes=[]}, {id=260, width=1280, height=720, fps=59.94006, alternativeRefreshRates=[], supportedHdrTypes=[]}, {id=261, width=1280, height=720, fps=60.000004, alternativeRefreshRates=[], supportedHdrTypes=[]}], colorMode 0, supportedColorModes [0], hdrCapabilities HdrCapabilities{mSupportedHdrTypes=[], mMaxLuminance=500.0, mMaxAverageLuminance=500.0, mMinLuminance=0.0}, allmSupported false, gameContentTypeSupported false, density 160, 2032.0 x 2032.0 dpi, appVsyncOff 2000000, presDeadline 13683333, touch INTERNAL, rotation 0, type INTERNAL, address {port=11, model=0x403674603f19a5}, deviceProductInfo null, state ON, committedState ON, frameRateOverride , brightnessMinimum 0.0, brightnessMaximum 1.0, brightnessDefault 0.39763778, hdrSdrRatio NaN, FLAG_ALLOWED_TO_BE_DEFAULT_DISPLAY, FLAG_ROTATES_WITH_CONTENT, FLAG_SECURE, FLAG_SUPPORTS_PROTECTED_BUFFERS, FLAG_TRUSTED, installOrientation 0, displayShape DisplayShape{ spec=-1507169495 displayWidth=1280 displayHeight=720 physicalPixelDisplaySizeRatio=1.0 rotation=0 offsetX=0 offsetY=0 scale=1.0}}
05-28 16:14:26.528 D/DisplayManagerService( 742): Ignore redundant display event 0/2 to 10067/1190
05-28 16:14:26.528 D/DisplayManagerService( 742): Ignore redundant display event 0/2 to 10075/6844
05-28 16:14:26.529 I/RefreshRateSelector( 263): Display 4627013623894091019 policy changed
05-28 16:14:26.529 I/RefreshRateSelector( 263): Previous: {defaultModeId=266, allowGroupSwitching=false, primaryRanges={physical=[0.00 Hz, 340282346638528859811704183484516925440.00 Hz], render=[0.00 Hz, 340282346638528859811704183484516925440.00 Hz]}, appRequestRanges={physical=[0.00 Hz, 340282346638528859811704183484516925440.00 Hz], render=[0.00 Hz, 340282346638528859811704183484516925440.00 Hz]}}
05-28 16:14:26.529 I/RefreshRateSelector( 263): Current: DisplayManagerPolicy{defaultModeId=266, allowGroupSwitching=false, primaryRanges={physical=[0.00 Hz, inf Hz], render=[0.00 Hz, 120.00 Hz]}, appRequestRanges={physical=[0.00 Hz, inf Hz], render=[0.00 Hz, inf Hz]}}
05-28 16:14:26.529 I/RefreshRateSelector( 263): 0 mode changes were performed under the previous policy
05-28 16:14:26.616 D/hdmicecd( 532): [CEC]:printCecMessage, [4 -> f] len: 4, body: 87 1c a4 10, result:success
05-28 16:14:26.616 E/IPCThreadState( 532): binder thread pool (1 threads) starved for 152 ms
05-28 16:14:26.616 D/HDMI ( 742): [S]: 40:8C
05-28 16:14:26.674 D/hdmicecd( 532): [CEC]:printCecMessage, [4 -> 0] len: 1, body: 8c, result:no ack
05-28 16:14:26.730 D/hdmicecd( 532): [CEC]:printCecMessage, [4 -> 0] len: 1, body: 8c, result:no ack
05-28 16:14:26.730 E/HDMI ( 742): [1]:Failed to send 40:8C with errorCode=1
05-28 16:14:26.731 D/HDMI ( 742): [S]: 40:47:44:42:42:4F:58:2D:41:33
05-28 16:14:26.786 D/hdmicecd( 532): [CEC]:printCecMessage, [4 -> 0] len: 9, body: 47 44 42 42 4f 58 2d 41 33, result:no ack
05-28 16:14:26.842 D/hdmicecd( 532): [CEC]:printCecMessage, [4 -> 0] len: 9, body: 47 44 42 42 4f 58 2d 41 33, result:no ack
05-28 16:14:26.842 E/HDMI ( 742): [1]:Failed to send 40:47:44:42:42:4F:58:2D:41:33 with errorCode=1
05-28 16:14:26.843 D/HDMI ( 742): [S]: 45:7D
05-28 16:14:26.843 D/HDMI ( 742): Failed to send cec command 40:47:44:42:42:4F:58:2D:41:33
05-28 16:14:26.898 D/hdmicecd( 532): [CEC]:printCecMessage, [4 -> 5] len: 1, body: 7d, result:no ack
05-28 16:14:26.924 E/xxxxxxxxxxxxxxx( 2316): onReceive: true , configuration = {1.0 ?mcc0mnc [zh_CN] ldltr sw720dp w1280dp h720dp 240dpi xlrg long land television -touch -keyb/v/h dpad/v winConfig={ mBounds=Rect(0, 0 - 1920, 1080) mAppBounds=Rect(0, 0 - 1920, 1080) mMaxBounds=Rect(0, 0 - 1920, 1080) mDisplayRotation=ROTATION_0 mWindowingMode=fullscreen mDisplayWindowingMode=fullscreen mActivityType=undefined mAlwaysOnTop=undefined mRotation=ROTATION_0} as.2 s.22 fontWeightAdjustment=0}
05-28 16:14:26.924 E/xxxxxxxxxxxxxxx( 2316): isScreenSizeChange=false app onConfigurationChanged={1.0 ?mcc0mnc [zh_CN] ldltr sw720dp w1280dp h720dp 240dpi xlrg long land television -touch -keyb/v/h dpad/v winConfig={ mBounds=Rect(0, 0 - 1920, 1080) mAppBounds=Rect(0, 0 - 1920, 1080) mMaxBounds=Rect(0, 0 - 1920, 1080) mDisplayRotation=ROTATION_0 mWindowingMode=fullscreen mDisplayWindowingMode=fullscreen mActivityType=undefined mAlwaysOnTop=undefined mRotation=ROTATION_0} as.2 s.22 fontWeightAdjustment=0}
05-28 16:14:26.954 D/hdmicecd( 532): [CEC]:printCecMessage, [4 -> 5] len: 1, body: 7d, result:no ack
05-28 16:14:26.954 E/HDMI ( 742): [1]:Failed to send 45:7D with errorCode=1
05-28 16:14:26.955 D/HDMI ( 742): AVR did not respond to
05-28 16:14:26.955 D/HdmiControlService( 742): Switching to full volume behavior
05-28 16:14:26.963 D/MesonDisplay( 289): read /sys/class/amhdmitx/amhdmitx0/hdcp_lstore, result length:0, val:
05-28 16:14:27.010 D/hdmicecd( 532): [CEC]:printCecMessage, [4 -> e] len: 0, body:, result:no ack
05-28 16:14:27.066 D/hdmicecd( 532): [CEC]:printCecMessage, [4 -> b] len: 0, body:, result:no ack
05-28 16:14:27.122 D/hdmicecd( 532): [CEC]:printCecMessage, [4 -> 8] len: 0, body:, result:no ack
05-28 16:14:27.178 D/hdmicecd( 532): [CEC]:printCecMessage, [4 -> 5] len: 0, body:, result:no ack
05-28 16:14:27.238 D/hdmicecd( 532): [CEC]:printCecMessage, [4 -> 3] len: 0, body:, result:no ack
05-28 16:14:27.294 D/hdmicecd( 532): [CEC]:printCecMessage, [4 -> 1] len: 0, body:, result:no ack
05-28 16:14:27.350 D/hdmicecd( 532): [CEC]:printCecMessage, [4 -> 0] len: 0, body:, result:no ack
05-28 16:14:27.351 D/HdmiCecController( 742): [P]:AllocatedAddress=[]
05-28 16:14:27.352 D/hdmicecd( 532): [HdmiCecControl]:getPhysicalAddress, physical addr: ffff, last pa: 1000, ret = 0
05-28 16:14:27.352 D/HDMI ( 742): addCecDevice new:CEC: logical_address: 0x04 device_type: 4 cec_version: 5 vendor_id: 1877008 display_name: DBBOX-A3 power_status: 0 physical_address: 0x1000 port_id: 0 old:null
05-28 16:14:27.353 D/AudioService( 742): setWiredDeviceConnectionState( type:400 state:DEVICE_STATE_UNAVAILABLE addr: name:) from android
05-28 16:14:27.353 I/AS.AudioDeviceInventory( 742): handleDeviceConnection(false dev:400 address: name:)
05-28 16:14:27.354 I/AS.AudioDeviceInventory( 742): deviceKey:0x400:
05-28 16:14:27.354 I/AS.AudioDeviceInventory( 742): deviceInfo:[DeviceInfo: type:0x400 (hdmi) name: addr: codec: 0 sensorUuid: null disabled modes: {}] is(already)Connected:true
05-28 16:14:27.355 I/APM_AudioPolicyManager( 594): [setDeviceConnectionState:256] curForceUse:NONE(0) disconnect_forceuse:HDMI(9)
05-28 16:14:27.356 I/audio_hw_hal_primary( 509): [adev_set_device_connected_state_v7:9037] disconnected address:, num_descriptors:0, num_profiles:3
05-28 16:14:27.356 I/audio_hw_hal_primary( 509): [set_device_connect_state:4044] state:0, dev:OUT_HDMI(0x400), pre_out:0x80002, pre_in:0x4
05-28 16:14:27.356 D/audio_hw_hal_resourcemgr( 509): [set_output_device_avail:353] device:0x400 avail_out_devices:400 routed_out_devices:0x400
05-28 16:14:27.366 W/APM::Devices( 594): DeviceVector::remove device 00000400 not in
05-28 16:14:27.366 W/IPCThreadState( 594): Sending oneway calls to frozen process.
05-28 16:14:27.368 I/AS.AudioDeviceInventory( 742): sendDeviceConnectionIntent(dev:0x400 state:0x0 address: name:);
05-28 16:14:27.372 V/MediaRouter( 742): Audio routes updated: AudioRoutesInfo{ type=SPEAKER }, a2dp=false
05-28 16:14:27.372 V/MediaRouter( 742): Selecting route: RouteInfo{ name=电视, description=null, status=null, category=RouteCategory{ name=系统 types=ROUTE_TYPE_LIVE_AUDIO ROUTE_TYPE_LIVE_VIDEO groupable=false }, supportedTypes=ROUTE_TYPE_LIVE_AUDIO ROUTE_TYPE_LIVE_VIDEO , presentationDisplay=null }
05-28 16:14:27.378 V/MediaRouter( 1176): Audio routes updated: AudioRoutesInfo{ type=SPEAKER }, a2dp=false
05-28 16:14:27.378 V/MediaRouter( 1176): Selecting route: RouteInfo{ name=电视, description=null, status=null, category=RouteCategory{ name=系统 types=ROUTE_TYPE_LIVE_AUDIO ROUTE_TYPE_LIVE_VIDEO groupable=false }, supportedTypes=ROUTE_TYPE_LIVE_AUDIO ROUTE_TYPE_LIVE_VIDEO , presentationDisplay=null }
05-28 16:14:27.383 D/xm_audio( 509): adev_get_parameters
05-28 16:14:27.385 D/xm_audio( 509): adev_get_parameters
05-28 16:14:27.393 D/xm_audio( 509): adev_get_parameters
05-28 16:14:27.394 D/xm_audio( 509): adev_get_parameters
05-28 16:14:27.403 D/xm_audio( 509): adev_get_parameters
05-28 16:14:27.406 D/xm_audio( 509): adev_get_parameters
05-28 16:14:27.413 D/xm_audio( 509): adev_get_parameters
05-28 16:14:27.414 D/xm_audio( 509): adev_get_parameters
05-28 16:14:27.425 D/xm_audio( 509): adev_get_parameters
05-28 16:14:27.427 D/xm_audio( 509): adev_get_parameters
05-28 16:14:27.435 D/xm_audio( 509): adev_get_parameters
05-28 16:14:27.437 D/xm_audio( 509): adev_get_parameters
05-28 16:14:27.445 D/xm_audio( 509): adev_get_parameters
05-28 16:14:27.447 D/xm_audio( 509): adev_get_parameters
05-28 16:14:27.456 D/xm_audio( 509): adev_get_parameters
05-28 16:14:27.458 D/xm_audio( 509): adev_get_parameters
05-28 16:14:27.465 D/xm_audio( 509): adev_get_parameters
05-28 16:14:27.467 D/xm_audio( 509): adev_get_parameters
05-28 16:14:27.474 D/xm_audio( 509): adev_get_parameters
05-28 16:14:27.476 D/xm_audio( 509): adev_get_parameters
05-28 16:14:27.481 D/xm_audio( 509): adev_get_parameters
05-28 16:14:27.482 D/xm_audio( 509): adev_get_parameters
05-28 16:14:27.488 I/vol.Events( 1176): writeEvent level_changed STREAM_VOICE_CALL 100
05-28 16:14:27.489 I/WifiHAL ( 558): call wifi_get_link_stats handler
05-28 16:14:27.490 I/WifiHAL ( 558): Creating message to get link statistics; iface = 16
05-28 16:14:27.490 D/WifiHAL ( 558): error code -95 mapped to -3
05-28 16:14:27.490 E/WifiStaIfaceAidlImpl( 742): getLinkLayerStats failed with service-specific exception: android.os.ServiceSpecificException: (code 4)
05-28 16:14:27.493 I/vol.Events( 1176): writeEvent level_changed STREAM_SYSTEM 100
05-28 16:14:27.495 I/vol.Events( 1176): writeEvent level_changed STREAM_RING 100
05-28 16:14:27.497 I/vol.Events( 1176): writeEvent level_changed STREAM_MUSIC 20
05-28 16:14:27.498 I/vol.Events( 1176): writeEvent level_changed STREAM_ALARM 100
05-28 16:14:27.964 D/MesonDisplay( 289): read /sys/class/amhdmitx/amhdmitx0/hdcp_lstore, result length:0, val:
05-28 16:14:27.992 E/ccc ( 1946): cccccc onPhrikeUpdate downloading 81.6272
05-28 16:14:28.004 E/mali_gralloc( 1946): Attempt to call unlock*() on an buffer locked with invalid write locks buffer (0xf470d9e0)
05-28 16:14:28.007 E/mali_gralloc( 1946): Attempt to call unlock*() on an buffer locked with invalid write locks buffer (0xf470d9e0)
05-28 16:14:28.148 D/audio_hw_hal_ms12common( 509): func:ms12_timer_callback_handler sigv:0 ~~~~~~~~~~
05-28 16:14:28.148 D/audio_hw_hal_ms12v2( 509): set_dolby_ms12_continuous_state audio_continuous_standby_set status 1
05-28 16:14:28.148 D/audio_hw_hal_continuous_standby( 509): audio_continuous_standby_set, type 0, params 1
05-28 16:14:28.148 D/audio_hw_hal_ms12common( 509): aml_send_ms12_scheduler_state_2_ms12 adev:0xeedc14a0, sch_state:1(SCHEDULER_STANDBY)
05-28 16:14:28.964 D/MesonDisplay( 289): read /sys/class/amhdmitx/amhdmitx0/hdcp_lstore, result length:0, val:
05-28 16:14:29.964 D/MesonDisplay( 289): read /sys/class/amhdmitx/amhdmitx0/hdcp_lstore, result length:0, val:
05-28 16:14:30.498 I/WifiHAL ( 558): call wifi_get_link_stats handler
05-28 16:14:30.498 I/WifiHAL ( 558): Creating message to get link statistics; iface = 16
05-28 16:14:30.498 D/WifiHAL ( 558): error code -95 mapped to -3
05-28 16:14:30.498 E/WifiStaIfaceAidlImpl( 742): getLinkLayerStats failed with service-specific exception: android.os.ServiceSpecificException: (code 4)
05-28 16:14:30.528 I/WifiService( 742): startScan uid=1000
05-28 16:14:30.530 E/ccc ( 2296): cccccc i will start scan
05-28 16:14:30.539 D/InstantWifi( 742): Drop, size: 1
05-28 16:14:30.542 D/WifiNl80211Manager( 742): Scan result ready event
05-28 16:14:30.542 D/WifiNative( 742): Scan result ready event
05-28 16:14:30.545 D/WificondScannerImpl( 742): Filtering out 1 scan results.
05-28 16:14:30.548 I/WifiHAL ( 558): call wifi_get_link_stats handler
05-28 16:14:30.548 I/WifiHAL ( 558): Creating message to get link statistics; iface = 16
05-28 16:14:30.549 D/WifiHAL ( 558): error code -95 mapped to -3
05-28 16:14:30.549 E/hq ( 2316): NetWorkStateReceiver:::NetWorkStateReceiver onReceive: 网络变化广播 >>>> intent.action=android.net.wifi.SCAN_RESULTS
05-28 16:14:30.549 E/WifiStaIfaceAidlImpl( 742): getLinkLayerStats failed with service-specific exception: android.os.ServiceSpecificException: (code 4)
05-28 16:14:30.549 E/ccc ( 2296): cccccc SCAN_RESULTS_AVAILABLE_ACTION hhhh
05-28 16:14:30.551 E/ccc ( 2296): cccccc result is empty start scan
05-28 16:14:30.552 I/WifiService( 742): startScan uid=1000
05-28 16:14:30.552 W/eventbuscore( 2316): post Event:com.dangbei.leard.base.entity.event.NetWifiRssiEvent
05-28 16:14:30.553 W/ScanResultUtil( 742): Empty or null ScanResult list
05-28 16:14:30.553 W/WifiService( 742): Attempt to retrieve WifiConfiguration with invalid scanResult List
05-28 16:14:30.553 W/ScanResultUtil( 742): Empty or null ScanResult list
05-28 16:14:30.553 E/WifiService( 742): Attempt to retrieve passpoint with invalid scanResult List
05-28 16:14:30.554 W/ScanResultUtil( 742): Empty or null ScanResult list
05-28 16:14:30.554 W/WifiService( 742): Attempt to retrieve OsuProviders with invalid scanResult List
05-28 16:14:30.567 D/InstantWifi( 742): Drop, size: 1
05-28 16:14:30.965 D/MesonDisplay( 289): read /sys/class/amhdmitx/amhdmitx0/hdcp_lstore, result length:0, val:
05-28 16:14:31.965 D/MesonDisplay( 289): read /sys/class/amhdmitx/amhdmitx0/hdcp_lstore, result length:0, val:
05-28 16:14:32.965 D/MesonDisplay( 289): read /sys/class/amhdmitx/amhdmitx0/hdcp_lstore, result length:0, val:
05-28 16:14:33.258 D/WifiNl80211Manager( 742): Scan result ready event
05-28 16:14:33.258 D/WifiNative( 742): Scan result ready event
05-28 16:14:33.320 E/ccc ( 2296): cccccc SCAN_RESULTS_AVAILABLE_ACTION hhhh
05-28 16:14:33.328 E/hq ( 2316): NetWorkStateReceiver:::NetWorkStateReceiver onReceive: 网络变化广播 >>>> intent.action=android.net.wifi.SCAN_RESULTS
05-28 16:14:33.328 I/WifiHAL ( 558): call wifi_get_link_stats handler
05-28 16:14:33.328 I/WifiHAL ( 558): Creating message to get link statistics; iface = 16
05-28 16:14:33.328 D/WifiHAL ( 558): error code -95 mapped to -3
05-28 16:14:33.329 E/WifiStaIfaceAidlImpl( 742): getLinkLayerStats failed with service-specific exception: android.os.ServiceSpecificException: (code 4)
05-28 16:14:33.337 W/eventbuscore( 2316): post Event:com.dangbei.leard.base.entity.event.NetWifiRssiEvent
05-28 16:14:33.341 E/ccc ( 2296): cccccc result is not empty call back
05-28 16:14:33.341 E/ccc ( 2296): cccccc 666666666666666
05-28 16:14:33.351 E/ccc ( 2296): cccccc sort 2 58
05-28 16:14:33.502 I/WifiHAL ( 558): call wifi_get_link_stats handler
05-28 16:14:33.502 I/WifiHAL ( 558): Creating message to get link statistics; iface = 16
05-28 16:14:33.502 D/WifiHAL ( 558): error code -95 mapped to -3
05-28 16:14:33.503 E/WifiStaIfaceAidlImpl( 742): getLinkLayerStats failed with service-specific exception: android.os.ServiceSpecificException: (code 4)
05-28 16:14:33.577 E/ccc ( 1946): cccccc onPhrikeUpdate downloading 81.6953
05-28 16:14:33.596 E/mali_gralloc( 1946): Attempt to call unlock*() on an buffer locked with invalid write locks buffer (0xf470d9e0)
05-28 16:14:33.596 E/mali_gralloc( 1946): Attempt to call unlock*() on an buffer locked with invalid write locks buffer (0xf4707e80)
05-28 16:14:33.599 E/mali_gralloc( 1946): Attempt to call unlock*() on an buffer locked with invalid write locks buffer (0xf4707e80)
05-28 16:14:33.966 D/MesonDisplay( 289): read /sys/class/amhdmitx/amhdmitx0/hdcp_lstore, result length:0, val:
05-28 16:14:34.060 D/bbb ( 2170): onStartCommand begin !!!!!!! data分区剩余 53563MB
05-28 16:14:34.401 D/TrafficStats( 2644): tagSocket(156) with statsTag=0xffffffff, statsUid=-1
05-28 16:14:34.966 D/MesonDisplay( 289): read /sys/class/amhdmitx/amhdmitx0/hdcp_lstore, result length:0, val:
05-28 16:14:34.998 I/audio_hw_hal_alsamgr( 509): alsa format =0x1 delay frames =768 total frames=351738880
05-28 16:14:35.251 I/rainbow_flow(16826): type=1400 audit(0.0:3532): avc: denied { ioctl } for path="/dev/spidev1.0" dev="tmpfs" ino=534 ioctlcmd=0x6b00 scontext=u:r:init:s0 tcontext=u:object_r:device:s0 tclass=chr_file permissive=1
05-28 16:14:35.966 D/MesonDisplay( 289): read /sys/class/amhdmitx/amhdmitx0/hdcp_lstore, result length:0, val:
05-28 16:14:36.507 I/WifiHAL ( 558): call wifi_get_link_stats handler
05-28 16:14:36.507 I/WifiHAL ( 558): Creating message to get link statistics; iface = 16
05-28 16:14:36.507 D/WifiHAL ( 558): error code -95 mapped to -3
05-28 16:14:36.508 E/WifiStaIfaceAidlImpl( 742): getLinkLayerStats failed with service-specific exception: android.os.ServiceSpecificException: (code 4)
05-28 16:14:36.967 D/MesonDisplay( 289): read /sys/class/amhdmitx/amhdmitx0/hdcp_lstore, result length:0, val:
05-28 16:14:36.967 D/MesonDisplay( 289): read /sys/class/amhdmitx/amhdmitx0/hdcp_lstore, result length:0, val:
05-28 16:14:36.967 I/MesonDisplay( 289): [/HDCPTxAuth.cpp, authInit, 223] hdcp_tx key:
05-28 16:14:38.358 E/ccc ( 1946): cccccc onPhrikeUpdate downloading 81.75368
05-28 16:14:38.364 E/mali_gralloc( 1946): Attempt to call unlock*() on an buffer locked with invalid write locks buffer (0xf4707e80)
05-28 16:14:39.514 I/WifiHAL ( 558): call wifi_get_link_stats handler
05-28 16:14:39.515 I/WifiHAL ( 558): Creating message to get link statistics; iface = 16
05-28 16:14:39.515 D/WifiHAL ( 558): error code -95 mapped to -3
05-28 16:14:39.516 E/WifiStaIfaceAidlImpl( 742): getLinkLayerStats failed with service-specific exception: android.os.ServiceSpecificException: (code 4)
05-28 16:14:42.522 I/WifiHAL ( 558): call wifi_get_link_stats handler
05-28 16:14:42.522 I/WifiHAL ( 558): Creating message to get link statistics; iface = 16
05-28 16:14:42.522 D/WifiHAL ( 558): error code -95 mapped to -3
05-28 16:14:42.523 E/WifiStaIfaceAidlImpl( 742): getLinkLayerStats failed with service-specific exception: android.os.ServiceSpecificException: (code 4)
05-28 16:14:42.938 E/ccc ( 1946): cccccc onPhrikeUpdate downloading 81.853806
05-28 16:14:42.953 E/mali_gralloc( 1946): Attempt to call unlock*() on an buffer locked with invalid write locks buffer (0xf470d9e0)
05-28 16:14:42.956 E/mali_gralloc( 1946): Attempt to call unlock*() on an buffer locked with invalid write locks buffer (0xf470d9e0)
05-28 16:14:45.529 I/WifiHAL ( 558): call wifi_get_link_stats handler
05-28 16:14:45.530 I/WifiHAL ( 558): Creating message to get link statistics; iface = 16
05-28 16:14:45.530 D/WifiHAL ( 558): error code -95 mapped to -3
05-28 16:14:45.531 E/WifiStaIfaceAidlImpl( 742): getLinkLayerStats failed with service-specific exception: android.os.ServiceSpecificException: (code 4)
05-28 16:14:46.950 E/ccc ( 1946): cccccc onPhrikeUpdate downloading 82.05486
05-28 16:14:46.973 E/mali_gralloc( 1946): Attempt to call unlock*() on an buffer locked with invalid write locks buffer (0xf470d9e0)
05-28 16:14:46.974 E/mali_gralloc( 1946): Attempt to call unlock*() on an buffer locked with invalid write locks buffer (0xf4707e80)
05-28 16:14:46.976 E/mali_gralloc( 1946): Attempt to call unlock*() on an buffer locked with invalid write locks buffer (0xf4707e80)
05-28 16:14:48.537 I/WifiHAL ( 558): call wifi_get_link_stats handler
05-28 16:14:48.538 I/WifiHAL ( 558): Creating message to get link statistics; iface = 16
05-28 16:14:48.538 D/WifiHAL ( 558): error code -95 mapped to -3
05-28 16:14:48.539 E/WifiStaIfaceAidlImpl( 742): getLinkLayerStats failed with service-specific exception: android.os.ServiceSpecificException: (code 4)
05-28 16:14:51.025 E/ccc ( 1946): cccccc onPhrikeUpdate downloading 82.285866
05-28 16:14:51.044 E/mali_gralloc( 1946): Attempt to call unlock*() on an buffer locked with invalid write locks buffer (0xf4707e80)
05-28 16:14:51.514 I/SystemControl( 343): [/UEventObserver.cpp, HDMITxUenventThreadLoop, 451] HDMI TX switch_name:hdmitx_current_status, switch_state: 306
05-28 16:14:51.545 I/WifiHAL ( 558): call wifi_get_link_stats handler
05-28 16:14:51.545 I/WifiHAL ( 558): Creating message to get link statistics; iface = 16
05-28 16:14:51.546 D/WifiHAL ( 558): error code -95 mapped to -3
05-28 16:14:51.546 E/WifiStaIfaceAidlImpl( 742): getLinkLayerStats failed with service-specific exception: android.os.ServiceSpecificException: (code 4)
05-28 16:14:51.557 I/SystemControl( 343): [/UEventObserver.cpp, HDMITxUenventThreadLoop, 451] HDMI TX switch_name:hdmitx_current_status, switch_state: 307
05-28 16:14:51.562 I/SystemControl( 343): [/Ubootenv.cpp, get, 345] [ubootenv] search end and not find env:connector_type
05-28 16:14:51.562 I/SystemControl( 343): [/UEventObserver.cpp, HDMITxUenventThreadLoop, 451] HDMI TX switch_name:hdmitx_hpd, switch_state: 1
05-28 16:14:51.562 V/WindowManager( 742): app ------------- force_land :0
05-28 16:14:51.562 I/SystemControl( 343): [/DisplayMode.cpp, onTxEvent, 3267] onTxEvent switchName:hdmitx_hpd hpdstate:1 state: 1
05-28 16:14:51.562 I/SystemControl( 343): [/SysWrite.cpp, getKernelReleaseVersion, 701] getKernelReleaseVersion: 5.15
05-28 16:14:51.563 I/SystemControl( 343): [/Ubootenv.cpp, updateValue, 68] [ubootenv] update value name [ubootenv.var.bestdolbyvision]: value [true]
05-28 16:14:51.563 I/SystemControl( 343): [/Ubootenv.cpp, get, 336] [ubootenv] get key:bestdolbyvision envValue: true
05-28 16:14:51.563 I/SystemControl( 343): [/Ubootenv.cpp, get, 336] [ubootenv] get key:hdmimode envValue: none
05-28 16:14:51.563 I/SystemControl( 343): [/Ubootenv.cpp, get, 345] [ubootenv] search end and not find env:user_colorattribute
05-28 16:14:51.563 I/SystemControl( 343): [/Ubootenv.cpp, get, 345] [ubootenv] search end and not find env:hdr_force_mode
05-28 16:14:51.563 I/SystemControl( 343): [/DisplayMode.cpp, gethdrforcemode, 2742] get hdr force mode is [2]
05-28 16:14:51.563 I/SystemControl( 343): [/Ubootenv.cpp, get, 336] [ubootenv] get key:hdr_policy envValue: 0
05-28 16:14:51.563 I/SystemControl( 343): [/DisplayMode.cpp, getHdrStrategy, 2758] getHdrStrategy is [0]
05-28 16:14:51.563 I/SystemControl( 343): [/Ubootenv.cpp, get, 336] [ubootenv] get key:hdr_priority envValue: 268435472
05-28 16:14:51.563 I/SystemControl( 343): [/DisplayMode.cpp, getHdrPriority, 2891] getHdrPriority is [0x10000010]
05-28 16:14:51.563 I/SystemControl( 343): [/DisplayMode.cpp, getCommonData, 1534] isbestcolorspace:1, isbestpolicy:1, hdr_policy:0, hdr_priority :268435472, hdr_force_mode:2
05-28 16:14:51.564 E/MesonHwc( 289): read screen size 0x0 from vinfo
05-28 16:14:51.564 E/MesonHwc( 289): dolby vision driver is not ready
05-28 16:14:51.564 D/MesonHwc( 289): ERR: PLEASE FIX NON-IMPLEMENT FUN(update).
05-28 16:14:51.564 I/SystemControl( 343): [/Ubootenv.cpp, get, 345] [ubootenv] search end and not find env:connector_type
05-28 16:14:51.565 D/DisplayManagerService( 742): Ignore redundant display event 0/2 to 10067/1190
05-28 16:14:51.566 D/DisplayManagerService( 742): Ignore redundant display event 0/2 to 10075/6844
05-28 16:14:51.566 E/MesonHwc( 289): FixedDisplayPipe::getConnectorCfg 11
05-28 16:14:51.567 E/MesonHwc( 289): dolby vision driver is not ready
05-28 16:14:51.567 E/MesonHwc( 289): dolby vision driver is not ready
05-28 16:14:51.568 I/SystemControl( 343): [/Ubootenv.cpp, get, 345] [ubootenv] search end and not find env:connector_type
05-28 16:14:51.568 E/MesonHwc( 289): FixedDisplayPipe::getConnectorCfg 11
05-28 16:14:51.568 D/MesonHwc( 289): ERR: PLEASE FIX NON-IMPLEMENT FUN(update).
05-28 16:14:51.568 E/MesonHwc( 289): dolby vision driver is not ready
05-28 16:14:51.569 I/hdmicecd( 552): [HdmiCecControl]:Hotplug event port:0, now:1, prevStatus:0 power:1
05-28 16:14:51.569 I/hdmiconnection( 552): hot plug port id 0, is connected 1
05-28 16:14:51.572 D/HDMI ( 742): Hotplug event:[port:0, connected:true]
05-28 16:14:51.572 D/hdmicecd( 532): [HdmiCecControl]:getPhysicalAddress, physical addr: 1000, last pa: 1000, ret = 0
05-28 16:14:51.573 D/hdmicecd( 552): [HdmiCecControl]:total port:1
05-28 16:14:51.573 I/hdmicecd( 552): [HdmiCecControl]:portId: 0, type:output, cec support:1, arc support:1, physical address:1000
05-28 16:14:51.573 I/hdmicecd( 552): [HdmiCecControl]:arc port:0
05-28 16:14:51.573 E/ccc ( 1946): cccccc hdmi plug reset
05-28 16:14:51.574 E/xxxxxxxxxxxxxxx( 2316): onReceive:mIsHDMIPlugged = true
05-28 16:14:51.574 I/WiredAccessoryManager( 742): MSG_NEW_DEVICE_STATE
05-28 16:14:51.575 E/MesonHwc( 289): dolby vision driver is not ready
05-28 16:14:51.577 V/MesonDisplayServer( 289): GetDisplayMode:dummy_l
05-28 16:14:51.577 V/MesonDisplayServer( 289): GetDisplayMode:dummy_l
05-28 16:14:51.578 I/SystemControl( 343): [/DisplayMode.cpp, getDisplayMode, 2331] getDisplayMode mode:dummy_l
05-28 16:14:51.578 I/SystemControl( 343): [/Ubootenv.cpp, get, 336] [ubootenv] get key:hdmimode envValue: none
05-28 16:14:51.578 I/SystemControl( 343): [/Ubootenv.cpp, get, 336] [ubootenv] get key:cvbsmode envValue: 576cvbs
05-28 16:14:51.578 I/SystemControl( 343): [/DisplayMode.cpp, getCommonData, 1542] hdmi_current_mode:dummy_l, ubootenv hdmimode:none cvbsmode:576cvbs
05-28 16:14:51.583 D/hdmiconnection( 552): port id:0 physical:1000
05-28 16:14:51.583 D/MesonDisplayServer( 289): use connector getDisplayAttribute "HDMI Color ATTR": "rgb,8bit"
05-28 16:14:51.583 D/HDMI ( 742): initPortInfo port info:port_id: 0, type: HDMI_OUT, address: 0x1000, cec: true, arc: true, mhl: false, earc: false
05-28 16:14:51.584 I/SystemControl( 343): [/Ubootenv.cpp, get, 345] [ubootenv] search end and not find env:user_colorattribute
05-28 16:14:51.584 I/SystemControl( 343): [/DisplayMode.cpp, getCommonData, 1554] hdmi_current_attr:rgb,8bit, ubootenv_colorattribute:none
05-28 16:14:51.584 I/SystemControl( 343): [/Ubootenv.cpp, get, 345] [ubootenv] search end and not find env:dv_enable
05-28 16:14:51.584 I/SystemControl( 343): [/DisplayMode.cpp, getCommonData, 1567] dv_enable:0
05-28 16:14:51.584 I/SystemControl( 343): [/Ubootenv.cpp, get, 345] [ubootenv] search end and not find env:user_prefer_dv_type
05-28 16:14:51.584 I/SystemControl( 343): [/DisplayMode.cpp, getCommonData, 1578] ubootenv_dv_type:0
05-28 16:14:51.584 I/hdmicecd( 532): [HdmiCecControl]:clearLogicaladdress
05-28 16:14:51.586 I/AS.AudioDeviceInventory( 742): not sending NOISY: state=1
05-28 16:14:51.587 D/AudioService( 742): setWiredDeviceConnectionState( type:400 state:DEVICE_STATE_AVAILABLE addr: name:) from android
05-28 16:14:51.587 I/AS.AudioDeviceInventory( 742): handleDeviceConnection(true dev:400 address: name:)
05-28 16:14:51.587 I/AS.AudioDeviceInventory( 742): deviceKey:0x400:
05-28 16:14:51.587 I/AS.AudioDeviceInventory( 742): deviceInfo:null is(already)Connected:false
