05-28 16:15:00.506 E/db_okhttp( 8961): Request: topic=dbsc_init&message={"list":"%5B%22%257B%2522action%2522%253A%2522%2522%252C%2522insertTime%2522%253A%25221748420100502%2522%252C%2522content%2522%253A%2522%25257B%252522create_time%252522%25253A%2525221748420100502%252522%25252C%252522function%252522%25253A%252522init%252522%25252C%252522devboot_id%252522%25253A%252522174841445459487%252522%25252C%252522init_ispause%252522%25253A%2525222%252522%25257D%2522%257D%22%5D","mode":"1","mac":"g/tNESpYG9/PwHTF3VhpwDk/T+Cy+qdeKwoSjimoU+Q=","wifimac":"q9MCMMcNlOCXpWwv1qdeYQ==","ip":"Fvuptjwx8oU6BDodh2IUcQ==","channel":"+uL1c5z1z7lZFZqvGVRkHQ==","deviceid":"HYW6A0RpORlEbwTfmhSa4ALk+KpIFJJkXD05AYjGwxzDMNTUA1Q+x0Bd609R6rdh","dev_uuid":"Wvul+Vc+nCobEd58umDMooPBejhZHq0SXslKSFEz0/7rNjNYcegbeZ/oqmU96vJB","uuid":"lkm2UxCCS6pUo0VM2hOh6kLHB5/gO8ZIxN5zfVGthUTvAgWOqVQi5iy53wVF0IzI","packagename":"4u7INlRctM+acvVJ1H8eFWhLT5oSUdIcuUT4JfTX7WI=","appname":"UbS086E9JOT+vRwzW0lFjA==","packagelist":"StYQ8VSaxno+sBFpzoW/MFP7p+RUJlFeCI0OTRHyCbqOiFITq2vTqkORUvk1LNhryFJGE26gmrCn3jkSXLqusUyDV5j43BDOc/rPTtfchbQ=","vname":"EEnPqQlWue6z1AGyQn9bHw==","vcode":"6X4bRW8AOLb6xahW1AOqXA==","brand":"TDkI4ikohcctSvValz6Lqg==","cpuserial":"E75ahJxR4Nm1GULbpKtJHg==","bluetoothmac":"q9MCMMcNlOCXpWwv1qdeYQ==","osversion":"eM2RQ/CyeWNEcjPYjEPAVg==","oscode":"c0NKRmy9YUIw3GmzbJld0g==","rommodel":"ABjPdzCJylEmN2GZQZkNHA==","is_write":"PGkmCK6GzMtvR1UYLLYopw==","is_updated":"PGkmCK6GzMtvR1UYLLYopw==","session_id":"nQpl+61uEwx7OAo8KazdxU4ychKV5w3qaH0bCeYgX6F1SFjk1bveNrOTAXDqePrQ","romvername":"","romvercode":"","boxfactory":"","sn":"","settle_mode":"1"}&requestSourceType=statistics&
05-28 16:15:00.569 I/WifiHAL ( 558): call wifi_get_link_stats handler
05-28 16:15:00.569 I/WifiHAL ( 558): Creating message to get link statistics; iface = 16
05-28 16:15:00.570 D/WifiHAL ( 558): error code -95 mapped to -3
05-28 16:15:00.570 E/WifiStaIfaceAidlImpl( 742): getLinkLayerStats failed with service-specific exception: android.os.ServiceSpecificException: (code 4)
05-28 16:15:00.661 E/db_okhttp( 8961): POST_res url:http://otysdktj.tvfuwu.com/util-servlet/clientservice
05-28 16:15:00.661 E/db_okhttp( 8961): response:
05-28 16:15:00.828 D/MesonDisplay( 289): read /sys/class/amhdmitx/amhdmitx0/hdcp_lstore, result length:0, val:
05-28 16:15:01.829 D/MesonDisplay( 289): read /sys/class/amhdmitx/amhdmitx0/hdcp_lstore, result length:0, val:
05-28 16:15:02.829 D/MesonDisplay( 289): read /sys/class/amhdmitx/amhdmitx0/hdcp_lstore, result length:0, val:
05-28 16:15:02.829 D/MesonDisplay( 289): read /sys/class/amhdmitx/amhdmitx0/hdcp_lstore, result length:0, val:
05-28 16:15:02.829 I/MesonDisplay( 289): [/HDCPTxAuth.cpp, authInit, 223] hdcp_tx key:
05-28 16:15:03.362 I/WifiService( 742): startScan uid=1000
05-28 16:15:03.364 E/ccc ( 2296): cccccc i will start scan
05-28 16:15:03.370 D/InstantWifi( 742): Drop, size: 1
05-28 16:15:03.372 D/WifiNl80211Manager( 742): Scan result ready event
05-28 16:15:03.372 D/WifiNative( 742): Scan result ready event
05-28 16:15:03.374 D/WificondScannerImpl( 742): Filtering out 1 scan results.
05-28 16:15:03.380 I/WifiHAL ( 558): call wifi_get_link_stats handler
05-28 16:15:03.380 I/WifiHAL ( 558): Creating message to get link statistics; iface = 16
05-28 16:15:03.380 D/WifiHAL ( 558): error code -95 mapped to -3
05-28 16:15:03.380 E/ccc ( 2296): cccccc SCAN_RESULTS_AVAILABLE_ACTION hhhh
05-28 16:15:03.380 E/WifiStaIfaceAidlImpl( 742): getLinkLayerStats failed with service-specific exception: android.os.ServiceSpecificException: (code 4)
05-28 16:15:03.382 E/ccc ( 2296): cccccc result is empty start scan
05-28 16:15:03.383 I/WifiService( 742): startScan uid=1000
05-28 16:15:03.384 W/ScanResultUtil( 742): Empty or null ScanResult list
05-28 16:15:03.384 W/WifiService( 742): Attempt to retrieve WifiConfiguration with invalid scanResult List
05-28 16:15:03.385 W/ScanResultUtil( 742): Empty or null ScanResult list
05-28 16:15:03.385 E/WifiService( 742): Attempt to retrieve passpoint with invalid scanResult List
05-28 16:15:03.386 W/ScanResultUtil( 742): Empty or null ScanResult list
05-28 16:15:03.386 W/WifiService( 742): Attempt to retrieve OsuProviders with invalid scanResult List
05-28 16:15:03.390 E/hq ( 2316): NetWorkStateReceiver:::NetWorkStateReceiver onReceive: 网络变化广播 >>>> intent.action=android.net.wifi.SCAN_RESULTS
05-28 16:15:03.392 W/eventbuscore( 2316): post Event:com.dangbei.leard.base.entity.event.NetWifiRssiEvent
05-28 16:15:03.399 D/InstantWifi( 742): Drop, size: 1
05-28 16:15:03.529 E/ccc ( 1946): cccccc onPhrikeUpdate downloading 83.267
05-28 16:15:03.547 E/mali_gralloc( 1946): Attempt to call unlock*() on an buffer locked with invalid write locks buffer (0xf4707e80)
05-28 16:15:03.574 I/WifiHAL ( 558): call wifi_get_link_stats handler
05-28 16:15:03.574 I/WifiHAL ( 558): Creating message to get link statistics; iface = 16
05-28 16:15:03.574 D/WifiHAL ( 558): error code -95 mapped to -3
05-28 16:15:03.575 E/WifiStaIfaceAidlImpl( 742): getLinkLayerStats failed with service-specific exception: android.os.ServiceSpecificException: (code 4)
05-28 16:15:06.090 D/WifiNl80211Manager( 742): Scan result ready event
05-28 16:15:06.090 D/WifiNative( 742): Scan result ready event
05-28 16:15:06.146 E/ccc ( 2296): cccccc SCAN_RESULTS_AVAILABLE_ACTION hhhh
05-28 16:15:06.147 E/hq ( 2316): NetWorkStateReceiver:::NetWorkStateReceiver onReceive: 网络变化广播 >>>> intent.action=android.net.wifi.SCAN_RESULTS
05-28 16:15:06.155 I/WifiHAL ( 558): call wifi_get_link_stats handler
05-28 16:15:06.155 I/WifiHAL ( 558): Creating message to get link statistics; iface = 16
05-28 16:15:06.155 D/WifiHAL ( 558): error code -95 mapped to -3
05-28 16:15:06.156 E/WifiStaIfaceAidlImpl( 742): getLinkLayerStats failed with service-specific exception: android.os.ServiceSpecificException: (code 4)
05-28 16:15:06.168 W/eventbuscore( 2316): post Event:com.dangbei.leard.base.entity.event.NetWifiRssiEvent
05-28 16:15:06.179 E/ccc ( 2296): cccccc result is not empty call back
05-28 16:15:06.179 E/ccc ( 2296): cccccc 666666666666666
05-28 16:15:06.192 E/ccc ( 2296): cccccc sort 2 51
05-28 16:15:06.578 I/WifiHAL ( 558): call wifi_get_link_stats handler
05-28 16:15:06.578 I/WifiHAL ( 558): Creating message to get link statistics; iface = 16
05-28 16:15:06.579 D/WifiHAL ( 558): error code -95 mapped to -3
05-28 16:15:06.579 E/WifiStaIfaceAidlImpl( 742): getLinkLayerStats failed with service-specific exception: android.os.ServiceSpecificException: (code 4)
05-28 16:15:07.131 D/nStackXCoAP( 2823): IsInSameNetwork:[276] :IsInSameNetwork exec
05-28 16:15:07.131 I/nStackXDFinder( 2823): GetLocalInterfaceDetail:[461] :GetLocalInterfaceDetail in
05-28 16:15:07.131 E/nStackXCoAP( 2823): IsInSameNetwork:[281] :IsInSameNetwork: not priority process
05-28 16:15:07.131 D/nStackXCoAP( 2823): ParseServiceDiscover:[330] :new device join
05-28 16:15:07.131 E/nStackXDFinder( 2823): GetLocalIp:[401] :GetLocalIp exec
05-28 16:15:07.322 D/nStackXCoAP( 2823): IsInSameNetwork:[276] :IsInSameNetwork exec
05-28 16:15:07.322 I/nStackXDFinder( 2823): GetLocalInterfaceDetail:[461] :GetLocalInterfaceDetail in
05-28 16:15:07.322 E/nStackXCoAP( 2823): IsInSameNetwork:[281] :IsInSameNetwork: not priority process
05-28 16:15:07.322 D/nStackXCoAP( 2823): ParseServiceDiscover:[330] :new device join
05-28 16:15:07.322 E/nStackXDFinder( 2823): GetLocalIp:[401] :GetLocalIp exec
05-28 16:15:07.612 E/ccc ( 1946): cccccc onPhrikeUpdate downloading 83.56344
05-28 16:15:07.633 E/mali_gralloc( 1946): Attempt to call unlock*() on an buffer locked with invalid write locks buffer (0xf470d9e0)
05-28 16:15:07.636 E/mali_gralloc( 1946): Attempt to call unlock*() on an buffer locked with invalid write locks buffer (0xf470d9e0)
05-28 16:15:08.573 D/nStackXCoAP( 2823): IsInSameNetwork:[276] :IsInSameNetwork exec
05-28 16:15:08.574 I/nStackXDFinder( 2823): GetLocalInterfaceDetail:[461] :GetLocalInterfaceDetail in
05-28 16:15:08.574 E/nStackXCoAP( 2823): IsInSameNetwork:[281] :IsInSameNetwork: not priority process
05-28 16:15:08.574 D/nStackXCoAP( 2823): ParseServiceDiscover:[330] :new device join
05-28 16:15:08.574 E/nStackXDFinder( 2823): GetLocalIp:[401] :GetLocalIp exec
05-28 16:15:09.008 D/nStackXCoAP( 2823): IsInSameNetwork:[276] :IsInSameNetwork exec
05-28 16:15:09.008 I/nStackXDFinder( 2823): GetLocalInterfaceDetail:[461] :GetLocalInterfaceDetail in
05-28 16:15:09.008 E/nStackXCoAP( 2823): IsInSameNetwork:[281] :IsInSameNetwork: not priority process
05-28 16:15:09.008 D/nStackXCoAP( 2823): ParseServiceDiscover:[330] :new device join
05-28 16:15:09.008 E/nStackXDFinder( 2823): GetLocalIp:[401] :GetLocalIp exec
05-28 16:15:09.520 D/nStackXCoAP( 2823): IsInSameNetwork:[276] :IsInSameNetwork exec
05-28 16:15:09.520 I/nStackXDFinder( 2823): GetLocalInterfaceDetail:[461] :GetLocalInterfaceDetail in
05-28 16:15:09.520 E/nStackXCoAP( 2823): IsInSameNetwork:[281] :IsInSameNetwork: not priority process
05-28 16:15:09.520 D/nStackXCoAP( 2823): ParseServiceDiscover:[330] :new device join
05-28 16:15:09.521 E/nStackXDFinder( 2823): GetLocalIp:[401] :GetLocalIp exec
05-28 16:15:09.586 I/WifiHAL ( 558): call wifi_get_link_stats handler
05-28 16:15:09.586 I/WifiHAL ( 558): Creating message to get link statistics; iface = 16
05-28 16:15:09.586 D/WifiHAL ( 558): error code -95 mapped to -3
05-28 16:15:09.586 E/WifiStaIfaceAidlImpl( 742): getLinkLayerStats failed with service-specific exception: android.os.ServiceSpecificException: (code 4)
05-28 16:15:10.044 D/nStackXCoAP( 2823): IsInSameNetwork:[276] :IsInSameNetwork exec
05-28 16:15:10.044 I/nStackXDFinder( 2823): GetLocalInterfaceDetail:[461] :GetLocalInterfaceDetail in
05-28 16:15:10.044 E/nStackXCoAP( 2823): IsInSameNetwork:[281] :IsInSameNetwork: not priority process
05-28 16:15:10.044 D/nStackXCoAP( 2823): ParseServiceDiscover:[330] :new device join
05-28 16:15:10.044 E/nStackXDFinder( 2823): GetLocalIp:[401] :GetLocalIp exec
05-28 16:15:10.559 D/nStackXCoAP( 2823): IsInSameNetwork:[276] :IsInSameNetwork exec
05-28 16:15:10.559 I/nStackXDFinder( 2823): GetLocalInterfaceDetail:[461] :GetLocalInterfaceDetail in
05-28 16:15:10.559 E/nStackXCoAP( 2823): IsInSameNetwork:[281] :IsInSameNetwork: not priority process
05-28 16:15:10.559 D/nStackXCoAP( 2823): ParseServiceDiscover:[330] :new device join
05-28 16:15:10.559 E/nStackXDFinder( 2823): GetLocalIp:[401] :GetLocalIp exec
05-28 16:15:11.552 D/nStackXCoAP( 2823): IsInSameNetwork:[276] :IsInSameNetwork exec
05-28 16:15:11.553 I/nStackXDFinder( 2823): GetLocalInterfaceDetail:[461] :GetLocalInterfaceDetail in
05-28 16:15:11.553 E/nStackXCoAP( 2823): IsInSameNetwork:[281] :IsInSameNetwork: not priority process
05-28 16:15:11.553 D/nStackXCoAP( 2823): ParseServiceDiscover:[330] :new device join
05-28 16:15:11.553 E/nStackXDFinder( 2823): GetLocalIp:[401] :GetLocalIp exec
05-28 16:15:11.619 E/ccc ( 1946): cccccc onPhrikeUpdate downloading 83.90509
05-28 16:15:11.638 E/mali_gralloc( 1946): Attempt to call unlock*() on an buffer locked with invalid write locks buffer (0xf470d9e0)
05-28 16:15:11.638 E/mali_gralloc( 1946): Attempt to call unlock*() on an buffer locked with invalid write locks buffer (0xf4707e80)
05-28 16:15:11.641 E/mali_gralloc( 1946): Attempt to call unlock*() on an buffer locked with invalid write locks buffer (0xf4707e80)
05-28 16:15:12.594 I/WifiHAL ( 558): call wifi_get_link_stats handler
05-28 16:15:12.594 I/WifiHAL ( 558): Creating message to get link statistics; iface = 16
05-28 16:15:12.594 D/WifiHAL ( 558): error code -95 mapped to -3
05-28 16:15:12.595 E/WifiStaIfaceAidlImpl( 742): getLinkLayerStats failed with service-specific exception: android.os.ServiceSpecificException: (code 4)
05-28 16:15:15.602 I/WifiHAL ( 558): call wifi_get_link_stats handler
05-28 16:15:15.602 I/WifiHAL ( 558): Creating message to get link statistics; iface = 16
05-28 16:15:15.603 D/WifiHAL ( 558): error code -95 mapped to -3
05-28 16:15:15.605 E/WifiStaIfaceAidlImpl( 742): getLinkLayerStats failed with service-specific exception: android.os.ServiceSpecificException: (code 4)
05-28 16:15:15.645 E/ccc ( 1946): cccccc onPhrikeUpdate downloading 84.21124
05-28 16:15:15.659 E/mali_gralloc( 1946): Attempt to call unlock*() on an buffer locked with invalid write locks buffer (0xf4707e80)
05-28 16:15:18.614 I/WifiHAL ( 558): call wifi_get_link_stats handler
05-28 16:15:18.614 I/WifiHAL ( 558): Creating message to get link statistics; iface = 16
05-28 16:15:18.614 D/WifiHAL ( 558): error code -95 mapped to -3
05-28 16:15:18.615 E/WifiStaIfaceAidlImpl( 742): getLinkLayerStats failed with service-specific exception: android.os.ServiceSpecificException: (code 4)
05-28 16:15:19.717 E/ccc ( 1946): cccccc onPhrikeUpdate downloading 84.634285
05-28 16:15:19.730 E/mali_gralloc( 1946): Attempt to call unlock*() on an buffer locked with invalid write locks buffer (0xf470d9e0)
05-28 16:15:19.733 E/mali_gralloc( 1946): Attempt to call unlock*() on an buffer locked with invalid write locks buffer (0xf470d9e0)
05-28 16:15:20.378 I/audio_hw_hal_alsamgr( 509): alsa format =0x1 delay frames =768 total frames=353917440
05-28 16:15:21.621 I/WifiHAL ( 558): call wifi_get_link_stats handler
05-28 16:15:21.621 I/WifiHAL ( 558): Creating message to get link statistics; iface = 16
05-28 16:15:21.622 D/WifiHAL ( 558): error code -95 mapped to -3
05-28 16:15:21.622 E/WifiStaIfaceAidlImpl( 742): getLinkLayerStats failed with service-specific exception: android.os.ServiceSpecificException: (code 4)
05-28 16:15:24.627 I/WifiHAL ( 558): call wifi_get_link_stats handler
05-28 16:15:24.627 I/WifiHAL ( 558): Creating message to get link statistics; iface = 16
05-28 16:15:24.627 D/WifiHAL ( 558): error code -95 mapped to -3
05-28 16:15:24.628 E/WifiStaIfaceAidlImpl( 742): getLinkLayerStats failed with service-specific exception: android.os.ServiceSpecificException: (code 4)
05-28 16:15:24.773 E/ccc ( 1946): cccccc onPhrikeUpdate downloading 84.88518
05-28 16:15:24.784 E/mali_gralloc( 1946): Attempt to call unlock*() on an buffer locked with invalid write locks buffer (0xf470d9e0)
05-28 16:15:24.784 E/mali_gralloc( 1946): Attempt to call unlock*() on an buffer locked with invalid write locks buffer (0xf4707e80)
05-28 16:15:24.788 E/mali_gralloc( 1946): Attempt to call unlock*() on an buffer locked with invalid write locks buffer (0xf4707e80)
05-28 16:15:25.105 D/nStackXCoAP( 2823): IsInSameNetwork:[276] :IsInSameNetwork exec
05-28 16:15:25.105 I/nStackXDFinder( 2823): GetLocalInterfaceDetail:[461] :GetLocalInterfaceDetail in
05-28 16:15:25.105 E/nStackXCoAP( 2823): IsInSameNetwork:[281] :IsInSameNetwork: not priority process
05-28 16:15:25.105 D/nStackXCoAP( 2823): ParseServiceDiscover:[330] :new device join
05-28 16:15:25.105 E/nStackXDFinder( 2823): GetLocalIp:[401] :GetLocalIp exec
05-28 16:15:25.223 D/nStackXCoAP( 2823): IsInSameNetwork:[276] :IsInSameNetwork exec
05-28 16:15:25.223 I/nStackXDFinder( 2823): GetLocalInterfaceDetail:[461] :GetLocalInterfaceDetail in
05-28 16:15:25.223 E/nStackXCoAP( 2823): IsInSameNetwork:[281] :IsInSameNetwork: not priority process
05-28 16:15:25.223 D/nStackXCoAP( 2823): ParseServiceDiscover:[330] :new device join
05-28 16:15:25.223 E/nStackXDFinder( 2823): GetLocalIp:[401] :GetLocalIp exec
05-28 16:15:25.407 D/nStackXCoAP( 2823): IsInSameNetwork:[276] :IsInSameNetwork exec
05-28 16:15:25.407 I/nStackXDFinder( 2823): GetLocalInterfaceDetail:[461] :GetLocalInterfaceDetail in
05-28 16:15:25.407 E/nStackXCoAP( 2823): IsInSameNetwork:[281] :IsInSameNetwork: not priority process
05-28 16:15:25.407 D/nStackXCoAP( 2823): ParseServiceDiscover:[330] :new device join
05-28 16:15:25.407 E/nStackXDFinder( 2823): GetLocalIp:[401] :GetLocalIp exec
05-28 16:15:25.887 D/nStackXCoAP( 2823): IsInSameNetwork:[276] :IsInSameNetwork exec
05-28 16:15:25.887 I/nStackXDFinder( 2823): GetLocalInterfaceDetail:[461] :GetLocalInterfaceDetail in
05-28 16:15:25.889 E/nStackXCoAP( 2823): IsInSameNetwork:[281] :IsInSameNetwork: not priority process
05-28 16:15:25.889 D/nStackXCoAP( 2823): ParseServiceDiscover:[330] :new device join
05-28 16:15:25.889 E/nStackXDFinder( 2823): GetLocalIp:[401] :GetLocalIp exec
05-28 16:15:26.278 D/nStackXCoAP( 2823): IsInSameNetwork:[276] :IsInSameNetwork exec
05-28 16:15:26.278 I/nStackXDFinder( 2823): GetLocalInterfaceDetail:[461] :GetLocalInterfaceDetail in
05-28 16:15:26.278 E/nStackXCoAP( 2823): IsInSameNetwork:[281] :IsInSameNetwork: not priority process
05-28 16:15:26.278 D/nStackXCoAP( 2823): ParseServiceDiscover:[330] :new device join
05-28 16:15:26.278 E/nStackXDFinder( 2823): GetLocalIp:[401] :GetLocalIp exec
05-28 16:15:26.891 D/nStackXCoAP( 2823): IsInSameNetwork:[276] :IsInSameNetwork exec
05-28 16:15:26.891 I/nStackXDFinder( 2823): GetLocalInterfaceDetail:[461] :GetLocalInterfaceDetail in
05-28 16:15:26.891 E/nStackXCoAP( 2823): IsInSameNetwork:[281] :IsInSameNetwork: not priority process
05-28 16:15:26.891 D/nStackXCoAP( 2823): ParseServiceDiscover:[330] :new device join
05-28 16:15:26.891 E/nStackXDFinder( 2823): GetLocalIp:[401] :GetLocalIp exec
05-28 16:15:27.413 D/nStackXCoAP( 2823): IsInSameNetwork:[276] :IsInSameNetwork exec
05-28 16:15:27.413 I/nStackXDFinder( 2823): GetLocalInterfaceDetail:[461] :GetLocalInterfaceDetail in
05-28 16:15:27.413 E/nStackXCoAP( 2823): IsInSameNetwork:[281] :IsInSameNetwork: not priority process
05-28 16:15:27.413 D/nStackXCoAP( 2823): ParseServiceDiscover:[330] :new device join
05-28 16:15:27.413 E/nStackXDFinder( 2823): GetLocalIp:[401] :GetLocalIp exec
05-28 16:15:27.634 I/WifiHAL ( 558): call wifi_get_link_stats handler
05-28 16:15:27.634 I/WifiHAL ( 558): Creating message to get link statistics; iface = 16
05-28 16:15:27.634 D/WifiHAL ( 558): error code -95 mapped to -3
05-28 16:15:27.634 E/WifiStaIfaceAidlImpl( 742): getLinkLayerStats failed with service-specific exception: android.os.ServiceSpecificException: (code 4)
05-28 16:15:27.804 D/nStackXCoAP( 2823): IsInSameNetwork:[276] :IsInSameNetwork exec
05-28 16:15:27.804 I/nStackXDFinder( 2823): GetLocalInterfaceDetail:[461] :GetLocalInterfaceDetail in
05-28 16:15:27.804 E/nStackXCoAP( 2823): IsInSameNetwork:[281] :IsInSameNetwork: not priority process
05-28 16:15:27.804 D/nStackXCoAP( 2823): ParseServiceDiscover:[330] :new device join
05-28 16:15:27.804 E/nStackXDFinder( 2823): GetLocalIp:[401] :GetLocalIp exec
05-28 16:15:28.365 D/nStackXCoAP( 2823): IsInSameNetwork:[276] :IsInSameNetwork exec
05-28 16:15:28.365 I/nStackXDFinder( 2823): GetLocalInterfaceDetail:[461] :GetLocalInterfaceDetail in
05-28 16:15:28.365 E/nStackXCoAP( 2823): IsInSameNetwork:[281] :IsInSameNetwork: not priority process
05-28 16:15:28.365 D/nStackXCoAP( 2823): ParseServiceDiscover:[330] :new device join
05-28 16:15:28.365 E/nStackXDFinder( 2823): GetLocalIp:[401] :GetLocalIp exec
05-28 16:15:29.219 E/ccc ( 1946): cccccc onPhrikeUpdate downloading 85.29296
05-28 16:15:29.240 E/mali_gralloc( 1946): Attempt to call unlock*() on an buffer locked with invalid write locks buffer (0xf4707e80)
05-28 16:15:30.642 I/WifiHAL ( 558): call wifi_get_link_stats handler
05-28 16:15:30.642 I/WifiHAL ( 558): Creating message to get link statistics; iface = 16
05-28 16:15:30.642 D/WifiHAL ( 558): error code -95 mapped to -3
05-28 16:15:30.643 E/WifiStaIfaceAidlImpl( 742): getLinkLayerStats failed with service-specific exception: android.os.ServiceSpecificException: (code 4)
05-28 16:15:33.562 E/ccc ( 1946): cccccc onPhrikeUpdate downloading 85.567894
05-28 16:15:33.576 E/mali_gralloc( 1946): Attempt to call unlock*() on an buffer locked with invalid write locks buffer (0xf470d9e0)
05-28 16:15:33.580 E/mali_gralloc( 1946): Attempt to call unlock*() on an buffer locked with invalid write locks buffer (0xf470d9e0)
05-28 16:15:33.650 I/WifiHAL ( 558): call wifi_get_link_stats handler
05-28 16:15:33.650 I/WifiHAL ( 558): Creating message to get link statistics; iface = 16
05-28 16:15:33.650 D/WifiHAL ( 558): error code -95 mapped to -3
05-28 16:15:33.650 E/WifiStaIfaceAidlImpl( 742): getLinkLayerStats failed with service-specific exception: android.os.ServiceSpecificException: (code 4)
05-28 16:15:34.065 D/bbb ( 2170): onStartCommand begin !!!!!!! data分区剩余 53521MB
05-28 16:15:35.327 D/nStackXCoAP( 2823): IsInSameNetwork:[276] :IsInSameNetwork exec
05-28 16:15:35.327 I/nStackXDFinder( 2823): GetLocalInterfaceDetail:[461] :GetLocalInterfaceDetail in
05-28 16:15:35.327 E/nStackXCoAP( 2823): IsInSameNetwork:[281] :IsInSameNetwork: not priority process
05-28 16:15:35.327 D/nStackXCoAP( 2823): ParseServiceDiscover:[330] :new device join
05-28 16:15:35.328 I/nStackXDFinder( 2823): NotifyDeviceListChanged:[540] :notify callback: device list changed callback is null
05-28 16:15:35.328 E/nStackXDFinder( 2823): GetLocalIp:[401] :GetLocalIp exec
05-28 16:15:35.335 D/nStackXCoAP( 2823): IsInSameNetwork:[276] :IsInSameNetwork exec
05-28 16:15:35.335 I/nStackXDFinder( 2823): GetLocalInterfaceDetail:[461] :GetLocalInterfaceDetail in
05-28 16:15:35.335 E/nStackXCoAP( 2823): IsInSameNetwork:[281] :IsInSameNetwork: not priority process
05-28 16:15:35.335 D/nStackXCoAP( 2823): ParseServiceDiscover:[330] :new device join
05-28 16:15:35.335 E/nStackXDFinder( 2823): GetLocalIp:[401] :GetLocalIp exec
05-28 16:15:36.226 I/WifiService( 742): startScan uid=1000
05-28 16:15:36.228 E/ccc ( 2296): cccccc i will start scan
05-28 16:15:36.235 D/InstantWifi( 742): Drop, size: 1
05-28 16:15:36.237 D/WifiNl80211Manager( 742): Scan result ready event
05-28 16:15:36.237 D/WifiNative( 742): Scan result ready event
05-28 16:15:36.239 D/WificondScannerImpl( 742): Filtering out 1 scan results.
05-28 16:15:36.243 I/WifiHAL ( 558): call wifi_get_link_stats handler
05-28 16:15:36.243 I/WifiHAL ( 558): Creating message to get link statistics; iface = 16
05-28 16:15:36.243 D/WifiHAL ( 558): error code -95 mapped to -3
05-28 16:15:36.243 E/ccc ( 2296): cccccc SCAN_RESULTS_AVAILABLE_ACTION hhhh
05-28 16:15:36.244 E/WifiStaIfaceAidlImpl( 742): getLinkLayerStats failed with service-specific exception: android.os.ServiceSpecificException: (code 4)
05-28 16:15:36.244 E/hq ( 2316): NetWorkStateReceiver:::NetWorkStateReceiver onReceive: 网络变化广播 >>>> intent.action=android.net.wifi.SCAN_RESULTS
05-28 16:15:36.245 E/ccc ( 2296): cccccc result is empty start scan
05-28 16:15:36.246 I/WifiService( 742): startScan uid=1000
05-28 16:15:36.247 W/eventbuscore( 2316): post Event:com.dangbei.leard.base.entity.event.NetWifiRssiEvent
05-28 16:15:36.248 W/ScanResultUtil( 742): Empty or null ScanResult list
05-28 16:15:36.248 W/WifiService( 742): Attempt to retrieve WifiConfiguration with invalid scanResult List
05-28 16:15:36.249 W/ScanResultUtil( 742): Empty or null ScanResult list
05-28 16:15:36.249 E/WifiService( 742): Attempt to retrieve passpoint with invalid scanResult List
05-28 16:15:36.249 W/ScanResultUtil( 742): Empty or null ScanResult list
05-28 16:15:36.249 W/WifiService( 742): Attempt to retrieve OsuProviders with invalid scanResult List
05-28 16:15:36.255 D/nStackXCoAP( 2823): CoapMessageHandler:[133] :2.01
05-28 16:15:36.255 D/nStackXCoAP( 2823): CoapMessageHandler:[133] :2.01
05-28 16:15:36.257 D/InstantWifi( 742): Drop, size: 1
05-28 16:15:36.655 I/WifiHAL ( 558): call wifi_get_link_stats handler
05-28 16:15:36.655 I/WifiHAL ( 558): Creating message to get link statistics; iface = 16
05-28 16:15:36.655 D/WifiHAL ( 558): error code -95 mapped to -3
05-28 16:15:36.655 E/WifiStaIfaceAidlImpl( 742): getLinkLayerStats failed with service-specific exception: android.os.ServiceSpecificException: (code 4)
05-28 16:15:37.728 E/ccc ( 1946): cccccc onPhrikeUpdate downloading 85.8855
05-28 16:15:37.747 E/mali_gralloc( 1946): Attempt to call unlock*() on an buffer locked with invalid write locks buffer (0xf470d9e0)
05-28 16:15:37.747 E/mali_gralloc( 1946): Attempt to call unlock*() on an buffer locked with invalid write locks buffer (0xf4707e80)
05-28 16:15:37.751 E/mali_gralloc( 1946): Attempt to call unlock*() on an buffer locked with invalid write locks buffer (0xf4707e80)
05-28 16:15:38.566 D/nStackXCoAP( 2823): IsInSameNetwork:[276] :IsInSameNetwork exec
05-28 16:15:38.566 I/nStackXDFinder( 2823): GetLocalInterfaceDetail:[461] :GetLocalInterfaceDetail in
05-28 16:15:38.566 E/nStackXCoAP( 2823): IsInSameNetwork:[281] :IsInSameNetwork: not priority process
05-28 16:15:38.566 D/nStackXCoAP( 2823): ParseServiceDiscover:[330] :new device join
05-28 16:15:38.566 E/nStackXDFinder( 2823): GetLocalIp:[401] :GetLocalIp exec
05-28 16:15:38.933 D/WifiNl80211Manager( 742): Scan result ready event
05-28 16:15:38.933 D/WifiNative( 742): Scan result ready event
05-28 16:15:38.959 D/nStackXCoAP( 2823): CoapMessageHandler:[133] :2.01
05-28 16:15:38.964 D/nStackXCoAP( 2823): IsInSameNetwork:[276] :IsInSameNetwork exec
05-28 16:15:38.964 I/nStackXDFinder( 2823): GetLocalInterfaceDetail:[461] :GetLocalInterfaceDetail in
05-28 16:15:38.964 E/nStackXCoAP( 2823): IsInSameNetwork:[281] :IsInSameNetwork: not priority process
05-28 16:15:38.964 D/nStackXCoAP( 2823): ParseServiceDiscover:[330] :new device join
05-28 16:15:38.964 E/nStackXDFinder( 2823): GetLocalIp:[401] :GetLocalIp exec
05-28 16:15:39.003 E/ccc ( 2296): cccccc SCAN_RESULTS_AVAILABLE_ACTION hhhh
05-28 16:15:39.004 E/hq ( 2316): NetWorkStateReceiver:::NetWorkStateReceiver onReceive: 网络变化广播 >>>> intent.action=android.net.wifi.SCAN_RESULTS
05-28 16:15:39.015 I/WifiHAL ( 558): call wifi_get_link_stats handler
05-28 16:15:39.015 I/WifiHAL ( 558): Creating message to get link statistics; iface = 16
05-28 16:15:39.016 D/WifiHAL ( 558): error code -95 mapped to -3
05-28 16:15:39.016 E/WifiStaIfaceAidlImpl( 742): getLinkLayerStats failed with service-specific exception: android.os.ServiceSpecificException: (code 4)
05-28 16:15:39.039 W/eventbuscore( 2316): post Event:com.dangbei.leard.base.entity.event.NetWifiRssiEvent
05-28 16:15:39.044 E/ccc ( 2296): cccccc result is not empty call back
05-28 16:15:39.044 E/ccc ( 2296): cccccc 666666666666666
05-28 16:15:39.062 E/ccc ( 2296): cccccc sort 2 57
05-28 16:15:39.401 D/nStackXCoAP( 2823): IsInSameNetwork:[276] :IsInSameNetwork exec
05-28 16:15:39.401 I/nStackXDFinder( 2823): GetLocalInterfaceDetail:[461] :GetLocalInterfaceDetail in
05-28 16:15:39.401 E/nStackXCoAP( 2823): IsInSameNetwork:[281] :IsInSameNetwork: not priority process
05-28 16:15:39.401 D/nStackXCoAP( 2823): ParseServiceDiscover:[330] :new device join
05-28 16:15:39.402 I/nStackXDFinder( 2823): NotifyDeviceListChanged:[540] :notify callback: device list changed callback is null
05-28 16:15:39.402 E/nStackXDFinder( 2823): GetLocalIp:[401] :GetLocalIp exec
05-28 16:15:39.505 D/nStackXCoAP( 2823): CoapMessageHandler:[133] :2.01
05-28 16:15:39.639 D/nStackXCoAP( 2823): IsInSameNetwork:[276] :IsInSameNetwork exec
05-28 16:15:39.639 I/nStackXDFinder( 2823): GetLocalInterfaceDetail:[461] :GetLocalInterfaceDetail in
05-28 16:15:39.639 E/nStackXCoAP( 2823): IsInSameNetwork:[281] :IsInSameNetwork: not priority process
05-28 16:15:39.640 D/nStackXCoAP( 2823): ParseServiceDiscover:[330] :new device join
05-28 16:15:39.640 I/nStackXDFinder( 2823): NotifyDeviceListChanged:[540] :notify callback: device list changed callback is null
05-28 16:15:39.640 E/nStackXDFinder( 2823): GetLocalIp:[401] :GetLocalIp exec
05-28 16:15:39.663 I/WifiHAL ( 558): call wifi_get_link_stats handler
05-28 16:15:39.663 I/WifiHAL ( 558): Creating message to get link statistics; iface = 16
05-28 16:15:39.663 D/WifiHAL ( 558): error code -95 mapped to -3
05-28 16:15:39.664 E/WifiStaIfaceAidlImpl( 742): getLinkLayerStats failed with service-specific exception: android.os.ServiceSpecificException: (code 4)
05-28 16:15:39.680 D/nStackXCoAP( 2823): IsInSameNetwork:[276] :IsInSameNetwork exec
05-28 16:15:39.680 I/nStackXDFinder( 2823): GetLocalInterfaceDetail:[461] :GetLocalInterfaceDetail in
05-28 16:15:39.680 E/nStackXCoAP( 2823): IsInSameNetwork:[281] :IsInSameNetwork: not priority process
05-28 16:15:39.680 D/nStackXCoAP( 2823): ParseServiceDiscover:[330] :new device join
05-28 16:15:39.680 E/nStackXDFinder( 2823): GetLocalIp:[401] :GetLocalIp exec
05-28 16:15:39.699 D/nStackXCoAP( 2823): CoapMessageHandler:[133] :2.01
05-28 16:15:39.699 D/nStackXCoAP( 2823): CoapMessageHandler:[133] :2.01
05-28 16:15:39.908 D/nStackXCoAP( 2823): IsInSameNetwork:[276] :IsInSameNetwork exec
05-28 16:15:39.908 I/nStackXDFinder( 2823): GetLocalInterfaceDetail:[461] :GetLocalInterfaceDetail in
05-28 16:15:39.908 E/nStackXCoAP( 2823): IsInSameNetwork:[281] :IsInSameNetwork: not priority process
05-28 16:15:39.908 D/nStackXCoAP( 2823): ParseServiceDiscover:[330] :new device join
05-28 16:15:39.908 E/nStackXDFinder( 2823): GetLocalIp:[401] :GetLocalIp exec
05-28 16:15:40.004 D/nStackXCoAP( 2823): IsInSameNetwork:[276] :IsInSameNetwork exec
05-28 16:15:40.004 I/nStackXDFinder( 2823): GetLocalInterfaceDetail:[461] :GetLocalInterfaceDetail in
05-28 16:15:40.004 E/nStackXCoAP( 2823): IsInSameNetwork:[281] :IsInSameNetwork: not priority process
05-28 16:15:40.004 D/nStackXCoAP( 2823): ParseServiceDiscover:[330] :new device join
05-28 16:15:40.005 E/nStackXDFinder( 2823): GetLocalIp:[401] :GetLocalIp exec
05-28 16:15:40.167 I/SystemControl( 343): [/UEventObserver.cpp, HDMITxUenventThreadLoop, 451] HDMI TX switch_name:hdmitx_current_status, switch_state: 310
05-28 16:15:40.170 D/nStackXCoAP( 2823): IsInSameNetwork:[276] :IsInSameNetwork exec
05-28 16:15:40.170 I/nStackXDFinder( 2823): GetLocalInterfaceDetail:[461] :GetLocalInterfaceDetail in
05-28 16:15:40.170 E/nStackXCoAP( 2823): IsInSameNetwork:[281] :IsInSameNetwork: not priority process
05-28 16:15:40.170 D/nStackXCoAP( 2823): ParseServiceDiscover:[330] :new device join
05-28 16:15:40.170 E/nStackXDFinder( 2823): GetLocalIp:[401] :GetLocalIp exec
05-28 16:15:40.173 I/SystemControl( 343): [/UEventObserver.cpp, HDMITxUenventThreadLoop, 451] HDMI TX switch_name:hdmitx_hpd, switch_state: 0
05-28 16:15:40.173 I/SystemControl( 343): [/DisplayMode.cpp, onTxEvent, 3267] onTxEvent switchName:hdmitx_hpd hpdstate:0 state: 1
05-28 16:15:40.173 I/SystemControl( 343): [/SysWrite.cpp, getKernelReleaseVersion, 701] getKernelReleaseVersion: 5.15
05-28 16:15:40.173 I/SystemControl( 343): [/SystemControlHal.cpp, onEvent, 72] onEvent event:2, client size:5
05-28 16:15:40.173 V/WindowManager( 742): app ------------- force_land :0
05-28 16:15:40.173 I/SystemControlClient( 527): notifyCallback event type:2
05-28 16:15:40.173 I/SystemControlClient( 527): notifyCallback: listener is NULL.
05-28 16:15:40.174 I/SystemControlEvent( 1379): system control callback event: 2
05-28 16:15:40.174 I/SystemControl( 343): [/Ubootenv.cpp, get, 345] [ubootenv] search end and not find env:connector_type
05-28 16:15:40.175 I/SystemControl( 343): [/Ubootenv.cpp, get, 336] [ubootenv] get key:hdmimode envValue: none
05-28 16:15:40.175 E/MesonHwc( 289): DrmConnector[HDMI-A] still DISCONNECTED.
05-28 16:15:40.176 D/MesonHwc( 289): ERR: PLEASE FIX NON-IMPLEMENT FUN(update).
05-28 16:15:40.178 I/hdmicecd( 552): [HdmiCecControl]:Hotplug event port:0, now:0, prevStatus:1 power:1
05-28 16:15:40.179 E/ccc ( 1946): cccccc hdmi plug reset
05-28 16:15:40.181 I/hdmiconnection( 552): hot plug port id 0, is connected 0
05-28 16:15:40.181 D/HDMI ( 742): Hotplug event:[port:0, connected:false]
05-28 16:15:40.181 E/xxxxxxxxxxxxxxx( 2316): onReceive:mIsHDMIPlugged = false
05-28 16:15:40.182 E/xxxxxxxxxxxxxxx( 2316): onReceive:mIsHDMIPlugged = false
05-28 16:15:40.182 I/SystemControlClient( 528): notifyCallback event type:2
05-28 16:15:40.182 I/SystemControlClient( 528): notifyCallback: listener is NULL.
05-28 16:15:40.182 I/SystemControlClient( 529): notifyCallback event type:2
05-28 16:15:40.182 I/SystemControlClient( 529): notifyCallback: listener is NULL.
05-28 16:15:40.182 D/hdmicecd( 532): [HdmiCecControl]:getPhysicalAddress, physical addr: ffff, last pa: 1000, ret = 0
05-28 16:15:40.182 I/SystemControlClient( 244): notifyCallback event type:2
05-28 16:15:40.182 I/SystemControlClient( 244): notifyCallback: listener is NULL.
05-28 16:15:40.183 E/ccc ( 1946): cccccc hdmi plug reset
05-28 16:15:40.184 I/WiredAccessoryManager( 742): MSG_NEW_DEVICE_STATE
05-28 16:15:40.175 I/SystemControl( 343): [/Ubootenv.cpp, get, 345] [ubootenv] search end and not find env:user_colorattribute
05-28 16:15:40.188 I/SystemControl( 343): [/Ubootenv.cpp, get, 345] [ubootenv] search end and not find env:hdr_force_mode
05-28 16:15:40.188 I/SystemControl( 343): [/DisplayMode.cpp, gethdrforcemode, 2742] get hdr force mode is [2]
05-28 16:15:40.188 I/SystemControl( 343): [/Ubootenv.cpp, get, 336] [ubootenv] get key:hdr_policy envValue: 0
05-28 16:15:40.188 I/SystemControl( 343): [/DisplayMode.cpp, getHdrStrategy, 2758] getHdrStrategy is [0]
05-28 16:15:40.188 I/SystemControl( 343): [/Ubootenv.cpp, get, 336] [ubootenv] get key:hdr_priority envValue: 268435472
05-28 16:15:40.188 I/SystemControl( 343): [/DisplayMode.cpp, getHdrPriority, 2891] getHdrPriority is [0x10000010]
05-28 16:15:40.188 I/SystemControl( 343): [/DisplayMode.cpp, getCommonData, 1534] isbestcolorspace:1, isbestpolicy:1, hdr_policy:0, hdr_priority :268435472, hdr_force_mode:2
05-28 16:15:40.188 I/SystemControl( 343): [/Ubootenv.cpp, get, 345] [ubootenv] search end and not find env:connector_type
05-28 16:15:40.189 I/AS.AudioDeviceInventory( 742): NOISY: adding 0x400
05-28 16:15:40.189 I/AS.AudioDeviceInventory( 742): NOISY: musicDevice changing from NONE to 0x400
05-28 16:15:40.191 E/MesonHwc( 289): FixedDisplayPipe::getConnectorCfg 15
05-28 16:15:40.191 E/MesonHwc( 289): read screen size 0x0 from vinfo
05-28 16:15:40.191 E/MesonHwc( 289): dolby vision driver is not ready
05-28 16:15:40.191 V/MesonDisplayServer( 289): GetDisplayMode:1080p60hz
05-28 16:15:40.191 I/SystemControl( 343): [/DisplayMode.cpp, getDisplayMode, 2331] getDisplayMode mode:1080p60hz
05-28 16:15:40.192 I/SystemControl( 343): [/Ubootenv.cpp, get, 336] [ubootenv] get key:hdmimode envValue: none
05-28 16:15:40.192 I/SystemControl( 343): [/Ubootenv.cpp, get, 336] [ubootenv] get key:cvbsmode envValue: 576cvbs
05-28 16:15:40.192 I/SystemControl( 343): [/DisplayMode.cpp, getCommonData, 1542] hdmi_current_mode:1080p60hz, ubootenv hdmimode:none cvbsmode:576cvbs
05-28 16:15:40.192 D/MesonDisplayServer( 289): use connector getDisplayAttribute "HDMI Color ATTR": "422,12bit"
05-28 16:15:40.192 I/SystemControl( 343): [/Ubootenv.cpp, get, 345] [ubootenv] search end and not find env:user_colorattribute
05-28 16:15:40.192 I/SystemControl( 343): [/DisplayMode.cpp, getCommonData, 1554] hdmi_current_attr:422,12bit, ubootenv_colorattribute:none
05-28 16:15:40.192 I/SystemControl( 343): [/Ubootenv.cpp, get, 345] [ubootenv] search end and not find env:dv_enable
05-28 16:15:40.192 I/SystemControl( 343): [/DisplayMode.cpp, getCommonData, 1567] dv_enable:0
05-28 16:15:40.192 I/AS.AudioDeviceBroker( 742): broadcast ACTION_AUDIO_BECOMING_NOISY
05-28 16:15:40.192 I/SystemControl( 343): [/Ubootenv.cpp, get, 345] [ubootenv] search end and not find env:user_prefer_dv_type
05-28 16:15:40.192 I/SystemControl( 343): [/DisplayMode.cpp, getCommonData, 1578] ubootenv_dv_type:0
05-28 16:15:40.192 I/SystemControl( 343): [/DisplayMode.cpp, getHdmiData, 1721] display sink type:0 [0:none, 1:sink, 2:repeater]
05-28 16:15:40.193 I/SystemControl( 343): [/DisplayMode.cpp, filterHdmiDispcap, 1398] before filtered HdmiDispcap:
05-28 16:15:40.193 I/SystemControl( 343): [/DisplayMode.cpp, filterHdmiDispcap, 1427] after filtered HdmiDispcap:
05-28 16:15:40.193 D/MesonDisplayServer( 289): getDisplayAttribute "Dolby Vision CAP2": "The Rx don't support DolbyVision"
05-28 16:15:40.193 E/SystemControl( 343): [/DisplayMode.cpp, getHdmiDvCap, 1618] TV isn't support dolby vision: The Rx don't support DolbyVision
05-28 16:15:40.193 I/SystemControl( 343): [/DisplayMode.cpp, onTxEvent, 3294] onTxEvent boot config enable do nothing, just return
05-28 16:15:40.193 I/SystemControl( 343): [/UEventObserver.cpp, HDMITxUenventThreadLoop, 451] HDMI TX switch_name:hdmitx_audio, switch_state: 0
05-28 16:15:40.193 I/SystemControl( 343): [/DisplayMode.cpp, onTxEvent, 3267] onTxEvent switchName:hdmitx_audio hpdstate:0 state: 1
05-28 16:15:40.193 I/SystemControl( 343): [/SysWrite.cpp, getKernelReleaseVersion, 701] getKernelReleaseVersion: 5.15
05-28 16:15:40.194 I/SystemControl( 343): [/SystemControlHal.cpp, onEvent, 72] onEvent event:4, client size:5
05-28 16:15:40.194 I/SystemControlClient( 528): notifyCallback event type:4
05-28 16:15:40.194 I/SystemControlClient( 528): notifyCallback: listener is NULL.
05-28 16:15:40.194 I/SystemControlClient( 529): notifyCallback event type:4
05-28 16:15:40.194 I/SystemControlClient( 529): notifyCallback: listener is NULL.
05-28 16:15:40.194 I/SystemControl( 343): [/Ubootenv.cpp, get, 345] [ubootenv] search end and not find env:connector_type
05-28 16:15:40.194 I/SystemControlClient( 527): notifyCallback event type:4
05-28 16:15:40.194 I/SystemControlClient( 527): notifyCallback: listener is NULL.
05-28 16:15:40.194 I/SystemControl( 343): [/UEventObserver.cpp, HDMITxUenventThreadLoop, 451] HDMI TX switch_name:hdmitx_current_status, switch_state: 311
05-28 16:15:40.194 I/SystemControlClient( 244): notifyCallback event type:4
05-28 16:15:40.194 I/SystemControlClient( 244): notifyCallback: listener is NULL.
05-28 16:15:40.194 I/SystemControlEvent( 1379): system control callback event: 4
05-28 16:15:40.195 E/MesonHwc( 289): FixedDisplayPipe::getConnectorCfg 15
05-28 16:15:40.196 D/MesonHwc( 289): ERR: PLEASE FIX NON-IMPLEMENT FUN(update).
05-28 16:15:40.196 E/MesonHwc( 289): read screen size 0x0 from vinfo
05-28 16:15:40.196 E/MesonHwc( 289): dolby vision driver is not ready
05-28 16:15:40.197 E/MesonHwc( 289): Do Nothing in updateDisplayMode .
05-28 16:15:40.197 V/MesonDisplayServer( 289): GetDisplayMode:1080p60hz
05-28 16:15:40.299 D/MesonDisplayServer( 289): SetDisplay[CVBS] Mode to "dummy_l"
05-28 16:15:40.313 I/SystemControl( 343): [/UEventObserver.cpp, HDMITxUenventThreadLoop, 451] HDMI TX switch_name:hdmitx_current_status, switch_state: 312
05-28 16:15:40.315 I/SystemControl( 343): [/UEventObserver.cpp, HDMITxUenventThreadLoop, 451] HDMI TX switch_name:hdmitx_current_status, switch_state: 313
05-28 16:15:40.353 D/MesonComposer3( 289): halEventcallback onHotplug client3.0
05-28 16:15:40.354 E/MesonHwc( 289): getPort 15
05-28 16:15:40.354 E/MesonHwc( 289): getPort 15
05-28 16:15:40.355 I/SurfaceFlinger( 263): Reconnecting display 4627013623894091019 (HAL ID 0)
05-28 16:15:40.362 E/MesonComposer3( 289): destroyLayer: display:0 failed to destroy layer:760
05-28 16:15:40.362 E/HwcComposer( 263): destroyLayer failed Status(-8, EX_SERVICE_SPECIFIC): '3: '
05-28 16:15:40.362 E/HWC2 ( 263): destroyLayer(0, 760) failed: BadLayer (3)
05-28 16:15:40.362 E/MesonComposer3( 289): destroyLayer: display:0 failed to destroy layer:503
05-28 16:15:40.362 E/HwcComposer( 263): destroyLayer failed Status(-8, EX_SERVICE_SPECIFIC): '3: '
05-28 16:15:40.362 E/HWC2 ( 263): destroyLayer(0, 503) failed: BadLayer (3)
05-28 16:15:40.362 E/MesonComposer3( 289): destroyLayer: display:0 failed to destroy layer:246
05-28 16:15:40.362 E/HwcComposer( 263): destroyLayer failed Status(-8, EX_SERVICE_SPECIFIC): '3: '
05-28 16:15:40.362 E/HWC2 ( 263): destroyLayer(0, 246) failed: BadLayer (3)
05-28 16:15:40.363 E/HwcComposer( 263): setClientTargetSlotCount failed Status(-8, EX_SERVICE_SPECIFIC): '4: '
05-28 16:15:40.378 E/DMABUFHEAPS( 262): Unable to allocate from DMA-BUF heap: heap-fb: Out of memory
05-28 16:15:40.378 E/DMABUFHEAPS( 262): No ion heap of name heap-fb exists
05-28 16:15:40.378 E/DMABUFHEAPS( 262): No ion heap of name heap-fb exists
05-28 16:15:40.378 E/mali_gralloc( 262): libdmabufheap allocation failed for heap-fb heap
05-28 16:15:40.378 E/mali_gralloc( 262): buffer allocation failed: Out of memory
05-28 16:15:40.378 E/mali_gralloc( 262): buffer allocation failed: Out of memory
05-28 16:15:40.378 E/GraphicBufferAllocator( 263): Failed to allocate (1920 x 1080) layerCount 1 format 1 usage 1b00: 1
05-28 16:15:40.378 E/BufferQueueProducer( 263): [FramebufferSurface](id:10700000039,api:1,p:263,c:263) allocateBuffers: failed to allocate buffer (0 x 0, format 1, usage 0x300)
05-28 16:15:40.379 I/Scheduler( 263): Display 4627013623894091019 is the pacesetter
05-28 16:15:40.379 E/SchedulerTimer( 263): Terminated
05-28 16:15:40.379 D/SurfaceFlinger( 263): Setting power mode 2 on display 4627013623894091019
05-28 16:15:40.379 W/EventThread( 263): Failed dispatching Hotplug{displayId=4627013623894091019, connected} for Connection{0xf1c83290, VSyncRequest::None}
05-28 16:15:40.380 W/EventThread( 263): Failed dispatching Hotplug{displayId=4627013623894091019, connected} for Connection{0xf1c82c10, VSyncRequest::None}
05-28 16:15:40.380 W/EventThread( 263): Failed dispatching Hotplug{displayId=4627013623894091019, connected} for Connection{0xf1c82d10, VSyncRequest::None}
05-28 16:15:40.380 W/EventThread( 263): Failed dispatching Hotplug{displayId=4627013623894091019, connected} for Connection{0xf1c82890, VSyncRequest::None}
05-28 16:15:40.380 W/EventThread( 263): Failed dispatching Hotplug{displayId=4627013623894091019, connected} for Connection{0xf1c86910, VSyncRequest::None}
05-28 16:15:40.380 W/EventThread( 263): Failed dispatching Hotplug{displayId=4627013623894091019, connected} for Connection{0xf1c84e90, VSyncRequest::None}
05-28 16:15:40.380 D/SurfaceFlinger( 263): Finished setting power mode 2 on display 4627013623894091019
05-28 16:15:40.382 D/LocalDisplayAdapter( 742): The active mode was changed from SurfaceFlinger or the display device to {id=272, width=1920, height=1080, fps=59.94006, alternativeRefreshRates=[], supportedHdrTypes=[]}
05-28 16:15:40.386 D/LocalDisplayAdapter( 742): New display modes are added and the active mode has changed, use active mode as default mode.
05-28 16:15:40.386 W/LocalDisplayAdapter( 742): DisplayModeSpecs base mode no longer available, using currently active mode.
05-28 16:15:40.387 I/DisplayDeviceRepository( 742): Display device changed: DisplayDeviceInfo{"内置屏幕": uniqueId="local:4627013623894091019", 1920 x 1080, modeId 262, renderFrameRate 59.94006, defaultModeId 262, supportedModes [{id=262, width=1920, height=1080, fps=59.94006, alternativeRefreshRates=[], supportedHdrTypes=[2]}, {id=263, width=1920, height=1080, fps=60.000004, alternativeRefreshRates=[], supportedHdrTypes=[2]}, {id=264, width=1920, height=1080, fps=50.0, alternativeRefreshRates=[], supportedHdrTypes=[2]}, {id=265, width=1920, height=1080, fps=29.97003, alternativeRefreshRates=[], supportedHdrTypes=[2]}, {id=266, width=1920, height=1080, fps=30.000002, alternativeRefreshRates=[], supportedHdrTypes=[2]}, {id=267, width=1920, height=1080, fps=23.976025, alternativeRefreshRates=[], supportedHdrTypes=[2]}, {id=268, width=1920, height=1080, fps=24.000002, alternativeRefreshRates=[], supportedHdrTypes=[2]}, {id=269, width=1280, height=720, fps=59.94006, alternativeRefreshRates=[], supportedHdrTypes=[2]}, {id=270, width=1280, height=720, fps=60.000004, alternativeRefreshRates=[], supportedHdrTypes=[2]}, {id=271, width=1280, height=720, fps=50.0, alternativeRefreshRates=[], supportedHdrTypes=[2]}], colorMode 0, supportedColorModes [0], hdrCapabilities HdrCapabilities{mSupportedHdrTypes=[2], mMaxLuminance=500.0, mMaxAverageLuminance=500.0, mMinLuminance=0.0}, allmSupported false, gameContentTypeSupported false, density 240, 42.406 x 42.203 dpi, appVsyncOff 2000000, presDeadline 13683333, touch INTERNAL, rotation 0, type INTERNAL, address {port=11, model=0x403674603f19a5}, deviceProductInfo DeviceProductInfo{name=DBPADGO1AIR, manufacturerPnpId=DBA, productId=48, modelYear=null, manufactureDate=ManufactureDate{week=10, year=2014}, connectionToSinkType=2}, state ON, committedState ON, frameRateOverride , brightnessMinimum 0.0, brightnessMaximum 1.0, brightnessDefault 0.39763778, hdrSdrRatio NaN, FLAG_ALLOWED_TO_BE_DEFAULT_DISPLAY, FLAG_ROTATES_WITH_CONTENT, FLAG_SECURE, FLAG_SUPPORTS_PROTECTED_BUFFERS, FLAG_TRUSTED, installOrientation 0, displayShape DisplayShape{ spec=729782573 displayWidth=1920 displayHeight=1080 physicalPixelDisplaySizeRatio=1.0 rotation=0 offsetX=0 offsetY=0 scale=1.0}}
05-28 16:15:40.391 D/DisplayManagerService( 742): Ignore redundant display event 0/2 to 10067/1190
05-28 16:15:40.391 W/LocalDisplayAdapter( 742): Ignoring request for invalid base mode id 262
05-28 16:15:40.391 D/DisplayManagerService( 742): Ignore redundant display event 0/2 to 10075/6844
05-28 16:15:40.394 I/DisplayDeviceRepository( 742): Display device changed: DisplayDeviceInfo{"内置屏幕": uniqueId="local:4627013623894091019", 1920 x 1080, modeId 272, renderFrameRate 59.94006, defaultModeId 272, supportedModes [{id=272, width=1920, height=1080, fps=59.94006, alternativeRefreshRates=[], supportedHdrTypes=[]}], colorMode 0, supportedColorModes [0], hdrCapabilities HdrCapabilities{mSupportedHdrTypes=[], mMaxLuminance=500.0, mMaxAverageLuminance=500.0, mMinLuminance=0.0}, allmSupported false, gameContentTypeSupported false, density 240, 42.406 x 42.203 dpi, appVsyncOff 2000000, presDeadline 13683333, touch INTERNAL, rotation 0, type INTERNAL, address {port=11, model=0x403674603f19a5}, deviceProductInfo DeviceProductInfo{name=Linux FHD, manufacturerPnpId=LNX, productId=0, modelYear=null, manufactureDate=ManufactureDate{week=5, year=2012}, connectionToSinkType=0}, state ON, committedState ON, frameRateOverride , brightnessMinimum 0.0, brightnessMaximum 1.0, brightnessDefault 0.39763778, hdrSdrRatio NaN, FLAG_ALLOWED_TO_BE_DEFAULT_DISPLAY, FLAG_ROTATES_WITH_CONTENT, FLAG_SECURE, FLAG_SUPPORTS_PROTECTED_BUFFERS, FLAG_TRUSTED, installOrientation 0, displayShape DisplayShape{ spec=729782573 displayWidth=1920 displayHeight=1080 physicalPixelDisplaySizeRatio=1.0 rotation=0 offsetX=0 offsetY=0 scale=1.0}}
05-28 16:15:40.399 I/RefreshRateSelector( 263): Display 4627013623894091019 policy changed
05-28 16:15:40.399 I/RefreshRateSelector( 263): Previous: {defaultModeId=277, allowGroupSwitching=false, primaryRanges={physical=[0.00 Hz, 340282346638528859811704183484516925440.00 Hz], render=[0.00 Hz, 340282346638528859811704183484516925440.00 Hz]}, appRequestRanges={physical=[0.00 Hz, 340282346638528859811704183484516925440.00 Hz], render=[0.00 Hz, 340282346638528859811704183484516925440.00 Hz]}}
05-28 16:15:40.399 I/RefreshRateSelector( 263): Current: DisplayManagerPolicy{defaultModeId=277, allowGroupSwitching=false, primaryRanges={physical=[0.00 Hz, inf Hz], render=[0.00 Hz, 120.00 Hz]}, appRequestRanges={physical=[0.00 Hz, inf Hz], render=[0.00 Hz, inf Hz]}}
05-28 16:15:40.399 I/RefreshRateSelector( 263): 0 mode changes were performed under the previous policy
05-28 16:15:40.420 D/nStackXCoAP( 2823): IsInSameNetwork:[276] :IsInSameNetwork exec
05-28 16:15:40.420 I/nStackXDFinder( 2823): GetLocalInterfaceDetail:[461] :GetLocalInterfaceDetail in
05-28 16:15:40.420 E/nStackXCoAP( 2823): IsInSameNetwork:[281] :IsInSameNetwork: not priority process
05-28 16:15:40.420 D/nStackXCoAP( 2823): ParseServiceDiscover:[330] :new device join
05-28 16:15:40.420 E/nStackXDFinder( 2823): GetLocalIp:[401] :GetLocalIp exec
05-28 16:15:40.422 D/nStackXCoAP( 2823): IsInSameNetwork:[276] :IsInSameNetwork exec
05-28 16:15:40.422 I/nStackXDFinder( 2823): GetLocalInterfaceDetail:[461] :GetLocalInterfaceDetail in
05-28 16:15:40.422 E/nStackXCoAP( 2823): IsInSameNetwork:[281] :IsInSameNetwork: not priority process
05-28 16:15:40.422 D/nStackXCoAP( 2823): ParseServiceDiscover:[330] :new device join
05-28 16:15:40.422 E/nStackXDFinder( 2823): GetLocalIp:[401] :GetLocalIp exec
05-28 16:15:40.759 D/nStackXCoAP( 2823): CoapMessageHandler:[133] :2.01
05-28 16:15:41.193 D/AudioService( 742): setWiredDeviceConnectionState( type:400 state:DEVICE_STATE_UNAVAILABLE addr: name:) from android
05-28 16:15:41.193 I/AS.AudioDeviceInventory( 742): handleDeviceConnection(false dev:400 address: name:)
05-28 16:15:41.193 I/AS.AudioDeviceInventory( 742): deviceKey:0x400:
05-28 16:15:41.193 I/AS.AudioDeviceInventory( 742): deviceInfo:[DeviceInfo: type:0x400 (hdmi) name: addr: codec: 0 sensorUuid: null disabled modes: {}] is(already)Connected:true
05-28 16:15:41.194 I/APM_AudioPolicyManager( 594): [setDeviceConnectionState:256] curForceUse:NONE(0) disconnect_forceuse:HDMI(9)
05-28 16:15:41.195 I/audio_hw_hal_primary( 509): [adev_set_device_connected_state_v7:9037] disconnected address:, num_descriptors:0, num_profiles:3
05-28 16:15:41.195 I/audio_hw_hal_primary( 509): [set_device_connect_state:4044] state:0, dev:OUT_HDMI(0x400), pre_out:0x80002, pre_in:0x4
05-28 16:15:41.195 D/audio_hw_hal_resourcemgr( 509): [set_output_device_avail:353] device:0x400 avail_out_devices:400 routed_out_devices:0x400
05-28 16:15:41.201 W/APM::Devices( 594): DeviceVector::remove device 00000400 not in
05-28 16:15:41.202 W/IPCThreadState( 594): Sending oneway calls to frozen process.
05-28 16:15:41.203 I/AS.AudioDeviceInventory( 742): sendDeviceConnectionIntent(dev:0x400 state:0x0 address: name:);
05-28 16:15:41.206 V/MediaRouter( 742): Audio routes updated: AudioRoutesInfo{ type=SPEAKER }, a2dp=false
05-28 16:15:41.206 V/MediaRouter( 742): Selecting route: RouteInfo{ name=电视, description=null, status=null, category=RouteCategory{ name=系统 types=ROUTE_TYPE_LIVE_AUDIO ROUTE_TYPE_LIVE_VIDEO groupable=false }, supportedTypes=ROUTE_TYPE_LIVE_AUDIO ROUTE_TYPE_LIVE_VIDEO , presentationDisplay=null }
05-28 16:15:41.210 V/MediaRouter( 1176): Audio routes updated: AudioRoutesInfo{ type=SPEAKER }, a2dp=false
05-28 16:15:41.210 V/MediaRouter( 1176): Selecting route: RouteInfo{ name=电视, description=null, status=null, category=RouteCategory{ name=系统 types=ROUTE_TYPE_LIVE_AUDIO ROUTE_TYPE_LIVE_VIDEO groupable=false }, supportedTypes=ROUTE_TYPE_LIVE_AUDIO ROUTE_TYPE_LIVE_VIDEO , presentationDisplay=null }
05-28 16:15:41.215 D/xm_audio( 509): adev_get_parameters
05-28 16:15:41.217 D/xm_audio( 509): adev_get_parameters
05-28 16:15:41.222 D/xm_audio( 509): adev_get_parameters
05-28 16:15:41.224 D/xm_audio( 509): adev_get_parameters
05-28 16:15:41.231 D/xm_audio( 509): adev_get_parameters
