05-28 16:13:00.300 D/InstantWifi( 742): Receive Wifi is connected, freq = 5745 and currentNetworkId : 0, wifiinfo = SSID: , BSSID: 02:00:00:00:00:00, MAC: 02:00:00:00:00:00, IP: /192.168.3.246, Security type: 2, Supplicant state: COMPLETED, Wi-Fi standard: 6, RSSI: -50, Link speed: 1200Mbps, Tx Link speed: 1200Mbps, Max Supported Tx Link speed: 1200Mbps, Rx Link speed: 544Mbps, Max Supported Rx Link speed: 1200Mbps, Frequency: 5745MHz, Net ID: -1, Metered hint: false, score: 60, isUsable: true, CarrierMerged: false, SubscriptionId: -1, IsPrimary: 1, Trusted: true, Restricted: false, Ephemeral: false, OEM paid: false, OEM private: false, OSU AP: false, FQDN: , Provider friendly name: , Requesting package name: MLO Information: , Is TID-To-Link negotiation supported by the AP: false, AP MLD Address: , AP MLO Link Id: , AP MLO Affiliated links:
05-28 16:13:00.478 D/nStackXCoAP( 2823): IsInSameNetwork:[276] :IsInSameNetwork exec
05-28 16:13:00.478 I/nStackXDFinder( 2823): GetLocalInterfaceDetail:[461] :GetLocalInterfaceDetail in
05-28 16:13:00.478 E/nStackXCoAP( 2823): IsInSameNetwork:[281] :IsInSameNetwork: not priority process
05-28 16:13:00.478 D/nStackXCoAP( 2823): ParseServiceDiscover:[330] :new device join
05-28 16:13:00.478 E/nStackXDFinder( 2823): GetLocalIp:[401] :GetLocalIp exec
05-28 16:13:00.510 E/db_okhttp( 8961): POST url:http://otysdktj.tvfuwu.com/util-servlet/clientservice
05-28 16:13:00.510 E/db_okhttp( 8961): Request: topic=dbsc_init&message={"list":"%5B%22%257B%2522action%2522%253A%2522%2522%252C%2522insertTime%2522%253A%25221748419980502%2522%252C%2522content%2522%253A%2522%25257B%252522create_time%252522%25253A%2525221748419980502%252522%25252C%252522function%252522%25253A%252522init%252522%25252C%252522devboot_id%252522%25253A%252522174841445459487%252522%25252C%252522init_ispause%252522%25253A%2525222%252522%25257D%2522%257D%22%5D","mode":"1","mac":"g/tNESpYG9/PwHTF3VhpwDk/T+Cy+qdeKwoSjimoU+Q=","wifimac":"q9MCMMcNlOCXpWwv1qdeYQ==","ip":"Fvuptjwx8oU6BDodh2IUcQ==","channel":"+uL1c5z1z7lZFZqvGVRkHQ==","deviceid":"HYW6A0RpORlEbwTfmhSa4ALk+KpIFJJkXD05AYjGwxzDMNTUA1Q+x0Bd609R6rdh","dev_uuid":"Wvul+Vc+nCobEd58umDMooPBejhZHq0SXslKSFEz0/7rNjNYcegbeZ/oqmU96vJB","uuid":"lkm2UxCCS6pUo0VM2hOh6kLHB5/gO8ZIxN5zfVGthUTvAgWOqVQi5iy53wVF0IzI","packagename":"4u7INlRctM+acvVJ1H8eFWhLT5oSUdIcuUT4JfTX7WI=","appname":"UbS086E9JOT+vRwzW0lFjA==","packagelist":"StYQ8VSaxno+sBFpzoW/MFP7p+RUJlFeCI0OTRHyCbqOiFITq2vTqkORUvk1LNhryFJGE26gmrCn3jkSXLqusUyDV5j43BDOc/rPTtfchbQ=","vname":"EEnPqQlWue6z1AGyQn9bHw==","vcode":"6X4bRW8AOLb6xahW1AOqXA==","brand":"TDkI4ikohcctSvValz6Lqg==","cpuserial":"E75ahJxR4Nm1GULbpKtJHg==","bluetoothmac":"q9MCMMcNlOCXpWwv1qdeYQ==","osversion":"eM2RQ/CyeWNEcjPYjEPAVg==","oscode":"c0NKRmy9YUIw3GmzbJld0g==","rommodel":"ABjPdzCJylEmN2GZQZkNHA==","is_write":"PGkmCK6GzMtvR1UYLLYopw==","is_updated":"PGkmCK6GzMtvR1UYLLYopw==","session_id":"nQpl+61uEwx7OAo8KazdxU4ychKV5w3qaH0bCeYgX6F1SFjk1bveNrOTAXDqePrQ","romvername":"","romvercode":"","boxfactory":"","sn":"","settle_mode":"1"}&requestSourceType=statistics&
05-28 16:13:00.608 D/nStackXCoAP( 2823): CoapMessageHandler:[133] :2.01
05-28 16:13:00.611 E/db_okhttp( 8961): POST_res url:http://otysdktj.tvfuwu.com/util-servlet/clientservice
05-28 16:13:00.611 E/db_okhttp( 8961): response:
05-28 16:13:00.947 E/dangbei111( 1946): cccccc 检查遥控器是否连接: Dangbei E4:BB:D3:57:C0:53
05-28 16:13:00.951 E/dangbei111( 1946): cccccc 检查遥控器是否连接: 蓝牙的结果 Dangbei E4:BB:D3:57:C0:53 true
05-28 16:13:00.951 E/dangbei111( 1946): cccccc 确实有遥控器 存在
05-28 16:13:00.951 E/dangbei111( 1946): cccccc rc is connected, stop scan =E4:BB:D3:57:C0:53
05-28 16:13:01.513 D/nStackXCoAP( 2823): IsInSameNetwork:[276] :IsInSameNetwork exec
05-28 16:13:01.513 I/nStackXDFinder( 2823): GetLocalInterfaceDetail:[461] :GetLocalInterfaceDetail in
05-28 16:13:01.513 E/nStackXCoAP( 2823): IsInSameNetwork:[281] :IsInSameNetwork: not priority process
05-28 16:13:01.513 D/nStackXCoAP( 2823): ParseServiceDiscover:[330] :new device join
05-28 16:13:01.513 E/nStackXDFinder( 2823): GetLocalIp:[401] :GetLocalIp exec
05-28 16:13:01.610 D/nStackXCoAP( 2823): CoapMessageHandler:[133] :2.01
05-28 16:13:03.300 I/WifiHAL ( 558): call wifi_get_link_stats handler
05-28 16:13:03.300 I/WifiHAL ( 558): Creating message to get link statistics; iface = 16
05-28 16:13:03.300 D/WifiHAL ( 558): error code -95 mapped to -3
05-28 16:13:03.300 E/WifiStaIfaceAidlImpl( 742): getLinkLayerStats failed with service-specific exception: android.os.ServiceSpecificException: (code 4)
05-28 16:13:03.465 E/ccc ( 1946): cccccc onPhrikeUpdate downloading 78.355804
05-28 16:13:03.480 E/mali_gralloc( 1946): Attempt to call unlock*() on an buffer locked with invalid write locks buffer (0xf470d9e0)
05-28 16:13:03.480 E/mali_gralloc( 1946): Attempt to call unlock*() on an buffer locked with invalid write locks buffer (0xf4707e80)
05-28 16:13:03.482 E/mali_gralloc( 1946): Attempt to call unlock*() on an buffer locked with invalid write locks buffer (0xf4707e80)
05-28 16:13:04.091 I/audio_hw_hal_alsamgr( 509): alsa format =0x1 delay frames =768 total frames=347374080
05-28 16:13:06.307 I/WifiHAL ( 558): call wifi_get_link_stats handler
05-28 16:13:06.307 I/WifiHAL ( 558): Creating message to get link statistics; iface = 16
05-28 16:13:06.307 D/WifiHAL ( 558): error code -95 mapped to -3
05-28 16:13:06.308 E/WifiStaIfaceAidlImpl( 742): getLinkLayerStats failed with service-specific exception: android.os.ServiceSpecificException: (code 4)
05-28 16:13:07.834 E/ccc ( 1946): cccccc onPhrikeUpdate downloading 78.725426
05-28 16:13:07.850 E/mali_gralloc( 1946): Attempt to call unlock*() on an buffer locked with invalid write locks buffer (0xf4707e80)
05-28 16:13:08.801 E/ccc ( 1946): cccccc sendCycleCheckBroadcast
05-28 16:13:08.801 W/ContextImpl( 1946): Calling a method in the system process without a qualified user: android.app.ContextImpl.sendBroadcast:1220 android.content.ContextWrapper.sendBroadcast:504 com.dangbei.etna.setting.core.SettingHelper.sendCycleToProjector:246 com.dangbei.etna.setting.core.SettingHelper.sendCycleCheckBroadcast:215 com.dangbei.etna.setting.core.SettingHelper.startLoop$lambda-0:174
05-28 16:13:08.803 W/ContextImpl( 1946): Calling a method in the system process without a qualified user: android.app.ContextImpl.sendBroadcast:1220 android.content.ContextWrapper.sendBroadcast:504 com.dangbei.etna.setting.core.SettingHelper.sendCycleToVoice:231 com.dangbei.etna.setting.core.SettingHelper.sendCycleCheckBroadcast:216 com.dangbei.etna.setting.core.SettingHelper.startLoop$lambda-0:174
05-28 16:13:08.808 W/ProcessStats( 742): Tracking association SourceState{6b8f34f com.dangbei.leard.leradlauncher/1000 BTop #2034} whose proc state 2 is better than process ProcessState{7da6cab com.android.webview:webview_service/10051 pkg=com.android.webview} proc state 15 (3 skipped)
05-28 16:13:08.808 D/RockyVoice( 2643): RestartReceiver onReceive
05-28 16:13:09.315 I/WifiHAL ( 558): call wifi_get_link_stats handler
05-28 16:13:09.315 I/WifiHAL ( 558): Creating message to get link statistics; iface = 16
05-28 16:13:09.315 D/WifiHAL ( 558): error code -95 mapped to -3
05-28 16:13:09.316 E/WifiStaIfaceAidlImpl( 742): getLinkLayerStats failed with service-specific exception: android.os.ServiceSpecificException: (code 4)
05-28 16:13:11.793 D/nStackXCoAP( 2823): IsInSameNetwork:[276] :IsInSameNetwork exec
05-28 16:13:11.793 I/nStackXDFinder( 2823): GetLocalInterfaceDetail:[461] :GetLocalInterfaceDetail in
05-28 16:13:11.793 E/nStackXCoAP( 2823): IsInSameNetwork:[281] :IsInSameNetwork: not priority process
05-28 16:13:11.794 D/nStackXCoAP( 2823): ParseServiceDiscover:[330] :new device join
05-28 16:13:11.794 E/nStackXDFinder( 2823): GetLocalIp:[401] :GetLocalIp exec
05-28 16:13:11.826 D/nStackXCoAP( 2823): IsInSameNetwork:[276] :IsInSameNetwork exec
05-28 16:13:11.826 I/nStackXDFinder( 2823): GetLocalInterfaceDetail:[461] :GetLocalInterfaceDetail in
05-28 16:13:11.826 E/nStackXCoAP( 2823): IsInSameNetwork:[281] :IsInSameNetwork: not priority process
05-28 16:13:11.826 D/nStackXCoAP( 2823): ParseServiceDiscover:[330] :new device join
05-28 16:13:11.826 E/nStackXDFinder( 2823): GetLocalIp:[401] :GetLocalIp exec
05-28 16:13:11.916 E/ccc ( 1946): cccccc onPhrikeUpdate downloading 79.08962
05-28 16:13:11.937 E/mali_gralloc( 1946): Attempt to call unlock*() on an buffer locked with invalid write locks buffer (0xf470d9e0)
05-28 16:13:11.940 E/mali_gralloc( 1946): Attempt to call unlock*() on an buffer locked with invalid write locks buffer (0xf470d9e0)
05-28 16:13:12.322 I/WifiHAL ( 558): call wifi_get_link_stats handler
05-28 16:13:12.322 I/WifiHAL ( 558): Creating message to get link statistics; iface = 16
05-28 16:13:12.322 D/WifiHAL ( 558): error code -95 mapped to -3
05-28 16:13:12.322 E/WifiStaIfaceAidlImpl( 742): getLinkLayerStats failed with service-specific exception: android.os.ServiceSpecificException: (code 4)
05-28 16:13:13.663 I/xm_hidread( 2292): type=1400 audit(0.0:3522): avc: denied { read } for scontext=u:r:init:s0 tcontext=u:r:init:s0 tclass=netlink_kobject_uevent_socket permissive=1
05-28 16:13:13.666 V/WindowManager( 742): app ------------- force_land :0
05-28 16:13:13.667 I/SystemControl( 343): [/UEventObserver.cpp, HDMITxUenventThreadLoop, 451] HDMI TX switch_name:hdmitx_hpd, switch_state: 0
05-28 16:13:13.667 I/SystemControl( 343): [/DisplayMode.cpp, onTxEvent, 3267] onTxEvent switchName:hdmitx_hpd hpdstate:0 state: 1
05-28 16:13:13.667 I/SystemControl( 343): [/SysWrite.cpp, getKernelReleaseVersion, 701] getKernelReleaseVersion: 5.15
05-28 16:13:13.668 I/SystemControl( 343): [/SystemControlHal.cpp, onEvent, 72] onEvent event:2, client size:5
05-28 16:13:13.668 I/SystemControl( 343): [/Ubootenv.cpp, get, 336] [ubootenv] get key:hdmimode envValue: none
05-28 16:13:13.669 I/SystemControl( 343): [/Ubootenv.cpp, get, 345] [ubootenv] search end and not find env:user_colorattribute
05-28 16:13:13.669 I/SystemControl( 343): [/Ubootenv.cpp, get, 345] [ubootenv] search end and not find env:hdr_force_mode
05-28 16:13:13.669 I/SystemControl( 343): [/DisplayMode.cpp, gethdrforcemode, 2742] get hdr force mode is [2]
05-28 16:13:13.669 I/SystemControl( 343): [/Ubootenv.cpp, get, 336] [ubootenv] get key:hdr_policy envValue: 0
05-28 16:13:13.669 I/SystemControl( 343): [/Ubootenv.cpp, get, 345] [ubootenv] search end and not find env:connector_type
05-28 16:13:13.669 I/SystemControlClient( 528): notifyCallback event type:2
05-28 16:13:13.670 I/SystemControlClient( 244): notifyCallback event type:2
05-28 16:13:13.670 I/SystemControlClient( 244): notifyCallback: listener is NULL.
05-28 16:13:13.670 I/SystemControlClient( 529): notifyCallback event type:2
05-28 16:13:13.670 I/SystemControlClient( 529): notifyCallback: listener is NULL.
05-28 16:13:13.672 I/hdmicecd( 552): [HdmiCecControl]:Hotplug event port:0, now:0, prevStatus:1 power:1
05-28 16:13:13.672 I/hdmiconnection( 552): hot plug port id 0, is connected 0
05-28 16:13:13.673 E/ccc ( 1946): cccccc hdmi plug reset
05-28 16:13:13.674 I/WiredAccessoryManager( 742): MSG_NEW_DEVICE_STATE
05-28 16:13:13.669 I/SystemControlClient( 528): notifyCallback: listener is NULL.
05-28 16:13:13.675 E/MesonHwc( 289): DrmConnector[HDMI-A] still DISCONNECTED.
05-28 16:13:13.675 D/MesonHwc( 289): ERR: PLEASE FIX NON-IMPLEMENT FUN(update).
05-28 16:13:13.675 I/SystemControl( 343): [/Ubootenv.cpp, get, 345] [ubootenv] search end and not find env:connector_type
05-28 16:13:13.669 I/SystemControl( 343): [/DisplayMode.cpp, getHdrStrategy, 2758] getHdrStrategy is [0]
05-28 16:13:13.676 I/SystemControl( 343): [/Ubootenv.cpp, get, 336] [ubootenv] get key:hdr_priority envValue: 268435472
05-28 16:13:13.676 I/SystemControl( 343): [/DisplayMode.cpp, getHdrPriority, 2891] getHdrPriority is [0x10000010]
05-28 16:13:13.676 I/SystemControl( 343): [/DisplayMode.cpp, getCommonData, 1534] isbestcolorspace:1, isbestpolicy:1, hdr_policy:0, hdr_priority :268435472, hdr_force_mode:2
05-28 16:13:13.676 E/MesonHwc( 289): FixedDisplayPipe::getConnectorCfg 15
05-28 16:13:13.676 E/MesonHwc( 289): read screen size 0x0 from vinfo
05-28 16:13:13.676 E/MesonHwc( 289): dolby vision driver is not ready
05-28 16:13:13.663 I/systemcontrol( 343): type=1400 audit(0.0:3523): avc: denied { call } for scontext=u:r:system_control:s0 tcontext=u:r:hal_oemlock_default:s0 tclass=binder permissive=1
05-28 16:13:13.663 I/systemcontrol( 343): type=1400 audit(0.0:3524): avc: denied { call } for scontext=u:r:system_control:s0 tcontext=u:r:hal_power_default:s0 tclass=binder permissive=1
05-28 16:13:13.663 I/systemcontrol( 343): type=1400 audit(0.0:3525): avc: denied { call } for scontext=u:r:system_control:s0 tcontext=u:r:mediacodec:s0 tclass=binder permissive=1
05-28 16:13:13.676 I/SystemControl( 343): [/Ubootenv.cpp, get, 345] [ubootenv] search end and not find env:connector_type
05-28 16:13:13.677 E/MesonHwc( 289): FixedDisplayPipe::getConnectorCfg 15
05-28 16:13:13.677 D/MesonHwc( 289): ERR: PLEASE FIX NON-IMPLEMENT FUN(update).
05-28 16:13:13.677 E/MesonHwc( 289): read screen size 0x0 from vinfo
05-28 16:13:13.677 E/MesonHwc( 289): dolby vision driver is not ready
05-28 16:13:13.679 E/xxxxxxxxxxxxxxx( 2316): onReceive:mIsHDMIPlugged = false
05-28 16:13:13.680 I/AS.AudioDeviceInventory( 742): NOISY: adding 0x400
05-28 16:13:13.680 I/AS.AudioDeviceInventory( 742): NOISY: musicDevice changing from NONE to 0x400
05-28 16:13:13.682 I/SystemControlClient( 527): notifyCallback event type:2
05-28 16:13:13.682 I/SystemControlClient( 527): notifyCallback: listener is NULL.
05-28 16:13:13.682 I/AS.AudioDeviceBroker( 742): broadcast ACTION_AUDIO_BECOMING_NOISY
05-28 16:13:13.682 I/SystemControlEvent( 1379): system control callback event: 2
05-28 16:13:13.683 V/MesonDisplayServer( 289): GetDisplayMode:720p60hz
05-28 16:13:13.684 E/ccc ( 1946): cccccc hdmi plug reset
05-28 16:13:13.685 D/HDMI ( 742): Hotplug event:[port:0, connected:false]
05-28 16:13:13.686 D/hdmicecd( 532): [HdmiCecControl]:getPhysicalAddress, physical addr: ffff, last pa: 1000, ret = 0
05-28 16:13:13.686 I/SystemControl( 343): [/DisplayMode.cpp, getDisplayMode, 2331] getDisplayMode mode:720p60hz
05-28 16:13:13.686 I/SystemControl( 343): [/Ubootenv.cpp, get, 336] [ubootenv] get key:hdmimode envValue: none
05-28 16:13:13.686 I/SystemControl( 343): [/Ubootenv.cpp, get, 336] [ubootenv] get key:cvbsmode envValue: 576cvbs
05-28 16:13:13.686 I/SystemControl( 343): [/DisplayMode.cpp, getCommonData, 1542] hdmi_current_mode:720p60hz, ubootenv hdmimode:none cvbsmode:576cvbs
05-28 16:13:13.688 E/MesonHwc( 289): Do Nothing in updateDisplayMode .
05-28 16:13:13.688 V/MesonDisplayServer( 289): GetDisplayMode:720p60hz
05-28 16:13:13.688 D/MesonDisplayServer( 289): use connector getDisplayAttribute "HDMI Color ATTR": "rgb,8bit"
05-28 16:13:13.689 I/SystemControl( 343): [/Ubootenv.cpp, get, 345] [ubootenv] search end and not find env:user_colorattribute
05-28 16:13:13.689 I/SystemControl( 343): [/DisplayMode.cpp, getCommonData, 1554] hdmi_current_attr:rgb,8bit, ubootenv_colorattribute:none
05-28 16:13:13.689 I/SystemControl( 343): [/Ubootenv.cpp, get, 345] [ubootenv] search end and not find env:dv_enable
05-28 16:13:13.689 I/SystemControl( 343): [/DisplayMode.cpp, getCommonData, 1567] dv_enable:0
05-28 16:13:13.689 I/SystemControl( 343): [/Ubootenv.cpp, get, 345] [ubootenv] search end and not find env:user_prefer_dv_type
05-28 16:13:13.689 I/SystemControl( 343): [/DisplayMode.cpp, getCommonData, 1578] ubootenv_dv_type:0
05-28 16:13:13.689 I/SystemControl( 343): [/DisplayMode.cpp, getHdmiData, 1721] display sink type:0 [0:none, 1:sink, 2:repeater]
05-28 16:13:13.689 I/SystemControl( 343): [/DisplayMode.cpp, filterHdmiDispcap, 1398] before filtered HdmiDispcap:
05-28 16:13:13.689 I/SystemControl( 343): [/DisplayMode.cpp, filterHdmiDispcap, 1427] after filtered HdmiDispcap:
05-28 16:13:13.690 D/MesonDisplayServer( 289): getDisplayAttribute "Dolby Vision CAP2": "The Rx don't support DolbyVision"
05-28 16:13:13.690 E/SystemControl( 343): [/DisplayMode.cpp, getHdmiDvCap, 1618] TV isn't support dolby vision: The Rx don't support DolbyVision
05-28 16:13:13.690 I/SystemControl( 343): [/DisplayMode.cpp, onTxEvent, 3294] onTxEvent boot config enable do nothing, just return
05-28 16:13:13.690 I/SystemControl( 343): [/UEventObserver.cpp, HDMITxUenventThreadLoop, 451] HDMI TX switch_name:hdmitx_audio, switch_state: 0
05-28 16:13:13.690 I/SystemControl( 343): [/DisplayMode.cpp, onTxEvent, 3267] onTxEvent switchName:hdmitx_audio hpdstate:0 state: 1
05-28 16:13:13.690 I/SystemControl( 343): [/SysWrite.cpp, getKernelReleaseVersion, 701] getKernelReleaseVersion: 5.15
05-28 16:13:13.690 I/SystemControl( 343): [/SystemControlHal.cpp, onEvent, 72] onEvent event:4, client size:5
05-28 16:13:13.691 I/SystemControlClient( 529): notifyCallback event type:4
05-28 16:13:13.691 I/SystemControlClient( 529): notifyCallback: listener is NULL.
05-28 16:13:13.691 I/SystemControl( 343): [/UEventObserver.cpp, HDMITxUenventThreadLoop, 451] HDMI TX switch_name:hdmitx_current_status, switch_state: 284
05-28 16:13:13.691 I/SystemControlClient( 244): notifyCallback event type:4
05-28 16:13:13.691 I/SystemControlClient( 244): notifyCallback: listener is NULL.
05-28 16:13:13.691 I/SystemControlClient( 528): notifyCallback event type:4
05-28 16:13:13.691 I/SystemControlClient( 528): notifyCallback: listener is NULL.
05-28 16:13:13.691 I/SystemControlClient( 527): notifyCallback event type:4
05-28 16:13:13.691 I/SystemControlClient( 527): notifyCallback: listener is NULL.
05-28 16:13:13.691 I/SystemControlEvent( 1379): system control callback event: 4
05-28 16:13:13.694 E/xxxxxxxxxxxxxxx( 2316): onReceive:mIsHDMIPlugged = false
05-28 16:13:13.788 D/MesonDisplayServer( 289): SetDisplay[CVBS] Mode to "dummy_l"
05-28 16:13:13.804 I/SystemControl( 343): [/UEventObserver.cpp, HDMITxUenventThreadLoop, 451] HDMI TX switch_name:hdmitx_current_status, switch_state: 285
05-28 16:13:13.842 D/MesonComposer3( 289): halEventcallback onHotplug client3.0
05-28 16:13:13.843 E/MesonHwc( 289): getPort 15
05-28 16:13:13.843 E/MesonHwc( 289): getPort 15
05-28 16:13:13.844 I/SurfaceFlinger( 263): Reconnecting display 4627013623894091019 (HAL ID 0)
05-28 16:13:13.851 E/MesonComposer3( 289): destroyLayer: display:0 failed to destroy layer:736
05-28 16:13:13.851 E/HwcComposer( 263): destroyLayer failed Status(-8, EX_SERVICE_SPECIFIC): '3: '
05-28 16:13:13.851 E/HWC2 ( 263): destroyLayer(0, 736) failed: BadLayer (3)
05-28 16:13:13.852 E/MesonComposer3( 289): destroyLayer: display:0 failed to destroy layer:479
05-28 16:13:13.852 E/HwcComposer( 263): destroyLayer failed Status(-8, EX_SERVICE_SPECIFIC): '3: '
05-28 16:13:13.852 E/HWC2 ( 263): destroyLayer(0, 479) failed: BadLayer (3)
05-28 16:13:13.852 E/MesonComposer3( 289): destroyLayer: display:0 failed to destroy layer:222
05-28 16:13:13.852 E/HwcComposer( 263): destroyLayer failed Status(-8, EX_SERVICE_SPECIFIC): '3: '
05-28 16:13:13.852 E/HWC2 ( 263): destroyLayer(0, 222) failed: BadLayer (3)
05-28 16:13:13.852 E/HwcComposer( 263): setClientTargetSlotCount failed Status(-8, EX_SERVICE_SPECIFIC): '4: '
05-28 16:13:13.866 I/Scheduler( 263): Display 4627013623894091019 is the pacesetter
05-28 16:13:13.866 E/SchedulerTimer( 263): Terminated
05-28 16:13:13.866 D/SurfaceFlinger( 263): Setting power mode 2 on display 4627013623894091019
05-28 16:13:13.866 W/EventThread( 263): Failed dispatching Hotplug{displayId=4627013623894091019, connected} for Connection{0xf1c83290, VSyncRequest::None}
05-28 16:13:13.866 W/EventThread( 263): Failed dispatching Hotplug{displayId=4627013623894091019, connected} for Connection{0xf1c82c10, VSyncRequest::None}
05-28 16:13:13.867 W/EventThread( 263): Failed dispatching Hotplug{displayId=4627013623894091019, connected} for Connection{0xf1c82d10, VSyncRequest::None}
05-28 16:13:13.867 W/EventThread( 263): Failed dispatching Hotplug{displayId=4627013623894091019, connected} for Connection{0xf1c82890, VSyncRequest::None}
05-28 16:13:13.867 D/SurfaceFlinger( 263): Finished setting power mode 2 on display 4627013623894091019
05-28 16:13:13.871 I/DisplayDeviceRepository( 742): Display device changed: DisplayDeviceInfo{"内置屏幕": uniqueId="local:4627013623894091019", 1280 x 720, modeId 246, renderFrameRate 59.94006, defaultModeId 246, supportedModes [{id=244, width=1920, height=1080, fps=59.94006, alternativeRefreshRates=[], supportedHdrTypes=[]}, {id=245, width=1920, height=1080, fps=60.000004, alternativeRefreshRates=[], supportedHdrTypes=[]}, {id=246, width=1280, height=720, fps=59.94006, alternativeRefreshRates=[], supportedHdrTypes=[]}, {id=247, width=1280, height=720, fps=60.000004, alternativeRefreshRates=[], supportedHdrTypes=[]}], colorMode 0, supportedColorModes [0], hdrCapabilities HdrCapabilities{mSupportedHdrTypes=[], mMaxLuminance=500.0, mMaxAverageLuminance=500.0, mMinLuminance=0.0}, allmSupported false, gameContentTypeSupported false, density 160, 2032.0 x 2032.0 dpi, appVsyncOff 2000000, presDeadline 13683333, touch INTERNAL, rotation 0, type INTERNAL, address {port=11, model=0x403674603f19a5}, deviceProductInfo null, state ON, committedState ON, frameRateOverride , brightnessMinimum 0.0, brightnessMaximum 1.0, brightnessDefault 0.39763778, hdrSdrRatio NaN, FLAG_ALLOWED_TO_BE_DEFAULT_DISPLAY, FLAG_ROTATES_WITH_CONTENT, FLAG_SECURE, FLAG_SUPPORTS_PROTECTED_BUFFERS, FLAG_TRUSTED, installOrientation 0, displayShape DisplayShape{ spec=-1507169495 displayWidth=1280 displayHeight=720 physicalPixelDisplaySizeRatio=1.0 rotation=0 offsetX=0 offsetY=0 scale=1.0}}
05-28 16:13:13.876 D/DisplayManagerService( 742): Ignore redundant display event 0/2 to 10067/1190
05-28 16:13:13.877 D/DisplayManagerService( 742): Ignore redundant display event 0/2 to 10075/6844
05-28 16:13:13.878 I/RefreshRateSelector( 263): Display 4627013623894091019 policy changed
05-28 16:13:13.878 I/RefreshRateSelector( 263): Previous: {defaultModeId=250, allowGroupSwitching=false, primaryRanges={physical=[0.00 Hz, 340282346638528859811704183484516925440.00 Hz], render=[0.00 Hz, 340282346638528859811704183484516925440.00 Hz]}, appRequestRanges={physical=[0.00 Hz, 340282346638528859811704183484516925440.00 Hz], render=[0.00 Hz, 340282346638528859811704183484516925440.00 Hz]}}
05-28 16:13:13.878 I/RefreshRateSelector( 263): Current: DisplayManagerPolicy{defaultModeId=250, allowGroupSwitching=false, primaryRanges={physical=[0.00 Hz, inf Hz], render=[0.00 Hz, 120.00 Hz]}, appRequestRanges={physical=[0.00 Hz, inf Hz], render=[0.00 Hz, inf Hz]}}
05-28 16:13:13.878 I/RefreshRateSelector( 263): 0 mode changes were performed under the previous policy
05-28 16:13:14.141 D/nStackXCoAP( 2823): IsInSameNetwork:[276] :IsInSameNetwork exec
05-28 16:13:14.141 I/nStackXDFinder( 2823): GetLocalInterfaceDetail:[461] :GetLocalInterfaceDetail in
05-28 16:13:14.141 E/nStackXCoAP( 2823): IsInSameNetwork:[281] :IsInSameNetwork: not priority process
05-28 16:13:14.141 D/nStackXCoAP( 2823): ParseServiceDiscover:[330] :new device join
05-28 16:13:14.141 E/nStackXDFinder( 2823): GetLocalIp:[401] :GetLocalIp exec
05-28 16:13:14.585 D/nStackXCoAP( 2823): IsInSameNetwork:[276] :IsInSameNetwork exec
05-28 16:13:14.585 I/nStackXDFinder( 2823): GetLocalInterfaceDetail:[461] :GetLocalInterfaceDetail in
05-28 16:13:14.585 E/nStackXCoAP( 2823): IsInSameNetwork:[281] :IsInSameNetwork: not priority process
05-28 16:13:14.585 D/nStackXCoAP( 2823): ParseServiceDiscover:[330] :new device join
05-28 16:13:14.585 E/nStackXDFinder( 2823): GetLocalIp:[401] :GetLocalIp exec
05-28 16:13:14.683 D/AudioService( 742): setWiredDeviceConnectionState( type:400 state:DEVICE_STATE_UNAVAILABLE addr: name:) from android
05-28 16:13:14.683 I/AS.AudioDeviceInventory( 742): handleDeviceConnection(false dev:400 address: name:)
05-28 16:13:14.684 I/AS.AudioDeviceInventory( 742): deviceKey:0x400:
05-28 16:13:14.684 I/AS.AudioDeviceInventory( 742): deviceInfo:[DeviceInfo: type:0x400 (hdmi) name: addr: codec: 0 sensorUuid: null disabled modes: {}] is(already)Connected:true
05-28 16:13:14.685 I/APM_AudioPolicyManager( 594): [setDeviceConnectionState:256] curForceUse:NONE(0) disconnect_forceuse:HDMI(9)
05-28 16:13:14.686 I/audio_hw_hal_primary( 509): [adev_set_device_connected_state_v7:9037] disconnected address:, num_descriptors:0, num_profiles:3
05-28 16:13:14.686 I/audio_hw_hal_primary( 509): [set_device_connect_state:4044] state:0, dev:OUT_HDMI(0x400), pre_out:0x80002, pre_in:0x4
05-28 16:13:14.686 D/audio_hw_hal_resourcemgr( 509): [set_output_device_avail:353] device:0x400 avail_out_devices:400 routed_out_devices:0x400
05-28 16:13:14.694 W/APM::Devices( 594): DeviceVector::remove device 00000400 not in
05-28 16:13:14.695 W/IPCThreadState( 594): Sending oneway calls to frozen process.
05-28 16:13:14.695 I/AS.AudioDeviceInventory( 742): sendDeviceConnectionIntent(dev:0x400 state:0x0 address: name:);
05-28 16:13:14.698 V/MediaRouter( 742): Audio routes updated: AudioRoutesInfo{ type=SPEAKER }, a2dp=false
05-28 16:13:14.698 V/MediaRouter( 742): Selecting route: RouteInfo{ name=电视, description=null, status=null, category=RouteCategory{ name=系统 types=ROUTE_TYPE_LIVE_AUDIO ROUTE_TYPE_LIVE_VIDEO groupable=false }, supportedTypes=ROUTE_TYPE_LIVE_AUDIO ROUTE_TYPE_LIVE_VIDEO , presentationDisplay=null }
05-28 16:13:14.700 V/MediaRouter( 1176): Audio routes updated: AudioRoutesInfo{ type=SPEAKER }, a2dp=false
05-28 16:13:14.700 V/MediaRouter( 1176): Selecting route: RouteInfo{ name=电视, description=null, status=null, category=RouteCategory{ name=系统 types=ROUTE_TYPE_LIVE_AUDIO ROUTE_TYPE_LIVE_VIDEO groupable=false }, supportedTypes=ROUTE_TYPE_LIVE_AUDIO ROUTE_TYPE_LIVE_VIDEO , presentationDisplay=null }
05-28 16:13:14.704 D/xm_audio( 509): adev_get_parameters
05-28 16:13:14.707 D/xm_audio( 509): adev_get_parameters
05-28 16:13:14.714 D/xm_audio( 509): adev_get_parameters
05-28 16:13:14.716 D/xm_audio( 509): adev_get_parameters
05-28 16:13:14.723 D/xm_audio( 509): adev_get_parameters
05-28 16:13:14.724 D/xm_audio( 509): adev_get_parameters
05-28 16:13:14.730 D/xm_audio( 509): adev_get_parameters
05-28 16:13:14.732 D/xm_audio( 509): adev_get_parameters
05-28 16:13:14.738 D/xm_audio( 509): adev_get_parameters
05-28 16:13:14.739 D/xm_audio( 509): adev_get_parameters
05-28 16:13:14.745 D/xm_audio( 509): adev_get_parameters
05-28 16:13:14.747 D/xm_audio( 509): adev_get_parameters
05-28 16:13:14.756 D/xm_audio( 509): adev_get_parameters
05-28 16:13:14.758 D/xm_audio( 509): adev_get_parameters
05-28 16:13:14.764 D/xm_audio( 509): adev_get_parameters
05-28 16:13:14.766 D/xm_audio( 509): adev_get_parameters
05-28 16:13:14.772 D/xm_audio( 509): adev_get_parameters
05-28 16:13:14.773 D/xm_audio( 509): adev_get_parameters
05-28 16:13:14.780 D/xm_audio( 509): adev_get_parameters
05-28 16:13:14.781 D/xm_audio( 509): adev_get_parameters
05-28 16:13:14.786 D/xm_audio( 509): adev_get_parameters
05-28 16:13:14.787 D/xm_audio( 509): adev_get_parameters
05-28 16:13:14.793 I/vol.Events( 1176): writeEvent level_changed STREAM_VOICE_CALL 100
05-28 16:13:14.795 I/vol.Events( 1176): writeEvent level_changed STREAM_SYSTEM 100
05-28 16:13:14.796 I/vol.Events( 1176): writeEvent level_changed STREAM_RING 100
05-28 16:13:14.799 I/vol.Events( 1176): writeEvent level_changed STREAM_MUSIC 20
05-28 16:13:14.803 I/vol.Events( 1176): writeEvent level_changed STREAM_ALARM 100
05-28 16:13:15.195 D/nStackXCoAP( 2823): IsInSameNetwork:[276] :IsInSameNetwork exec
05-28 16:13:15.195 I/nStackXDFinder( 2823): GetLocalInterfaceDetail:[461] :GetLocalInterfaceDetail in
05-28 16:13:15.195 E/nStackXCoAP( 2823): IsInSameNetwork:[281] :IsInSameNetwork: not priority process
05-28 16:13:15.195 D/nStackXCoAP( 2823): ParseServiceDiscover:[330] :new device join
05-28 16:13:15.195 E/nStackXDFinder( 2823): GetLocalIp:[401] :GetLocalIp exec
05-28 16:13:15.326 I/WifiHAL ( 558): call wifi_get_link_stats handler
05-28 16:13:15.326 I/WifiHAL ( 558): Creating message to get link statistics; iface = 16
05-28 16:13:15.326 D/WifiHAL ( 558): error code -95 mapped to -3
05-28 16:13:15.327 E/WifiStaIfaceAidlImpl( 742): getLinkLayerStats failed with service-specific exception: android.os.ServiceSpecificException: (code 4)
05-28 16:13:15.565 D/nStackXCoAP( 2823): IsInSameNetwork:[276] :IsInSameNetwork exec
05-28 16:13:15.565 I/nStackXDFinder( 2823): GetLocalInterfaceDetail:[461] :GetLocalInterfaceDetail in
05-28 16:13:15.565 E/nStackXCoAP( 2823): IsInSameNetwork:[281] :IsInSameNetwork: not priority process
05-28 16:13:15.565 D/nStackXCoAP( 2823): ParseServiceDiscover:[330] :new device join
05-28 16:13:15.565 E/nStackXDFinder( 2823): GetLocalIp:[401] :GetLocalIp exec
05-28 16:13:15.908 E/ccc ( 1946): cccccc onPhrikeUpdate downloading 79.2723
05-28 16:13:15.915 E/mali_gralloc( 1946): Attempt to call unlock*() on an buffer locked with invalid write locks buffer (0xf470d9e0)
05-28 16:13:15.915 E/mali_gralloc( 1946): Attempt to call unlock*() on an buffer locked with invalid write locks buffer (0xf4707e80)
05-28 16:13:15.919 E/mali_gralloc( 1946): Attempt to call unlock*() on an buffer locked with invalid write locks buffer (0xf4707e80)
05-28 16:13:17.501 D/nStackXCoAP( 2823): CoapMessageHandler:[133] :2.01
05-28 16:13:17.939 D/nStackXCoAP( 2823): CoapMessageHandler:[133] :2.01
05-28 16:13:18.334 I/WifiHAL ( 558): call wifi_get_link_stats handler
05-28 16:13:18.334 I/WifiHAL ( 558): Creating message to get link statistics; iface = 16
05-28 16:13:18.334 D/WifiHAL ( 558): error code -95 mapped to -3
05-28 16:13:18.335 E/WifiStaIfaceAidlImpl( 742): getLinkLayerStats failed with service-specific exception: android.os.ServiceSpecificException: (code 4)
05-28 16:13:20.103 E/ccc ( 1946): cccccc onPhrikeUpdate downloading 79.345024
05-28 16:13:20.119 E/mali_gralloc( 1946): Attempt to call unlock*() on an buffer locked with invalid write locks buffer (0xf4707e80)
05-28 16:13:21.342 I/WifiHAL ( 558): call wifi_get_link_stats handler
05-28 16:13:21.342 I/WifiHAL ( 558): Creating message to get link statistics; iface = 16
05-28 16:13:21.342 D/WifiHAL ( 558): error code -95 mapped to -3
05-28 16:13:21.343 E/WifiStaIfaceAidlImpl( 742): getLinkLayerStats failed with service-specific exception: android.os.ServiceSpecificException: (code 4)
05-28 16:13:24.152 E/ccc ( 1946): cccccc onPhrikeUpdate downloading 79.404335
05-28 16:13:24.174 E/mali_gralloc( 1946): Attempt to call unlock*() on an buffer locked with invalid write locks buffer (0xf470d9e0)
05-28 16:13:24.178 E/mali_gralloc( 1946): Attempt to call unlock*() on an buffer locked with invalid write locks buffer (0xf470d9e0)
05-28 16:13:24.350 I/WifiHAL ( 558): call wifi_get_link_stats handler
05-28 16:13:24.350 I/WifiHAL ( 558): Creating message to get link statistics; iface = 16
05-28 16:13:24.350 D/WifiHAL ( 558): error code -95 mapped to -3
05-28 16:13:24.351 E/WifiStaIfaceAidlImpl( 742): getLinkLayerStats failed with service-specific exception: android.os.ServiceSpecificException: (code 4)
05-28 16:13:24.854 I/WifiService( 742): startScan uid=1000
05-28 16:13:24.856 E/ccc ( 2296): cccccc i will start scan
05-28 16:13:24.868 D/InstantWifi( 742): Drop, size: 1
05-28 16:13:24.870 D/WifiNl80211Manager( 742): Scan result ready event
05-28 16:13:24.870 D/WifiNative( 742): Scan result ready event
05-28 16:13:24.872 D/WificondScannerImpl( 742): Filtering out 1 scan results.
05-28 16:13:24.875 I/WifiHAL ( 558): call wifi_get_link_stats handler
05-28 16:13:24.875 I/WifiHAL ( 558): Creating message to get link statistics; iface = 16
05-28 16:13:24.875 D/WifiHAL ( 558): error code -95 mapped to -3
05-28 16:13:24.876 E/ccc ( 2296): cccccc SCAN_RESULTS_AVAILABLE_ACTION hhhh
05-28 16:13:24.876 E/WifiStaIfaceAidlImpl( 742): getLinkLayerStats failed with service-specific exception: android.os.ServiceSpecificException: (code 4)
05-28 16:13:24.877 E/hq ( 2316): NetWorkStateReceiver:::NetWorkStateReceiver onReceive: 网络变化广播 >>>> intent.action=android.net.wifi.SCAN_RESULTS
05-28 16:13:24.879 E/ccc ( 2296): cccccc result is empty start scan
05-28 16:13:24.880 W/eventbuscore( 2316): post Event:com.dangbei.leard.base.entity.event.NetWifiRssiEvent
05-28 16:13:24.880 I/WifiService( 742): startScan uid=1000
05-28 16:13:24.882 W/ScanResultUtil( 742): Empty or null ScanResult list
05-28 16:13:24.882 W/WifiService( 742): Attempt to retrieve WifiConfiguration with invalid scanResult List
05-28 16:13:24.883 W/ScanResultUtil( 742): Empty or null ScanResult list
05-28 16:13:24.883 E/WifiService( 742): Attempt to retrieve passpoint with invalid scanResult List
05-28 16:13:24.883 W/ScanResultUtil( 742): Empty or null ScanResult list
05-28 16:13:24.883 W/WifiService( 742): Attempt to retrieve OsuProviders with invalid scanResult List
05-28 16:13:24.893 D/InstantWifi( 742): Drop, size: 1
05-28 16:13:27.356 I/WifiHAL ( 558): call wifi_get_link_stats handler
05-28 16:13:27.356 I/WifiHAL ( 558): Creating message to get link statistics; iface = 16
05-28 16:13:27.357 D/WifiHAL ( 558): error code -95 mapped to -3
05-28 16:13:27.358 E/WifiStaIfaceAidlImpl( 742): getLinkLayerStats failed with service-specific exception: android.os.ServiceSpecificException: (code 4)
05-28 16:13:27.572 D/WifiNl80211Manager( 742): Scan result ready event
05-28 16:13:27.572 D/WifiNative( 742): Scan result ready event
05-28 16:13:27.626 E/ccc ( 2296): cccccc SCAN_RESULTS_AVAILABLE_ACTION hhhh
05-28 16:13:27.629 D/PasspointManager( 742): ANQP entry not found for: da:c0:7c:df:20:94:
05-28 16:13:27.634 E/hq ( 2316): NetWorkStateReceiver:::NetWorkStateReceiver onReceive: 网络变化广播 >>>> intent.action=android.net.wifi.SCAN_RESULTS
05-28 16:13:27.635 I/WifiHAL ( 558): call wifi_get_link_stats handler
05-28 16:13:27.635 I/WifiHAL ( 558): Creating message to get link statistics; iface = 16
05-28 16:13:27.635 D/WifiHAL ( 558): error code -95 mapped to -3
05-28 16:13:27.636 E/WifiStaIfaceAidlImpl( 742): getLinkLayerStats failed with service-specific exception: android.os.ServiceSpecificException: (code 4)
05-28 16:13:27.652 W/eventbuscore( 2316): post Event:com.dangbei.leard.base.entity.event.NetWifiRssiEvent
05-28 16:13:27.653 E/ccc ( 2296): cccccc result is not empty call back
05-28 16:13:27.653 E/ccc ( 2296): cccccc 666666666666666
05-28 16:13:27.665 E/ccc ( 2296): cccccc sort 2 48
05-28 16:13:28.168 E/ccc ( 1946): cccccc onPhrikeUpdate downloading 79.45393
05-28 16:13:28.178 E/mali_gralloc( 1946): Attempt to call unlock*() on an buffer locked with invalid write locks buffer (0xf470d9e0)
05-28 16:13:28.178 E/mali_gralloc( 1946): Attempt to call unlock*() on an buffer locked with invalid write locks buffer (0xf4707e80)
05-28 16:13:28.182 E/mali_gralloc( 1946): Attempt to call unlock*() on an buffer locked with invalid write locks buffer (0xf4707e80)
05-28 16:13:30.363 I/WifiHAL ( 558): call wifi_get_link_stats handler
05-28 16:13:30.363 I/WifiHAL ( 558): Creating message to get link statistics; iface = 16
05-28 16:13:30.363 D/WifiHAL ( 558): error code -95 mapped to -3
05-28 16:13:30.364 E/WifiStaIfaceAidlImpl( 742): getLinkLayerStats failed with service-specific exception: android.os.ServiceSpecificException: (code 4)
05-28 16:13:30.935 D/TrafficStats( 2316): tagSocket(115) with statsTag=0xffffffff, statsUid=-1
05-28 16:13:32.202 E/ccc ( 1946): cccccc onPhrikeUpdate downloading 79.804955
05-28 16:13:32.215 E/mali_gralloc( 1946): Attempt to call unlock*() on an buffer locked with invalid write locks buffer (0xf4707e80)
05-28 16:13:33.370 I/WifiHAL ( 558): call wifi_get_link_stats handler
05-28 16:13:33.370 I/WifiHAL ( 558): Creating message to get link statistics; iface = 16
05-28 16:13:33.370 D/WifiHAL ( 558): error code -95 mapped to -3
05-28 16:13:33.370 E/WifiStaIfaceAidlImpl( 742): getLinkLayerStats failed with service-specific exception: android.os.ServiceSpecificException: (code 4)
05-28 16:13:34.054 D/bbb ( 2170): onStartCommand begin !!!!!!! data分区剩余 53581MB
05-28 16:13:34.863 I/cling--ap-261( 2644): type=1400 audit(0.0:3526): avc: denied { search } for name="net" dev="sysfs" ino=12344 scontext=u:r:untrusted_app_27:s0:c43,c256,c512,c768 tcontext=u:object_r:sysfs_net:s0 tclass=dir permissive=1 app=com.dangbei.screencast
05-28 16:13:36.092 I/audio_hw_hal_alsamgr( 509): alsa format =0x1 delay frames =768 total frames=348910080
05-28 16:13:36.300 E/ccc ( 1946): cccccc onPhrikeUpdate downloading 80.172386
05-28 16:13:36.318 E/mali_gralloc( 1946): Attempt to call unlock*() on an buffer locked with invalid write locks buffer (0xf470d9e0)
05-28 16:13:36.321 E/mali_gralloc( 1946): Attempt to call unlock*() on an buffer locked with invalid write locks buffer (0xf470d9e0)
05-28 16:13:36.376 I/WifiHAL ( 558): call wifi_get_link_stats handler
05-28 16:13:36.377 I/WifiHAL ( 558): Creating message to get link statistics; iface = 16
05-28 16:13:36.377 D/WifiHAL ( 558): error code -95 mapped to -3
05-28 16:13:36.377 E/WifiStaIfaceAidlImpl( 742): getLinkLayerStats failed with service-specific exception: android.os.ServiceSpecificException: (code 4)
05-28 16:13:38.970 I/SystemControl( 343): [/UEventObserver.cpp, HDMITxUenventThreadLoop, 451] HDMI TX switch_name:hdmitx_current_status, switch_state: 286
05-28 16:13:39.016 V/WindowManager( 742): app ------------- force_land :0
05-28 16:13:39.017 I/SystemControl( 343): [/UEventObserver.cpp, HDMITxUenventThreadLoop, 451] HDMI TX switch_name:hdmitx_hpd, switch_state: 1
05-28 16:13:39.017 I/SystemControl( 343): [/DisplayMode.cpp, onTxEvent, 3267] onTxEvent switchName:hdmitx_hpd hpdstate:1 state: 1
05-28 16:13:39.017 I/SystemControl( 343): [/Ubootenv.cpp, get, 345] [ubootenv] search end and not find env:connector_type
05-28 16:13:39.017 I/SystemControl( 343): [/SysWrite.cpp, getKernelReleaseVersion, 701] getKernelReleaseVersion: 5.15
05-28 16:13:39.018 E/MesonHwc( 289): read screen size 0x0 from vinfo
05-28 16:13:39.018 E/MesonHwc( 289): dolby vision driver is not ready
05-28 16:13:39.018 D/MesonHwc( 289): ERR: PLEASE FIX NON-IMPLEMENT FUN(update).
05-28 16:13:39.018 I/SystemControl( 343): [/Ubootenv.cpp, get, 345] [ubootenv] search end and not find env:connector_type
05-28 16:13:39.019 I/hdmicecd( 552): [HdmiCecControl]:Hotplug event port:0, now:1, prevStatus:0 power:1
05-28 16:13:39.019 I/hdmiconnection( 552): hot plug port id 0, is connected 1
05-28 16:13:39.020 D/HDMI ( 742): Hotplug event:[port:0, connected:true]
05-28 16:13:39.021 D/hdmicecd( 532): [HdmiCecControl]:getPhysicalAddress, physical addr: 1000, last pa: 1000, ret = 0
05-28 16:13:39.021 D/hdmicecd( 552): [HdmiCecControl]:total port:1
05-28 16:13:39.021 I/hdmicecd( 552): [HdmiCecControl]:portId: 0, type:output, cec support:1, arc support:1, physical address:1000
05-28 16:13:39.021 I/hdmicecd( 552): [HdmiCecControl]:arc port:0
05-28 16:13:39.022 I/SystemControl( 343): [/Ubootenv.cpp, updateValue, 68] [ubootenv] update value name [ubootenv.var.bestdolbyvision]: value [true]
05-28 16:13:39.022 I/SystemControl( 343): [/Ubootenv.cpp, get, 336] [ubootenv] get key:bestdolbyvision envValue: true
05-28 16:13:39.022 I/SystemControl( 343): [/Ubootenv.cpp, get, 336] [ubootenv] get key:hdmimode envValue: none
05-28 16:13:39.022 I/SystemControl( 343): [/Ubootenv.cpp, get, 345] [ubootenv] search end and not find env:user_colorattribute
05-28 16:13:39.022 I/SystemControl( 343): [/Ubootenv.cpp, get, 345] [ubootenv] search end and not find env:hdr_force_mode
05-28 16:13:39.022 I/SystemControl( 343): [/DisplayMode.cpp, gethdrforcemode, 2742] get hdr force mode is [2]
05-28 16:13:39.022 I/SystemControl( 343): [/Ubootenv.cpp, get, 336] [ubootenv] get key:hdr_policy envValue: 0
05-28 16:13:39.022 I/SystemControl( 343): [/DisplayMode.cpp, getHdrStrategy, 2758] getHdrStrategy is [0]
05-28 16:13:39.022 I/SystemControl( 343): [/Ubootenv.cpp, get, 336] [ubootenv] get key:hdr_priority envValue: 268435472
05-28 16:13:39.022 I/SystemControl( 343): [/DisplayMode.cpp, getHdrPriority, 2891] getHdrPriority is [0x10000010]
05-28 16:13:39.022 I/SystemControl( 343): [/DisplayMode.cpp, getCommonData, 1534] isbestcolorspace:1, isbestpolicy:1, hdr_policy:0, hdr_priority :268435472, hdr_force_mode:2
05-28 16:13:39.022 E/MesonHwc( 289): FixedDisplayPipe::getConnectorCfg 11
05-28 16:13:39.024 E/MesonHwc( 289): getCrtc by id(0) failed.
05-28 16:13:39.024 V/MesonDisplayServer( 289): GetDisplayMode:
05-28 16:13:39.024 I/SystemControl( 343): [/DisplayMode.cpp, getDisplayMode, 2331] getDisplayMode mode:
05-28 16:13:39.024 I/SystemControl( 343): [/Ubootenv.cpp, get, 336] [ubootenv] get key:hdmimode envValue: none
05-28 16:13:39.024 I/SystemControl( 343): [/Ubootenv.cpp, get, 336] [ubootenv] get key:cvbsmode envValue: 576cvbs
05-28 16:13:39.024 I/SystemControl( 343): [/DisplayMode.cpp, getCommonData, 1542] hdmi_current_mode:, ubootenv hdmimode:none cvbsmode:576cvbs
05-28 16:13:39.024 E/MesonHwc( 289): dolby vision driver is not ready
05-28 16:13:39.025 E/MesonHwc( 289): dolby vision driver is not ready
05-28 16:13:39.025 I/SystemControl( 343): [/Ubootenv.cpp, get, 345] [ubootenv] search end and not find env:connector_type
05-28 16:13:39.025 D/DisplayManagerService( 742): Ignore redundant display event 0/2 to 10067/1190
05-28 16:13:39.025 E/MesonHwc( 289): FixedDisplayPipe::getConnectorCfg 11
05-28 16:13:39.025 D/MesonHwc( 289): ERR: PLEASE FIX NON-IMPLEMENT FUN(update).
05-28 16:13:39.026 D/DisplayManagerService( 742): Ignore redundant display event 0/2 to 10075/6844
05-28 16:13:39.026 E/MesonHwc( 289): dolby vision driver is not ready
05-28 16:13:39.026 E/MesonHwc( 289): dolby vision driver is not ready
05-28 16:13:39.028 V/MesonDisplayServer( 289): GetDisplayMode:dummy_l
05-28 16:13:39.028 I/SystemControl( 343): [/Ubootenv.cpp, get, 336] [ubootenv] get key:hdr_preferred_policy envValue: 0
05-28 16:13:39.030 E/ccc ( 1946): cccccc hdmi plug reset
05-28 16:13:39.031 I/WiredAccessoryManager( 742): MSG_NEW_DEVICE_STATE
05-28 16:13:39.035 I/SystemControl( 343): [/Ubootenv.cpp, get, 336] [ubootenv] get key:user_hdr_type envValue: 3
05-28 16:13:39.035 D/hdmiconnection( 552): port id:0 physical:1000
05-28 16:13:39.036 D/HDMI ( 742): initPortInfo port info:port_id: 0, type: HDMI_OUT, address: 0x1000, cec: true, arc: true, mhl: false, earc: false
05-28 16:13:39.037 I/hdmicecd( 532): [HdmiCecControl]:clearLogicaladdress
05-28 16:13:39.038 I/AS.AudioDeviceInventory( 742): not sending NOISY: state=1
05-28 16:13:39.039 D/AudioService( 742): setWiredDeviceConnectionState( type:400 state:DEVICE_STATE_AVAILABLE addr: name:) from android
05-28 16:13:39.039 I/AS.AudioDeviceInventory( 742): handleDeviceConnection(true dev:400 address: name:)
05-28 16:13:39.039 I/AS.AudioDeviceInventory( 742): deviceKey:0x400:
05-28 16:13:39.039 I/AS.AudioDeviceInventory( 742): deviceInfo:null is(already)Connected:false
05-28 16:13:39.041 I/audio_hw_hal_primary( 509): [adev_set_parameters:4123] dev:0xeedc14a0, kv: set_ARC_hdmi=updated_sad
05-28 16:13:39.041 D/audio_hw_hal_hfp( 509): [audio_extn_hfp_set_parameters:739] audio_extn_hfp_set_parameters
05-28 16:13:39.043 I/audio_hw_hal_primary( 509): [adev_set_device_connected_state_v7:9037] connected address:, num_descriptors:0, num_profiles:0
05-28 16:13:39.043 I/audio_hw_hal_primary( 509): [set_device_connect_state:4044] state:1, dev:OUT_HDMI(0x400), pre_out:0x80002, pre_in:0x4
05-28 16:13:39.043 D/audio_hw_hal_resourcemgr( 509): [set_output_device_avail:353] device:0x400 avail_out_devices:400 routed_out_devices:0x400
05-28 16:13:39.043 D/audio_hw_hal_stream( 509): update_sink_format_after_hotplug() active stream 0xeed047f0
05-28 16:13:39.043 D/audio_hw_hal_profile( 509): get_hdmi_sink_cap_new is running...
05-28 16:13:39.043 E/xxxxxxxxxxxxxxx( 2316): onReceive:mIsHDMIPlugged = true
05-28 16:13:39.043 D/MesonDisplayServer( 289): getDisplayAttribute "Dolby Vision CAP2": "The Rx don't support DolbyVision"
05-28 16:13:39.043 D/MesonDisplayServer( 289): use connector getDisplayAttribute "HDMI Color ATTR": "rgb,8bit"
05-28 16:13:39.043 I/SystemControl( 343): [/Ubootenv.cpp, updateValue, 68] [ubootenv] update value name [ubootenv.var.hdr_policy]: value [0]
05-28 16:13:39.044 I/SystemControl( 343): [/Ubootenv.cpp, get, 336] [ubootenv] get key:hdr_policy envValue: 0
05-28 16:13:39.044 I/SystemControl( 343): [/Ubootenv.cpp, get, 345] [ubootenv] search end and not find env:user_colorattribute
05-28 16:13:39.044 I/SystemControl( 343): [/DisplayMode.cpp, getCommonData, 1554] hdmi_current_attr:rgb,8bit, ubootenv_colorattribute:none
05-28 16:13:39.044 I/SystemControl( 343): [/Ubootenv.cpp, get, 345] [ubootenv] search end and not find env:dv_enable
05-28 16:13:39.044 I/SystemControl( 343): [/DisplayMode.cpp, getCommonData, 1567] dv_enable:0
05-28 16:13:39.044 I/SystemControl( 343): [/Ubootenv.cpp, get, 345] [ubootenv] search end and not find env:user_prefer_dv_type
05-28 16:13:39.044 I/SystemControl( 343): [/DisplayMode.cpp, getCommonData, 1578] ubootenv_dv_type:0
05-28 16:13:39.044 I/SystemControl( 343): [/DisplayMode.cpp, getHdmiData, 1721] display sink type:1 [0:none, 1:sink, 2:repeater]
05-28 16:13:39.044 D/audio_hw_hal_profile( 509): query hdmi format...
05-28 16:13:39.044 D/audio_hw_hal_profile( 509): get_hdmi_sink_cap_new ddp is unsupported; ddp-joc(atmos) is unsupported;
05-28 16:13:39.044 I/audio_hw_hal_profile( 509): PCM cap Max channel =8
05-28 16:13:39.044 I/audio_hw_hal_stream( 509): get_sink_capability mbox+dvb case sink_capability = 0x1
05-28 16:13:39.044 I/audio_hw_hal_stream( 509): force ddp out =0
05-28 16:13:39.044 D/audio_hw_hal_profile( 509): get_hdmi_sink_cap_new is running...
05-28 16:13:39.044 D/audio_hw_hal_profile( 509): query hdmi format...
05-28 16:13:39.044 I/SystemControl( 343): [/DisplayMode.cpp, filterHdmiDispcap, 1398] before filtered HdmiDispcap: 480p60hz
05-28 16:13:39.044 I/SystemControl( 343): 576p50hz
05-28 16:13:39.044 I/SystemControl( 343): 720p50hz
05-28 16:13:39.044 I/SystemControl( 343): 720p60hz
05-28 16:13:39.044 I/SystemControl( 343): 1080p60hz
05-28 16:13:39.044 I/SystemControl( 343): 1080p50hz
05-28 16:13:39.044 I/SystemControl( 343): 1080p24hz
05-28 16:13:39.044 I/SystemControl( 343): 1080p30hz
05-28 16:13:39.044 I/SystemControl( 343):
05-28 16:13:39.044 D/audio_hw_hal_profile( 509): get_hdmi_sink_cap_new ddp is unsupported; ddp-joc(atmos) is unsupported;
05-28 16:13:39.044 I/audio_hw_hal_profile( 509): PCM cap Max channel =8
05-28 16:13:39.044 I/audio_hw_hal_stream( 509): [get_sink_dts_capability:212] mbox+dvb case sink_capability: PCM_16_BIT(0x1)
05-28 16:13:39.044 D/audio_hw_hal_profile( 509): get_hdmi_sink_cap_new is running...
05-28 16:13:39.044 D/audio_hw_hal_profile( 509): query hdmi format...
05-28 16:13:39.044 D/audio_hw_hal_profile( 509): get_hdmi_sink_cap_new ddp is unsupported; ddp-joc(atmos) is unsupported;
05-28 16:13:39.044 I/audio_hw_hal_profile( 509): PCM cap Max channel =8
05-28 16:13:39.044 I/audio_hw_hal_stream( 509): [get_sink_mpegh_capability:245] mbox+dvb case sink_capability: PCM_16_BIT(0x1)
05-28 16:13:39.044 D/audio_hw_hal_profile( 509): get_hdmi_sink_cap_new is running...
05-28 16:13:39.044 D/audio_hw_hal_profile( 509): [get_hdmi_sink_cap_new:960] query hdmi sample_rate... format: PCM_16_BIT(0x1)
05-28 16:13:39.044 I/audio_hw_hal_profile( 509): get_hdmi_sink_cap_new format =0x1 support rate =sup_sampling_rates=32000|44100|48000
05-28 16:13:39.044 I/audio_hw_hal_stream( 509): pcm_fmt support sample_rate_mask:0x7
05-28 16:13:39.045 I/audio_hw_hal_stream( 509): get_sink_dv_capability : /sys/class/amhdmitx/amhdmitx0/hdmi_hdr_status = SDR
05-28 16:13:39.045 I/audio_hw_hal_stream( 509): get_sink_dv_capability : dv enable 0
05-28 16:13:39.045 I/audio_hw_hal_stream( 509): [get_sink_format:446] out:0xeed047f0 out devices:0x80002 cur_out_devices:0x400 format:PCM_16_BIT(0x1) digital_mode(PCM) sink cap:PCM_16_BIT(0x1)
05-28 16:13:39.045 I/audio_hw_hal_stream( 509): get_sink_format() HDMI ARC or mbox + dvb case
05-28 16:13:39.045 I/audio_hw_hal_stream( 509): [get_sink_format:645] sink_format:PCM_16_BIT(0x1) max channel:8 optical_format:PCM_16_BIT(0x1) dual_output 0
05-28 16:13:39.045 I/audio_hw_hal_ms12common( 509): audiohal_send_msg_2_ms12 mesg_type:MS12_MESG_TYPE_RESET_MS12_ENCODER entry
05-28 16:13:39.045 I/SystemControl( 343): [/DisplayMode.cpp, filterHdmiDispcap, 1427] after filtered HdmiDispcap: 480p60hz
05-28 16:13:39.045 I/SystemControl( 343): 576p50hz
05-28 16:13:39.045 I/SystemControl( 343): 720p50hz
05-28 16:13:39.045 I/SystemControl( 343): 720p60hz
05-28 16:13:39.045 I/SystemControl( 343): 1080p60hz
05-28 16:13:39.045 I/SystemControl( 343): 1080p50hz
05-28 16:13:39.045 I/SystemControl( 343): 1080p24hz
05-28 16:13:39.045 I/SystemControl( 343): 1080p30hz
05-28 16:13:39.045 I/SystemControl( 343):
05-28 16:13:39.045 I/audio_hw_hal_ms12common( 509): audiohal_send_msg_2_ms12 mesg_type:MS12_MESG_TYPE_RESET_MS12_ENCODER exit
05-28 16:13:39.045 D/audio_hw_hal_ms12v2( 509): set_dolby_ms12_continuous_state audio_continuous_standby_set status 0
05-28 16:13:39.045 D/audio_hw_hal_continuous_standby( 509): audio_continuous_standby_set, type 0, params 0
05-28 16:13:39.045 D/audio_hw_hal_ms12common( 509): ms12_message_threadloop(), msg type: MS12_MESG_TYPE_RESET_MS12_ENCODER
05-28 16:13:39.045 I/audio_hw_hal_ms12common( 509): aml_set_ms12_scheduler_state ms12_scheduler_state:0, sch_state:0 SCHEDULER_RUNNING is sent to ms12
05-28 16:13:39.045 I/audio_hw_hal_ms12v2( 509): +dolby_ms12_encoder_reconfig()
05-28 16:13:39.045 D/libdolbyms12( 509): mch_enable 1
05-28 16:13:39.045 D/audio_hw_hal_continuous_standby( 509): audio_continuous_standby_set, type 1, params 24
05-28 16:13:39.045 D/audio_hw_hal_ms12common( 509): ms12_message_threadloop mesg_list is empty, loop waiting......
05-28 16:13:39.046 W/DeviceHAL( 509): Error from HAL Device in function get_audio_port_v7: Function not implemented
05-28 16:13:39.046 I/SystemControl( 343): [/Ubootenv.cpp, updateValue, 68] [ubootenv] update value name [ubootenv.var.hdr_priority]: value [268435472]
05-28 16:13:39.047 I/AudioFlinger( 594): openOutput() this 0xf2b07600, module 10 Device AUDIO_DEVICE_OUT_HDMI, @:, SamplingRate 44100, Format 0xe000000, Channels 0x1, flags 0x11
