05-28 16:13:57.207 E/nStackXDFinder( 2823): GetLocalIp:[401] :GetLocalIp exec
05-28 16:13:57.296 D/nStackXCoAP( 2823): IsInSameNetwork:[276] :IsInSameNetwork exec
05-28 16:13:57.296 I/nStackXDFinder( 2823): GetLocalInterfaceDetail:[461] :GetLocalInterfaceDetail in
05-28 16:13:57.297 E/nStackXCoAP( 2823): IsInSameNetwork:[281] :IsInSameNetwork: not priority process
05-28 16:13:57.297 D/nStackXCoAP( 2823): ParseServiceDiscover:[330] :new device join
05-28 16:13:57.298 I/nStackXDFinder( 2823): NotifyDeviceListChanged:[540] :notify callback: device list changed callback is null
05-28 16:13:57.298 E/nStackXDFinder( 2823): GetLocalIp:[401] :GetLocalIp exec
05-28 16:13:57.357 D/nStackXCoAP( 2823): CoapMessageHandler:[133] :2.01
05-28 16:13:57.359 D/nStackXCoAP( 2823): CoapMessageHandler:[133] :2.01
05-28 16:13:57.373 E/ccc ( 1946): cccccc onPhrikeUpdate downloading 80.88794
05-28 16:13:57.384 E/mali_gralloc( 1946): Attempt to call unlock*() on an buffer locked with invalid write locks buffer (0xf4707e80)
05-28 16:13:57.400 D/nStackXCoAP( 2823): IsInSameNetwork:[276] :IsInSameNetwork exec
05-28 16:13:57.400 I/nStackXDFinder( 2823): GetLocalInterfaceDetail:[461] :GetLocalInterfaceDetail in
05-28 16:13:57.400 E/nStackXCoAP( 2823): IsInSameNetwork:[281] :IsInSameNetwork: not priority process
05-28 16:13:57.400 D/nStackXCoAP( 2823): ParseServiceDiscover:[330] :new device join
05-28 16:13:57.400 E/nStackXDFinder( 2823): GetLocalIp:[401] :GetLocalIp exec
05-28 16:13:57.422 I/WifiHAL ( 558): call wifi_get_link_stats handler
05-28 16:13:57.422 I/WifiHAL ( 558): Creating message to get link statistics; iface = 16
05-28 16:13:57.422 D/WifiHAL ( 558): error code -95 mapped to -3
05-28 16:13:57.422 E/WifiStaIfaceAidlImpl( 742): getLinkLayerStats failed with service-specific exception: android.os.ServiceSpecificException: (code 4)
05-28 16:13:57.476 D/nStackXCoAP( 2823): CoapMessageHandler:[133] :2.01
05-28 16:13:57.585 D/nStackXCoAP( 2823): IsInSameNetwork:[276] :IsInSameNetwork exec
05-28 16:13:57.585 I/nStackXDFinder( 2823): GetLocalInterfaceDetail:[461] :GetLocalInterfaceDetail in
05-28 16:13:57.585 E/nStackXCoAP( 2823): IsInSameNetwork:[281] :IsInSameNetwork: not priority process
05-28 16:13:57.585 D/nStackXCoAP( 2823): ParseServiceDiscover:[330] :new device join
05-28 16:13:57.585 E/nStackXDFinder( 2823): GetLocalIp:[401] :GetLocalIp exec
05-28 16:13:57.657 D/nStackXCoAP( 2823): IsInSameNetwork:[276] :IsInSameNetwork exec
05-28 16:13:57.657 I/nStackXDFinder( 2823): GetLocalInterfaceDetail:[461] :GetLocalInterfaceDetail in
05-28 16:13:57.657 E/nStackXCoAP( 2823): IsInSameNetwork:[281] :IsInSameNetwork: not priority process
05-28 16:13:57.657 D/nStackXCoAP( 2823): ParseServiceDiscover:[330] :new device join
05-28 16:13:57.657 E/nStackXDFinder( 2823): GetLocalIp:[401] :GetLocalIp exec
05-28 16:13:57.694 I/WifiService( 742): startScan uid=1000
05-28 16:13:57.696 E/ccc ( 2296): cccccc i will start scan
05-28 16:13:57.702 D/InstantWifi( 742): Drop, size: 1
05-28 16:13:57.704 D/WifiNl80211Manager( 742): Scan result ready event
05-28 16:13:57.705 D/WifiNative( 742): Scan result ready event
05-28 16:13:57.707 D/WificondScannerImpl( 742): Filtering out 1 scan results.
05-28 16:13:57.710 I/WifiHAL ( 558): call wifi_get_link_stats handler
05-28 16:13:57.710 I/WifiHAL ( 558): Creating message to get link statistics; iface = 16
05-28 16:13:57.710 D/WifiHAL ( 558): error code -95 mapped to -3
05-28 16:13:57.711 E/WifiStaIfaceAidlImpl( 742): getLinkLayerStats failed with service-specific exception: android.os.ServiceSpecificException: (code 4)
05-28 16:13:57.712 E/ccc ( 2296): cccccc SCAN_RESULTS_AVAILABLE_ACTION hhhh
05-28 16:13:57.715 E/ccc ( 2296): cccccc result is empty start scan
05-28 16:13:57.716 I/WifiService( 742): startScan uid=1000
05-28 16:13:57.716 W/ScanResultUtil( 742): Empty or null ScanResult list
05-28 16:13:57.716 W/WifiService( 742): Attempt to retrieve WifiConfiguration with invalid scanResult List
05-28 16:13:57.717 W/ScanResultUtil( 742): Empty or null ScanResult list
05-28 16:13:57.717 E/WifiService( 742): Attempt to retrieve passpoint with invalid scanResult List
05-28 16:13:57.717 W/ScanResultUtil( 742): Empty or null ScanResult list
05-28 16:13:57.717 W/WifiService( 742): Attempt to retrieve OsuProviders with invalid scanResult List
05-28 16:13:57.721 D/nStackXCoAP( 2823): IsInSameNetwork:[276] :IsInSameNetwork exec
05-28 16:13:57.721 I/nStackXDFinder( 2823): GetLocalInterfaceDetail:[461] :GetLocalInterfaceDetail in
05-28 16:13:57.721 E/nStackXCoAP( 2823): IsInSameNetwork:[281] :IsInSameNetwork: not priority process
05-28 16:13:57.721 D/nStackXCoAP( 2823): ParseServiceDiscover:[330] :new device join
05-28 16:13:57.721 E/nStackXDFinder( 2823): GetLocalIp:[401] :GetLocalIp exec
05-28 16:13:57.727 D/InstantWifi( 742): Drop, size: 1
05-28 16:13:57.736 E/hq ( 2316): NetWorkStateReceiver:::NetWorkStateReceiver onReceive: 网络变化广播 >>>> intent.action=android.net.wifi.SCAN_RESULTS
05-28 16:13:57.738 W/eventbuscore( 2316): post Event:com.dangbei.leard.base.entity.event.NetWifiRssiEvent
05-28 16:13:57.745 D/nStackXCoAP( 2823): IsInSameNetwork:[276] :IsInSameNetwork exec
05-28 16:13:57.745 I/nStackXDFinder( 2823): GetLocalInterfaceDetail:[461] :GetLocalInterfaceDetail in
05-28 16:13:57.745 E/nStackXCoAP( 2823): IsInSameNetwork:[281] :IsInSameNetwork: not priority process
05-28 16:13:57.745 D/nStackXCoAP( 2823): ParseServiceDiscover:[330] :new device join
05-28 16:13:57.745 E/nStackXDFinder( 2823): GetLocalIp:[401] :GetLocalIp exec
05-28 16:13:57.750 D/nStackXCoAP( 2823): IsInSameNetwork:[276] :IsInSameNetwork exec
05-28 16:13:57.750 I/nStackXDFinder( 2823): GetLocalInterfaceDetail:[461] :GetLocalInterfaceDetail in
05-28 16:13:57.750 E/nStackXCoAP( 2823): IsInSameNetwork:[281] :IsInSameNetwork: not priority process
05-28 16:13:57.750 D/nStackXCoAP( 2823): ParseServiceDiscover:[330] :new device join
05-28 16:13:57.750 E/nStackXDFinder( 2823): GetLocalIp:[401] :GetLocalIp exec
05-28 16:13:57.917 D/nStackXCoAP( 2823): IsInSameNetwork:[276] :IsInSameNetwork exec
05-28 16:13:57.917 I/nStackXDFinder( 2823): GetLocalInterfaceDetail:[461] :GetLocalInterfaceDetail in
05-28 16:13:57.917 E/nStackXCoAP( 2823): IsInSameNetwork:[281] :IsInSameNetwork: not priority process
05-28 16:13:57.917 D/nStackXCoAP( 2823): ParseServiceDiscover:[330] :new device join
05-28 16:13:57.917 E/nStackXDFinder( 2823): GetLocalIp:[401] :GetLocalIp exec
05-28 16:13:58.284 D/nStackXCoAP( 2823): CoapMessageHandler:[133] :2.01
05-28 16:13:58.364 D/nStackXCoAP( 2823): IsInSameNetwork:[276] :IsInSameNetwork exec
05-28 16:13:58.365 I/nStackXDFinder( 2823): GetLocalInterfaceDetail:[461] :GetLocalInterfaceDetail in
05-28 16:13:58.365 E/nStackXCoAP( 2823): IsInSameNetwork:[281] :IsInSameNetwork: not priority process
05-28 16:13:58.365 D/nStackXCoAP( 2823): ParseServiceDiscover:[330] :new device join
05-28 16:13:58.365 E/nStackXDFinder( 2823): GetLocalIp:[401] :GetLocalIp exec
05-28 16:13:58.446 D/nStackXCoAP( 2823): IsInSameNetwork:[276] :IsInSameNetwork exec
05-28 16:13:58.446 I/nStackXDFinder( 2823): GetLocalInterfaceDetail:[461] :GetLocalInterfaceDetail in
05-28 16:13:58.446 E/nStackXCoAP( 2823): IsInSameNetwork:[281] :IsInSameNetwork: not priority process
05-28 16:13:58.446 D/nStackXCoAP( 2823): ParseServiceDiscover:[330] :new device join
05-28 16:13:58.446 E/nStackXDFinder( 2823): GetLocalIp:[401] :GetLocalIp exec
05-28 16:13:58.465 D/nStackXCoAP( 2823): IsInSameNetwork:[276] :IsInSameNetwork exec
05-28 16:13:58.465 I/nStackXDFinder( 2823): GetLocalInterfaceDetail:[461] :GetLocalInterfaceDetail in
05-28 16:13:58.465 E/nStackXCoAP( 2823): IsInSameNetwork:[281] :IsInSameNetwork: not priority process
05-28 16:13:58.465 D/nStackXCoAP( 2823): ParseServiceDiscover:[330] :new device join
05-28 16:13:58.465 E/nStackXDFinder( 2823): GetLocalIp:[401] :GetLocalIp exec
05-28 16:13:58.754 D/nStackXCoAP( 2823): IsInSameNetwork:[276] :IsInSameNetwork exec
05-28 16:13:58.754 I/nStackXDFinder( 2823): GetLocalInterfaceDetail:[461] :GetLocalInterfaceDetail in
05-28 16:13:58.754 E/nStackXCoAP( 2823): IsInSameNetwork:[281] :IsInSameNetwork: not priority process
05-28 16:13:58.754 D/nStackXCoAP( 2823): ParseServiceDiscover:[330] :new device join
05-28 16:13:58.754 E/nStackXDFinder( 2823): GetLocalIp:[401] :GetLocalIp exec
05-28 16:13:58.761 D/nStackXCoAP( 2823): IsInSameNetwork:[276] :IsInSameNetwork exec
05-28 16:13:58.761 I/nStackXDFinder( 2823): GetLocalInterfaceDetail:[461] :GetLocalInterfaceDetail in
05-28 16:13:58.761 E/nStackXCoAP( 2823): IsInSameNetwork:[281] :IsInSameNetwork: not priority process
05-28 16:13:58.761 D/nStackXCoAP( 2823): ParseServiceDiscover:[330] :new device join
05-28 16:13:58.761 E/nStackXDFinder( 2823): GetLocalIp:[401] :GetLocalIp exec
05-28 16:13:59.183 D/nStackXCoAP( 2823): IsInSameNetwork:[276] :IsInSameNetwork exec
05-28 16:13:59.183 I/nStackXDFinder( 2823): GetLocalInterfaceDetail:[461] :GetLocalInterfaceDetail in
05-28 16:13:59.183 E/nStackXCoAP( 2823): IsInSameNetwork:[281] :IsInSameNetwork: not priority process
05-28 16:13:59.183 D/nStackXCoAP( 2823): ParseServiceDiscover:[330] :new device join
05-28 16:13:59.183 E/nStackXDFinder( 2823): GetLocalIp:[401] :GetLocalIp exec
05-28 16:13:59.607 D/nStackXCoAP( 2823): IsInSameNetwork:[276] :IsInSameNetwork exec
05-28 16:13:59.607 I/nStackXDFinder( 2823): GetLocalInterfaceDetail:[461] :GetLocalInterfaceDetail in
05-28 16:13:59.607 E/nStackXCoAP( 2823): IsInSameNetwork:[281] :IsInSameNetwork: not priority process
05-28 16:13:59.607 D/nStackXCoAP( 2823): ParseServiceDiscover:[330] :new device join
05-28 16:13:59.607 E/nStackXDFinder( 2823): GetLocalIp:[401] :GetLocalIp exec
05-28 16:13:59.869 V/HotPlugDetectionAction( 742): Poll all devices.
05-28 16:13:59.904 D/nStackXCoAP( 2823): CoapMessageHandler:[133] :2.01
05-28 16:13:59.905 D/nStackXCoAP( 2823): CoapMessageHandler:[133] :2.01
05-28 16:13:59.926 D/hdmicecd( 532): [CEC]:printCecMessage, [4 -> 0] len: 0, body:, result:no ack
05-28 16:13:59.981 D/nStackXCoAP( 2823): CoapMessageHandler:[133] :2.01
05-28 16:13:59.982 D/hdmicecd( 532): [CEC]:printCecMessage, [4 -> 1] len: 0, body:, result:no ack
05-28 16:14:00.038 D/hdmicecd( 532): [CEC]:printCecMessage, [4 -> 3] len: 0, body:, result:no ack
05-28 16:14:00.098 D/hdmicecd( 532): [CEC]:printCecMessage, [4 -> 5] len: 0, body:, result:no ack
05-28 16:14:00.154 D/hdmicecd( 532): [CEC]:printCecMessage, [4 -> 8] len: 0, body:, result:no ack
05-28 16:14:00.214 D/hdmicecd( 532): [CEC]:printCecMessage, [4 -> b] len: 0, body:, result:no ack
05-28 16:14:00.274 D/hdmicecd( 532): [CEC]:printCecMessage, [4 -> e] len: 0, body:, result:no ack
05-28 16:14:00.274 D/HdmiCecController( 742): [P]:AllocatedAddress=[]
05-28 16:14:00.428 I/WifiHAL ( 558): call wifi_get_link_stats handler
05-28 16:14:00.428 I/WifiHAL ( 558): Creating message to get link statistics; iface = 16
05-28 16:14:00.428 D/WifiHAL ( 558): error code -95 mapped to -3
05-28 16:14:00.429 E/WifiStaIfaceAidlImpl( 742): getLinkLayerStats failed with service-specific exception: android.os.ServiceSpecificException: (code 4)
05-28 16:14:00.433 D/WifiNl80211Manager( 742): Scan result ready event
05-28 16:14:00.433 D/WifiNative( 742): Scan result ready event
05-28 16:14:00.447 D/WificondScannerImpl( 742): Filtering out 1 scan results.
05-28 16:14:00.479 E/ccc ( 2296): cccccc SCAN_RESULTS_AVAILABLE_ACTION hhhh
05-28 16:14:00.479 E/hq ( 2316): NetWorkStateReceiver:::NetWorkStateReceiver onReceive: 网络变化广播 >>>> intent.action=android.net.wifi.SCAN_RESULTS
05-28 16:14:00.480 D/PasspointManager( 742): ANQP entry not found for: da:c0:7c:df:20:94:
05-28 16:14:00.487 I/WifiHAL ( 558): call wifi_get_link_stats handler
05-28 16:14:00.487 I/WifiHAL ( 558): Creating message to get link statistics; iface = 16
05-28 16:14:00.488 D/WifiHAL ( 558): error code -95 mapped to -3
05-28 16:14:00.488 E/WifiStaIfaceAidlImpl( 742): getLinkLayerStats failed with service-specific exception: android.os.ServiceSpecificException: (code 4)
05-28 16:14:00.505 E/db_okhttp( 8961): POST url:http://otysdktj.tvfuwu.com/util-servlet/clientservice
05-28 16:14:00.505 E/db_okhttp( 8961): Request: topic=dbsc_init&message={"list":"%5B%22%257B%2522action%2522%253A%2522%2522%252C%2522insertTime%2522%253A%25221748420040502%2522%252C%2522content%2522%253A%2522%25257B%252522create_time%252522%25253A%2525221748420040502%252522%25252C%252522function%252522%25253A%252522init%252522%25252C%252522devboot_id%252522%25253A%252522174841445459487%252522%25252C%252522init_ispause%252522%25253A%2525222%252522%25257D%2522%257D%22%5D","mode":"1","mac":"g/tNESpYG9/PwHTF3VhpwDk/T+Cy+qdeKwoSjimoU+Q=","wifimac":"q9MCMMcNlOCXpWwv1qdeYQ==","ip":"Fvuptjwx8oU6BDodh2IUcQ==","channel":"+uL1c5z1z7lZFZqvGVRkHQ==","deviceid":"HYW6A0RpORlEbwTfmhSa4ALk+KpIFJJkXD05AYjGwxzDMNTUA1Q+x0Bd609R6rdh","dev_uuid":"Wvul+Vc+nCobEd58umDMooPBejhZHq0SXslKSFEz0/7rNjNYcegbeZ/oqmU96vJB","uuid":"lkm2UxCCS6pUo0VM2hOh6kLHB5/gO8ZIxN5zfVGthUTvAgWOqVQi5iy53wVF0IzI","packagename":"4u7INlRctM+acvVJ1H8eFWhLT5oSUdIcuUT4JfTX7WI=","appname":"UbS086E9JOT+vRwzW0lFjA==","packagelist":"StYQ8VSaxno+sBFpzoW/MFP7p+RUJlFeCI0OTRHyCbqOiFITq2vTqkORUvk1LNhryFJGE26gmrCn3jkSXLqusUyDV5j43BDOc/rPTtfchbQ=","vname":"EEnPqQlWue6z1AGyQn9bHw==","vcode":"6X4bRW8AOLb6xahW1AOqXA==","brand":"TDkI4ikohcctSvValz6Lqg==","cpuserial":"E75ahJxR4Nm1GULbpKtJHg==","bluetoothmac":"q9MCMMcNlOCXpWwv1qdeYQ==","osversion":"eM2RQ/CyeWNEcjPYjEPAVg==","oscode":"c0NKRmy9YUIw3GmzbJld0g==","rommodel":"ABjPdzCJylEmN2GZQZkNHA==","is_write":"PGkmCK6GzMtvR1UYLLYopw==","is_updated":"PGkmCK6GzMtvR1UYLLYopw==","session_id":"nQpl+61uEwx7OAo8KazdxU4ychKV5w3qaH0bCeYgX6F1SFjk1bveNrOTAXDqePrQ","romvername":"","romvercode":"","boxfactory":"","sn":"","settle_mode":"1"}&requestSourceType=statistics&
05-28 16:14:00.506 E/ccc ( 2296): cccccc result is not empty call back
05-28 16:14:00.506 E/ccc ( 2296): cccccc 666666666666666
05-28 16:14:00.506 W/eventbuscore( 2316): post Event:com.dangbei.leard.base.entity.event.NetWifiRssiEvent
05-28 16:14:00.525 E/ccc ( 2296): cccccc sort 2 44
05-28 16:14:01.045 D/nStackXCoAP( 2823): IsInSameNetwork:[276] :IsInSameNetwork exec
05-28 16:14:01.045 I/nStackXDFinder( 2823): GetLocalInterfaceDetail:[461] :GetLocalInterfaceDetail in
05-28 16:14:01.045 E/nStackXCoAP( 2823): IsInSameNetwork:[281] :IsInSameNetwork: not priority process
05-28 16:14:01.045 D/nStackXCoAP( 2823): ParseServiceDiscover:[330] :new device join
05-28 16:14:01.045 E/nStackXDFinder( 2823): GetLocalIp:[401] :GetLocalIp exec
05-28 16:14:01.583 D/nStackXCoAP( 2823): CoapMessageHandler:[133] :2.01
05-28 16:14:01.587 D/nStackXCoAP( 2823): CoapMessageHandler:[133] :2.01
05-28 16:14:01.589 E/db_okhttp( 8961): POST_res url:http://otysdktj.tvfuwu.com/util-servlet/clientservice
05-28 16:14:01.589 E/db_okhttp( 8961): response:
05-28 16:14:01.593 E/ccc ( 1946): cccccc onPhrikeUpdate downloading 80.90019
05-28 16:14:01.604 E/mali_gralloc( 1946): Attempt to call unlock*() on an buffer locked with invalid write locks buffer (0xf470d9e0)
05-28 16:14:01.607 E/mali_gralloc( 1946): Attempt to call unlock*() on an buffer locked with invalid write locks buffer (0xf470d9e0)
05-28 16:14:01.803 D/nStackXCoAP( 2823): CoapMessageHandler:[133] :2.01
05-28 16:14:02.036 D/nStackXCoAP( 2823): CoapMessageHandler:[133] :2.01
05-28 16:14:02.111 D/nStackXCoAP( 2823): CoapMessageHandler:[133] :2.01
05-28 16:14:03.438 I/WifiHAL ( 558): call wifi_get_link_stats handler
05-28 16:14:03.438 I/WifiHAL ( 558): Creating message to get link statistics; iface = 16
05-28 16:14:03.439 D/WifiHAL ( 558): error code -95 mapped to -3
05-28 16:14:03.439 E/WifiStaIfaceAidlImpl( 742): getLinkLayerStats failed with service-specific exception: android.os.ServiceSpecificException: (code 4)
05-28 16:14:05.052 D/nStackXCoAP( 2823): CoapMessageHandler:[133] :2.01
05-28 16:14:05.053 D/nStackXCoAP( 2823): CoapMessageHandler:[133] :2.01
05-28 16:14:05.053 D/nStackXCoAP( 2823): CoapMessageHandler:[133] :2.01
05-28 16:14:05.439 D/nStackXCoAP( 2823): CoapMessageHandler:[133] :2.01
05-28 16:14:05.726 E/ccc ( 1946): cccccc onPhrikeUpdate downloading 80.97141
05-28 16:14:05.742 E/mali_gralloc( 1946): Attempt to call unlock*() on an buffer locked with invalid write locks buffer (0xf470d9e0)
05-28 16:14:05.742 E/mali_gralloc( 1946): Attempt to call unlock*() on an buffer locked with invalid write locks buffer (0xf4707e80)
05-28 16:14:05.746 E/mali_gralloc( 1946): Attempt to call unlock*() on an buffer locked with invalid write locks buffer (0xf4707e80)
05-28 16:14:05.948 D/nStackXCoAP( 2823): CoapMessageHandler:[133] :2.01
05-28 16:14:06.446 I/WifiHAL ( 558): call wifi_get_link_stats handler
05-28 16:14:06.446 I/WifiHAL ( 558): Creating message to get link statistics; iface = 16
05-28 16:14:06.446 D/WifiHAL ( 558): error code -95 mapped to -3
05-28 16:14:06.447 E/WifiStaIfaceAidlImpl( 742): getLinkLayerStats failed with service-specific exception: android.os.ServiceSpecificException: (code 4)
05-28 16:14:08.165 D/nStackXCoAP( 2823): CoapMessageHandler:[133] :2.01
05-28 16:14:09.452 I/WifiHAL ( 558): call wifi_get_link_stats handler
05-28 16:14:09.452 I/WifiHAL ( 558): Creating message to get link statistics; iface = 16
05-28 16:14:09.452 D/WifiHAL ( 558): error code -95 mapped to -3
05-28 16:14:09.453 E/WifiStaIfaceAidlImpl( 742): getLinkLayerStats failed with service-specific exception: android.os.ServiceSpecificException: (code 4)
05-28 16:14:09.738 E/ccc ( 1946): cccccc onPhrikeUpdate downloading 81.16623
05-28 16:14:09.747 E/mali_gralloc( 1946): Attempt to call unlock*() on an buffer locked with invalid write locks buffer (0xf4707e80)
05-28 16:14:12.457 I/WifiHAL ( 558): call wifi_get_link_stats handler
05-28 16:14:12.458 I/WifiHAL ( 558): Creating message to get link statistics; iface = 16
05-28 16:14:12.458 D/WifiHAL ( 558): error code -95 mapped to -3
05-28 16:14:12.458 E/WifiStaIfaceAidlImpl( 742): getLinkLayerStats failed with service-specific exception: android.os.ServiceSpecificException: (code 4)
05-28 16:14:12.623 D/nStackXCoAP( 2823): CoapMessageHandler:[133] :2.01
05-28 16:14:13.597 D/nStackXCoAP( 2823): CoapMessageHandler:[133] :2.01
05-28 16:14:15.188 E/ccc ( 1946): cccccc onPhrikeUpdate downloading 81.30578
05-28 16:14:15.201 E/mali_gralloc( 1946): Attempt to call unlock*() on an buffer locked with invalid write locks buffer (0xf470d9e0)
05-28 16:14:15.204 E/mali_gralloc( 1946): Attempt to call unlock*() on an buffer locked with invalid write locks buffer (0xf470d9e0)
05-28 16:14:15.467 I/WifiHAL ( 558): call wifi_get_link_stats handler
05-28 16:14:15.467 I/WifiHAL ( 558): Creating message to get link statistics; iface = 16
05-28 16:14:15.468 D/WifiHAL ( 558): error code -95 mapped to -3
05-28 16:14:15.468 E/WifiStaIfaceAidlImpl( 742): getLinkLayerStats failed with service-specific exception: android.os.ServiceSpecificException: (code 4)
05-28 16:14:18.473 I/WifiHAL ( 558): call wifi_get_link_stats handler
05-28 16:14:18.473 I/WifiHAL ( 558): Creating message to get link statistics; iface = 16
05-28 16:14:18.474 D/WifiHAL ( 558): error code -95 mapped to -3
05-28 16:14:18.474 E/WifiStaIfaceAidlImpl( 742): getLinkLayerStats failed with service-specific exception: android.os.ServiceSpecificException: (code 4)
05-28 16:14:19.372 E/ccc ( 1946): cccccc onPhrikeUpdate downloading 81.35492
05-28 16:14:19.389 E/mali_gralloc( 1946): Attempt to call unlock*() on an buffer locked with invalid write locks buffer (0xf470d9e0)
05-28 16:14:19.389 E/mali_gralloc( 1946): Attempt to call unlock*() on an buffer locked with invalid write locks buffer (0xf4707e80)
05-28 16:14:19.393 E/mali_gralloc( 1946): Attempt to call unlock*() on an buffer locked with invalid write locks buffer (0xf4707e80)
05-28 16:14:21.421 I/audio_hw_hal_alsamgr( 509): alsa format =0x1 delay frames =768 total frames=351086080
05-28 16:14:21.478 I/WifiHAL ( 558): call wifi_get_link_stats handler
05-28 16:14:21.478 I/WifiHAL ( 558): Creating message to get link statistics; iface = 16
05-28 16:14:21.478 D/WifiHAL ( 558): error code -95 mapped to -3
05-28 16:14:21.478 E/WifiStaIfaceAidlImpl( 742): getLinkLayerStats failed with service-specific exception: android.os.ServiceSpecificException: (code 4)
05-28 16:14:22.399 I/SystemControl( 343): [/UEventObserver.cpp, HDMITxUenventThreadLoop, 451] HDMI TX switch_name:hdmitx_hpd, switch_state: 0
05-28 16:14:22.399 I/SystemControl( 343): [/DisplayMode.cpp, onTxEvent, 3267] onTxEvent switchName:hdmitx_hpd hpdstate:0 state: 1
05-28 16:14:22.399 I/SystemControl( 343): [/SysWrite.cpp, getKernelReleaseVersion, 701] getKernelReleaseVersion: 5.15
05-28 16:14:22.399 I/SystemControl( 343): [/Ubootenv.cpp, get, 345] [ubootenv] search end and not find env:connector_type
05-28 16:14:22.399 I/SystemControl( 343): [/SystemControlHal.cpp, onEvent, 72] onEvent event:2, client size:5
05-28 16:14:22.400 E/MesonHwc( 289): DrmConnector[HDMI-A] still DISCONNECTED.
05-28 16:14:22.400 D/MesonHwc( 289): ERR: PLEASE FIX NON-IMPLEMENT FUN(update).
05-28 16:14:22.400 I/SystemControl( 343): [/Ubootenv.cpp, get, 345] [ubootenv] search end and not find env:connector_type
05-28 16:14:22.400 V/WindowManager( 742): app ------------- force_land :0
05-28 16:14:22.400 E/MesonHwc( 289): FixedDisplayPipe::getConnectorCfg 15
05-28 16:14:22.401 E/MesonHwc( 289): read screen size 0x0 from vinfo
05-28 16:14:22.401 E/MesonHwc( 289): dolby vision driver is not ready
05-28 16:14:22.401 I/SystemControlClient( 528): notifyCallback event type:2
05-28 16:14:22.401 I/SystemControlClient( 528): notifyCallback: listener is NULL.
05-28 16:14:22.401 I/SystemControl( 343): [/Ubootenv.cpp, get, 345] [ubootenv] search end and not find env:connector_type
05-28 16:14:22.401 I/SystemControlClient( 529): notifyCallback event type:2
05-28 16:14:22.401 I/SystemControlClient( 529): notifyCallback: listener is NULL.
05-28 16:14:22.401 E/MesonHwc( 289): FixedDisplayPipe::getConnectorCfg 15
05-28 16:14:22.402 D/MesonHwc( 289): ERR: PLEASE FIX NON-IMPLEMENT FUN(update).
05-28 16:14:22.402 E/MesonHwc( 289): read screen size 0x0 from vinfo
05-28 16:14:22.402 E/MesonHwc( 289): dolby vision driver is not ready
05-28 16:14:22.402 I/SystemControlClient( 527): notifyCallback event type:2
05-28 16:14:22.403 I/SystemControlClient( 527): notifyCallback: listener is NULL.
05-28 16:14:22.403 I/SystemControlClient( 244): notifyCallback event type:2
05-28 16:14:22.403 I/SystemControlClient( 244): notifyCallback: listener is NULL.
05-28 16:14:22.403 I/SystemControlEvent( 1379): system control callback event: 2
05-28 16:14:22.404 E/MesonHwc( 289): Do Nothing in updateDisplayMode .
05-28 16:14:22.405 V/MesonDisplayServer( 289): GetDisplayMode:1080p60hz
05-28 16:14:22.406 E/xxxxxxxxxxxxxxx( 2316): onReceive:mIsHDMIPlugged = false
05-28 16:14:22.406 I/hdmicecd( 552): [HdmiCecControl]:Hotplug event port:0, now:0, prevStatus:1 power:1
05-28 16:14:22.406 E/ccc ( 1946): cccccc hdmi plug reset
05-28 16:14:22.406 I/SystemControl( 343): [/Ubootenv.cpp, get, 336] [ubootenv] get key:hdmimode envValue: none
05-28 16:14:22.406 I/SystemControl( 343): [/Ubootenv.cpp, get, 345] [ubootenv] search end and not find env:user_colorattribute
05-28 16:14:22.406 I/SystemControl( 343): [/Ubootenv.cpp, get, 345] [ubootenv] search end and not find env:hdr_force_mode
05-28 16:14:22.406 I/SystemControl( 343): [/DisplayMode.cpp, gethdrforcemode, 2742] get hdr force mode is [2]
05-28 16:14:22.406 I/SystemControl( 343): [/Ubootenv.cpp, get, 336] [ubootenv] get key:hdr_policy envValue: 0
05-28 16:14:22.406 I/SystemControl( 343): [/DisplayMode.cpp, getHdrStrategy, 2758] getHdrStrategy is [0]
05-28 16:14:22.406 I/SystemControl( 343): [/Ubootenv.cpp, get, 336] [ubootenv] get key:hdr_priority envValue: 268435472
05-28 16:14:22.406 I/SystemControl( 343): [/DisplayMode.cpp, getHdrPriority, 2891] getHdrPriority is [0x10000010]
05-28 16:14:22.406 I/SystemControl( 343): [/DisplayMode.cpp, getCommonData, 1534] isbestcolorspace:1, isbestpolicy:1, hdr_policy:0, hdr_priority :268435472, hdr_force_mode:2
05-28 16:14:22.407 I/WiredAccessoryManager( 742): MSG_NEW_DEVICE_STATE
05-28 16:14:22.408 E/ccc ( 1946): cccccc hdmi plug reset
05-28 16:14:22.409 I/AS.AudioDeviceInventory( 742): NOISY: adding 0x400
05-28 16:14:22.409 I/AS.AudioDeviceInventory( 742): NOISY: musicDevice changing from NONE to 0x400
05-28 16:14:22.409 V/MesonDisplayServer( 289): GetDisplayMode:1080p60hz
05-28 16:14:22.410 I/hdmiconnection( 552): hot plug port id 0, is connected 0
05-28 16:14:22.411 I/SystemControl( 343): [/DisplayMode.cpp, getDisplayMode, 2331] getDisplayMode mode:1080p60hz
05-28 16:14:22.411 I/AS.AudioDeviceBroker( 742): broadcast ACTION_AUDIO_BECOMING_NOISY
05-28 16:14:22.411 I/SystemControl( 343): [/Ubootenv.cpp, get, 336] [ubootenv] get key:hdmimode envValue: none
05-28 16:14:22.411 I/SystemControl( 343): [/Ubootenv.cpp, get, 336] [ubootenv] get key:cvbsmode envValue: 576cvbs
05-28 16:14:22.411 I/SystemControl( 343): [/DisplayMode.cpp, getCommonData, 1542] hdmi_current_mode:1080p60hz, ubootenv hdmimode:none cvbsmode:576cvbs
05-28 16:14:22.412 E/xxxxxxxxxxxxxxx( 2316): onReceive:mIsHDMIPlugged = false
05-28 16:14:22.413 D/HDMI ( 742): Hotplug event:[port:0, connected:false]
05-28 16:14:22.413 D/MesonDisplayServer( 289): use connector getDisplayAttribute "HDMI Color ATTR": "422,12bit"
05-28 16:14:22.413 D/hdmicecd( 532): [HdmiCecControl]:getPhysicalAddress, physical addr: ffff, last pa: 1000, ret = 0
05-28 16:14:22.414 I/SystemControl( 343): [/Ubootenv.cpp, get, 345] [ubootenv] search end and not find env:user_colorattribute
05-28 16:14:22.414 I/SystemControl( 343): [/DisplayMode.cpp, getCommonData, 1554] hdmi_current_attr:422,12bit, ubootenv_colorattribute:none
05-28 16:14:22.414 I/SystemControl( 343): [/Ubootenv.cpp, get, 345] [ubootenv] search end and not find env:dv_enable
05-28 16:14:22.414 I/SystemControl( 343): [/DisplayMode.cpp, getCommonData, 1567] dv_enable:0
05-28 16:14:22.414 I/SystemControl( 343): [/Ubootenv.cpp, get, 345] [ubootenv] search end and not find env:user_prefer_dv_type
05-28 16:14:22.414 I/SystemControl( 343): [/DisplayMode.cpp, getCommonData, 1578] ubootenv_dv_type:0
05-28 16:14:22.415 I/SystemControl( 343): [/DisplayMode.cpp, getHdmiData, 1721] display sink type:0 [0:none, 1:sink, 2:repeater]
05-28 16:14:22.415 I/SystemControl( 343): [/DisplayMode.cpp, filterHdmiDispcap, 1398] before filtered HdmiDispcap:
05-28 16:14:22.415 I/SystemControl( 343): [/DisplayMode.cpp, filterHdmiDispcap, 1427] after filtered HdmiDispcap:
05-28 16:14:22.415 D/MesonDisplayServer( 289): getDisplayAttribute "Dolby Vision CAP2": "The Rx don't support DolbyVision"
05-28 16:14:22.416 E/SystemControl( 343): [/DisplayMode.cpp, getHdmiDvCap, 1618] TV isn't support dolby vision: The Rx don't support DolbyVision
05-28 16:14:22.416 I/SystemControl( 343): [/DisplayMode.cpp, onTxEvent, 3294] onTxEvent boot config enable do nothing, just return
05-28 16:14:22.416 I/SystemControl( 343): [/UEventObserver.cpp, HDMITxUenventThreadLoop, 451] HDMI TX switch_name:hdmitx_audio, switch_state: 0
05-28 16:14:22.416 I/SystemControl( 343): [/DisplayMode.cpp, onTxEvent, 3267] onTxEvent switchName:hdmitx_audio hpdstate:0 state: 1
05-28 16:14:22.416 I/SystemControl( 343): [/SysWrite.cpp, getKernelReleaseVersion, 701] getKernelReleaseVersion: 5.15
05-28 16:14:22.416 I/SystemControl( 343): [/SystemControlHal.cpp, onEvent, 72] onEvent event:4, client size:5
05-28 16:14:22.416 I/SystemControlClient( 529): notifyCallback event type:4
05-28 16:14:22.416 I/SystemControlClient( 528): notifyCallback event type:4
05-28 16:14:22.416 I/SystemControlClient( 528): notifyCallback: listener is NULL.
05-28 16:14:22.416 I/SystemControlClient( 529): notifyCallback: listener is NULL.
05-28 16:14:22.416 I/SystemControlClient( 244): notifyCallback event type:4
05-28 16:14:22.416 I/SystemControlClient( 244): notifyCallback: listener is NULL.
05-28 16:14:22.416 I/SystemControl( 343): [/UEventObserver.cpp, HDMITxUenventThreadLoop, 451] HDMI TX switch_name:hdmitx_current_status, switch_state: 291
05-28 16:14:22.417 I/SystemControlClient( 527): notifyCallback event type:4
05-28 16:14:22.417 I/SystemControlClient( 527): notifyCallback: listener is NULL.
05-28 16:14:22.417 I/SystemControlEvent( 1379): system control callback event: 4
05-28 16:14:22.515 D/MesonDisplayServer( 289): SetDisplay[CVBS] Mode to "dummy_l"
05-28 16:14:22.523 I/SystemControl( 343): [/UEventObserver.cpp, HDMITxUenventThreadLoop, 451] HDMI TX switch_name:hdmitx_current_status, switch_state: 292
05-28 16:14:22.561 D/MesonComposer3( 289): halEventcallback onHotplug client3.0
05-28 16:14:22.562 E/MesonHwc( 289): getPort 15
05-28 16:14:22.562 E/MesonHwc( 289): getPort 15
05-28 16:14:22.563 I/SurfaceFlinger( 263): Reconnecting display 4627013623894091019 (HAL ID 0)
05-28 16:14:22.570 E/MesonComposer3( 289): destroyLayer: display:0 failed to destroy layer:742
05-28 16:14:22.570 E/HwcComposer( 263): destroyLayer failed Status(-8, EX_SERVICE_SPECIFIC): '3: '
05-28 16:14:22.570 E/HWC2 ( 263): destroyLayer(0, 742) failed: BadLayer (3)
05-28 16:14:22.570 E/MesonComposer3( 289): destroyLayer: display:0 failed to destroy layer:485
05-28 16:14:22.571 E/HwcComposer( 263): destroyLayer failed Status(-8, EX_SERVICE_SPECIFIC): '3: '
05-28 16:14:22.571 E/HWC2 ( 263): destroyLayer(0, 485) failed: BadLayer (3)
05-28 16:14:22.571 E/MesonComposer3( 289): destroyLayer: display:0 failed to destroy layer:228
05-28 16:14:22.571 E/HwcComposer( 263): destroyLayer failed Status(-8, EX_SERVICE_SPECIFIC): '3: '
05-28 16:14:22.571 E/HWC2 ( 263): destroyLayer(0, 228) failed: BadLayer (3)
05-28 16:14:22.571 E/HwcComposer( 263): setClientTargetSlotCount failed Status(-8, EX_SERVICE_SPECIFIC): '4: '
05-28 16:14:22.591 I/Scheduler( 263): Display 4627013623894091019 is the pacesetter
05-28 16:14:22.591 E/SchedulerTimer( 263): Terminated
05-28 16:14:22.592 D/SurfaceFlinger( 263): Setting power mode 2 on display 4627013623894091019
05-28 16:14:22.592 W/EventThread( 263): Failed dispatching Hotplug{displayId=4627013623894091019, connected} for Connection{0xf1c83290, VSyncRequest::None}
05-28 16:14:22.592 W/EventThread( 263): Failed dispatching Hotplug{displayId=4627013623894091019, connected} for Connection{0xf1c82c10, VSyncRequest::None}
05-28 16:14:22.592 W/EventThread( 263): Failed dispatching Hotplug{displayId=4627013623894091019, connected} for Connection{0xf1c82d10, VSyncRequest::None}
05-28 16:14:22.592 W/EventThread( 263): Failed dispatching Hotplug{displayId=4627013623894091019, connected} for Connection{0xf1c82890, VSyncRequest::None}
05-28 16:14:22.592 W/EventThread( 263): Failed dispatching Hotplug{displayId=4627013623894091019, connected} for Connection{0xf1c86910, VSyncRequest::None}
05-28 16:14:22.592 W/EventThread( 263): Failed dispatching Hotplug{displayId=4627013623894091019, connected} for Connection{0xf1c84e90, VSyncRequest::None}
05-28 16:14:22.592 D/SurfaceFlinger( 263): Finished setting power mode 2 on display 4627013623894091019
05-28 16:14:22.595 D/LocalDisplayAdapter( 742): The active mode was changed from SurfaceFlinger or the display device to {id=258, width=1920, height=1080, fps=59.94006, alternativeRefreshRates=[], supportedHdrTypes=[]}
05-28 16:14:22.596 D/LocalDisplayAdapter( 742): New display modes are added and the active mode has changed, use active mode as default mode.
05-28 16:14:22.596 W/LocalDisplayAdapter( 742): DisplayModeSpecs base mode no longer available, using currently active mode.
05-28 16:14:22.597 I/DisplayDeviceRepository( 742): Display device changed: DisplayDeviceInfo{"内置屏幕": uniqueId="local:4627013623894091019", 1920 x 1080, modeId 248, renderFrameRate 59.94006, defaultModeId 248, supportedModes [{id=248, width=1920, height=1080, fps=59.94006, alternativeRefreshRates=[], supportedHdrTypes=[2]}, {id=249, width=1920, height=1080, fps=60.000004, alternativeRefreshRates=[], supportedHdrTypes=[2]}, {id=250, width=1920, height=1080, fps=50.0, alternativeRefreshRates=[], supportedHdrTypes=[2]}, {id=251, width=1920, height=1080, fps=29.97003, alternativeRefreshRates=[], supportedHdrTypes=[2]}, {id=252, width=1920, height=1080, fps=30.000002, alternativeRefreshRates=[], supportedHdrTypes=[2]}, {id=253, width=1920, height=1080, fps=23.976025, alternativeRefreshRates=[], supportedHdrTypes=[2]}, {id=254, width=1920, height=1080, fps=24.000002, alternativeRefreshRates=[], supportedHdrTypes=[2]}, {id=255, width=1280, height=720, fps=59.94006, alternativeRefreshRates=[], supportedHdrTypes=[2]}, {id=256, width=1280, height=720, fps=60.000004, alternativeRefreshRates=[], supportedHdrTypes=[2]}, {id=257, width=1280, height=720, fps=50.0, alternativeRefreshRates=[], supportedHdrTypes=[2]}], colorMode 0, supportedColorModes [0], hdrCapabilities HdrCapabilities{mSupportedHdrTypes=[2], mMaxLuminance=500.0, mMaxAverageLuminance=500.0, mMinLuminance=0.0}, allmSupported false, gameContentTypeSupported false, density 240, 42.406 x 42.203 dpi, appVsyncOff 2000000, presDeadline 13683333, touch INTERNAL, rotation 0, type INTERNAL, address {port=11, model=0x403674603f19a5}, deviceProductInfo DeviceProductInfo{name=DBPADGO1AIR, manufacturerPnpId=DBA, productId=48, modelYear=null, manufactureDate=ManufactureDate{week=10, year=2014}, connectionToSinkType=2}, state ON, committedState ON, frameRateOverride , brightnessMinimum 0.0, brightnessMaximum 1.0, brightnessDefault 0.39763778, hdrSdrRatio NaN, FLAG_ALLOWED_TO_BE_DEFAULT_DISPLAY, FLAG_ROTATES_WITH_CONTENT, FLAG_SECURE, FLAG_SUPPORTS_PROTECTED_BUFFERS, FLAG_TRUSTED, installOrientation 0, displayShape DisplayShape{ spec=729782573 displayWidth=1920 displayHeight=1080 physicalPixelDisplaySizeRatio=1.0 rotation=0 offsetX=0 offsetY=0 scale=1.0}}
05-28 16:14:22.603 W/LocalDisplayAdapter( 742): Ignoring request for invalid base mode id 248
05-28 16:14:22.605 D/DisplayManagerService( 742): Ignore redundant display event 0/2 to 10067/1190
05-28 16:14:22.606 D/DisplayManagerService( 742): Ignore redundant display event 0/2 to 10075/6844
05-28 16:14:22.606 I/DisplayDeviceRepository( 742): Display device changed: DisplayDeviceInfo{"内置屏幕": uniqueId="local:4627013623894091019", 1920 x 1080, modeId 258, renderFrameRate 59.94006, defaultModeId 258, supportedModes [{id=258, width=1920, height=1080, fps=59.94006, alternativeRefreshRates=[], supportedHdrTypes=[]}], colorMode 0, supportedColorModes [0], hdrCapabilities HdrCapabilities{mSupportedHdrTypes=[], mMaxLuminance=500.0, mMaxAverageLuminance=500.0, mMinLuminance=0.0}, allmSupported false, gameContentTypeSupported false, density 240, 42.406 x 42.203 dpi, appVsyncOff 2000000, presDeadline 13683333, touch INTERNAL, rotation 0, type INTERNAL, address {port=11, model=0x403674603f19a5}, deviceProductInfo DeviceProductInfo{name=Linux FHD, manufacturerPnpId=LNX, productId=0, modelYear=null, manufactureDate=ManufactureDate{week=5, year=2012}, connectionToSinkType=0}, state ON, committedState ON, frameRateOverride , brightnessMinimum 0.0, brightnessMaximum 1.0, brightnessDefault 0.39763778, hdrSdrRatio NaN, FLAG_ALLOWED_TO_BE_DEFAULT_DISPLAY, FLAG_ROTATES_WITH_CONTENT, FLAG_SECURE, FLAG_SUPPORTS_PROTECTED_BUFFERS, FLAG_TRUSTED, installOrientation 0, displayShape DisplayShape{ spec=729782573 displayWidth=1920 displayHeight=1080 physicalPixelDisplaySizeRatio=1.0 rotation=0 offsetX=0 offsetY=0 scale=1.0}}
05-28 16:14:22.611 I/RefreshRateSelector( 263): Display 4627013623894091019 policy changed
05-28 16:14:22.611 I/RefreshRateSelector( 263): Previous: {defaultModeId=261, allowGroupSwitching=false, primaryRanges={physical=[0.00 Hz, 340282346638528859811704183484516925440.00 Hz], render=[0.00 Hz, 340282346638528859811704183484516925440.00 Hz]}, appRequestRanges={physical=[0.00 Hz, 340282346638528859811704183484516925440.00 Hz], render=[0.00 Hz, 340282346638528859811704183484516925440.00 Hz]}}
05-28 16:14:22.611 I/RefreshRateSelector( 263): Current: DisplayManagerPolicy{defaultModeId=261, allowGroupSwitching=false, primaryRanges={physical=[0.00 Hz, inf Hz], render=[0.00 Hz, 120.00 Hz]}, appRequestRanges={physical=[0.00 Hz, inf Hz], render=[0.00 Hz, inf Hz]}}
05-28 16:14:22.611 I/RefreshRateSelector( 263): 0 mode changes were performed under the previous policy
05-28 16:14:23.412 D/AudioService( 742): setWiredDeviceConnectionState( type:400 state:DEVICE_STATE_UNAVAILABLE addr: name:) from android
05-28 16:14:23.412 I/AS.AudioDeviceInventory( 742): handleDeviceConnection(false dev:400 address: name:)
05-28 16:14:23.412 I/AS.AudioDeviceInventory( 742): deviceKey:0x400:
05-28 16:14:23.412 I/AS.AudioDeviceInventory( 742): deviceInfo:[DeviceInfo: type:0x400 (hdmi) name: addr: codec: 0 sensorUuid: null disabled modes: {}] is(already)Connected:true
05-28 16:14:23.413 I/APM_AudioPolicyManager( 594): [setDeviceConnectionState:256] curForceUse:NONE(0) disconnect_forceuse:HDMI(9)
05-28 16:14:23.414 I/audio_hw_hal_primary( 509): [adev_set_device_connected_state_v7:9037] disconnected address:, num_descriptors:0, num_profiles:3
05-28 16:14:23.414 I/audio_hw_hal_primary( 509): [set_device_connect_state:4044] state:0, dev:OUT_HDMI(0x400), pre_out:0x80002, pre_in:0x4
05-28 16:14:23.414 D/audio_hw_hal_resourcemgr( 509): [set_output_device_avail:353] device:0x400 avail_out_devices:400 routed_out_devices:0x400
05-28 16:14:23.422 W/APM::Devices( 594): DeviceVector::remove device 00000400 not in
05-28 16:14:23.422 W/IPCThreadState( 594): Sending oneway calls to frozen process.
05-28 16:14:23.423 I/AS.AudioDeviceInventory( 742): sendDeviceConnectionIntent(dev:0x400 state:0x0 address: name:);
05-28 16:14:23.425 V/MediaRouter( 742): Audio routes updated: AudioRoutesInfo{ type=SPEAKER }, a2dp=false
05-28 16:14:23.425 V/MediaRouter( 742): Selecting route: RouteInfo{ name=电视, description=null, status=null, category=RouteCategory{ name=系统 types=ROUTE_TYPE_LIVE_AUDIO ROUTE_TYPE_LIVE_VIDEO groupable=false }, supportedTypes=ROUTE_TYPE_LIVE_AUDIO ROUTE_TYPE_LIVE_VIDEO , presentationDisplay=null }
05-28 16:14:23.429 V/MediaRouter( 1176): Audio routes updated: AudioRoutesInfo{ type=SPEAKER }, a2dp=false
05-28 16:14:23.429 V/MediaRouter( 1176): Selecting route: RouteInfo{ name=电视, description=null, status=null, category=RouteCategory{ name=系统 types=ROUTE_TYPE_LIVE_AUDIO ROUTE_TYPE_LIVE_VIDEO groupable=false }, supportedTypes=ROUTE_TYPE_LIVE_AUDIO ROUTE_TYPE_LIVE_VIDEO , presentationDisplay=null }
05-28 16:14:23.434 D/xm_audio( 509): adev_get_parameters
05-28 16:14:23.436 D/xm_audio( 509): adev_get_parameters
05-28 16:14:23.442 D/xm_audio( 509): adev_get_parameters
05-28 16:14:23.444 D/xm_audio( 509): adev_get_parameters
05-28 16:14:23.449 D/xm_audio( 509): adev_get_parameters
05-28 16:14:23.450 D/xm_audio( 509): adev_get_parameters
05-28 16:14:23.456 D/xm_audio( 509): adev_get_parameters
05-28 16:14:23.458 D/xm_audio( 509): adev_get_parameters
05-28 16:14:23.464 D/xm_audio( 509): adev_get_parameters
05-28 16:14:23.466 D/xm_audio( 509): adev_get_parameters
05-28 16:14:23.471 D/xm_audio( 509): adev_get_parameters
05-28 16:14:23.472 D/xm_audio( 509): adev_get_parameters
05-28 16:14:23.483 D/xm_audio( 509): adev_get_parameters
05-28 16:14:23.485 D/xm_audio( 509): adev_get_parameters
05-28 16:14:23.490 D/xm_audio( 509): adev_get_parameters
05-28 16:14:23.492 D/xm_audio( 509): adev_get_parameters
05-28 16:14:23.498 D/xm_audio( 509): adev_get_parameters
05-28 16:14:23.500 D/xm_audio( 509): adev_get_parameters
05-28 16:14:23.507 D/xm_audio( 509): adev_get_parameters
05-28 16:14:23.509 D/xm_audio( 509): adev_get_parameters
05-28 16:14:23.514 D/xm_audio( 509): adev_get_parameters
05-28 16:14:23.516 D/xm_audio( 509): adev_get_parameters
05-28 16:14:23.522 I/vol.Events( 1176): writeEvent level_changed STREAM_VOICE_CALL 100
05-28 16:14:23.524 I/vol.Events( 1176): writeEvent level_changed STREAM_SYSTEM 100
05-28 16:14:23.526 I/vol.Events( 1176): writeEvent level_changed STREAM_RING 100
05-28 16:14:23.530 I/vol.Events( 1176): writeEvent level_changed STREAM_MUSIC 20
05-28 16:14:23.530 I/vol.Events( 1176): writeEvent level_changed STREAM_ALARM 100
05-28 16:14:23.668 E/ccc ( 1946): cccccc onPhrikeUpdate downloading 81.511696
05-28 16:14:23.683 E/mali_gralloc( 1946): Attempt to call unlock*() on an buffer locked with invalid write locks buffer (0xf4707e80)
05-28 16:14:24.484 I/WifiHAL ( 558): call wifi_get_link_stats handler
05-28 16:14:24.484 I/WifiHAL ( 558): Creating message to get link statistics; iface = 16
05-28 16:14:24.485 D/WifiHAL ( 558): error code -95 mapped to -3
05-28 16:14:24.485 E/WifiStaIfaceAidlImpl( 742): getLinkLayerStats failed with service-specific exception: android.os.ServiceSpecificException: (code 4)
05-28 16:14:24.762 I/SystemControl( 343): [/UEventObserver.cpp, HDMITxUenventThreadLoop, 451] HDMI TX switch_name:hdmitx_current_status, switch_state: 293
05-28 16:14:24.911 I/SystemControl( 343): [/UEventObserver.cpp, HDMITxUenventThreadLoop, 451] HDMI TX switch_name:hdmitx_current_status, switch_state: 294
05-28 16:14:24.912 V/WindowManager( 742): app ------------- force_land :0
05-28 16:14:24.912 I/hdmicecd( 552): [HdmiCecControl]:Hotplug event port:0, now:1, prevStatus:0 power:1
05-28 16:14:24.913 I/SystemControl( 343): [/Ubootenv.cpp, get, 345] [ubootenv] search end and not find env:connector_type
05-28 16:14:24.913 I/hdmiconnection( 552): hot plug port id 0, is connected 1
05-28 16:14:24.913 I/SystemControl( 343): [/UEventObserver.cpp, HDMITxUenventThreadLoop, 451] HDMI TX switch_name:hdmitx_hpd, switch_state: 1
05-28 16:14:24.913 I/SystemControl( 343): [/DisplayMode.cpp, onTxEvent, 3267] onTxEvent switchName:hdmitx_hpd hpdstate:1 state: 1
05-28 16:14:24.913 I/SystemControl( 343): [/SysWrite.cpp, getKernelReleaseVersion, 701] getKernelReleaseVersion: 5.15
05-28 16:14:24.913 I/SystemControl( 343): [/Ubootenv.cpp, updateValue, 68] [ubootenv] update value name [ubootenv.var.bestdolbyvision]: value [true]
05-28 16:14:24.913 I/SystemControl( 343): [/Ubootenv.cpp, get, 336] [ubootenv] get key:bestdolbyvision envValue: true
05-28 16:14:24.913 E/MesonHwc( 289): read screen size 0x0 from vinfo
05-28 16:14:24.913 I/SystemControl( 343): [/Ubootenv.cpp, get, 336] [ubootenv] get key:hdmimode envValue: none
05-28 16:14:24.913 I/SystemControl( 343): [/Ubootenv.cpp, get, 345] [ubootenv] search end and not find env:user_colorattribute
05-28 16:14:24.914 I/SystemControl( 343): [/Ubootenv.cpp, get, 345] [ubootenv] search end and not find env:hdr_force_mode
05-28 16:14:24.914 I/SystemControl( 343): [/DisplayMode.cpp, gethdrforcemode, 2742] get hdr force mode is [2]
05-28 16:14:24.914 E/MesonHwc( 289): dolby vision driver is not ready
05-28 16:14:24.914 I/SystemControl( 343): [/Ubootenv.cpp, get, 336] [ubootenv] get key:hdr_policy envValue: 0
05-28 16:14:24.914 I/SystemControl( 343): [/DisplayMode.cpp, getHdrStrategy, 2758] getHdrStrategy is [0]
05-28 16:14:24.914 I/SystemControl( 343): [/Ubootenv.cpp, get, 336] [ubootenv] get key:hdr_priority envValue: 268435472
05-28 16:14:24.914 D/MesonHwc( 289): ERR: PLEASE FIX NON-IMPLEMENT FUN(update).
05-28 16:14:24.914 I/SystemControl( 343): [/DisplayMode.cpp, getHdrPriority, 2891] getHdrPriority is [0x10000010]
05-28 16:14:24.914 I/SystemControl( 343): [/DisplayMode.cpp, getCommonData, 1534] isbestcolorspace:1, isbestpolicy:1, hdr_policy:0, hdr_priority :268435472, hdr_force_mode:2
05-28 16:14:24.914 I/SystemControl( 343): [/Ubootenv.cpp, get, 345] [ubootenv] search end and not find env:connector_type
05-28 16:14:24.914 E/MesonHwc( 289): FixedDisplayPipe::getConnectorCfg 11
05-28 16:14:24.914 E/MesonHwc( 289): getCrtc by id(0) failed.
05-28 16:14:24.914 V/MesonDisplayServer( 289): GetDisplayMode:
05-28 16:14:24.915 I/SystemControl( 343): [/DisplayMode.cpp, getDisplayMode, 2331] getDisplayMode mode:
05-28 16:14:24.915 I/SystemControl( 343): [/Ubootenv.cpp, get, 336] [ubootenv] get key:hdmimode envValue: none
05-28 16:14:24.915 I/SystemControl( 343): [/Ubootenv.cpp, get, 336] [ubootenv] get key:cvbsmode envValue: 576cvbs
05-28 16:14:24.915 I/SystemControl( 343): [/DisplayMode.cpp, getCommonData, 1542] hdmi_current_mode:, ubootenv hdmimode:none cvbsmode:576cvbs
05-28 16:14:24.915 E/MesonHwc( 289): read screen size 0x0 from vinfo
05-28 16:14:24.915 E/MesonHwc( 289): dolby vision driver is not ready
05-28 16:14:24.916 E/MesonHwc( 289): dolby vision driver is not ready
05-28 16:14:24.916 D/DisplayManagerService( 742): Ignore redundant display event 0/2 to 10067/1190
05-28 16:14:24.917 D/DisplayManagerService( 742): Ignore redundant display event 0/2 to 10075/6844
05-28 16:14:24.920 I/SystemControl( 343): [/Ubootenv.cpp, get, 345] [ubootenv] search end and not find env:connector_type
05-28 16:14:24.920 E/MesonHwc( 289): FixedDisplayPipe::getConnectorCfg 11
05-28 16:14:24.920 D/MesonHwc( 289): ERR: PLEASE FIX NON-IMPLEMENT FUN(update).
05-28 16:14:24.920 E/MesonHwc( 289): read screen size 0x0 from vinfo
05-28 16:14:24.921 E/MesonHwc( 289): dolby vision driver is not ready
05-28 16:14:24.923 E/xxxxxxxxxxxxxxx( 2316): onReceive:mIsHDMIPlugged = true
05-28 16:14:24.924 I/WiredAccessoryManager( 742): MSG_NEW_DEVICE_STATE
05-28 16:14:24.924 I/AS.AudioDeviceInventory( 742): not sending NOISY: state=1
05-28 16:14:24.925 D/HDMI ( 742): Hotplug event:[port:0, connected:true]
05-28 16:14:24.926 D/AudioService( 742): setWiredDeviceConnectionState( type:400 state:DEVICE_STATE_AVAILABLE addr: name:) from android
05-28 16:14:24.926 I/AS.AudioDeviceInventory( 742): handleDeviceConnection(true dev:400 address: name:)
05-28 16:14:24.926 I/AS.AudioDeviceInventory( 742): deviceKey:0x400:
05-28 16:14:24.926 I/AS.AudioDeviceInventory( 742): deviceInfo:null is(already)Connected:false
05-28 16:14:24.928 D/hdmicecd( 532): [HdmiCecControl]:getPhysicalAddress, physical addr: ffff, last pa: 1000, ret = 0
05-28 16:14:24.929 D/hdmicecd( 552): [HdmiCecControl]:total port:1
05-28 16:14:24.929 I/audio_hw_hal_primary( 509): [adev_set_parameters:4123] dev:0xeedc14a0, kv: set_ARC_hdmi=updated_sad
05-28 16:14:24.929 D/audio_hw_hal_hfp( 509): [audio_extn_hfp_set_parameters:739] audio_extn_hfp_set_parameters
05-28 16:14:24.930 E/MesonHwc( 289): dolby vision driver is not ready
05-28 16:14:24.933 I/audio_hw_hal_primary( 509): [adev_set_device_connected_state_v7:9037] connected address:, num_descriptors:0, num_profiles:0
05-28 16:14:24.933 I/audio_hw_hal_primary( 509): [set_device_connect_state:4044] state:1, dev:OUT_HDMI(0x400), pre_out:0x80002, pre_in:0x4
05-28 16:14:24.933 V/MesonDisplayServer( 289): GetDisplayMode:dummy_l
05-28 16:14:24.933 D/audio_hw_hal_resourcemgr( 509): [set_output_device_avail:353] device:0x400 avail_out_devices:400 routed_out_devices:0x400
05-28 16:14:24.933 D/audio_hw_hal_stream( 509): update_sink_format_after_hotplug() active stream 0xeed047f0
05-28 16:14:24.933 D/audio_hw_hal_profile( 509): get_hdmi_sink_cap_new is running...
05-28 16:14:24.933 D/audio_hw_hal_profile( 509): query hdmi format...
05-28 16:14:24.933 D/audio_hw_hal_profile( 509): get_hdmi_sink_cap_new ddp is unsupported; ddp-joc(atmos) is unsupported;
05-28 16:14:24.933 I/audio_hw_hal_profile( 509): PCM cap Max channel =2
05-28 16:14:24.933 I/audio_hw_hal_stream( 509): get_sink_capability mbox+dvb case sink_capability = 0x1
05-28 16:14:24.933 I/audio_hw_hal_stream( 509): force ddp out =0
05-28 16:14:24.933 D/audio_hw_hal_profile( 509): get_hdmi_sink_cap_new is running...
05-28 16:14:24.933 D/audio_hw_hal_profile( 509): query hdmi format...
05-28 16:14:24.933 I/SystemControl( 343): [/Ubootenv.cpp, get, 336] [ubootenv] get key:hdr_preferred_policy envValue: 0
05-28 16:14:24.933 D/audio_hw_hal_profile( 509): get_hdmi_sink_cap_new ddp is unsupported; ddp-joc(atmos) is unsupported;
05-28 16:14:24.933 I/audio_hw_hal_profile( 509): PCM cap Max channel =2
05-28 16:14:24.933 I/audio_hw_hal_stream( 509): [get_sink_dts_capability:212] mbox+dvb case sink_capability: PCM_16_BIT(0x1)
05-28 16:14:24.933 D/audio_hw_hal_profile( 509): get_hdmi_sink_cap_new is running...
05-28 16:14:24.933 D/audio_hw_hal_profile( 509): query hdmi format...
05-28 16:14:24.933 D/audio_hw_hal_profile( 509): get_hdmi_sink_cap_new ddp is unsupported; ddp-joc(atmos) is unsupported;
05-28 16:14:24.933 I/audio_hw_hal_profile( 509): PCM cap Max channel =2
05-28 16:14:24.933 I/audio_hw_hal_stream( 509): [get_sink_mpegh_capability:245] mbox+dvb case sink_capability: PCM_16_BIT(0x1)
05-28 16:14:24.933 D/audio_hw_hal_profile( 509): get_hdmi_sink_cap_new is running...
05-28 16:14:24.933 D/audio_hw_hal_profile( 509): [get_hdmi_sink_cap_new:960] query hdmi sample_rate... format: PCM_16_BIT(0x1)
05-28 16:14:24.933 I/audio_hw_hal_profile( 509): get_hdmi_sink_cap_new format =0x1 support rate =sup_sampling_rates=32000|44100|48000
05-28 16:14:24.933 I/audio_hw_hal_stream( 509): pcm_fmt support sample_rate_mask:0x7
05-28 16:14:24.933 I/audio_hw_hal_stream( 509): get_sink_dv_capability : /sys/class/amhdmitx/amhdmitx0/hdmi_hdr_status = SDR
05-28 16:14:24.933 I/audio_hw_hal_stream( 509): get_sink_dv_capability : dv enable 0
05-28 16:14:24.933 I/audio_hw_hal_stream( 509): [get_sink_format:446] out:0xeed047f0 out devices:0x80002 cur_out_devices:0x400 format:PCM_16_BIT(0x1) digital_mode(PCM) sink cap:PCM_16_BIT(0x1)
05-28 16:14:24.933 I/audio_hw_hal_stream( 509): get_sink_format() HDMI ARC or mbox + dvb case
05-28 16:14:24.933 I/audio_hw_hal_stream( 509): [get_sink_format:645] sink_format:PCM_16_BIT(0x1) max channel:2 optical_format:PCM_16_BIT(0x1) dual_output 0
05-28 16:14:24.933 I/audio_hw_hal_ms12common( 509): audiohal_send_msg_2_ms12 mesg_type:MS12_MESG_TYPE_RESET_MS12_ENCODER entry
05-28 16:14:24.933 I/audio_hw_hal_ms12common( 509): audiohal_send_msg_2_ms12 mesg_type:MS12_MESG_TYPE_RESET_MS12_ENCODER exit
05-28 16:14:24.933 D/audio_hw_hal_ms12v2( 509): set_dolby_ms12_continuous_state audio_continuous_standby_set status 0
05-28 16:14:24.933 D/audio_hw_hal_continuous_standby( 509): audio_continuous_standby_set, type 0, params 0
05-28 16:14:24.933 I/audio_hw_hal_ms12common( 509): aml_set_ms12_scheduler_state ms12_scheduler_state:0, sch_state:0 SCHEDULER_RUNNING is sent to ms12
05-28 16:14:24.933 D/audio_hw_hal_ms12common( 509): ms12_message_threadloop(), msg type: MS12_MESG_TYPE_RESET_MS12_ENCODER
