05-28 16:14:24.933 I/audio_hw_hal_ms12v2( 509): +dolby_ms12_encoder_reconfig()
05-28 16:14:24.934 D/libdolbyms12( 509): mch_enable 0
05-28 16:14:24.934 D/audio_hw_hal_continuous_standby( 509): audio_continuous_standby_set, type 1, params 8
05-28 16:14:24.934 D/audio_hw_hal_ms12common( 509): ms12_message_threadloop mesg_list is empty, loop waiting......
05-28 16:14:24.935 D/libdolbyms12( 509): set runtime mch_enable 0
05-28 16:14:24.935 D/libdolbyms12( 509): Aml_MS12_PcmrDynamicParamsSet mch_dynamic_enable change 0
05-28 16:14:24.935 W/DeviceHAL( 509): Error from HAL Device in function get_audio_port_v7: Function not implemented
05-28 16:14:24.936 I/SystemControl( 343): [/Ubootenv.cpp, get, 336] [ubootenv] get key:user_hdr_type envValue: 3
05-28 16:14:24.936 I/AudioFlinger( 594): openOutput() this 0xf2b07600, module 10 Device AUDIO_DEVICE_OUT_HDMI, @:, SamplingRate 44100, Format 0xe000000, Channels 0x1, flags 0x11
05-28 16:14:24.936 E/ccc ( 1946): cccccc hdmi plug reset
05-28 16:14:24.936 D/audio_hw_hal_primary( 509): [adev_open_output_stream_new:7868] enter: dev=0xeedc14a0 handle=785 devices=0x400/'HDMI,' flags=0x11/'DIRECT,COMPRESS_OFFLOAD,' config=(rt=44100 ch_mask=0x1 fmt=0xe000000) address=''
05-28 16:14:24.936 D/audio_hw_hal_primary( 509): adev_open_output_stream_new: enter
05-28 16:14:24.936 I/audio_hw_hal_primary( 509): [adev_open_output_stream:3285] io 1925: out:0xeed015a0 dev:OUT_HDMI(0x400) addr:
05-28 16:14:24.936 I/audio_hw_hal_primary( 509): [adev_open_output_stream:3287] ch_mask:0x1 rate:44100 format:DOLBY_TRUEHD(0xe000000) flags:0x11
05-28 16:14:24.936 I/audio_hw_hal_primary( 509): adev_open_output_stream: for raw audio output,force alsa stereo output
05-28 16:14:24.936 I/audio_hw_hal_primary( 509): [adev_open_output_stream:3610] result profile ch_mask:0x1 rate:44100 format:DOLBY_TRUEHD(0xe000000) usecase:RAW_DIRECT
05-28 16:14:24.936 I/audio_hw_hal_utils( 509): aml_get_stream_dump_file_name line 2929 file_name /data/vendor/audiohal/stream_pid509_tid9864.mlp
05-28 16:14:24.936 I/audio_hw_hal_primary( 509): [adev_open_output_stream_new:8037] io 1925: out: 0xeed015a0 card:0 alsa devices:0 exit ------
05-28 16:14:24.937 D/MesonDisplayServer( 289): use connector getDisplayAttribute "HDMI Color ATTR": "422,12bit"
05-28 16:14:24.937 I/SystemControl( 343): [/Ubootenv.cpp, get, 345] [ubootenv] search end and not find env:user_colorattribute
05-28 16:14:24.937 I/SystemControl( 343): [/DisplayMode.cpp, getCommonData, 1554] hdmi_current_attr:422,12bit, ubootenv_colorattribute:none
05-28 16:14:24.937 I/SystemControl( 343): [/Ubootenv.cpp, get, 345] [ubootenv] search end and not find env:dv_enable
05-28 16:14:24.937 I/SystemControl( 343): [/DisplayMode.cpp, getCommonData, 1567] dv_enable:0
05-28 16:14:24.937 I/SystemControl( 343): [/Ubootenv.cpp, get, 345] [ubootenv] search end and not find env:user_prefer_dv_type
05-28 16:14:24.937 I/SystemControl( 343): [/DisplayMode.cpp, getCommonData, 1578] ubootenv_dv_type:0
05-28 16:14:24.937 I/SystemControl( 343): [/DisplayMode.cpp, getHdmiData, 1721] display sink type:2 [0:none, 1:sink, 2:repeater]
05-28 16:14:24.938 I/SystemControl( 343): [/DisplayMode.cpp, filterHdmiDispcap, 1398] before filtered HdmiDispcap: 1080p60hz
05-28 16:14:24.938 I/SystemControl( 343): 720p60hz*
05-28 16:14:24.938 I/SystemControl( 343): 480p60hz
05-28 16:14:24.938 I/SystemControl( 343):
05-28 16:14:24.938 I/SystemControl( 343): [/DisplayMode.cpp, filterHdmiDispcap, 1427] after filtered HdmiDispcap: 1080p60hz
05-28 16:14:24.938 I/SystemControl( 343): 720p60hz*
05-28 16:14:24.938 I/SystemControl( 343): 480p60hz
05-28 16:14:24.938 I/SystemControl( 343):
05-28 16:14:24.938 I/audio_hw_hal_primary( 509): [out_get_buffer_size:552] out:0xeed015a0 config.rate=44100, format:DOLBY_TRUEHD(0xe000000), stream format:DOLBY_TRUEHD(0xe000000)
05-28 16:14:24.938 I/AudioFlinger( 594): HAL output buffer size 16384 frames, normal sink buffer size 16384 frames
05-28 16:14:24.938 I/audio_hw_hal_primary( 509): [audiohal_get_latency:1333] io 1925: out:0xeed015a0 frames:1152 rate:44100 whole_latency:26 alsa_latency:26
05-28 16:14:24.938 I/audio_hw_hal_primary( 509): [out_set_event_callback:3158] io 1925: out:0xeed015a0, callback:0xf0dfc91d cookie:0xf14c2110
05-28 16:14:24.939 I/audio_hw_hal_primary( 509): [audiohal_get_latency:1333] io 1925: out:0xeed015a0 frames:1152 rate:44100 whole_latency:26 alsa_latency:26
05-28 16:14:24.939 I/AudioFlinger( 594): AudioFlinger's thread 0xecf285b0 tid=19720 ready to run
05-28 16:14:24.939 I/audio_hw_hal_primary( 509): [audiohal_get_latency:1333] io 1925: out:0xeed015a0 frames:1152 rate:44100 whole_latency:26 alsa_latency:26
05-28 16:14:24.939 W/IPCThreadState( 594): Sending oneway calls to frozen process.
05-28 16:14:24.940 D/MesonDisplayServer( 289): getDisplayAttribute "Dolby Vision CAP2": "The Rx don't support DolbyVision"
05-28 16:14:24.940 D/MesonDisplayServer( 289): getDisplayAttribute "Dolby Vision CAP2": "The Rx don't support DolbyVision"
05-28 16:14:24.941 I/SystemControl( 343): [/Ubootenv.cpp, updateValue, 68] [ubootenv] update value name [ubootenv.var.hdr_policy]: value [0]
05-28 16:14:24.941 I/SystemControl( 343): [/Ubootenv.cpp, get, 336] [ubootenv] get key:hdr_policy envValue: 0
05-28 16:14:24.941 D/AudioFlinger( 594): ro.audio.silent is ignored since no output device is set
05-28 16:14:24.942 D/AudioFlinger( 594): ro.audio.silent is ignored since no output device is set
05-28 16:14:24.947 I/SystemControl( 343): [/Ubootenv.cpp, updateValue, 68] [ubootenv] update value name [ubootenv.var.hdr_priority]: value [268435472]
05-28 16:14:24.947 I/SystemControl( 343): [/Ubootenv.cpp, get, 336] [ubootenv] get key:hdr_priority envValue: 268435472
05-28 16:14:24.947 I/SystemControl( 343): [/Ubootenv.cpp, get, 345] [ubootenv] search end and not find env:user_colorattribute
05-28 16:14:24.948 E/SystemControl( 343): [/DisplayMode.cpp, getHdmiDvCap, 1618] TV isn't support dolby vision: The Rx don't support DolbyVision
05-28 16:14:24.948 I/SystemControl( 343): [/DisplayMode.cpp, onTxEvent, 3294] onTxEvent boot config enable do nothing, just return
05-28 16:14:24.948 I/SystemControl( 343): [/UEventObserver.cpp, HDMITxUenventThreadLoop, 451] HDMI TX switch_name:hdmitx_audio, switch_state: 1
05-28 16:14:24.948 I/SystemControl( 343): [/DisplayMode.cpp, onTxEvent, 3267] onTxEvent switchName:hdmitx_audio hpdstate:1 state: 1
05-28 16:14:24.948 I/SystemControl( 343): [/SysWrite.cpp, getKernelReleaseVersion, 701] getKernelReleaseVersion: 5.15
05-28 16:14:24.948 I/SystemControl( 343): [/SystemControlHal.cpp, onEvent, 72] onEvent event:5, client size:5
05-28 16:14:24.948 I/SystemControlClient( 528): notifyCallback event type:5
05-28 16:14:24.948 I/SystemControlClient( 528): notifyCallback: listener is NULL.
05-28 16:14:24.948 I/SystemControlEvent( 1379): system control callback event: 5
05-28 16:14:24.949 I/SystemControlClient( 527): notifyCallback event type:5
05-28 16:14:24.949 I/SystemControlClient( 527): notifyCallback: listener is NULL.
05-28 16:14:24.949 I/SystemControlClient( 244): notifyCallback event type:5
05-28 16:14:24.949 I/SystemControlClient( 244): notifyCallback: listener is NULL.
05-28 16:14:24.949 I/SystemControlClient( 529): notifyCallback event type:5
05-28 16:14:24.949 I/SystemControlClient( 529): notifyCallback: listener is NULL.
05-28 16:14:24.950 V/MesonDisplayServer( 289): GetDisplayMode:dummy_l
05-28 16:14:24.950 I/SystemControl( 343): [/Ubootenv.cpp, get, 336] [ubootenv] get key:hdmimode envValue: none
05-28 16:14:24.951 I/SystemControl( 343): [/Ubootenv.cpp, get, 336] [ubootenv] get key:cvbsmode envValue: 576cvbs
05-28 16:14:24.951 I/SystemControl( 343): [/Ubootenv.cpp, get, 345] [ubootenv] search end and not find env:user_colorattribute
05-28 16:14:24.951 I/SystemControl( 343): [/Ubootenv.cpp, get, 345] [ubootenv] search end and not find env:dv_enable
05-28 16:14:24.953 E/MesonHwc( 289): dolby vision driver is not ready
05-28 16:14:24.953 I/AudioFlinger( 594): openOutput() this 0xf2b07600, module 10 Device AUDIO_DEVICE_OUT_HDMI, @:, SamplingRate 32000, Format 0x000001, Channels 0x1, flags 0x41
05-28 16:14:24.954 D/audio_hw_hal_primary( 509): [adev_open_output_stream_new:7868] enter: dev=0xeedc14a0 handle=78d devices=0x400/'HDMI,' flags=0x41/'DIRECT,HW_AV_SYNC,' config=(rt=32000 ch_mask=0x1 fmt=0x1) address=''
05-28 16:14:24.954 D/audio_hw_hal_primary( 509): adev_open_output_stream_new: enter
05-28 16:14:24.954 I/audio_hw_hal_primary( 509): [adev_open_output_stream:3285] io 1933: out:0xeed064b0 dev:OUT_HDMI(0x400) addr:
05-28 16:14:24.954 I/audio_hw_hal_primary( 509): [adev_open_output_stream:3287] ch_mask:0x1 rate:32000 format:PCM_16_BIT(0x1) flags:0x41
05-28 16:14:24.954 D/audio_hw_hal_primary( 509): [adev_open_output_stream:3573] format=PCM_16_BIT rate=32000
05-28 16:14:24.954 I/audio_hw_hal_primary( 509): init resampler from 32000 to 48000!
05-28 16:14:24.954 D/audio_hw_utils_resampler( 509): resampler_init, Init Resampler: input_sr = 32000, output_sr = 48000
05-28 16:14:24.954 I/audio_hw_hal_primary( 509): [adev_open_output_stream:3610] result profile ch_mask:0x1 rate:32000 format:PCM_16_BIT(0x1) usecase:PCM_HWSYNC
05-28 16:14:24.954 D/audio_hw_hal_timer( 509): func:audio_timer_create create timer.1 success.
05-28 16:14:24.954 D/audio_hw_hal_timer( 509): func:audio_timer_create create timer.2 success.
05-28 16:14:24.954 D/audio_hw_hal_primary( 509): [adev_open_output_stream_new:7980] timer_id:1
05-28 16:14:24.954 I/audio_hw_hal_utils( 509): aml_get_stream_dump_file_name line 2929 file_name /data/vendor/audiohal/stream_pid509_tid9864.pcm
05-28 16:14:24.954 I/audio_hw_hal_primary( 509): [adev_open_output_stream_new:8037] io 1933: out: 0xeed064b0 card:0 alsa devices:0 exit ------
05-28 16:14:24.955 I/SystemControl( 343): [/Ubootenv.cpp, get, 345] [ubootenv] search end and not find env:user_prefer_dv_type
05-28 16:14:24.956 I/audio_hw_hal_primary( 509): [out_get_buffer_size:552] out:0xeed064b0 config.rate=32000, format:PCM_16_BIT(0x1), stream format:PCM_16_BIT(0x1)
05-28 16:14:24.956 I/AudioFlinger( 594): HAL output buffer size 2068 frames, normal sink buffer size 2068 frames
05-28 16:14:24.956 E/MesonHwc( 289): dolby vision driver is not ready
05-28 16:14:24.956 I/audio_hw_hal_primary( 509): [audiohal_get_latency:1333] io 1933: out:0xeed064b0 frames:1024 rate:32000 whole_latency:32 alsa_latency:32
05-28 16:14:24.956 D/MesonDisplayServer( 289): getDisplayAttribute "Dolby Vision CAP2": "The Rx don't support DolbyVision"
05-28 16:14:24.956 E/MesonHwc( 289): TV isn't support dv: The Rx don't support DolbyVision
05-28 16:14:24.956 I/audio_hw_hal_primary( 509): [out_set_event_callback:3158] io 1933: out:0xeed064b0, callback:0xf0dfc91d cookie:0xf14c27d0
05-28 16:14:24.956 I/SystemControl( 343): [/Ubootenv.cpp, get, 345] [ubootenv] search end and not find env:hdr_force_mode
05-28 16:14:24.957 I/audio_hw_hal_primary( 509): [audiohal_get_latency:1333] io 1933: out:0xeed064b0 frames:1280 rate:32000 whole_latency:40 alsa_latency:40
05-28 16:14:24.958 I/AudioFlinger( 594): AudioFlinger's thread 0xecf142e0 tid=19723 ready to run
05-28 16:14:24.958 I/audio_hw_hal_primary( 509): [audiohal_get_latency:1333] io 1933: out:0xeed064b0 frames:1280 rate:32000 whole_latency:40 alsa_latency:40
05-28 16:14:24.958 W/IPCThreadState( 594): Sending oneway calls to frozen process.
05-28 16:14:24.960 D/AudioFlinger( 594): ro.audio.silent is ignored since no output device is set
05-28 16:14:24.960 D/audio_hw_hal_primary( 509): [out_standby_new:5767] io 1933: out:0xeed064b0 usecase:PCM_HWSYNC
05-28 16:14:24.960 I/audio_hw_hal_primary( 509): already standby, do nothing
05-28 16:14:24.961 I/SystemControl( 343): [/Ubootenv.cpp, get, 336] [ubootenv] get key:hdr_policy envValue: 0
05-28 16:14:24.962 D/AudioFlinger( 594): ro.audio.silent is ignored since no output device is set
05-28 16:14:24.963 D/AudioFlinger( 594): ro.audio.silent is ignored since no output device is set
05-28 16:14:24.965 D/AudioFlinger( 594): ro.audio.silent is ignored since no output device is set
05-28 16:14:24.968 D/AudioFlinger( 594): ro.audio.silent is ignored since no output device is set
05-28 16:14:24.969 D/AudioFlinger( 594): ro.audio.silent is ignored since no output device is set
05-28 16:14:24.970 D/AudioFlinger( 594): ro.audio.silent is ignored since no output device is set
05-28 16:14:24.970 D/AudioFlinger( 594): ro.audio.silent is ignored since no output device is set
05-28 16:14:24.971 I/SystemControl( 343): [/Ubootenv.cpp, get, 336] [ubootenv] get key:hdr_priority envValue: 268435472
05-28 16:14:24.971 E/MesonHwc( 289): dolby vision driver is not ready
05-28 16:14:24.971 D/AudioFlinger( 594): ro.audio.silent is ignored since no output device is set
05-28 16:14:24.971 D/MesonDisplayServer( 289): getDisplayAttribute "Dolby Vision CAP2": "The Rx don't support DolbyVision"
05-28 16:14:24.971 D/AudioFlinger( 594): ro.audio.silent is ignored since no output device is set
05-28 16:14:24.972 I/SystemControl( 343): [/Ubootenv.cpp, get, 345] [ubootenv] search end and not find env:hdr_resolution_priority
05-28 16:14:24.972 D/AudioFlinger( 594): ro.audio.silent is ignored since no output device is set
05-28 16:14:24.972 I/SystemControl( 343): [/Ubootenv.cpp, get, 345] [ubootenv] search end and not find env:user_prefer_dv_type
05-28 16:14:24.973 D/AudioFlinger( 594): ro.audio.silent is ignored since no output device is set
05-28 16:14:24.973 E/MesonHwc( 289): dolby vision driver is not ready
05-28 16:14:24.973 V/MesonDisplayServer( 289): GetDisplayMode:dummy_l
05-28 16:14:24.973 I/AudioFlinger( 594): openOutput() this 0xf2b07600, module 10 Device AUDIO_DEVICE_OUT_HDMI, @:, SamplingRate 32000, Format 0x9000000, Channels 0x1, flags 0x1
05-28 16:14:24.974 I/SystemControl( 343): [/Ubootenv.cpp, get, 345] [ubootenv] search end and not find env:framerate_priority
05-28 16:14:24.974 D/audio_hw_hal_primary( 509): [adev_open_output_stream_new:7868] enter: dev=0xeedc14a0 handle=795 devices=0x400/'HDMI,' flags=0x1/'DIRECT,' config=(rt=32000 ch_mask=0x1 fmt=0x9000000) address=''
05-28 16:14:24.974 D/audio_hw_hal_primary( 509): adev_open_output_stream_new: enter
05-28 16:14:24.974 I/audio_hw_hal_primary( 509): [adev_open_output_stream:3285] io 1941: out:0xeed040c0 dev:OUT_HDMI(0x400) addr:
05-28 16:14:24.974 I/audio_hw_hal_primary( 509): [adev_open_output_stream:3287] ch_mask:0x1 rate:32000 format:AC3(0x9000000) flags:0x1
05-28 16:14:24.974 I/audio_hw_hal_primary( 509): adev_open_output_stream: for raw audio output,force alsa stereo output
05-28 16:14:24.974 I/audio_hw_hal_primary( 509): [adev_open_output_stream:3610] result profile ch_mask:0x1 rate:32000 format:AC3(0x9000000) usecase:RAW_DIRECT
05-28 16:14:24.974 I/audio_hw_hal_utils( 509): aml_get_stream_dump_file_name line 2929 file_name /data/vendor/audiohal/stream_pid509_tid9864.dd
05-28 16:14:24.974 I/audio_hw_hal_primary( 509): [adev_open_output_stream_new:8037] io 1941: out: 0xeed040c0 card:0 alsa devices:0 exit ------
05-28 16:14:24.975 E/MesonHwc( 289): EDID parsing error detected
05-28 16:14:24.975 V/MesonDisplayServer( 289): GetDisplayMode:dummy_l
05-28 16:14:24.975 I/audio_hw_hal_primary( 509): [out_get_buffer_size:552] out:0xeed040c0 config.rate=32000, format:AC3(0x9000000), stream format:AC3(0x9000000)
05-28 16:14:24.975 I/AudioFlinger( 594): HAL output buffer size 2048 frames, normal sink buffer size 2048 frames
05-28 16:14:24.975 D/MesonDisplayServer( 289): SetDisplay[HDMI Color ATTR] attr to "rgb,8bit"
05-28 16:14:24.976 I/audio_hw_hal_primary( 509): [audiohal_get_latency:1333] io 1941: out:0xeed040c0 frames:1152 rate:32000 whole_latency:36 alsa_latency:36
05-28 16:14:24.975 D/MesonDisplayServer( 289): SetDisplay[HDMI] Mode to "720p60hz"
05-28 16:14:24.977 I/audio_hw_hal_primary( 509): [out_set_event_callback:3158] io 1941: out:0xeed040c0, callback:0xf0dfc91d cookie:0xf14c23b0
05-28 16:14:24.977 I/audio_hw_hal_primary( 509): [audiohal_get_latency:1333] io 1941: out:0xeed040c0 frames:1024 rate:32000 whole_latency:32 alsa_latency:32
05-28 16:14:24.977 I/audio_hw_hal_primary( 509): [audiohal_get_latency:1333] io 1941: out:0xeed040c0 frames:1024 rate:32000 whole_latency:32 alsa_latency:32
05-28 16:14:24.978 W/IPCThreadState( 594): Sending oneway calls to frozen process.
05-28 16:14:24.981 E/MesonHwc( 289): waitVBlank failed crtc[63]ret[-1]
05-28 16:14:24.981 E/MesonHwc( 289): wait for hw vsync error:-1
05-28 16:14:24.981 W/HWComposer( 263): Ignoring duplicate VSYNC event from HWC for display 4627013623894091019 (t=7335446488000)
05-28 16:14:24.990 I/AudioFlinger( 594): AudioFlinger's thread 0xecf20490 tid=19725 ready to run
05-28 16:14:24.990 D/AudioFlinger( 594): ro.audio.silent is ignored since no output device is set
05-28 16:14:24.992 D/audio_hw_hal_primary( 509): [out_standby_new:5767] io 1941: out:0xeed040c0 usecase:RAW_DIRECT
05-28 16:14:24.992 I/audio_hw_hal_primary( 509): already standby, do nothing
05-28 16:14:24.992 D/AudioFlinger( 594): ro.audio.silent is ignored since no output device is set
05-28 16:14:25.001 I/AudioFlinger( 594): openOutput() this 0xf2b07600, module 10 Device AUDIO_DEVICE_OUT_HDMI, @:, SamplingRate 32000, Format 0x9000000, Channels 0x1, flags 0x51
05-28 16:14:25.001 D/audio_hw_hal_primary( 509): [adev_open_output_stream_new:7868] enter: dev=0xeedc14a0 handle=79d devices=0x400/'HDMI,' flags=0x51/'DIRECT,COMPRESS_OFFLOAD,HW_AV_SYNC,' config=(rt=32000 ch_mask=0x1 fmt=0x9000000) address=''
05-28 16:14:25.001 D/audio_hw_hal_primary( 509): adev_open_output_stream_new: enter
05-28 16:14:25.001 I/audio_hw_hal_primary( 509): [adev_open_output_stream:3285] io 1949: out:0xeed09700 dev:OUT_HDMI(0x400) addr:
05-28 16:14:25.001 I/audio_hw_hal_primary( 509): [adev_open_output_stream:3287] ch_mask:0x1 rate:32000 format:AC3(0x9000000) flags:0x51
05-28 16:14:25.001 I/audio_hw_hal_primary( 509): adev_open_output_stream: for raw audio output,force alsa stereo output
05-28 16:14:25.001 D/audio_hw_hal_primary( 509): [adev_open_output_stream:3573] format=AC3 rate=32000
05-28 16:14:25.001 I/audio_hw_hal_primary( 509): [adev_open_output_stream:3610] result profile ch_mask:0x1 rate:32000 format:AC3(0x9000000) usecase:RAW_HWSYNC
05-28 16:14:25.001 I/audio_hw_hal_utils( 509): aml_get_stream_dump_file_name line 2929 file_name /data/vendor/audiohal/stream_pid509_tid19724.dd
05-28 16:14:25.001 I/audio_hw_hal_primary( 509): [adev_open_output_stream_new:8037] io 1949: out: 0xeed09700 card:0 alsa devices:0 exit ------
05-28 16:14:25.003 I/audio_hw_hal_primary( 509): [out_get_buffer_size:552] out:0xeed09700 config.rate=32000, format:AC3(0x9000000), stream format:AC3(0x9000000)
05-28 16:14:25.003 I/AudioFlinger( 594): HAL output buffer size 2048 frames, normal sink buffer size 2048 frames
05-28 16:14:25.003 I/audio_hw_hal_primary( 509): [audiohal_get_latency:1333] io 1949: out:0xeed09700 frames:1152 rate:32000 whole_latency:36 alsa_latency:36
05-28 16:14:25.003 I/audio_hw_hal_primary( 509): [out_set_event_callback:3158] io 1949: out:0xeed09700, callback:0xf0dfc91d cookie:0xf14c0130
05-28 16:14:25.004 I/audio_hw_hal_primary( 509): [audiohal_get_latency:1333] io 1949: out:0xeed09700 frames:1280 rate:32000 whole_latency:40 alsa_latency:40
05-28 16:14:25.005 I/AudioFlinger( 594): AudioFlinger's thread 0xecf18370 tid=19726 ready to run
05-28 16:14:25.005 I/audio_hw_hal_primary( 509): [audiohal_get_latency:1333] io 1949: out:0xeed09700 frames:1280 rate:32000 whole_latency:40 alsa_latency:40
05-28 16:14:25.005 W/IPCThreadState( 594): Sending oneway calls to frozen process.
05-28 16:14:25.005 D/AudioFlinger( 594): ro.audio.silent is ignored since no output device is set
05-28 16:14:25.006 D/AudioFlinger( 594): ro.audio.silent is ignored since no output device is set
05-28 16:14:25.013 I/AudioFlinger( 594): openOutput() this 0xf2b07600, module 10 Device AUDIO_DEVICE_OUT_HDMI, @:, SamplingRate 0, Format 00000000, Channels 0, flags 0x4001
05-28 16:14:25.014 D/audio_hw_hal_primary( 509): [adev_open_output_stream_new:7868] enter: dev=0xeedc14a0 handle=7a5 devices=0x400/'HDMI,' flags=0x4001/'DIRECT,MMAP_NOIRQ,' config=(rt=0 ch_mask=0x0 fmt=0x0) address=''
05-28 16:14:25.014 D/audio_hw_hal_primary( 509): adev_open_output_stream_new: enter
05-28 16:14:25.014 I/audio_hw_hal_primary( 509): [adev_open_output_stream:3285] io 1957: out:0xeed01cd0 dev:OUT_HDMI(0x400) addr:
05-28 16:14:25.014 I/audio_hw_hal_primary( 509): [adev_open_output_stream:3287] ch_mask:0 rate:0 format:DEFAULT(0) flags:0x4001
05-28 16:14:25.014 I/audio_hw_hal_primary( 509): when open aaudio stream, send RUNNING msg to submix & ms12
05-28 16:14:25.014 W/audio_hw_hal_ms12common( 509): aml_set_ms12_scheduler_state sch_state:0 SCHEDULER_RUNNING, ms12 scheduler state not changed.
05-28 16:14:25.014 I/audio_hw_hal_mmap( 509): [outMmapInit:680] stream:0xeed01cd0
05-28 16:14:25.014 I/audio_hw_hal_mmap( 509): [dma_buffer_allocate:639] enter
05-28 16:14:25.014 I/DMABUFHEAPS( 509): Using DMA-BUF heap named: system-uncached
05-28 16:14:25.014 I/audio_hw_hal_mmap( 509): [dma_buffer_allocate:673] s32DmaFd:26, pu8MmapAddr:0xf21be000
05-28 16:14:25.014 I/audio_hw_hal_mmap( 509): [mmap_audio_register_client:927] OK ! stream 0xeed01cd0, client id 0
05-28 16:14:25.014 I/audio_hw_hal_primary( 509): [adev_open_output_stream:3540] vendor.media.llp 0
05-28 16:14:25.014 I/audio_hw_hal_primary( 509): [adev_open_output_stream:3610] result profile ch_mask:0x3 rate:48000 format:PCM_16_BIT(0x1) usecase:PCM_MMAP
05-28 16:14:25.014 I/audio_hw_hal_utils( 509): aml_get_stream_dump_file_name line 2929 file_name /data/vendor/audiohal/stream_pid509_tid9864.pcm
05-28 16:14:25.014 I/audio_hw_hal_primary( 509): [adev_open_output_stream_new:8037] io 1957: out: 0xeed01cd0 card:0 alsa devices:0 exit ------
05-28 16:14:25.016 I/audio_hw_hal_primary( 509): [out_get_buffer_size:552] out:0xeed01cd0 config.rate=48000, format:PCM_16_BIT(0x1), stream format:PCM_16_BIT(0x1)
05-28 16:14:25.016 I/AudioFlinger( 594): AudioFlinger's thread 0xecd40010 tid=19727 ready to run
05-28 16:14:25.017 W/IPCThreadState( 594): Sending oneway calls to frozen process.
05-28 16:14:25.017 I/audio_hw_hal_profile( 509): [out_get_parameters:2092] out:0xeed01cd0 query channels. Format:PCM_16_BIT(0x1) ++++++++++ hal_format:PCM_16_BIT
05-28 16:14:25.017 D/audio_hw_hal_profile( 509): get_hdmi_sink_cap_new is running...
05-28 16:14:25.017 D/audio_hw_hal_profile( 509): [get_hdmi_sink_cap_new:887] query hdmi channels... format: PCM_16_BIT(0x1)
05-28 16:14:25.017 I/audio_hw_hal_profile( 509): [out_get_parameters:2165] sup_channels=AUDIO_CHANNEL_OUT_STEREO
05-28 16:14:25.018 D/AudioFlinger( 594): closing mmapThread 0xecd40010
05-28 16:14:25.019 W/IPCThreadState( 594): Sending oneway calls to frozen process.
05-28 16:14:25.019 D/AudioFlinger( 594): mmapThread exit()
05-28 16:14:25.019 I/audio_hw_hal_primary( 509): [adev_close_output_stream_new:8052] io handle 1957: out:0xeed01cd0
05-28 16:14:25.019 D/audio_hw_hal_primary( 509): adev_close_output_stream_new: enter usecase = PCM_MMAP
05-28 16:14:25.019 I/audio_hw_hal_primary( 509): [adev_close_output_stream:3695] io 1957: out:0xeed01cd0 dev:OUT_HDMI(0x400) flags:0x4001, usecase:PCM_MMAP
05-28 16:14:25.019 D/audio_hw_hal_primary( 509): [out_standby_new:5767] io 1957: out:0xeed01cd0 usecase:PCM_MMAP
05-28 16:14:25.019 I/audio_hw_hal_primary( 509): already standby, do nothing
05-28 16:14:25.019 I/audio_hw_hal_mmap( 509): [outMmapDeInit:743] stream:0xeed01cd0
05-28 16:14:25.019 I/audio_hw_hal_mmap( 509): [mmap_audio_unregister_client:955] OK ! stream 0xeed01cd0, client id 0
05-28 16:14:25.019 I/audio_hw_hal_primary( 509): when close aaudio stream, send STANDBY msg to submix & ms12
05-28 16:14:25.019 I/audio_hw_hal_ms12common( 509): aml_set_ms12_scheduler_state ms12_scheduler_state:1, sch_state:1 SCHEDULER_STANDBY is sent to ms12
05-28 16:14:25.019 I/audio_hw_hal_resourcemgr( 509): [is_output_device_muted:710] device:0x2 port_mute:0, fade_mute:0
05-28 16:14:25.019 I/audio_hw_hal_primary( 509): [adev_close_output_stream:3863] io 1957: out:0xeed01cd0 exit ------
05-28 16:14:25.020 I/AudioFlinger( 594): openOutput() this 0xf2b07600, module 10 Device AUDIO_DEVICE_OUT_HDMI, @:, SamplingRate 48000, Format 0x000001, Channels 0x3, flags 0x4001
05-28 16:14:25.020 D/audio_hw_hal_primary( 509): [adev_open_output_stream_new:7868] enter: dev=0xeedc14a0 handle=7ad devices=0x400/'HDMI,' flags=0x4001/'DIRECT,MMAP_NOIRQ,' config=(rt=48000 ch_mask=0x3 fmt=0x1) address=''
05-28 16:14:25.020 D/audio_hw_hal_primary( 509): adev_open_output_stream_new: enter
05-28 16:14:25.020 I/audio_hw_hal_primary( 509): [adev_open_output_stream:3285] io 1965: out:0xeed01cd0 dev:OUT_HDMI(0x400) addr:
05-28 16:14:25.020 I/audio_hw_hal_primary( 509): [adev_open_output_stream:3287] ch_mask:0x3 rate:48000 format:PCM_16_BIT(0x1) flags:0x4001
05-28 16:14:25.020 I/audio_hw_hal_primary( 509): when open aaudio stream, send RUNNING msg to submix & ms12
05-28 16:14:25.020 D/audio_hw_hal_ms12v2( 509): set_dolby_ms12_continuous_state audio_continuous_standby_set status 0
05-28 16:14:25.020 D/audio_hw_hal_continuous_standby( 509): audio_continuous_standby_set, type 0, params 0
05-28 16:14:25.020 I/audio_hw_hal_ms12common( 509): aml_set_ms12_scheduler_state ms12_scheduler_state:0, sch_state:0 SCHEDULER_RUNNING is sent to ms12
05-28 16:14:25.020 I/audio_hw_hal_mmap( 509): [outMmapInit:680] stream:0xeed01cd0
05-28 16:14:25.020 I/audio_hw_hal_mmap( 509): [dma_buffer_allocate:639] enter
05-28 16:14:25.020 I/DMABUFHEAPS( 509): Using DMA-BUF heap named: system-uncached
05-28 16:14:25.020 I/audio_hw_hal_mmap( 509): [dma_buffer_allocate:673] s32DmaFd:26, pu8MmapAddr:0xf21be000
05-28 16:14:25.020 I/audio_hw_hal_mmap( 509): [mmap_audio_register_client:927] OK ! stream 0xeed01cd0, client id 0
05-28 16:14:25.020 I/audio_hw_hal_primary( 509): [adev_open_output_stream:3540] vendor.media.llp 0
05-28 16:14:25.020 I/audio_hw_hal_primary( 509): [adev_open_output_stream:3610] result profile ch_mask:0x3 rate:48000 format:PCM_16_BIT(0x1) usecase:PCM_MMAP
05-28 16:14:25.020 I/audio_hw_hal_utils( 509): aml_get_stream_dump_file_name line 2929 file_name /data/vendor/audiohal/stream_pid509_tid9864.pcm
05-28 16:14:25.020 I/audio_hw_hal_primary( 509): [adev_open_output_stream_new:8037] io 1965: out: 0xeed01cd0 card:0 alsa devices:0 exit ------
05-28 16:14:25.022 I/audio_hw_hal_primary( 509): [out_get_buffer_size:552] out:0xeed01cd0 config.rate=48000, format:PCM_16_BIT(0x1), stream format:PCM_16_BIT(0x1)
05-28 16:14:25.023 I/AudioFlinger( 594): AudioFlinger's thread 0xecd40010 tid=19729 ready to run
05-28 16:14:25.023 W/IPCThreadState( 594): Sending oneway calls to frozen process.
05-28 16:14:25.026 I/audio_hw_hal_primary( 509): [out_set_volume:1406] out:0xeed01cd0 left:1.000000 continuous:1 internal_format:PCM_16_BIT dolby:0 direct pcm:1 mmap_pcm:1
05-28 16:14:25.030 I/AudioFlinger( 594): openOutput() this 0xf2b07600, module 10 Device AUDIO_DEVICE_OUT_HDMI, @:, SamplingRate 0, Format 00000000, Channels 0, flags 0x41
05-28 16:14:25.030 D/audio_hw_hal_primary( 509): [adev_open_output_stream_new:7868] enter: dev=0xeedc14a0 handle=7b5 devices=0x400/'HDMI,' flags=0x41/'DIRECT,HW_AV_SYNC,' config=(rt=0 ch_mask=0x0 fmt=0x0) address=''
05-28 16:14:25.030 D/audio_hw_hal_primary( 509): adev_open_output_stream_new: enter
05-28 16:14:25.030 I/audio_hw_hal_primary( 509): [adev_open_output_stream:3285] io 1973: out:0xeed0baf0 dev:OUT_HDMI(0x400) addr:
05-28 16:14:25.030 I/audio_hw_hal_primary( 509): [adev_open_output_stream:3287] ch_mask:0 rate:0 format:DEFAULT(0) flags:0x41
05-28 16:14:25.030 D/audio_hw_hal_primary( 509): [adev_open_output_stream:3573] format=PCM_16_BIT rate=48000
05-28 16:14:25.030 I/audio_hw_hal_primary( 509): [adev_open_output_stream:3610] result profile ch_mask:0x3 rate:48000 format:PCM_16_BIT(0x1) usecase:PCM_HWSYNC
05-28 16:14:25.031 D/audio_hw_hal_timer( 509): func:audio_timer_create create timer.3 success.
05-28 16:14:25.031 D/audio_hw_hal_timer( 509): func:audio_timer_create create timer.4 success.
05-28 16:14:25.031 D/audio_hw_hal_primary( 509): [adev_open_output_stream_new:7980] timer_id:3
05-28 16:14:25.031 I/audio_hw_hal_utils( 509): aml_get_stream_dump_file_name line 2929 file_name /data/vendor/audiohal/stream_pid509_tid19724.pcm
05-28 16:14:25.031 I/audio_hw_hal_primary( 509): [adev_open_output_stream_new:8037] io 1973: out: 0xeed0baf0 card:0 alsa devices:0 exit ------
05-28 16:14:25.032 I/audio_hw_hal_primary( 509): [out_get_buffer_size:552] out:0xeed0baf0 config.rate=48000, format:PCM_16_BIT(0x1), stream format:PCM_16_BIT(0x1)
05-28 16:14:25.033 I/AudioFlinger( 594): HAL output buffer size 2058 frames, normal sink buffer size 2058 frames
05-28 16:14:25.033 I/audio_hw_hal_primary( 509): [audiohal_get_latency:1333] io 1973: out:0xeed0baf0 frames:1280 rate:48000 whole_latency:26 alsa_latency:26
05-28 16:14:25.033 I/audio_hw_hal_primary( 509): [out_set_event_callback:3158] io 1973: out:0xeed0baf0, callback:0xf0dfc91d cookie:0xf14c1930
05-28 16:14:25.034 I/audio_hw_hal_primary( 509): [audiohal_get_latency:1333] io 1973: out:0xeed0baf0 frames:1152 rate:48000 whole_latency:24 alsa_latency:24
05-28 16:14:25.034 I/AudioFlinger( 594): AudioFlinger's thread 0xecf2c640 tid=19732 ready to run
05-28 16:14:25.034 I/audio_hw_hal_primary( 509): [audiohal_get_latency:1333] io 1973: out:0xeed0baf0 frames:1152 rate:48000 whole_latency:24 alsa_latency:24
05-28 16:14:25.034 W/IPCThreadState( 594): Sending oneway calls to frozen process.
05-28 16:14:25.034 D/AudioFlinger( 594): ro.audio.silent is ignored since no output device is set
05-28 16:14:25.035 I/audio_hw_hal_profile( 509): [out_get_parameters:2085] out:0xeed0baf0 query audio format. ++++++++++ hal_format:PCM_16_BIT
05-28 16:14:25.035 D/audio_hw_hal_profile( 509): get_hdmi_sink_cap_new is running...
05-28 16:14:25.035 D/audio_hw_hal_profile( 509): query hdmi format...
05-28 16:14:25.035 D/audio_hw_hal_profile( 509): get_hdmi_sink_cap_new ddp is unsupported; ddp-joc(atmos) is unsupported;
05-28 16:14:25.035 I/audio_hw_hal_profile( 509): PCM cap Max channel =2
05-28 16:14:25.035 I/audio_hw_hal_profile( 509): [out_get_parameters:2165] sup_formats=AUDIO_FORMAT_PCM_16_BIT|AUDIO_FORMAT_IEC61937
05-28 16:14:25.035 D/APM_AudioPolicyManager( 594): modifySurroundFormats: forced use = 13
05-28 16:14:25.035 D/audio_hw_hal_primary( 509): [out_standby_new:5767] io 1973: out:0xeed0baf0 usecase:PCM_HWSYNC
05-28 16:14:25.035 I/audio_hw_hal_primary( 509): already standby, do nothing
05-28 16:14:25.036 I/audio_hw_hal_profile( 509): [out_get_parameters:2089] out:0xeed0baf0 query sample rate. Format:PCM_16_BIT(0x1) ++++++++++ hal_format:PCM_16_BIT
05-28 16:14:25.036 D/audio_hw_hal_profile( 509): get_hdmi_sink_cap_new is running...
05-28 16:14:25.036 D/audio_hw_hal_profile( 509): [get_hdmi_sink_cap_new:960] query hdmi sample_rate... format: PCM_16_BIT(0x1)
05-28 16:14:25.036 I/audio_hw_hal_profile( 509): get_hdmi_sink_cap_new format =0x1 support rate =sup_sampling_rates=32000|44100|48000
05-28 16:14:25.036 I/audio_hw_hal_profile( 509): [out_get_parameters:2165] sup_sampling_rates=32000|44100|48000
05-28 16:14:25.037 I/audio_hw_hal_profile( 509): [out_get_parameters:2092] out:0xeed0baf0 query channels. Format:PCM_16_BIT(0x1) ++++++++++ hal_format:PCM_16_BIT
05-28 16:14:25.037 D/audio_hw_hal_profile( 509): get_hdmi_sink_cap_new is running...
05-28 16:14:25.037 D/audio_hw_hal_profile( 509): [get_hdmi_sink_cap_new:887] query hdmi channels... format: PCM_16_BIT(0x1)
05-28 16:14:25.037 I/audio_hw_hal_profile( 509): [out_get_parameters:2165] sup_channels=AUDIO_CHANNEL_OUT_STEREO
05-28 16:14:25.037 I/audio_hw_hal_profile( 509): [out_get_parameters:2089] out:0xeed0baf0 query sample rate. Format:IEC61937(0xd000000) ++++++++++ hal_format:PCM_16_BIT
05-28 16:14:25.037 D/audio_hw_hal_profile( 509): get_hdmi_sink_cap_new is running...
05-28 16:14:25.037 D/audio_hw_hal_profile( 509): [get_hdmi_sink_cap_new:960] query hdmi sample_rate... format: IEC61937(0xd000000)
05-28 16:14:25.037 I/audio_hw_hal_profile( 509): [out_get_parameters:2165] sup_sampling_rates=8000|11025|16000|22050|24000|32000|44100|48000|128000|176400|192000
05-28 16:14:25.038 I/audio_hw_hal_profile( 509): [out_get_parameters:2092] out:0xeed0baf0 query channels. Format:IEC61937(0xd000000) ++++++++++ hal_format:PCM_16_BIT
05-28 16:14:25.038 D/audio_hw_hal_profile( 509): get_hdmi_sink_cap_new is running...
05-28 16:14:25.038 D/audio_hw_hal_profile( 509): [get_hdmi_sink_cap_new:887] query hdmi channels... format: IEC61937(0xd000000)
05-28 16:14:25.038 I/audio_hw_hal_profile( 509): [out_get_parameters:2165] sup_channels=AUDIO_CHANNEL_OUT_MONO|AUDIO_CHANNEL_OUT_STEREO|AUDIO_CHANNEL_OUT_TRI|AUDIO_CHANNEL_OUT_TRI_BACK|AUDIO_CHANNEL_OUT_3POINT1|AUDIO_CHANNEL_OUT_QUAD|AUDIO_CHANNEL_OUT_SURROUND|AUDIO_CHANNEL_OUT_PENTA|AUDIO_CHANNEL_OUT_5POINT1|AUDIO_CHANNEL_OUT_7POINT1
05-28 16:14:25.039 D/audio_hw_hal_primary( 509): [out_dump:848] io 1973: out:0xeed0baf0, fd:27
05-28 16:14:25.040 W/IPCThreadState( 594): Sending oneway calls to frozen process.
05-28 16:14:25.040 D/audio_hw_hal_primary( 509): [out_set_parameters:971] out:0xeed0baf0 kvpairs:closing=true;exiting=1 out->out_device:0x400, adev->out_device:0x80002
05-28 16:14:25.040 E/audio_hw_hal_primary( 509): out_set_parameters, ret:-2, hw_sync_mode:is false
05-28 16:14:25.041 D/AudioFlinger( 594): ro.audio.silent is ignored since no output device is set
05-28 16:14:25.041 I/audio_hw_hal_primary( 509): [out_set_event_callback:3158] io 1973: out:0xeed0baf0, callback:0xf0dfc91d cookie:0xf14c1930
05-28 16:14:25.042 I/audio_hw_hal_primary( 509): [adev_close_output_stream_new:8052] io handle 1973: out:0xeed0baf0
05-28 16:14:25.042 D/audio_hw_hal_primary( 509): adev_close_output_stream_new: enter usecase = PCM_HWSYNC
05-28 16:14:25.042 D/audio_hw_hal_timer( 509): func:audio_timer_delete delete timer.3 success.
05-28 16:14:25.042 D/audio_hw_hal_timer( 509): func:audio_timer_delete delete timer.4 success.
05-28 16:14:25.042 D/audio_hw_hal_primary( 509): [adev_close_output_stream_new:8076] timer_id:3 ret:4
05-28 16:14:25.042 I/audio_hw_hal_primary( 509): [adev_close_output_stream:3695] io 1973: out:0xeed0baf0 dev:OUT_HDMI(0x400) flags:0x41, usecase:PCM_HWSYNC
05-28 16:14:25.042 D/audio_hw_hal_primary( 509): [out_standby_new:5767] io 1973: out:0xeed0baf0 usecase:PCM_HWSYNC
05-28 16:14:25.042 I/audio_hw_hal_primary( 509): already standby, do nothing
05-28 16:14:25.042 I/audio_hw_hal_resourcemgr( 509): [is_output_device_muted:710] device:0x2 port_mute:0, fade_mute:0
05-28 16:14:25.042 I/audio_hw_hal_primary( 509): [adev_close_output_stream:3863] io 1973: out:0xeed0baf0 exit ------
05-28 16:14:25.042 I/AudioFlinger( 594): openOutput() this 0xf2b07600, module 10 Device AUDIO_DEVICE_OUT_HDMI, @:, SamplingRate 8000, Format 0xd000000, Channels 0x1, flags 0x41
05-28 16:14:25.043 D/audio_hw_hal_primary( 509): [adev_open_output_stream_new:7868] enter: dev=0xeedc14a0 handle=7bd devices=0x400/'HDMI,' flags=0x441/'DIRECT,HW_AV_SYNC,IEC958_NONAUDIO,' config=(rt=8000 ch_mask=0x1 fmt=0xd000000) address=''
05-28 16:14:25.043 D/audio_hw_hal_primary( 509): adev_open_output_stream_new: enter
05-28 16:14:25.043 I/audio_hw_hal_primary( 509): [adev_open_output_stream:3285] io 1981: out:0xeed09e30 dev:OUT_HDMI(0x400) addr:
05-28 16:14:25.043 I/audio_hw_hal_primary( 509): [adev_open_output_stream:3287] ch_mask:0x1 rate:8000 format:IEC61937(0xd000000) flags:0x441
05-28 16:14:25.043 D/audio_hw_hal_primary( 509): [adev_open_output_stream:3381] current format is IEC61937
05-28 16:14:25.043 D/audio_hw_hal_primary( 509): [adev_open_output_stream:3573] format=IEC61937 rate=8000
05-28 16:14:25.043 I/audio_hw_hal_primary( 509): [adev_open_output_stream:3610] result profile ch_mask:0x1 rate:8000 format:IEC61937(0xd000000) usecase:RAW_DIRECT
05-28 16:14:25.043 I/audio_hw_hal_utils( 509): aml_get_stream_dump_file_name line 2929 file_name /data/vendor/audiohal/stream_pid509_tid17178.pcm
05-28 16:14:25.043 I/audio_hw_hal_primary( 509): [adev_open_output_stream_new:8037] io 1981: out: 0xeed09e30 card:0 alsa devices:0 exit ------
05-28 16:14:25.043 I/audio_hw_hal_primary( 509): [adev_uevent_callback:9131] uevent type=0
05-28 16:14:25.044 I/SystemControl( 343): [/UEventObserver.cpp, HDMITxUenventThreadLoop, 451] HDMI TX switch_name:hdmitx_vmode_audio, switch_state: 1
05-28 16:14:25.044 I/SystemControl( 343): [/UEventObserver.cpp, HDMITxUenventThreadLoop, 451] HDMI TX switch_name:hdmitx_current_status, switch_state: 295
05-28 16:14:25.046 I/audio_hw_hal_primary( 509): [out_get_buffer_size:552] out:0xeed09e30 config.rate=8000, format:IEC61937(0xd000000), stream format:IEC61937(0xd000000)
05-28 16:14:25.046 I/audio_hw_hal_primary( 509): out_get_buffer_size AUDIO_FORMAT_IEC61937 buffer size = 4096 frames
05-28 16:14:25.046 I/AudioFlinger( 594): HAL output buffer size 2048 frames, normal sink buffer size 2048 frames
05-28 16:14:25.047 I/audio_hw_hal_primary( 509): [audiohal_get_latency:1333] io 1981: out:0xeed09e30 frames:1024 rate:8000 whole_latency:128 alsa_latency:128
05-28 16:14:25.047 I/audio_hw_hal_primary( 509): [out_set_event_callback:3158] io 1981: out:0xeed09e30, callback:0xf0dfc91d cookie:0xf14c0a30
05-28 16:14:25.047 E/audio_hw_hal_alsamgr( 509): aml_alsa_output_get_delayframe:824, pcm_ioctl fail, ret:0xffffffff, error info:File descriptor in bad state
05-28 16:14:25.047 I/audio_hw_hal_alsamgr( 509): raw to lpcm switch aml_alsa_output_write
05-28 16:14:25.048 W/audio_hw_hal_primary( 509): [audiohal_get_latency:1327] alsa latency is 0, return max frames:3072
05-28 16:14:25.048 I/audio_hw_hal_primary( 509): [audiohal_get_latency:1333] io 1981: out:0xeed09e30 frames:3072 rate:8000 whole_latency:384 alsa_latency:384
05-28 16:14:25.048 E/audio_hw_hal_alsamgr( 509): aml_alsa_output_get_delayframe:824, pcm_ioctl fail, ret:0xffffffff, error info:File descriptor in bad state
05-28 16:14:25.048 W/audio_hw_hal_primary( 509): [audiohal_get_latency:1327] alsa latency is 0, return max frames:3072
05-28 16:14:25.048 I/audio_hw_hal_primary( 509): [audiohal_get_latency:1333] io 1981: out:0xeed09e30 frames:3072 rate:8000 whole_latency:384 alsa_latency:384
05-28 16:14:25.048 I/AudioFlinger( 594): AudioFlinger's thread 0xecf2c640 tid=19734 ready to run
05-28 16:14:25.048 W/IPCThreadState( 594): Sending oneway calls to frozen process.
05-28 16:14:25.049 D/AudioFlinger( 594): ro.audio.silent is ignored since no output device is set
05-28 16:14:25.053 D/audio_hw_hal_primary( 509): [out_standby_new:5767] io 1981: out:0xeed09e30 usecase:RAW_DIRECT
05-28 16:14:25.053 I/audio_hw_hal_primary( 509): already standby, do nothing
05-28 16:14:25.060 D/AudioFlinger( 594): ro.audio.silent is ignored since no output device is set
05-28 16:14:25.063 I/SystemControl( 343): [/UEventObserver.cpp, HDMITxUenventThreadLoop, 451] HDMI TX switch_name:hdmitx_current_status, switch_state: 296
05-28 16:14:25.064 D/AudioFlinger( 594): ro.audio.silent is ignored since no output device is set
05-28 16:14:25.064 I/audio_hw_hal_ms12v2( 509): dolby_ms12_threadloop alsa is not running
05-28 16:14:25.065 I/audio_hw_hal_ms12v2( 509): dolby_ms12_threadloop alsa is not running
05-28 16:14:25.065 I/audio_hw_hal_ms12v2( 509): dolby_ms12_threadloop alsa is not running
05-28 16:14:25.066 I/audio_hw_hal_ms12v2( 509): dolby_ms12_threadloop alsa is not running
05-28 16:14:25.066 I/audio_hw_hal_alsamgr( 509): aml_alsa_output_write alsa_running_status[0xeed05650] change from 0 to 1
05-28 16:14:25.067 D/AudioFlinger( 594): ro.audio.silent is ignored since no output device is set
05-28 16:14:25.068 D/AudioFlinger( 594): ro.audio.silent is ignored since no output device is set
05-28 16:14:25.068 D/AudioFlinger( 594): ro.audio.silent is ignored since no output device is set
05-28 16:14:25.069 D/AudioFlinger( 594): ro.audio.silent is ignored since no output device is set
05-28 16:14:25.070 D/AudioFlinger( 594): ro.audio.silent is ignored since no output device is set
05-28 16:14:25.070 D/AudioFlinger( 594): ro.audio.silent is ignored since no output device is set
05-28 16:14:25.071 D/AudioFlinger( 594): ro.audio.silent is ignored since no output device is set
05-28 16:14:25.071 I/SystemControl( 343): [/Ubootenv.cpp, get, 336] [ubootenv] get key:720p_x envValue: 0
05-28 16:14:25.071 I/SystemControl( 343): [/Ubootenv.cpp, get, 336] [ubootenv] get key:720p_y envValue: 0
05-28 16:14:25.071 I/SystemControl( 343): [/Ubootenv.cpp, get, 336] [ubootenv] get key:720p_w envValue: 1280
05-28 16:14:25.072 D/AudioFlinger( 594): ro.audio.silent is ignored since no output device is set
05-28 16:14:25.072 I/SystemControl( 343): [/Ubootenv.cpp, get, 336] [ubootenv] get key:720p_h envValue: 720
05-28 16:14:25.072 D/AudioFlinger( 594): ro.audio.silent is ignored since no output device is set
05-28 16:14:25.072 I/SystemControl( 343): [/Ubootenv.cpp, updateValue, 68] [ubootenv] update value name [ubootenv.var.720p_x]: value [0]
05-28 16:14:25.072 I/SystemControl( 343): [/Ubootenv.cpp, get, 336] [ubootenv] get key:720p_x envValue: 0
05-28 16:14:25.073 D/AudioFlinger( 594): ro.audio.silent is ignored since no output device is set
05-28 16:14:25.076 I/SystemControl( 343): [/Ubootenv.cpp, updateValue, 68] [ubootenv] update value name [ubootenv.var.720p_y]: value [0]
05-28 16:14:25.076 I/SystemControl( 343): [/Ubootenv.cpp, get, 336] [ubootenv] get key:720p_y envValue: 0
05-28 16:14:25.076 I/AudioFlinger( 594): openOutput() this 0xf2b07600, module 10 Device AUDIO_DEVICE_OUT_HDMI, @:, SamplingRate 0, Format 00000000, Channels 0, flags 0x1
05-28 16:14:25.076 I/SystemControl( 343): [/Ubootenv.cpp, updateValue, 68] [ubootenv] update value name [ubootenv.var.720p_w]: value [1280]
05-28 16:14:25.076 I/SystemControl( 343): [/Ubootenv.cpp, get, 336] [ubootenv] get key:720p_w envValue: 1280
05-28 16:14:25.077 D/audio_hw_hal_primary( 509): [adev_open_output_stream_new:7868] enter: dev=0xeedc14a0 handle=7c5 devices=0x400/'HDMI,' flags=0x1/'DIRECT,' config=(rt=0 ch_mask=0x0 fmt=0x0) address=''
05-28 16:14:25.077 D/audio_hw_hal_primary( 509): adev_open_output_stream_new: enter
05-28 16:14:25.077 I/audio_hw_hal_primary( 509): [adev_open_output_stream:3285] io 1989: out:0xeed0baf0 dev:OUT_HDMI(0x400) addr:
05-28 16:14:25.077 I/audio_hw_hal_primary( 509): [adev_open_output_stream:3287] ch_mask:0 rate:0 format:DEFAULT(0) flags:0x1
05-28 16:14:25.077 I/audio_hw_hal_primary( 509): [adev_open_output_stream:3610] result profile ch_mask:0x3 rate:48000 format:PCM_16_BIT(0x1) usecase:PCM_DIRECT
05-28 16:14:25.077 I/audio_hw_hal_utils( 509): aml_get_stream_dump_file_name line 2929 file_name /data/vendor/audiohal/stream_pid509_tid19724.pcm
05-28 16:14:25.077 I/audio_hw_hal_primary( 509): [adev_open_output_stream_new:8037] io 1989: out: 0xeed0baf0 card:0 alsa devices:0 exit ------
05-28 16:14:25.078 I/SystemControl( 343): [/Ubootenv.cpp, updateValue, 68] [ubootenv] update value name [ubootenv.var.720p_h]: value [720]
05-28 16:14:25.078 I/SystemControl( 343): [/Ubootenv.cpp, get, 336] [ubootenv] get key:720p_h envValue: 720
05-28 16:14:25.079 V/MesonDisplayServer( 289): SetDisplay[HDMI] DisplayRect to "(0,0,1280,720)"
05-28 16:14:25.079 V/MesonDisplayServer( 289): SetDisplayViewPort done
05-28 16:14:25.079 I/audio_hw_hal_primary( 509): [out_get_buffer_size:552] out:0xeed0baf0 config.rate=48000, format:PCM_16_BIT(0x1), stream format:PCM_16_BIT(0x1)
05-28 16:14:25.079 I/AudioFlinger( 594): HAL output buffer size 2048 frames, normal sink buffer size 2048 frames
05-28 16:14:25.079 I/audio_hw_hal_primary( 509): [audiohal_get_latency:1333] io 1989: out:0xeed0baf0 frames:1152 rate:48000 whole_latency:24 alsa_latency:24
05-28 16:14:25.080 I/audio_hw_hal_primary( 509): [out_set_event_callback:3158] io 1989: out:0xeed0baf0, callback:0xf0dfc91d cookie:0xf14c1450
05-28 16:14:25.080 I/audio_hw_hal_primary( 509): [audiohal_get_latency:1333] io 1989: out:0xeed0baf0 frames:1152 rate:48000 whole_latency:24 alsa_latency:24
05-28 16:14:25.081 I/audio_hw_hal_primary( 509): [audiohal_get_latency:1333] io 1989: out:0xeed0baf0 frames:1152 rate:48000 whole_latency:24 alsa_latency:24
05-28 16:14:25.081 I/AudioFlinger( 594): AudioFlinger's thread 0xecf10250 tid=19735 ready to run
05-28 16:14:25.082 D/AudioFlinger( 594): ro.audio.silent is ignored since no output device is set
05-28 16:14:25.082 D/audio_hw_hal_primary( 509): [out_standby_new:5767] io 1989: out:0xeed0baf0 usecase:PCM_DIRECT
05-28 16:14:25.082 I/audio_hw_hal_primary( 509): already standby, do nothing
05-28 16:14:25.083 W/IPCThreadState( 594): Sending oneway calls to frozen process.
05-28 16:14:25.083 E/MesonHwc( 289): read screen size 16x9 from vinfo
05-28 16:14:25.083 E/MesonHwc( 289): dolby vision driver is not ready
05-28 16:14:25.083 I/audio_hw_hal_profile( 509): [out_get_parameters:2085] out:0xeed0baf0 query audio format. ++++++++++ hal_format:PCM_16_BIT
05-28 16:14:25.083 D/audio_hw_hal_profile( 509): get_hdmi_sink_cap_new is running...
05-28 16:14:25.083 D/audio_hw_hal_profile( 509): query hdmi format...
05-28 16:14:25.083 D/audio_hw_hal_profile( 509): get_hdmi_sink_cap_new ddp is unsupported; ddp-joc(atmos) is unsupported;
05-28 16:14:25.083 I/audio_hw_hal_profile( 509): PCM cap Max channel =2
05-28 16:14:25.083 I/audio_hw_hal_profile( 509): [out_get_parameters:2165] sup_formats=AUDIO_FORMAT_PCM_16_BIT|AUDIO_FORMAT_IEC61937
05-28 16:14:25.084 D/APM_AudioPolicyManager( 594): modifySurroundFormats: forced use = 13
05-28 16:14:25.084 I/audio_hw_hal_profile( 509): [out_get_parameters:2089] out:0xeed0baf0 query sample rate. Format:PCM_16_BIT(0x1) ++++++++++ hal_format:PCM_16_BIT
05-28 16:14:25.084 D/audio_hw_hal_profile( 509): get_hdmi_sink_cap_new is running...
05-28 16:14:25.084 D/audio_hw_hal_profile( 509): [get_hdmi_sink_cap_new:960] query hdmi sample_rate... format: PCM_16_BIT(0x1)
05-28 16:14:25.084 I/audio_hw_hal_profile( 509): get_hdmi_sink_cap_new format =0x1 support rate =sup_sampling_rates=32000|44100|48000
05-28 16:14:25.084 I/audio_hw_hal_profile( 509): [out_get_parameters:2165] sup_sampling_rates=32000|44100|48000
05-28 16:14:25.085 I/audio_hw_hal_profile( 509): [out_get_parameters:2092] out:0xeed0baf0 query channels. Format:PCM_16_BIT(0x1) ++++++++++ hal_format:PCM_16_BIT
05-28 16:14:25.085 D/audio_hw_hal_profile( 509): get_hdmi_sink_cap_new is running...
05-28 16:14:25.085 D/audio_hw_hal_profile( 509): [get_hdmi_sink_cap_new:887] query hdmi channels... format: PCM_16_BIT(0x1)
05-28 16:14:25.085 I/audio_hw_hal_profile( 509): [out_get_parameters:2165] sup_channels=AUDIO_CHANNEL_OUT_STEREO
05-28 16:14:25.085 I/audio_hw_hal_profile( 509): [out_get_parameters:2089] out:0xeed0baf0 query sample rate. Format:IEC61937(0xd000000) ++++++++++ hal_format:PCM_16_BIT
05-28 16:14:25.085 D/audio_hw_hal_profile( 509): get_hdmi_sink_cap_new is running...
05-28 16:14:25.085 D/audio_hw_hal_profile( 509): [get_hdmi_sink_cap_new:960] query hdmi sample_rate... format: IEC61937(0xd000000)
05-28 16:14:25.085 I/audio_hw_hal_profile( 509): [out_get_parameters:2165] sup_sampling_rates=8000|11025|16000|22050|24000|32000|44100|48000|128000|176400|192000
05-28 16:14:25.086 I/audio_hw_hal_profile( 509): [out_get_parameters:2092] out:0xeed0baf0 query channels. Format:IEC61937(0xd000000) ++++++++++ hal_format:PCM_16_BIT
05-28 16:14:25.086 D/audio_hw_hal_profile( 509): get_hdmi_sink_cap_new is running...
05-28 16:14:25.086 D/audio_hw_hal_profile( 509): [get_hdmi_sink_cap_new:887] query hdmi channels... format: IEC61937(0xd000000)
05-28 16:14:25.086 I/audio_hw_hal_profile( 509): [out_get_parameters:2165] sup_channels=AUDIO_CHANNEL_OUT_MONO|AUDIO_CHANNEL_OUT_STEREO|AUDIO_CHANNEL_OUT_TRI|AUDIO_CHANNEL_OUT_TRI_BACK|AUDIO_CHANNEL_OUT_3POINT1|AUDIO_CHANNEL_OUT_QUAD|AUDIO_CHANNEL_OUT_SURROUND|AUDIO_CHANNEL_OUT_PENTA|AUDIO_CHANNEL_OUT_5POINT1|AUDIO_CHANNEL_OUT_7POINT1
05-28 16:14:25.087 D/audio_hw_hal_primary( 509): [out_dump:848] io 1989: out:0xeed0baf0, fd:27
05-28 16:14:25.088 W/IPCThreadState( 594): Sending oneway calls to frozen process.
05-28 16:14:25.088 D/audio_hw_hal_primary( 509): [out_set_parameters:971] out:0xeed0baf0 kvpairs:closing=true;exiting=1 out->out_device:0x400, adev->out_device:0x80002
05-28 16:14:25.088 E/audio_hw_hal_primary( 509): out_set_parameters, ret:-2, hw_sync_mode:is false
05-28 16:14:25.089 D/AudioFlinger( 594): ro.audio.silent is ignored since no output device is set
05-28 16:14:25.089 I/audio_hw_hal_primary( 509): [out_set_event_callback:3158] io 1989: out:0xeed0baf0, callback:0xf0dfc91d cookie:0xf14c1450
05-28 16:14:25.090 I/audio_hw_hal_primary( 509): [adev_close_output_stream_new:8052] io handle 1989: out:0xeed0baf0
05-28 16:14:25.090 D/audio_hw_hal_primary( 509): adev_close_output_stream_new: enter usecase = PCM_DIRECT
05-28 16:14:25.090 I/audio_hw_hal_primary( 509): [adev_close_output_stream:3695] io 1989: out:0xeed0baf0 dev:OUT_HDMI(0x400) flags:0x1, usecase:PCM_DIRECT
05-28 16:14:25.090 D/audio_hw_hal_primary( 509): [out_standby_new:5767] io 1989: out:0xeed0baf0 usecase:PCM_DIRECT
05-28 16:14:25.090 I/audio_hw_hal_primary( 509): already standby, do nothing
05-28 16:14:25.090 I/audio_hw_hal_resourcemgr( 509): [is_output_device_muted:710] device:0x2 port_mute:0, fade_mute:0
05-28 16:14:25.090 I/audio_hw_hal_primary( 509): [adev_close_output_stream:3863] io 1989: out:0xeed0baf0 exit ------
05-28 16:14:25.090 I/AudioFlinger( 594): openOutput() this 0xf2b07600, module 10 Device AUDIO_DEVICE_OUT_HDMI, @:, SamplingRate 8000, Format 0xd000000, Channels 0x1, flags 0x1
05-28 16:14:25.091 D/audio_hw_hal_primary( 509): [adev_open_output_stream_new:7868] enter: dev=0xeedc14a0 handle=7cd devices=0x400/'HDMI,' flags=0x401/'DIRECT,IEC958_NONAUDIO,' config=(rt=8000 ch_mask=0x1 fmt=0xd000000) address=''
05-28 16:14:25.091 D/audio_hw_hal_primary( 509): adev_open_output_stream_new: enter
05-28 16:14:25.091 I/audio_hw_hal_primary( 509): [adev_open_output_stream:3285] io 1997: out:0xeed0baf0 dev:OUT_HDMI(0x400) addr:
05-28 16:14:25.091 I/audio_hw_hal_primary( 509): [adev_open_output_stream:3287] ch_mask:0x1 rate:8000 format:IEC61937(0xd000000) flags:0x401
05-28 16:14:25.091 D/audio_hw_hal_primary( 509): [adev_open_output_stream:3381] current format is IEC61937
