05-28 16:11:14.971 I/SystemControl( 343): [/Ubootenv.cpp, get, 336] [ubootenv] get key:hdr_policy envValue: 0
05-28 16:11:14.971 E/MesonHwc( 289): dolby vision driver is not ready
05-28 16:11:14.971 D/MesonDisplayServer( 289): use connector getDisplayAttribute "HDR Priority": "268435472"
05-28 16:11:14.971 I/SystemControl( 343): [/Ubootenv.cpp, get, 336] [ubootenv] get key:hdr_priority envValue: 268435472
05-28 16:11:14.972 D/MesonDisplayServer( 289): getDisplayAttribute "Dolby Vision Enable": "N"
05-28 16:11:14.972 D/MesonDisplayServer( 289): getDisplayAttribute "Dolby Vision LL Policy": "0"
05-28 16:11:14.972 E/MesonHwc( 289): dolby vision driver is not ready
05-28 16:11:14.972 V/MesonDisplayServer( 289): GetDisplayMode:1080p60hz
05-28 16:11:15.045 I/WifiHAL ( 558): call wifi_get_link_stats handler
05-28 16:11:15.045 I/WifiHAL ( 558): Creating message to get link statistics; iface = 16
05-28 16:11:15.045 D/WifiHAL ( 558): error code -95 mapped to -3
05-28 16:11:15.045 E/WifiStaIfaceAidlImpl( 742): getLinkLayerStats failed with service-specific exception: android.os.ServiceSpecificException: (code 4)
05-28 16:11:15.139 I/MesonDisplay( 289): [/HDCPTxAuth.cpp, stopVerAll, 344] hdcp_tx 2.2 & 1.4 stop hdcp pwr
05-28 16:11:15.139 E/MesonDisplay( 289): open /sys/class/amhdmitx/amhdmitx0/hdcp_pwr fail. Error info [No such file or directory]
05-28 16:11:15.181 E/MesonDisplay( 289): open /sys/class/amhdmitx/amhdmitx0/hdcp_pwr fail. Error info [No such file or directory]
05-28 16:11:15.181 E/MesonDisplay( 289): open /sys/class/amhdmitx/amhdmitx0/hdcp_ctrl fail. Error info [No such file or directory]
05-28 16:11:15.181 E/MesonDisplay( 289): open /sys/class/amhdmitx/amhdmitx0/hdcp_ctrl fail. Error info [No such file or directory]
05-28 16:11:15.183 I/MesonDisplay( 289): [/HDCPTxAuth.cpp, stop, 137] hdcp_tx pthread exit id = 3997155776, (null) done
05-28 16:11:15.184 D/MesonDisplayServer( 289): SetDisplay[HDMI] Mode to "720p60hz"
05-28 16:11:15.206 I/SystemControl( 343): [/UEventObserver.cpp, HDMITxUenventThreadLoop, 451] HDMI TX switch_name:hdmitx_current_status, switch_state: 281
05-28 16:11:15.258 I/audio_hw_hal_primary( 509): [adev_uevent_callback:9131] uevent type=0
05-28 16:11:15.259 I/SystemControl( 343): [/UEventObserver.cpp, HDMITxUenventThreadLoop, 451] HDMI TX switch_name:hdmitx_vmode_audio, switch_state: 1
05-28 16:11:15.262 I/SystemControl( 343): [/UEventObserver.cpp, HDMITxUenventThreadLoop, 451] HDMI TX switch_name:hdmitx_current_status, switch_state: 282
05-28 16:11:15.265 I/audio_hw_hal_alsamgr( 509): raw to lpcm switch aml_alsa_output_write
05-28 16:11:15.265 V/MesonDisplayServer( 289): GetDisplayMode:720p60hz
05-28 16:11:15.266 E/MesonHwc( 289): read screen size 16x9 from vinfo
05-28 16:11:15.266 E/MesonHwc( 289): dolby vision driver is not ready
05-28 16:11:15.269 E/MesonHwc( 289): dolby vision driver is not ready
05-28 16:11:15.269 I/SystemControl( 343): [/Ubootenv.cpp, get, 336] [ubootenv] get key:720p_x envValue: 0
05-28 16:11:15.269 I/SystemControl( 343): [/Ubootenv.cpp, get, 336] [ubootenv] get key:720p_y envValue: 0
05-28 16:11:15.269 I/SystemControl( 343): [/Ubootenv.cpp, get, 336] [ubootenv] get key:720p_w envValue: 1280
05-28 16:11:15.270 I/SystemControl( 343): [/Ubootenv.cpp, get, 336] [ubootenv] get key:720p_h envValue: 720
05-28 16:11:15.270 V/MesonDisplayServer( 289): SetDisplay[HDMI] DisplayRect to "(0,0,1280,720)"
05-28 16:11:15.270 V/MesonDisplayServer( 289): SetDisplayViewPort done
05-28 16:11:15.271 D/MesonHwc( 289): ERR: PLEASE FIX NON-IMPLEMENT FUN(update).
05-28 16:11:15.281 I/SystemControl( 343): [/UEventObserver.cpp, HDMITxUenventThreadLoop, 451] HDMI TX switch_name:hdmitx_current_status, switch_state: 283
05-28 16:11:15.286 I/audio_hw_hal_ms12v2( 509): dolby_ms12_threadloop alsa is not running
05-28 16:11:15.286 I/audio_hw_hal_alsamgr( 509): aml_alsa_output_write alsa_running_status[0xeed05650] change from 0 to 1
05-28 16:11:15.290 E/MesonHwc( 289): open file [/sys/class/amhdmitx/amhdmitx0/aud_mute] error:Permission denied
05-28 16:11:15.290 E/MesonHwc( 289): open file [/sys/class/amhdmitx/amhdmitx0/aud_mute] error:Permission denied
05-28 16:11:15.290 E/MesonHwc( 289): dolby vision driver is not ready
05-28 16:11:15.291 I/MesonDisplay( 289): [/HDCPTxAuth.cpp, authThread, 173] hdcp_tx thread loop entry
05-28 16:11:15.291 I/MesonDisplay( 289): [/HDCPTxAuth.cpp, start, 109] hdcp_tx, create hdcp thread id = 3997155776 done
05-28 16:11:15.291 D/MesonDisplay( 289): read /sys/class/amhdmitx/amhdmitx0/hdcp_lstore, result length:0, val:
05-28 16:11:15.291 I/SystemControl( 343): [/Ubootenv.cpp, get, 345] [ubootenv] search end and not find env:digitaudiooutput
05-28 16:11:15.291 V/MesonDisplayServer( 289): GetDisplayMode:720p60hz
05-28 16:11:15.291 D/MesonDisplayServer( 289): use connector getDisplayAttribute "HDMI Color ATTR": "rgb,8bit"
05-28 16:11:15.291 I/SystemControl( 343): [/Ubootenv.cpp, updateValue, 68] [ubootenv] update value name [ubootenv.var.720p60hz_deepcolor]: value [rgb,8bit]
05-28 16:11:15.291 I/SystemControl( 343): [/Ubootenv.cpp, get, 336] [ubootenv] get key:720p60hz_deepcolor envValue: 422,12bit
05-28 16:11:15.292 I/SystemControl( 343): [/Ubootenv.cpp, printValues, 137] [ubootenv] printenv end
05-28 16:11:15.299 I/SystemControl( 343): [/Ubootenv.cpp, updateValue, 104] [ubootenv] Save ubootenv to /dev/block/by-name/env succeed!
05-28 16:11:15.299 I/SystemControl( 343): [/Ubootenv.cpp, updateValue, 68] [ubootenv] update value name [ubootenv.var.colorattribute]: value [rgb,8bit]
05-28 16:11:15.299 I/SystemControl( 343): [/Ubootenv.cpp, get, 336] [ubootenv] get key:colorattribute envValue: rgb,8bit
05-28 16:11:15.299 I/SystemControl( 343): [/Ubootenv.cpp, updateValue, 68] [ubootenv] update value name [ubootenv.var.hdmi_colordepth]: value [8]
05-28 16:11:15.299 I/SystemControl( 343): [/Ubootenv.cpp, get, 336] [ubootenv] get key:hdmi_colordepth envValue: 8
05-28 16:11:15.300 I/SystemControl( 343): [/Ubootenv.cpp, updateValue, 68] [ubootenv] update value name [ubootenv.var.hdmi_colorspace]: value [auto]
05-28 16:11:15.300 I/SystemControl( 343): [/Ubootenv.cpp, get, 336] [ubootenv] get key:hdmi_colorspace envValue: auto
05-28 16:11:15.300 I/SystemControl( 343): [/Ubootenv.cpp, updateValue, 68] [ubootenv] update value name [ubootenv.var.outputmode]: value [720p60hz]
05-28 16:11:15.300 I/SystemControl( 343): [/Ubootenv.cpp, get, 336] [ubootenv] get key:outputmode envValue: 1080p60hz
05-28 16:11:15.300 I/SystemControl( 343): [/Ubootenv.cpp, printValues, 137] [ubootenv] printenv end
05-28 16:11:15.302 I/SystemControl( 343): [/Ubootenv.cpp, updateValue, 104] [ubootenv] Save ubootenv to /dev/block/by-name/env succeed!
05-28 16:11:15.302 E/MesonHwc( 289): dolby vision driver is not ready
05-28 16:11:15.302 I/MesonDisplay( 289): [/mode_policy.c, meson_mode_set_policy, 1177] connector:0 to policy:0
05-28 16:11:15.333 E/HwcComposer( 263): setClientTargetSlotCount failed Status(-8, EX_SERVICE_SPECIFIC): '4: '
05-28 16:11:15.342 I/Scheduler( 263): Display 4627013623894091019 is the pacesetter
05-28 16:11:15.342 E/SchedulerTimer( 263): Terminated
05-28 16:11:15.342 D/SurfaceFlinger( 263): Setting power mode 2 on display 4627013623894091019
05-28 16:11:15.342 W/EventThread( 263): Failed dispatching Hotplug{displayId=4627013623894091019, connected} for Connection{0xf1c82c10, VSyncRequest::None}
05-28 16:11:15.342 W/EventThread( 263): Failed dispatching Hotplug{displayId=4627013623894091019, connected} for Connection{0xf1c83290, VSyncRequest::None}
05-28 16:11:15.343 W/EventThread( 263): Failed dispatching Hotplug{displayId=4627013623894091019, connected} for Connection{0xf1c82d10, VSyncRequest::None}
05-28 16:11:15.343 W/EventThread( 263): Failed dispatching Hotplug{displayId=4627013623894091019, connected} for Connection{0xf1c82890, VSyncRequest::None}
05-28 16:11:15.343 D/SurfaceFlinger( 263): Finished setting power mode 2 on display 4627013623894091019
05-28 16:11:15.345 I/MesonDisplay( 289): [/mode_policy.c, meson_mode_set_policy, 1177] connector:0 to policy:0
05-28 16:11:15.345 I/MesonDisplay( 289): [/mode_policy.c, is_dv_prefer, 66] not prefer dv, hdr_priority:10000010
05-28 16:11:15.345 I/MesonDisplay( 289): [/mode_policy.c, is_dv_prefer, 66] not prefer dv, hdr_priority:10000010
05-28 16:11:15.345 E/MesonDisplay( 289): EDID parsing error detected
05-28 16:11:15.345 I/MesonDisplay( 289): [/mode_policy.c, sdr_scene_process, 1146] final_displaymode:720p60hz
05-28 16:11:15.345 I/MesonDisplay( 289): [/mode_policy.c, get_best_color_attr, 613] get_best_color_attr current mode:[720p60hz] brr_mode:[720p60hz]
05-28 16:11:15.345 D/MesonDisplay( 289): meson_write /sys/class/amhdmitx/amhdmitx0/valid_mode, outputmode:720p60hzrgb,8bit
05-28 16:11:15.346 D/MesonDisplay( 289): valid mode is true!
05-28 16:11:15.346 I/MesonDisplay( 289): [/mode_policy.c, get_best_color_attr, 679] support current mode:[720p60hz], color format:[rgb,8bit]
05-28 16:11:15.346 I/MesonDisplay( 289): [/mode_policy.c, get_hdmi_color_attr, 1081] get hdmi color attribute : [rgb,8bit], outputmode is: [720p60hz]
05-28 16:11:15.346 I/MesonDisplay( 289): [/mode_policy.c, update_deepcolor, 1107] colorattribute = rgb,8bit
05-28 16:11:15.346 I/MesonDisplay( 289): [/mode_policy.c, sdr_scene_process, 1163] final_deepcolor = rgb,8bit
05-28 16:11:15.346 I/MesonDisplay( 289): [/mode_policy.c, meson_mode_get_policy_output, 1289] final_displaymode:720p60hz, final_deepcolor:rgb,8bit, amdv_type:0
05-28 16:11:15.346 I/MesonDisplay( 289): [/mode_policy.c, meson_mode_set_policy, 1177] connector:0 to policy:0
05-28 16:11:15.349 I/MesonDisplay( 289): [/mode_policy.c, meson_mode_set_policy, 1177] connector:0 to policy:0
05-28 16:11:15.349 I/MesonDisplay( 289): [/mode_policy.c, is_dv_prefer, 66] not prefer dv, hdr_priority:10000010
05-28 16:11:15.349 I/MesonDisplay( 289): [/mode_policy.c, is_dv_prefer, 66] not prefer dv, hdr_priority:10000010
05-28 16:11:15.349 E/MesonDisplay( 289): EDID parsing error detected
05-28 16:11:15.349 I/MesonDisplay( 289): [/mode_policy.c, sdr_scene_process, 1146] final_displaymode:720p60hz
05-28 16:11:15.349 I/MesonDisplay( 289): [/mode_policy.c, get_best_color_attr, 613] get_best_color_attr current mode:[720p60hz] brr_mode:[720p60hz]
05-28 16:11:15.349 D/MesonDisplay( 289): meson_write /sys/class/amhdmitx/amhdmitx0/valid_mode, outputmode:720p60hzrgb,8bit
05-28 16:11:15.349 D/MesonDisplay( 289): valid mode is true!
05-28 16:11:15.349 I/MesonDisplay( 289): [/mode_policy.c, get_best_color_attr, 679] support current mode:[720p60hz], color format:[rgb,8bit]
05-28 16:11:15.349 I/MesonDisplay( 289): [/mode_policy.c, get_hdmi_color_attr, 1081] get hdmi color attribute : [rgb,8bit], outputmode is: [720p60hz]
05-28 16:11:15.349 I/MesonDisplay( 289): [/mode_policy.c, update_deepcolor, 1107] colorattribute = rgb,8bit
05-28 16:11:15.349 I/MesonDisplay( 289): [/mode_policy.c, sdr_scene_process, 1163] final_deepcolor = rgb,8bit
05-28 16:11:15.349 I/MesonDisplay( 289): [/mode_policy.c, meson_mode_get_policy_output, 1289] final_displaymode:720p60hz, final_deepcolor:rgb,8bit, amdv_type:0
05-28 16:11:15.349 I/MesonDisplay( 289): [/mode_policy.c, meson_mode_set_policy, 1177] connector:0 to policy:0
05-28 16:11:15.350 D/LocalDisplayAdapter( 742): The active mode was changed from SurfaceFlinger or the display device to {id=246, width=1280, height=720, fps=59.94006, alternativeRefreshRates=[], supportedHdrTypes=[]}
05-28 16:11:15.352 I/DisplayDeviceRepository( 742): Display device changed: DisplayDeviceInfo{"内置屏幕": uniqueId="local:4627013623894091019", 1280 x 720, modeId 246, renderFrameRate 59.94006, defaultModeId 246, supportedModes [{id=244, width=1920, height=1080, fps=59.94006, alternativeRefreshRates=[], supportedHdrTypes=[]}, {id=245, width=1920, height=1080, fps=60.000004, alternativeRefreshRates=[], supportedHdrTypes=[]}, {id=246, width=1280, height=720, fps=59.94006, alternativeRefreshRates=[], supportedHdrTypes=[]}, {id=247, width=1280, height=720, fps=60.000004, alternativeRefreshRates=[], supportedHdrTypes=[]}], colorMode 0, supportedColorModes [0], hdrCapabilities HdrCapabilities{mSupportedHdrTypes=[], mMaxLuminance=500.0, mMaxAverageLuminance=500.0, mMinLuminance=0.0}, allmSupported false, gameContentTypeSupported false, density 160, 2032.0 x 2032.0 dpi, appVsyncOff 2000000, presDeadline 13683333, touch INTERNAL, rotation 0, type INTERNAL, address {port=11, model=0x403674603f19a5}, deviceProductInfo null, state ON, committedState ON, frameRateOverride , brightnessMinimum 0.0, brightnessMaximum 1.0, brightnessDefault 0.39763778, hdrSdrRatio NaN, FLAG_ALLOWED_TO_BE_DEFAULT_DISPLAY, FLAG_ROTATES_WITH_CONTENT, FLAG_SECURE, FLAG_SUPPORTS_PROTECTED_BUFFERS, FLAG_TRUSTED, installOrientation 0, displayShape DisplayShape{ spec=-1507169495 displayWidth=1280 displayHeight=720 physicalPixelDisplaySizeRatio=1.0 rotation=0 offsetX=0 offsetY=0 scale=1.0}}
05-28 16:11:15.354 I/DisplayDeviceRepository( 742): Display device changed: DisplayDeviceInfo{"内置屏幕": uniqueId="local:4627013623894091019", 1280 x 720, modeId 246, renderFrameRate 59.94006, defaultModeId 246, supportedModes [{id=244, width=1920, height=1080, fps=59.94006, alternativeRefreshRates=[], supportedHdrTypes=[]}, {id=245, width=1920, height=1080, fps=60.000004, alternativeRefreshRates=[], supportedHdrTypes=[]}, {id=246, width=1280, height=720, fps=59.94006, alternativeRefreshRates=[], supportedHdrTypes=[]}, {id=247, width=1280, height=720, fps=60.000004, alternativeRefreshRates=[], supportedHdrTypes=[]}], colorMode 0, supportedColorModes [0], hdrCapabilities HdrCapabilities{mSupportedHdrTypes=[], mMaxLuminance=500.0, mMaxAverageLuminance=500.0, mMinLuminance=0.0}, allmSupported false, gameContentTypeSupported false, density 160, 2032.0 x 2032.0 dpi, appVsyncOff 2000000, presDeadline 13683333, touch INTERNAL, rotation 0, type INTERNAL, address {port=11, model=0x403674603f19a5}, deviceProductInfo null, state ON, committedState ON, frameRateOverride , brightnessMinimum 0.0, brightnessMaximum 1.0, brightnessDefault 0.39763778, hdrSdrRatio NaN, FLAG_ALLOWED_TO_BE_DEFAULT_DISPLAY, FLAG_ROTATES_WITH_CONTENT, FLAG_SECURE, FLAG_SUPPORTS_PROTECTED_BUFFERS, FLAG_TRUSTED, installOrientation 0, displayShape DisplayShape{ spec=-1507169495 displayWidth=1280 displayHeight=720 physicalPixelDisplaySizeRatio=1.0 rotation=0 offsetX=0 offsetY=0 scale=1.0}}
05-28 16:11:15.366 I/RefreshRateSelector( 263): Display 4627013623894091019 policy changed
05-28 16:11:15.366 I/RefreshRateSelector( 263): Previous: {defaultModeId=248, allowGroupSwitching=false, primaryRanges={physical=[0.00 Hz, 340282346638528859811704183484516925440.00 Hz], render=[0.00 Hz, 340282346638528859811704183484516925440.00 Hz]}, appRequestRanges={physical=[0.00 Hz, 340282346638528859811704183484516925440.00 Hz], render=[0.00 Hz, 340282346638528859811704183484516925440.00 Hz]}}
05-28 16:11:15.366 I/RefreshRateSelector( 263): Current: DisplayManagerPolicy{defaultModeId=248, allowGroupSwitching=false, primaryRanges={physical=[0.00 Hz, inf Hz], render=[0.00 Hz, 120.00 Hz]}, appRequestRanges={physical=[0.00 Hz, inf Hz], render=[0.00 Hz, inf Hz]}}
05-28 16:11:15.366 I/RefreshRateSelector( 263): 0 mode changes were performed under the previous policy
05-28 16:11:15.449 I/hdmicecd( 552): [HdmiCecControl]:portId: 0, type:output, cec support:1, arc support:1, physical address:0
05-28 16:11:15.449 I/hdmicecd( 552): [HdmiCecControl]:arc port:0
05-28 16:11:15.456 D/hdmiconnection( 552): port id:0 physical: 0
05-28 16:11:15.457 D/HDMI ( 742): initPortInfo port info:port_id: 0, type: HDMI_OUT, address: 0x0000, cec: true, arc: true, mhl: false, earc: false
05-28 16:11:15.458 I/hdmicecd( 532): [HdmiCecControl]:clearLogicaladdress
05-28 16:11:15.458 E/IPCThreadState( 552): binder thread pool (1 threads) starved for 1094 ms
05-28 16:11:15.459 W/Looper ( 742): Slow dispatch took 1102ms main h=android.os.Handler c=com.android.server.hdmi.WorkSourceUidPreservingRunnable@691204b m=0
05-28 16:11:15.459 W/Looper ( 742): Slow delivery took 1097ms main h=com.android.server.power.Notifier$NotifierHandler c=null m=7
05-28 16:11:15.459 I/AS.AudioDeviceInventory( 742): not sending NOISY: state=1
05-28 16:11:15.461 W/Looper ( 742): Drained
05-28 16:11:15.461 D/AudioService( 742): setWiredDeviceConnectionState( type:400 state:DEVICE_STATE_AVAILABLE addr: name:) from android
05-28 16:11:15.461 I/AS.AudioDeviceInventory( 742): handleDeviceConnection(true dev:400 address: name:)
05-28 16:11:15.461 I/AS.AudioDeviceInventory( 742): deviceKey:0x400:
05-28 16:11:15.461 I/AS.AudioDeviceInventory( 742): deviceInfo:null is(already)Connected:false
05-28 16:11:15.463 I/audio_hw_hal_primary( 509): [adev_set_parameters:4123] dev:0xeedc14a0, kv: set_ARC_hdmi=updated_sad
05-28 16:11:15.463 D/audio_hw_hal_hfp( 509): [audio_extn_hfp_set_parameters:739] audio_extn_hfp_set_parameters
05-28 16:11:15.464 I/audio_hw_hal_primary( 509): [adev_set_device_connected_state_v7:9037] connected address:, num_descriptors:0, num_profiles:0
05-28 16:11:15.464 I/audio_hw_hal_primary( 509): [set_device_connect_state:4044] state:1, dev:OUT_HDMI(0x400), pre_out:0x80002, pre_in:0x4
05-28 16:11:15.464 D/audio_hw_hal_resourcemgr( 509): [set_output_device_avail:353] device:0x400 avail_out_devices:400 routed_out_devices:0x400
05-28 16:11:15.464 D/audio_hw_hal_stream( 509): update_sink_format_after_hotplug() active stream 0xeed047f0
05-28 16:11:15.464 D/audio_hw_hal_profile( 509): get_hdmi_sink_cap_new is running...
05-28 16:11:15.464 D/audio_hw_hal_profile( 509): query hdmi format...
05-28 16:11:15.464 D/audio_hw_hal_profile( 509): get_hdmi_sink_cap_new ddp is unsupported; ddp-joc(atmos) is unsupported;
05-28 16:11:15.464 I/audio_hw_hal_profile( 509): PCM cap Max channel =2
05-28 16:11:15.464 I/audio_hw_hal_stream( 509): get_sink_capability mbox+dvb case sink_capability = 0x1
05-28 16:11:15.464 I/audio_hw_hal_stream( 509): force ddp out =0
05-28 16:11:15.464 D/audio_hw_hal_profile( 509): get_hdmi_sink_cap_new is running...
05-28 16:11:15.465 D/audio_hw_hal_profile( 509): query hdmi format...
05-28 16:11:15.465 D/audio_hw_hal_profile( 509): get_hdmi_sink_cap_new ddp is unsupported; ddp-joc(atmos) is unsupported;
05-28 16:11:15.465 I/audio_hw_hal_profile( 509): PCM cap Max channel =2
05-28 16:11:15.465 I/audio_hw_hal_stream( 509): [get_sink_dts_capability:212] mbox+dvb case sink_capability: PCM_16_BIT(0x1)
05-28 16:11:15.465 D/audio_hw_hal_profile( 509): get_hdmi_sink_cap_new is running...
05-28 16:11:15.465 D/audio_hw_hal_profile( 509): query hdmi format...
05-28 16:11:15.465 D/audio_hw_hal_profile( 509): get_hdmi_sink_cap_new ddp is unsupported; ddp-joc(atmos) is unsupported;
05-28 16:11:15.465 I/audio_hw_hal_profile( 509): PCM cap Max channel =2
05-28 16:11:15.465 I/audio_hw_hal_stream( 509): [get_sink_mpegh_capability:245] mbox+dvb case sink_capability: PCM_16_BIT(0x1)
05-28 16:11:15.465 D/audio_hw_hal_profile( 509): get_hdmi_sink_cap_new is running...
05-28 16:11:15.465 D/audio_hw_hal_profile( 509): [get_hdmi_sink_cap_new:960] query hdmi sample_rate... format: PCM_16_BIT(0x1)
05-28 16:11:15.465 I/audio_hw_hal_profile( 509): get_hdmi_sink_cap_new format =0x1 support rate =sup_sampling_rates=32000|44100|48000
05-28 16:11:15.466 I/audio_hw_hal_stream( 509): pcm_fmt support sample_rate_mask:0x7
05-28 16:11:15.466 I/audio_hw_hal_stream( 509): get_sink_dv_capability : /sys/class/amhdmitx/amhdmitx0/hdmi_hdr_status = SDR
05-28 16:11:15.466 I/audio_hw_hal_stream( 509): get_sink_dv_capability : dv enable 0
05-28 16:11:15.466 I/audio_hw_hal_stream( 509): [get_sink_format:446] out:0xeed047f0 out devices:0x80002 cur_out_devices:0x400 format:PCM_16_BIT(0x1) digital_mode(PCM) sink cap:PCM_16_BIT(0x1)
05-28 16:11:15.466 I/audio_hw_hal_stream( 509): get_sink_format() HDMI ARC or mbox + dvb case
05-28 16:11:15.466 I/audio_hw_hal_stream( 509): [get_sink_format:645] sink_format:PCM_16_BIT(0x1) max channel:2 optical_format:PCM_16_BIT(0x1) dual_output 0
05-28 16:11:15.466 I/audio_hw_hal_ms12common( 509): audiohal_send_msg_2_ms12 mesg_type:MS12_MESG_TYPE_RESET_MS12_ENCODER entry
05-28 16:11:15.466 I/audio_hw_hal_ms12common( 509): audiohal_send_msg_2_ms12 mesg_type:MS12_MESG_TYPE_RESET_MS12_ENCODER exit
05-28 16:11:15.466 D/audio_hw_hal_ms12v2( 509): set_dolby_ms12_continuous_state audio_continuous_standby_set status 0
05-28 16:11:15.466 D/audio_hw_hal_ms12common( 509): ms12_message_threadloop(), msg type: MS12_MESG_TYPE_RESET_MS12_ENCODER
05-28 16:11:15.466 D/audio_hw_hal_continuous_standby( 509): audio_continuous_standby_set, type 0, params 0
05-28 16:11:15.466 I/audio_hw_hal_ms12v2( 509): +dolby_ms12_encoder_reconfig()
05-28 16:11:15.466 I/audio_hw_hal_ms12common( 509): aml_set_ms12_scheduler_state ms12_scheduler_state:0, sch_state:0 SCHEDULER_RUNNING is sent to ms12
05-28 16:11:15.466 D/libdolbyms12( 509): mch_enable 0
05-28 16:11:15.466 D/audio_hw_hal_continuous_standby( 509): audio_continuous_standby_set, type 1, params 8
05-28 16:11:15.466 D/audio_hw_hal_ms12common( 509): ms12_message_threadloop mesg_list is empty, loop waiting......
05-28 16:11:15.468 W/DeviceHAL( 509): Error from HAL Device in function get_audio_port_v7: Function not implemented
05-28 16:11:15.468 D/libdolbyms12( 509): set runtime mch_enable 0
05-28 16:11:15.468 D/libdolbyms12( 509): Aml_MS12_PcmrDynamicParamsSet mch_dynamic_enable change 0
05-28 16:11:15.469 I/AudioFlinger( 594): openOutput() this 0xf2b07600, module 10 Device AUDIO_DEVICE_OUT_HDMI, @:, SamplingRate 44100, Format 0xe000000, Channels 0x1, flags 0x11
05-28 16:11:15.469 D/audio_hw_hal_primary( 509): [adev_open_output_stream_new:7868] enter: dev=0xeedc14a0 handle=6e5 devices=0x400/'HDMI,' flags=0x11/'DIRECT,COMPRESS_OFFLOAD,' config=(rt=44100 ch_mask=0x1 fmt=0xe000000) address=''
05-28 16:11:15.469 D/audio_hw_hal_primary( 509): adev_open_output_stream_new: enter
05-28 16:11:15.469 I/audio_hw_hal_primary( 509): [adev_open_output_stream:3285] io 1765: out:0xeed0baf0 dev:OUT_HDMI(0x400) addr:
05-28 16:11:15.469 I/audio_hw_hal_primary( 509): [adev_open_output_stream:3287] ch_mask:0x1 rate:44100 format:DOLBY_TRUEHD(0xe000000) flags:0x11
05-28 16:11:15.469 I/audio_hw_hal_primary( 509): adev_open_output_stream: for raw audio output,force alsa stereo output
05-28 16:11:15.469 I/audio_hw_hal_primary( 509): [adev_open_output_stream:3610] result profile ch_mask:0x1 rate:44100 format:DOLBY_TRUEHD(0xe000000) usecase:RAW_DIRECT
05-28 16:11:15.469 I/audio_hw_hal_utils( 509): aml_get_stream_dump_file_name line 2929 file_name /data/vendor/audiohal/stream_pid509_tid17178.mlp
05-28 16:11:15.469 I/audio_hw_hal_primary( 509): [adev_open_output_stream_new:8037] io 1765: out: 0xeed0baf0 card:0 alsa devices:0 exit ------
05-28 16:11:15.472 I/audio_hw_hal_primary( 509): [out_get_buffer_size:552] out:0xeed0baf0 config.rate=44100, format:DOLBY_TRUEHD(0xe000000), stream format:DOLBY_TRUEHD(0xe000000)
05-28 16:11:15.472 I/AudioFlinger( 594): HAL output buffer size 16384 frames, normal sink buffer size 16384 frames
05-28 16:11:15.472 I/audio_hw_hal_primary( 509): [audiohal_get_latency:1333] io 1765: out:0xeed0baf0 frames:1408 rate:44100 whole_latency:31 alsa_latency:31
05-28 16:11:15.473 I/audio_hw_hal_primary( 509): [out_set_event_callback:3158] io 1765: out:0xeed0baf0, callback:0xf0dfc91d cookie:0xf14c2050
05-28 16:11:15.473 I/AudioFlinger( 594): AudioFlinger's thread 0xecf34760 tid=19395 ready to run
05-28 16:11:15.473 I/audio_hw_hal_primary( 509): [audiohal_get_latency:1333] io 1765: out:0xeed0baf0 frames:1280 rate:44100 whole_latency:29 alsa_latency:29
05-28 16:11:15.474 I/audio_hw_hal_primary( 509): [audiohal_get_latency:1333] io 1765: out:0xeed0baf0 frames:1280 rate:44100 whole_latency:29 alsa_latency:29
05-28 16:11:15.474 W/IPCThreadState( 594): Sending oneway calls to frozen process.
05-28 16:11:15.475 D/AudioFlinger( 594): ro.audio.silent is ignored since no output device is set
05-28 16:11:15.477 D/AudioFlinger( 594): ro.audio.silent is ignored since no output device is set
05-28 16:11:15.484 I/AudioFlinger( 594): openOutput() this 0xf2b07600, module 10 Device AUDIO_DEVICE_OUT_HDMI, @:, SamplingRate 32000, Format 0x000001, Channels 0x1, flags 0x41
05-28 16:11:15.484 D/audio_hw_hal_primary( 509): [adev_open_output_stream_new:7868] enter: dev=0xeedc14a0 handle=6ed devices=0x400/'HDMI,' flags=0x41/'DIRECT,HW_AV_SYNC,' config=(rt=32000 ch_mask=0x1 fmt=0x1) address=''
05-28 16:11:15.484 D/audio_hw_hal_primary( 509): adev_open_output_stream_new: enter
05-28 16:11:15.484 I/audio_hw_hal_primary( 509): [adev_open_output_stream:3285] io 1773: out:0xeed09e30 dev:OUT_HDMI(0x400) addr:
05-28 16:11:15.484 I/audio_hw_hal_primary( 509): [adev_open_output_stream:3287] ch_mask:0x1 rate:32000 format:PCM_16_BIT(0x1) flags:0x41
05-28 16:11:15.484 D/audio_hw_hal_primary( 509): [adev_open_output_stream:3573] format=PCM_16_BIT rate=32000
05-28 16:11:15.484 I/audio_hw_hal_primary( 509): init resampler from 32000 to 48000!
05-28 16:11:15.484 D/audio_hw_utils_resampler( 509): resampler_init, Init Resampler: input_sr = 32000, output_sr = 48000
05-28 16:11:15.484 I/audio_hw_hal_primary( 509): [adev_open_output_stream:3610] result profile ch_mask:0x1 rate:32000 format:PCM_16_BIT(0x1) usecase:PCM_HWSYNC
05-28 16:11:15.485 D/audio_hw_hal_timer( 509): func:audio_timer_create create timer.1 success.
05-28 16:11:15.485 D/audio_hw_hal_timer( 509): func:audio_timer_create create timer.2 success.
05-28 16:11:15.485 D/audio_hw_hal_primary( 509): [adev_open_output_stream_new:7980] timer_id:1
05-28 16:11:15.485 I/audio_hw_hal_utils( 509): aml_get_stream_dump_file_name line 2929 file_name /data/vendor/audiohal/stream_pid509_tid17178.pcm
05-28 16:11:15.485 I/audio_hw_hal_primary( 509): [adev_open_output_stream_new:8037] io 1773: out: 0xeed09e30 card:0 alsa devices:0 exit ------
05-28 16:11:15.486 I/audio_hw_hal_primary( 509): [out_get_buffer_size:552] out:0xeed09e30 config.rate=32000, format:PCM_16_BIT(0x1), stream format:PCM_16_BIT(0x1)
05-28 16:11:15.487 I/AudioFlinger( 594): HAL output buffer size 2068 frames, normal sink buffer size 2068 frames
05-28 16:11:15.487 I/audio_hw_hal_primary( 509): [audiohal_get_latency:1333] io 1773: out:0xeed09e30 frames:1152 rate:32000 whole_latency:36 alsa_latency:36
05-28 16:11:15.487 I/audio_hw_hal_primary( 509): [out_set_event_callback:3158] io 1773: out:0xeed09e30, callback:0xf0dfc91d cookie:0xf14c0a30
05-28 16:11:15.487 I/audio_hw_hal_primary( 509): [audiohal_get_latency:1333] io 1773: out:0xeed09e30 frames:1152 rate:32000 whole_latency:36 alsa_latency:36
05-28 16:11:15.487 I/AudioFlinger( 594): AudioFlinger's thread 0xecf142e0 tid=19398 ready to run
05-28 16:11:15.488 I/audio_hw_hal_primary( 509): [audiohal_get_latency:1333] io 1773: out:0xeed09e30 frames:1152 rate:32000 whole_latency:36 alsa_latency:36
05-28 16:11:15.488 W/IPCThreadState( 594): Sending oneway calls to frozen process.
05-28 16:11:15.488 D/AudioFlinger( 594): ro.audio.silent is ignored since no output device is set
05-28 16:11:15.488 D/audio_hw_hal_primary( 509): [out_standby_new:5767] io 1773: out:0xeed09e30 usecase:PCM_HWSYNC
05-28 16:11:15.488 I/audio_hw_hal_primary( 509): already standby, do nothing
05-28 16:11:15.490 D/AudioFlinger( 594): ro.audio.silent is ignored since no output device is set
05-28 16:11:15.490 D/AudioFlinger( 594): ro.audio.silent is ignored since no output device is set
05-28 16:11:15.491 D/AudioFlinger( 594): ro.audio.silent is ignored since no output device is set
05-28 16:11:15.491 D/AudioFlinger( 594): ro.audio.silent is ignored since no output device is set
05-28 16:11:15.492 D/AudioFlinger( 594): ro.audio.silent is ignored since no output device is set
05-28 16:11:15.492 D/AudioFlinger( 594): ro.audio.silent is ignored since no output device is set
05-28 16:11:15.493 D/AudioFlinger( 594): ro.audio.silent is ignored since no output device is set
05-28 16:11:15.494 D/AudioFlinger( 594): ro.audio.silent is ignored since no output device is set
05-28 16:11:15.494 D/AudioFlinger( 594): ro.audio.silent is ignored since no output device is set
05-28 16:11:15.497 D/AudioFlinger( 594): ro.audio.silent is ignored since no output device is set
05-28 16:11:15.497 D/AudioFlinger( 594): ro.audio.silent is ignored since no output device is set
05-28 16:11:15.498 I/AudioFlinger( 594): openOutput() this 0xf2b07600, module 10 Device AUDIO_DEVICE_OUT_HDMI, @:, SamplingRate 32000, Format 0x9000000, Channels 0x1, flags 0x1
05-28 16:11:15.498 D/audio_hw_hal_primary( 509): [adev_open_output_stream_new:7868] enter: dev=0xeedc14a0 handle=6f5 devices=0x400/'HDMI,' flags=0x1/'DIRECT,' config=(rt=32000 ch_mask=0x1 fmt=0x9000000) address=''
05-28 16:11:15.498 D/audio_hw_hal_primary( 509): adev_open_output_stream_new: enter
05-28 16:11:15.498 I/audio_hw_hal_primary( 509): [adev_open_output_stream:3285] io 1781: out:0xeed09700 dev:OUT_HDMI(0x400) addr:
05-28 16:11:15.498 I/audio_hw_hal_primary( 509): [adev_open_output_stream:3287] ch_mask:0x1 rate:32000 format:AC3(0x9000000) flags:0x1
05-28 16:11:15.498 I/audio_hw_hal_primary( 509): adev_open_output_stream: for raw audio output,force alsa stereo output
05-28 16:11:15.498 I/audio_hw_hal_primary( 509): [adev_open_output_stream:3610] result profile ch_mask:0x1 rate:32000 format:AC3(0x9000000) usecase:RAW_DIRECT
05-28 16:11:15.498 I/audio_hw_hal_utils( 509): aml_get_stream_dump_file_name line 2929 file_name /data/vendor/audiohal/stream_pid509_tid17178.dd
05-28 16:11:15.499 I/audio_hw_hal_primary( 509): [adev_open_output_stream_new:8037] io 1781: out: 0xeed09700 card:0 alsa devices:0 exit ------
05-28 16:11:15.503 I/audio_hw_hal_primary( 509): [out_get_buffer_size:552] out:0xeed09700 config.rate=32000, format:AC3(0x9000000), stream format:AC3(0x9000000)
05-28 16:11:15.503 I/AudioFlinger( 594): HAL output buffer size 2048 frames, normal sink buffer size 2048 frames
05-28 16:11:15.503 I/audio_hw_hal_primary( 509): [audiohal_get_latency:1333] io 1781: out:0xeed09700 frames:1152 rate:32000 whole_latency:36 alsa_latency:36
05-28 16:11:15.504 I/audio_hw_hal_primary( 509): [out_set_event_callback:3158] io 1781: out:0xeed09700, callback:0xf0dfc91d cookie:0xf14c1f90
05-28 16:11:15.504 I/audio_hw_hal_primary( 509): [audiohal_get_latency:1333] io 1781: out:0xeed09700 frames:1152 rate:32000 whole_latency:36 alsa_latency:36
05-28 16:11:15.504 I/audio_hw_hal_primary( 509): [audiohal_get_latency:1333] io 1781: out:0xeed09700 frames:1152 rate:32000 whole_latency:36 alsa_latency:36
05-28 16:11:15.504 I/AudioFlinger( 594): AudioFlinger's thread 0xecf20490 tid=19399 ready to run
05-28 16:11:15.505 W/IPCThreadState( 594): Sending oneway calls to frozen process.
05-28 16:11:15.505 D/AudioFlinger( 594): ro.audio.silent is ignored since no output device is set
05-28 16:11:15.506 D/audio_hw_hal_primary( 509): [out_standby_new:5767] io 1781: out:0xeed09700 usecase:RAW_DIRECT
05-28 16:11:15.506 I/audio_hw_hal_primary( 509): already standby, do nothing
05-28 16:11:15.508 D/AudioFlinger( 594): ro.audio.silent is ignored since no output device is set
05-28 16:11:15.514 I/AudioFlinger( 594): openOutput() this 0xf2b07600, module 10 Device AUDIO_DEVICE_OUT_HDMI, @:, SamplingRate 32000, Format 0x9000000, Channels 0x1, flags 0x51
05-28 16:11:15.514 D/hdmicecd( 532): [CEC]:printCecMessage, [4 -> 4] len: 0, body:, result:no ack
05-28 16:11:15.514 D/audio_hw_hal_primary( 509): [adev_open_output_stream_new:7868] enter: dev=0xeedc14a0 handle=6fd devices=0x400/'HDMI,' flags=0x51/'DIRECT,COMPRESS_OFFLOAD,HW_AV_SYNC,' config=(rt=32000 ch_mask=0x1 fmt=0x9000000) address=''
05-28 16:11:15.514 D/audio_hw_hal_primary( 509): adev_open_output_stream_new: enter
05-28 16:11:15.514 I/audio_hw_hal_primary( 509): [adev_open_output_stream:3285] io 1789: out:0xeed00740 dev:OUT_HDMI(0x400) addr:
05-28 16:11:15.514 I/audio_hw_hal_primary( 509): [adev_open_output_stream:3287] ch_mask:0x1 rate:32000 format:AC3(0x9000000) flags:0x51
05-28 16:11:15.514 I/audio_hw_hal_primary( 509): adev_open_output_stream: for raw audio output,force alsa stereo output
05-28 16:11:15.514 D/audio_hw_hal_primary( 509): [adev_open_output_stream:3573] format=AC3 rate=32000
05-28 16:11:15.514 I/audio_hw_hal_primary( 509): [adev_open_output_stream:3610] result profile ch_mask:0x1 rate:32000 format:AC3(0x9000000) usecase:RAW_HWSYNC
05-28 16:11:15.514 I/audio_hw_hal_utils( 509): aml_get_stream_dump_file_name line 2929 file_name /data/vendor/audiohal/stream_pid509_tid17178.dd
05-28 16:11:15.514 I/audio_hw_hal_primary( 509): [adev_open_output_stream_new:8037] io 1789: out: 0xeed00740 card:0 alsa devices:0 exit ------
05-28 16:11:15.516 I/audio_hw_hal_primary( 509): [out_get_buffer_size:552] out:0xeed00740 config.rate=32000, format:AC3(0x9000000), stream format:AC3(0x9000000)
05-28 16:11:15.516 I/AudioFlinger( 594): HAL output buffer size 2048 frames, normal sink buffer size 2048 frames
05-28 16:11:15.516 I/audio_hw_hal_primary( 509): [audiohal_get_latency:1333] io 1789: out:0xeed00740 frames:1024 rate:32000 whole_latency:32 alsa_latency:32
05-28 16:11:15.519 I/audio_hw_hal_primary( 509): [out_set_event_callback:3158] io 1789: out:0xeed00740, callback:0xf0dfc91d cookie:0xf14c24d0
05-28 16:11:15.520 I/audio_hw_hal_primary( 509): [audiohal_get_latency:1333] io 1789: out:0xeed00740 frames:1152 rate:32000 whole_latency:36 alsa_latency:36
05-28 16:11:15.520 I/AudioFlinger( 594): AudioFlinger's thread 0xecf18370 tid=19400 ready to run
05-28 16:11:15.520 I/audio_hw_hal_primary( 509): [audiohal_get_latency:1333] io 1789: out:0xeed00740 frames:1152 rate:32000 whole_latency:36 alsa_latency:36
05-28 16:11:15.520 W/IPCThreadState( 594): Sending oneway calls to frozen process.
05-28 16:11:15.521 D/AudioFlinger( 594): ro.audio.silent is ignored since no output device is set
05-28 16:11:15.522 D/AudioFlinger( 594): ro.audio.silent is ignored since no output device is set
05-28 16:11:15.528 I/AudioFlinger( 594): openOutput() this 0xf2b07600, module 10 Device AUDIO_DEVICE_OUT_HDMI, @:, SamplingRate 0, Format 00000000, Channels 0, flags 0x4001
05-28 16:11:15.528 D/audio_hw_hal_primary( 509): [adev_open_output_stream_new:7868] enter: dev=0xeedc14a0 handle=705 devices=0x400/'HDMI,' flags=0x4001/'DIRECT,MMAP_NOIRQ,' config=(rt=0 ch_mask=0x0 fmt=0x0) address=''
05-28 16:11:15.528 D/audio_hw_hal_primary( 509): adev_open_output_stream_new: enter
05-28 16:11:15.528 I/audio_hw_hal_primary( 509): [adev_open_output_stream:3285] io 1797: out:0xeed040c0 dev:OUT_HDMI(0x400) addr:
05-28 16:11:15.528 I/audio_hw_hal_primary( 509): [adev_open_output_stream:3287] ch_mask:0 rate:0 format:DEFAULT(0) flags:0x4001
05-28 16:11:15.528 I/audio_hw_hal_primary( 509): when open aaudio stream, send RUNNING msg to submix & ms12
05-28 16:11:15.528 W/audio_hw_hal_ms12common( 509): aml_set_ms12_scheduler_state sch_state:0 SCHEDULER_RUNNING, ms12 scheduler state not changed.
05-28 16:11:15.528 I/audio_hw_hal_mmap( 509): [outMmapInit:680] stream:0xeed040c0
05-28 16:11:15.528 I/audio_hw_hal_mmap( 509): [dma_buffer_allocate:639] enter
05-28 16:11:15.528 I/DMABUFHEAPS( 509): Using DMA-BUF heap named: system-uncached
05-28 16:11:15.529 I/audio_hw_hal_mmap( 509): [dma_buffer_allocate:673] s32DmaFd:26, pu8MmapAddr:0xf21be000
05-28 16:11:15.529 I/audio_hw_hal_mmap( 509): [mmap_audio_register_client:927] OK ! stream 0xeed040c0, client id 0
05-28 16:11:15.529 I/audio_hw_hal_primary( 509): [adev_open_output_stream:3540] vendor.media.llp 0
05-28 16:11:15.529 I/audio_hw_hal_primary( 509): [adev_open_output_stream:3610] result profile ch_mask:0x3 rate:48000 format:PCM_16_BIT(0x1) usecase:PCM_MMAP
05-28 16:11:15.529 I/audio_hw_hal_utils( 509): aml_get_stream_dump_file_name line 2929 file_name /data/vendor/audiohal/stream_pid509_tid17178.pcm
05-28 16:11:15.529 I/audio_hw_hal_primary( 509): [adev_open_output_stream_new:8037] io 1797: out: 0xeed040c0 card:0 alsa devices:0 exit ------
05-28 16:11:15.530 I/audio_hw_hal_primary( 509): [out_get_buffer_size:552] out:0xeed040c0 config.rate=48000, format:PCM_16_BIT(0x1), stream format:PCM_16_BIT(0x1)
05-28 16:11:15.530 W/IPCThreadState( 594): Sending oneway calls to frozen process.
05-28 16:11:15.530 I/AudioFlinger( 594): AudioFlinger's thread 0xecd40010 tid=19401 ready to run
05-28 16:11:15.531 I/audio_hw_hal_profile( 509): [out_get_parameters:2092] out:0xeed040c0 query channels. Format:PCM_16_BIT(0x1) ++++++++++ hal_format:PCM_16_BIT
05-28 16:11:15.531 D/audio_hw_hal_profile( 509): get_hdmi_sink_cap_new is running...
05-28 16:11:15.531 D/audio_hw_hal_profile( 509): [get_hdmi_sink_cap_new:887] query hdmi channels... format: PCM_16_BIT(0x1)
05-28 16:11:15.531 I/audio_hw_hal_profile( 509): [out_get_parameters:2165] sup_channels=AUDIO_CHANNEL_OUT_STEREO
05-28 16:11:15.532 D/AudioFlinger( 594): closing mmapThread 0xecd40010
05-28 16:11:15.532 W/IPCThreadState( 594): Sending oneway calls to frozen process.
05-28 16:11:15.532 D/AudioFlinger( 594): mmapThread exit()
05-28 16:11:15.533 I/audio_hw_hal_primary( 509): [adev_close_output_stream_new:8052] io handle 1797: out:0xeed040c0
05-28 16:11:15.533 D/audio_hw_hal_primary( 509): adev_close_output_stream_new: enter usecase = PCM_MMAP
05-28 16:11:15.533 I/audio_hw_hal_primary( 509): [adev_close_output_stream:3695] io 1797: out:0xeed040c0 dev:OUT_HDMI(0x400) flags:0x4001, usecase:PCM_MMAP
05-28 16:11:15.533 D/audio_hw_hal_primary( 509): [out_standby_new:5767] io 1797: out:0xeed040c0 usecase:PCM_MMAP
05-28 16:11:15.533 I/audio_hw_hal_primary( 509): already standby, do nothing
05-28 16:11:15.533 I/audio_hw_hal_mmap( 509): [outMmapDeInit:743] stream:0xeed040c0
05-28 16:11:15.533 I/audio_hw_hal_mmap( 509): [mmap_audio_unregister_client:955] OK ! stream 0xeed040c0, client id 0
05-28 16:11:15.533 I/audio_hw_hal_primary( 509): when close aaudio stream, send STANDBY msg to submix & ms12
05-28 16:11:15.533 I/audio_hw_hal_ms12common( 509): aml_set_ms12_scheduler_state ms12_scheduler_state:1, sch_state:1 SCHEDULER_STANDBY is sent to ms12
05-28 16:11:15.533 I/audio_hw_hal_resourcemgr( 509): [is_output_device_muted:710] device:0x2 port_mute:0, fade_mute:0
05-28 16:11:15.533 I/audio_hw_hal_primary( 509): [adev_close_output_stream:3863] io 1797: out:0xeed040c0 exit ------
05-28 16:11:15.534 I/AudioFlinger( 594): openOutput() this 0xf2b07600, module 10 Device AUDIO_DEVICE_OUT_HDMI, @:, SamplingRate 48000, Format 0x000001, Channels 0x3, flags 0x4001
05-28 16:11:15.536 D/audio_hw_hal_primary( 509): [adev_open_output_stream_new:7868] enter: dev=0xeedc14a0 handle=70d devices=0x400/'HDMI,' flags=0x4001/'DIRECT,MMAP_NOIRQ,' config=(rt=48000 ch_mask=0x3 fmt=0x1) address=''
05-28 16:11:15.536 D/audio_hw_hal_primary( 509): adev_open_output_stream_new: enter
05-28 16:11:15.536 I/audio_hw_hal_primary( 509): [adev_open_output_stream:3285] io 1805: out:0xeed040c0 dev:OUT_HDMI(0x400) addr:
05-28 16:11:15.536 I/audio_hw_hal_primary( 509): [adev_open_output_stream:3287] ch_mask:0x3 rate:48000 format:PCM_16_BIT(0x1) flags:0x4001
05-28 16:11:15.536 I/audio_hw_hal_primary( 509): when open aaudio stream, send RUNNING msg to submix & ms12
05-28 16:11:15.536 D/audio_hw_hal_ms12v2( 509): set_dolby_ms12_continuous_state audio_continuous_standby_set status 0
05-28 16:11:15.536 D/audio_hw_hal_continuous_standby( 509): audio_continuous_standby_set, type 0, params 0
05-28 16:11:15.536 I/audio_hw_hal_ms12common( 509): aml_set_ms12_scheduler_state ms12_scheduler_state:0, sch_state:0 SCHEDULER_RUNNING is sent to ms12
05-28 16:11:15.536 I/audio_hw_hal_mmap( 509): [outMmapInit:680] stream:0xeed040c0
05-28 16:11:15.536 I/audio_hw_hal_mmap( 509): [dma_buffer_allocate:639] enter
05-28 16:11:15.536 I/DMABUFHEAPS( 509): Using DMA-BUF heap named: system-uncached
05-28 16:11:15.536 I/audio_hw_hal_mmap( 509): [dma_buffer_allocate:673] s32DmaFd:26, pu8MmapAddr:0xf21be000
05-28 16:11:15.536 I/audio_hw_hal_mmap( 509): [mmap_audio_register_client:927] OK ! stream 0xeed040c0, client id 0
05-28 16:11:15.536 I/audio_hw_hal_primary( 509): [adev_open_output_stream:3540] vendor.media.llp 0
05-28 16:11:15.536 I/audio_hw_hal_primary( 509): [adev_open_output_stream:3610] result profile ch_mask:0x3 rate:48000 format:PCM_16_BIT(0x1) usecase:PCM_MMAP
05-28 16:11:15.536 I/audio_hw_hal_utils( 509): aml_get_stream_dump_file_name line 2929 file_name /data/vendor/audiohal/stream_pid509_tid17178.pcm
05-28 16:11:15.536 I/audio_hw_hal_primary( 509): [adev_open_output_stream_new:8037] io 1805: out: 0xeed040c0 card:0 alsa devices:0 exit ------
05-28 16:11:15.538 I/audio_hw_hal_primary( 509): [out_get_buffer_size:552] out:0xeed040c0 config.rate=48000, format:PCM_16_BIT(0x1), stream format:PCM_16_BIT(0x1)
05-28 16:11:15.538 I/AudioFlinger( 594): AudioFlinger's thread 0xecd40010 tid=19403 ready to run
05-28 16:11:15.539 W/IPCThreadState( 594): Sending oneway calls to frozen process.
05-28 16:11:15.541 I/audio_hw_hal_primary( 509): [out_set_volume:1406] out:0xeed040c0 left:1.000000 continuous:1 internal_format:PCM_16_BIT dolby:0 direct pcm:1 mmap_pcm:1
05-28 16:11:15.545 I/AudioFlinger( 594): openOutput() this 0xf2b07600, module 10 Device AUDIO_DEVICE_OUT_HDMI, @:, SamplingRate 0, Format 00000000, Channels 0, flags 0x41
05-28 16:11:15.545 D/audio_hw_hal_primary( 509): [adev_open_output_stream_new:7868] enter: dev=0xeedc14a0 handle=715 devices=0x400/'HDMI,' flags=0x41/'DIRECT,HW_AV_SYNC,' config=(rt=0 ch_mask=0x0 fmt=0x0) address=''
05-28 16:11:15.546 D/audio_hw_hal_primary( 509): adev_open_output_stream_new: enter
05-28 16:11:15.546 I/audio_hw_hal_primary( 509): [adev_open_output_stream:3285] io 1813: out:0xeed0dee0 dev:OUT_HDMI(0x400) addr:
05-28 16:11:15.546 I/audio_hw_hal_primary( 509): [adev_open_output_stream:3287] ch_mask:0 rate:0 format:DEFAULT(0) flags:0x41
05-28 16:11:15.546 D/audio_hw_hal_primary( 509): [adev_open_output_stream:3573] format=PCM_16_BIT rate=48000
05-28 16:11:15.546 I/audio_hw_hal_primary( 509): [adev_open_output_stream:3610] result profile ch_mask:0x3 rate:48000 format:PCM_16_BIT(0x1) usecase:PCM_HWSYNC
05-28 16:11:15.546 D/audio_hw_hal_timer( 509): func:audio_timer_create create timer.3 success.
05-28 16:11:15.546 D/audio_hw_hal_timer( 509): func:audio_timer_create create timer.4 success.
05-28 16:11:15.546 D/audio_hw_hal_primary( 509): [adev_open_output_stream_new:7980] timer_id:3
05-28 16:11:15.546 I/audio_hw_hal_utils( 509): aml_get_stream_dump_file_name line 2929 file_name /data/vendor/audiohal/stream_pid509_tid17178.pcm
05-28 16:11:15.546 I/audio_hw_hal_primary( 509): [adev_open_output_stream_new:8037] io 1813: out: 0xeed0dee0 card:0 alsa devices:0 exit ------
05-28 16:11:15.547 I/audio_hw_hal_primary( 509): [out_get_buffer_size:552] out:0xeed0dee0 config.rate=48000, format:PCM_16_BIT(0x1), stream format:PCM_16_BIT(0x1)
05-28 16:11:15.547 I/AudioFlinger( 594): HAL output buffer size 2058 frames, normal sink buffer size 2058 frames
05-28 16:11:15.548 I/audio_hw_hal_primary( 509): [audiohal_get_latency:1333] io 1813: out:0xeed0dee0 frames:1280 rate:48000 whole_latency:26 alsa_latency:26
05-28 16:11:15.548 I/audio_hw_hal_primary( 509): [out_set_event_callback:3158] io 1813: out:0xeed0dee0, callback:0xf0dfc91d cookie:0xf14c0d30
05-28 16:11:15.548 I/AudioFlinger( 594): AudioFlinger's thread 0xecf1c400 tid=19406 ready to run
05-28 16:11:15.548 I/audio_hw_hal_primary( 509): [audiohal_get_latency:1333] io 1813: out:0xeed0dee0 frames:1280 rate:48000 whole_latency:26 alsa_latency:26
05-28 16:11:15.549 I/audio_hw_hal_primary( 509): [audiohal_get_latency:1333] io 1813: out:0xeed0dee0 frames:1280 rate:48000 whole_latency:26 alsa_latency:26
05-28 16:11:15.550 D/AudioFlinger( 594): ro.audio.silent is ignored since no output device is set
05-28 16:11:15.550 W/IPCThreadState( 594): Sending oneway calls to frozen process.
05-28 16:11:15.550 D/audio_hw_hal_primary( 509): [out_standby_new:5767] io 1813: out:0xeed0dee0 usecase:PCM_HWSYNC
05-28 16:11:15.550 I/audio_hw_hal_primary( 509): already standby, do nothing
05-28 16:11:15.551 I/audio_hw_hal_profile( 509): [out_get_parameters:2085] out:0xeed0dee0 query audio format. ++++++++++ hal_format:PCM_16_BIT
05-28 16:11:15.551 D/audio_hw_hal_profile( 509): get_hdmi_sink_cap_new is running...
05-28 16:11:15.551 D/audio_hw_hal_profile( 509): query hdmi format...
05-28 16:11:15.551 D/audio_hw_hal_profile( 509): get_hdmi_sink_cap_new ddp is unsupported; ddp-joc(atmos) is unsupported;
05-28 16:11:15.551 I/audio_hw_hal_profile( 509): PCM cap Max channel =2
05-28 16:11:15.551 I/audio_hw_hal_profile( 509): [out_get_parameters:2165] sup_formats=AUDIO_FORMAT_PCM_16_BIT|AUDIO_FORMAT_IEC61937
05-28 16:11:15.552 D/APM_AudioPolicyManager( 594): modifySurroundFormats: forced use = 13
05-28 16:11:15.552 I/audio_hw_hal_profile( 509): [out_get_parameters:2089] out:0xeed0dee0 query sample rate. Format:PCM_16_BIT(0x1) ++++++++++ hal_format:PCM_16_BIT
05-28 16:11:15.552 D/audio_hw_hal_profile( 509): get_hdmi_sink_cap_new is running...
05-28 16:11:15.552 D/audio_hw_hal_profile( 509): [get_hdmi_sink_cap_new:960] query hdmi sample_rate... format: PCM_16_BIT(0x1)
05-28 16:11:15.552 I/audio_hw_hal_profile( 509): get_hdmi_sink_cap_new format =0x1 support rate =sup_sampling_rates=32000|44100|48000
05-28 16:11:15.552 I/audio_hw_hal_profile( 509): [out_get_parameters:2165] sup_sampling_rates=32000|44100|48000
05-28 16:11:15.553 I/audio_hw_hal_profile( 509): [out_get_parameters:2092] out:0xeed0dee0 query channels. Format:PCM_16_BIT(0x1) ++++++++++ hal_format:PCM_16_BIT
05-28 16:11:15.553 D/audio_hw_hal_profile( 509): get_hdmi_sink_cap_new is running...
05-28 16:11:15.553 D/audio_hw_hal_profile( 509): [get_hdmi_sink_cap_new:887] query hdmi channels... format: PCM_16_BIT(0x1)
05-28 16:11:15.553 I/audio_hw_hal_profile( 509): [out_get_parameters:2165] sup_channels=AUDIO_CHANNEL_OUT_STEREO
05-28 16:11:15.554 I/audio_hw_hal_profile( 509): [out_get_parameters:2089] out:0xeed0dee0 query sample rate. Format:IEC61937(0xd000000) ++++++++++ hal_format:PCM_16_BIT
05-28 16:11:15.554 D/audio_hw_hal_profile( 509): get_hdmi_sink_cap_new is running...
05-28 16:11:15.554 D/audio_hw_hal_profile( 509): [get_hdmi_sink_cap_new:960] query hdmi sample_rate... format: IEC61937(0xd000000)
05-28 16:11:15.554 I/audio_hw_hal_profile( 509): [out_get_parameters:2165] sup_sampling_rates=8000|11025|16000|22050|24000|32000|44100|48000|128000|176400|192000
05-28 16:11:15.554 I/audio_hw_hal_profile( 509): [out_get_parameters:2092] out:0xeed0dee0 query channels. Format:IEC61937(0xd000000) ++++++++++ hal_format:PCM_16_BIT
05-28 16:11:15.554 D/audio_hw_hal_profile( 509): get_hdmi_sink_cap_new is running...
05-28 16:11:15.555 D/audio_hw_hal_profile( 509): [get_hdmi_sink_cap_new:887] query hdmi channels... format: IEC61937(0xd000000)
05-28 16:11:15.555 I/audio_hw_hal_profile( 509): [out_get_parameters:2165] sup_channels=AUDIO_CHANNEL_OUT_MONO|AUDIO_CHANNEL_OUT_STEREO|AUDIO_CHANNEL_OUT_TRI|AUDIO_CHANNEL_OUT_TRI_BACK|AUDIO_CHANNEL_OUT_3POINT1|AUDIO_CHANNEL_OUT_QUAD|AUDIO_CHANNEL_OUT_SURROUND|AUDIO_CHANNEL_OUT_PENTA|AUDIO_CHANNEL_OUT_5POINT1|AUDIO_CHANNEL_OUT_7POINT1
05-28 16:11:15.555 D/audio_hw_hal_primary( 509): [out_dump:848] io 1813: out:0xeed0dee0, fd:27
05-28 16:11:15.556 W/IPCThreadState( 594): Sending oneway calls to frozen process.
05-28 16:11:15.557 D/audio_hw_hal_primary( 509): [out_set_parameters:971] out:0xeed0dee0 kvpairs:closing=true;exiting=1 out->out_device:0x400, adev->out_device:0x80002
05-28 16:11:15.557 E/audio_hw_hal_primary( 509): out_set_parameters, ret:-2, hw_sync_mode:is false
05-28 16:11:15.557 D/AudioFlinger( 594): ro.audio.silent is ignored since no output device is set
05-28 16:11:15.558 I/audio_hw_hal_primary( 509): [out_set_event_callback:3158] io 1813: out:0xeed0dee0, callback:0xf0dfc91d cookie:0xf14c0d30
05-28 16:11:15.558 I/audio_hw_hal_primary( 509): [adev_close_output_stream_new:8052] io handle 1813: out:0xeed0dee0
05-28 16:11:15.558 D/audio_hw_hal_primary( 509): adev_close_output_stream_new: enter usecase = PCM_HWSYNC
05-28 16:11:15.558 D/audio_hw_hal_timer( 509): func:audio_timer_delete delete timer.3 success.
05-28 16:11:15.558 D/audio_hw_hal_timer( 509): func:audio_timer_delete delete timer.4 success.
05-28 16:11:15.558 D/audio_hw_hal_primary( 509): [adev_close_output_stream_new:8076] timer_id:3 ret:4
05-28 16:11:15.558 I/audio_hw_hal_primary( 509): [adev_close_output_stream:3695] io 1813: out:0xeed0dee0 dev:OUT_HDMI(0x400) flags:0x41, usecase:PCM_HWSYNC
05-28 16:11:15.558 D/audio_hw_hal_primary( 509): [out_standby_new:5767] io 1813: out:0xeed0dee0 usecase:PCM_HWSYNC
05-28 16:11:15.558 I/audio_hw_hal_primary( 509): already standby, do nothing
05-28 16:11:15.558 I/audio_hw_hal_resourcemgr( 509): [is_output_device_muted:710] device:0x2 port_mute:0, fade_mute:0
05-28 16:11:15.558 I/audio_hw_hal_primary( 509): [adev_close_output_stream:3863] io 1813: out:0xeed0dee0 exit ------
05-28 16:11:15.559 I/AudioFlinger( 594): openOutput() this 0xf2b07600, module 10 Device AUDIO_DEVICE_OUT_HDMI, @:, SamplingRate 8000, Format 0xd000000, Channels 0x1, flags 0x41
05-28 16:11:15.559 D/audio_hw_hal_primary( 509): [adev_open_output_stream_new:7868] enter: dev=0xeedc14a0 handle=71d devices=0x400/'HDMI,' flags=0x441/'DIRECT,HW_AV_SYNC,IEC958_NONAUDIO,' config=(rt=8000 ch_mask=0x1 fmt=0xd000000) address=''
05-28 16:11:15.559 D/audio_hw_hal_primary( 509): adev_open_output_stream_new: enter
05-28 16:11:15.559 I/audio_hw_hal_primary( 509): [adev_open_output_stream:3285] io 1821: out:0xeed0dee0 dev:OUT_HDMI(0x400) addr:
05-28 16:11:15.559 I/audio_hw_hal_primary( 509): [adev_open_output_stream:3287] ch_mask:0x1 rate:8000 format:IEC61937(0xd000000) flags:0x441
05-28 16:11:15.559 D/audio_hw_hal_primary( 509): [adev_open_output_stream:3381] current format is IEC61937
05-28 16:11:15.559 D/audio_hw_hal_primary( 509): [adev_open_output_stream:3573] format=IEC61937 rate=8000
05-28 16:11:15.559 I/audio_hw_hal_primary( 509): [adev_open_output_stream:3610] result profile ch_mask:0x1 rate:8000 format:IEC61937(0xd000000) usecase:RAW_DIRECT
05-28 16:11:15.559 I/audio_hw_hal_utils( 509): aml_get_stream_dump_file_name line 2929 file_name /data/vendor/audiohal/stream_pid509_tid17178.pcm
