05-28 16:16:00.373 I/SystemControl( 343): [/Ubootenv.cpp, updateValue, 68] [ubootenv] update value name [ubootenv.var.hdmi_colorspace]: value [auto]
05-28 16:16:00.374 I/SystemControl( 343): [/Ubootenv.cpp, get, 336] [ubootenv] get key:hdmi_colorspace envValue: auto
05-28 16:16:00.374 I/SystemControl( 343): [/Ubootenv.cpp, updateValue, 68] [ubootenv] update value name [ubootenv.var.outputmode]: value [2160p60hz]
05-28 16:16:00.374 I/SystemControl( 343): [/Ubootenv.cpp, get, 336] [ubootenv] get key:outputmode envValue: 1080p60hz
05-28 16:16:00.374 I/SystemControl( 343): [/Ubootenv.cpp, printValues, 137] [ubootenv] printenv end
05-28 16:16:00.376 I/SystemControl( 343): [/Ubootenv.cpp, updateValue, 104] [ubootenv] Save ubootenv to /dev/block/by-name/env succeed!
05-28 16:16:00.377 E/MesonHwc( 289): dolby vision driver is not ready
05-28 16:16:00.377 V/MediaRouter( 742): Audio routes updated: AudioRoutesInfo{ type=HDMI }, a2dp=false
05-28 16:16:00.377 V/MediaRouter( 742): Selecting route: RouteInfo{ name=外部设备, description=null, status=null, category=RouteCategory{ name=系统 types=ROUTE_TYPE_LIVE_AUDIO ROUTE_TYPE_LIVE_VIDEO groupable=false }, supportedTypes=ROUTE_TYPE_LIVE_AUDIO ROUTE_TYPE_LIVE_VIDEO , presentationDisplay=null }
05-28 16:16:00.379 V/MediaRouter( 1176): Audio routes updated: AudioRoutesInfo{ type=HDMI }, a2dp=false
05-28 16:16:00.379 V/MediaRouter( 1176): Selecting route: RouteInfo{ name=外部设备, description=null, status=null, category=RouteCategory{ name=系统 types=ROUTE_TYPE_LIVE_AUDIO ROUTE_TYPE_LIVE_VIDEO groupable=false }, supportedTypes=ROUTE_TYPE_LIVE_AUDIO ROUTE_TYPE_LIVE_VIDEO , presentationDisplay=null }
05-28 16:16:00.380 E/MesonHwc( 289): dolby vision driver is not ready
05-28 16:16:00.380 E/MesonHwc( 289): dolby vision driver is not ready
05-28 16:16:00.381 D/AvrcpVolumeManager( 1367): onAudioDevicesAdded: Not expecting device changed
05-28 16:16:00.380 D/MesonHwc( 289): ERR: PLEASE FIX NON-IMPLEMENT FUN(update).
05-28 16:16:00.381 D/ActiveDeviceManager( 1367): onAudioDevicesAdded
05-28 16:16:00.381 D/ActiveDeviceManager( 1367): Audio device added: DBBOX-A3 type: 9
05-28 16:16:00.381 D/MesonComposer3( 289): halEventcallback onHotplug client3.0
05-28 16:16:00.381 E/MesonHwc( 289): getPort 11
05-28 16:16:00.381 E/MesonHwc( 289): getPort 11
05-28 16:16:00.382 I/SystemControl( 343): notify plugin
05-28 16:16:00.382 I/SystemControl( 343): [/SystemControlHal.cpp, onEvent, 72] onEvent event:3, client size:5
05-28 16:16:00.382 I/SystemControlClient( 529): notifyCallback event type:3
05-28 16:16:00.382 I/SystemControlClient( 529): notifyCallback: listener is NULL.
05-28 16:16:00.382 I/SystemControlClient( 244): notifyCallback event type:3
05-28 16:16:00.382 I/SystemControlClient( 244): notifyCallback: listener is NULL.
05-28 16:16:00.382 I/SystemControlClient( 528): notifyCallback event type:3
05-28 16:16:00.382 I/SystemControlClient( 528): notifyCallback: listener is NULL.
05-28 16:16:00.383 I/SystemControlEvent( 1379): system control callback event: 3
05-28 16:16:00.383 I/SystemControlClient( 527): notifyCallback event type:3
05-28 16:16:00.383 I/SystemControlClient( 527): notifyCallback: listener is NULL.
05-28 16:16:00.388 E/ccc ( 1946): cccccc hdmi plug reset
05-28 16:16:00.389 D/xm_audio( 509): adev_get_parameters
05-28 16:16:00.389 E/xxxxxxxxxxxxxxx( 2316): onReceive:mIsHDMIPlugged = true
05-28 16:16:00.389 I/SurfaceFlinger( 263): Reconnecting display 4627013623894091019 (HAL ID 0)
05-28 16:16:00.390 D/xm_audio( 509): adev_get_parameters
05-28 16:16:00.391 E/MesonComposer3( 289): destroyLayer: display:0 failed to destroy layer:763
05-28 16:16:00.391 E/HwcComposer( 263): destroyLayer failed Status(-8, EX_SERVICE_SPECIFIC): '3: '
05-28 16:16:00.392 E/HWC2 ( 263): destroyLayer(0, 763) failed: BadLayer (3)
05-28 16:16:00.392 E/MesonComposer3( 289): destroyLayer: display:0 failed to destroy layer:506
05-28 16:16:00.392 E/HwcComposer( 263): destroyLayer failed Status(-8, EX_SERVICE_SPECIFIC): '3: '
05-28 16:16:00.392 E/HWC2 ( 263): destroyLayer(0, 506) failed: BadLayer (3)
05-28 16:16:00.392 E/MesonComposer3( 289): destroyLayer: display:0 failed to destroy layer:249
05-28 16:16:00.393 E/HwcComposer( 263): destroyLayer failed Status(-8, EX_SERVICE_SPECIFIC): '3: '
05-28 16:16:00.393 E/HWC2 ( 263): destroyLayer(0, 249) failed: BadLayer (3)
05-28 16:16:00.393 E/HwcComposer( 263): setClientTargetSlotCount failed Status(-8, EX_SERVICE_SPECIFIC): '4: '
05-28 16:16:00.393 I/FramebufferSurface( 263): Framebuffer size has been limited to [1920x1080] from [3840x2160]
05-28 16:16:00.397 D/xm_audio( 509): adev_get_parameters
05-28 16:16:00.399 D/xm_audio( 509): adev_get_parameters
05-28 16:16:00.402 D/hdmicecd( 532): [CEC]:printCecMessage, [4 -> b] len: 0, body:, result:no ack
05-28 16:16:00.402 D/HDMI ( 742): [S]: 4F:84:10:00:04
05-28 16:16:00.405 D/xm_audio( 509): adev_get_parameters
05-28 16:16:00.406 D/xm_audio( 509): adev_get_parameters
05-28 16:16:00.407 I/Scheduler( 263): Display 4627013623894091019 is the pacesetter
05-28 16:16:00.407 E/SchedulerTimer( 263): Terminated
05-28 16:16:00.407 D/SurfaceFlinger( 263): Setting power mode 2 on display 4627013623894091019
05-28 16:16:00.407 W/EventThread( 263): Failed dispatching Hotplug{displayId=4627013623894091019, connected} for Connection{0xf1c83290, VSyncRequest::None}
05-28 16:16:00.407 W/EventThread( 263): Failed dispatching Hotplug{displayId=4627013623894091019, connected} for Connection{0xf1c82c10, VSyncRequest::None}
05-28 16:16:00.407 W/EventThread( 263): Failed dispatching Hotplug{displayId=4627013623894091019, connected} for Connection{0xf1c82d10, VSyncRequest::None}
05-28 16:16:00.407 W/EventThread( 263): Failed dispatching Hotplug{displayId=4627013623894091019, connected} for Connection{0xf1c82890, VSyncRequest::None}
05-28 16:16:00.407 W/EventThread( 263): Failed dispatching Hotplug{displayId=4627013623894091019, connected} for Connection{0xf1c86910, VSyncRequest::None}
05-28 16:16:00.407 W/EventThread( 263): Failed dispatching Hotplug{displayId=4627013623894091019, connected} for Connection{0xf1c84e90, VSyncRequest::None}
05-28 16:16:00.408 D/SurfaceFlinger( 263): Finished setting power mode 2 on display 4627013623894091019
05-28 16:16:00.409 I/MesonDisplay( 289): [/mode_policy.c, meson_mode_set_policy, 1177] connector:0 to policy:0
05-28 16:16:00.409 I/MesonDisplay( 289): [/mode_policy.c, is_dv_prefer, 66] not prefer dv, hdr_priority:10000010
05-28 16:16:00.409 I/MesonDisplay( 289): [/mode_policy.c, is_dv_prefer, 66] not prefer dv, hdr_priority:10000010
05-28 16:16:00.409 I/MesonDisplay( 289): [/mode_policy.c, hdr_scene_process, 724] policy:0 is_bestcolorspace:1 state:0
05-28 16:16:00.409 I/MesonDisplay( 289): [/mode_policy_parser.c, is_support_hdmimode, 115] is_support_hdmimode mode: none not support
05-28 16:16:00.409 I/MesonDisplay( 289): [/mode_policy_parser.c, is_support_hdmimode, 110] is_support_hdmimode mode: 2160p60hz
05-28 16:16:00.409 D/MesonDisplay( 289): meson_write /sys/class/amhdmitx/amhdmitx0/valid_mode, outputmode:2160p60hz420,10bit
05-28 16:16:00.409 D/MesonDisplay( 289): valid mode is false!
05-28 16:16:00.409 I/MesonDisplay( 289): [/mode_policy_parser.c, is_support_hdmimode, 110] is_support_hdmimode mode: 2160p50hz
05-28 16:16:00.409 D/MesonDisplay( 289): meson_write /sys/class/amhdmitx/amhdmitx0/valid_mode, outputmode:2160p50hz420,10bit
05-28 16:16:00.409 D/MesonDisplay( 289): valid mode is false!
05-28 16:16:00.409 I/MesonDisplay( 289): [/mode_policy_parser.c, is_support_hdmimode, 110] is_support_hdmimode mode: 2160p60hz
05-28 16:16:00.409 D/MesonDisplay( 289): meson_write /sys/class/amhdmitx/amhdmitx0/valid_mode, outputmode:2160p60hz422,12bit
05-28 16:16:00.410 D/MesonDisplay( 289): valid mode is true!
05-28 16:16:00.410 I/MesonDisplay( 289): [/mode_policy.c, is_support_4kHDR, 499] is_support_4kHDR mode:[422,12bit], deep color:[2160p60hz]
05-28 16:16:00.410 I/MesonDisplay( 289): [/mode_policy.c, meson_mode_get_policy_output, 1289] final_displaymode:2160p60hz, final_deepcolor:422,12bit, amdv_type:0
05-28 16:16:00.410 I/MesonDisplay( 289): [/mode_policy.c, meson_mode_set_policy, 1177] connector:0 to policy:0
05-28 16:16:00.412 D/LocalDisplayAdapter( 742): The active mode was changed from SurfaceFlinger or the display device to {id=275, width=3840, height=2160, fps=59.94006, alternativeRefreshRates=[], supportedHdrTypes=[2]}
05-28 16:16:00.412 D/LocalDisplayAdapter( 742): New display modes are added and the active mode has changed, use active mode as default mode.
05-28 16:16:00.412 W/LocalDisplayAdapter( 742): DisplayModeSpecs base mode no longer available, using currently active mode.
05-28 16:16:00.413 I/DisplayDeviceRepository( 742): Display device changed: DisplayDeviceInfo{"内置屏幕": uniqueId="local:4627013623894091019", 1920 x 1080, modeId 272, renderFrameRate 59.94006, defaultModeId 272, supportedModes [{id=272, width=1920, height=1080, fps=59.94006, alternativeRefreshRates=[], supportedHdrTypes=[]}], colorMode 0, supportedColorModes [0], hdrCapabilities HdrCapabilities{mSupportedHdrTypes=[], mMaxLuminance=500.0, mMaxAverageLuminance=500.0, mMinLuminance=0.0}, allmSupported false, gameContentTypeSupported false, density 240, 42.406 x 42.203 dpi, appVsyncOff 2000000, presDeadline 13683333, touch INTERNAL, rotation 0, type INTERNAL, address {port=11, model=0x403674603f19a5}, deviceProductInfo DeviceProductInfo{name=Linux FHD, manufacturerPnpId=LNX, productId=0, modelYear=null, manufactureDate=ManufactureDate{week=5, year=2012}, connectionToSinkType=0}, state ON, committedState ON, frameRateOverride , brightnessMinimum 0.0, brightnessMaximum 1.0, brightnessDefault 0.39763778, hdrSdrRatio NaN, FLAG_ALLOWED_TO_BE_DEFAULT_DISPLAY, FLAG_ROTATES_WITH_CONTENT, FLAG_SECURE, FLAG_SUPPORTS_PROTECTED_BUFFERS, FLAG_TRUSTED, installOrientation 0, displayShape DisplayShape{ spec=729782573 displayWidth=1920 displayHeight=1080 physicalPixelDisplaySizeRatio=1.0 rotation=0 offsetX=0 offsetY=0 scale=1.0}}
05-28 16:16:00.415 W/LocalDisplayAdapter( 742): Ignoring request for invalid base mode id 272
05-28 16:16:00.417 D/xm_audio( 509): adev_get_parameters
05-28 16:16:00.417 D/DisplayManagerService( 742): Ignore redundant display event 0/2 to 10067/1190
05-28 16:16:00.418 D/DisplayManagerService( 742): Ignore redundant display event 0/2 to 10075/6844
05-28 16:16:00.419 E/Scheduler( 263): trackPendingFrame: Invalid present fence
05-28 16:16:00.420 I/DisplayDeviceRepository( 742): Display device changed: DisplayDeviceInfo{"内置屏幕": uniqueId="local:4627013623894091019", 3840 x 2160, modeId 275, renderFrameRate 59.94006, defaultModeId 275, supportedModes [{id=273, width=1920, height=1080, fps=59.94006, alternativeRefreshRates=[], supportedHdrTypes=[2]}, {id=274, width=1920, height=1080, fps=60.000004, alternativeRefreshRates=[], supportedHdrTypes=[2]}, {id=275, width=3840, height=2160, fps=59.94006, alternativeRefreshRates=[], supportedHdrTypes=[2]}, {id=276, width=3840, height=2160, fps=60.000004, alternativeRefreshRates=[], supportedHdrTypes=[2]}, {id=277, width=3840, height=2160, fps=50.0, alternativeRefreshRates=[], supportedHdrTypes=[2]}, {id=278, width=3840, height=2160, fps=29.97003, alternativeRefreshRates=[], supportedHdrTypes=[2]}, {id=279, width=3840, height=2160, fps=30.000002, alternativeRefreshRates=[], supportedHdrTypes=[2]}, {id=280, width=3840, height=2160, fps=25.0, alternativeRefreshRates=[], supportedHdrTypes=[2]}, {id=281, width=3840, height=2160, fps=23.976025, alternativeRefreshRates=[], supportedHdrTypes=[2]}, {id=282, width=3840, height=2160, fps=24.000002, alternativeRefreshRates=[], supportedHdrTypes=[2]}, {id=283, width=1920, height=1080, fps=50.0, alternativeRefreshRates=[], supportedHdrTypes=[2]}, {id=284, width=1920, height=1080, fps=29.97003, alternativeRefreshRates=[], supportedHdrTypes=[2]}, {id=285, width=1920, height=1080, fps=30.000002, alternativeRefreshRates=[], supportedHdrTypes=[2]}, {id=286, width=1920, height=1080, fps=23.976025, alternativeRefreshRates=[], supportedHdrTypes=[2]}, {id=287, width=1920, height=1080, fps=24.000002, alternativeRefreshRates=[], supportedHdrTypes=[2]}, {id=288, width=1280, height=720, fps=59.94006, alternativeRefreshRates=[], supportedHdrTypes=[2]}, {id=289, width=1280, height=720, fps=60.000004, alternativeRefreshRates=[], supportedHdrTypes=[2]}, {id=290, width=1280, height=720, fps=50.0, alternativeRefreshRates=[], supportedHdrTypes=[2]}], colorMode 0, supportedColorModes [0], hdrCapabilities HdrCapabilities{mSupportedHdrTypes=[2], mMaxLuminance=90.0, mMaxAverageLuminance=90.0, mMinLuminance=0.0}, allmSupported false, gameContentTypeSupported false, density 480, 84.813 x 84.406 dpi, appVsyncOff 2000000, presDeadline 13683333, touch INTERNAL, rotation 0, type INTERNAL, address {port=11, model=0x403674603f19a5}, deviceProductInfo DeviceProductInfo{name=DBPADGO1S, manufacturerPnpId=DBP, productId=48, modelYear=null, manufactureDate=ManufactureDate{week=10, year=2014}, connectionToSinkType=2}, state ON, committedState ON, frameRateOverride , brightnessMinimum 0.0, brightnessMaximum 1.0, brightnessDefault 0.39763778, hdrSdrRatio NaN, FLAG_ALLOWED_TO_BE_DEFAULT_DISPLAY, FLAG_ROTATES_WITH_CONTENT, FLAG_SECURE, FLAG_SUPPORTS_PROTECTED_BUFFERS, FLAG_TRUSTED, installOrientation 0, displayShape DisplayShape{ spec=-545313861 displayWidth=3840 displayHeight=2160 physicalPixelDisplaySizeRatio=1.0 rotation=0 offsetX=0 offsetY=0 scale=1.0}}
05-28 16:16:00.421 I/InputManager-JNI( 742): Viewport [0] to add: local:4627013623894091019, isActive: true
05-28 16:16:00.421 I/InputReader( 742): Reconfiguring input devices, changes=DISPLAY_INFO
05-28 16:16:00.423 D/xm_audio( 509): adev_get_parameters
05-28 16:16:00.426 D/DisplayManagerService( 742): Ignore redundant display event 0/2 to 10067/1190
05-28 16:16:00.426 D/DisplayManagerService( 742): Ignore redundant display event 0/2 to 10075/6844
05-28 16:16:00.430 I/RefreshRateSelector( 263): Display 4627013623894091019 policy changed
05-28 16:16:00.430 I/RefreshRateSelector( 263): Previous: {defaultModeId=280, allowGroupSwitching=false, primaryRanges={physical=[0.00 Hz, 340282346638528859811704183484516925440.00 Hz], render=[0.00 Hz, 340282346638528859811704183484516925440.00 Hz]}, appRequestRanges={physical=[0.00 Hz, 340282346638528859811704183484516925440.00 Hz], render=[0.00 Hz, 340282346638528859811704183484516925440.00 Hz]}}
05-28 16:16:00.430 I/RefreshRateSelector( 263): Current: DisplayManagerPolicy{defaultModeId=280, allowGroupSwitching=false, primaryRanges={physical=[0.00 Hz, inf Hz], render=[0.00 Hz, 120.00 Hz]}, appRequestRanges={physical=[0.00 Hz, inf Hz], render=[0.00 Hz, inf Hz]}}
05-28 16:16:00.430 I/RefreshRateSelector( 263): 0 mode changes were performed under the previous policy
05-28 16:16:00.434 D/xm_audio( 509): adev_get_parameters
05-28 16:16:00.435 D/xm_audio( 509): adev_get_parameters
05-28 16:16:00.439 D/xm_audio( 509): adev_get_parameters
05-28 16:16:00.440 D/xm_audio( 509): adev_get_parameters
05-28 16:16:00.446 D/xm_audio( 509): adev_get_parameters
05-28 16:16:00.446 D/xm_audio( 509): adev_get_parameters
05-28 16:16:00.450 D/xm_audio( 509): adev_get_parameters
05-28 16:16:00.451 D/xm_audio( 509): adev_get_parameters
05-28 16:16:00.455 D/xm_audio( 509): adev_get_parameters
05-28 16:16:00.456 D/xm_audio( 509): adev_get_parameters
05-28 16:16:00.460 D/xm_audio( 509): adev_get_parameters
05-28 16:16:00.461 D/xm_audio( 509): adev_get_parameters
05-28 16:16:00.465 D/xm_audio( 509): adev_get_parameters
05-28 16:16:00.466 D/xm_audio( 509): adev_get_parameters
05-28 16:16:00.470 I/vol.Events( 1176): writeEvent level_changed STREAM_VOICE_CALL 55
05-28 16:16:00.472 I/vol.Events( 1176): writeEvent level_changed STREAM_SYSTEM 55
05-28 16:16:00.475 I/vol.Events( 1176): writeEvent level_changed STREAM_RING 55
05-28 16:16:00.478 I/vol.Events( 1176): writeEvent level_changed STREAM_MUSIC 11
05-28 16:16:00.480 I/vol.Events( 1176): writeEvent level_changed STREAM_ALARM 55
05-28 16:16:00.506 E/db_okhttp( 8961): POST url:http://otysdktj.tvfuwu.com/util-servlet/clientservice
05-28 16:16:00.506 E/db_okhttp( 8961): Request: topic=dbsc_init&message={"list":"%5B%22%257B%2522action%2522%253A%2522%2522%252C%2522insertTime%2522%253A%25221748420160502%2522%252C%2522content%2522%253A%2522%25257B%252522create_time%252522%25253A%2525221748420160502%252522%25252C%252522function%252522%25253A%252522init%252522%25252C%252522devboot_id%252522%25253A%252522174841445459487%252522%25252C%252522init_ispause%252522%25253A%2525222%252522%25257D%2522%257D%22%5D","mode":"1","mac":"g/tNESpYG9/PwHTF3VhpwDk/T+Cy+qdeKwoSjimoU+Q=","wifimac":"q9MCMMcNlOCXpWwv1qdeYQ==","ip":"Fvuptjwx8oU6BDodh2IUcQ==","channel":"+uL1c5z1z7lZFZqvGVRkHQ==","deviceid":"HYW6A0RpORlEbwTfmhSa4ALk+KpIFJJkXD05AYjGwxzDMNTUA1Q+x0Bd609R6rdh","dev_uuid":"Wvul+Vc+nCobEd58umDMooPBejhZHq0SXslKSFEz0/7rNjNYcegbeZ/oqmU96vJB","uuid":"lkm2UxCCS6pUo0VM2hOh6kLHB5/gO8ZIxN5zfVGthUTvAgWOqVQi5iy53wVF0IzI","packagename":"4u7INlRctM+acvVJ1H8eFWhLT5oSUdIcuUT4JfTX7WI=","appname":"UbS086E9JOT+vRwzW0lFjA==","packagelist":"StYQ8VSaxno+sBFpzoW/MFP7p+RUJlFeCI0OTRHyCbqOiFITq2vTqkORUvk1LNhryFJGE26gmrCn3jkSXLqusUyDV5j43BDOc/rPTtfchbQ=","vname":"EEnPqQlWue6z1AGyQn9bHw==","vcode":"6X4bRW8AOLb6xahW1AOqXA==","brand":"TDkI4ikohcctSvValz6Lqg==","cpuserial":"E75ahJxR4Nm1GULbpKtJHg==","bluetoothmac":"q9MCMMcNlOCXpWwv1qdeYQ==","osversion":"eM2RQ/CyeWNEcjPYjEPAVg==","oscode":"c0NKRmy9YUIw3GmzbJld0g==","rommodel":"ABjPdzCJylEmN2GZQZkNHA==","is_write":"PGkmCK6GzMtvR1UYLLYopw==","is_updated":"PGkmCK6GzMtvR1UYLLYopw==","session_id":"nQpl+61uEwx7OAo8KazdxU4ychKV5w3qaH0bCeYgX6F1SFjk1bveNrOTAXDqePrQ","romvername":"","romvercode":"","boxfactory":"","sn":"","settle_mode":"1"}&requestSourceType=statistics&
05-28 16:16:00.556 D/hdmicecd( 532): [CEC]:printCecMessage, [4 -> f] len: 4, body: 84 10 00 04, result:success
05-28 16:16:00.556 E/IPCThreadState( 532): binder thread pool (1 threads) starved for 153 ms
05-28 16:16:00.556 D/HDMI ( 742): [S]: 4F:87:1C:A4:10
05-28 16:16:00.708 D/hdmicecd( 532): [CEC]:printCecMessage, [4 -> f] len: 4, body: 87 1c a4 10, result:success
05-28 16:16:00.708 E/IPCThreadState( 532): binder thread pool (1 threads) starved for 152 ms
05-28 16:16:00.708 D/HDMI ( 742): [S]: 40:8C
05-28 16:16:00.710 I/WifiHAL ( 558): call wifi_get_link_stats handler
05-28 16:16:00.710 I/WifiHAL ( 558): Creating message to get link statistics; iface = 16
05-28 16:16:00.710 D/WifiHAL ( 558): error code -95 mapped to -3
05-28 16:16:00.711 E/WifiStaIfaceAidlImpl( 742): getLinkLayerStats failed with service-specific exception: android.os.ServiceSpecificException: (code 4)
05-28 16:16:00.762 D/hdmicecd( 532): [CEC]:printCecMessage, [4 -> 0] len: 1, body: 8c, result:no ack
05-28 16:16:00.766 E/db_okhttp( 8961): POST_res url:http://otysdktj.tvfuwu.com/util-servlet/clientservice
05-28 16:16:00.766 E/db_okhttp( 8961): response:
05-28 16:16:00.818 D/hdmicecd( 532): [CEC]:printCecMessage, [4 -> 0] len: 1, body: 8c, result:no ack
05-28 16:16:00.819 E/HDMI ( 742): [1]:Failed to send 40:8C with errorCode=1
05-28 16:16:00.819 D/HDMI ( 742): [S]: 40:47:44:42:42:4F:58:2D:41:33
05-28 16:16:00.874 D/hdmicecd( 532): [CEC]:printCecMessage, [4 -> 0] len: 9, body: 47 44 42 42 4f 58 2d 41 33, result:no ack
05-28 16:16:00.930 D/hdmicecd( 532): [CEC]:printCecMessage, [4 -> 0] len: 9, body: 47 44 42 42 4f 58 2d 41 33, result:no ack
05-28 16:16:00.931 E/HDMI ( 742): [1]:Failed to send 40:47:44:42:42:4F:58:2D:41:33 with errorCode=1
05-28 16:16:00.931 D/HDMI ( 742): [S]: 45:7D
05-28 16:16:00.931 D/HDMI ( 742): Failed to send cec command 40:47:44:42:42:4F:58:2D:41:33
05-28 16:16:00.948 E/dangbei111( 1946): cccccc 检查遥控器是否连接: Dangbei E4:BB:D3:57:C0:53
05-28 16:16:00.952 E/dangbei111( 1946): cccccc 检查遥控器是否连接: 蓝牙的结果 Dangbei E4:BB:D3:57:C0:53 true
05-28 16:16:00.953 E/dangbei111( 1946): cccccc 确实有遥控器 存在
05-28 16:16:00.953 E/dangbei111( 1946): cccccc rc is connected, stop scan =E4:BB:D3:57:C0:53
05-28 16:16:00.986 D/hdmicecd( 532): [CEC]:printCecMessage, [4 -> 5] len: 1, body: 7d, result:no ack
05-28 16:16:01.046 D/hdmicecd( 532): [CEC]:printCecMessage, [4 -> 5] len: 1, body: 7d, result:no ack
05-28 16:16:01.046 E/HDMI ( 742): [1]:Failed to send 45:7D with errorCode=1
05-28 16:16:01.047 D/HDMI ( 742): AVR did not respond to
05-28 16:16:01.047 D/HdmiControlService( 742): Switching to full volume behavior
05-28 16:16:01.102 D/hdmicecd( 532): [CEC]:printCecMessage, [4 -> e] len: 0, body:, result:no ack
05-28 16:16:01.158 D/hdmicecd( 532): [CEC]:printCecMessage, [4 -> e] len: 0, body:, result:no ack
05-28 16:16:01.158 D/HdmiCecController( 742): [P]:AllocatedAddress=[]
05-28 16:16:01.218 D/hdmicecd( 532): [CEC]:printCecMessage, [4 -> b] len: 0, body:, result:no ack
05-28 16:16:01.274 D/hdmicecd( 532): [CEC]:printCecMessage, [4 -> 8] len: 0, body:, result:no ack
05-28 16:16:01.334 D/hdmicecd( 532): [CEC]:printCecMessage, [4 -> 5] len: 0, body:, result:no ack
05-28 16:16:01.368 D/MesonDisplay( 289): read /sys/class/amhdmitx/amhdmitx0/hdcp_lstore, result length:0, val:
05-28 16:16:01.390 D/hdmicecd( 532): [CEC]:printCecMessage, [4 -> 3] len: 0, body:, result:no ack
05-28 16:16:01.450 D/hdmicecd( 532): [CEC]:printCecMessage, [4 -> 1] len: 0, body:, result:no ack
05-28 16:16:01.506 D/hdmicecd( 532): [CEC]:printCecMessage, [4 -> 0] len: 0, body:, result:no ack
05-28 16:16:01.506 D/HdmiCecController( 742): [P]:AllocatedAddress=[]
05-28 16:16:01.507 D/hdmicecd( 532): [HdmiCecControl]:getPhysicalAddress, physical addr: 1000, last pa: 1000, ret = 0
05-28 16:16:01.507 D/HDMI ( 742): addCecDevice new:CEC: logical_address: 0x04 device_type: 4 cec_version: 5 vendor_id: 1877008 display_name: DBBOX-A3 power_status: 0 physical_address: 0x1000 port_id: 0 old:null
05-28 16:16:02.151 E/xxxxxxxxxxxxxxx( 2316): onReceive: true , configuration = {1.0 ?mcc0mnc [zh_CN] ldltr sw720dp w1280dp h720dp 240dpi xlrg long land television -touch -keyb/v/h dpad/v winConfig={ mBounds=Rect(0, 0 - 1920, 1080) mAppBounds=Rect(0, 0 - 1920, 1080) mMaxBounds=Rect(0, 0 - 1920, 1080) mDisplayRotation=ROTATION_0 mWindowingMode=fullscreen mDisplayWindowingMode=fullscreen mActivityType=undefined mAlwaysOnTop=undefined mRotation=ROTATION_0} as.2 s.22 fontWeightAdjustment=0}
05-28 16:16:02.151 E/xxxxxxxxxxxxxxx( 2316): isScreenSizeChange=false app onConfigurationChanged={1.0 ?mcc0mnc [zh_CN] ldltr sw720dp w1280dp h720dp 240dpi xlrg long land television -touch -keyb/v/h dpad/v winConfig={ mBounds=Rect(0, 0 - 1920, 1080) mAppBounds=Rect(0, 0 - 1920, 1080) mMaxBounds=Rect(0, 0 - 1920, 1080) mDisplayRotation=ROTATION_0 mWindowingMode=fullscreen mDisplayWindowingMode=fullscreen mActivityType=undefined mAlwaysOnTop=undefined mRotation=ROTATION_0} as.2 s.22 fontWeightAdjustment=0}
05-28 16:16:02.368 D/MesonDisplay( 289): read /sys/class/amhdmitx/amhdmitx0/hdcp_lstore, result length:0, val:
05-28 16:16:02.411 E/ccc ( 1946): cccccc onPhrikeUpdate downloading 87.977135
05-28 16:16:02.432 E/mali_gralloc( 1946): Attempt to call unlock*() on an buffer locked with invalid write locks buffer (0xf470d9e0)
05-28 16:16:02.432 E/mali_gralloc( 1946): Attempt to call unlock*() on an buffer locked with invalid write locks buffer (0xf4707e80)
05-28 16:16:02.435 E/mali_gralloc( 1946): Attempt to call unlock*() on an buffer locked with invalid write locks buffer (0xf4707e80)
05-28 16:16:03.359 D/audio_hw_hal_ms12common( 509): func:ms12_timer_callback_handler sigv:0 ~~~~~~~~~~
05-28 16:16:03.359 D/audio_hw_hal_ms12v2( 509): set_dolby_ms12_continuous_state audio_continuous_standby_set status 1
05-28 16:16:03.359 D/audio_hw_hal_continuous_standby( 509): audio_continuous_standby_set, type 0, params 1
05-28 16:16:03.359 D/audio_hw_hal_ms12common( 509): aml_send_ms12_scheduler_state_2_ms12 adev:0xeedc14a0, sch_state:1(SCHEDULER_STANDBY)
05-28 16:16:03.369 D/MesonDisplay( 289): read /sys/class/amhdmitx/amhdmitx0/hdcp_lstore, result length:0, val:
05-28 16:16:03.718 I/WifiHAL ( 558): call wifi_get_link_stats handler
05-28 16:16:03.718 I/WifiHAL ( 558): Creating message to get link statistics; iface = 16
05-28 16:16:03.718 D/WifiHAL ( 558): error code -95 mapped to -3
05-28 16:16:03.719 E/WifiStaIfaceAidlImpl( 742): getLinkLayerStats failed with service-specific exception: android.os.ServiceSpecificException: (code 4)
05-28 16:16:04.369 D/MesonDisplay( 289): read /sys/class/amhdmitx/amhdmitx0/hdcp_lstore, result length:0, val:
05-28 16:16:05.370 D/MesonDisplay( 289): read /sys/class/amhdmitx/amhdmitx0/hdcp_lstore, result length:0, val:
05-28 16:16:06.053 I/audio_hw_hal_alsamgr( 509): alsa format =0x1 delay frames =768 total frames=356110080
05-28 16:16:06.370 D/MesonDisplay( 289): read /sys/class/amhdmitx/amhdmitx0/hdcp_lstore, result length:0, val:
05-28 16:16:06.724 I/WifiHAL ( 558): call wifi_get_link_stats handler
05-28 16:16:06.724 I/WifiHAL ( 558): Creating message to get link statistics; iface = 16
05-28 16:16:06.724 D/WifiHAL ( 558): error code -95 mapped to -3
05-28 16:16:06.725 E/WifiStaIfaceAidlImpl( 742): getLinkLayerStats failed with service-specific exception: android.os.ServiceSpecificException: (code 4)
05-28 16:16:07.007 E/ccc ( 1946): cccccc onPhrikeUpdate downloading 88.1583
05-28 16:16:07.020 E/mali_gralloc( 1946): Attempt to call unlock*() on an buffer locked with invalid write locks buffer (0xf4707e80)
05-28 16:16:07.371 D/MesonDisplay( 289): read /sys/class/amhdmitx/amhdmitx0/hdcp_lstore, result length:0, val:
05-28 16:16:08.371 D/MesonDisplay( 289): read /sys/class/amhdmitx/amhdmitx0/hdcp_lstore, result length:0, val:
05-28 16:16:08.905 E/ccc ( 1946): cccccc sendCycleCheckBroadcast
05-28 16:16:08.905 W/ContextImpl( 1946): Calling a method in the system process without a qualified user: android.app.ContextImpl.sendBroadcast:1220 android.content.ContextWrapper.sendBroadcast:504 com.dangbei.etna.setting.core.SettingHelper.sendCycleToProjector:246 com.dangbei.etna.setting.core.SettingHelper.sendCycleCheckBroadcast:215 com.dangbei.etna.setting.core.SettingHelper.startLoop$lambda-0:174
05-28 16:16:08.907 W/ContextImpl( 1946): Calling a method in the system process without a qualified user: android.app.ContextImpl.sendBroadcast:1220 android.content.ContextWrapper.sendBroadcast:504 com.dangbei.etna.setting.core.SettingHelper.sendCycleToVoice:231 com.dangbei.etna.setting.core.SettingHelper.sendCycleCheckBroadcast:216 com.dangbei.etna.setting.core.SettingHelper.startLoop$lambda-0:174
05-28 16:16:08.910 W/ProcessStats( 742): Tracking association SourceState{6b8f34f com.dangbei.leard.leradlauncher/1000 BTop #2046} whose proc state 2 is better than process ProcessState{7da6cab com.android.webview:webview_service/10051 pkg=com.android.webview} proc state 15 (3 skipped)
05-28 16:16:08.911 D/RockyVoice( 2643): RestartReceiver onReceive
05-28 16:16:09.067 I/WifiService( 742): startScan uid=1000
05-28 16:16:09.068 E/ccc ( 2296): cccccc i will start scan
05-28 16:16:09.078 D/InstantWifi( 742): Drop, size: 1
05-28 16:16:09.079 D/WifiNl80211Manager( 742): Scan result ready event
05-28 16:16:09.080 D/WifiNative( 742): Scan result ready event
05-28 16:16:09.082 D/WificondScannerImpl( 742): Filtering out 1 scan results.
05-28 16:16:09.084 I/WifiHAL ( 558): call wifi_get_link_stats handler
05-28 16:16:09.084 I/WifiHAL ( 558): Creating message to get link statistics; iface = 16
05-28 16:16:09.084 E/ccc ( 2296): cccccc SCAN_RESULTS_AVAILABLE_ACTION hhhh
05-28 16:16:09.084 D/WifiHAL ( 558): error code -95 mapped to -3
05-28 16:16:09.086 E/WifiStaIfaceAidlImpl( 742): getLinkLayerStats failed with service-specific exception: android.os.ServiceSpecificException: (code 4)
05-28 16:16:09.086 E/hq ( 2316): NetWorkStateReceiver:::NetWorkStateReceiver onReceive: 网络变化广播 >>>> intent.action=android.net.wifi.SCAN_RESULTS
05-28 16:16:09.087 E/ccc ( 2296): cccccc result is empty start scan
05-28 16:16:09.087 I/WifiService( 742): startScan uid=1000
05-28 16:16:09.088 W/eventbuscore( 2316): post Event:com.dangbei.leard.base.entity.event.NetWifiRssiEvent
05-28 16:16:09.090 W/ScanResultUtil( 742): Empty or null ScanResult list
05-28 16:16:09.090 W/WifiService( 742): Attempt to retrieve WifiConfiguration with invalid scanResult List
05-28 16:16:09.090 W/ScanResultUtil( 742): Empty or null ScanResult list
05-28 16:16:09.090 E/WifiService( 742): Attempt to retrieve passpoint with invalid scanResult List
05-28 16:16:09.091 W/ScanResultUtil( 742): Empty or null ScanResult list
05-28 16:16:09.091 W/WifiService( 742): Attempt to retrieve OsuProviders with invalid scanResult List
05-28 16:16:09.100 D/InstantWifi( 742): Drop, size: 1
05-28 16:16:09.371 D/MesonDisplay( 289): read /sys/class/amhdmitx/amhdmitx0/hdcp_lstore, result length:0, val:
05-28 16:16:09.728 I/WifiHAL ( 558): call wifi_get_link_stats handler
05-28 16:16:09.729 I/WifiHAL ( 558): Creating message to get link statistics; iface = 16
05-28 16:16:09.729 D/WifiHAL ( 558): error code -95 mapped to -3
05-28 16:16:09.729 E/WifiStaIfaceAidlImpl( 742): getLinkLayerStats failed with service-specific exception: android.os.ServiceSpecificException: (code 4)
05-28 16:16:10.372 D/MesonDisplay( 289): read /sys/class/amhdmitx/amhdmitx0/hdcp_lstore, result length:0, val:
05-28 16:16:11.019 E/ccc ( 1946): cccccc onPhrikeUpdate downloading 88.27878
05-28 16:16:11.040 E/mali_gralloc( 1946): Attempt to call unlock*() on an buffer locked with invalid write locks buffer (0xf470d9e0)
05-28 16:16:11.043 E/mali_gralloc( 1946): Attempt to call unlock*() on an buffer locked with invalid write locks buffer (0xf470d9e0)
05-28 16:16:11.372 D/MesonDisplay( 289): read /sys/class/amhdmitx/amhdmitx0/hdcp_lstore, result length:0, val:
05-28 16:16:11.372 D/MesonDisplay( 289): read /sys/class/amhdmitx/amhdmitx0/hdcp_lstore, result length:0, val:
05-28 16:16:11.372 I/MesonDisplay( 289): [/HDCPTxAuth.cpp, authInit, 223] hdcp_tx key:
05-28 16:16:11.788 D/WifiNl80211Manager( 742): Scan result ready event
05-28 16:16:11.788 D/WifiNative( 742): Scan result ready event
05-28 16:16:11.803 D/WificondScannerImpl( 742): Filtering out 1 scan results.
05-28 16:16:11.843 E/ccc ( 2296): cccccc SCAN_RESULTS_AVAILABLE_ACTION hhhh
05-28 16:16:11.844 E/hq ( 2316): NetWorkStateReceiver:::NetWorkStateReceiver onReceive: 网络变化广播 >>>> intent.action=android.net.wifi.SCAN_RESULTS
05-28 16:16:11.844 D/PasspointManager( 742): ANQP entry not found for: da:c0:7c:df:20:94:
05-28 16:16:11.849 I/WifiHAL ( 558): call wifi_get_link_stats handler
05-28 16:16:11.849 I/WifiHAL ( 558): Creating message to get link statistics; iface = 16
05-28 16:16:11.849 D/WifiHAL ( 558): error code -95 mapped to -3
05-28 16:16:11.850 E/WifiStaIfaceAidlImpl( 742): getLinkLayerStats failed with service-specific exception: android.os.ServiceSpecificException: (code 4)
05-28 16:16:11.861 W/eventbuscore( 2316): post Event:com.dangbei.leard.base.entity.event.NetWifiRssiEvent
05-28 16:16:11.867 E/ccc ( 2296): cccccc result is not empty call back
05-28 16:16:11.867 E/ccc ( 2296): cccccc 666666666666666
05-28 16:16:11.880 E/ccc ( 2296): cccccc sort 2 50
05-28 16:16:12.733 I/WifiHAL ( 558): call wifi_get_link_stats handler
05-28 16:16:12.733 I/WifiHAL ( 558): Creating message to get link statistics; iface = 16
05-28 16:16:12.734 D/WifiHAL ( 558): error code -95 mapped to -3
05-28 16:16:12.734 E/WifiStaIfaceAidlImpl( 742): getLinkLayerStats failed with service-specific exception: android.os.ServiceSpecificException: (code 4)
05-28 16:16:15.198 E/ccc ( 1946): cccccc onPhrikeUpdate downloading 88.34492
05-28 16:16:15.211 E/mali_gralloc( 1946): Attempt to call unlock*() on an buffer locked with invalid write locks buffer (0xf470d9e0)
05-28 16:16:15.211 E/mali_gralloc( 1946): Attempt to call unlock*() on an buffer locked with invalid write locks buffer (0xf4707e80)
05-28 16:16:15.214 E/mali_gralloc( 1946): Attempt to call unlock*() on an buffer locked with invalid write locks buffer (0xf4707e80)
05-28 16:16:15.738 I/WifiHAL ( 558): call wifi_get_link_stats handler
05-28 16:16:15.738 I/WifiHAL ( 558): Creating message to get link statistics; iface = 16
05-28 16:16:15.738 D/WifiHAL ( 558): error code -95 mapped to -3
05-28 16:16:15.739 E/WifiStaIfaceAidlImpl( 742): getLinkLayerStats failed with service-specific exception: android.os.ServiceSpecificException: (code 4)
05-28 16:16:18.207 D/XM_HIDREAD( 2292): poll ret=1, event=1
05-28 16:16:18.207 D/XM_HIDREAD( 2292): [3 bytes]:03 23 02
05-28 16:16:18.307 D/XM_HIDREAD( 2292): poll ret=1, event=1
05-28 16:16:18.307 D/XM_HIDREAD( 2292): [3 bytes]:03 00 00
05-28 16:16:18.309 D/HdmiControlService( 742): Process pid: 742 is calling oneTouchPlay.
05-28 16:16:18.309 D/HDMI ( 742): oneTouchPlay com.android.server.hdmi.OneTouchPlayAction@42df899
05-28 16:16:18.309 D/HDMI ( 742): [S]: 40:0D
05-28 16:16:18.310 D/HDMI ( 742): setActiveSource logical:0x04 physical:0x1000 OneTouchPlayAction#broadcastActiveSource()
05-28 16:16:18.310 D/hdmicecd( 532): [HdmiCecControl]:getPhysicalAddress, physical addr: 1000, last pa: 1000, ret = 0
05-28 16:16:18.311 D/hdmicecd( 532): [HdmiCecControl]:getPhysicalAddress, physical addr: 1000, last pa: 1000, ret = 0
05-28 16:16:18.311 D/HDMI ( 742): ActiveSourceHistoryRecord active source=(0x04, 0x1000) isActiveSource=true from=OneTouchPlayAction#broadcastActiveSource()
05-28 16:16:18.311 D/HDMI ( 742): setActiveSource logical:0x04 physical:0x1000 ActiveSourceAction
05-28 16:16:18.312 D/hdmicecd( 532): [HdmiCecControl]:getPhysicalAddress, physical addr: 1000, last pa: 1000, ret = 0
05-28 16:16:18.312 D/hdmicecd( 532): [HdmiCecControl]:getPhysicalAddress, physical addr: 1000, last pa: 1000, ret = 0
05-28 16:16:18.313 D/HDMI ( 742): ActiveSourceHistoryRecord active source=(0x04, 0x1000) isActiveSource=true from=ActiveSourceAction
05-28 16:16:18.314 D/HdmiControlService( 742): Switching to full volume behavior
05-28 16:16:18.315 D/HdmiControlService( 742): Switching to full volume behavior
05-28 16:16:18.317 D/WindowManagerShell( 1176): TvPipMenuController: closeMenu()
05-28 16:16:18.317 E/hq ( 2316): HomeKeyReceiver:::onReceive android.intent.action.CLOSE_SYSTEM_DIALOGS
05-28 16:16:18.317 I/WindowManagerShell( 1176): TvPipMenuController: switchToMenuMode: setting mCurrentMenuMode=MODE_NO_MENU, mPrevMenuMode=MODE_NO_MENU
05-28 16:16:18.317 D/HomeKeyReceiver( 2316): reason:-----------homekey
05-28 16:16:18.318 W/eventbuscore( 2316): post Event:com.dangbei.leard.base.entity.event.HomeEvent
05-28 16:16:18.319 I/vol.VolumeDialogImpl( 1176): mDialog.dismiss() reason: volume_controller from: com.android.systemui.volume.VolumeDialogImpl$7.onDismissRequested:3
05-28 16:16:18.319 W/eventbuscore( 2316): post Event:com.dangbei.leard.base.entity.event.SwitchLauncherPageEvent
05-28 16:16:18.323 E/CellBroadcastUtils( 742): getDefaultCellBroadcastReceiverPackageName: no package found
05-28 16:16:18.331 I/ActivityTaskManager( 742): START u0 {act=android.intent.action.MAIN cat=[android.intent.category.HOME] flg=0x10000100 cmp=com.dangbei.leard.leradlauncher/com.dangbei.launcher.home.LauncherActivity (has extras)} with LAUNCH_SINGLE_TASK from uid 0 (BAL_ALLOW_ALLOWLISTED_UID) result code=2
05-28 16:16:18.332 V/WindowManagerShell( 1176): Transition requested: android.os.BinderProxy@ba3a197 TransitionRequestInfo { type = 1, triggerTask = TaskInfo{userId=0 taskId=4 displayId=0 isRunning=true baseIntent=Intent { act=android.intent.action.MAIN cat=[android.intent.category.HOME] flg=0x10800100 cmp=com.dangbei.leard.leradlauncher/com.dangbei.launcher.home.LauncherActivity } baseActivity=ComponentInfo{com.dangbei.leard.leradlauncher/com.dangbei.launcher.home.LauncherActivity} topActivity=ComponentInfo{com.dangbei.leard.leradlauncher/com.dangbei.launcher.home.LauncherActivity} origActivity=null realActivity=ComponentInfo{com.dangbei.leard.leradlauncher/com.dangbei.launcher.home.LauncherActivity} numActivities=1 lastActiveTime=7011664 supportsMultiWindow=true resizeMode=0 isResizeable=false minWidth=-1 minHeight=-1 defaultMinSize=220 token=WCT{android.window.IWindowContainerToken$Stub$Proxy@1b1ff84} topActivityType=2 pictureInPictureParams=null shouldDockBigOverlays=true launchIntoPipHostTaskId=-1 lastParentTaskIdBeforePip=-1 displayCutoutSafeInsets=null topActivityInfo=ActivityInfo{8bc336d com.dangbei.launcher.home.LauncherActivity} launchCookies=[] positionInParent=Point(0, 0) parentTaskId=-1 isFocused=true isVisible=true isVisibleRequested=true isSleeping=false topActivityInSizeCompat=false topActivityEligibleForLetterboxEducation= false isLetterboxDoubleTapEnabled= false topActivityEligibleForUserAspectRatioButton= false topActivityBoundsLetterboxed= false isFromLetterboxDoubleTap= false topActivityLetterboxVerticalPosition= -1 topActivityLetterboxHorizontalPosition= -1 topActivityLetterboxWidth=-1 topActivityLetterboxHeight=-1 isUserFullscreenOverrideEnabled=false isTopActivityTransparent=false locusId=null displayAreaFeatureId=1 cameraCompatControlState=hidden}, remoteTransition = null, displayChange = null, flags = 0 }
05-28 16:16:18.333 E/ccc ( 1946): cccccc OtaUpdateActivity onPause
05-28 16:16:18.338 E/Transition( 742): Trying to add a ready-group twice: Display{#0 state=ON size=1920x1080 ROTATION_0}
05-28 16:16:18.346 I/BpBinder( 263): onLastStrongRef automatically unlinking death recipients:
05-28 16:16:18.352 V/WindowManager( 742): app ------------- force_land :0
05-28 16:16:18.363 V/WindowManager( 742): Sent Transition #94 createdAt=05-28 16:16:18.321 via request=TransitionRequestInfo { type = 1, triggerTask = TaskInfo{userId=0 taskId=4 displayId=0 isRunning=true baseIntent=Intent { act=android.intent.action.MAIN cat=[android.intent.category.HOME] flg=0x10800100 cmp=com.dangbei.leard.leradlauncher/com.dangbei.launcher.home.LauncherActivity } baseActivity=ComponentInfo{com.dangbei.leard.leradlauncher/com.dangbei.launcher.home.LauncherActivity} topActivity=ComponentInfo{com.dangbei.leard.leradlauncher/com.dangbei.launcher.home.LauncherActivity} origActivity=null realActivity=ComponentInfo{com.dangbei.leard.leradlauncher/com.dangbei.launcher.home.LauncherActivity} numActivities=1 lastActiveTime=7011664 supportsMultiWindow=true resizeMode=0 isResizeable=false minWidth=-1 minHeight=-1 defaultMinSize=220 token=WCT{RemoteToken{e5127f1 Task{3b89a52 #4 type=home A=1000:com.dangbei.leard.leradlauncher}}} topActivityType=2 pictureInPictureParams=null shouldDockBigOverlays=true launchIntoPipHostTaskId=-1 lastParentTaskIdBeforePip=-1 displayCutoutSafeInsets=null topActivityInfo=ActivityInfo{13016cf com.dangbei.launcher.home.LauncherActivity} launchCookies=[] positionInParent=Point(0, 0) parentTaskId=-1 isFocused=true isVisible=true isVisibleRequested=true isSleeping=false topActivityInSizeCompat=false topActivityEligibleForLetterboxEducation= false isLetterboxDoubleTapEnabled= false topActivityEligibleForUserAspectRatioButton= false topActivityBoundsLetterboxed= false isFromLetterboxDoubleTap= false topActivityLetterboxVerticalPosition= -1 topActivityLetterboxHorizontalPosition= -1 topActivityLetterboxWidth=-1 topActivityLetterboxHeight=-1 isUserFullscreenOverrideEnabled=false isTopActivityTransparent=false locusId=null displayAreaFeatureId=1 cameraCompatControlState=hidden}, remoteTransition = null, displayChange = null, flags = 0 }
05-28 16:16:18.363 V/WindowManager( 742): startWCT=WindowContainerTransaction { changes = {} hops = [] errorCallbackToken=null taskFragmentOrganizer=null }
05-28 16:16:18.363 V/WindowManager( 742): info={id=94 t=OPEN f=0x0 trk=0 r=[0@Point(0, 0)] c=[{WCT{RemoteToken{44ca422 Task{a327710 #1 type=home}}} m=CHANGE f=MOVE_TO_TOP leash=Surface(name=Task=1)/@0xd12e164 sb=Rect(0, 0 - 1920, 1080) eb=Rect(0, 0 - 1920, 1080) d=0},{WCT{RemoteToken{8ea406e Task{35517b1 #55 type=standard A=1000:com.dangbei.lerad.etna.haqu}}} m=CLOSE f=TRANSLUCENT leash=Surface(name=Task=55)/@0xa0c4eb3 sb=Rect(0, 0 - 1920, 1080) eb=Rect(0, 0 - 1920, 1080) d=0},{WCT{RemoteToken{9cbaa9d Task{d88c6dc #54 type=standard A=1000:com.dangbei.haqusetting}}} m=CLOSE f=TRANSLUCENT leash=Surface(name=Task=54)/@0xcd4c86 sb=Rect(0, 0 - 1920, 1080) eb=Rect(0, 0 - 1920, 1080) d=0}]}
05-28 16:16:18.367 D/hdmicecd( 532): [CEC]:printCecMessage, [4 -> 0] len: 1, body: 0d, result:no ack
05-28 16:16:18.374 I/ImeTracker( 742): com.dangbei.leard.leradlauncher:1ccba1e: onRequestHide at ORIGIN_SERVER_HIDE_INPUT reason HIDE_ALWAYS_HIDDEN_STATE
05-28 16:16:18.374 I/ImeTracker( 742): com.dangbei.leard.leradlauncher:1ccba1e: onCancelled at PHASE_SERVER_SHOULD_HIDE
05-28 16:16:18.375 V/WindowManagerShell( 1176): onTransitionReady android.os.BinderProxy@ba3a197: {id=94 t=OPEN f=0x0 trk=0 r=[0@Point(0, 0)] c=[{WCT{android.window.IWindowContainerToken$Stub$Proxy@7867fee} m=CHANGE f=MOVE_TO_TOP leash=Surface(name=Task=1)/@0x31b4ba2 sb=Rect(0, 0 - 1920, 1080) eb=Rect(0, 0 - 1920, 1080) d=0},{WCT{android.window.IWindowContainerToken$Stub$Proxy@f532c8f} m=CLOSE f=TRANSLUCENT leash=Surface(name=Task=55)/@0x4f6c033 sb=Rect(0, 0 - 1920, 1080) eb=Rect(0, 0 - 1920, 1080) d=0},{WCT{android.window.IWindowContainerToken$Stub$Proxy@397bb1c} m=CLOSE f=TRANSLUCENT leash=Surface(name=Task=54)/@0x6118ff0 sb=Rect(0, 0 - 1920, 1080) eb=Rect(0, 0 - 1920, 1080) d=0}]}
05-28 16:16:18.376 V/WindowManagerShell( 1176): Playing animation for (#94)android.os.BinderProxy@ba3a197@0
05-28 16:16:18.376 V/WindowManagerShell( 1176): try handler com.android.wm.shell.keyguard.KeyguardTransitionHandler@d57b599
05-28 16:16:18.376 V/WindowManagerShell( 1176): try handler com.android.wm.shell.pip.tv.TvPipTransition@503205e
05-28 16:16:18.376 V/WindowManagerShell( 1176): try handler com.android.wm.shell.activityembedding.ActivityEmbeddingController@ce59c3f
05-28 16:16:18.376 V/WindowManagerShell( 1176): try handler com.android.wm.shell.transition.RemoteTransitionHandler@b18e90c
05-28 16:16:18.376 V/WindowManagerShell( 1176): Transition doesn't have explicit remote, search filters for match for {id=94 t=OPEN f=0x0 trk=0 r=[0@Point(0, 0)] c=[{WCT{android.window.IWindowContainerToken$Stub$Proxy@7867fee} m=CHANGE f=MOVE_TO_TOP leash=Surface(name=Task=1)/@0x31b4ba2 sb=Rect(0, 0 - 1920, 1080) eb=Rect(0, 0 - 1920, 1080) d=0},{WCT{android.window.IWindowContainerToken$Stub$Proxy@f532c8f} m=CLOSE f=TRANSLUCENT leash=Surface(name=Task=55)/@0x4f6c033 sb=Rect(0, 0 - 1920, 1080) eb=Rect(0, 0 - 1920, 1080) d=0},{WCT{android.window.IWindowContainerToken$Stub$Proxy@397bb1c} m=CLOSE f=TRANSLUCENT leash=Surface(name=Task=54)/@0x6118ff0 sb=Rect(0, 0 - 1920, 1080) eb=Rect(0, 0 - 1920, 1080) d=0}]}
05-28 16:16:18.377 V/WindowManagerShell( 1176): Delegate animation for #94 to null
05-28 16:16:18.377 V/WindowManagerShell( 1176): try handler com.android.wm.shell.transition.DefaultTransitionHandler@be51255
05-28 16:16:18.377 V/WindowManagerShell( 1176): start default transition animation, info = {id=94 t=OPEN f=0x0 trk=0 r=[0@Point(0, 0)] c=[{WCT{android.window.IWindowContainerToken$Stub$Proxy@7867fee} m=CHANGE f=MOVE_TO_TOP leash=Surface(name=Task=1)/@0x31b4ba2 sb=Rect(0, 0 - 1920, 1080) eb=Rect(0, 0 - 1920, 1080) d=0},{WCT{android.window.IWindowContainerToken$Stub$Proxy@f532c8f} m=CLOSE f=TRANSLUCENT leash=Surface(name=Task=55)/@0x4f6c033 sb=Rect(0, 0 - 1920, 1080) eb=Rect(0, 0 - 1920, 1080) d=0},{WCT{android.window.IWindowContainerToken$Stub$Proxy@397bb1c} m=CLOSE f=TRANSLUCENT leash=Surface(name=Task=54)/@0x6118ff0 sb=Rect(0, 0 - 1920, 1080) eb=Rect(0, 0 - 1920, 1080) d=0}]}
05-28 16:16:18.378 V/WindowManagerShell( 1176): loadAnimation: anim=android.view.animation.AlphaAnimation@b6002ab animAttr=0x7 type=OPEN isEntrance=false
05-28 16:16:18.383 V/WindowManagerShell( 1176): loadAnimation: anim=android.view.animation.AlphaAnimation@3f36d08 animAttr=0x7 type=OPEN isEntrance=false
05-28 16:16:18.384 V/WindowManagerShell( 1176): animated by com.android.wm.shell.transition.DefaultTransitionHandler@be51255
05-28 16:16:18.388 W/WindowOnBackDispatcher( 2296): sendCancelIfRunning: isInProgress=falsecallback=android.view.ViewRootImpl$$ExternalSyntheticLambda17@bec2f30
05-28 16:16:18.389 D/CoreBackPreview( 742): Window{42e516b u0 com.dangbei.haqusetting/com.dangbei.haqusetting.ui.HomeActivity}: Setting back callback null
05-28 16:16:18.390 I/hq ( 2316): 当小贝:::showMessage from=mActivityLifecycleCallbacks
05-28 16:16:18.391 I/hq ( 2316): 当小贝:::showMessage 没有消息需要显示
05-28 16:16:18.395 I/DefaultIMS( 3119): onStartInput attribute=android.view.inputmethod.EditorInfo@5d757e7 restarting=false inputType: 0
05-28 16:16:18.422 W/SQLiteLog( 2316): (28) double-quoted string literal: "UjftmJwNeB//pVBx7mhtEeHPe9pC4EZUjSMzSLTBTYa6e5OKeHEboo70o6vwEijCkC/BpN3ZlEO7
05-28 16:16:18.422 W/SQLiteLog( 2316): 1zXi4QbkkA==
05-28 16:16:18.422 W/SQLiteLog( 2316): "
05-28 16:16:18.422 W/SQLiteLog( 2316): (28) double-quoted string literal: "2B0FB2211E3C98AE89D6F141C845FE12"
05-28 16:16:18.423 W/SQLiteLog( 2316): (28) double-quoted string literal: "1748419741206"
05-28 16:16:18.423 W/SQLiteLog( 2316): (28) double-quoted string literal: "2B0FB2211E3C98AE89D6F141C845FE12"
05-28 16:16:18.423 W/InputManager-JNI( 742): Input channel object '42e516b com.dangbei.haqusetting/com.dangbei.haqusetting.ui.HomeActivity (client)' was disposed without first being removed with the input manager!
05-28 16:16:18.425 W/ContextImpl( 742): Calling a method in the system process without a qualified user: android.app.ContextImpl.startService:1899 com.android.server.wm.DisplayPolicy.lambda$focusChangedLw$5:2126 com.android.server.wm.DisplayPolicy.$r8$lambda$Znxk63oh-WzVnzo_WQefN7uxV48:0 com.android.server.wm.DisplayPolicy$$ExternalSyntheticLambda13.run:0 android.os.Handler.handleCallback:958
05-28 16:16:18.428 D/hdmicecd( 532): [CEC]:printCecMessage, [4 -> 0] len: 1, body: 0d, result:no ack
05-28 16:16:18.428 D/aaa ( 2151): LedStatusService onStartCommand begin
05-28 16:16:18.428 E/HDMI ( 742): [2]:Failed to send 40:0D with errorCode=1
05-28 16:16:18.429 D/HDMI ( 742): [S]: 4F:82:10:00
05-28 16:16:18.429 D/ResendCecCommandAction( 742): ResendCecCommandAction started
05-28 16:16:18.430 D/hdmicecd( 532): [HdmiCecControl]:updateActiveState sending messag:82 active state:1
05-28 16:16:18.430 D/aaa ( 2151): topPkg is -------------- :com.dangbei.leard.leradlauncher
05-28 16:16:18.439 W/SQLiteLog( 2316): (28) double-quoted string literal: "1748419741206"
05-28 16:16:18.440 W/SQLiteLog( 2316): (28) double-quoted string literal: "0"
05-28 16:16:18.440 W/SQLiteLog( 2316): (28) double-quoted string literal: ""
05-28 16:16:18.440 W/SQLiteLog( 2316): (28) double-quoted string literal: ""
05-28 16:16:18.440 W/SQLiteLog( 2316): (28) double-quoted string literal: "2B0FB2211E3C98AE89D6F141C845FE12"
05-28 16:16:18.444 D/aaa ( 2151): WiFi is connect
05-28 16:16:18.455 D/WindowManagerShell( 1176): TvPipController: onTaskStackChanged()
05-28 16:16:18.457 W/WindowOnBackDispatcher( 1946): sendCancelIfRunning: isInProgress=falsecallback=android.view.ViewRootImpl$$ExternalSyntheticLambda17@5e46670
05-28 16:16:18.457 D/CoreBackPreview( 742): Window{100e404 u0 com.dangbei.lerad.etna.haqu/com.dangbei.etna.update.ota.OtaUpdateActivity}: Setting back callback null
05-28 16:16:18.459 W/InputManager-JNI( 742): Input channel object '100e404 com.dangbei.lerad.etna.haqu/com.dangbei.etna.update.ota.OtaUpdateActivity (client)' was disposed without first being removed with the input manager!
05-28 16:16:18.478 W/WindowManager( 742): [addWindow] title:Toast
05-28 16:16:18.490 D/CoreBackPreview( 742): Window{3910a0d u0 Toast}: Setting back callback OnBackInvokedCallbackInfo{mCallback=android.window.IOnBackInvokedCallback$Stub$Proxy@84acf10, mPriority=0, mIsAnimationCallback=false}
05-28 16:16:18.493 W/SQLiteLog( 2316): (28) double-quoted string literal: "983C43F61C41F090AC23A269CE82CFB3"
05-28 16:16:18.504 E/mali_gralloc( 1946): Attempt to call unlock*() on an buffer locked with invalid write locks buffer (0xf470d9e0)
05-28 16:16:18.509 W/SQLiteLog( 2316): (28) double-quoted string literal: "983C43F61C41F090AC23A269CE82CFB3"
05-28 16:16:18.509 W/SQLiteLog( 2316): (28) double-quoted string literal: ""
05-28 16:16:18.510 W/SQLiteLog( 2316): (28) double-quoted string literal: "983C43F61C41F090AC23A269CE82CFB3"
05-28 16:16:18.510 W/SQLiteLog( 2316): (28) double-quoted string literal: "-1"
05-28 16:16:18.554 W/SQLiteLog( 2316): (28) double-quoted string literal: "2B0FB2211E3C98AE89D6F141C845FE12"
05-28 16:16:18.556 D/MobclickAgent( 2316): 创建新会话: 983C43F61C41F090AC23A269CE82CFB3
05-28 16:16:18.559 D/hdmicecd( 532): [CEC]:printCecMessage, [4 -> f] len: 3, body: 82 10 00, result:success
05-28 16:16:18.559 E/IPCThreadState( 532): binder thread pool (1 threads) starved for 130 ms
05-28 16:16:18.560 D/HDMI ( 742): [S]: 40:8E:00
05-28 16:16:18.568 D/TrafficStats( 2316): tagSocket(129) with statsTag=0xffffffff, statsUid=-1
05-28 16:16:18.569 D/TrafficStats( 2316): tagSocket(131) with statsTag=0xffffffff, statsUid=-1
05-28 16:16:18.572 D/TrafficStats( 2316): tagSocket(115) with statsTag=0xffffffff, statsUid=-1
05-28 16:16:18.618 D/hdmicecd( 532): [CEC]:printCecMessage, [4 -> 0] len: 2, body: 8e 00, result:no ack
05-28 16:16:18.674 D/hdmicecd( 532): [CEC]:printCecMessage, [4 -> 0] len: 2, body: 8e 00, result:no ack
05-28 16:16:18.675 E/HDMI ( 742): [1]:Failed to send 40:8E:00 with errorCode=1
05-28 16:16:18.676 D/HDMI ( 742): [S]: 45:70:10:00
05-28 16:16:18.729 D/ResendCecCommandAction( 742): sendCommandWithoutRetries failed, retry
05-28 16:16:18.730 D/hdmicecd( 532): [CEC]:printCecMessage, [4 -> 5] len: 3, body: 70 10 00, result:no ack
05-28 16:16:18.743 I/WifiHAL ( 558): call wifi_get_link_stats handler
05-28 16:16:18.743 I/WifiHAL ( 558): Creating message to get link statistics; iface = 16
05-28 16:16:18.743 D/WifiHAL ( 558): error code -95 mapped to -3
05-28 16:16:18.743 E/WifiStaIfaceAidlImpl( 742): getLinkLayerStats failed with service-specific exception: android.os.ServiceSpecificException: (code 4)
05-28 16:16:18.779 D/AudioService( 742): Volume controller visible: false
05-28 16:16:18.786 D/hdmicecd( 532): [CEC]:printCecMessage, [4 -> 5] len: 3, body: 70 10 00, result:no ack
05-28 16:16:18.786 E/IPCThreadState( 532): binder thread pool (1 threads) starved for 110 ms
