05-28 16:13:39.215 I/audio_hw_hal_primary( 509): [out_get_buffer_size:552] out:0xeed015a0 config.rate=8000, format:IEC61937(0xd000000), stream format:IEC61937(0xd000000)
05-28 16:13:39.215 I/audio_hw_hal_primary( 509): out_get_buffer_size AUDIO_FORMAT_IEC61937 buffer size = 4096 frames
05-28 16:13:39.216 I/AudioFlinger( 594): HAL output buffer size 2048 frames, normal sink buffer size 2048 frames
05-28 16:13:39.216 I/audio_hw_hal_primary( 509): [audiohal_get_latency:1333] io 1917: out:0xeed015a0 frames:256 rate:8000 whole_latency:32 alsa_latency:32
05-28 16:13:39.216 I/audio_hw_hal_ms12v2( 509): dolby_ms12_threadloop alsa is not running
05-28 16:13:39.216 I/audio_hw_hal_primary( 509): [out_set_event_callback:3158] io 1917: out:0xeed015a0, callback:0xf0dfc91d cookie:0xf14c1030
05-28 16:13:39.217 I/audio_hw_hal_ms12v2( 509): dolby_ms12_threadloop alsa is not running
05-28 16:13:39.217 D/hdmicecd( 532): [HdmiCecControl]:onAddressAllocated:4
05-28 16:13:39.217 I/audio_hw_hal_ms12v2( 509): dolby_ms12_threadloop alsa is not running
05-28 16:13:39.218 D/HDMI ( 742): onAddressAllocated address:4 reason:4
05-28 16:13:39.218 I/audio_hw_hal_ms12v2( 509): dolby_ms12_threadloop alsa is not running
05-28 16:13:39.218 I/audio_hw_hal_alsamgr( 509): aml_alsa_output_write alsa_running_status[0xeed05650] change from 0 to 1
05-28 16:13:39.218 D/hdmicecd( 532): [HdmiCecControl]:getPhysicalAddress, physical addr: 1000, last pa: 1000, ret = 0
05-28 16:13:39.218 I/SystemControl( 343): [/UEventObserver.cpp, HDMITxUenventThreadLoop, 451] HDMI TX switch_name:hdmitx_current_status, switch_state: 289
05-28 16:13:39.218 I/SystemControl( 343): [/UEventObserver.cpp, HDMITxUenventThreadLoop, 451] HDMI TX switch_name:hdmitx_current_status, switch_state: 290
05-28 16:13:39.219 I/audio_hw_hal_primary( 509): [audiohal_get_latency:1333] io 1917: out:0xeed015a0 frames:1280 rate:8000 whole_latency:160 alsa_latency:160
05-28 16:13:39.219 D/HDMI ( 742): [S]: 4F:84:10:00:04
05-28 16:13:39.219 I/AudioFlinger( 594): AudioFlinger's thread 0xecf285b0 tid=19646 ready to run
05-28 16:13:39.220 I/audio_hw_hal_primary( 509): [audiohal_get_latency:1333] io 1917: out:0xeed015a0 frames:1152 rate:8000 whole_latency:144 alsa_latency:144
05-28 16:13:39.221 I/SystemControl( 343): [/Ubootenv.cpp, get, 336] [ubootenv] get key:1080p_x envValue: 0
05-28 16:13:39.221 I/SystemControl( 343): [/Ubootenv.cpp, get, 336] [ubootenv] get key:1080p_y envValue: 0
05-28 16:13:39.221 I/SystemControl( 343): [/Ubootenv.cpp, get, 336] [ubootenv] get key:1080p_w envValue: 1920
05-28 16:13:39.221 I/SystemControl( 343): [/Ubootenv.cpp, get, 336] [ubootenv] get key:1080p_h envValue: 1080
05-28 16:13:39.221 I/SystemControl( 343): [/Ubootenv.cpp, updateValue, 68] [ubootenv] update value name [ubootenv.var.1080p_x]: value [0]
05-28 16:13:39.221 I/SystemControl( 343): [/Ubootenv.cpp, get, 336] [ubootenv] get key:1080p_x envValue: 0
05-28 16:13:39.221 I/SystemControl( 343): [/Ubootenv.cpp, updateValue, 68] [ubootenv] update value name [ubootenv.var.1080p_y]: value [0]
05-28 16:13:39.221 I/SystemControl( 343): [/Ubootenv.cpp, get, 336] [ubootenv] get key:1080p_y envValue: 0
05-28 16:13:39.222 I/SystemControl( 343): [/Ubootenv.cpp, updateValue, 68] [ubootenv] update value name [ubootenv.var.1080p_w]: value [1920]
05-28 16:13:39.222 I/SystemControl( 343): [/Ubootenv.cpp, get, 336] [ubootenv] get key:1080p_w envValue: 1920
05-28 16:13:39.222 I/SystemControl( 343): [/Ubootenv.cpp, updateValue, 68] [ubootenv] update value name [ubootenv.var.1080p_h]: value [1080]
05-28 16:13:39.222 I/SystemControl( 343): [/Ubootenv.cpp, get, 336] [ubootenv] get key:1080p_h envValue: 1080
05-28 16:13:39.222 V/MesonDisplayServer( 289): SetDisplay[HDMI] DisplayRect to "(0,0,1920,1080)"
05-28 16:13:39.222 V/MesonDisplayServer( 289): SetDisplayViewPort done
05-28 16:13:39.225 D/AudioFlinger( 594): ro.audio.silent is ignored since no output device is set
05-28 16:13:39.225 D/audio_hw_hal_primary( 509): [out_standby_new:5767] io 1917: out:0xeed015a0 usecase:RAW_DIRECT
05-28 16:13:39.225 I/audio_hw_hal_primary( 509): already standby, do nothing
05-28 16:13:39.234 D/hdmicecd( 532): [HdmiCecControl]:getVendorId, vendorId: 0x1CA410
05-28 16:13:39.235 D/hdmicecd( 532): [HdmiCecControl]:getPhysicalAddress, physical addr: 1000, last pa: 1000, ret = 0
05-28 16:13:39.235 W/IPCThreadState( 594): Sending oneway calls to frozen process.
05-28 16:13:39.235 D/HDMI ( 742): DeviceDiscoveryAction start com.android.server.hdmi.DeviceDiscoveryAction@2f41ac8
05-28 16:13:39.238 D/AudioFlinger( 594): ro.audio.silent is ignored since no output device is set
05-28 16:13:39.242 E/MesonHwc( 289): open file [/sys/class/amhdmitx/amhdmitx0/aud_mute] error:Permission denied
05-28 16:13:39.242 E/MesonHwc( 289): open file [/sys/class/amhdmitx/amhdmitx0/aud_mute] error:Permission denied
05-28 16:13:39.243 E/MesonHwc( 289): dolby vision driver is not ready
05-28 16:13:39.252 D/xm_audio( 509): adev_get_parameters
05-28 16:13:39.259 D/audio_hw_hal_primary( 509): [out_dump:848] io 1845: out:0xeed0dee0, fd:27
05-28 16:13:39.264 I/MesonDisplay( 289): [/HDCPTxAuth.cpp, authThread, 173] hdcp_tx thread loop entry
05-28 16:13:39.264 I/MesonDisplay( 289): [/HDCPTxAuth.cpp, start, 109] hdcp_tx, create hdcp thread id = 3997155776 done
05-28 16:13:39.266 E/Scheduler( 263): trackPendingFrame: Invalid present fence
05-28 16:13:39.266 D/MesonDisplay( 289): read /sys/class/amhdmitx/amhdmitx0/hdcp_lstore, result length:0, val:
05-28 16:13:39.269 I/SystemControl( 343): [/Ubootenv.cpp, get, 345] [ubootenv] search end and not find env:digitaudiooutput
05-28 16:13:39.269 W/IPCThreadState( 594): Sending oneway calls to frozen process.
05-28 16:13:39.269 V/MesonDisplayServer( 289): GetDisplayMode:1080p60hz
05-28 16:13:39.269 D/audio_hw_hal_primary( 509): [out_set_parameters:971] out:0xeed0dee0 kvpairs:closing=true;exiting=1 out->out_device:0x400, adev->out_device:0x80002
05-28 16:13:39.269 E/audio_hw_hal_primary( 509): out_set_parameters, ret:-2, hw_sync_mode:is false
05-28 16:13:39.269 I/SystemControl( 343): [/Ubootenv.cpp, get, 336] [ubootenv] get key:hdmichecksum envValue: 0xe2440000
05-28 16:13:39.270 D/MesonDisplayServer( 289): use connector getDisplayAttribute "HDMI Color ATTR": "422,12bit"
05-28 16:13:39.270 I/SystemControl( 343): [/Ubootenv.cpp, updateValue, 68] [ubootenv] update value name [ubootenv.var.1080p60hz_deepcolor]: value [422,12bit]
05-28 16:13:39.270 I/SystemControl( 343): [/Ubootenv.cpp, get, 336] [ubootenv] get key:1080p60hz_deepcolor envValue: rgb,8bit
05-28 16:13:39.271 I/SystemControl( 343): [/Ubootenv.cpp, printValues, 137] [ubootenv] printenv end
05-28 16:13:39.272 I/audio_hw_hal_primary( 509): [out_set_event_callback:3158] io 1845: out:0xeed0dee0, callback:0xf0dfc91d cookie:0xf14c0d30
05-28 16:13:39.272 I/audio_hw_hal_primary( 509): [adev_close_output_stream_new:8052] io handle 1845: out:0xeed0dee0
05-28 16:13:39.272 D/audio_hw_hal_primary( 509): adev_close_output_stream_new: enter usecase = RAW_DIRECT
05-28 16:13:39.272 I/audio_hw_hal_primary( 509): [adev_close_output_stream:3695] io 1845: out:0xeed0dee0 dev:OUT_HDMI(0x400) flags:0x11, usecase:RAW_DIRECT
05-28 16:13:39.272 D/audio_hw_hal_primary( 509): [out_standby_new:5767] io 1845: out:0xeed0dee0 usecase:RAW_DIRECT
05-28 16:13:39.272 I/audio_hw_hal_primary( 509): already standby, do nothing
05-28 16:13:39.272 I/audio_hw_hal_resourcemgr( 509): [is_output_device_muted:710] device:0x2 port_mute:0, fade_mute:0
05-28 16:13:39.272 I/audio_hw_hal_primary( 509): [adev_close_output_stream:3863] io 1845: out:0xeed0dee0 exit ------
05-28 16:13:39.274 D/audio_hw_hal_primary( 509): [out_dump:848] io 1853: out:0xeed01cd0, fd:27
05-28 16:13:39.274 I/SystemControl( 343): [/Ubootenv.cpp, updateValue, 104] [ubootenv] Save ubootenv to /dev/block/by-name/env succeed!
05-28 16:13:39.274 I/SystemControl( 343): [/Ubootenv.cpp, updateValue, 68] [ubootenv] update value name [ubootenv.var.colorattribute]: value [422,12bit]
05-28 16:13:39.274 I/SystemControl( 343): [/Ubootenv.cpp, get, 336] [ubootenv] get key:colorattribute envValue: rgb,8bit
05-28 16:13:39.275 I/SystemControl( 343): [/Ubootenv.cpp, printValues, 137] [ubootenv] printenv end
05-28 16:13:39.275 W/IPCThreadState( 594): Sending oneway calls to frozen process.
05-28 16:13:39.276 D/audio_hw_hal_primary( 509): [out_set_parameters:971] out:0xeed01cd0 kvpairs:closing=true;exiting=1 out->out_device:0x400, adev->out_device:0x80002
05-28 16:13:39.276 E/audio_hw_hal_primary( 509): out_set_parameters, ret:-2, hw_sync_mode:is false
05-28 16:13:39.276 D/AudioFlinger( 594): ro.audio.silent is ignored since no output device is set
05-28 16:13:39.277 I/audio_hw_hal_primary( 509): [out_set_event_callback:3158] io 1853: out:0xeed01cd0, callback:0xf0dfc91d cookie:0xf14c2650
05-28 16:13:39.277 I/audio_hw_hal_primary( 509): [adev_close_output_stream_new:8052] io handle 1853: out:0xeed01cd0
05-28 16:13:39.277 D/audio_hw_hal_primary( 509): adev_close_output_stream_new: enter usecase = PCM_HWSYNC
05-28 16:13:39.277 D/audio_hw_hal_timer( 509): func:audio_timer_delete delete timer.1 success.
05-28 16:13:39.277 D/audio_hw_hal_timer( 509): func:audio_timer_delete delete timer.2 success.
05-28 16:13:39.277 D/audio_hw_hal_primary( 509): [adev_close_output_stream_new:8076] timer_id:1 ret:2
05-28 16:13:39.277 I/audio_hw_hal_primary( 509): [adev_close_output_stream:3695] io 1853: out:0xeed01cd0 dev:OUT_HDMI(0x400) flags:0x41, usecase:PCM_HWSYNC
05-28 16:13:39.278 D/audio_hw_hal_primary( 509): [out_standby_new:5767] io 1853: out:0xeed01cd0 usecase:PCM_HWSYNC
05-28 16:13:39.278 I/audio_hw_hal_primary( 509): already standby, do nothing
05-28 16:13:39.278 I/audio_hw_hal_resourcemgr( 509): [is_output_device_muted:710] device:0x2 port_mute:0, fade_mute:0
05-28 16:13:39.278 I/audio_hw_hal_primary( 509): [adev_close_output_stream:3863] io 1853: out:0xeed01cd0 exit ------
05-28 16:13:39.279 I/SystemControl( 343): [/Ubootenv.cpp, updateValue, 104] [ubootenv] Save ubootenv to /dev/block/by-name/env succeed!
05-28 16:13:39.279 D/audio_hw_hal_primary( 509): [out_dump:848] io 1861: out:0xeed09700, fd:27
05-28 16:13:39.279 I/SystemControl( 343): [/Ubootenv.cpp, updateValue, 68] [ubootenv] update value name [ubootenv.var.hdmi_colordepth]: value [8]
05-28 16:13:39.279 I/SystemControl( 343): [/Ubootenv.cpp, get, 336] [ubootenv] get key:hdmi_colordepth envValue: 8
05-28 16:13:39.280 I/SystemControl( 343): [/Ubootenv.cpp, updateValue, 68] [ubootenv] update value name [ubootenv.var.hdmi_colorspace]: value [auto]
05-28 16:13:39.280 I/SystemControl( 343): [/Ubootenv.cpp, get, 336] [ubootenv] get key:hdmi_colorspace envValue: auto
05-28 16:13:39.280 I/SystemControl( 343): [/Ubootenv.cpp, updateValue, 68] [ubootenv] update value name [ubootenv.var.outputmode]: value [1080p60hz]
05-28 16:13:39.280 I/SystemControl( 343): [/Ubootenv.cpp, get, 336] [ubootenv] get key:outputmode envValue: 720p60hz
05-28 16:13:39.282 I/SystemControl( 343): [/Ubootenv.cpp, printValues, 137] [ubootenv] printenv end
05-28 16:13:39.283 E/Scheduler( 263): trackPendingFrame: Invalid present fence
05-28 16:13:39.283 W/IPCThreadState( 594): Sending oneway calls to frozen process.
05-28 16:13:39.284 D/audio_hw_hal_primary( 509): [out_set_parameters:971] out:0xeed09700 kvpairs:closing=true;exiting=1 out->out_device:0x400, adev->out_device:0x80002
05-28 16:13:39.284 E/audio_hw_hal_primary( 509): out_set_parameters, ret:-2, hw_sync_mode:is false
05-28 16:13:39.284 I/SystemControl( 343): [/Ubootenv.cpp, updateValue, 104] [ubootenv] Save ubootenv to /dev/block/by-name/env succeed!
05-28 16:13:39.285 D/AudioFlinger( 594): ro.audio.silent is ignored since no output device is set
05-28 16:13:39.284 E/MesonHwc( 289): dolby vision driver is not ready
05-28 16:13:39.285 I/audio_hw_hal_primary( 509): [out_set_event_callback:3158] io 1861: out:0xeed09700, callback:0xf0dfc91d cookie:0xf14c17b0
05-28 16:13:39.285 I/audio_hw_hal_primary( 509): [adev_close_output_stream_new:8052] io handle 1861: out:0xeed09700
05-28 16:13:39.285 D/audio_hw_hal_primary( 509): adev_close_output_stream_new: enter usecase = RAW_DIRECT
05-28 16:13:39.285 I/audio_hw_hal_primary( 509): [adev_close_output_stream:3695] io 1861: out:0xeed09700 dev:OUT_HDMI(0x400) flags:0x1, usecase:RAW_DIRECT
05-28 16:13:39.285 D/audio_hw_hal_primary( 509): [out_standby_new:5767] io 1861: out:0xeed09700 usecase:RAW_DIRECT
05-28 16:13:39.286 I/audio_hw_hal_primary( 509): already standby, do nothing
05-28 16:13:39.286 I/audio_hw_hal_resourcemgr( 509): [is_output_device_muted:710] device:0x2 port_mute:0, fade_mute:0
05-28 16:13:39.286 I/audio_hw_hal_primary( 509): [adev_close_output_stream:3863] io 1861: out:0xeed09700 exit ------
05-28 16:13:39.287 D/audio_hw_hal_primary( 509): [out_dump:848] io 1869: out:0xeed09e30, fd:27
05-28 16:13:39.287 E/MesonHwc( 289): dolby vision driver is not ready
05-28 16:13:39.288 E/MesonHwc( 289): dolby vision driver is not ready
05-28 16:13:39.288 D/MesonHwc( 289): ERR: PLEASE FIX NON-IMPLEMENT FUN(update).
05-28 16:13:39.289 D/MesonComposer3( 289): halEventcallback onHotplug client3.0
05-28 16:13:39.289 W/IPCThreadState( 594): Sending oneway calls to frozen process.
05-28 16:13:39.290 E/MesonHwc( 289): getPort 11
05-28 16:13:39.290 I/SystemControl( 343): notify plugin
05-28 16:13:39.290 I/SystemControl( 343): [/SystemControlHal.cpp, onEvent, 72] onEvent event:3, client size:5
05-28 16:13:39.290 E/MesonHwc( 289): getPort 11
05-28 16:13:39.290 I/SystemControlClient( 528): notifyCallback event type:3
05-28 16:13:39.290 I/SystemControlClient( 528): notifyCallback: listener is NULL.
05-28 16:13:39.290 I/SystemControlClient( 529): notifyCallback event type:3
05-28 16:13:39.290 I/SystemControlClient( 529): notifyCallback: listener is NULL.
05-28 16:13:39.290 I/SystemControlClient( 244): notifyCallback event type:3
05-28 16:13:39.290 I/SystemControlClient( 244): notifyCallback: listener is NULL.
05-28 16:13:39.291 I/SystemControlClient( 527): notifyCallback event type:3
05-28 16:13:39.291 I/SystemControlClient( 527): notifyCallback: listener is NULL.
05-28 16:13:39.291 I/SystemControlEvent( 1379): system control callback event: 3
05-28 16:13:39.293 E/ccc ( 1946): cccccc hdmi plug reset
05-28 16:13:39.295 I/SurfaceFlinger( 263): Reconnecting display 4627013623894091019 (HAL ID 0)
05-28 16:13:39.296 D/audio_hw_hal_primary( 509): [out_set_parameters:971] out:0xeed09e30 kvpairs:closing=true;exiting=1 out->out_device:0x400, adev->out_device:0x80002
05-28 16:13:39.296 E/audio_hw_hal_primary( 509): out_set_parameters, ret:-2, hw_sync_mode:is false
05-28 16:13:39.297 I/audio_hw_hal_primary( 509): [out_set_event_callback:3158] io 1869: out:0xeed09e30, callback:0xf0dfc91d cookie:0xf14c1990
05-28 16:13:39.298 E/MesonComposer3( 289): destroyLayer: display:0 failed to destroy layer:739
05-28 16:13:39.299 E/HwcComposer( 263): destroyLayer failed Status(-8, EX_SERVICE_SPECIFIC): '3: '
05-28 16:13:39.299 E/HWC2 ( 263): destroyLayer(0, 739) failed: BadLayer (3)
05-28 16:13:39.299 E/MesonComposer3( 289): destroyLayer: display:0 failed to destroy layer:482
05-28 16:13:39.299 E/HwcComposer( 263): destroyLayer failed Status(-8, EX_SERVICE_SPECIFIC): '3: '
05-28 16:13:39.299 E/HWC2 ( 263): destroyLayer(0, 482) failed: BadLayer (3)
05-28 16:13:39.299 E/MesonComposer3( 289): destroyLayer: display:0 failed to destroy layer:225
05-28 16:13:39.299 E/HwcComposer( 263): destroyLayer failed Status(-8, EX_SERVICE_SPECIFIC): '3: '
05-28 16:13:39.299 E/HWC2 ( 263): destroyLayer(0, 225) failed: BadLayer (3)
05-28 16:13:39.300 E/HwcComposer( 263): setClientTargetSlotCount failed Status(-8, EX_SERVICE_SPECIFIC): '4: '
05-28 16:13:39.300 I/audio_hw_hal_primary( 509): [adev_close_output_stream_new:8052] io handle 1869: out:0xeed09e30
05-28 16:13:39.300 D/audio_hw_hal_primary( 509): adev_close_output_stream_new: enter usecase = RAW_HWSYNC
05-28 16:13:39.300 I/audio_hw_hal_primary( 509): [adev_close_output_stream:3695] io 1869: out:0xeed09e30 dev:OUT_HDMI(0x400) flags:0x51, usecase:RAW_HWSYNC
05-28 16:13:39.300 D/audio_hw_hal_primary( 509): [out_standby_new:5767] io 1869: out:0xeed09e30 usecase:RAW_HWSYNC
05-28 16:13:39.300 I/audio_hw_hal_primary( 509): already standby, do nothing
05-28 16:13:39.300 I/audio_hw_hal_resourcemgr( 509): [is_output_device_muted:710] device:0x2 port_mute:0, fade_mute:0
05-28 16:13:39.300 I/audio_hw_hal_primary( 509): [adev_close_output_stream:3863] io 1869: out:0xeed09e30 exit ------
05-28 16:13:39.304 D/AudioFlinger( 594): closing mmapThread 0xecd40010
05-28 16:13:39.304 W/IPCThreadState( 594): Sending oneway calls to frozen process.
05-28 16:13:39.304 D/AudioFlinger( 594): mmapThread exit()
05-28 16:13:39.305 I/audio_hw_hal_primary( 509): [adev_close_output_stream_new:8052] io handle 1885: out:0xeed040c0
05-28 16:13:39.305 D/audio_hw_hal_primary( 509): adev_close_output_stream_new: enter usecase = PCM_MMAP
05-28 16:13:39.305 I/audio_hw_hal_primary( 509): [adev_close_output_stream:3695] io 1885: out:0xeed040c0 dev:OUT_HDMI(0x400) flags:0x4001, usecase:PCM_MMAP
05-28 16:13:39.305 D/audio_hw_hal_primary( 509): [out_standby_new:5767] io 1885: out:0xeed040c0 usecase:PCM_MMAP
05-28 16:13:39.305 I/audio_hw_hal_primary( 509): already standby, do nothing
05-28 16:13:39.305 I/audio_hw_hal_mmap( 509): [outMmapDeInit:743] stream:0xeed040c0
05-28 16:13:39.305 I/audio_hw_hal_mmap( 509): [mmap_audio_unregister_client:955] OK ! stream 0xeed040c0, client id 0
05-28 16:13:39.305 I/audio_hw_hal_primary( 509): when close aaudio stream, send STANDBY msg to submix & ms12
05-28 16:13:39.305 I/audio_hw_hal_ms12common( 509): aml_set_ms12_scheduler_state ms12_scheduler_state:1, sch_state:1 SCHEDULER_STANDBY is sent to ms12
05-28 16:13:39.305 I/audio_hw_hal_resourcemgr( 509): [is_output_device_muted:710] device:0x2 port_mute:0, fade_mute:0
05-28 16:13:39.306 I/audio_hw_hal_primary( 509): [adev_close_output_stream:3863] io 1885: out:0xeed040c0 exit ------
05-28 16:13:39.308 D/audio_hw_hal_primary( 509): [out_dump:848] io 1901: out:0xeed064b0, fd:24
05-28 16:13:39.309 E/xxxxxxxxxxxxxxx( 2316): onReceive:mIsHDMIPlugged = true
05-28 16:13:39.311 W/IPCThreadState( 594): Sending oneway calls to frozen process.
05-28 16:13:39.311 D/audio_hw_hal_primary( 509): [out_set_parameters:971] out:0xeed064b0 kvpairs:closing=true;exiting=1 out->out_device:0x400, adev->out_device:0x80002
05-28 16:13:39.311 E/audio_hw_hal_primary( 509): out_set_parameters, ret:-2, hw_sync_mode:is false
05-28 16:13:39.312 D/AudioFlinger( 594): ro.audio.silent is ignored since no output device is set
05-28 16:13:39.312 I/audio_hw_hal_primary( 509): [out_set_event_callback:3158] io 1901: out:0xeed064b0, callback:0xf0dfc91d cookie:0xf14c2050
05-28 16:13:39.313 I/audio_hw_hal_primary( 509): [adev_close_output_stream_new:8052] io handle 1901: out:0xeed064b0
05-28 16:13:39.313 D/audio_hw_hal_primary( 509): adev_close_output_stream_new: enter usecase = RAW_DIRECT
05-28 16:13:39.313 I/audio_hw_hal_primary( 509): [adev_close_output_stream:3695] io 1901: out:0xeed064b0 dev:OUT_HDMI(0x400) flags:0x441, usecase:RAW_DIRECT
05-28 16:13:39.313 D/audio_hw_hal_primary( 509): [out_standby_new:5767] io 1901: out:0xeed064b0 usecase:RAW_DIRECT
05-28 16:13:39.313 I/audio_hw_hal_primary( 509): already standby, do nothing
05-28 16:13:39.313 I/audio_hw_hal_resourcemgr( 509): [is_output_device_muted:710] device:0x2 port_mute:0, fade_mute:0
05-28 16:13:39.313 I/audio_hw_hal_primary( 509): [adev_close_output_stream:3863] io 1901: out:0xeed064b0 exit ------
05-28 16:13:39.314 D/audio_hw_hal_primary( 509): [out_dump:848] io 1917: out:0xeed015a0, fd:24
05-28 16:13:39.315 W/IPCThreadState( 594): Sending oneway calls to frozen process.
05-28 16:13:39.315 D/audio_hw_hal_primary( 509): [out_set_parameters:971] out:0xeed015a0 kvpairs:closing=true;exiting=1 out->out_device:0x400, adev->out_device:0x80002
05-28 16:13:39.316 E/audio_hw_hal_primary( 509): out_set_parameters, ret:-2, hw_sync_mode:is false
05-28 16:13:39.317 I/audio_hw_hal_primary( 509): [out_set_event_callback:3158] io 1917: out:0xeed015a0, callback:0xf0dfc91d cookie:0xf14c1030
05-28 16:13:39.317 I/audio_hw_hal_primary( 509): [adev_close_output_stream_new:8052] io handle 1917: out:0xeed015a0
05-28 16:13:39.317 D/audio_hw_hal_primary( 509): adev_close_output_stream_new: enter usecase = RAW_DIRECT
05-28 16:13:39.317 I/audio_hw_hal_primary( 509): [adev_close_output_stream:3695] io 1917: out:0xeed015a0 dev:OUT_HDMI(0x400) flags:0x401, usecase:RAW_DIRECT
05-28 16:13:39.317 D/audio_hw_hal_primary( 509): [out_standby_new:5767] io 1917: out:0xeed015a0 usecase:RAW_DIRECT
05-28 16:13:39.317 I/audio_hw_hal_primary( 509): already standby, do nothing
05-28 16:13:39.317 I/audio_hw_hal_resourcemgr( 509): [is_output_device_muted:710] device:0x2 port_mute:0, fade_mute:0
05-28 16:13:39.317 I/audio_hw_hal_primary( 509): [adev_close_output_stream:3863] io 1917: out:0xeed015a0 exit ------
05-28 16:13:39.321 W/IPCThreadState( 594): Sending oneway calls to frozen process.
05-28 16:13:39.322 I/AS.AudioDeviceInventory( 742): sendDeviceConnectionIntent(dev:0x400 state:0x1 address: name:);
05-28 16:13:39.322 I/AudioService( 742): onAccessoryPlugMediaUnmute newDevice=1024 [hdmi]
05-28 16:13:39.323 I/Scheduler( 263): Display 4627013623894091019 is the pacesetter
05-28 16:13:39.323 E/SchedulerTimer( 263): Terminated
05-28 16:13:39.323 D/SurfaceFlinger( 263): Setting power mode 2 on display 4627013623894091019
05-28 16:13:39.323 W/EventThread( 263): Failed dispatching Hotplug{displayId=4627013623894091019, connected} for Connection{0xf1c82c10, VSyncRequest::None}
05-28 16:13:39.323 W/EventThread( 263): Failed dispatching Hotplug{displayId=4627013623894091019, connected} for Connection{0xf1c83290, VSyncRequest::None}
05-28 16:13:39.324 W/EventThread( 263): Failed dispatching Hotplug{displayId=4627013623894091019, connected} for Connection{0xf1c82d10, VSyncRequest::None}
05-28 16:13:39.324 W/EventThread( 263): Failed dispatching Hotplug{displayId=4627013623894091019, connected} for Connection{0xf1c82890, VSyncRequest::None}
05-28 16:13:39.324 W/EventThread( 263): Failed dispatching Hotplug{displayId=4627013623894091019, connected} for Connection{0xf1c86910, VSyncRequest::None}
05-28 16:13:39.324 W/EventThread( 263): Failed dispatching Hotplug{displayId=4627013623894091019, connected} for Connection{0xf1c84e90, VSyncRequest::None}
05-28 16:13:39.324 D/SurfaceFlinger( 263): Finished setting power mode 2 on display 4627013623894091019
05-28 16:13:39.329 I/MesonDisplay( 289): [/mode_policy.c, meson_mode_set_policy, 1177] connector:0 to policy:0
05-28 16:13:39.329 I/MesonDisplay( 289): [/mode_policy.c, is_dv_prefer, 66] not prefer dv, hdr_priority:10000010
05-28 16:13:39.329 I/MesonDisplay( 289): [/mode_policy.c, is_dv_prefer, 66] not prefer dv, hdr_priority:10000010
05-28 16:13:39.329 I/MesonDisplay( 289): [/mode_policy.c, hdr_scene_process, 724] policy:0 is_bestcolorspace:1 state:0
05-28 16:13:39.329 I/MesonDisplay( 289): [/mode_policy_parser.c, is_support_hdmimode, 115] is_support_hdmimode mode: none not support
05-28 16:13:39.329 I/MesonDisplay( 289): [/mode_policy_parser.c, is_support_hdmimode, 115] is_support_hdmimode mode: 2160p60hz not support
05-28 16:13:39.329 I/MesonDisplay( 289): [/mode_policy_parser.c, is_support_hdmimode, 115] is_support_hdmimode mode: 2160p50hz not support
05-28 16:13:39.329 I/MesonDisplay( 289): [/mode_policy_parser.c, is_support_hdmimode, 115] is_support_hdmimode mode: 2160p60hz not support
05-28 16:13:39.329 I/MesonDisplay( 289): [/mode_policy_parser.c, is_support_hdmimode, 115] is_support_hdmimode mode: 2160p50hz not support
05-28 16:13:39.329 I/MesonDisplay( 289): [/mode_policy.c, is_support_4kHDR, 507] is_support_4kHDR 4k hdr not support
05-28 16:13:39.329 I/MesonDisplay( 289): [/mode_policy_parser.c, is_support_hdmimode, 110] is_support_hdmimode mode: 1080p60hz
05-28 16:13:39.329 D/MesonDisplay( 289): meson_write /sys/class/amhdmitx/amhdmitx0/valid_mode, outputmode:1080p60hz422,12bit
05-28 16:13:39.329 D/MesonDisplay( 289): valid mode is true!
05-28 16:13:39.329 I/MesonDisplay( 289): [/mode_policy.c, is_support_non4kHDR, 552] is_support_non4kHDR mode:[1080p60hz], color format:[422,12bit]
05-28 16:13:39.329 I/MesonDisplay( 289): [/mode_policy.c, meson_mode_get_policy_output, 1289] final_displaymode:1080p60hz, final_deepcolor:422,12bit, amdv_type:0
05-28 16:13:39.329 I/MesonDisplay( 289): [/mode_policy.c, meson_mode_set_policy, 1177] connector:0 to policy:0
05-28 16:13:39.330 D/LocalDisplayAdapter( 742): The active mode was changed from SurfaceFlinger or the display device to {id=248, width=1920, height=1080, fps=59.94006, alternativeRefreshRates=[], supportedHdrTypes=[2]}
05-28 16:13:39.333 D/LocalDisplayAdapter( 742): New display modes are added and the active mode has changed, use active mode as default mode.
05-28 16:13:39.333 W/LocalDisplayAdapter( 742): DisplayModeSpecs base mode no longer available, using currently active mode.
05-28 16:13:39.334 I/DisplayDeviceRepository( 742): Display device changed: DisplayDeviceInfo{"内置屏幕": uniqueId="local:4627013623894091019", 1280 x 720, modeId 246, renderFrameRate 59.94006, defaultModeId 246, supportedModes [{id=246, width=1280, height=720, fps=59.94006, alternativeRefreshRates=[], supportedHdrTypes=[]}], colorMode 0, supportedColorModes [0], hdrCapabilities HdrCapabilities{mSupportedHdrTypes=[], mMaxLuminance=500.0, mMaxAverageLuminance=500.0, mMinLuminance=0.0}, allmSupported false, gameContentTypeSupported false, density 160, 2032.0 x 2032.0 dpi, appVsyncOff 2000000, presDeadline 13683333, touch INTERNAL, rotation 0, type INTERNAL, address {port=11, model=0x403674603f19a5}, deviceProductInfo DeviceProductInfo{name=Linux FHD, manufacturerPnpId=LNX, productId=0, modelYear=null, manufactureDate=ManufactureDate{week=5, year=2012}, connectionToSinkType=0}, state ON, committedState ON, frameRateOverride , brightnessMinimum 0.0, brightnessMaximum 1.0, brightnessDefault 0.39763778, hdrSdrRatio NaN, FLAG_ALLOWED_TO_BE_DEFAULT_DISPLAY, FLAG_ROTATES_WITH_CONTENT, FLAG_SECURE, FLAG_SUPPORTS_PROTECTED_BUFFERS, FLAG_TRUSTED, installOrientation 0, displayShape DisplayShape{ spec=-1507169495 displayWidth=1280 displayHeight=720 physicalPixelDisplaySizeRatio=1.0 rotation=0 offsetX=0 offsetY=0 scale=1.0}}
05-28 16:13:39.335 E/Scheduler( 263): trackPendingFrame: Invalid present fence
05-28 16:13:39.337 D/DisplayManagerService( 742): Ignore redundant display event 0/2 to 10067/1190
05-28 16:13:39.338 D/DisplayManagerService( 742): Ignore redundant display event 0/2 to 10075/6844
05-28 16:13:39.340 I/RefreshRateSelector( 263): Display 4627013623894091019 policy changed
05-28 16:13:39.340 I/RefreshRateSelector( 263): Previous: {defaultModeId=251, allowGroupSwitching=false, primaryRanges={physical=[0.00 Hz, 340282346638528859811704183484516925440.00 Hz], render=[0.00 Hz, 340282346638528859811704183484516925440.00 Hz]}, appRequestRanges={physical=[0.00 Hz, 340282346638528859811704183484516925440.00 Hz], render=[0.00 Hz, 340282346638528859811704183484516925440.00 Hz]}}
05-28 16:13:39.340 I/RefreshRateSelector( 263): Current: DisplayManagerPolicy{defaultModeId=251, allowGroupSwitching=false, primaryRanges={physical=[0.00 Hz, inf Hz], render=[0.00 Hz, 120.00 Hz]}, appRequestRanges={physical=[0.00 Hz, inf Hz], render=[0.00 Hz, inf Hz]}}
05-28 16:13:39.340 I/RefreshRateSelector( 263): 0 mode changes were performed under the previous policy
05-28 16:13:39.341 I/InputManager-JNI( 742): Viewport [0] to add: local:4627013623894091019, isActive: true
05-28 16:13:39.342 I/InputReader( 742): Reconfiguring input devices, changes=DISPLAY_INFO
05-28 16:13:39.343 V/MediaRouter( 742): Audio routes updated: AudioRoutesInfo{ type=HDMI }, a2dp=false
05-28 16:13:39.343 V/MediaRouter( 742): Selecting route: RouteInfo{ name=外部设备, description=null, status=null, category=RouteCategory{ name=系统 types=ROUTE_TYPE_LIVE_AUDIO ROUTE_TYPE_LIVE_VIDEO groupable=false }, supportedTypes=ROUTE_TYPE_LIVE_AUDIO ROUTE_TYPE_LIVE_VIDEO , presentationDisplay=null }
05-28 16:13:39.348 D/DisplayManagerService( 742): Ignore redundant display event 0/2 to 10067/1190
05-28 16:13:39.349 D/DisplayManagerService( 742): Ignore redundant display event 0/2 to 10075/6844
05-28 16:13:39.351 D/ActiveDeviceManager( 1367): onAudioDevicesAdded
05-28 16:13:39.352 D/AvrcpVolumeManager( 1367): onAudioDevicesAdded: Not expecting device changed
05-28 16:13:39.352 D/ActiveDeviceManager( 1367): Audio device added: DBBOX-A3 type: 9
05-28 16:13:39.353 V/MediaRouter( 1176): Audio routes updated: AudioRoutesInfo{ type=HDMI }, a2dp=false
05-28 16:13:39.353 V/MediaRouter( 1176): Selecting route: RouteInfo{ name=外部设备, description=null, status=null, category=RouteCategory{ name=系统 types=ROUTE_TYPE_LIVE_AUDIO ROUTE_TYPE_LIVE_VIDEO groupable=false }, supportedTypes=ROUTE_TYPE_LIVE_AUDIO ROUTE_TYPE_LIVE_VIDEO , presentationDisplay=null }
05-28 16:13:39.355 D/xm_audio( 509): adev_get_parameters
05-28 16:13:39.357 D/xm_audio( 509): adev_get_parameters
05-28 16:13:39.369 D/xm_audio( 509): adev_get_parameters
05-28 16:13:39.371 D/xm_audio( 509): adev_get_parameters
05-28 16:13:39.377 D/xm_audio( 509): adev_get_parameters
05-28 16:13:39.380 D/xm_audio( 509): adev_get_parameters
05-28 16:13:39.381 I/WifiHAL ( 558): call wifi_get_link_stats handler
05-28 16:13:39.381 I/WifiHAL ( 558): Creating message to get link statistics; iface = 16
05-28 16:13:39.382 D/WifiHAL ( 558): error code -95 mapped to -3
05-28 16:13:39.382 E/WifiStaIfaceAidlImpl( 742): getLinkLayerStats failed with service-specific exception: android.os.ServiceSpecificException: (code 4)
05-28 16:13:39.388 D/hdmicecd( 532): [CEC]:printCecMessage, [4 -> f] len: 4, body: 84 10 00 04, result:success
05-28 16:13:39.388 E/IPCThreadState( 532): binder thread pool (1 threads) starved for 169 ms
05-28 16:13:39.388 D/xm_audio( 509): adev_get_parameters
05-28 16:13:39.388 D/HDMI ( 742): [S]: 4F:87:1C:A4:10
05-28 16:13:39.390 D/xm_audio( 509): adev_get_parameters
05-28 16:13:39.397 D/xm_audio( 509): adev_get_parameters
05-28 16:13:39.398 D/xm_audio( 509): adev_get_parameters
05-28 16:13:39.407 D/xm_audio( 509): adev_get_parameters
05-28 16:13:39.407 D/xm_audio( 509): adev_get_parameters
05-28 16:13:39.417 D/xm_audio( 509): adev_get_parameters
05-28 16:13:39.418 D/xm_audio( 509): adev_get_parameters
05-28 16:13:39.422 D/xm_audio( 509): adev_get_parameters
05-28 16:13:39.423 D/xm_audio( 509): adev_get_parameters
05-28 16:13:39.429 D/xm_audio( 509): adev_get_parameters
05-28 16:13:39.430 D/xm_audio( 509): adev_get_parameters
05-28 16:13:39.436 D/xm_audio( 509): adev_get_parameters
05-28 16:13:39.437 D/xm_audio( 509): adev_get_parameters
05-28 16:13:39.440 D/xm_audio( 509): adev_get_parameters
05-28 16:13:39.441 D/xm_audio( 509): adev_get_parameters
05-28 16:13:39.448 I/vol.Events( 1176): writeEvent level_changed STREAM_VOICE_CALL 55
05-28 16:13:39.452 I/vol.Events( 1176): writeEvent level_changed STREAM_SYSTEM 55
05-28 16:13:39.453 I/vol.Events( 1176): writeEvent level_changed STREAM_RING 55
05-28 16:13:39.454 I/vol.Events( 1176): writeEvent level_changed STREAM_MUSIC 11
05-28 16:13:39.455 I/vol.Events( 1176): writeEvent level_changed STREAM_ALARM 55
05-28 16:13:39.463 I/cling--ap-261( 2644): type=1400 audit(0.0:3527): avc: denied { read } for name="address" dev="sysfs" ino=22126 scontext=u:r:untrusted_app_27:s0:c43,c256,c512,c768 tcontext=u:object_r:sysfs_net:s0 tclass=file permissive=1 app=com.dangbei.screencast
05-28 16:13:39.463 I/cling--ap-261( 2644): type=1400 audit(0.0:3528): avc: denied { open } for path="/sys/devices/virtual/net/dummy0/address" dev="sysfs" ino=22126 scontext=u:r:untrusted_app_27:s0:c43,c256,c512,c768 tcontext=u:object_r:sysfs_net:s0 tclass=file permissive=1 app=com.dangbei.screencast
05-28 16:13:39.463 I/cling--ap-261( 2644): type=1400 audit(0.0:3529): avc: denied { getattr } for path="/sys/devices/virtual/net/dummy0/address" dev="sysfs" ino=22126 scontext=u:r:untrusted_app_27:s0:c43,c256,c512,c768 tcontext=u:object_r:sysfs_net:s0 tclass=file permissive=1 app=com.dangbei.screencast
05-28 16:13:39.540 D/hdmicecd( 532): [CEC]:printCecMessage, [4 -> f] len: 4, body: 87 1c a4 10, result:success
05-28 16:13:39.540 E/IPCThreadState( 532): binder thread pool (1 threads) starved for 151 ms
05-28 16:13:39.540 D/HDMI ( 742): [S]: 40:8C
05-28 16:13:39.594 D/hdmicecd( 532): [CEC]:printCecMessage, [4 -> 0] len: 1, body: 8c, result:no ack
05-28 16:13:39.650 D/hdmicecd( 532): [CEC]:printCecMessage, [4 -> 0] len: 1, body: 8c, result:no ack
05-28 16:13:39.650 E/HDMI ( 742): [1]:Failed to send 40:8C with errorCode=1
05-28 16:13:39.652 D/HDMI ( 742): [S]: 40:47:44:42:42:4F:58:2D:41:33
05-28 16:13:39.706 D/hdmicecd( 532): [CEC]:printCecMessage, [4 -> 0] len: 9, body: 47 44 42 42 4f 58 2d 41 33, result:no ack
05-28 16:13:39.762 D/hdmicecd( 532): [CEC]:printCecMessage, [4 -> 0] len: 9, body: 47 44 42 42 4f 58 2d 41 33, result:no ack
05-28 16:13:39.764 E/HDMI ( 742): [1]:Failed to send 40:47:44:42:42:4F:58:2D:41:33 with errorCode=1
05-28 16:13:39.765 D/HDMI ( 742): Failed to send cec command 40:47:44:42:42:4F:58:2D:41:33
05-28 16:13:39.766 D/HDMI ( 742): [S]: 45:7D
05-28 16:13:39.822 D/hdmicecd( 532): [CEC]:printCecMessage, [4 -> 5] len: 1, body: 7d, result:no ack
05-28 16:13:39.882 D/hdmicecd( 532): [CEC]:printCecMessage, [4 -> 5] len: 1, body: 7d, result:no ack
05-28 16:13:39.883 E/HDMI ( 742): [1]:Failed to send 45:7D with errorCode=1
05-28 16:13:39.883 D/HDMI ( 742): AVR did not respond to
05-28 16:13:39.884 D/HdmiControlService( 742): Switching to full volume behavior
05-28 16:13:39.938 D/hdmicecd( 532): [CEC]:printCecMessage, [4 -> e] len: 0, body:, result:no ack
05-28 16:13:39.994 D/hdmicecd( 532): [CEC]:printCecMessage, [4 -> b] len: 0, body:, result:no ack
05-28 16:13:40.050 D/hdmicecd( 532): [CEC]:printCecMessage, [4 -> 8] len: 0, body:, result:no ack
05-28 16:13:40.106 D/hdmicecd( 532): [CEC]:printCecMessage, [4 -> 5] len: 0, body:, result:no ack
05-28 16:13:40.166 D/hdmicecd( 532): [CEC]:printCecMessage, [4 -> 3] len: 0, body:, result:no ack
05-28 16:13:40.222 D/hdmicecd( 532): [CEC]:printCecMessage, [4 -> 1] len: 0, body:, result:no ack
05-28 16:13:40.266 D/MesonDisplay( 289): read /sys/class/amhdmitx/amhdmitx0/hdcp_lstore, result length:0, val:
05-28 16:13:40.278 D/hdmicecd( 532): [CEC]:printCecMessage, [4 -> 0] len: 0, body:, result:no ack
05-28 16:13:40.279 D/HdmiCecController( 742): [P]:AllocatedAddress=[]
05-28 16:13:40.279 D/hdmicecd( 532): [HdmiCecControl]:getPhysicalAddress, physical addr: 1000, last pa: 1000, ret = 0
05-28 16:13:40.280 D/HDMI ( 742): addCecDevice new:CEC: logical_address: 0x04 device_type: 4 cec_version: 5 vendor_id: 1877008 display_name: DBBOX-A3 power_status: 0 physical_address: 0x1000 port_id: 0 old:null
05-28 16:13:40.444 E/ccc ( 1946): cccccc onPhrikeUpdate downloading 80.4975
05-28 16:13:40.466 E/mali_gralloc( 1946): Attempt to call unlock*() on an buffer locked with invalid write locks buffer (0xf470d9e0)
05-28 16:13:40.466 E/mali_gralloc( 1946): Attempt to call unlock*() on an buffer locked with invalid write locks buffer (0xf4707e80)
05-28 16:13:40.470 E/mali_gralloc( 1946): Attempt to call unlock*() on an buffer locked with invalid write locks buffer (0xf4707e80)
05-28 16:13:41.044 E/xxxxxxxxxxxxxxx( 2316): onReceive: true , configuration = {1.0 ?mcc0mnc [zh_CN] ldltr sw720dp w1280dp h720dp 240dpi xlrg long land television -touch -keyb/v/h dpad/v winConfig={ mBounds=Rect(0, 0 - 1920, 1080) mAppBounds=Rect(0, 0 - 1920, 1080) mMaxBounds=Rect(0, 0 - 1920, 1080) mDisplayRotation=ROTATION_0 mWindowingMode=fullscreen mDisplayWindowingMode=fullscreen mActivityType=undefined mAlwaysOnTop=undefined mRotation=ROTATION_0} as.2 s.22 fontWeightAdjustment=0}
05-28 16:13:41.045 E/xxxxxxxxxxxxxxx( 2316): isScreenSizeChange=false app onConfigurationChanged={1.0 ?mcc0mnc [zh_CN] ldltr sw720dp w1280dp h720dp 240dpi xlrg long land television -touch -keyb/v/h dpad/v winConfig={ mBounds=Rect(0, 0 - 1920, 1080) mAppBounds=Rect(0, 0 - 1920, 1080) mMaxBounds=Rect(0, 0 - 1920, 1080) mDisplayRotation=ROTATION_0 mWindowingMode=fullscreen mDisplayWindowingMode=fullscreen mActivityType=undefined mAlwaysOnTop=undefined mRotation=ROTATION_0} as.2 s.22 fontWeightAdjustment=0}
05-28 16:13:41.267 D/MesonDisplay( 289): read /sys/class/amhdmitx/amhdmitx0/hdcp_lstore, result length:0, val:
05-28 16:13:41.663 I/binder:495_1( 495): type=1400 audit(0.0:3530): avc: denied { add_name } for name="globalAlert" scontext=u:r:netd:s0 tcontext=u:object_r:proc_net:s0 tclass=dir permissive=1
05-28 16:13:42.267 D/MesonDisplay( 289): read /sys/class/amhdmitx/amhdmitx0/hdcp_lstore, result length:0, val:
05-28 16:13:42.305 D/audio_hw_hal_ms12common( 509): func:ms12_timer_callback_handler sigv:0 ~~~~~~~~~~
05-28 16:13:42.306 D/audio_hw_hal_ms12v2( 509): set_dolby_ms12_continuous_state audio_continuous_standby_set status 1
05-28 16:13:42.306 D/audio_hw_hal_continuous_standby( 509): audio_continuous_standby_set, type 0, params 1
05-28 16:13:42.306 D/audio_hw_hal_ms12common( 509): aml_send_ms12_scheduler_state_2_ms12 adev:0xeedc14a0, sch_state:1(SCHEDULER_STANDBY)
05-28 16:13:42.387 I/WifiHAL ( 558): call wifi_get_link_stats handler
05-28 16:13:42.387 I/WifiHAL ( 558): Creating message to get link statistics; iface = 16
05-28 16:13:42.387 D/WifiHAL ( 558): error code -95 mapped to -3
05-28 16:13:42.387 E/WifiStaIfaceAidlImpl( 742): getLinkLayerStats failed with service-specific exception: android.os.ServiceSpecificException: (code 4)
05-28 16:13:43.267 D/MesonDisplay( 289): read /sys/class/amhdmitx/amhdmitx0/hdcp_lstore, result length:0, val:
05-28 16:13:44.268 D/MesonDisplay( 289): read /sys/class/amhdmitx/amhdmitx0/hdcp_lstore, result length:0, val:
05-28 16:13:44.447 E/ccc ( 1946): cccccc onPhrikeUpdate downloading 80.671616
05-28 16:13:44.453 E/mali_gralloc( 1946): Attempt to call unlock*() on an buffer locked with invalid write locks buffer (0xf4707e80)
05-28 16:13:45.268 D/MesonDisplay( 289): read /sys/class/amhdmitx/amhdmitx0/hdcp_lstore, result length:0, val:
05-28 16:13:45.393 I/WifiHAL ( 558): call wifi_get_link_stats handler
05-28 16:13:45.394 I/WifiHAL ( 558): Creating message to get link statistics; iface = 16
05-28 16:13:45.394 D/WifiHAL ( 558): error code -95 mapped to -3
05-28 16:13:45.394 E/WifiStaIfaceAidlImpl( 742): getLinkLayerStats failed with service-specific exception: android.os.ServiceSpecificException: (code 4)
05-28 16:13:46.269 D/MesonDisplay( 289): read /sys/class/amhdmitx/amhdmitx0/hdcp_lstore, result length:0, val:
05-28 16:13:47.269 D/MesonDisplay( 289): read /sys/class/amhdmitx/amhdmitx0/hdcp_lstore, result length:0, val:
05-28 16:13:48.270 D/MesonDisplay( 289): read /sys/class/amhdmitx/amhdmitx0/hdcp_lstore, result length:0, val:
05-28 16:13:48.399 I/WifiHAL ( 558): call wifi_get_link_stats handler
05-28 16:13:48.400 I/WifiHAL ( 558): Creating message to get link statistics; iface = 16
05-28 16:13:48.400 D/WifiHAL ( 558): error code -95 mapped to -3
05-28 16:13:48.400 E/WifiStaIfaceAidlImpl( 742): getLinkLayerStats failed with service-specific exception: android.os.ServiceSpecificException: (code 4)
05-28 16:13:48.883 E/ccc ( 1946): cccccc onPhrikeUpdate downloading 80.74099
05-28 16:13:48.892 E/mali_gralloc( 1946): Attempt to call unlock*() on an buffer locked with invalid write locks buffer (0xf470d9e0)
05-28 16:13:48.895 E/mali_gralloc( 1946): Attempt to call unlock*() on an buffer locked with invalid write locks buffer (0xf470d9e0)
05-28 16:13:49.270 D/MesonDisplay( 289): read /sys/class/amhdmitx/amhdmitx0/hdcp_lstore, result length:0, val:
05-28 16:13:49.422 I/audio_hw_hal_alsamgr( 509): alsa format =0x1 delay frames =768 total frames=349550080
05-28 16:13:50.270 D/MesonDisplay( 289): read /sys/class/amhdmitx/amhdmitx0/hdcp_lstore, result length:0, val:
05-28 16:13:50.271 D/MesonDisplay( 289): read /sys/class/amhdmitx/amhdmitx0/hdcp_lstore, result length:0, val:
05-28 16:13:50.271 I/MesonDisplay( 289): [/HDCPTxAuth.cpp, authInit, 223] hdcp_tx key:
05-28 16:13:51.406 I/WifiHAL ( 558): call wifi_get_link_stats handler
05-28 16:13:51.406 I/WifiHAL ( 558): Creating message to get link statistics; iface = 16
05-28 16:13:51.406 D/WifiHAL ( 558): error code -95 mapped to -3
05-28 16:13:51.407 E/WifiStaIfaceAidlImpl( 742): getLinkLayerStats failed with service-specific exception: android.os.ServiceSpecificException: (code 4)
05-28 16:13:53.260 E/ccc ( 1946): cccccc onPhrikeUpdate downloading 80.81961
05-28 16:13:53.278 E/mali_gralloc( 1946): Attempt to call unlock*() on an buffer locked with invalid write locks buffer (0xf470d9e0)
05-28 16:13:53.278 E/mali_gralloc( 1946): Attempt to call unlock*() on an buffer locked with invalid write locks buffer (0xf4707e80)
05-28 16:13:53.280 E/mali_gralloc( 1946): Attempt to call unlock*() on an buffer locked with invalid write locks buffer (0xf4707e80)
05-28 16:13:54.194 D/nStackXCoAP( 2823): IsInSameNetwork:[276] :IsInSameNetwork exec
05-28 16:13:54.195 I/nStackXDFinder( 2823): GetLocalInterfaceDetail:[461] :GetLocalInterfaceDetail in
05-28 16:13:54.195 E/nStackXCoAP( 2823): IsInSameNetwork:[281] :IsInSameNetwork: not priority process
05-28 16:13:54.195 D/nStackXCoAP( 2823): ParseServiceDiscover:[330] :new device join
05-28 16:13:54.195 I/nStackXDFinder( 2823): NotifyDeviceListChanged:[540] :notify callback: device list changed callback is null
05-28 16:13:54.195 E/nStackXDFinder( 2823): GetLocalIp:[401] :GetLocalIp exec
05-28 16:13:54.275 D/nStackXCoAP( 2823): CoapMessageHandler:[133] :2.01
05-28 16:13:54.414 I/WifiHAL ( 558): call wifi_get_link_stats handler
05-28 16:13:54.414 I/WifiHAL ( 558): Creating message to get link statistics; iface = 16
05-28 16:13:54.414 D/WifiHAL ( 558): error code -95 mapped to -3
05-28 16:13:54.414 E/WifiStaIfaceAidlImpl( 742): getLinkLayerStats failed with service-specific exception: android.os.ServiceSpecificException: (code 4)
05-28 16:13:54.428 D/nStackXCoAP( 2823): IsInSameNetwork:[276] :IsInSameNetwork exec
05-28 16:13:54.428 I/nStackXDFinder( 2823): GetLocalInterfaceDetail:[461] :GetLocalInterfaceDetail in
05-28 16:13:54.428 E/nStackXCoAP( 2823): IsInSameNetwork:[281] :IsInSameNetwork: not priority process
05-28 16:13:54.428 D/nStackXCoAP( 2823): ParseServiceDiscover:[330] :new device join
05-28 16:13:54.429 I/nStackXDFinder( 2823): NotifyDeviceListChanged:[540] :notify callback: device list changed callback is null
05-28 16:13:54.429 E/nStackXDFinder( 2823): GetLocalIp:[401] :GetLocalIp exec
05-28 16:13:54.563 D/nStackXCoAP( 2823): CoapMessageHandler:[133] :2.01
05-28 16:13:54.635 D/nStackXCoAP( 2823): IsInSameNetwork:[276] :IsInSameNetwork exec
05-28 16:13:54.635 I/nStackXDFinder( 2823): GetLocalInterfaceDetail:[461] :GetLocalInterfaceDetail in
05-28 16:13:54.635 E/nStackXCoAP( 2823): IsInSameNetwork:[281] :IsInSameNetwork: not priority process
05-28 16:13:54.636 D/nStackXCoAP( 2823): ParseServiceDiscover:[330] :new device join
05-28 16:13:54.636 E/nStackXDFinder( 2823): GetLocalIp:[401] :GetLocalIp exec
05-28 16:13:54.681 D/nStackXCoAP( 2823): IsInSameNetwork:[276] :IsInSameNetwork exec
05-28 16:13:54.682 I/nStackXDFinder( 2823): GetLocalInterfaceDetail:[461] :GetLocalInterfaceDetail in
05-28 16:13:54.682 E/nStackXCoAP( 2823): IsInSameNetwork:[281] :IsInSameNetwork: not priority process
05-28 16:13:54.682 D/nStackXCoAP( 2823): ParseServiceDiscover:[330] :new device join
05-28 16:13:54.682 E/nStackXDFinder( 2823): GetLocalIp:[401] :GetLocalIp exec
05-28 16:13:54.802 D/nStackXCoAP( 2823): CoapMessageHandler:[133] :2.01
05-28 16:13:54.802 D/nStackXCoAP( 2823): CoapMessageHandler:[133] :2.01
05-28 16:13:54.820 D/nStackXCoAP( 2823): IsInSameNetwork:[276] :IsInSameNetwork exec
05-28 16:13:54.820 I/nStackXDFinder( 2823): GetLocalInterfaceDetail:[461] :GetLocalInterfaceDetail in
05-28 16:13:54.820 E/nStackXCoAP( 2823): IsInSameNetwork:[281] :IsInSameNetwork: not priority process
05-28 16:13:54.820 D/nStackXCoAP( 2823): ParseServiceDiscover:[330] :new device join
05-28 16:13:54.820 E/nStackXDFinder( 2823): GetLocalIp:[401] :GetLocalIp exec
05-28 16:13:54.900 D/nStackXCoAP( 2823): CoapMessageHandler:[133] :2.01
05-28 16:13:54.948 D/nStackXCoAP( 2823): IsInSameNetwork:[276] :IsInSameNetwork exec
05-28 16:13:54.948 I/nStackXDFinder( 2823): GetLocalInterfaceDetail:[461] :GetLocalInterfaceDetail in
05-28 16:13:54.948 E/nStackXCoAP( 2823): IsInSameNetwork:[281] :IsInSameNetwork: not priority process
05-28 16:13:54.948 D/nStackXCoAP( 2823): ParseServiceDiscover:[330] :new device join
05-28 16:13:54.948 E/nStackXDFinder( 2823): GetLocalIp:[401] :GetLocalIp exec
05-28 16:13:55.092 D/nStackXCoAP( 2823): IsInSameNetwork:[276] :IsInSameNetwork exec
05-28 16:13:55.092 I/nStackXDFinder( 2823): GetLocalInterfaceDetail:[461] :GetLocalInterfaceDetail in
05-28 16:13:55.092 E/nStackXCoAP( 2823): IsInSameNetwork:[281] :IsInSameNetwork: not priority process
05-28 16:13:55.092 D/nStackXCoAP( 2823): ParseServiceDiscover:[330] :new device join
05-28 16:13:55.092 E/nStackXDFinder( 2823): GetLocalIp:[401] :GetLocalIp exec
05-28 16:13:55.200 D/nStackXCoAP( 2823): CoapMessageHandler:[133] :2.01
05-28 16:13:55.201 D/nStackXCoAP( 2823): CoapMessageHandler:[133] :2.01
05-28 16:13:55.245 D/nStackXCoAP( 2823): IsInSameNetwork:[276] :IsInSameNetwork exec
05-28 16:13:55.245 I/nStackXDFinder( 2823): GetLocalInterfaceDetail:[461] :GetLocalInterfaceDetail in
05-28 16:13:55.245 E/nStackXCoAP( 2823): IsInSameNetwork:[281] :IsInSameNetwork: not priority process
05-28 16:13:55.245 D/nStackXCoAP( 2823): ParseServiceDiscover:[330] :new device join
05-28 16:13:55.245 E/nStackXDFinder( 2823): GetLocalIp:[401] :GetLocalIp exec
05-28 16:13:55.302 D/nStackXCoAP( 2823): CoapMessageHandler:[133] :2.01
05-28 16:13:55.449 D/nStackXCoAP( 2823): IsInSameNetwork:[276] :IsInSameNetwork exec
05-28 16:13:55.449 I/nStackXDFinder( 2823): GetLocalInterfaceDetail:[461] :GetLocalInterfaceDetail in
05-28 16:13:55.449 E/nStackXCoAP( 2823): IsInSameNetwork:[281] :IsInSameNetwork: not priority process
05-28 16:13:55.449 D/nStackXCoAP( 2823): ParseServiceDiscover:[330] :new device join
05-28 16:13:55.449 E/nStackXDFinder( 2823): GetLocalIp:[401] :GetLocalIp exec
05-28 16:13:55.714 D/nStackXCoAP( 2823): CoapMessageHandler:[133] :2.01
05-28 16:13:55.805 D/nStackXCoAP( 2823): IsInSameNetwork:[276] :IsInSameNetwork exec
05-28 16:13:55.805 I/nStackXDFinder( 2823): GetLocalInterfaceDetail:[461] :GetLocalInterfaceDetail in
05-28 16:13:55.805 E/nStackXCoAP( 2823): IsInSameNetwork:[281] :IsInSameNetwork: not priority process
05-28 16:13:55.805 D/nStackXCoAP( 2823): ParseServiceDiscover:[330] :new device join
05-28 16:13:55.805 E/nStackXDFinder( 2823): GetLocalIp:[401] :GetLocalIp exec
05-28 16:13:56.052 D/nStackXCoAP( 2823): IsInSameNetwork:[276] :IsInSameNetwork exec
05-28 16:13:56.052 I/nStackXDFinder( 2823): GetLocalInterfaceDetail:[461] :GetLocalInterfaceDetail in
05-28 16:13:56.052 E/nStackXCoAP( 2823): IsInSameNetwork:[281] :IsInSameNetwork: not priority process
05-28 16:13:56.052 D/nStackXCoAP( 2823): ParseServiceDiscover:[330] :new device join
05-28 16:13:56.052 E/nStackXDFinder( 2823): GetLocalIp:[401] :GetLocalIp exec
05-28 16:13:56.107 D/nStackXCoAP( 2823): IsInSameNetwork:[276] :IsInSameNetwork exec
05-28 16:13:56.107 I/nStackXDFinder( 2823): GetLocalInterfaceDetail:[461] :GetLocalInterfaceDetail in
05-28 16:13:56.107 E/nStackXCoAP( 2823): IsInSameNetwork:[281] :IsInSameNetwork: not priority process
05-28 16:13:56.107 D/nStackXCoAP( 2823): ParseServiceDiscover:[330] :new device join
05-28 16:13:56.108 E/nStackXDFinder( 2823): GetLocalIp:[401] :GetLocalIp exec
05-28 16:13:56.173 D/nStackXCoAP( 2823): IsInSameNetwork:[276] :IsInSameNetwork exec
05-28 16:13:56.173 I/nStackXDFinder( 2823): GetLocalInterfaceDetail:[461] :GetLocalInterfaceDetail in
05-28 16:13:56.173 E/nStackXCoAP( 2823): IsInSameNetwork:[281] :IsInSameNetwork: not priority process
05-28 16:13:56.173 D/nStackXCoAP( 2823): ParseServiceDiscover:[330] :new device join
05-28 16:13:56.173 E/nStackXDFinder( 2823): GetLocalIp:[401] :GetLocalIp exec
05-28 16:13:56.316 D/nStackXCoAP( 2823): CoapMessageHandler:[133] :2.01
05-28 16:13:56.385 D/nStackXCoAP( 2823): CoapMessageHandler:[133] :2.01
05-28 16:13:56.617 D/nStackXCoAP( 2823): IsInSameNetwork:[276] :IsInSameNetwork exec
05-28 16:13:56.617 I/nStackXDFinder( 2823): GetLocalInterfaceDetail:[461] :GetLocalInterfaceDetail in
05-28 16:13:56.617 E/nStackXCoAP( 2823): IsInSameNetwork:[281] :IsInSameNetwork: not priority process
05-28 16:13:56.617 D/nStackXCoAP( 2823): ParseServiceDiscover:[330] :new device join
05-28 16:13:56.617 E/nStackXDFinder( 2823): GetLocalIp:[401] :GetLocalIp exec
05-28 16:13:56.671 D/nStackXCoAP( 2823): IsInSameNetwork:[276] :IsInSameNetwork exec
05-28 16:13:56.671 I/nStackXDFinder( 2823): GetLocalInterfaceDetail:[461] :GetLocalInterfaceDetail in
05-28 16:13:56.671 E/nStackXCoAP( 2823): IsInSameNetwork:[281] :IsInSameNetwork: not priority process
05-28 16:13:56.671 D/nStackXCoAP( 2823): ParseServiceDiscover:[330] :new device join
05-28 16:13:56.671 E/nStackXDFinder( 2823): GetLocalIp:[401] :GetLocalIp exec
05-28 16:13:56.756 D/nStackXCoAP( 2823): CoapMessageHandler:[133] :2.01
05-28 16:13:56.756 D/nStackXCoAP( 2823): CoapMessageHandler:[133] :2.01
05-28 16:13:56.780 D/nStackXCoAP( 2823): IsInSameNetwork:[276] :IsInSameNetwork exec
05-28 16:13:56.780 I/nStackXDFinder( 2823): GetLocalInterfaceDetail:[461] :GetLocalInterfaceDetail in
05-28 16:13:56.780 E/nStackXCoAP( 2823): IsInSameNetwork:[281] :IsInSameNetwork: not priority process
05-28 16:13:56.780 D/nStackXCoAP( 2823): ParseServiceDiscover:[330] :new device join
05-28 16:13:56.780 E/nStackXDFinder( 2823): GetLocalIp:[401] :GetLocalIp exec
05-28 16:13:57.207 D/nStackXCoAP( 2823): IsInSameNetwork:[276] :IsInSameNetwork exec
05-28 16:13:57.207 I/nStackXDFinder( 2823): GetLocalInterfaceDetail:[461] :GetLocalInterfaceDetail in
05-28 16:13:57.207 E/nStackXCoAP( 2823): IsInSameNetwork:[281] :IsInSameNetwork: not priority process
05-28 16:13:57.207 D/nStackXCoAP( 2823): ParseServiceDiscover:[330] :new device join
