05-28 16:16:00.222 I/audio_hw_hal_primary( 509): [adev_open_output_stream:3287] ch_mask:0x1 rate:32000 format:AC3(0x9000000) flags:0x51
05-28 16:16:00.222 I/audio_hw_hal_primary( 509): adev_open_output_stream: for raw audio output,force alsa stereo output
05-28 16:16:00.222 D/audio_hw_hal_primary( 509): [adev_open_output_stream:3573] format=AC3 rate=32000
05-28 16:16:00.222 I/audio_hw_hal_primary( 509): [adev_open_output_stream:3610] result profile ch_mask:0x1 rate:32000 format:AC3(0x9000000) usecase:RAW_HWSYNC
05-28 16:16:00.222 I/audio_hw_hal_utils( 509): aml_get_stream_dump_file_name line 2929 file_name /data/vendor/audiohal/stream_pid509_tid19915.dd
05-28 16:16:00.222 I/audio_hw_hal_primary( 509): [adev_open_output_stream_new:8037] io 2109: out: 0xeed09700 card:0 alsa devices:0 exit ------
05-28 16:16:00.224 I/audio_hw_hal_primary( 509): [out_get_buffer_size:552] out:0xeed09700 config.rate=32000, format:AC3(0x9000000), stream format:AC3(0x9000000)
05-28 16:16:00.224 I/AudioFlinger( 594): HAL output buffer size 2048 frames, normal sink buffer size 2048 frames
05-28 16:16:00.224 I/audio_hw_hal_primary( 509): [audiohal_get_latency:1333] io 2109: out:0xeed09700 frames:1280 rate:32000 whole_latency:40 alsa_latency:40
05-28 16:16:00.224 I/audio_hw_hal_primary( 509): [out_set_event_callback:3158] io 2109: out:0xeed09700, callback:0xf0dfc91d cookie:0xf14c00d0
05-28 16:16:00.225 I/AudioFlinger( 594): AudioFlinger's thread 0xecf285b0 tid=19920 ready to run
05-28 16:16:00.225 I/audio_hw_hal_primary( 509): [audiohal_get_latency:1333] io 2109: out:0xeed09700 frames:1280 rate:32000 whole_latency:40 alsa_latency:40
05-28 16:16:00.225 I/audio_hw_hal_primary( 509): [audiohal_get_latency:1333] io 2109: out:0xeed09700 frames:1152 rate:32000 whole_latency:36 alsa_latency:36
05-28 16:16:00.226 W/IPCThreadState( 594): Sending oneway calls to frozen process.
05-28 16:16:00.226 D/AudioFlinger( 594): ro.audio.silent is ignored since no output device is set
05-28 16:16:00.227 D/AudioFlinger( 594): ro.audio.silent is ignored since no output device is set
05-28 16:16:00.235 E/MesonDisplay( 289): open /sys/class/amhdmitx/amhdmitx0/hdcp_pwr fail. Error info [No such file or directory]
05-28 16:16:00.235 E/MesonDisplay( 289): open /sys/class/amhdmitx/amhdmitx0/hdcp_ctrl fail. Error info [No such file or directory]
05-28 16:16:00.235 E/MesonDisplay( 289): open /sys/class/amhdmitx/amhdmitx0/hdcp_ctrl fail. Error info [No such file or directory]
05-28 16:16:00.235 D/hdmicecd( 532): [CEC]:printCecMessage, [4 -> 4] len: 0, body:, result:no ack
05-28 16:16:00.236 I/AudioFlinger( 594): openOutput() this 0xf2b07600, module 10 Device AUDIO_DEVICE_OUT_HDMI, @:, SamplingRate 0, Format 00000000, Channels 0, flags 0x4001
05-28 16:16:00.237 D/audio_hw_hal_primary( 509): [adev_open_output_stream_new:7868] enter: dev=0xeedc14a0 handle=845 devices=0x400/'HDMI,' flags=0x4001/'DIRECT,MMAP_NOIRQ,' config=(rt=0 ch_mask=0x0 fmt=0x0) address=''
05-28 16:16:00.237 D/audio_hw_hal_primary( 509): adev_open_output_stream_new: enter
05-28 16:16:00.237 I/audio_hw_hal_primary( 509): [adev_open_output_stream:3285] io 2117: out:0xeed09e30 dev:OUT_HDMI(0x400) addr:
05-28 16:16:00.237 I/audio_hw_hal_primary( 509): [adev_open_output_stream:3287] ch_mask:0 rate:0 format:DEFAULT(0) flags:0x4001
05-28 16:16:00.237 I/audio_hw_hal_primary( 509): when open aaudio stream, send RUNNING msg to submix & ms12
05-28 16:16:00.237 W/audio_hw_hal_ms12common( 509): aml_set_ms12_scheduler_state sch_state:0 SCHEDULER_RUNNING, ms12 scheduler state not changed.
05-28 16:16:00.237 I/audio_hw_hal_mmap( 509): [outMmapInit:680] stream:0xeed09e30
05-28 16:16:00.237 I/audio_hw_hal_mmap( 509): [dma_buffer_allocate:639] enter
05-28 16:16:00.237 I/MesonDisplay( 289): [/HDCPTxAuth.cpp, stop, 137] hdcp_tx pthread exit id = 3997155776, (null) done
05-28 16:16:00.237 D/MesonDisplayServer( 289): SetDisplay[HDMI] Mode to "2160p60hz"
05-28 16:16:00.237 I/DMABUFHEAPS( 509): Using DMA-BUF heap named: system-uncached
05-28 16:16:00.237 I/audio_hw_hal_mmap( 509): [dma_buffer_allocate:673] s32DmaFd:26, pu8MmapAddr:0xf21be000
05-28 16:16:00.237 I/audio_hw_hal_mmap( 509): [mmap_audio_register_client:927] OK ! stream 0xeed09e30, client id 0
05-28 16:16:00.237 I/audio_hw_hal_primary( 509): [adev_open_output_stream:3540] vendor.media.llp 0
05-28 16:16:00.237 I/audio_hw_hal_primary( 509): [adev_open_output_stream:3610] result profile ch_mask:0x3 rate:48000 format:PCM_16_BIT(0x1) usecase:PCM_MMAP
05-28 16:16:00.237 I/audio_hw_hal_utils( 509): aml_get_stream_dump_file_name line 2929 file_name /data/vendor/audiohal/stream_pid509_tid19915.pcm
05-28 16:16:00.237 I/audio_hw_hal_primary( 509): [adev_open_output_stream_new:8037] io 2117: out: 0xeed09e30 card:0 alsa devices:0 exit ------
05-28 16:16:00.238 I/audio_hw_hal_primary( 509): [out_get_buffer_size:552] out:0xeed09e30 config.rate=48000, format:PCM_16_BIT(0x1), stream format:PCM_16_BIT(0x1)
05-28 16:16:00.239 I/AudioFlinger( 594): AudioFlinger's thread 0xecd40010 tid=19921 ready to run
05-28 16:16:00.240 W/IPCThreadState( 594): Sending oneway calls to frozen process.
05-28 16:16:00.240 I/audio_hw_hal_profile( 509): [out_get_parameters:2092] out:0xeed09e30 query channels. Format:PCM_16_BIT(0x1) ++++++++++ hal_format:PCM_16_BIT
05-28 16:16:00.240 D/audio_hw_hal_profile( 509): get_hdmi_sink_cap_new is running...
05-28 16:16:00.240 D/audio_hw_hal_profile( 509): [get_hdmi_sink_cap_new:887] query hdmi channels... format: PCM_16_BIT(0x1)
05-28 16:16:00.240 I/audio_hw_hal_profile( 509): [out_get_parameters:2165] sup_channels=AUDIO_CHANNEL_OUT_STEREO|AUDIO_CHANNEL_OUT_5POINT1|AUDIO_CHANNEL_OUT_7POINT1
05-28 16:16:00.242 D/AudioFlinger( 594): closing mmapThread 0xecd40010
05-28 16:16:00.242 W/IPCThreadState( 594): Sending oneway calls to frozen process.
05-28 16:16:00.242 D/AudioFlinger( 594): mmapThread exit()
05-28 16:16:00.243 I/audio_hw_hal_primary( 509): [adev_close_output_stream_new:8052] io handle 2117: out:0xeed09e30
05-28 16:16:00.243 D/audio_hw_hal_primary( 509): adev_close_output_stream_new: enter usecase = PCM_MMAP
05-28 16:16:00.243 I/audio_hw_hal_primary( 509): [adev_close_output_stream:3695] io 2117: out:0xeed09e30 dev:OUT_HDMI(0x400) flags:0x4001, usecase:PCM_MMAP
05-28 16:16:00.243 D/audio_hw_hal_primary( 509): [out_standby_new:5767] io 2117: out:0xeed09e30 usecase:PCM_MMAP
05-28 16:16:00.243 I/audio_hw_hal_primary( 509): already standby, do nothing
05-28 16:16:00.243 I/audio_hw_hal_mmap( 509): [outMmapDeInit:743] stream:0xeed09e30
05-28 16:16:00.243 I/audio_hw_hal_mmap( 509): [mmap_audio_unregister_client:955] OK ! stream 0xeed09e30, client id 0
05-28 16:16:00.243 I/audio_hw_hal_primary( 509): when close aaudio stream, send STANDBY msg to submix & ms12
05-28 16:16:00.243 I/audio_hw_hal_ms12common( 509): aml_set_ms12_scheduler_state ms12_scheduler_state:1, sch_state:1 SCHEDULER_STANDBY is sent to ms12
05-28 16:16:00.243 I/audio_hw_hal_resourcemgr( 509): [is_output_device_muted:710] device:0x2 port_mute:0, fade_mute:0
05-28 16:16:00.243 I/audio_hw_hal_primary( 509): [adev_close_output_stream:3863] io 2117: out:0xeed09e30 exit ------
05-28 16:16:00.244 I/AudioFlinger( 594): openOutput() this 0xf2b07600, module 10 Device AUDIO_DEVICE_OUT_HDMI, @:, SamplingRate 48000, Format 0x000001, Channels 0x3, flags 0x4001
05-28 16:16:00.244 D/audio_hw_hal_primary( 509): [adev_open_output_stream_new:7868] enter: dev=0xeedc14a0 handle=84d devices=0x400/'HDMI,' flags=0x4001/'DIRECT,MMAP_NOIRQ,' config=(rt=48000 ch_mask=0x3 fmt=0x1) address=''
05-28 16:16:00.244 D/audio_hw_hal_primary( 509): adev_open_output_stream_new: enter
05-28 16:16:00.244 I/audio_hw_hal_primary( 509): [adev_open_output_stream:3285] io 2125: out:0xeed01cd0 dev:OUT_HDMI(0x400) addr:
05-28 16:16:00.244 I/audio_hw_hal_primary( 509): [adev_open_output_stream:3287] ch_mask:0x3 rate:48000 format:PCM_16_BIT(0x1) flags:0x4001
05-28 16:16:00.244 I/audio_hw_hal_primary( 509): when open aaudio stream, send RUNNING msg to submix & ms12
05-28 16:16:00.244 D/audio_hw_hal_ms12v2( 509): set_dolby_ms12_continuous_state audio_continuous_standby_set status 0
05-28 16:16:00.244 D/audio_hw_hal_continuous_standby( 509): audio_continuous_standby_set, type 0, params 0
05-28 16:16:00.244 I/audio_hw_hal_ms12common( 509): aml_set_ms12_scheduler_state ms12_scheduler_state:0, sch_state:0 SCHEDULER_RUNNING is sent to ms12
05-28 16:16:00.244 I/audio_hw_hal_mmap( 509): [outMmapInit:680] stream:0xeed01cd0
05-28 16:16:00.244 I/audio_hw_hal_mmap( 509): [dma_buffer_allocate:639] enter
05-28 16:16:00.244 I/DMABUFHEAPS( 509): Using DMA-BUF heap named: system-uncached
05-28 16:16:00.244 I/audio_hw_hal_mmap( 509): [dma_buffer_allocate:673] s32DmaFd:26, pu8MmapAddr:0xf21be000
05-28 16:16:00.245 I/audio_hw_hal_mmap( 509): [mmap_audio_register_client:927] OK ! stream 0xeed01cd0, client id 0
05-28 16:16:00.245 I/audio_hw_hal_primary( 509): [adev_open_output_stream:3540] vendor.media.llp 0
05-28 16:16:00.245 E/MesonHwc( 289): waitVBlank failed crtc[63]ret[-1]
05-28 16:16:00.245 I/audio_hw_hal_primary( 509): [adev_open_output_stream:3610] result profile ch_mask:0x3 rate:48000 format:PCM_16_BIT(0x1) usecase:PCM_MMAP
05-28 16:16:00.245 E/MesonHwc( 289): wait for hw vsync error:-1
05-28 16:16:00.245 W/HWComposer( 263): Ignoring duplicate VSYNC event from HWC for display 4627013623894091019 (t=7430710314000)
05-28 16:16:00.245 I/audio_hw_hal_utils( 509): aml_get_stream_dump_file_name line 2929 file_name /data/vendor/audiohal/stream_pid509_tid9864.pcm
05-28 16:16:00.245 I/audio_hw_hal_primary( 509): [adev_open_output_stream_new:8037] io 2125: out: 0xeed01cd0 card:0 alsa devices:0 exit ------
05-28 16:16:00.246 I/audio_hw_hal_primary( 509): [out_get_buffer_size:552] out:0xeed01cd0 config.rate=48000, format:PCM_16_BIT(0x1), stream format:PCM_16_BIT(0x1)
05-28 16:16:00.247 W/IPCThreadState( 594): Sending oneway calls to frozen process.
05-28 16:16:00.248 I/AudioFlinger( 594): AudioFlinger's thread 0xecd40010 tid=19923 ready to run
05-28 16:16:00.250 I/audio_hw_hal_primary( 509): [out_set_volume:1406] out:0xeed01cd0 left:1.000000 continuous:1 internal_format:PCM_16_BIT dolby:0 direct pcm:1 mmap_pcm:1
05-28 16:16:00.257 I/AudioFlinger( 594): openOutput() this 0xf2b07600, module 10 Device AUDIO_DEVICE_OUT_HDMI, @:, SamplingRate 0, Format 00000000, Channels 0, flags 0x41
05-28 16:16:00.258 D/audio_hw_hal_primary( 509): [adev_open_output_stream_new:7868] enter: dev=0xeedc14a0 handle=855 devices=0x400/'HDMI,' flags=0x41/'DIRECT,HW_AV_SYNC,' config=(rt=0 ch_mask=0x0 fmt=0x0) address=''
05-28 16:16:00.258 D/audio_hw_hal_primary( 509): adev_open_output_stream_new: enter
05-28 16:16:00.258 I/audio_hw_hal_primary( 509): [adev_open_output_stream:3285] io 2133: out:0xeed0baf0 dev:OUT_HDMI(0x400) addr:
05-28 16:16:00.258 I/audio_hw_hal_primary( 509): [adev_open_output_stream:3287] ch_mask:0 rate:0 format:DEFAULT(0) flags:0x41
05-28 16:16:00.258 D/audio_hw_hal_primary( 509): [adev_open_output_stream:3573] format=PCM_16_BIT rate=48000
05-28 16:16:00.258 I/audio_hw_hal_primary( 509): [adev_open_output_stream:3610] result profile ch_mask:0x3 rate:48000 format:PCM_16_BIT(0x1) usecase:PCM_HWSYNC
05-28 16:16:00.258 D/audio_hw_hal_timer( 509): func:audio_timer_create create timer.3 success.
05-28 16:16:00.258 D/audio_hw_hal_timer( 509): func:audio_timer_create create timer.4 success.
05-28 16:16:00.258 D/audio_hw_hal_primary( 509): [adev_open_output_stream_new:7980] timer_id:3
05-28 16:16:00.258 I/audio_hw_hal_utils( 509): aml_get_stream_dump_file_name line 2929 file_name /data/vendor/audiohal/stream_pid509_tid9864.pcm
05-28 16:16:00.258 I/audio_hw_hal_primary( 509): [adev_open_output_stream_new:8037] io 2133: out: 0xeed0baf0 card:0 alsa devices:0 exit ------
05-28 16:16:00.260 I/audio_hw_hal_primary( 509): [out_get_buffer_size:552] out:0xeed0baf0 config.rate=48000, format:PCM_16_BIT(0x1), stream format:PCM_16_BIT(0x1)
05-28 16:16:00.260 I/AudioFlinger( 594): HAL output buffer size 2058 frames, normal sink buffer size 2058 frames
05-28 16:16:00.260 I/audio_hw_hal_primary( 509): [audiohal_get_latency:1333] io 2133: out:0xeed0baf0 frames:1024 rate:48000 whole_latency:21 alsa_latency:21
05-28 16:16:00.261 I/audio_hw_hal_primary( 509): [out_set_event_callback:3158] io 2133: out:0xeed0baf0, callback:0xf0dfc91d cookie:0xf14c0d30
05-28 16:16:00.261 I/AudioFlinger( 594): AudioFlinger's thread 0xecf142e0 tid=19926 ready to run
05-28 16:16:00.261 I/audio_hw_hal_primary( 509): [audiohal_get_latency:1333] io 2133: out:0xeed0baf0 frames:1024 rate:48000 whole_latency:21 alsa_latency:21
05-28 16:16:00.261 I/audio_hw_hal_primary( 509): [audiohal_get_latency:1333] io 2133: out:0xeed0baf0 frames:1024 rate:48000 whole_latency:21 alsa_latency:21
05-28 16:16:00.262 D/AudioFlinger( 594): ro.audio.silent is ignored since no output device is set
05-28 16:16:00.262 W/IPCThreadState( 594): Sending oneway calls to frozen process.
05-28 16:16:00.262 D/audio_hw_hal_primary( 509): [out_standby_new:5767] io 2133: out:0xeed0baf0 usecase:PCM_HWSYNC
05-28 16:16:00.262 I/audio_hw_hal_primary( 509): already standby, do nothing
05-28 16:16:00.263 I/audio_hw_hal_profile( 509): [out_get_parameters:2085] out:0xeed0baf0 query audio format. ++++++++++ hal_format:PCM_16_BIT
05-28 16:16:00.263 D/audio_hw_hal_profile( 509): get_hdmi_sink_cap_new is running...
05-28 16:16:00.263 D/audio_hw_hal_profile( 509): query hdmi format...
05-28 16:16:00.263 D/audio_hw_hal_profile( 509): get_hdmi_sink_cap_new ddp is unsupported; ddp-joc(atmos) is unsupported;
05-28 16:16:00.263 I/audio_hw_hal_profile( 509): PCM cap Max channel =8
05-28 16:16:00.263 I/audio_hw_hal_profile( 509): [out_get_parameters:2165] sup_formats=AUDIO_FORMAT_PCM_16_BIT|AUDIO_FORMAT_IEC61937
05-28 16:16:00.263 D/APM_AudioPolicyManager( 594): modifySurroundFormats: forced use = 13
05-28 16:16:00.263 I/audio_hw_hal_profile( 509): [out_get_parameters:2089] out:0xeed0baf0 query sample rate. Format:PCM_16_BIT(0x1) ++++++++++ hal_format:PCM_16_BIT
05-28 16:16:00.263 D/audio_hw_hal_profile( 509): get_hdmi_sink_cap_new is running...
05-28 16:16:00.264 D/audio_hw_hal_profile( 509): [get_hdmi_sink_cap_new:960] query hdmi sample_rate... format: PCM_16_BIT(0x1)
05-28 16:16:00.264 I/audio_hw_hal_profile( 509): get_hdmi_sink_cap_new format =0x1 support rate =sup_sampling_rates=32000|44100|48000
05-28 16:16:00.264 I/audio_hw_hal_profile( 509): [out_get_parameters:2165] sup_sampling_rates=32000|44100|48000
05-28 16:16:00.264 I/audio_hw_hal_profile( 509): [out_get_parameters:2092] out:0xeed0baf0 query channels. Format:PCM_16_BIT(0x1) ++++++++++ hal_format:PCM_16_BIT
05-28 16:16:00.264 D/audio_hw_hal_profile( 509): get_hdmi_sink_cap_new is running...
05-28 16:16:00.264 D/audio_hw_hal_profile( 509): [get_hdmi_sink_cap_new:887] query hdmi channels... format: PCM_16_BIT(0x1)
05-28 16:16:00.264 I/audio_hw_hal_profile( 509): [out_get_parameters:2165] sup_channels=AUDIO_CHANNEL_OUT_STEREO|AUDIO_CHANNEL_OUT_5POINT1|AUDIO_CHANNEL_OUT_7POINT1
05-28 16:16:00.265 I/audio_hw_hal_profile( 509): [out_get_parameters:2089] out:0xeed0baf0 query sample rate. Format:IEC61937(0xd000000) ++++++++++ hal_format:PCM_16_BIT
05-28 16:16:00.265 D/audio_hw_hal_profile( 509): get_hdmi_sink_cap_new is running...
05-28 16:16:00.265 D/audio_hw_hal_profile( 509): [get_hdmi_sink_cap_new:960] query hdmi sample_rate... format: IEC61937(0xd000000)
05-28 16:16:00.265 I/audio_hw_hal_profile( 509): [out_get_parameters:2165] sup_sampling_rates=8000|11025|16000|22050|24000|32000|44100|48000|128000|176400|192000
05-28 16:16:00.265 I/audio_hw_hal_profile( 509): [out_get_parameters:2092] out:0xeed0baf0 query channels. Format:IEC61937(0xd000000) ++++++++++ hal_format:PCM_16_BIT
05-28 16:16:00.265 D/audio_hw_hal_profile( 509): get_hdmi_sink_cap_new is running...
05-28 16:16:00.266 D/audio_hw_hal_profile( 509): [get_hdmi_sink_cap_new:887] query hdmi channels... format: IEC61937(0xd000000)
05-28 16:16:00.266 I/audio_hw_hal_profile( 509): [out_get_parameters:2165] sup_channels=AUDIO_CHANNEL_OUT_MONO|AUDIO_CHANNEL_OUT_STEREO|AUDIO_CHANNEL_OUT_TRI|AUDIO_CHANNEL_OUT_TRI_BACK|AUDIO_CHANNEL_OUT_3POINT1|AUDIO_CHANNEL_OUT_QUAD|AUDIO_CHANNEL_OUT_SURROUND|AUDIO_CHANNEL_OUT_PENTA|AUDIO_CHANNEL_OUT_5POINT1|AUDIO_CHANNEL_OUT_7POINT1
05-28 16:16:00.267 D/audio_hw_hal_primary( 509): [out_dump:848] io 2133: out:0xeed0baf0, fd:27
05-28 16:16:00.268 W/IPCThreadState( 594): Sending oneway calls to frozen process.
05-28 16:16:00.268 D/audio_hw_hal_primary( 509): [out_set_parameters:971] out:0xeed0baf0 kvpairs:closing=true;exiting=1 out->out_device:0x400, adev->out_device:0x80002
05-28 16:16:00.269 E/audio_hw_hal_primary( 509): out_set_parameters, ret:-2, hw_sync_mode:is false
05-28 16:16:00.269 D/AudioFlinger( 594): ro.audio.silent is ignored since no output device is set
05-28 16:16:00.270 I/audio_hw_hal_primary( 509): [out_set_event_callback:3158] io 2133: out:0xeed0baf0, callback:0xf0dfc91d cookie:0xf14c0d30
05-28 16:16:00.270 I/audio_hw_hal_primary( 509): [adev_close_output_stream_new:8052] io handle 2133: out:0xeed0baf0
05-28 16:16:00.270 D/audio_hw_hal_primary( 509): adev_close_output_stream_new: enter usecase = PCM_HWSYNC
05-28 16:16:00.270 D/audio_hw_hal_timer( 509): func:audio_timer_delete delete timer.3 success.
05-28 16:16:00.270 D/audio_hw_hal_timer( 509): func:audio_timer_delete delete timer.4 success.
05-28 16:16:00.270 D/audio_hw_hal_primary( 509): [adev_close_output_stream_new:8076] timer_id:3 ret:4
05-28 16:16:00.270 I/audio_hw_hal_primary( 509): [adev_close_output_stream:3695] io 2133: out:0xeed0baf0 dev:OUT_HDMI(0x400) flags:0x41, usecase:PCM_HWSYNC
05-28 16:16:00.270 D/audio_hw_hal_primary( 509): [out_standby_new:5767] io 2133: out:0xeed0baf0 usecase:PCM_HWSYNC
05-28 16:16:00.270 I/audio_hw_hal_primary( 509): already standby, do nothing
05-28 16:16:00.270 I/audio_hw_hal_resourcemgr( 509): [is_output_device_muted:710] device:0x2 port_mute:0, fade_mute:0
05-28 16:16:00.270 I/audio_hw_hal_primary( 509): [adev_close_output_stream:3863] io 2133: out:0xeed0baf0 exit ------
05-28 16:16:00.270 I/AudioFlinger( 594): openOutput() this 0xf2b07600, module 10 Device AUDIO_DEVICE_OUT_HDMI, @:, SamplingRate 8000, Format 0xd000000, Channels 0x1, flags 0x41
05-28 16:16:00.271 D/audio_hw_hal_primary( 509): [adev_open_output_stream_new:7868] enter: dev=0xeedc14a0 handle=85d devices=0x400/'HDMI,' flags=0x441/'DIRECT,HW_AV_SYNC,IEC958_NONAUDIO,' config=(rt=8000 ch_mask=0x1 fmt=0xd000000) address=''
05-28 16:16:00.271 D/audio_hw_hal_primary( 509): adev_open_output_stream_new: enter
05-28 16:16:00.271 I/audio_hw_hal_primary( 509): [adev_open_output_stream:3285] io 2141: out:0xeed09e30 dev:OUT_HDMI(0x400) addr:
05-28 16:16:00.271 I/audio_hw_hal_primary( 509): [adev_open_output_stream:3287] ch_mask:0x1 rate:8000 format:IEC61937(0xd000000) flags:0x441
05-28 16:16:00.271 D/audio_hw_hal_primary( 509): [adev_open_output_stream:3381] current format is IEC61937
05-28 16:16:00.271 D/audio_hw_hal_primary( 509): [adev_open_output_stream:3573] format=IEC61937 rate=8000
05-28 16:16:00.271 I/audio_hw_hal_primary( 509): [adev_open_output_stream:3610] result profile ch_mask:0x1 rate:8000 format:IEC61937(0xd000000) usecase:RAW_DIRECT
05-28 16:16:00.271 I/audio_hw_hal_utils( 509): aml_get_stream_dump_file_name line 2929 file_name /data/vendor/audiohal/stream_pid509_tid19915.pcm
05-28 16:16:00.271 I/audio_hw_hal_primary( 509): [adev_open_output_stream_new:8037] io 2141: out: 0xeed09e30 card:0 alsa devices:0 exit ------
05-28 16:16:00.272 I/audio_hw_hal_primary( 509): [out_get_buffer_size:552] out:0xeed09e30 config.rate=8000, format:IEC61937(0xd000000), stream format:IEC61937(0xd000000)
05-28 16:16:00.272 I/audio_hw_hal_primary( 509): out_get_buffer_size AUDIO_FORMAT_IEC61937 buffer size = 4096 frames
05-28 16:16:00.272 I/AudioFlinger( 594): HAL output buffer size 2048 frames, normal sink buffer size 2048 frames
05-28 16:16:00.273 I/audio_hw_hal_primary( 509): [audiohal_get_latency:1333] io 2141: out:0xeed09e30 frames:1024 rate:8000 whole_latency:128 alsa_latency:128
05-28 16:16:00.273 I/audio_hw_hal_primary( 509): [out_set_event_callback:3158] io 2141: out:0xeed09e30, callback:0xf0dfc91d cookie:0xf14c17b0
05-28 16:16:00.273 I/AudioFlinger( 594): AudioFlinger's thread 0xecf142e0 tid=19928 ready to run
05-28 16:16:00.273 I/audio_hw_hal_primary( 509): [audiohal_get_latency:1333] io 2141: out:0xeed09e30 frames:1152 rate:8000 whole_latency:144 alsa_latency:144
05-28 16:16:00.274 I/audio_hw_hal_primary( 509): [audiohal_get_latency:1333] io 2141: out:0xeed09e30 frames:1152 rate:8000 whole_latency:144 alsa_latency:144
05-28 16:16:00.274 W/IPCThreadState( 594): Sending oneway calls to frozen process.
05-28 16:16:00.275 D/AudioFlinger( 594): ro.audio.silent is ignored since no output device is set
05-28 16:16:00.275 D/audio_hw_hal_primary( 509): [out_standby_new:5767] io 2141: out:0xeed09e30 usecase:RAW_DIRECT
05-28 16:16:00.275 I/audio_hw_hal_primary( 509): already standby, do nothing
05-28 16:16:00.277 D/AudioFlinger( 594): ro.audio.silent is ignored since no output device is set
05-28 16:16:00.280 D/AudioFlinger( 594): ro.audio.silent is ignored since no output device is set
05-28 16:16:00.282 D/AudioFlinger( 594): ro.audio.silent is ignored since no output device is set
05-28 16:16:00.283 D/AudioFlinger( 594): ro.audio.silent is ignored since no output device is set
05-28 16:16:00.284 D/AudioFlinger( 594): ro.audio.silent is ignored since no output device is set
05-28 16:16:00.285 D/AudioFlinger( 594): ro.audio.silent is ignored since no output device is set
05-28 16:16:00.285 D/AudioFlinger( 594): ro.audio.silent is ignored since no output device is set
05-28 16:16:00.286 D/AudioFlinger( 594): ro.audio.silent is ignored since no output device is set
05-28 16:16:00.287 D/AudioFlinger( 594): ro.audio.silent is ignored since no output device is set
05-28 16:16:00.288 D/AudioFlinger( 594): ro.audio.silent is ignored since no output device is set
05-28 16:16:00.289 D/AudioFlinger( 594): ro.audio.silent is ignored since no output device is set
05-28 16:16:00.290 I/AudioFlinger( 594): openOutput() this 0xf2b07600, module 10 Device AUDIO_DEVICE_OUT_HDMI, @:, SamplingRate 0, Format 00000000, Channels 0, flags 0x1
05-28 16:16:00.290 D/hdmicecd( 532): [CEC]:printCecMessage, [4 -> 4] len: 0, body:, result:no ack
05-28 16:16:00.290 D/audio_hw_hal_primary( 509): [adev_open_output_stream_new:7868] enter: dev=0xeedc14a0 handle=865 devices=0x400/'HDMI,' flags=0x1/'DIRECT,' config=(rt=0 ch_mask=0x0 fmt=0x0) address=''
05-28 16:16:00.291 D/audio_hw_hal_primary( 509): adev_open_output_stream_new: enter
05-28 16:16:00.291 I/audio_hw_hal_primary( 509): [adev_open_output_stream:3285] io 2149: out:0xeed0baf0 dev:OUT_HDMI(0x400) addr:
05-28 16:16:00.291 I/audio_hw_hal_primary( 509): [adev_open_output_stream:3287] ch_mask:0 rate:0 format:DEFAULT(0) flags:0x1
05-28 16:16:00.291 I/audio_hw_hal_primary( 509): [adev_open_output_stream:3610] result profile ch_mask:0x3 rate:48000 format:PCM_16_BIT(0x1) usecase:PCM_DIRECT
05-28 16:16:00.291 I/audio_hw_hal_utils( 509): aml_get_stream_dump_file_name line 2929 file_name /data/vendor/audiohal/stream_pid509_tid9864.pcm
05-28 16:16:00.291 I/audio_hw_hal_primary( 509): [adev_open_output_stream_new:8037] io 2149: out: 0xeed0baf0 card:0 alsa devices:0 exit ------
05-28 16:16:00.292 I/audio_hw_hal_primary( 509): [out_get_buffer_size:552] out:0xeed0baf0 config.rate=48000, format:PCM_16_BIT(0x1), stream format:PCM_16_BIT(0x1)
05-28 16:16:00.292 I/AudioFlinger( 594): HAL output buffer size 2048 frames, normal sink buffer size 2048 frames
05-28 16:16:00.292 I/audio_hw_hal_primary( 509): [audiohal_get_latency:1333] io 2149: out:0xeed0baf0 frames:1024 rate:48000 whole_latency:21 alsa_latency:21
05-28 16:16:00.293 I/audio_hw_hal_primary( 509): [out_set_event_callback:3158] io 2149: out:0xeed0baf0, callback:0xf0dfc91d cookie:0xf14c1630
05-28 16:16:00.294 I/audio_hw_hal_primary( 509): [audiohal_get_latency:1333] io 2149: out:0xeed0baf0 frames:1280 rate:48000 whole_latency:26 alsa_latency:26
05-28 16:16:00.294 I/audio_hw_hal_primary( 509): [audiohal_get_latency:1333] io 2149: out:0xeed0baf0 frames:1280 rate:48000 whole_latency:26 alsa_latency:26
05-28 16:16:00.294 I/AudioFlinger( 594): AudioFlinger's thread 0xecf2c640 tid=19929 ready to run
05-28 16:16:00.295 D/AudioFlinger( 594): ro.audio.silent is ignored since no output device is set
05-28 16:16:00.295 W/IPCThreadState( 594): Sending oneway calls to frozen process.
05-28 16:16:00.296 D/audio_hw_hal_primary( 509): [out_standby_new:5767] io 2149: out:0xeed0baf0 usecase:PCM_DIRECT
05-28 16:16:00.296 I/audio_hw_hal_primary( 509): already standby, do nothing
05-28 16:16:00.296 I/audio_hw_hal_profile( 509): [out_get_parameters:2085] out:0xeed0baf0 query audio format. ++++++++++ hal_format:PCM_16_BIT
05-28 16:16:00.296 D/audio_hw_hal_profile( 509): get_hdmi_sink_cap_new is running...
05-28 16:16:00.296 D/audio_hw_hal_profile( 509): query hdmi format...
05-28 16:16:00.296 D/audio_hw_hal_profile( 509): get_hdmi_sink_cap_new ddp is unsupported; ddp-joc(atmos) is unsupported;
05-28 16:16:00.296 I/audio_hw_hal_profile( 509): PCM cap Max channel =8
05-28 16:16:00.296 I/audio_hw_hal_profile( 509): [out_get_parameters:2165] sup_formats=AUDIO_FORMAT_PCM_16_BIT|AUDIO_FORMAT_IEC61937
05-28 16:16:00.297 D/APM_AudioPolicyManager( 594): modifySurroundFormats: forced use = 13
05-28 16:16:00.297 I/audio_hw_hal_profile( 509): [out_get_parameters:2089] out:0xeed0baf0 query sample rate. Format:PCM_16_BIT(0x1) ++++++++++ hal_format:PCM_16_BIT
05-28 16:16:00.297 D/audio_hw_hal_profile( 509): get_hdmi_sink_cap_new is running...
05-28 16:16:00.297 D/audio_hw_hal_profile( 509): [get_hdmi_sink_cap_new:960] query hdmi sample_rate... format: PCM_16_BIT(0x1)
05-28 16:16:00.297 I/audio_hw_hal_profile( 509): get_hdmi_sink_cap_new format =0x1 support rate =sup_sampling_rates=32000|44100|48000
05-28 16:16:00.297 I/audio_hw_hal_profile( 509): [out_get_parameters:2165] sup_sampling_rates=32000|44100|48000
05-28 16:16:00.298 I/audio_hw_hal_profile( 509): [out_get_parameters:2092] out:0xeed0baf0 query channels. Format:PCM_16_BIT(0x1) ++++++++++ hal_format:PCM_16_BIT
05-28 16:16:00.298 D/audio_hw_hal_profile( 509): get_hdmi_sink_cap_new is running...
05-28 16:16:00.298 D/audio_hw_hal_profile( 509): [get_hdmi_sink_cap_new:887] query hdmi channels... format: PCM_16_BIT(0x1)
05-28 16:16:00.298 I/audio_hw_hal_profile( 509): [out_get_parameters:2165] sup_channels=AUDIO_CHANNEL_OUT_STEREO|AUDIO_CHANNEL_OUT_5POINT1|AUDIO_CHANNEL_OUT_7POINT1
05-28 16:16:00.299 I/audio_hw_hal_profile( 509): [out_get_parameters:2089] out:0xeed0baf0 query sample rate. Format:IEC61937(0xd000000) ++++++++++ hal_format:PCM_16_BIT
05-28 16:16:00.299 D/audio_hw_hal_profile( 509): get_hdmi_sink_cap_new is running...
05-28 16:16:00.299 D/audio_hw_hal_profile( 509): [get_hdmi_sink_cap_new:960] query hdmi sample_rate... format: IEC61937(0xd000000)
05-28 16:16:00.299 I/audio_hw_hal_profile( 509): [out_get_parameters:2165] sup_sampling_rates=8000|11025|16000|22050|24000|32000|44100|48000|128000|176400|192000
05-28 16:16:00.299 I/audio_hw_hal_profile( 509): [out_get_parameters:2092] out:0xeed0baf0 query channels. Format:IEC61937(0xd000000) ++++++++++ hal_format:PCM_16_BIT
05-28 16:16:00.299 D/audio_hw_hal_profile( 509): get_hdmi_sink_cap_new is running...
05-28 16:16:00.299 D/audio_hw_hal_profile( 509): [get_hdmi_sink_cap_new:887] query hdmi channels... format: IEC61937(0xd000000)
05-28 16:16:00.300 I/audio_hw_hal_profile( 509): [out_get_parameters:2165] sup_channels=AUDIO_CHANNEL_OUT_MONO|AUDIO_CHANNEL_OUT_STEREO|AUDIO_CHANNEL_OUT_TRI|AUDIO_CHANNEL_OUT_TRI_BACK|AUDIO_CHANNEL_OUT_3POINT1|AUDIO_CHANNEL_OUT_QUAD|AUDIO_CHANNEL_OUT_SURROUND|AUDIO_CHANNEL_OUT_PENTA|AUDIO_CHANNEL_OUT_5POINT1|AUDIO_CHANNEL_OUT_7POINT1
05-28 16:16:00.301 D/audio_hw_hal_primary( 509): [out_dump:848] io 2149: out:0xeed0baf0, fd:27
05-28 16:16:00.303 W/IPCThreadState( 594): Sending oneway calls to frozen process.
05-28 16:16:00.303 D/audio_hw_hal_primary( 509): [out_set_parameters:971] out:0xeed0baf0 kvpairs:closing=true;exiting=1 out->out_device:0x400, adev->out_device:0x80002
05-28 16:16:00.303 E/audio_hw_hal_primary( 509): out_set_parameters, ret:-2, hw_sync_mode:is false
05-28 16:16:00.304 D/AudioFlinger( 594): ro.audio.silent is ignored since no output device is set
05-28 16:16:00.304 I/audio_hw_hal_primary( 509): [out_set_event_callback:3158] io 2149: out:0xeed0baf0, callback:0xf0dfc91d cookie:0xf14c1630
05-28 16:16:00.304 I/audio_hw_hal_primary( 509): [adev_close_output_stream_new:8052] io handle 2149: out:0xeed0baf0
05-28 16:16:00.304 D/audio_hw_hal_primary( 509): adev_close_output_stream_new: enter usecase = PCM_DIRECT
05-28 16:16:00.304 I/audio_hw_hal_primary( 509): [adev_close_output_stream:3695] io 2149: out:0xeed0baf0 dev:OUT_HDMI(0x400) flags:0x1, usecase:PCM_DIRECT
05-28 16:16:00.304 D/audio_hw_hal_primary( 509): [out_standby_new:5767] io 2149: out:0xeed0baf0 usecase:PCM_DIRECT
05-28 16:16:00.304 I/audio_hw_hal_primary( 509): already standby, do nothing
05-28 16:16:00.304 I/audio_hw_hal_resourcemgr( 509): [is_output_device_muted:710] device:0x2 port_mute:0, fade_mute:0
05-28 16:16:00.304 I/audio_hw_hal_primary( 509): [adev_close_output_stream:3863] io 2149: out:0xeed0baf0 exit ------
05-28 16:16:00.305 I/AudioFlinger( 594): openOutput() this 0xf2b07600, module 10 Device AUDIO_DEVICE_OUT_HDMI, @:, SamplingRate 8000, Format 0xd000000, Channels 0x1, flags 0x1
05-28 16:16:00.306 D/audio_hw_hal_primary( 509): [adev_open_output_stream_new:7868] enter: dev=0xeedc14a0 handle=86d devices=0x400/'HDMI,' flags=0x401/'DIRECT,IEC958_NONAUDIO,' config=(rt=8000 ch_mask=0x1 fmt=0xd000000) address=''
05-28 16:16:00.306 D/audio_hw_hal_primary( 509): adev_open_output_stream_new: enter
05-28 16:16:00.306 I/audio_hw_hal_primary( 509): [adev_open_output_stream:3285] io 2157: out:0xeed08fd0 dev:OUT_HDMI(0x400) addr:
05-28 16:16:00.306 I/audio_hw_hal_primary( 509): [adev_open_output_stream:3287] ch_mask:0x1 rate:8000 format:IEC61937(0xd000000) flags:0x401
05-28 16:16:00.306 D/audio_hw_hal_primary( 509): [adev_open_output_stream:3381] current format is IEC61937
05-28 16:16:00.306 I/audio_hw_hal_primary( 509): [adev_open_output_stream:3610] result profile ch_mask:0x1 rate:8000 format:IEC61937(0xd000000) usecase:RAW_DIRECT
05-28 16:16:00.306 I/audio_hw_hal_utils( 509): aml_get_stream_dump_file_name line 2929 file_name /data/vendor/audiohal/stream_pid509_tid19915.pcm
05-28 16:16:00.306 I/audio_hw_hal_primary( 509): [adev_open_output_stream_new:8037] io 2157: out: 0xeed08fd0 card:0 alsa devices:0 exit ------
05-28 16:16:00.307 I/audio_hw_hal_primary( 509): [out_get_buffer_size:552] out:0xeed08fd0 config.rate=8000, format:IEC61937(0xd000000), stream format:IEC61937(0xd000000)
05-28 16:16:00.307 I/audio_hw_hal_primary( 509): out_get_buffer_size AUDIO_FORMAT_IEC61937 buffer size = 4096 frames
05-28 16:16:00.307 I/AudioFlinger( 594): HAL output buffer size 2048 frames, normal sink buffer size 2048 frames
05-28 16:16:00.307 I/audio_hw_hal_primary( 509): [audiohal_get_latency:1333] io 2157: out:0xeed08fd0 frames:1152 rate:8000 whole_latency:144 alsa_latency:144
05-28 16:16:00.308 I/audio_hw_hal_primary( 509): [out_set_event_callback:3158] io 2157: out:0xeed08fd0, callback:0xf0dfc91d cookie:0xf14c24d0
05-28 16:16:00.308 I/audio_hw_hal_primary( 509): [audiohal_get_latency:1333] io 2157: out:0xeed08fd0 frames:1024 rate:8000 whole_latency:128 alsa_latency:128
05-28 16:16:00.308 I/AudioFlinger( 594): AudioFlinger's thread 0xecf2c640 tid=19931 ready to run
05-28 16:16:00.308 I/audio_hw_hal_primary( 509): [audiohal_get_latency:1333] io 2157: out:0xeed08fd0 frames:1024 rate:8000 whole_latency:128 alsa_latency:128
05-28 16:16:00.309 W/IPCThreadState( 594): Sending oneway calls to frozen process.
05-28 16:16:00.309 D/AudioFlinger( 594): ro.audio.silent is ignored since no output device is set
05-28 16:16:00.310 D/audio_hw_hal_primary( 509): [out_standby_new:5767] io 2157: out:0xeed08fd0 usecase:RAW_DIRECT
05-28 16:16:00.310 I/audio_hw_hal_primary( 509): already standby, do nothing
05-28 16:16:00.311 D/AudioFlinger( 594): ro.audio.silent is ignored since no output device is set
05-28 16:16:00.311 I/audio_hw_hal_primary( 509): [adev_uevent_callback:9131] uevent type=0
05-28 16:16:00.311 I/SystemControl( 343): [/UEventObserver.cpp, HDMITxUenventThreadLoop, 451] HDMI TX switch_name:hdmitx_vmode_audio, switch_state: 1
05-28 16:16:00.312 I/SystemControl( 343): [/UEventObserver.cpp, HDMITxUenventThreadLoop, 451] HDMI TX switch_name:hdmitx_current_status, switch_state: 316
05-28 16:16:00.314 I/audio_hw_hal_alsamgr( 509): raw to lpcm switch aml_alsa_output_write
05-28 16:16:00.332 I/SystemControl( 343): [/UEventObserver.cpp, HDMITxUenventThreadLoop, 451] HDMI TX switch_name:hdmitx_current_status, switch_state: 317
05-28 16:16:00.333 I/audio_hw_hal_ms12v2( 509): dolby_ms12_threadloop alsa is not running
05-28 16:16:00.334 I/audio_hw_hal_ms12v2( 509): dolby_ms12_threadloop alsa is not running
05-28 16:16:00.334 I/audio_hw_hal_ms12v2( 509): dolby_ms12_threadloop alsa is not running
05-28 16:16:00.335 I/audio_hw_hal_ms12v2( 509): dolby_ms12_threadloop alsa is not running
05-28 16:16:00.335 I/audio_hw_hal_alsamgr( 509): aml_alsa_output_write alsa_running_status[0xeed05650] change from 0 to 1
05-28 16:16:00.335 D/xm_audio( 509): adev_get_parameters
05-28 16:16:00.340 V/MesonDisplayServer( 289): GetDisplayMode:2160p60hz
05-28 16:16:00.341 D/audio_hw_hal_primary( 509): [out_dump:848] io 2085: out:0xeed0dee0, fd:27
05-28 16:16:00.342 I/SystemControl( 343): [/Ubootenv.cpp, get, 336] [ubootenv] get key:2160p_x envValue: 0
05-28 16:16:00.343 W/IPCThreadState( 594): Sending oneway calls to frozen process.
05-28 16:16:00.343 I/SystemControl( 343): [/Ubootenv.cpp, get, 336] [ubootenv] get key:2160p_y envValue: 0
05-28 16:16:00.343 D/audio_hw_hal_primary( 509): [out_set_parameters:971] out:0xeed0dee0 kvpairs:closing=true;exiting=1 out->out_device:0x400, adev->out_device:0x80002
05-28 16:16:00.343 E/audio_hw_hal_primary( 509): out_set_parameters, ret:-2, hw_sync_mode:is false
05-28 16:16:00.343 I/SystemControl( 343): [/Ubootenv.cpp, get, 336] [ubootenv] get key:2160p_w envValue: 3840
05-28 16:16:00.343 I/SystemControl( 343): [/Ubootenv.cpp, get, 336] [ubootenv] get key:2160p_h envValue: 2160
05-28 16:16:00.343 I/audio_hw_hal_primary( 509): [out_set_event_callback:3158] io 2085: out:0xeed0dee0, callback:0xf0dfc91d cookie:0xf14c1150
05-28 16:16:00.344 I/SystemControl( 343): [/Ubootenv.cpp, updateValue, 68] [ubootenv] update value name [ubootenv.var.2160p_x]: value [0]
05-28 16:16:00.344 I/SystemControl( 343): [/Ubootenv.cpp, get, 336] [ubootenv] get key:2160p_x envValue: 0
05-28 16:16:00.344 I/audio_hw_hal_primary( 509): [adev_close_output_stream_new:8052] io handle 2085: out:0xeed0dee0
05-28 16:16:00.344 D/audio_hw_hal_primary( 509): adev_close_output_stream_new: enter usecase = RAW_DIRECT
05-28 16:16:00.344 I/audio_hw_hal_primary( 509): [adev_close_output_stream:3695] io 2085: out:0xeed0dee0 dev:OUT_HDMI(0x400) flags:0x11, usecase:RAW_DIRECT
05-28 16:16:00.344 D/audio_hw_hal_primary( 509): [out_standby_new:5767] io 2085: out:0xeed0dee0 usecase:RAW_DIRECT
05-28 16:16:00.344 I/audio_hw_hal_primary( 509): already standby, do nothing
05-28 16:16:00.344 I/audio_hw_hal_resourcemgr( 509): [is_output_device_muted:710] device:0x2 port_mute:0, fade_mute:0
05-28 16:16:00.344 I/audio_hw_hal_primary( 509): [adev_close_output_stream:3863] io 2085: out:0xeed0dee0 exit ------
05-28 16:16:00.344 I/SystemControl( 343): [/Ubootenv.cpp, updateValue, 68] [ubootenv] update value name [ubootenv.var.2160p_y]: value [0]
05-28 16:16:00.344 I/SystemControl( 343): [/Ubootenv.cpp, get, 336] [ubootenv] get key:2160p_y envValue: 0
05-28 16:16:00.345 I/SystemControl( 343): [/Ubootenv.cpp, updateValue, 68] [ubootenv] update value name [ubootenv.var.2160p_w]: value [3840]
05-28 16:16:00.345 I/SystemControl( 343): [/Ubootenv.cpp, get, 336] [ubootenv] get key:2160p_w envValue: 3840
05-28 16:16:00.345 D/audio_hw_hal_primary( 509): [out_dump:848] io 2093: out:0xeed00740, fd:27
05-28 16:16:00.345 I/SystemControl( 343): [/Ubootenv.cpp, updateValue, 68] [ubootenv] update value name [ubootenv.var.2160p_h]: value [2160]
05-28 16:16:00.345 I/SystemControl( 343): [/Ubootenv.cpp, get, 336] [ubootenv] get key:2160p_h envValue: 2160
05-28 16:16:00.345 V/MesonDisplayServer( 289): SetDisplay[HDMI] DisplayRect to "(0,0,3840,2160)"
05-28 16:16:00.345 V/MesonDisplayServer( 289): SetDisplayViewPort done
05-28 16:16:00.346 W/IPCThreadState( 594): Sending oneway calls to frozen process.
05-28 16:16:00.346 D/hdmicecd( 532): [CEC]:printCecMessage, [4 -> 4] len: 0, body:, result:no ack
05-28 16:16:00.346 D/audio_hw_hal_primary( 509): [out_set_parameters:971] out:0xeed00740 kvpairs:closing=true;exiting=1 out->out_device:0x400, adev->out_device:0x80002
05-28 16:16:00.346 E/audio_hw_hal_primary( 509): out_set_parameters, ret:-2, hw_sync_mode:is false
05-28 16:16:00.346 D/AudioFlinger( 594): ro.audio.silent is ignored since no output device is set
05-28 16:16:00.347 I/audio_hw_hal_primary( 509): [out_set_event_callback:3158] io 2093: out:0xeed00740, callback:0xf0dfc91d cookie:0xf14c0e50
05-28 16:16:00.347 D/HDMI ( 742): New logical address for device [4]: [preferred:4, assigned:4]
05-28 16:16:00.347 I/audio_hw_hal_primary( 509): [adev_close_output_stream_new:8052] io handle 2093: out:0xeed00740
05-28 16:16:00.347 D/audio_hw_hal_primary( 509): adev_close_output_stream_new: enter usecase = PCM_HWSYNC
05-28 16:16:00.347 D/audio_hw_hal_timer( 509): func:audio_timer_delete delete timer.1 success.
05-28 16:16:00.347 D/audio_hw_hal_timer( 509): func:audio_timer_delete delete timer.2 success.
05-28 16:16:00.347 D/audio_hw_hal_primary( 509): [adev_close_output_stream_new:8076] timer_id:1 ret:2
05-28 16:16:00.347 I/audio_hw_hal_primary( 509): [adev_close_output_stream:3695] io 2093: out:0xeed00740 dev:OUT_HDMI(0x400) flags:0x41, usecase:PCM_HWSYNC
05-28 16:16:00.347 D/audio_hw_hal_primary( 509): [out_standby_new:5767] io 2093: out:0xeed00740 usecase:PCM_HWSYNC
05-28 16:16:00.347 I/audio_hw_hal_primary( 509): already standby, do nothing
05-28 16:16:00.347 I/audio_hw_hal_resourcemgr( 509): [is_output_device_muted:710] device:0x2 port_mute:0, fade_mute:0
05-28 16:16:00.347 I/audio_hw_hal_primary( 509): [adev_close_output_stream:3863] io 2093: out:0xeed00740 exit ------
05-28 16:16:00.347 D/hdmicecd( 532): [HdmiCecControl]:getPhysicalAddress, physical addr: 1000, last pa: 1000, ret = 0
05-28 16:16:00.347 D/hdmicecd( 532): [HdmiCecControl]:getPhysicalAddress, physical addr: 1000, last pa: 1000, ret = 0
05-28 16:16:00.347 D/hdmicecd( 532): [HdmiCecControl]:getPhysicalAddress, physical addr: 1000, last pa: 1000, ret = 0
05-28 16:16:00.348 D/hdmicecd( 532): [HdmiCecControl]:getVendorId, vendorId: 0x1CA410
05-28 16:16:00.348 D/hdmicecd( 532): [HdmiCecControl]:getPhysicalAddress, physical addr: 1000, last pa: 1000, ret = 0
05-28 16:16:00.348 D/HDMI ( 742): addCecDevice new:CEC: logical_address: 0x04 device_type: 4 cec_version: 5 vendor_id: 1877008 display_name: DBBOX-A3 power_status: 0 physical_address: 0x1000 port_id: 0 old:null
05-28 16:16:00.348 I/hdmicecd( 532): [HdmiCecControl]:addr:4, allocate result:0
05-28 16:16:00.349 D/audio_hw_hal_primary( 509): [out_dump:848] io 2101: out:0xeed040c0, fd:27
05-28 16:16:00.350 W/IPCThreadState( 594): Sending oneway calls to frozen process.
05-28 16:16:00.350 D/audio_hw_hal_primary( 509): [out_set_parameters:971] out:0xeed040c0 kvpairs:closing=true;exiting=1 out->out_device:0x400, adev->out_device:0x80002
05-28 16:16:00.350 E/audio_hw_hal_primary( 509): out_set_parameters, ret:-2, hw_sync_mode:is false
05-28 16:16:00.351 D/AudioFlinger( 594): ro.audio.silent is ignored since no output device is set
05-28 16:16:00.352 I/audio_hw_hal_primary( 509): [out_set_event_callback:3158] io 2101: out:0xeed040c0, callback:0xf0dfc91d cookie:0xf14c1930
05-28 16:16:00.352 I/audio_hw_hal_primary( 509): [adev_close_output_stream_new:8052] io handle 2101: out:0xeed040c0
05-28 16:16:00.352 D/audio_hw_hal_primary( 509): adev_close_output_stream_new: enter usecase = RAW_DIRECT
05-28 16:16:00.352 I/audio_hw_hal_primary( 509): [adev_close_output_stream:3695] io 2101: out:0xeed040c0 dev:OUT_HDMI(0x400) flags:0x1, usecase:RAW_DIRECT
05-28 16:16:00.352 D/audio_hw_hal_primary( 509): [out_standby_new:5767] io 2101: out:0xeed040c0 usecase:RAW_DIRECT
05-28 16:16:00.352 I/audio_hw_hal_primary( 509): already standby, do nothing
05-28 16:16:00.352 I/audio_hw_hal_resourcemgr( 509): [is_output_device_muted:710] device:0x2 port_mute:0, fade_mute:0
05-28 16:16:00.352 I/audio_hw_hal_primary( 509): [adev_close_output_stream:3863] io 2101: out:0xeed040c0 exit ------
05-28 16:16:00.353 D/audio_hw_hal_primary( 509): [out_dump:848] io 2109: out:0xeed09700, fd:27
05-28 16:16:00.355 W/IPCThreadState( 594): Sending oneway calls to frozen process.
05-28 16:16:00.355 D/audio_hw_hal_primary( 509): [out_set_parameters:971] out:0xeed09700 kvpairs:closing=true;exiting=1 out->out_device:0x400, adev->out_device:0x80002
05-28 16:16:00.355 E/audio_hw_hal_primary( 509): out_set_parameters, ret:-2, hw_sync_mode:is false
05-28 16:16:00.356 I/audio_hw_hal_primary( 509): [out_set_event_callback:3158] io 2109: out:0xeed09700, callback:0xf0dfc91d cookie:0xf14c00d0
05-28 16:16:00.356 I/audio_hw_hal_primary( 509): [adev_close_output_stream_new:8052] io handle 2109: out:0xeed09700
05-28 16:16:00.356 D/audio_hw_hal_primary( 509): adev_close_output_stream_new: enter usecase = RAW_HWSYNC
05-28 16:16:00.356 I/audio_hw_hal_primary( 509): [adev_close_output_stream:3695] io 2109: out:0xeed09700 dev:OUT_HDMI(0x400) flags:0x51, usecase:RAW_HWSYNC
05-28 16:16:00.356 D/audio_hw_hal_primary( 509): [out_standby_new:5767] io 2109: out:0xeed09700 usecase:RAW_HWSYNC
05-28 16:16:00.356 I/audio_hw_hal_primary( 509): already standby, do nothing
05-28 16:16:00.356 I/audio_hw_hal_resourcemgr( 509): [is_output_device_muted:710] device:0x2 port_mute:0, fade_mute:0
05-28 16:16:00.356 I/audio_hw_hal_primary( 509): [adev_close_output_stream:3863] io 2109: out:0xeed09700 exit ------
05-28 16:16:00.357 D/hdmicecd( 532): [HdmiCecControl]:onAddressAllocated:4
05-28 16:16:00.357 D/HDMI ( 742): onAddressAllocated address:4 reason:4
05-28 16:16:00.357 D/hdmicecd( 532): [HdmiCecControl]:getPhysicalAddress, physical addr: 1000, last pa: 1000, ret = 0
05-28 16:16:00.358 D/hdmicecd( 532): [HdmiCecControl]:getVendorId, vendorId: 0x1CA410
05-28 16:16:00.358 D/AudioFlinger( 594): closing mmapThread 0xecd40010
05-28 16:16:00.358 D/hdmicecd( 532): [HdmiCecControl]:getPhysicalAddress, physical addr: 1000, last pa: 1000, ret = 0
05-28 16:16:00.359 W/IPCThreadState( 594): Sending oneway calls to frozen process.
05-28 16:16:00.359 D/HDMI ( 742): DeviceDiscoveryAction start com.android.server.hdmi.DeviceDiscoveryAction@115e867
05-28 16:16:00.359 D/AudioFlinger( 594): mmapThread exit()
05-28 16:16:00.359 I/audio_hw_hal_primary( 509): [adev_close_output_stream_new:8052] io handle 2125: out:0xeed01cd0
05-28 16:16:00.359 D/audio_hw_hal_primary( 509): adev_close_output_stream_new: enter usecase = PCM_MMAP
05-28 16:16:00.359 I/audio_hw_hal_primary( 509): [adev_close_output_stream:3695] io 2125: out:0xeed01cd0 dev:OUT_HDMI(0x400) flags:0x4001, usecase:PCM_MMAP
05-28 16:16:00.359 D/audio_hw_hal_primary( 509): [out_standby_new:5767] io 2125: out:0xeed01cd0 usecase:PCM_MMAP
05-28 16:16:00.359 I/audio_hw_hal_primary( 509): already standby, do nothing
05-28 16:16:00.359 I/audio_hw_hal_mmap( 509): [outMmapDeInit:743] stream:0xeed01cd0
05-28 16:16:00.359 I/audio_hw_hal_mmap( 509): [mmap_audio_unregister_client:955] OK ! stream 0xeed01cd0, client id 0
05-28 16:16:00.359 I/audio_hw_hal_primary( 509): when close aaudio stream, send STANDBY msg to submix & ms12
05-28 16:16:00.359 I/audio_hw_hal_ms12common( 509): aml_set_ms12_scheduler_state ms12_scheduler_state:1, sch_state:1 SCHEDULER_STANDBY is sent to ms12
05-28 16:16:00.359 I/audio_hw_hal_resourcemgr( 509): [is_output_device_muted:710] device:0x2 port_mute:0, fade_mute:0
05-28 16:16:00.359 I/audio_hw_hal_primary( 509): [adev_close_output_stream:3863] io 2125: out:0xeed01cd0 exit ------
05-28 16:16:00.361 D/audio_hw_hal_primary( 509): [out_dump:848] io 2141: out:0xeed09e30, fd:24
05-28 16:16:00.362 W/IPCThreadState( 594): Sending oneway calls to frozen process.
05-28 16:16:00.362 D/audio_hw_hal_primary( 509): [out_set_parameters:971] out:0xeed09e30 kvpairs:closing=true;exiting=1 out->out_device:0x400, adev->out_device:0x80002
05-28 16:16:00.362 E/audio_hw_hal_primary( 509): out_set_parameters, ret:-2, hw_sync_mode:is false
05-28 16:16:00.363 D/AudioFlinger( 594): ro.audio.silent is ignored since no output device is set
05-28 16:16:00.364 I/audio_hw_hal_primary( 509): [out_set_event_callback:3158] io 2141: out:0xeed09e30, callback:0xf0dfc91d cookie:0xf14c17b0
05-28 16:16:00.364 I/audio_hw_hal_primary( 509): [adev_close_output_stream_new:8052] io handle 2141: out:0xeed09e30
05-28 16:16:00.364 D/audio_hw_hal_primary( 509): adev_close_output_stream_new: enter usecase = RAW_DIRECT
05-28 16:16:00.364 I/audio_hw_hal_primary( 509): [adev_close_output_stream:3695] io 2141: out:0xeed09e30 dev:OUT_HDMI(0x400) flags:0x441, usecase:RAW_DIRECT
05-28 16:16:00.364 D/audio_hw_hal_primary( 509): [out_standby_new:5767] io 2141: out:0xeed09e30 usecase:RAW_DIRECT
05-28 16:16:00.364 I/audio_hw_hal_primary( 509): already standby, do nothing
05-28 16:16:00.364 I/audio_hw_hal_resourcemgr( 509): [is_output_device_muted:710] device:0x2 port_mute:0, fade_mute:0
05-28 16:16:00.364 I/audio_hw_hal_primary( 509): [adev_close_output_stream:3863] io 2141: out:0xeed09e30 exit ------
05-28 16:16:00.365 E/MesonHwc( 289): open file [/sys/class/amhdmitx/amhdmitx0/aud_mute] error:Permission denied
05-28 16:16:00.365 E/MesonHwc( 289): open file [/sys/class/amhdmitx/amhdmitx0/aud_mute] error:Permission denied
05-28 16:16:00.366 E/MesonHwc( 289): dolby vision driver is not ready
05-28 16:16:00.366 D/audio_hw_hal_primary( 509): [out_dump:848] io 2157: out:0xeed08fd0, fd:24
05-28 16:16:00.366 I/MesonDisplay( 289): [/HDCPTxAuth.cpp, authThread, 173] hdcp_tx thread loop entry
05-28 16:16:00.366 I/MesonDisplay( 289): [/HDCPTxAuth.cpp, start, 109] hdcp_tx, create hdcp thread id = 3997155776 done
05-28 16:16:00.366 I/SystemControl( 343): [/Ubootenv.cpp, get, 345] [ubootenv] search end and not find env:digitaudiooutput
05-28 16:16:00.366 V/MesonDisplayServer( 289): GetDisplayMode:2160p60hz
05-28 16:16:00.367 I/SystemControl( 343): [/Ubootenv.cpp, get, 336] [ubootenv] get key:hdmichecksum envValue: 0xe2440000
05-28 16:16:00.367 I/SystemControl( 343): [/Ubootenv.cpp, updateValue, 68] [ubootenv] update value name [ubootenv.var.hdmichecksum]: value [0x814c0000]
05-28 16:16:00.367 I/SystemControl( 343): [/Ubootenv.cpp, get, 336] [ubootenv] get key:hdmichecksum envValue: 0xe2440000
05-28 16:16:00.367 W/IPCThreadState( 594): Sending oneway calls to frozen process.
05-28 16:16:00.368 D/audio_hw_hal_primary( 509): [out_set_parameters:971] out:0xeed08fd0 kvpairs:closing=true;exiting=1 out->out_device:0x400, adev->out_device:0x80002
05-28 16:16:00.368 E/audio_hw_hal_primary( 509): out_set_parameters, ret:-2, hw_sync_mode:is false
05-28 16:16:00.368 I/SystemControl( 343): [/Ubootenv.cpp, printValues, 137] [ubootenv] printenv end
05-28 16:16:00.368 D/MesonDisplay( 289): read /sys/class/amhdmitx/amhdmitx0/hdcp_lstore, result length:0, val:
05-28 16:16:00.368 I/audio_hw_hal_primary( 509): [out_set_event_callback:3158] io 2157: out:0xeed08fd0, callback:0xf0dfc91d cookie:0xf14c24d0
05-28 16:16:00.368 I/audio_hw_hal_primary( 509): [adev_close_output_stream_new:8052] io handle 2157: out:0xeed08fd0
05-28 16:16:00.368 D/audio_hw_hal_primary( 509): adev_close_output_stream_new: enter usecase = RAW_DIRECT
05-28 16:16:00.368 I/audio_hw_hal_primary( 509): [adev_close_output_stream:3695] io 2157: out:0xeed08fd0 dev:OUT_HDMI(0x400) flags:0x401, usecase:RAW_DIRECT
05-28 16:16:00.368 D/audio_hw_hal_primary( 509): [out_standby_new:5767] io 2157: out:0xeed08fd0 usecase:RAW_DIRECT
05-28 16:16:00.368 I/audio_hw_hal_primary( 509): already standby, do nothing
05-28 16:16:00.368 I/audio_hw_hal_resourcemgr( 509): [is_output_device_muted:710] device:0x2 port_mute:0, fade_mute:0
05-28 16:16:00.368 I/audio_hw_hal_primary( 509): [adev_close_output_stream:3863] io 2157: out:0xeed08fd0 exit ------
05-28 16:16:00.369 I/SystemControl( 343): [/Ubootenv.cpp, updateValue, 104] [ubootenv] Save ubootenv to /dev/block/by-name/env succeed!
05-28 16:16:00.369 D/MesonDisplayServer( 289): use connector getDisplayAttribute "HDMI Color ATTR": "422,12bit"
05-28 16:16:00.370 I/SystemControl( 343): [/Ubootenv.cpp, updateValue, 68] [ubootenv] update value name [ubootenv.var.2160p60hz_deepcolor]: value [422,12bit]
05-28 16:16:00.370 I/SystemControl( 343): [/Ubootenv.cpp, get, 336] [ubootenv] get key:2160p60hz_deepcolor envValue: 420,10bit
05-28 16:16:00.370 I/SystemControl( 343): [/Ubootenv.cpp, printValues, 137] [ubootenv] printenv end
05-28 16:16:00.370 W/IPCThreadState( 594): Sending oneway calls to frozen process.
05-28 16:16:00.371 I/AudioService( 742): onAccessoryPlugMediaUnmute newDevice=1024 [hdmi]
05-28 16:16:00.371 I/AS.AudioDeviceInventory( 742): sendDeviceConnectionIntent(dev:0x400 state:0x1 address: name:);
05-28 16:16:00.372 I/SystemControl( 343): [/Ubootenv.cpp, updateValue, 104] [ubootenv] Save ubootenv to /dev/block/by-name/env succeed!
05-28 16:16:00.373 I/SystemControl( 343): [/Ubootenv.cpp, updateValue, 68] [ubootenv] update value name [ubootenv.var.colorattribute]: value [422,12bit]
05-28 16:16:00.373 I/SystemControl( 343): [/Ubootenv.cpp, get, 336] [ubootenv] get key:colorattribute envValue: 422,12bit
05-28 16:16:00.373 I/SystemControl( 343): [/Ubootenv.cpp, updateValue, 68] [ubootenv] update value name [ubootenv.var.hdmi_colordepth]: value [8]
05-28 16:16:00.373 I/SystemControl( 343): [/Ubootenv.cpp, get, 336] [ubootenv] get key:hdmi_colordepth envValue: 8
