05-28 16:13:39.047 D/audio_hw_hal_primary( 509): [adev_open_output_stream_new:7868] enter: dev=0xeedc14a0 handle=735 devices=0x400/'HDMI,' flags=0x11/'DIRECT,COMPRESS_OFFLOAD,' config=(rt=44100 ch_mask=0x1 fmt=0xe000000) address=''
05-28 16:13:39.047 D/audio_hw_hal_primary( 509): adev_open_output_stream_new: enter
05-28 16:13:39.047 I/audio_hw_hal_primary( 509): [adev_open_output_stream:3285] io 1845: out:0xeed0dee0 dev:OUT_HDMI(0x400) addr:
05-28 16:13:39.047 I/audio_hw_hal_primary( 509): [adev_open_output_stream:3287] ch_mask:0x1 rate:44100 format:DOLBY_TRUEHD(0xe000000) flags:0x11
05-28 16:13:39.047 I/audio_hw_hal_primary( 509): adev_open_output_stream: for raw audio output,force alsa stereo output
05-28 16:13:39.047 I/audio_hw_hal_primary( 509): [adev_open_output_stream:3610] result profile ch_mask:0x1 rate:44100 format:DOLBY_TRUEHD(0xe000000) usecase:RAW_DIRECT
05-28 16:13:39.047 I/audio_hw_hal_utils( 509): aml_get_stream_dump_file_name line 2929 file_name /data/vendor/audiohal/stream_pid509_tid9864.mlp
05-28 16:13:39.047 I/audio_hw_hal_primary( 509): [adev_open_output_stream_new:8037] io 1845: out: 0xeed0dee0 card:0 alsa devices:0 exit ------
05-28 16:13:39.047 I/SystemControl( 343): [/Ubootenv.cpp, get, 336] [ubootenv] get key:hdr_priority envValue: 268435472
05-28 16:13:39.048 D/libdolbyms12( 509): set runtime mch_enable 1
05-28 16:13:39.048 D/libdolbyms12( 509): Aml_MS12_PcmrDynamicParamsSet mch_dynamic_enable change 1
05-28 16:13:39.049 I/audio_hw_hal_primary( 509): [out_get_buffer_size:552] out:0xeed0dee0 config.rate=44100, format:DOLBY_TRUEHD(0xe000000), stream format:DOLBY_TRUEHD(0xe000000)
05-28 16:13:39.050 I/AudioFlinger( 594): HAL output buffer size 16384 frames, normal sink buffer size 16384 frames
05-28 16:13:39.050 I/audio_hw_hal_primary( 509): [audiohal_get_latency:1333] io 1845: out:0xeed0dee0 frames:1664 rate:44100 whole_latency:37 alsa_latency:37
05-28 16:13:39.050 I/audio_hw_hal_primary( 509): [out_set_event_callback:3158] io 1845: out:0xeed0dee0, callback:0xf0dfc91d cookie:0xf14c0d30
05-28 16:13:39.051 I/AudioFlinger( 594): AudioFlinger's thread 0xecf2c640 tid=19629 ready to run
05-28 16:13:39.051 I/audio_hw_hal_primary( 509): [audiohal_get_latency:1333] io 1845: out:0xeed0dee0 frames:1664 rate:44100 whole_latency:37 alsa_latency:37
05-28 16:13:39.051 I/audio_hw_hal_primary( 509): [audiohal_get_latency:1333] io 1845: out:0xeed0dee0 frames:1664 rate:44100 whole_latency:37 alsa_latency:37
05-28 16:13:39.052 W/IPCThreadState( 594): Sending oneway calls to frozen process.
05-28 16:13:39.052 D/AudioFlinger( 594): ro.audio.silent is ignored since no output device is set
05-28 16:13:39.053 D/MesonDisplayServer( 289): getDisplayAttribute "Dolby Vision CAP2": "The Rx don't support DolbyVision"
05-28 16:13:39.054 E/SystemControl( 343): [/DisplayMode.cpp, getHdmiDvCap, 1618] TV isn't support dolby vision: The Rx don't support DolbyVision
05-28 16:13:39.054 I/SystemControl( 343): [/DisplayMode.cpp, onTxEvent, 3294] onTxEvent boot config enable do nothing, just return
05-28 16:13:39.054 I/SystemControl( 343): [/UEventObserver.cpp, HDMITxUenventThreadLoop, 451] HDMI TX switch_name:hdmitx_audio, switch_state: 1
05-28 16:13:39.054 I/SystemControl( 343): [/DisplayMode.cpp, onTxEvent, 3267] onTxEvent switchName:hdmitx_audio hpdstate:1 state: 1
05-28 16:13:39.054 I/SystemControl( 343): [/SysWrite.cpp, getKernelReleaseVersion, 701] getKernelReleaseVersion: 5.15
05-28 16:13:39.054 I/SystemControl( 343): [/SystemControlHal.cpp, onEvent, 72] onEvent event:5, client size:5
05-28 16:13:39.054 I/SystemControlClient( 528): notifyCallback event type:5
05-28 16:13:39.054 I/SystemControlClient( 528): notifyCallback: listener is NULL.
05-28 16:13:39.054 I/SystemControl( 343): [/UEventObserver.cpp, HDMITxUenventThreadLoop, 451] HDMI TX switch_name:hdmitx_current_status, switch_state: 287
05-28 16:13:39.054 D/AudioFlinger( 594): ro.audio.silent is ignored since no output device is set
05-28 16:13:39.054 I/SystemControlClient( 527): notifyCallback event type:5
05-28 16:13:39.054 I/SystemControl( 343): [/Ubootenv.cpp, get, 345] [ubootenv] search end and not find env:user_colorattribute
05-28 16:13:39.055 I/SystemControlEvent( 1379): system control callback event: 5
05-28 16:13:39.054 I/SystemControlClient( 527): notifyCallback: listener is NULL.
05-28 16:13:39.055 I/SystemControlClient( 529): notifyCallback event type:5
05-28 16:13:39.055 I/SystemControlClient( 529): notifyCallback: listener is NULL.
05-28 16:13:39.055 I/SystemControlClient( 244): notifyCallback event type:5
05-28 16:13:39.055 I/SystemControlClient( 244): notifyCallback: listener is NULL.
05-28 16:13:39.057 V/MesonDisplayServer( 289): GetDisplayMode:dummy_l
05-28 16:13:39.058 I/SystemControl( 343): [/Ubootenv.cpp, get, 336] [ubootenv] get key:hdmimode envValue: none
05-28 16:13:39.059 I/SystemControl( 343): [/Ubootenv.cpp, get, 336] [ubootenv] get key:cvbsmode envValue: 576cvbs
05-28 16:13:39.060 I/SystemControl( 343): [/Ubootenv.cpp, get, 345] [ubootenv] search end and not find env:user_colorattribute
05-28 16:13:39.061 I/SystemControl( 343): [/Ubootenv.cpp, get, 345] [ubootenv] search end and not find env:dv_enable
05-28 16:13:39.061 E/MesonHwc( 289): dolby vision driver is not ready
05-28 16:13:39.061 I/SystemControl( 343): [/Ubootenv.cpp, get, 345] [ubootenv] search end and not find env:user_prefer_dv_type
05-28 16:13:39.062 E/MesonHwc( 289): dolby vision driver is not ready
05-28 16:13:39.062 D/MesonDisplayServer( 289): getDisplayAttribute "Dolby Vision CAP2": "The Rx don't support DolbyVision"
05-28 16:13:39.062 E/MesonHwc( 289): TV isn't support dv: The Rx don't support DolbyVision
05-28 16:13:39.063 I/SystemControl( 343): [/Ubootenv.cpp, get, 345] [ubootenv] search end and not find env:hdr_force_mode
05-28 16:13:39.063 I/SystemControl( 343): [/Ubootenv.cpp, get, 336] [ubootenv] get key:hdr_policy envValue: 0
05-28 16:13:39.064 I/AudioFlinger( 594): openOutput() this 0xf2b07600, module 10 Device AUDIO_DEVICE_OUT_HDMI, @:, SamplingRate 32000, Format 0x000001, Channels 0x1, flags 0x41
05-28 16:13:39.064 D/audio_hw_hal_primary( 509): [adev_open_output_stream_new:7868] enter: dev=0xeedc14a0 handle=73d devices=0x400/'HDMI,' flags=0x41/'DIRECT,HW_AV_SYNC,' config=(rt=32000 ch_mask=0x1 fmt=0x1) address=''
05-28 16:13:39.064 D/audio_hw_hal_primary( 509): adev_open_output_stream_new: enter
05-28 16:13:39.064 I/audio_hw_hal_primary( 509): [adev_open_output_stream:3285] io 1853: out:0xeed01cd0 dev:OUT_HDMI(0x400) addr:
05-28 16:13:39.064 I/audio_hw_hal_primary( 509): [adev_open_output_stream:3287] ch_mask:0x1 rate:32000 format:PCM_16_BIT(0x1) flags:0x41
05-28 16:13:39.064 D/audio_hw_hal_primary( 509): [adev_open_output_stream:3573] format=PCM_16_BIT rate=32000
05-28 16:13:39.064 I/audio_hw_hal_primary( 509): init resampler from 32000 to 48000!
05-28 16:13:39.064 D/audio_hw_utils_resampler( 509): resampler_init, Init Resampler: input_sr = 32000, output_sr = 48000
05-28 16:13:39.064 I/SystemControl( 343): [/Ubootenv.cpp, get, 336] [ubootenv] get key:hdr_priority envValue: 268435472
05-28 16:13:39.064 I/audio_hw_hal_primary( 509): [adev_open_output_stream:3610] result profile ch_mask:0x1 rate:32000 format:PCM_16_BIT(0x1) usecase:PCM_HWSYNC
05-28 16:13:39.064 E/MesonHwc( 289): dolby vision driver is not ready
05-28 16:13:39.064 D/audio_hw_hal_timer( 509): func:audio_timer_create create timer.1 success.
05-28 16:13:39.065 D/MesonDisplayServer( 289): getDisplayAttribute "Dolby Vision CAP2": "The Rx don't support DolbyVision"
05-28 16:13:39.065 D/audio_hw_hal_timer( 509): func:audio_timer_create create timer.2 success.
05-28 16:13:39.065 D/audio_hw_hal_primary( 509): [adev_open_output_stream_new:7980] timer_id:1
05-28 16:13:39.065 I/audio_hw_hal_utils( 509): aml_get_stream_dump_file_name line 2929 file_name /data/vendor/audiohal/stream_pid509_tid509.pcm
05-28 16:13:39.065 I/audio_hw_hal_primary( 509): [adev_open_output_stream_new:8037] io 1853: out: 0xeed01cd0 card:0 alsa devices:0 exit ------
05-28 16:13:39.065 I/SystemControl( 343): [/Ubootenv.cpp, get, 345] [ubootenv] search end and not find env:hdr_resolution_priority
05-28 16:13:39.066 I/SystemControl( 343): [/Ubootenv.cpp, get, 345] [ubootenv] search end and not find env:user_prefer_dv_type
05-28 16:13:39.066 E/MesonHwc( 289): dolby vision driver is not ready
05-28 16:13:39.066 I/audio_hw_hal_primary( 509): [out_get_buffer_size:552] out:0xeed01cd0 config.rate=32000, format:PCM_16_BIT(0x1), stream format:PCM_16_BIT(0x1)
05-28 16:13:39.067 I/AudioFlinger( 594): HAL output buffer size 2068 frames, normal sink buffer size 2068 frames
05-28 16:13:39.067 I/audio_hw_hal_primary( 509): [audiohal_get_latency:1333] io 1853: out:0xeed01cd0 frames:1152 rate:32000 whole_latency:36 alsa_latency:36
05-28 16:13:39.067 V/MesonDisplayServer( 289): GetDisplayMode:dummy_l
05-28 16:13:39.067 I/audio_hw_hal_primary( 509): [out_set_event_callback:3158] io 1853: out:0xeed01cd0, callback:0xf0dfc91d cookie:0xf14c2650
05-28 16:13:39.068 I/AudioFlinger( 594): AudioFlinger's thread 0xecf18370 tid=19632 ready to run
05-28 16:13:39.068 I/audio_hw_hal_primary( 509): [audiohal_get_latency:1333] io 1853: out:0xeed01cd0 frames:1024 rate:32000 whole_latency:32 alsa_latency:32
05-28 16:13:39.068 I/SystemControl( 343): [/Ubootenv.cpp, get, 345] [ubootenv] search end and not find env:framerate_priority
05-28 16:13:39.068 I/SystemControl( 343): [/Ubootenv.cpp, get, 336] [ubootenv] get key:hdmimode envValue: none
05-28 16:13:39.069 I/MesonDisplay( 289): [/mode_policy.c, meson_mode_set_policy, 1177] connector:0 to policy:0
05-28 16:13:39.069 I/MesonDisplay( 289): [/mode_policy.c, is_dv_prefer, 66] not prefer dv, hdr_priority:10000010
05-28 16:13:39.069 I/MesonDisplay( 289): [/mode_policy.c, is_dv_prefer, 66] not prefer dv, hdr_priority:10000010
05-28 16:13:39.069 I/MesonDisplay( 289): [/mode_policy.c, hdr_scene_process, 724] policy:0 is_bestcolorspace:1 state:1
05-28 16:13:39.069 I/MesonDisplay( 289): [/mode_policy_parser.c, is_support_hdmimode, 115] is_support_hdmimode mode: none not support
05-28 16:13:39.069 I/MesonDisplay( 289): [/mode_policy_parser.c, is_support_hdmimode, 115] is_support_hdmimode mode: 2160p60hz not support
05-28 16:13:39.069 I/MesonDisplay( 289): [/mode_policy_parser.c, is_support_hdmimode, 115] is_support_hdmimode mode: 2160p50hz not support
05-28 16:13:39.069 I/MesonDisplay( 289): [/mode_policy_parser.c, is_support_hdmimode, 115] is_support_hdmimode mode: 2160p60hz not support
05-28 16:13:39.069 I/MesonDisplay( 289): [/mode_policy_parser.c, is_support_hdmimode, 115] is_support_hdmimode mode: 2160p50hz not support
05-28 16:13:39.069 I/MesonDisplay( 289): [/mode_policy.c, is_support_4kHDR, 507] is_support_4kHDR 4k hdr not support
05-28 16:13:39.069 I/MesonDisplay( 289): [/mode_policy_parser.c, is_support_hdmimode, 110] is_support_hdmimode mode: 1080p60hz
05-28 16:13:39.069 D/MesonDisplay( 289): meson_write /sys/class/amhdmitx/amhdmitx0/valid_mode, outputmode:1080p60hz422,12bit
05-28 16:13:39.069 D/MesonDisplay( 289): valid mode is true!
05-28 16:13:39.069 I/MesonDisplay( 289): [/mode_policy.c, is_support_non4kHDR, 552] is_support_non4kHDR mode:[1080p60hz], color format:[422,12bit]
05-28 16:13:39.069 I/MesonDisplay( 289): [/mode_policy.c, meson_mode_get_policy_output, 1289] final_displaymode:1080p60hz, final_deepcolor:422,12bit, amdv_type:0
05-28 16:13:39.069 I/SystemControl( 343): [/Ubootenv.cpp, get, 336] [ubootenv] get key:hdr_preferred_policy envValue: 0
05-28 16:13:39.069 D/MesonDisplayServer( 289): use connector getDisplayAttribute "HDMI Color ATTR": "rgb,8bit"
05-28 16:13:39.069 D/MesonDisplayServer( 289): SetDisplay[HDMI Color ATTR] attr to "422,12bit"
05-28 16:13:39.069 D/MesonDisplayServer( 289): getDisplayAttribute "HDR Policy": "0"
05-28 16:13:39.069 D/MesonDisplayServer( 289): getDisplayAttribute "FORCE HDR Mode": "0"
05-28 16:13:39.069 D/MesonDisplayServer( 289): getDisplayAttribute "Dolby Vision Mode": "usage: echo mode > /sys/class/amdolby_vision/dv_mode AMDV_OUTPUT_MODE_BYPASS 0 AMDV_OUTPUT_MODE_IPT 1 AMDV_OUTPUT_MODE_IPT_TUNNEL 2 AMDV_OUTPUT_MODE_HDR10 3 AMDV_OUTPUT_MODE_SDR10 4 AMDV_OUTPUT_MODE_SDR8 5current dv_mode = off"
05-28 16:13:39.069 D/MesonDisplayServer( 289): getDisplayAttribute "Dolby Vision Policy": "0"
05-28 16:13:39.070 I/SystemControl( 343): [/Ubootenv.cpp, get, 345] [ubootenv] search end and not find env:hdr_force_mode
05-28 16:13:39.070 I/SystemControl( 343): [/Ubootenv.cpp, get, 336] [ubootenv] get key:hdr_policy envValue: 0
05-28 16:13:39.070 I/audio_hw_hal_primary( 509): [audiohal_get_latency:1333] io 1853: out:0xeed01cd0 frames:1152 rate:32000 whole_latency:36 alsa_latency:36
05-28 16:13:39.070 E/MesonHwc( 289): dolby vision driver is not ready
05-28 16:13:39.070 W/IPCThreadState( 594): Sending oneway calls to frozen process.
05-28 16:13:39.071 D/AudioFlinger( 594): ro.audio.silent is ignored since no output device is set
05-28 16:13:39.072 D/MesonDisplayServer( 289): use connector getDisplayAttribute "HDR Priority": "268435472"
05-28 16:13:39.072 D/audio_hw_hal_primary( 509): [out_standby_new:5767] io 1853: out:0xeed01cd0 usecase:PCM_HWSYNC
05-28 16:13:39.072 I/audio_hw_hal_primary( 509): already standby, do nothing
05-28 16:13:39.072 I/SystemControl( 343): [/Ubootenv.cpp, get, 336] [ubootenv] get key:hdr_priority envValue: 268435472
05-28 16:13:39.072 D/MesonDisplayServer( 289): getDisplayAttribute "Dolby Vision Enable": "N"
05-28 16:13:39.073 D/MesonDisplayServer( 289): getDisplayAttribute "Dolby Vision LL Policy": "0"
05-28 16:13:39.073 E/MesonHwc( 289): dolby vision driver is not ready
05-28 16:13:39.073 V/MesonDisplayServer( 289): GetDisplayMode:dummy_l
05-28 16:13:39.073 I/MesonDisplay( 289): [/HDCPTxAuth.cpp, stopVerAll, 344] hdcp_tx 2.2 & 1.4 stop hdcp pwr
05-28 16:13:39.073 E/MesonDisplay( 289): open /sys/class/amhdmitx/amhdmitx0/hdcp_pwr fail. Error info [No such file or directory]
05-28 16:13:39.075 D/AudioFlinger( 594): ro.audio.silent is ignored since no output device is set
05-28 16:13:39.077 D/AudioFlinger( 594): ro.audio.silent is ignored since no output device is set
05-28 16:13:39.078 D/AudioFlinger( 594): ro.audio.silent is ignored since no output device is set
05-28 16:13:39.079 D/AudioFlinger( 594): ro.audio.silent is ignored since no output device is set
05-28 16:13:39.080 D/AudioFlinger( 594): ro.audio.silent is ignored since no output device is set
05-28 16:13:39.083 D/AudioFlinger( 594): ro.audio.silent is ignored since no output device is set
05-28 16:13:39.083 D/AudioFlinger( 594): ro.audio.silent is ignored since no output device is set
05-28 16:13:39.084 D/AudioFlinger( 594): ro.audio.silent is ignored since no output device is set
05-28 16:13:39.086 I/AudioFlinger( 594): openOutput() this 0xf2b07600, module 10 Device AUDIO_DEVICE_OUT_HDMI, @:, SamplingRate 32000, Format 0x9000000, Channels 0x1, flags 0x1
05-28 16:13:39.086 D/audio_hw_hal_primary( 509): [adev_open_output_stream_new:7868] enter: dev=0xeedc14a0 handle=745 devices=0x400/'HDMI,' flags=0x1/'DIRECT,' config=(rt=32000 ch_mask=0x1 fmt=0x9000000) address=''
05-28 16:13:39.086 D/audio_hw_hal_primary( 509): adev_open_output_stream_new: enter
05-28 16:13:39.086 I/audio_hw_hal_primary( 509): [adev_open_output_stream:3285] io 1861: out:0xeed09700 dev:OUT_HDMI(0x400) addr:
05-28 16:13:39.086 I/audio_hw_hal_primary( 509): [adev_open_output_stream:3287] ch_mask:0x1 rate:32000 format:AC3(0x9000000) flags:0x1
05-28 16:13:39.086 I/audio_hw_hal_primary( 509): adev_open_output_stream: for raw audio output,force alsa stereo output
05-28 16:13:39.086 I/audio_hw_hal_primary( 509): [adev_open_output_stream:3610] result profile ch_mask:0x1 rate:32000 format:AC3(0x9000000) usecase:RAW_DIRECT
05-28 16:13:39.086 I/audio_hw_hal_utils( 509): aml_get_stream_dump_file_name line 2929 file_name /data/vendor/audiohal/stream_pid509_tid509.dd
05-28 16:13:39.086 I/audio_hw_hal_primary( 509): [adev_open_output_stream_new:8037] io 1861: out: 0xeed09700 card:0 alsa devices:0 exit ------
05-28 16:13:39.089 I/audio_hw_hal_primary( 509): [out_get_buffer_size:552] out:0xeed09700 config.rate=32000, format:AC3(0x9000000), stream format:AC3(0x9000000)
05-28 16:13:39.090 I/AudioFlinger( 594): HAL output buffer size 2048 frames, normal sink buffer size 2048 frames
05-28 16:13:39.091 I/audio_hw_hal_primary( 509): [audiohal_get_latency:1333] io 1861: out:0xeed09700 frames:1280 rate:32000 whole_latency:40 alsa_latency:40
05-28 16:13:39.092 I/audio_hw_hal_primary( 509): [out_set_event_callback:3158] io 1861: out:0xeed09700, callback:0xf0dfc91d cookie:0xf14c17b0
05-28 16:13:39.093 I/AudioFlinger( 594): AudioFlinger's thread 0xecf20490 tid=19633 ready to run
05-28 16:13:39.093 I/audio_hw_hal_primary( 509): [audiohal_get_latency:1333] io 1861: out:0xeed09700 frames:1152 rate:32000 whole_latency:36 alsa_latency:36
05-28 16:13:39.093 I/audio_hw_hal_primary( 509): [audiohal_get_latency:1333] io 1861: out:0xeed09700 frames:1152 rate:32000 whole_latency:36 alsa_latency:36
05-28 16:13:39.094 W/IPCThreadState( 594): Sending oneway calls to frozen process.
05-28 16:13:39.094 D/hdmicecd( 532): [CEC]:printCecMessage, [4 -> 4] len: 0, body:, result:no ack
05-28 16:13:39.095 D/AudioFlinger( 594): ro.audio.silent is ignored since no output device is set
05-28 16:13:39.095 D/audio_hw_hal_primary( 509): [out_standby_new:5767] io 1861: out:0xeed09700 usecase:RAW_DIRECT
05-28 16:13:39.095 I/audio_hw_hal_primary( 509): already standby, do nothing
05-28 16:13:39.096 D/AudioFlinger( 594): ro.audio.silent is ignored since no output device is set
05-28 16:13:39.106 I/AudioFlinger( 594): openOutput() this 0xf2b07600, module 10 Device AUDIO_DEVICE_OUT_HDMI, @:, SamplingRate 32000, Format 0x9000000, Channels 0x1, flags 0x51
05-28 16:13:39.106 D/audio_hw_hal_primary( 509): [adev_open_output_stream_new:7868] enter: dev=0xeedc14a0 handle=74d devices=0x400/'HDMI,' flags=0x51/'DIRECT,COMPRESS_OFFLOAD,HW_AV_SYNC,' config=(rt=32000 ch_mask=0x1 fmt=0x9000000) address=''
05-28 16:13:39.106 D/audio_hw_hal_primary( 509): adev_open_output_stream_new: enter
05-28 16:13:39.106 I/audio_hw_hal_primary( 509): [adev_open_output_stream:3285] io 1869: out:0xeed09e30 dev:OUT_HDMI(0x400) addr:
05-28 16:13:39.106 I/audio_hw_hal_primary( 509): [adev_open_output_stream:3287] ch_mask:0x1 rate:32000 format:AC3(0x9000000) flags:0x51
05-28 16:13:39.106 I/audio_hw_hal_primary( 509): adev_open_output_stream: for raw audio output,force alsa stereo output
05-28 16:13:39.106 D/audio_hw_hal_primary( 509): [adev_open_output_stream:3573] format=AC3 rate=32000
05-28 16:13:39.106 I/audio_hw_hal_primary( 509): [adev_open_output_stream:3610] result profile ch_mask:0x1 rate:32000 format:AC3(0x9000000) usecase:RAW_HWSYNC
05-28 16:13:39.107 I/audio_hw_hal_utils( 509): aml_get_stream_dump_file_name line 2929 file_name /data/vendor/audiohal/stream_pid509_tid509.dd
05-28 16:13:39.107 I/audio_hw_hal_primary( 509): [adev_open_output_stream_new:8037] io 1869: out: 0xeed09e30 card:0 alsa devices:0 exit ------
05-28 16:13:39.108 I/audio_hw_hal_primary( 509): [out_get_buffer_size:552] out:0xeed09e30 config.rate=32000, format:AC3(0x9000000), stream format:AC3(0x9000000)
05-28 16:13:39.109 I/AudioFlinger( 594): HAL output buffer size 2048 frames, normal sink buffer size 2048 frames
05-28 16:13:39.109 I/audio_hw_hal_primary( 509): [audiohal_get_latency:1333] io 1869: out:0xeed09e30 frames:1152 rate:32000 whole_latency:36 alsa_latency:36
05-28 16:13:39.109 I/audio_hw_hal_primary( 509): [out_set_event_callback:3158] io 1869: out:0xeed09e30, callback:0xf0dfc91d cookie:0xf14c1990
05-28 16:13:39.110 I/audio_hw_hal_primary( 509): [audiohal_get_latency:1333] io 1869: out:0xeed09e30 frames:1024 rate:32000 whole_latency:32 alsa_latency:32
05-28 16:13:39.110 I/AudioFlinger( 594): AudioFlinger's thread 0xecf142e0 tid=19634 ready to run
05-28 16:13:39.110 I/audio_hw_hal_primary( 509): [audiohal_get_latency:1333] io 1869: out:0xeed09e30 frames:1024 rate:32000 whole_latency:32 alsa_latency:32
05-28 16:13:39.111 W/IPCThreadState( 594): Sending oneway calls to frozen process.
05-28 16:13:39.111 D/AudioFlinger( 594): ro.audio.silent is ignored since no output device is set
05-28 16:13:39.112 D/AudioFlinger( 594): ro.audio.silent is ignored since no output device is set
05-28 16:13:39.120 E/MesonDisplay( 289): open /sys/class/amhdmitx/amhdmitx0/hdcp_pwr fail. Error info [No such file or directory]
05-28 16:13:39.120 E/MesonDisplay( 289): open /sys/class/amhdmitx/amhdmitx0/hdcp_ctrl fail. Error info [No such file or directory]
05-28 16:13:39.120 E/MesonDisplay( 289): open /sys/class/amhdmitx/amhdmitx0/hdcp_ctrl fail. Error info [No such file or directory]
05-28 16:13:39.121 I/AudioFlinger( 594): openOutput() this 0xf2b07600, module 10 Device AUDIO_DEVICE_OUT_HDMI, @:, SamplingRate 0, Format 00000000, Channels 0, flags 0x4001
05-28 16:13:39.121 D/audio_hw_hal_primary( 509): [adev_open_output_stream_new:7868] enter: dev=0xeedc14a0 handle=755 devices=0x400/'HDMI,' flags=0x4001/'DIRECT,MMAP_NOIRQ,' config=(rt=0 ch_mask=0x0 fmt=0x0) address=''
05-28 16:13:39.121 D/audio_hw_hal_primary( 509): adev_open_output_stream_new: enter
05-28 16:13:39.121 I/audio_hw_hal_primary( 509): [adev_open_output_stream:3285] io 1877: out:0xeed0baf0 dev:OUT_HDMI(0x400) addr:
05-28 16:13:39.121 I/audio_hw_hal_primary( 509): [adev_open_output_stream:3287] ch_mask:0 rate:0 format:DEFAULT(0) flags:0x4001
05-28 16:13:39.121 I/audio_hw_hal_primary( 509): when open aaudio stream, send RUNNING msg to submix & ms12
05-28 16:13:39.121 W/audio_hw_hal_ms12common( 509): aml_set_ms12_scheduler_state sch_state:0 SCHEDULER_RUNNING, ms12 scheduler state not changed.
05-28 16:13:39.121 I/audio_hw_hal_mmap( 509): [outMmapInit:680] stream:0xeed0baf0
05-28 16:13:39.121 I/audio_hw_hal_mmap( 509): [dma_buffer_allocate:639] enter
05-28 16:13:39.121 I/DMABUFHEAPS( 509): Using DMA-BUF heap named: system-uncached
05-28 16:13:39.121 I/audio_hw_hal_mmap( 509): [dma_buffer_allocate:673] s32DmaFd:26, pu8MmapAddr:0xf21be000
05-28 16:13:39.121 I/audio_hw_hal_mmap( 509): [mmap_audio_register_client:927] OK ! stream 0xeed0baf0, client id 0
05-28 16:13:39.121 I/audio_hw_hal_primary( 509): [adev_open_output_stream:3540] vendor.media.llp 0
05-28 16:13:39.121 I/audio_hw_hal_primary( 509): [adev_open_output_stream:3610] result profile ch_mask:0x3 rate:48000 format:PCM_16_BIT(0x1) usecase:PCM_MMAP
05-28 16:13:39.121 I/audio_hw_hal_utils( 509): aml_get_stream_dump_file_name line 2929 file_name /data/vendor/audiohal/stream_pid509_tid509.pcm
05-28 16:13:39.121 I/audio_hw_hal_primary( 509): [adev_open_output_stream_new:8037] io 1877: out: 0xeed0baf0 card:0 alsa devices:0 exit ------
05-28 16:13:39.123 I/MesonDisplay( 289): [/HDCPTxAuth.cpp, stop, 137] hdcp_tx pthread exit id = 3997155776, (null) done
05-28 16:13:39.123 D/MesonDisplayServer( 289): SetDisplay[HDMI] Mode to "1080p60hz"
05-28 16:13:39.123 I/audio_hw_hal_primary( 509): [out_get_buffer_size:552] out:0xeed0baf0 config.rate=48000, format:PCM_16_BIT(0x1), stream format:PCM_16_BIT(0x1)
05-28 16:13:39.124 I/AudioFlinger( 594): AudioFlinger's thread 0xecd40010 tid=19635 ready to run
05-28 16:13:39.124 W/IPCThreadState( 594): Sending oneway calls to frozen process.
05-28 16:13:39.124 I/audio_hw_hal_profile( 509): [out_get_parameters:2092] out:0xeed0baf0 query channels. Format:PCM_16_BIT(0x1) ++++++++++ hal_format:PCM_16_BIT
05-28 16:13:39.125 D/audio_hw_hal_profile( 509): get_hdmi_sink_cap_new is running...
05-28 16:13:39.125 D/audio_hw_hal_profile( 509): [get_hdmi_sink_cap_new:887] query hdmi channels... format: PCM_16_BIT(0x1)
05-28 16:13:39.125 I/audio_hw_hal_profile( 509): [out_get_parameters:2165] sup_channels=AUDIO_CHANNEL_OUT_STEREO|AUDIO_CHANNEL_OUT_5POINT1|AUDIO_CHANNEL_OUT_7POINT1
05-28 16:13:39.127 D/AudioFlinger( 594): closing mmapThread 0xecd40010
05-28 16:13:39.127 W/IPCThreadState( 594): Sending oneway calls to frozen process.
05-28 16:13:39.127 D/AudioFlinger( 594): mmapThread exit()
05-28 16:13:39.128 I/audio_hw_hal_primary( 509): [adev_close_output_stream_new:8052] io handle 1877: out:0xeed0baf0
05-28 16:13:39.128 D/audio_hw_hal_primary( 509): adev_close_output_stream_new: enter usecase = PCM_MMAP
05-28 16:13:39.128 I/audio_hw_hal_primary( 509): [adev_close_output_stream:3695] io 1877: out:0xeed0baf0 dev:OUT_HDMI(0x400) flags:0x4001, usecase:PCM_MMAP
05-28 16:13:39.128 D/audio_hw_hal_primary( 509): [out_standby_new:5767] io 1877: out:0xeed0baf0 usecase:PCM_MMAP
05-28 16:13:39.128 I/audio_hw_hal_primary( 509): already standby, do nothing
05-28 16:13:39.128 I/audio_hw_hal_mmap( 509): [outMmapDeInit:743] stream:0xeed0baf0
05-28 16:13:39.128 I/audio_hw_hal_mmap( 509): [mmap_audio_unregister_client:955] OK ! stream 0xeed0baf0, client id 0
05-28 16:13:39.128 I/audio_hw_hal_primary( 509): when close aaudio stream, send STANDBY msg to submix & ms12
05-28 16:13:39.128 I/audio_hw_hal_ms12common( 509): aml_set_ms12_scheduler_state ms12_scheduler_state:1, sch_state:1 SCHEDULER_STANDBY is sent to ms12
05-28 16:13:39.128 I/audio_hw_hal_resourcemgr( 509): [is_output_device_muted:710] device:0x2 port_mute:0, fade_mute:0
05-28 16:13:39.128 I/audio_hw_hal_primary( 509): [adev_close_output_stream:3863] io 1877: out:0xeed0baf0 exit ------
05-28 16:13:39.128 I/AudioFlinger( 594): openOutput() this 0xf2b07600, module 10 Device AUDIO_DEVICE_OUT_HDMI, @:, SamplingRate 48000, Format 0x000001, Channels 0x3, flags 0x4001
05-28 16:13:39.129 D/audio_hw_hal_primary( 509): [adev_open_output_stream_new:7868] enter: dev=0xeedc14a0 handle=75d devices=0x400/'HDMI,' flags=0x4001/'DIRECT,MMAP_NOIRQ,' config=(rt=48000 ch_mask=0x3 fmt=0x1) address=''
05-28 16:13:39.129 D/audio_hw_hal_primary( 509): adev_open_output_stream_new: enter
05-28 16:13:39.129 I/audio_hw_hal_primary( 509): [adev_open_output_stream:3285] io 1885: out:0xeed040c0 dev:OUT_HDMI(0x400) addr:
05-28 16:13:39.129 I/audio_hw_hal_primary( 509): [adev_open_output_stream:3287] ch_mask:0x3 rate:48000 format:PCM_16_BIT(0x1) flags:0x4001
05-28 16:13:39.129 I/audio_hw_hal_primary( 509): when open aaudio stream, send RUNNING msg to submix & ms12
05-28 16:13:39.129 D/audio_hw_hal_ms12v2( 509): set_dolby_ms12_continuous_state audio_continuous_standby_set status 0
05-28 16:13:39.129 D/audio_hw_hal_continuous_standby( 509): audio_continuous_standby_set, type 0, params 0
05-28 16:13:39.129 I/audio_hw_hal_ms12common( 509): aml_set_ms12_scheduler_state ms12_scheduler_state:0, sch_state:0 SCHEDULER_RUNNING is sent to ms12
05-28 16:13:39.129 I/audio_hw_hal_mmap( 509): [outMmapInit:680] stream:0xeed040c0
05-28 16:13:39.129 I/audio_hw_hal_mmap( 509): [dma_buffer_allocate:639] enter
05-28 16:13:39.129 I/DMABUFHEAPS( 509): Using DMA-BUF heap named: system-uncached
05-28 16:13:39.129 I/audio_hw_hal_mmap( 509): [dma_buffer_allocate:673] s32DmaFd:26, pu8MmapAddr:0xf21be000
05-28 16:13:39.129 I/audio_hw_hal_mmap( 509): [mmap_audio_register_client:927] OK ! stream 0xeed040c0, client id 0
05-28 16:13:39.129 I/audio_hw_hal_primary( 509): [adev_open_output_stream:3540] vendor.media.llp 0
05-28 16:13:39.129 I/audio_hw_hal_primary( 509): [adev_open_output_stream:3610] result profile ch_mask:0x3 rate:48000 format:PCM_16_BIT(0x1) usecase:PCM_MMAP
05-28 16:13:39.129 I/audio_hw_hal_utils( 509): aml_get_stream_dump_file_name line 2929 file_name /data/vendor/audiohal/stream_pid509_tid9864.pcm
05-28 16:13:39.129 I/audio_hw_hal_primary( 509): [adev_open_output_stream_new:8037] io 1885: out: 0xeed040c0 card:0 alsa devices:0 exit ------
05-28 16:13:39.132 I/audio_hw_hal_primary( 509): [out_get_buffer_size:552] out:0xeed040c0 config.rate=48000, format:PCM_16_BIT(0x1), stream format:PCM_16_BIT(0x1)
05-28 16:13:39.133 W/IPCThreadState( 594): Sending oneway calls to frozen process.
05-28 16:13:39.134 I/AudioFlinger( 594): AudioFlinger's thread 0xecd40010 tid=19637 ready to run
05-28 16:13:39.136 I/audio_hw_hal_primary( 509): [out_set_volume:1406] out:0xeed040c0 left:1.000000 continuous:1 internal_format:PCM_16_BIT dolby:0 direct pcm:1 mmap_pcm:1
05-28 16:13:39.144 I/AudioFlinger( 594): openOutput() this 0xf2b07600, module 10 Device AUDIO_DEVICE_OUT_HDMI, @:, SamplingRate 0, Format 00000000, Channels 0, flags 0x41
05-28 16:13:39.144 D/audio_hw_hal_primary( 509): [adev_open_output_stream_new:7868] enter: dev=0xeedc14a0 handle=765 devices=0x400/'HDMI,' flags=0x41/'DIRECT,HW_AV_SYNC,' config=(rt=0 ch_mask=0x0 fmt=0x0) address=''
05-28 16:13:39.144 D/audio_hw_hal_primary( 509): adev_open_output_stream_new: enter
05-28 16:13:39.144 I/audio_hw_hal_primary( 509): [adev_open_output_stream:3285] io 1893: out:0xeed0baf0 dev:OUT_HDMI(0x400) addr:
05-28 16:13:39.144 I/audio_hw_hal_primary( 509): [adev_open_output_stream:3287] ch_mask:0 rate:0 format:DEFAULT(0) flags:0x41
05-28 16:13:39.144 D/audio_hw_hal_primary( 509): [adev_open_output_stream:3573] format=PCM_16_BIT rate=48000
05-28 16:13:39.144 I/audio_hw_hal_primary( 509): [adev_open_output_stream:3610] result profile ch_mask:0x3 rate:48000 format:PCM_16_BIT(0x1) usecase:PCM_HWSYNC
05-28 16:13:39.145 D/audio_hw_hal_timer( 509): func:audio_timer_create create timer.3 success.
05-28 16:13:39.145 D/audio_hw_hal_timer( 509): func:audio_timer_create create timer.4 success.
05-28 16:13:39.145 D/audio_hw_hal_primary( 509): [adev_open_output_stream_new:7980] timer_id:3
05-28 16:13:39.145 I/audio_hw_hal_utils( 509): aml_get_stream_dump_file_name line 2929 file_name /data/vendor/audiohal/stream_pid509_tid509.pcm
05-28 16:13:39.145 I/audio_hw_hal_primary( 509): [adev_open_output_stream_new:8037] io 1893: out: 0xeed0baf0 card:0 alsa devices:0 exit ------
05-28 16:13:39.147 I/audio_hw_hal_primary( 509): [out_get_buffer_size:552] out:0xeed0baf0 config.rate=48000, format:PCM_16_BIT(0x1), stream format:PCM_16_BIT(0x1)
05-28 16:13:39.147 I/AudioFlinger( 594): HAL output buffer size 2058 frames, normal sink buffer size 2058 frames
05-28 16:13:39.147 I/audio_hw_hal_primary( 509): [audiohal_get_latency:1333] io 1893: out:0xeed0baf0 frames:1152 rate:48000 whole_latency:24 alsa_latency:24
05-28 16:13:39.147 I/audio_hw_hal_primary( 509): [out_set_event_callback:3158] io 1893: out:0xeed0baf0, callback:0xf0dfc91d cookie:0xf14c27d0
05-28 16:13:39.148 I/audio_hw_hal_primary( 509): [audiohal_get_latency:1333] io 1893: out:0xeed0baf0 frames:1024 rate:48000 whole_latency:21 alsa_latency:21
05-28 16:13:39.148 I/audio_hw_hal_primary( 509): [audiohal_get_latency:1333] io 1893: out:0xeed0baf0 frames:1024 rate:48000 whole_latency:21 alsa_latency:21
05-28 16:13:39.148 I/AudioFlinger( 594): AudioFlinger's thread 0xecf34760 tid=19640 ready to run
05-28 16:13:39.148 W/IPCThreadState( 594): Sending oneway calls to frozen process.
05-28 16:13:39.149 D/AudioFlinger( 594): ro.audio.silent is ignored since no output device is set
05-28 16:13:39.150 D/audio_hw_hal_primary( 509): [out_standby_new:5767] io 1893: out:0xeed0baf0 usecase:PCM_HWSYNC
05-28 16:13:39.150 D/hdmicecd( 532): [CEC]:printCecMessage, [4 -> 4] len: 0, body:, result:no ack
05-28 16:13:39.150 I/audio_hw_hal_primary( 509): already standby, do nothing
05-28 16:13:39.151 I/audio_hw_hal_profile( 509): [out_get_parameters:2085] out:0xeed0baf0 query audio format. ++++++++++ hal_format:PCM_16_BIT
05-28 16:13:39.151 D/audio_hw_hal_profile( 509): get_hdmi_sink_cap_new is running...
05-28 16:13:39.152 D/audio_hw_hal_profile( 509): query hdmi format...
05-28 16:13:39.152 D/audio_hw_hal_profile( 509): get_hdmi_sink_cap_new ddp is unsupported; ddp-joc(atmos) is unsupported;
05-28 16:13:39.152 I/audio_hw_hal_profile( 509): PCM cap Max channel =8
05-28 16:13:39.152 I/audio_hw_hal_profile( 509): [out_get_parameters:2165] sup_formats=AUDIO_FORMAT_PCM_16_BIT|AUDIO_FORMAT_IEC61937
05-28 16:13:39.152 D/APM_AudioPolicyManager( 594): modifySurroundFormats: forced use = 13
05-28 16:13:39.152 I/audio_hw_hal_profile( 509): [out_get_parameters:2089] out:0xeed0baf0 query sample rate. Format:PCM_16_BIT(0x1) ++++++++++ hal_format:PCM_16_BIT
05-28 16:13:39.152 D/audio_hw_hal_profile( 509): get_hdmi_sink_cap_new is running...
05-28 16:13:39.152 D/audio_hw_hal_profile( 509): [get_hdmi_sink_cap_new:960] query hdmi sample_rate... format: PCM_16_BIT(0x1)
05-28 16:13:39.152 I/audio_hw_hal_profile( 509): get_hdmi_sink_cap_new format =0x1 support rate =sup_sampling_rates=32000|44100|48000
05-28 16:13:39.152 I/audio_hw_hal_profile( 509): [out_get_parameters:2165] sup_sampling_rates=32000|44100|48000
05-28 16:13:39.153 I/audio_hw_hal_profile( 509): [out_get_parameters:2092] out:0xeed0baf0 query channels. Format:PCM_16_BIT(0x1) ++++++++++ hal_format:PCM_16_BIT
05-28 16:13:39.153 D/audio_hw_hal_profile( 509): get_hdmi_sink_cap_new is running...
05-28 16:13:39.153 D/audio_hw_hal_profile( 509): [get_hdmi_sink_cap_new:887] query hdmi channels... format: PCM_16_BIT(0x1)
05-28 16:13:39.153 I/audio_hw_hal_profile( 509): [out_get_parameters:2165] sup_channels=AUDIO_CHANNEL_OUT_STEREO|AUDIO_CHANNEL_OUT_5POINT1|AUDIO_CHANNEL_OUT_7POINT1
05-28 16:13:39.154 I/audio_hw_hal_profile( 509): [out_get_parameters:2089] out:0xeed0baf0 query sample rate. Format:IEC61937(0xd000000) ++++++++++ hal_format:PCM_16_BIT
05-28 16:13:39.154 D/audio_hw_hal_profile( 509): get_hdmi_sink_cap_new is running...
05-28 16:13:39.154 D/audio_hw_hal_profile( 509): [get_hdmi_sink_cap_new:960] query hdmi sample_rate... format: IEC61937(0xd000000)
05-28 16:13:39.154 I/audio_hw_hal_profile( 509): [out_get_parameters:2165] sup_sampling_rates=8000|11025|16000|22050|24000|32000|44100|48000|128000|176400|192000
05-28 16:13:39.154 I/audio_hw_hal_profile( 509): [out_get_parameters:2092] out:0xeed0baf0 query channels. Format:IEC61937(0xd000000) ++++++++++ hal_format:PCM_16_BIT
05-28 16:13:39.154 D/audio_hw_hal_profile( 509): get_hdmi_sink_cap_new is running...
05-28 16:13:39.154 D/audio_hw_hal_profile( 509): [get_hdmi_sink_cap_new:887] query hdmi channels... format: IEC61937(0xd000000)
05-28 16:13:39.154 I/audio_hw_hal_profile( 509): [out_get_parameters:2165] sup_channels=AUDIO_CHANNEL_OUT_MONO|AUDIO_CHANNEL_OUT_STEREO|AUDIO_CHANNEL_OUT_TRI|AUDIO_CHANNEL_OUT_TRI_BACK|AUDIO_CHANNEL_OUT_3POINT1|AUDIO_CHANNEL_OUT_QUAD|AUDIO_CHANNEL_OUT_SURROUND|AUDIO_CHANNEL_OUT_PENTA|AUDIO_CHANNEL_OUT_5POINT1|AUDIO_CHANNEL_OUT_7POINT1
05-28 16:13:39.155 D/audio_hw_hal_primary( 509): [out_dump:848] io 1893: out:0xeed0baf0, fd:27
05-28 16:13:39.159 W/IPCThreadState( 594): Sending oneway calls to frozen process.
05-28 16:13:39.159 D/audio_hw_hal_primary( 509): [out_set_parameters:971] out:0xeed0baf0 kvpairs:closing=true;exiting=1 out->out_device:0x400, adev->out_device:0x80002
05-28 16:13:39.159 E/audio_hw_hal_primary( 509): out_set_parameters, ret:-2, hw_sync_mode:is false
05-28 16:13:39.160 D/AudioFlinger( 594): ro.audio.silent is ignored since no output device is set
05-28 16:13:39.161 I/audio_hw_hal_primary( 509): [out_set_event_callback:3158] io 1893: out:0xeed0baf0, callback:0xf0dfc91d cookie:0xf14c27d0
05-28 16:13:39.161 I/audio_hw_hal_primary( 509): [adev_close_output_stream_new:8052] io handle 1893: out:0xeed0baf0
05-28 16:13:39.161 D/audio_hw_hal_primary( 509): adev_close_output_stream_new: enter usecase = PCM_HWSYNC
05-28 16:13:39.161 D/audio_hw_hal_timer( 509): func:audio_timer_delete delete timer.3 success.
05-28 16:13:39.161 D/audio_hw_hal_timer( 509): func:audio_timer_delete delete timer.4 success.
05-28 16:13:39.161 D/audio_hw_hal_primary( 509): [adev_close_output_stream_new:8076] timer_id:3 ret:4
05-28 16:13:39.161 I/audio_hw_hal_primary( 509): [adev_close_output_stream:3695] io 1893: out:0xeed0baf0 dev:OUT_HDMI(0x400) flags:0x41, usecase:PCM_HWSYNC
05-28 16:13:39.161 D/audio_hw_hal_primary( 509): [out_standby_new:5767] io 1893: out:0xeed0baf0 usecase:PCM_HWSYNC
05-28 16:13:39.161 I/audio_hw_hal_primary( 509): already standby, do nothing
05-28 16:13:39.161 I/audio_hw_hal_resourcemgr( 509): [is_output_device_muted:710] device:0x2 port_mute:0, fade_mute:0
05-28 16:13:39.161 I/audio_hw_hal_primary( 509): [adev_close_output_stream:3863] io 1893: out:0xeed0baf0 exit ------
05-28 16:13:39.162 I/AudioFlinger( 594): openOutput() this 0xf2b07600, module 10 Device AUDIO_DEVICE_OUT_HDMI, @:, SamplingRate 8000, Format 0xd000000, Channels 0x1, flags 0x41
05-28 16:13:39.162 D/audio_hw_hal_primary( 509): [adev_open_output_stream_new:7868] enter: dev=0xeedc14a0 handle=76d devices=0x400/'HDMI,' flags=0x441/'DIRECT,HW_AV_SYNC,IEC958_NONAUDIO,' config=(rt=8000 ch_mask=0x1 fmt=0xd000000) address=''
05-28 16:13:39.162 D/audio_hw_hal_primary( 509): adev_open_output_stream_new: enter
05-28 16:13:39.162 I/audio_hw_hal_primary( 509): [adev_open_output_stream:3285] io 1901: out:0xeed064b0 dev:OUT_HDMI(0x400) addr:
05-28 16:13:39.162 I/audio_hw_hal_primary( 509): [adev_open_output_stream:3287] ch_mask:0x1 rate:8000 format:IEC61937(0xd000000) flags:0x441
05-28 16:13:39.162 D/audio_hw_hal_primary( 509): [adev_open_output_stream:3381] current format is IEC61937
05-28 16:13:39.162 D/audio_hw_hal_primary( 509): [adev_open_output_stream:3573] format=IEC61937 rate=8000
05-28 16:13:39.162 I/audio_hw_hal_primary( 509): [adev_open_output_stream:3610] result profile ch_mask:0x1 rate:8000 format:IEC61937(0xd000000) usecase:RAW_DIRECT
05-28 16:13:39.162 I/audio_hw_hal_utils( 509): aml_get_stream_dump_file_name line 2929 file_name /data/vendor/audiohal/stream_pid509_tid17178.pcm
05-28 16:13:39.162 I/audio_hw_hal_primary( 509): [adev_open_output_stream_new:8037] io 1901: out: 0xeed064b0 card:0 alsa devices:0 exit ------
05-28 16:13:39.164 I/audio_hw_hal_primary( 509): [out_get_buffer_size:552] out:0xeed064b0 config.rate=8000, format:IEC61937(0xd000000), stream format:IEC61937(0xd000000)
05-28 16:13:39.164 I/audio_hw_hal_primary( 509): out_get_buffer_size AUDIO_FORMAT_IEC61937 buffer size = 4096 frames
05-28 16:13:39.164 I/AudioFlinger( 594): HAL output buffer size 2048 frames, normal sink buffer size 2048 frames
05-28 16:13:39.164 I/audio_hw_hal_primary( 509): [audiohal_get_latency:1333] io 1901: out:0xeed064b0 frames:1024 rate:8000 whole_latency:128 alsa_latency:128
05-28 16:13:39.164 I/audio_hw_hal_primary( 509): [out_set_event_callback:3158] io 1901: out:0xeed064b0, callback:0xf0dfc91d cookie:0xf14c2050
05-28 16:13:39.165 I/AudioFlinger( 594): AudioFlinger's thread 0xecf34760 tid=19642 ready to run
05-28 16:13:39.165 I/audio_hw_hal_primary( 509): [audiohal_get_latency:1333] io 1901: out:0xeed064b0 frames:1280 rate:8000 whole_latency:160 alsa_latency:160
05-28 16:13:39.166 I/audio_hw_hal_primary( 509): [audiohal_get_latency:1333] io 1901: out:0xeed064b0 frames:1280 rate:8000 whole_latency:160 alsa_latency:160
05-28 16:13:39.166 W/IPCThreadState( 594): Sending oneway calls to frozen process.
05-28 16:13:39.168 D/AudioFlinger( 594): ro.audio.silent is ignored since no output device is set
05-28 16:13:39.168 D/audio_hw_hal_primary( 509): [out_standby_new:5767] io 1901: out:0xeed064b0 usecase:RAW_DIRECT
05-28 16:13:39.168 I/audio_hw_hal_primary( 509): already standby, do nothing
05-28 16:13:39.171 D/AudioFlinger( 594): ro.audio.silent is ignored since no output device is set
05-28 16:13:39.174 D/AudioFlinger( 594): ro.audio.silent is ignored since no output device is set
05-28 16:13:39.176 D/AudioFlinger( 594): ro.audio.silent is ignored since no output device is set
05-28 16:13:39.178 D/AudioFlinger( 594): ro.audio.silent is ignored since no output device is set
05-28 16:13:39.179 D/AudioFlinger( 594): ro.audio.silent is ignored since no output device is set
05-28 16:13:39.180 D/AudioFlinger( 594): ro.audio.silent is ignored since no output device is set
05-28 16:13:39.180 D/AudioFlinger( 594): ro.audio.silent is ignored since no output device is set
05-28 16:13:39.182 D/AudioFlinger( 594): ro.audio.silent is ignored since no output device is set
05-28 16:13:39.184 D/AudioFlinger( 594): ro.audio.silent is ignored since no output device is set
05-28 16:13:39.185 D/AudioFlinger( 594): ro.audio.silent is ignored since no output device is set
05-28 16:13:39.187 I/AudioFlinger( 594): openOutput() this 0xf2b07600, module 10 Device AUDIO_DEVICE_OUT_HDMI, @:, SamplingRate 0, Format 00000000, Channels 0, flags 0x1
05-28 16:13:39.187 D/audio_hw_hal_primary( 509): [adev_open_output_stream_new:7868] enter: dev=0xeedc14a0 handle=775 devices=0x400/'HDMI,' flags=0x1/'DIRECT,' config=(rt=0 ch_mask=0x0 fmt=0x0) address=''
05-28 16:13:39.187 D/audio_hw_hal_primary( 509): adev_open_output_stream_new: enter
05-28 16:13:39.187 I/audio_hw_hal_primary( 509): [adev_open_output_stream:3285] io 1909: out:0xeed015a0 dev:OUT_HDMI(0x400) addr:
05-28 16:13:39.187 I/audio_hw_hal_primary( 509): [adev_open_output_stream:3287] ch_mask:0 rate:0 format:DEFAULT(0) flags:0x1
05-28 16:13:39.187 I/audio_hw_hal_primary( 509): [adev_open_output_stream:3610] result profile ch_mask:0x3 rate:48000 format:PCM_16_BIT(0x1) usecase:PCM_DIRECT
05-28 16:13:39.187 I/audio_hw_hal_utils( 509): aml_get_stream_dump_file_name line 2929 file_name /data/vendor/audiohal/stream_pid509_tid17178.pcm
05-28 16:13:39.187 I/audio_hw_hal_primary( 509): [adev_open_output_stream_new:8037] io 1909: out: 0xeed015a0 card:0 alsa devices:0 exit ------
05-28 16:13:39.189 I/audio_hw_hal_primary( 509): [out_get_buffer_size:552] out:0xeed015a0 config.rate=48000, format:PCM_16_BIT(0x1), stream format:PCM_16_BIT(0x1)
05-28 16:13:39.189 I/AudioFlinger( 594): HAL output buffer size 2048 frames, normal sink buffer size 2048 frames
05-28 16:13:39.189 I/audio_hw_hal_primary( 509): [audiohal_get_latency:1333] io 1909: out:0xeed015a0 frames:1152 rate:48000 whole_latency:24 alsa_latency:24
05-28 16:13:39.189 I/audio_hw_hal_primary( 509): [out_set_event_callback:3158] io 1909: out:0xeed015a0, callback:0xf0dfc91d cookie:0xf14c2110
05-28 16:13:39.190 I/audio_hw_hal_primary( 509): [audiohal_get_latency:1333] io 1909: out:0xeed015a0 frames:1024 rate:48000 whole_latency:21 alsa_latency:21
05-28 16:13:39.190 I/AudioFlinger( 594): AudioFlinger's thread 0xecf285b0 tid=19643 ready to run
05-28 16:13:39.190 I/audio_hw_hal_primary( 509): [audiohal_get_latency:1333] io 1909: out:0xeed015a0 frames:1024 rate:48000 whole_latency:21 alsa_latency:21
05-28 16:13:39.191 D/AudioFlinger( 594): ro.audio.silent is ignored since no output device is set
05-28 16:13:39.191 W/IPCThreadState( 594): Sending oneway calls to frozen process.
05-28 16:13:39.191 D/audio_hw_hal_primary( 509): [out_standby_new:5767] io 1909: out:0xeed015a0 usecase:PCM_DIRECT
05-28 16:13:39.191 I/audio_hw_hal_primary( 509): already standby, do nothing
05-28 16:13:39.192 I/audio_hw_hal_profile( 509): [out_get_parameters:2085] out:0xeed015a0 query audio format. ++++++++++ hal_format:PCM_16_BIT
05-28 16:13:39.192 D/audio_hw_hal_profile( 509): get_hdmi_sink_cap_new is running...
05-28 16:13:39.192 D/audio_hw_hal_profile( 509): query hdmi format...
05-28 16:13:39.192 D/audio_hw_hal_profile( 509): get_hdmi_sink_cap_new ddp is unsupported; ddp-joc(atmos) is unsupported;
05-28 16:13:39.193 I/audio_hw_hal_profile( 509): PCM cap Max channel =8
05-28 16:13:39.193 I/audio_hw_hal_profile( 509): [out_get_parameters:2165] sup_formats=AUDIO_FORMAT_PCM_16_BIT|AUDIO_FORMAT_IEC61937
05-28 16:13:39.193 D/APM_AudioPolicyManager( 594): modifySurroundFormats: forced use = 13
05-28 16:13:39.193 I/audio_hw_hal_profile( 509): [out_get_parameters:2089] out:0xeed015a0 query sample rate. Format:PCM_16_BIT(0x1) ++++++++++ hal_format:PCM_16_BIT
05-28 16:13:39.193 D/audio_hw_hal_profile( 509): get_hdmi_sink_cap_new is running...
05-28 16:13:39.193 D/audio_hw_hal_profile( 509): [get_hdmi_sink_cap_new:960] query hdmi sample_rate... format: PCM_16_BIT(0x1)
05-28 16:13:39.193 I/audio_hw_hal_profile( 509): get_hdmi_sink_cap_new format =0x1 support rate =sup_sampling_rates=32000|44100|48000
05-28 16:13:39.193 I/audio_hw_hal_profile( 509): [out_get_parameters:2165] sup_sampling_rates=32000|44100|48000
05-28 16:13:39.194 I/audio_hw_hal_profile( 509): [out_get_parameters:2092] out:0xeed015a0 query channels. Format:PCM_16_BIT(0x1) ++++++++++ hal_format:PCM_16_BIT
05-28 16:13:39.195 D/audio_hw_hal_profile( 509): get_hdmi_sink_cap_new is running...
05-28 16:13:39.195 D/audio_hw_hal_profile( 509): [get_hdmi_sink_cap_new:887] query hdmi channels... format: PCM_16_BIT(0x1)
05-28 16:13:39.195 I/audio_hw_hal_profile( 509): [out_get_parameters:2165] sup_channels=AUDIO_CHANNEL_OUT_STEREO|AUDIO_CHANNEL_OUT_5POINT1|AUDIO_CHANNEL_OUT_7POINT1
05-28 16:13:39.195 I/audio_hw_hal_profile( 509): [out_get_parameters:2089] out:0xeed015a0 query sample rate. Format:IEC61937(0xd000000) ++++++++++ hal_format:PCM_16_BIT
05-28 16:13:39.195 D/audio_hw_hal_profile( 509): get_hdmi_sink_cap_new is running...
05-28 16:13:39.195 I/audio_hw_hal_primary( 509): [adev_uevent_callback:9131] uevent type=0
05-28 16:13:39.195 D/audio_hw_hal_profile( 509): [get_hdmi_sink_cap_new:960] query hdmi sample_rate... format: IEC61937(0xd000000)
05-28 16:13:39.195 I/audio_hw_hal_profile( 509): [out_get_parameters:2165] sup_sampling_rates=8000|11025|16000|22050|24000|32000|44100|48000|128000|176400|192000
05-28 16:13:39.196 I/SystemControl( 343): [/UEventObserver.cpp, HDMITxUenventThreadLoop, 451] HDMI TX switch_name:hdmitx_vmode_audio, switch_state: 1
05-28 16:13:39.196 I/audio_hw_hal_profile( 509): [out_get_parameters:2092] out:0xeed015a0 query channels. Format:IEC61937(0xd000000) ++++++++++ hal_format:PCM_16_BIT
05-28 16:13:39.196 D/audio_hw_hal_profile( 509): get_hdmi_sink_cap_new is running...
05-28 16:13:39.196 D/audio_hw_hal_profile( 509): [get_hdmi_sink_cap_new:887] query hdmi channels... format: IEC61937(0xd000000)
05-28 16:13:39.196 I/audio_hw_hal_profile( 509): [out_get_parameters:2165] sup_channels=AUDIO_CHANNEL_OUT_MONO|AUDIO_CHANNEL_OUT_STEREO|AUDIO_CHANNEL_OUT_TRI|AUDIO_CHANNEL_OUT_TRI_BACK|AUDIO_CHANNEL_OUT_3POINT1|AUDIO_CHANNEL_OUT_QUAD|AUDIO_CHANNEL_OUT_SURROUND|AUDIO_CHANNEL_OUT_PENTA|AUDIO_CHANNEL_OUT_5POINT1|AUDIO_CHANNEL_OUT_7POINT1
05-28 16:13:39.197 I/audio_hw_hal_alsamgr( 509): raw to lpcm switch aml_alsa_output_write
05-28 16:13:39.197 I/SystemControl( 343): [/UEventObserver.cpp, HDMITxUenventThreadLoop, 451] HDMI TX switch_name:hdmitx_current_status, switch_state: 288
05-28 16:13:39.197 D/audio_hw_hal_primary( 509): [out_dump:848] io 1909: out:0xeed015a0, fd:27
05-28 16:13:39.204 W/IPCThreadState( 594): Sending oneway calls to frozen process.
05-28 16:13:39.205 D/audio_hw_hal_primary( 509): [out_set_parameters:971] out:0xeed015a0 kvpairs:closing=true;exiting=1 out->out_device:0x400, adev->out_device:0x80002
05-28 16:13:39.205 E/audio_hw_hal_primary( 509): out_set_parameters, ret:-2, hw_sync_mode:is false
05-28 16:13:39.205 D/AudioFlinger( 594): ro.audio.silent is ignored since no output device is set
05-28 16:13:39.206 I/audio_hw_hal_primary( 509): [out_set_event_callback:3158] io 1909: out:0xeed015a0, callback:0xf0dfc91d cookie:0xf14c2110
05-28 16:13:39.206 I/audio_hw_hal_primary( 509): [adev_close_output_stream_new:8052] io handle 1909: out:0xeed015a0
05-28 16:13:39.206 D/audio_hw_hal_primary( 509): adev_close_output_stream_new: enter usecase = PCM_DIRECT
05-28 16:13:39.206 I/audio_hw_hal_primary( 509): [adev_close_output_stream:3695] io 1909: out:0xeed015a0 dev:OUT_HDMI(0x400) flags:0x1, usecase:PCM_DIRECT
05-28 16:13:39.206 D/audio_hw_hal_primary( 509): [out_standby_new:5767] io 1909: out:0xeed015a0 usecase:PCM_DIRECT
05-28 16:13:39.206 I/audio_hw_hal_primary( 509): already standby, do nothing
05-28 16:13:39.206 I/audio_hw_hal_resourcemgr( 509): [is_output_device_muted:710] device:0x2 port_mute:0, fade_mute:0
05-28 16:13:39.206 I/audio_hw_hal_primary( 509): [adev_close_output_stream:3863] io 1909: out:0xeed015a0 exit ------
05-28 16:13:39.206 D/hdmicecd( 532): [CEC]:printCecMessage, [4 -> 4] len: 0, body:, result:no ack
05-28 16:13:39.206 D/HDMI ( 742): New logical address for device [4]: [preferred:4, assigned:4]
05-28 16:13:39.207 I/AudioFlinger( 594): openOutput() this 0xf2b07600, module 10 Device AUDIO_DEVICE_OUT_HDMI, @:, SamplingRate 8000, Format 0xd000000, Channels 0x1, flags 0x1
05-28 16:13:39.207 D/hdmicecd( 532): [HdmiCecControl]:getPhysicalAddress, physical addr: 1000, last pa: 1000, ret = 0
05-28 16:13:39.207 D/audio_hw_hal_primary( 509): [adev_open_output_stream_new:7868] enter: dev=0xeedc14a0 handle=77d devices=0x400/'HDMI,' flags=0x401/'DIRECT,IEC958_NONAUDIO,' config=(rt=8000 ch_mask=0x1 fmt=0xd000000) address=''
05-28 16:13:39.207 D/audio_hw_hal_primary( 509): adev_open_output_stream_new: enter
05-28 16:13:39.207 I/audio_hw_hal_primary( 509): [adev_open_output_stream:3285] io 1917: out:0xeed015a0 dev:OUT_HDMI(0x400) addr:
05-28 16:13:39.208 I/audio_hw_hal_primary( 509): [adev_open_output_stream:3287] ch_mask:0x1 rate:8000 format:IEC61937(0xd000000) flags:0x401
05-28 16:13:39.208 D/audio_hw_hal_primary( 509): [adev_open_output_stream:3381] current format is IEC61937
05-28 16:13:39.208 I/audio_hw_hal_primary( 509): [adev_open_output_stream:3610] result profile ch_mask:0x1 rate:8000 format:IEC61937(0xd000000) usecase:RAW_DIRECT
05-28 16:13:39.208 I/audio_hw_hal_utils( 509): aml_get_stream_dump_file_name line 2929 file_name /data/vendor/audiohal/stream_pid509_tid17178.pcm
05-28 16:13:39.208 I/audio_hw_hal_primary( 509): [adev_open_output_stream_new:8037] io 1917: out: 0xeed015a0 card:0 alsa devices:0 exit ------
05-28 16:13:39.208 D/hdmicecd( 532): [HdmiCecControl]:getPhysicalAddress, physical addr: 1000, last pa: 1000, ret = 0
05-28 16:13:39.208 D/hdmicecd( 532): [HdmiCecControl]:getPhysicalAddress, physical addr: 1000, last pa: 1000, ret = 0
05-28 16:13:39.208 D/hdmicecd( 532): [HdmiCecControl]:getVendorId, vendorId: 0x1CA410
05-28 16:13:39.208 D/hdmicecd( 532): [HdmiCecControl]:getPhysicalAddress, physical addr: 1000, last pa: 1000, ret = 0
05-28 16:13:39.209 D/HDMI ( 742): addCecDevice new:CEC: logical_address: 0x04 device_type: 4 cec_version: 5 vendor_id: 1877008 display_name: DBBOX-A3 power_status: 0 physical_address: 0x1000 port_id: 0 old:null
05-28 16:13:39.209 I/hdmicecd( 532): [HdmiCecControl]:addr:4, allocate result:0
05-28 16:13:39.213 V/MesonDisplayServer( 289): GetDisplayMode:1080p60hz
