05-28 16:12:00.506 E/db_okhttp( 8961): POST url:http://otysdktj.tvfuwu.com/util-servlet/clientservice
05-28 16:12:00.506 E/db_okhttp( 8961): Request: topic=dbsc_init&message={"list":"%5B%22%257B%2522action%2522%253A%2522%2522%252C%2522insertTime%2522%253A%25221748419920503%2522%252C%2522content%2522%253A%2522%25257B%252522create_time%252522%25253A%2525221748419920503%252522%25252C%252522function%252522%25253A%252522init%252522%25252C%252522devboot_id%252522%25253A%252522174841445459487%252522%25252C%252522init_ispause%252522%25253A%2525222%252522%25257D%2522%257D%22%5D","mode":"1","mac":"g/tNESpYG9/PwHTF3VhpwDk/T+Cy+qdeKwoSjimoU+Q=","wifimac":"q9MCMMcNlOCXpWwv1qdeYQ==","ip":"Fvuptjwx8oU6BDodh2IUcQ==","channel":"+uL1c5z1z7lZFZqvGVRkHQ==","deviceid":"HYW6A0RpORlEbwTfmhSa4ALk+KpIFJJkXD05AYjGwxzDMNTUA1Q+x0Bd609R6rdh","dev_uuid":"Wvul+Vc+nCobEd58umDMooPBejhZHq0SXslKSFEz0/7rNjNYcegbeZ/oqmU96vJB","uuid":"lkm2UxCCS6pUo0VM2hOh6kLHB5/gO8ZIxN5zfVGthUTvAgWOqVQi5iy53wVF0IzI","packagename":"4u7INlRctM+acvVJ1H8eFWhLT5oSUdIcuUT4JfTX7WI=","appname":"UbS086E9JOT+vRwzW0lFjA==","packagelist":"StYQ8VSaxno+sBFpzoW/MFP7p+RUJlFeCI0OTRHyCbqOiFITq2vTqkORUvk1LNhryFJGE26gmrCn3jkSXLqusUyDV5j43BDOc/rPTtfchbQ=","vname":"EEnPqQlWue6z1AGyQn9bHw==","vcode":"6X4bRW8AOLb6xahW1AOqXA==","brand":"TDkI4ikohcctSvValz6Lqg==","cpuserial":"E75ahJxR4Nm1GULbpKtJHg==","bluetoothmac":"q9MCMMcNlOCXpWwv1qdeYQ==","osversion":"eM2RQ/CyeWNEcjPYjEPAVg==","oscode":"c0NKRmy9YUIw3GmzbJld0g==","rommodel":"ABjPdzCJylEmN2GZQZkNHA==","is_write":"PGkmCK6GzMtvR1UYLLYopw==","is_updated":"PGkmCK6GzMtvR1UYLLYopw==","session_id":"nQpl+61uEwx7OAo8KazdxU4ychKV5w3qaH0bCeYgX6F1SFjk1bveNrOTAXDqePrQ","romvername":"","romvercode":"","boxfactory":"","sn":"","settle_mode":"1"}&requestSourceType=statistics&
05-28 16:12:00.658 E/db_okhttp( 8961): POST_res url:http://otysdktj.tvfuwu.com/util-servlet/clientservice
05-28 16:12:00.658 E/db_okhttp( 8961): response:
05-28 16:12:02.613 E/ccc ( 1946): cccccc onPhrikeUpdate downloading 73.87343
05-28 16:12:02.635 E/mali_gralloc( 1946): Attempt to call unlock*() on an buffer locked with invalid write locks buffer (0xf4707e80)
05-28 16:12:03.151 I/WifiHAL ( 558): call wifi_get_link_stats handler
05-28 16:12:03.151 I/WifiHAL ( 558): Creating message to get link statistics; iface = 16
05-28 16:12:03.151 D/WifiHAL ( 558): error code -95 mapped to -3
05-28 16:12:03.151 E/WifiStaIfaceAidlImpl( 742): getLinkLayerStats failed with service-specific exception: android.os.ServiceSpecificException: (code 4)
05-28 16:12:06.158 I/WifiHAL ( 558): call wifi_get_link_stats handler
05-28 16:12:06.158 I/WifiHAL ( 558): Creating message to get link statistics; iface = 16
05-28 16:12:06.158 D/WifiHAL ( 558): error code -95 mapped to -3
05-28 16:12:06.159 E/WifiStaIfaceAidlImpl( 742): getLinkLayerStats failed with service-specific exception: android.os.ServiceSpecificException: (code 4)
05-28 16:12:06.883 E/ccc ( 1946): cccccc onPhrikeUpdate downloading 73.947426
05-28 16:12:06.890 E/mali_gralloc( 1946): Attempt to call unlock*() on an buffer locked with invalid write locks buffer (0xf470d9e0)
05-28 16:12:06.892 E/mali_gralloc( 1946): Attempt to call unlock*() on an buffer locked with invalid write locks buffer (0xf470d9e0)
05-28 16:12:09.165 I/WifiHAL ( 558): call wifi_get_link_stats handler
05-28 16:12:09.166 I/WifiHAL ( 558): Creating message to get link statistics; iface = 16
05-28 16:12:09.166 D/WifiHAL ( 558): error code -95 mapped to -3
05-28 16:12:09.166 E/WifiStaIfaceAidlImpl( 742): getLinkLayerStats failed with service-specific exception: android.os.ServiceSpecificException: (code 4)
05-28 16:12:09.563 I/rainbow_flow(16826): type=1400 audit(0.0:3521): avc: denied { ioctl } for path="/dev/spidev1.0" dev="tmpfs" ino=534 ioctlcmd=0x6b00 scontext=u:r:init:s0 tcontext=u:object_r:device:s0 tclass=chr_file permissive=1
05-28 16:12:09.576 W/BatteryExternalStatsWorker( 742): error reading modem stats:ERROR_PHONE_NOT_AVAILABLE
05-28 16:12:09.577 W/BatteryExternalStatsWorker( 742): error reading Bluetooth stats: 11
05-28 16:12:09.627 D/KernelCpuUidUserSysTimeReader( 742): Removing uids 99001-99001
05-28 16:12:10.982 E/ccc ( 1946): cccccc onPhrikeUpdate downloading 73.992744
05-28 16:12:10.993 E/mali_gralloc( 1946): Attempt to call unlock*() on an buffer locked with invalid write locks buffer (0xf470d9e0)
05-28 16:12:10.993 E/mali_gralloc( 1946): Attempt to call unlock*() on an buffer locked with invalid write locks buffer (0xf4707e80)
05-28 16:12:10.996 E/mali_gralloc( 1946): Attempt to call unlock*() on an buffer locked with invalid write locks buffer (0xf4707e80)
05-28 16:12:12.176 I/WifiHAL ( 558): call wifi_get_link_stats handler
05-28 16:12:12.176 I/WifiHAL ( 558): Creating message to get link statistics; iface = 16
05-28 16:12:12.176 D/WifiHAL ( 558): error code -95 mapped to -3
05-28 16:12:12.178 E/WifiStaIfaceAidlImpl( 742): getLinkLayerStats failed with service-specific exception: android.os.ServiceSpecificException: (code 4)
05-28 16:12:15.139 E/ccc ( 1946): cccccc onPhrikeUpdate downloading 74.081474
05-28 16:12:15.147 E/mali_gralloc( 1946): Attempt to call unlock*() on an buffer locked with invalid write locks buffer (0xf4707e80)
05-28 16:12:15.184 I/WifiHAL ( 558): call wifi_get_link_stats handler
05-28 16:12:15.184 I/WifiHAL ( 558): Creating message to get link statistics; iface = 16
05-28 16:12:15.184 D/WifiHAL ( 558): error code -95 mapped to -3
05-28 16:12:15.184 E/WifiStaIfaceAidlImpl( 742): getLinkLayerStats failed with service-specific exception: android.os.ServiceSpecificException: (code 4)
05-28 16:12:18.189 I/WifiHAL ( 558): call wifi_get_link_stats handler
05-28 16:12:18.189 I/WifiHAL ( 558): Creating message to get link statistics; iface = 16
05-28 16:12:18.189 D/WifiHAL ( 558): error code -95 mapped to -3
05-28 16:12:18.190 E/WifiStaIfaceAidlImpl( 742): getLinkLayerStats failed with service-specific exception: android.os.ServiceSpecificException: (code 4)
05-28 16:12:19.216 I/WifiService( 742): startScan uid=1000
05-28 16:12:19.219 E/ccc ( 2296): cccccc i will start scan
05-28 16:12:19.226 D/InstantWifi( 742): Drop, size: 1
05-28 16:12:19.228 D/WifiNl80211Manager( 742): Scan result ready event
05-28 16:12:19.228 D/WifiNative( 742): Scan result ready event
05-28 16:12:19.231 D/WificondScannerImpl( 742): Filtering out 1 scan results.
05-28 16:12:19.234 I/WifiHAL ( 558): call wifi_get_link_stats handler
05-28 16:12:19.234 I/WifiHAL ( 558): Creating message to get link statistics; iface = 16
05-28 16:12:19.234 D/WifiHAL ( 558): error code -95 mapped to -3
05-28 16:12:19.235 E/WifiStaIfaceAidlImpl( 742): getLinkLayerStats failed with service-specific exception: android.os.ServiceSpecificException: (code 4)
05-28 16:12:19.235 E/ccc ( 2296): cccccc SCAN_RESULTS_AVAILABLE_ACTION hhhh
05-28 16:12:19.236 E/hq ( 2316): NetWorkStateReceiver:::NetWorkStateReceiver onReceive: 网络变化广播 >>>> intent.action=android.net.wifi.SCAN_RESULTS
05-28 16:12:19.237 E/ccc ( 2296): cccccc result is empty start scan
05-28 16:12:19.238 I/WifiService( 742): startScan uid=1000
05-28 16:12:19.239 W/eventbuscore( 2316): post Event:com.dangbei.leard.base.entity.event.NetWifiRssiEvent
05-28 16:12:19.240 W/ScanResultUtil( 742): Empty or null ScanResult list
05-28 16:12:19.240 W/WifiService( 742): Attempt to retrieve WifiConfiguration with invalid scanResult List
05-28 16:12:19.240 W/ScanResultUtil( 742): Empty or null ScanResult list
05-28 16:12:19.240 E/WifiService( 742): Attempt to retrieve passpoint with invalid scanResult List
05-28 16:12:19.241 W/ScanResultUtil( 742): Empty or null ScanResult list
05-28 16:12:19.241 W/WifiService( 742): Attempt to retrieve OsuProviders with invalid scanResult List
05-28 16:12:19.249 D/InstantWifi( 742): Drop, size: 1
05-28 16:12:21.194 I/WifiHAL ( 558): call wifi_get_link_stats handler
05-28 16:12:21.194 I/WifiHAL ( 558): Creating message to get link statistics; iface = 16
05-28 16:12:21.194 D/WifiHAL ( 558): error code -95 mapped to -3
05-28 16:12:21.195 E/WifiStaIfaceAidlImpl( 742): getLinkLayerStats failed with service-specific exception: android.os.ServiceSpecificException: (code 4)
05-28 16:12:21.778 D/TrafficStats( 2823): tagSocket(159) with statsTag=0xffffffff, statsUid=-1
05-28 16:12:21.956 D/WifiNl80211Manager( 742): Scan result ready event
05-28 16:12:21.956 D/WifiNative( 742): Scan result ready event
05-28 16:12:21.969 D/WificondScannerImpl( 742): Filtering out 1 scan results.
05-28 16:12:21.998 E/ccc ( 2296): cccccc SCAN_RESULTS_AVAILABLE_ACTION hhhh
05-28 16:12:21.999 E/hq ( 2316): NetWorkStateReceiver:::NetWorkStateReceiver onReceive: 网络变化广播 >>>> intent.action=android.net.wifi.SCAN_RESULTS
05-28 16:12:22.002 I/WifiHAL ( 558): call wifi_get_link_stats handler
05-28 16:12:22.002 I/WifiHAL ( 558): Creating message to get link statistics; iface = 16
05-28 16:12:22.002 D/WifiHAL ( 558): error code -95 mapped to -3
05-28 16:12:22.003 E/WifiStaIfaceAidlImpl( 742): getLinkLayerStats failed with service-specific exception: android.os.ServiceSpecificException: (code 4)
05-28 16:12:22.014 W/eventbuscore( 2316): post Event:com.dangbei.leard.base.entity.event.NetWifiRssiEvent
05-28 16:12:22.019 E/ccc ( 2296): cccccc result is not empty call back
05-28 16:12:22.019 E/ccc ( 2296): cccccc 666666666666666
05-28 16:12:22.030 E/ccc ( 2296): cccccc sort 2 41
05-28 16:12:22.560 E/ccc ( 1946): cccccc onPhrikeUpdate downloading 74.15334
05-28 16:12:22.572 E/mali_gralloc( 1946): Attempt to call unlock*() on an buffer locked with invalid write locks buffer (0xf470d9e0)
05-28 16:12:22.574 E/mali_gralloc( 1946): Attempt to call unlock*() on an buffer locked with invalid write locks buffer (0xf470d9e0)
05-28 16:12:24.201 I/WifiHAL ( 558): call wifi_get_link_stats handler
05-28 16:12:24.201 I/WifiHAL ( 558): Creating message to get link statistics; iface = 16
05-28 16:12:24.201 D/WifiHAL ( 558): error code -95 mapped to -3
05-28 16:12:24.202 E/WifiStaIfaceAidlImpl( 742): getLinkLayerStats failed with service-specific exception: android.os.ServiceSpecificException: (code 4)
05-28 16:12:26.653 E/ccc ( 1946): cccccc onPhrikeUpdate downloading 74.17616
05-28 16:12:26.676 E/mali_gralloc( 1946): Attempt to call unlock*() on an buffer locked with invalid write locks buffer (0xf470d9e0)
05-28 16:12:26.676 E/mali_gralloc( 1946): Attempt to call unlock*() on an buffer locked with invalid write locks buffer (0xf4707e80)
05-28 16:12:26.680 E/mali_gralloc( 1946): Attempt to call unlock*() on an buffer locked with invalid write locks buffer (0xf4707e80)
05-28 16:12:26.896 D/nStackXCoAP( 2823): IsInSameNetwork:[276] :IsInSameNetwork exec
05-28 16:12:26.896 I/nStackXDFinder( 2823): GetLocalInterfaceDetail:[461] :GetLocalInterfaceDetail in
05-28 16:12:26.896 E/nStackXCoAP( 2823): IsInSameNetwork:[281] :IsInSameNetwork: not priority process
05-28 16:12:26.897 D/nStackXCoAP( 2823): ParseServiceDiscover:[330] :new device join
05-28 16:12:26.897 E/nStackXDFinder( 2823): GetLocalIp:[401] :GetLocalIp exec
05-28 16:12:26.899 D/nStackXCoAP( 2823): IsInSameNetwork:[276] :IsInSameNetwork exec
05-28 16:12:26.899 I/nStackXDFinder( 2823): GetLocalInterfaceDetail:[461] :GetLocalInterfaceDetail in
05-28 16:12:26.899 E/nStackXCoAP( 2823): IsInSameNetwork:[281] :IsInSameNetwork: not priority process
05-28 16:12:26.899 D/nStackXCoAP( 2823): ParseServiceDiscover:[330] :new device join
05-28 16:12:26.899 E/nStackXDFinder( 2823): GetLocalIp:[401] :GetLocalIp exec
05-28 16:12:26.928 D/nStackXCoAP( 2823): CoapMessageHandler:[133] :2.01
05-28 16:12:26.928 D/nStackXCoAP( 2823): CoapMessageHandler:[133] :2.01
05-28 16:12:27.206 I/WifiHAL ( 558): call wifi_get_link_stats handler
05-28 16:12:27.206 I/WifiHAL ( 558): Creating message to get link statistics; iface = 16
05-28 16:12:27.206 D/WifiHAL ( 558): error code -95 mapped to -3
05-28 16:12:27.206 E/WifiStaIfaceAidlImpl( 742): getLinkLayerStats failed with service-specific exception: android.os.ServiceSpecificException: (code 4)
05-28 16:12:27.276 D/nStackXCoAP( 2823): IsInSameNetwork:[276] :IsInSameNetwork exec
05-28 16:12:27.276 I/nStackXDFinder( 2823): GetLocalInterfaceDetail:[461] :GetLocalInterfaceDetail in
05-28 16:12:27.276 E/nStackXCoAP( 2823): IsInSameNetwork:[281] :IsInSameNetwork: not priority process
05-28 16:12:27.276 D/nStackXCoAP( 2823): ParseServiceDiscover:[330] :new device join
05-28 16:12:27.276 E/nStackXDFinder( 2823): GetLocalIp:[401] :GetLocalIp exec
05-28 16:12:27.277 D/nStackXCoAP( 2823): IsInSameNetwork:[276] :IsInSameNetwork exec
05-28 16:12:27.277 I/nStackXDFinder( 2823): GetLocalInterfaceDetail:[461] :GetLocalInterfaceDetail in
05-28 16:12:27.277 E/nStackXCoAP( 2823): IsInSameNetwork:[281] :IsInSameNetwork: not priority process
05-28 16:12:27.277 D/nStackXCoAP( 2823): ParseServiceDiscover:[330] :new device join
05-28 16:12:27.278 E/nStackXDFinder( 2823): GetLocalIp:[401] :GetLocalIp exec
05-28 16:12:27.366 D/nStackXCoAP( 2823): IsInSameNetwork:[276] :IsInSameNetwork exec
05-28 16:12:27.366 I/nStackXDFinder( 2823): GetLocalInterfaceDetail:[461] :GetLocalInterfaceDetail in
05-28 16:12:27.366 E/nStackXCoAP( 2823): IsInSameNetwork:[281] :IsInSameNetwork: not priority process
05-28 16:12:27.366 D/nStackXCoAP( 2823): ParseServiceDiscover:[330] :new device join
05-28 16:12:27.366 E/nStackXDFinder( 2823): GetLocalIp:[401] :GetLocalIp exec
05-28 16:12:27.464 D/nStackXCoAP( 2823): CoapMessageHandler:[133] :2.01
05-28 16:12:27.464 D/nStackXCoAP( 2823): CoapMessageHandler:[133] :2.01
05-28 16:12:27.482 D/nStackXCoAP( 2823): IsInSameNetwork:[276] :IsInSameNetwork exec
05-28 16:12:27.483 I/nStackXDFinder( 2823): GetLocalInterfaceDetail:[461] :GetLocalInterfaceDetail in
05-28 16:12:27.483 E/nStackXCoAP( 2823): IsInSameNetwork:[281] :IsInSameNetwork: not priority process
05-28 16:12:27.483 D/nStackXCoAP( 2823): ParseServiceDiscover:[330] :new device join
05-28 16:12:27.483 E/nStackXDFinder( 2823): GetLocalIp:[401] :GetLocalIp exec
05-28 16:12:27.522 D/nStackXCoAP( 2823): CoapMessageHandler:[133] :2.01
05-28 16:12:27.588 D/nStackXCoAP( 2823): IsInSameNetwork:[276] :IsInSameNetwork exec
05-28 16:12:27.589 I/nStackXDFinder( 2823): GetLocalInterfaceDetail:[461] :GetLocalInterfaceDetail in
05-28 16:12:27.589 E/nStackXCoAP( 2823): IsInSameNetwork:[281] :IsInSameNetwork: not priority process
05-28 16:12:27.589 D/nStackXCoAP( 2823): ParseServiceDiscover:[330] :new device join
05-28 16:12:27.589 E/nStackXDFinder( 2823): GetLocalIp:[401] :GetLocalIp exec
05-28 16:12:27.779 D/nStackXCoAP( 2823): IsInSameNetwork:[276] :IsInSameNetwork exec
05-28 16:12:27.779 I/nStackXDFinder( 2823): GetLocalInterfaceDetail:[461] :GetLocalInterfaceDetail in
05-28 16:12:27.779 E/nStackXCoAP( 2823): IsInSameNetwork:[281] :IsInSameNetwork: not priority process
05-28 16:12:27.779 D/nStackXCoAP( 2823): ParseServiceDiscover:[330] :new device join
05-28 16:12:27.779 E/nStackXDFinder( 2823): GetLocalIp:[401] :GetLocalIp exec
05-28 16:12:27.856 D/nStackXCoAP( 2823): CoapMessageHandler:[133] :2.01
05-28 16:12:27.956 D/nStackXCoAP( 2823): IsInSameNetwork:[276] :IsInSameNetwork exec
05-28 16:12:27.957 I/nStackXDFinder( 2823): GetLocalInterfaceDetail:[461] :GetLocalInterfaceDetail in
05-28 16:12:27.957 E/nStackXCoAP( 2823): IsInSameNetwork:[281] :IsInSameNetwork: not priority process
05-28 16:12:27.957 D/nStackXCoAP( 2823): ParseServiceDiscover:[330] :new device join
05-28 16:12:27.957 E/nStackXDFinder( 2823): GetLocalIp:[401] :GetLocalIp exec
05-28 16:12:27.959 D/nStackXCoAP( 2823): IsInSameNetwork:[276] :IsInSameNetwork exec
05-28 16:12:27.959 I/nStackXDFinder( 2823): GetLocalInterfaceDetail:[461] :GetLocalInterfaceDetail in
05-28 16:12:27.959 E/nStackXCoAP( 2823): IsInSameNetwork:[281] :IsInSameNetwork: not priority process
05-28 16:12:27.959 D/nStackXCoAP( 2823): ParseServiceDiscover:[330] :new device join
05-28 16:12:27.959 E/nStackXDFinder( 2823): GetLocalIp:[401] :GetLocalIp exec
05-28 16:12:27.986 D/nStackXCoAP( 2823): IsInSameNetwork:[276] :IsInSameNetwork exec
05-28 16:12:27.986 I/nStackXDFinder( 2823): GetLocalInterfaceDetail:[461] :GetLocalInterfaceDetail in
05-28 16:12:27.986 E/nStackXCoAP( 2823): IsInSameNetwork:[281] :IsInSameNetwork: not priority process
05-28 16:12:27.986 D/nStackXCoAP( 2823): ParseServiceDiscover:[330] :new device join
05-28 16:12:27.986 E/nStackXDFinder( 2823): GetLocalIp:[401] :GetLocalIp exec
05-28 16:12:28.089 D/nStackXCoAP( 2823): IsInSameNetwork:[276] :IsInSameNetwork exec
05-28 16:12:28.089 I/nStackXDFinder( 2823): GetLocalInterfaceDetail:[461] :GetLocalInterfaceDetail in
05-28 16:12:28.089 E/nStackXCoAP( 2823): IsInSameNetwork:[281] :IsInSameNetwork: not priority process
05-28 16:12:28.089 D/nStackXCoAP( 2823): ParseServiceDiscover:[330] :new device join
05-28 16:12:28.089 E/nStackXDFinder( 2823): GetLocalIp:[401] :GetLocalIp exec
05-28 16:12:28.332 D/nStackXCoAP( 2823): IsInSameNetwork:[276] :IsInSameNetwork exec
05-28 16:12:28.332 I/nStackXDFinder( 2823): GetLocalInterfaceDetail:[461] :GetLocalInterfaceDetail in
05-28 16:12:28.332 E/nStackXCoAP( 2823): IsInSameNetwork:[281] :IsInSameNetwork: not priority process
05-28 16:12:28.332 D/nStackXCoAP( 2823): ParseServiceDiscover:[330] :new device join
05-28 16:12:28.332 E/nStackXDFinder( 2823): GetLocalIp:[401] :GetLocalIp exec
05-28 16:12:28.428 D/nStackXCoAP( 2823): IsInSameNetwork:[276] :IsInSameNetwork exec
05-28 16:12:28.428 I/nStackXDFinder( 2823): GetLocalInterfaceDetail:[461] :GetLocalInterfaceDetail in
05-28 16:12:28.428 E/nStackXCoAP( 2823): IsInSameNetwork:[281] :IsInSameNetwork: not priority process
05-28 16:12:28.428 D/nStackXCoAP( 2823): ParseServiceDiscover:[330] :new device join
05-28 16:12:28.428 E/nStackXDFinder( 2823): GetLocalIp:[401] :GetLocalIp exec
05-28 16:12:28.516 D/nStackXCoAP( 2823): IsInSameNetwork:[276] :IsInSameNetwork exec
05-28 16:12:28.516 I/nStackXDFinder( 2823): GetLocalInterfaceDetail:[461] :GetLocalInterfaceDetail in
05-28 16:12:28.516 E/nStackXCoAP( 2823): IsInSameNetwork:[281] :IsInSameNetwork: not priority process
05-28 16:12:28.516 D/nStackXCoAP( 2823): ParseServiceDiscover:[330] :new device join
05-28 16:12:28.516 E/nStackXDFinder( 2823): GetLocalIp:[401] :GetLocalIp exec
05-28 16:12:28.612 D/nStackXCoAP( 2823): IsInSameNetwork:[276] :IsInSameNetwork exec
05-28 16:12:28.613 I/nStackXDFinder( 2823): GetLocalInterfaceDetail:[461] :GetLocalInterfaceDetail in
05-28 16:12:28.613 E/nStackXCoAP( 2823): IsInSameNetwork:[281] :IsInSameNetwork: not priority process
05-28 16:12:28.613 D/nStackXCoAP( 2823): ParseServiceDiscover:[330] :new device join
05-28 16:12:28.613 E/nStackXDFinder( 2823): GetLocalIp:[401] :GetLocalIp exec
05-28 16:12:28.666 D/nStackXCoAP( 2823): CoapMessageHandler:[133] :2.01
05-28 16:12:28.667 D/nStackXCoAP( 2823): CoapMessageHandler:[133] :2.01
05-28 16:12:28.667 D/nStackXCoAP( 2823): CoapMessageHandler:[133] :2.01
05-28 16:12:28.689 D/nStackXCoAP( 2823): CoapMessageHandler:[133] :2.01
05-28 16:12:28.739 D/nStackXCoAP( 2823): IsInSameNetwork:[276] :IsInSameNetwork exec
05-28 16:12:28.739 I/nStackXDFinder( 2823): GetLocalInterfaceDetail:[461] :GetLocalInterfaceDetail in
05-28 16:12:28.739 E/nStackXCoAP( 2823): IsInSameNetwork:[281] :IsInSameNetwork: not priority process
05-28 16:12:28.739 D/nStackXCoAP( 2823): ParseServiceDiscover:[330] :new device join
05-28 16:12:28.739 E/nStackXDFinder( 2823): GetLocalIp:[401] :GetLocalIp exec
05-28 16:12:28.996 D/nStackXCoAP( 2823): IsInSameNetwork:[276] :IsInSameNetwork exec
05-28 16:12:28.997 I/nStackXDFinder( 2823): GetLocalInterfaceDetail:[461] :GetLocalInterfaceDetail in
05-28 16:12:28.997 E/nStackXCoAP( 2823): IsInSameNetwork:[281] :IsInSameNetwork: not priority process
05-28 16:12:28.997 D/nStackXCoAP( 2823): ParseServiceDiscover:[330] :new device join
05-28 16:12:28.997 E/nStackXDFinder( 2823): GetLocalIp:[401] :GetLocalIp exec
05-28 16:12:29.014 D/nStackXCoAP( 2823): IsInSameNetwork:[276] :IsInSameNetwork exec
05-28 16:12:29.014 I/nStackXDFinder( 2823): GetLocalInterfaceDetail:[461] :GetLocalInterfaceDetail in
05-28 16:12:29.014 E/nStackXCoAP( 2823): IsInSameNetwork:[281] :IsInSameNetwork: not priority process
05-28 16:12:29.014 D/nStackXCoAP( 2823): ParseServiceDiscover:[330] :new device join
05-28 16:12:29.014 E/nStackXDFinder( 2823): GetLocalIp:[401] :GetLocalIp exec
05-28 16:12:29.257 D/nStackXCoAP( 2823): IsInSameNetwork:[276] :IsInSameNetwork exec
05-28 16:12:29.258 I/nStackXDFinder( 2823): GetLocalInterfaceDetail:[461] :GetLocalInterfaceDetail in
05-28 16:12:29.258 E/nStackXCoAP( 2823): IsInSameNetwork:[281] :IsInSameNetwork: not priority process
05-28 16:12:29.258 D/nStackXCoAP( 2823): ParseServiceDiscover:[330] :new device join
05-28 16:12:29.258 E/nStackXDFinder( 2823): GetLocalIp:[401] :GetLocalIp exec
05-28 16:12:29.359 D/nStackXCoAP( 2823): IsInSameNetwork:[276] :IsInSameNetwork exec
05-28 16:12:29.359 I/nStackXDFinder( 2823): GetLocalInterfaceDetail:[461] :GetLocalInterfaceDetail in
05-28 16:12:29.359 E/nStackXCoAP( 2823): IsInSameNetwork:[281] :IsInSameNetwork: not priority process
05-28 16:12:29.359 D/nStackXCoAP( 2823): ParseServiceDiscover:[330] :new device join
05-28 16:12:29.359 E/nStackXDFinder( 2823): GetLocalIp:[401] :GetLocalIp exec
05-28 16:12:29.462 D/nStackXCoAP( 2823): CoapMessageHandler:[133] :2.01
05-28 16:12:29.464 D/nStackXCoAP( 2823): CoapMessageHandler:[133] :2.01
05-28 16:12:29.464 D/nStackXCoAP( 2823): CoapMessageHandler:[133] :2.01
05-28 16:12:29.637 D/nStackXCoAP( 2823): IsInSameNetwork:[276] :IsInSameNetwork exec
05-28 16:12:29.637 I/nStackXDFinder( 2823): GetLocalInterfaceDetail:[461] :GetLocalInterfaceDetail in
05-28 16:12:29.637 E/nStackXCoAP( 2823): IsInSameNetwork:[281] :IsInSameNetwork: not priority process
05-28 16:12:29.637 D/nStackXCoAP( 2823): ParseServiceDiscover:[330] :new device join
05-28 16:12:29.637 E/nStackXDFinder( 2823): GetLocalIp:[401] :GetLocalIp exec
05-28 16:12:29.666 D/nStackXCoAP( 2823): IsInSameNetwork:[276] :IsInSameNetwork exec
05-28 16:12:29.666 I/nStackXDFinder( 2823): GetLocalInterfaceDetail:[461] :GetLocalInterfaceDetail in
05-28 16:12:29.666 E/nStackXCoAP( 2823): IsInSameNetwork:[281] :IsInSameNetwork: not priority process
05-28 16:12:29.666 D/nStackXCoAP( 2823): ParseServiceDiscover:[330] :new device join
05-28 16:12:29.666 E/nStackXDFinder( 2823): GetLocalIp:[401] :GetLocalIp exec
05-28 16:12:29.690 D/nStackXCoAP( 2823): CoapMessageHandler:[133] :2.01
05-28 16:12:29.701 D/nStackXCoAP( 2823): CoapMessageHandler:[133] :2.01
05-28 16:12:29.723 D/nStackXCoAP( 2823): IsInSameNetwork:[276] :IsInSameNetwork exec
05-28 16:12:29.723 I/nStackXDFinder( 2823): GetLocalInterfaceDetail:[461] :GetLocalInterfaceDetail in
05-28 16:12:29.723 E/nStackXCoAP( 2823): IsInSameNetwork:[281] :IsInSameNetwork: not priority process
05-28 16:12:29.723 D/nStackXCoAP( 2823): ParseServiceDiscover:[330] :new device join
05-28 16:12:29.723 E/nStackXDFinder( 2823): GetLocalIp:[401] :GetLocalIp exec
05-28 16:12:29.865 D/nStackXCoAP( 2823): IsInSameNetwork:[276] :IsInSameNetwork exec
05-28 16:12:29.865 I/nStackXDFinder( 2823): GetLocalInterfaceDetail:[461] :GetLocalInterfaceDetail in
05-28 16:12:29.865 E/nStackXCoAP( 2823): IsInSameNetwork:[281] :IsInSameNetwork: not priority process
05-28 16:12:29.865 D/nStackXCoAP( 2823): ParseServiceDiscover:[330] :new device join
05-28 16:12:29.865 E/nStackXDFinder( 2823): GetLocalIp:[401] :GetLocalIp exec
05-28 16:12:30.057 D/nStackXCoAP( 2823): IsInSameNetwork:[276] :IsInSameNetwork exec
05-28 16:12:30.057 I/nStackXDFinder( 2823): GetLocalInterfaceDetail:[461] :GetLocalInterfaceDetail in
05-28 16:12:30.057 E/nStackXCoAP( 2823): IsInSameNetwork:[281] :IsInSameNetwork: not priority process
05-28 16:12:30.057 D/nStackXCoAP( 2823): ParseServiceDiscover:[330] :new device join
05-28 16:12:30.057 E/nStackXDFinder( 2823): GetLocalIp:[401] :GetLocalIp exec
05-28 16:12:30.186 D/nStackXCoAP( 2823): CoapMessageHandler:[133] :2.01
05-28 16:12:30.190 D/nStackXCoAP( 2823): CoapMessageHandler:[133] :2.01
05-28 16:12:30.194 D/nStackXCoAP( 2823): CoapMessageHandler:[133] :2.01
05-28 16:12:30.213 I/WifiHAL ( 558): call wifi_get_link_stats handler
05-28 16:12:30.213 I/WifiHAL ( 558): Creating message to get link statistics; iface = 16
05-28 16:12:30.213 D/WifiHAL ( 558): error code -95 mapped to -3
05-28 16:12:30.214 E/WifiStaIfaceAidlImpl( 742): getLinkLayerStats failed with service-specific exception: android.os.ServiceSpecificException: (code 4)
05-28 16:12:30.266 D/nStackXCoAP( 2823): IsInSameNetwork:[276] :IsInSameNetwork exec
05-28 16:12:30.266 I/nStackXDFinder( 2823): GetLocalInterfaceDetail:[461] :GetLocalInterfaceDetail in
05-28 16:12:30.266 E/nStackXCoAP( 2823): IsInSameNetwork:[281] :IsInSameNetwork: not priority process
05-28 16:12:30.266 D/nStackXCoAP( 2823): ParseServiceDiscover:[330] :new device join
05-28 16:12:30.266 E/nStackXDFinder( 2823): GetLocalIp:[401] :GetLocalIp exec
05-28 16:12:30.268 D/nStackXCoAP( 2823): IsInSameNetwork:[276] :IsInSameNetwork exec
05-28 16:12:30.268 I/nStackXDFinder( 2823): GetLocalInterfaceDetail:[461] :GetLocalInterfaceDetail in
05-28 16:12:30.268 E/nStackXCoAP( 2823): IsInSameNetwork:[281] :IsInSameNetwork: not priority process
05-28 16:12:30.268 D/nStackXCoAP( 2823): ParseServiceDiscover:[330] :new device join
05-28 16:12:30.268 E/nStackXDFinder( 2823): GetLocalIp:[401] :GetLocalIp exec
05-28 16:12:30.312 D/nStackXCoAP( 2823): IsInSameNetwork:[276] :IsInSameNetwork exec
05-28 16:12:30.312 I/nStackXDFinder( 2823): GetLocalInterfaceDetail:[461] :GetLocalInterfaceDetail in
05-28 16:12:30.312 E/nStackXCoAP( 2823): IsInSameNetwork:[281] :IsInSameNetwork: not priority process
05-28 16:12:30.312 D/nStackXCoAP( 2823): ParseServiceDiscover:[330] :new device join
05-28 16:12:30.312 E/nStackXDFinder( 2823): GetLocalIp:[401] :GetLocalIp exec
05-28 16:12:30.434 D/nStackXCoAP( 2823): CoapMessageHandler:[133] :2.01
05-28 16:12:30.543 D/nStackXCoAP( 2823): IsInSameNetwork:[276] :IsInSameNetwork exec
05-28 16:12:30.543 I/nStackXDFinder( 2823): GetLocalInterfaceDetail:[461] :GetLocalInterfaceDetail in
05-28 16:12:30.543 E/nStackXCoAP( 2823): IsInSameNetwork:[281] :IsInSameNetwork: not priority process
05-28 16:12:30.543 D/nStackXCoAP( 2823): ParseServiceDiscover:[330] :new device join
05-28 16:12:30.543 E/nStackXDFinder( 2823): GetLocalIp:[401] :GetLocalIp exec
05-28 16:12:30.652 D/nStackXCoAP( 2823): IsInSameNetwork:[276] :IsInSameNetwork exec
05-28 16:12:30.652 I/nStackXDFinder( 2823): GetLocalInterfaceDetail:[461] :GetLocalInterfaceDetail in
05-28 16:12:30.652 E/nStackXCoAP( 2823): IsInSameNetwork:[281] :IsInSameNetwork: not priority process
05-28 16:12:30.652 D/nStackXCoAP( 2823): ParseServiceDiscover:[330] :new device join
05-28 16:12:30.652 E/nStackXDFinder( 2823): GetLocalIp:[401] :GetLocalIp exec
05-28 16:12:30.706 D/nStackXCoAP( 2823): CoapMessageHandler:[133] :2.01
05-28 16:12:30.721 E/ccc ( 1946): cccccc onPhrikeUpdate downloading 74.22213
05-28 16:12:30.731 E/mali_gralloc( 1946): Attempt to call unlock*() on an buffer locked with invalid write locks buffer (0xf4707e80)
05-28 16:12:30.765 D/nStackXCoAP( 2823): IsInSameNetwork:[276] :IsInSameNetwork exec
05-28 16:12:30.766 I/nStackXDFinder( 2823): GetLocalInterfaceDetail:[461] :GetLocalInterfaceDetail in
05-28 16:12:30.766 E/nStackXCoAP( 2823): IsInSameNetwork:[281] :IsInSameNetwork: not priority process
05-28 16:12:30.766 D/nStackXCoAP( 2823): ParseServiceDiscover:[330] :new device join
05-28 16:12:30.766 E/nStackXDFinder( 2823): GetLocalIp:[401] :GetLocalIp exec
05-28 16:12:30.787 D/nStackXCoAP( 2823): CoapMessageHandler:[133] :2.01
05-28 16:12:30.788 D/nStackXCoAP( 2823): CoapMessageHandler:[133] :2.01
05-28 16:12:31.055 D/nStackXCoAP( 2823): IsInSameNetwork:[276] :IsInSameNetwork exec
05-28 16:12:31.055 I/nStackXDFinder( 2823): GetLocalInterfaceDetail:[461] :GetLocalInterfaceDetail in
05-28 16:12:31.056 E/nStackXCoAP( 2823): IsInSameNetwork:[281] :IsInSameNetwork: not priority process
05-28 16:12:31.056 D/nStackXCoAP( 2823): ParseServiceDiscover:[330] :new device join
05-28 16:12:31.056 E/nStackXDFinder( 2823): GetLocalIp:[401] :GetLocalIp exec
05-28 16:12:31.135 D/nStackXCoAP( 2823): CoapMessageHandler:[133] :2.01
05-28 16:12:31.136 D/nStackXCoAP( 2823): CoapMessageHandler:[133] :2.01
05-28 16:12:31.136 D/nStackXCoAP( 2823): CoapMessageHandler:[133] :2.01
05-28 16:12:31.269 D/nStackXCoAP( 2823): IsInSameNetwork:[276] :IsInSameNetwork exec
05-28 16:12:31.269 I/nStackXDFinder( 2823): GetLocalInterfaceDetail:[461] :GetLocalInterfaceDetail in
05-28 16:12:31.269 E/nStackXCoAP( 2823): IsInSameNetwork:[281] :IsInSameNetwork: not priority process
05-28 16:12:31.269 D/nStackXCoAP( 2823): ParseServiceDiscover:[330] :new device join
05-28 16:12:31.269 E/nStackXDFinder( 2823): GetLocalIp:[401] :GetLocalIp exec
05-28 16:12:31.271 D/nStackXCoAP( 2823): IsInSameNetwork:[276] :IsInSameNetwork exec
05-28 16:12:31.271 I/nStackXDFinder( 2823): GetLocalInterfaceDetail:[461] :GetLocalInterfaceDetail in
05-28 16:12:31.271 E/nStackXCoAP( 2823): IsInSameNetwork:[281] :IsInSameNetwork: not priority process
05-28 16:12:31.271 D/nStackXCoAP( 2823): ParseServiceDiscover:[330] :new device join
05-28 16:12:31.271 E/nStackXDFinder( 2823): GetLocalIp:[401] :GetLocalIp exec
05-28 16:12:31.304 D/nStackXCoAP( 2823): CoapMessageHandler:[133] :2.01
05-28 16:12:31.464 D/nStackXCoAP( 2823): IsInSameNetwork:[276] :IsInSameNetwork exec
05-28 16:12:31.464 I/nStackXDFinder( 2823): GetLocalInterfaceDetail:[461] :GetLocalInterfaceDetail in
05-28 16:12:31.464 E/nStackXCoAP( 2823): IsInSameNetwork:[281] :IsInSameNetwork: not priority process
05-28 16:12:31.464 D/nStackXCoAP( 2823): ParseServiceDiscover:[330] :new device join
05-28 16:12:31.464 E/nStackXDFinder( 2823): GetLocalIp:[401] :GetLocalIp exec
05-28 16:12:31.547 D/nStackXCoAP( 2823): CoapMessageHandler:[133] :2.01
05-28 16:12:31.823 D/nStackXCoAP( 2823): CoapMessageHandler:[133] :2.01
05-28 16:12:31.878 D/nStackXCoAP( 2823): IsInSameNetwork:[276] :IsInSameNetwork exec
05-28 16:12:31.878 I/nStackXDFinder( 2823): GetLocalInterfaceDetail:[461] :GetLocalInterfaceDetail in
05-28 16:12:31.878 E/nStackXCoAP( 2823): IsInSameNetwork:[281] :IsInSameNetwork: not priority process
05-28 16:12:31.878 D/nStackXCoAP( 2823): ParseServiceDiscover:[330] :new device join
05-28 16:12:31.878 E/nStackXDFinder( 2823): GetLocalIp:[401] :GetLocalIp exec
05-28 16:12:32.094 I/audio_hw_hal_alsamgr( 509): alsa format =0x1 delay frames =640 total frames=345838080
05-28 16:12:32.310 D/nStackXCoAP( 2823): IsInSameNetwork:[276] :IsInSameNetwork exec
05-28 16:12:32.310 I/nStackXDFinder( 2823): GetLocalInterfaceDetail:[461] :GetLocalInterfaceDetail in
05-28 16:12:32.310 E/nStackXCoAP( 2823): IsInSameNetwork:[281] :IsInSameNetwork: not priority process
05-28 16:12:32.310 D/nStackXCoAP( 2823): ParseServiceDiscover:[330] :new device join
05-28 16:12:32.310 E/nStackXDFinder( 2823): GetLocalIp:[401] :GetLocalIp exec
05-28 16:12:32.314 D/nStackXCoAP( 2823): IsInSameNetwork:[276] :IsInSameNetwork exec
05-28 16:12:32.314 I/nStackXDFinder( 2823): GetLocalInterfaceDetail:[461] :GetLocalInterfaceDetail in
05-28 16:12:32.314 E/nStackXCoAP( 2823): IsInSameNetwork:[281] :IsInSameNetwork: not priority process
05-28 16:12:32.314 D/nStackXCoAP( 2823): ParseServiceDiscover:[330] :new device join
05-28 16:12:32.314 E/nStackXDFinder( 2823): GetLocalIp:[401] :GetLocalIp exec
05-28 16:12:33.217 I/WifiHAL ( 558): call wifi_get_link_stats handler
05-28 16:12:33.217 I/WifiHAL ( 558): Creating message to get link statistics; iface = 16
05-28 16:12:33.218 D/WifiHAL ( 558): error code -95 mapped to -3
05-28 16:12:33.218 E/WifiStaIfaceAidlImpl( 742): getLinkLayerStats failed with service-specific exception: android.os.ServiceSpecificException: (code 4)
05-28 16:12:34.049 D/bbb ( 2170): onStartCommand begin !!!!!!! data分区剩余 53641MB
05-28 16:12:34.751 E/ccc ( 1946): cccccc onPhrikeUpdate downloading 74.362724
05-28 16:12:34.767 E/mali_gralloc( 1946): Attempt to call unlock*() on an buffer locked with invalid write locks buffer (0xf470d9e0)
05-28 16:12:34.769 E/mali_gralloc( 1946): Attempt to call unlock*() on an buffer locked with invalid write locks buffer (0xf470d9e0)
05-28 16:12:34.913 I/UsageStatsService( 742): User[0] Flushing usage stats to disk
05-28 16:12:36.225 I/WifiHAL ( 558): call wifi_get_link_stats handler
05-28 16:12:36.225 I/WifiHAL ( 558): Creating message to get link statistics; iface = 16
05-28 16:12:36.225 D/WifiHAL ( 558): error code -95 mapped to -3
05-28 16:12:36.226 E/WifiStaIfaceAidlImpl( 742): getLinkLayerStats failed with service-specific exception: android.os.ServiceSpecificException: (code 4)
05-28 16:12:38.828 E/ccc ( 1946): cccccc onPhrikeUpdate downloading 74.87075
05-28 16:12:38.838 E/mali_gralloc( 1946): Attempt to call unlock*() on an buffer locked with invalid write locks buffer (0xf470d9e0)
05-28 16:12:38.838 E/mali_gralloc( 1946): Attempt to call unlock*() on an buffer locked with invalid write locks buffer (0xf4707e80)
05-28 16:12:38.840 E/mali_gralloc( 1946): Attempt to call unlock*() on an buffer locked with invalid write locks buffer (0xf4707e80)
05-28 16:12:39.232 I/WifiHAL ( 558): call wifi_get_link_stats handler
05-28 16:12:39.232 I/WifiHAL ( 558): Creating message to get link statistics; iface = 16
05-28 16:12:39.233 D/WifiHAL ( 558): error code -95 mapped to -3
05-28 16:12:39.233 E/WifiStaIfaceAidlImpl( 742): getLinkLayerStats failed with service-specific exception: android.os.ServiceSpecificException: (code 4)
05-28 16:12:42.241 I/WifiHAL ( 558): call wifi_get_link_stats handler
05-28 16:12:42.241 I/WifiHAL ( 558): Creating message to get link statistics; iface = 16
05-28 16:12:42.241 D/WifiHAL ( 558): error code -95 mapped to -3
05-28 16:12:42.241 E/WifiStaIfaceAidlImpl( 742): getLinkLayerStats failed with service-specific exception: android.os.ServiceSpecificException: (code 4)
05-28 16:12:42.833 E/ccc ( 1946): cccccc onPhrikeUpdate downloading 75.36108
05-28 16:12:42.843 E/mali_gralloc( 1946): Attempt to call unlock*() on an buffer locked with invalid write locks buffer (0xf4707e80)
05-28 16:12:45.245 I/WifiHAL ( 558): call wifi_get_link_stats handler
05-28 16:12:45.246 I/WifiHAL ( 558): Creating message to get link statistics; iface = 16
05-28 16:12:45.246 D/WifiHAL ( 558): error code -95 mapped to -3
05-28 16:12:45.247 E/WifiStaIfaceAidlImpl( 742): getLinkLayerStats failed with service-specific exception: android.os.ServiceSpecificException: (code 4)
05-28 16:12:46.842 E/ccc ( 1946): cccccc onPhrikeUpdate downloading 75.79129
05-28 16:12:46.863 E/mali_gralloc( 1946): Attempt to call unlock*() on an buffer locked with invalid write locks buffer (0xf470d9e0)
05-28 16:12:46.866 E/mali_gralloc( 1946): Attempt to call unlock*() on an buffer locked with invalid write locks buffer (0xf470d9e0)
05-28 16:12:48.253 I/WifiHAL ( 558): call wifi_get_link_stats handler
05-28 16:12:48.254 I/WifiHAL ( 558): Creating message to get link statistics; iface = 16
05-28 16:12:48.254 D/WifiHAL ( 558): error code -95 mapped to -3
05-28 16:12:48.254 E/WifiStaIfaceAidlImpl( 742): getLinkLayerStats failed with service-specific exception: android.os.ServiceSpecificException: (code 4)
05-28 16:12:50.963 E/ccc ( 1946): cccccc onPhrikeUpdate downloading 76.49085
05-28 16:12:50.984 E/mali_gralloc( 1946): Attempt to call unlock*() on an buffer locked with invalid write locks buffer (0xf470d9e0)
05-28 16:12:50.984 E/mali_gralloc( 1946): Attempt to call unlock*() on an buffer locked with invalid write locks buffer (0xf4707e80)
05-28 16:12:50.991 E/mali_gralloc( 1946): Attempt to call unlock*() on an buffer locked with invalid write locks buffer (0xf4707e80)
05-28 16:12:51.260 I/WifiHAL ( 558): call wifi_get_link_stats handler
05-28 16:12:51.260 I/WifiHAL ( 558): Creating message to get link statistics; iface = 16
05-28 16:12:51.260 D/WifiHAL ( 558): error code -95 mapped to -3
05-28 16:12:51.260 E/WifiStaIfaceAidlImpl( 742): getLinkLayerStats failed with service-specific exception: android.os.ServiceSpecificException: (code 4)
05-28 16:12:52.044 I/WifiService( 742): startScan uid=1000
05-28 16:12:52.047 E/ccc ( 2296): cccccc i will start scan
05-28 16:12:52.053 D/InstantWifi( 742): Drop, size: 1
05-28 16:12:52.055 D/WifiNl80211Manager( 742): Scan result ready event
05-28 16:12:52.055 D/WifiNative( 742): Scan result ready event
05-28 16:12:52.057 D/WificondScannerImpl( 742): Filtering out 1 scan results.
05-28 16:12:52.060 I/WifiHAL ( 558): call wifi_get_link_stats handler
05-28 16:12:52.060 I/WifiHAL ( 558): Creating message to get link statistics; iface = 16
05-28 16:12:52.060 D/WifiHAL ( 558): error code -95 mapped to -3
05-28 16:12:52.062 E/hq ( 2316): NetWorkStateReceiver:::NetWorkStateReceiver onReceive: 网络变化广播 >>>> intent.action=android.net.wifi.SCAN_RESULTS
05-28 16:12:52.062 E/ccc ( 2296): cccccc SCAN_RESULTS_AVAILABLE_ACTION hhhh
05-28 16:12:52.063 E/WifiStaIfaceAidlImpl( 742): getLinkLayerStats failed with service-specific exception: android.os.ServiceSpecificException: (code 4)
05-28 16:12:52.064 E/ccc ( 2296): cccccc result is empty start scan
05-28 16:12:52.065 I/WifiService( 742): startScan uid=1000
05-28 16:12:52.065 W/eventbuscore( 2316): post Event:com.dangbei.leard.base.entity.event.NetWifiRssiEvent
05-28 16:12:52.067 W/ScanResultUtil( 742): Empty or null ScanResult list
05-28 16:12:52.067 W/WifiService( 742): Attempt to retrieve WifiConfiguration with invalid scanResult List
05-28 16:12:52.067 W/ScanResultUtil( 742): Empty or null ScanResult list
05-28 16:12:52.067 E/WifiService( 742): Attempt to retrieve passpoint with invalid scanResult List
05-28 16:12:52.068 W/ScanResultUtil( 742): Empty or null ScanResult list
05-28 16:12:52.068 W/WifiService( 742): Attempt to retrieve OsuProviders with invalid scanResult List
05-28 16:12:52.075 D/InstantWifi( 742): Drop, size: 1
05-28 16:12:52.754 E/bluetooth( 1367): packages/modules/Bluetooth/system/gd/os/linux_generic/files.cc:221 FileCreatedTime: unable to read '/data/misc/bluetooth/logs/btsnooz_hci.log' file metadata, error: No such file or directory
05-28 16:12:54.273 I/WifiHAL ( 558): call wifi_get_link_stats handler
05-28 16:12:54.273 I/WifiHAL ( 558): Creating message to get link statistics; iface = 16
05-28 16:12:54.273 D/WifiHAL ( 558): error code -95 mapped to -3
05-28 16:12:54.274 E/WifiStaIfaceAidlImpl( 742): getLinkLayerStats failed with service-specific exception: android.os.ServiceSpecificException: (code 4)
05-28 16:12:54.752 D/WifiNl80211Manager( 742): Scan result ready event
05-28 16:12:54.752 D/WifiNative( 742): Scan result ready event
05-28 16:12:54.807 D/PasspointManager( 742): ANQP entry not found for: da:c0:7c:df:20:94:
05-28 16:12:54.808 E/hq ( 2316): NetWorkStateReceiver:::NetWorkStateReceiver onReceive: 网络变化广播 >>>> intent.action=android.net.wifi.SCAN_RESULTS
05-28 16:12:54.808 E/ccc ( 2296): cccccc SCAN_RESULTS_AVAILABLE_ACTION hhhh
05-28 16:12:54.812 I/WifiHAL ( 558): call wifi_get_link_stats handler
05-28 16:12:54.812 I/WifiHAL ( 558): Creating message to get link statistics; iface = 16
05-28 16:12:54.812 D/WifiHAL ( 558): error code -95 mapped to -3
05-28 16:12:54.812 E/WifiStaIfaceAidlImpl( 742): getLinkLayerStats failed with service-specific exception: android.os.ServiceSpecificException: (code 4)
05-28 16:12:54.818 D/nStackXCoAP( 2823): IsInSameNetwork:[276] :IsInSameNetwork exec
05-28 16:12:54.819 I/nStackXDFinder( 2823): GetLocalInterfaceDetail:[461] :GetLocalInterfaceDetail in
05-28 16:12:54.819 E/nStackXCoAP( 2823): IsInSameNetwork:[281] :IsInSameNetwork: not priority process
05-28 16:12:54.819 D/nStackXCoAP( 2823): ParseServiceDiscover:[330] :new device join
05-28 16:12:54.819 E/nStackXDFinder( 2823): GetLocalIp:[401] :GetLocalIp exec
05-28 16:12:54.824 W/eventbuscore( 2316): post Event:com.dangbei.leard.base.entity.event.NetWifiRssiEvent
05-28 16:12:54.834 E/ccc ( 2296): cccccc result is not empty call back
05-28 16:12:54.834 E/ccc ( 2296): cccccc 666666666666666
05-28 16:12:54.843 E/ccc ( 2296): cccccc sort 2 42
05-28 16:12:54.883 W/System ( 1176): A resource failed to call release.
05-28 16:12:54.883 W/System ( 1176): A resource failed to call release.
05-28 16:12:54.883 W/System ( 1176): A resource failed to call release.
05-28 16:12:54.883 W/System ( 1176): A resource failed to call release.
05-28 16:12:55.122 E/ccc ( 1946): cccccc onPhrikeUpdate downloading 76.698654
05-28 16:12:55.125 D/nStackXCoAP( 2823): IsInSameNetwork:[276] :IsInSameNetwork exec
05-28 16:12:55.125 I/nStackXDFinder( 2823): GetLocalInterfaceDetail:[461] :GetLocalInterfaceDetail in
05-28 16:12:55.125 E/nStackXCoAP( 2823): IsInSameNetwork:[281] :IsInSameNetwork: not priority process
05-28 16:12:55.125 D/nStackXCoAP( 2823): ParseServiceDiscover:[330] :new device join
05-28 16:12:55.125 E/nStackXDFinder( 2823): GetLocalIp:[401] :GetLocalIp exec
05-28 16:12:55.139 E/mali_gralloc( 1946): Attempt to call unlock*() on an buffer locked with invalid write locks buffer (0xf4707e80)
05-28 16:12:55.260 D/nStackXCoAP( 2823): IsInSameNetwork:[276] :IsInSameNetwork exec
05-28 16:12:55.260 I/nStackXDFinder( 2823): GetLocalInterfaceDetail:[461] :GetLocalInterfaceDetail in
05-28 16:12:55.260 E/nStackXCoAP( 2823): IsInSameNetwork:[281] :IsInSameNetwork: not priority process
05-28 16:12:55.260 D/nStackXCoAP( 2823): ParseServiceDiscover:[330] :new device join
05-28 16:12:55.260 E/nStackXDFinder( 2823): GetLocalIp:[401] :GetLocalIp exec
05-28 16:12:55.715 D/nStackXCoAP( 2823): IsInSameNetwork:[276] :IsInSameNetwork exec
05-28 16:12:55.715 I/nStackXDFinder( 2823): GetLocalInterfaceDetail:[461] :GetLocalInterfaceDetail in
05-28 16:12:55.715 E/nStackXCoAP( 2823): IsInSameNetwork:[281] :IsInSameNetwork: not priority process
05-28 16:12:55.715 D/nStackXCoAP( 2823): ParseServiceDiscover:[330] :new device join
05-28 16:12:55.715 E/nStackXDFinder( 2823): GetLocalIp:[401] :GetLocalIp exec
05-28 16:12:56.694 D/nStackXCoAP( 2823): IsInSameNetwork:[276] :IsInSameNetwork exec
05-28 16:12:56.694 I/nStackXDFinder( 2823): GetLocalInterfaceDetail:[461] :GetLocalInterfaceDetail in
05-28 16:12:56.694 E/nStackXCoAP( 2823): IsInSameNetwork:[281] :IsInSameNetwork: not priority process
05-28 16:12:56.694 D/nStackXCoAP( 2823): ParseServiceDiscover:[330] :new device join
05-28 16:12:56.694 E/nStackXDFinder( 2823): GetLocalIp:[401] :GetLocalIp exec
05-28 16:12:57.189 D/nStackXCoAP( 2823): IsInSameNetwork:[276] :IsInSameNetwork exec
05-28 16:12:57.189 I/nStackXDFinder( 2823): GetLocalInterfaceDetail:[461] :GetLocalInterfaceDetail in
05-28 16:12:57.189 E/nStackXCoAP( 2823): IsInSameNetwork:[281] :IsInSameNetwork: not priority process
05-28 16:12:57.189 D/nStackXCoAP( 2823): ParseServiceDiscover:[330] :new device join
05-28 16:12:57.189 E/nStackXDFinder( 2823): GetLocalIp:[401] :GetLocalIp exec
05-28 16:12:57.281 I/WifiHAL ( 558): call wifi_get_link_stats handler
05-28 16:12:57.281 I/WifiHAL ( 558): Creating message to get link statistics; iface = 16
05-28 16:12:57.281 D/WifiHAL ( 558): error code -95 mapped to -3
05-28 16:12:57.281 E/WifiStaIfaceAidlImpl( 742): getLinkLayerStats failed with service-specific exception: android.os.ServiceSpecificException: (code 4)
05-28 16:12:57.291 D/InstantWifi( 742): Receive Wifi is connected, freq = 5745 and currentNetworkId : 0, wifiinfo = SSID: , BSSID: 02:00:00:00:00:00, MAC: 02:00:00:00:00:00, IP: /192.168.3.246, Security type: 2, Supplicant state: COMPLETED, Wi-Fi standard: 6, RSSI: -56, Link speed: 1200Mbps, Tx Link speed: 1200Mbps, Max Supported Tx Link speed: 1200Mbps, Rx Link speed: 6Mbps, Max Supported Rx Link speed: 1200Mbps, Frequency: 5745MHz, Net ID: -1, Metered hint: false, score: 60, isUsable: true, CarrierMerged: false, SubscriptionId: -1, IsPrimary: 1, Trusted: true, Restricted: false, Ephemeral: false, OEM paid: false, OEM private: false, OSU AP: false, FQDN: , Provider friendly name: , Requesting package name: MLO Information: , Is TID-To-Link negotiation supported by the AP: false, AP MLD Address: , AP MLO Link Id: , AP MLO Affiliated links:
05-28 16:12:57.488 D/nStackXCoAP( 2823): IsInSameNetwork:[276] :IsInSameNetwork exec
05-28 16:12:57.489 I/nStackXDFinder( 2823): GetLocalInterfaceDetail:[461] :GetLocalInterfaceDetail in
05-28 16:12:57.489 E/nStackXCoAP( 2823): IsInSameNetwork:[281] :IsInSameNetwork: not priority process
05-28 16:12:57.489 D/nStackXCoAP( 2823): ParseServiceDiscover:[330] :new device join
05-28 16:12:57.489 E/nStackXDFinder( 2823): GetLocalIp:[401] :GetLocalIp exec
05-28 16:12:57.519 D/nStackXCoAP( 2823): CoapMessageHandler:[133] :2.01
05-28 16:12:57.577 D/nStackXCoAP( 2823): IsInSameNetwork:[276] :IsInSameNetwork exec
05-28 16:12:57.578 I/nStackXDFinder( 2823): GetLocalInterfaceDetail:[461] :GetLocalInterfaceDetail in
05-28 16:12:57.578 E/nStackXCoAP( 2823): IsInSameNetwork:[281] :IsInSameNetwork: not priority process
05-28 16:12:57.578 D/nStackXCoAP( 2823): ParseServiceDiscover:[330] :new device join
05-28 16:12:57.578 E/nStackXDFinder( 2823): GetLocalIp:[401] :GetLocalIp exec
05-28 16:12:57.592 D/nStackXCoAP( 2823): CoapMessageHandler:[133] :2.01
05-28 16:12:57.780 D/nStackXCoAP( 2823): IsInSameNetwork:[276] :IsInSameNetwork exec
05-28 16:12:57.780 I/nStackXDFinder( 2823): GetLocalInterfaceDetail:[461] :GetLocalInterfaceDetail in
05-28 16:12:57.780 E/nStackXCoAP( 2823): IsInSameNetwork:[281] :IsInSameNetwork: not priority process
05-28 16:12:57.780 D/nStackXCoAP( 2823): ParseServiceDiscover:[330] :new device join
05-28 16:12:57.780 E/nStackXDFinder( 2823): GetLocalIp:[401] :GetLocalIp exec
05-28 16:12:57.845 D/nStackXCoAP( 2823): CoapMessageHandler:[133] :2.01
05-28 16:12:58.213 D/nStackXCoAP( 2823): IsInSameNetwork:[276] :IsInSameNetwork exec
05-28 16:12:58.213 I/nStackXDFinder( 2823): GetLocalInterfaceDetail:[461] :GetLocalInterfaceDetail in
05-28 16:12:58.213 E/nStackXCoAP( 2823): IsInSameNetwork:[281] :IsInSameNetwork: not priority process
05-28 16:12:58.213 D/nStackXCoAP( 2823): ParseServiceDiscover:[330] :new device join
05-28 16:12:58.213 E/nStackXDFinder( 2823): GetLocalIp:[401] :GetLocalIp exec
05-28 16:12:58.615 D/nStackXCoAP( 2823): IsInSameNetwork:[276] :IsInSameNetwork exec
05-28 16:12:58.615 I/nStackXDFinder( 2823): GetLocalInterfaceDetail:[461] :GetLocalInterfaceDetail in
05-28 16:12:58.615 E/nStackXCoAP( 2823): IsInSameNetwork:[281] :IsInSameNetwork: not priority process
05-28 16:12:58.615 D/nStackXCoAP( 2823): ParseServiceDiscover:[330] :new device join
05-28 16:12:58.615 E/nStackXDFinder( 2823): GetLocalIp:[401] :GetLocalIp exec
05-28 16:12:58.744 D/nStackXCoAP( 2823): IsInSameNetwork:[276] :IsInSameNetwork exec
05-28 16:12:58.744 I/nStackXDFinder( 2823): GetLocalInterfaceDetail:[461] :GetLocalInterfaceDetail in
05-28 16:12:58.744 E/nStackXCoAP( 2823): IsInSameNetwork:[281] :IsInSameNetwork: not priority process
05-28 16:12:58.744 D/nStackXCoAP( 2823): ParseServiceDiscover:[330] :new device join
05-28 16:12:58.744 E/nStackXDFinder( 2823): GetLocalIp:[401] :GetLocalIp exec
05-28 16:12:58.894 D/nStackXCoAP( 2823): CoapMessageHandler:[133] :2.01
05-28 16:12:59.111 D/nStackXCoAP( 2823): IsInSameNetwork:[276] :IsInSameNetwork exec
05-28 16:12:59.111 I/nStackXDFinder( 2823): GetLocalInterfaceDetail:[461] :GetLocalInterfaceDetail in
05-28 16:12:59.111 E/nStackXCoAP( 2823): IsInSameNetwork:[281] :IsInSameNetwork: not priority process
05-28 16:12:59.111 D/nStackXCoAP( 2823): ParseServiceDiscover:[330] :new device join
05-28 16:12:59.111 E/nStackXDFinder( 2823): GetLocalIp:[401] :GetLocalIp exec
05-28 16:12:59.226 E/ccc ( 1946): cccccc onPhrikeUpdate downloading 77.492256
05-28 16:12:59.231 D/nStackXCoAP( 2823): IsInSameNetwork:[276] :IsInSameNetwork exec
05-28 16:12:59.231 I/nStackXDFinder( 2823): GetLocalInterfaceDetail:[461] :GetLocalInterfaceDetail in
05-28 16:12:59.231 E/nStackXCoAP( 2823): IsInSameNetwork:[281] :IsInSameNetwork: not priority process
05-28 16:12:59.232 D/nStackXCoAP( 2823): ParseServiceDiscover:[330] :new device join
05-28 16:12:59.232 E/nStackXDFinder( 2823): GetLocalIp:[401] :GetLocalIp exec
05-28 16:12:59.241 E/mali_gralloc( 1946): Attempt to call unlock*() on an buffer locked with invalid write locks buffer (0xf470d9e0)
05-28 16:12:59.244 E/mali_gralloc( 1946): Attempt to call unlock*() on an buffer locked with invalid write locks buffer (0xf470d9e0)
05-28 16:12:59.280 D/nStackXCoAP( 2823): CoapMessageHandler:[133] :2.01
05-28 16:12:59.866 V/HotPlugDetectionAction( 742): Poll all devices.
05-28 16:12:59.922 D/hdmicecd( 532): [CEC]:printCecMessage, [4 -> 0] len: 0, body:, result:no ack
05-28 16:12:59.978 D/hdmicecd( 532): [CEC]:printCecMessage, [4 -> 1] len: 0, body:, result:no ack
05-28 16:13:00.038 D/hdmicecd( 532): [CEC]:printCecMessage, [4 -> 3] len: 0, body:, result:no ack
05-28 16:13:00.058 D/nStackXCoAP( 2823): IsInSameNetwork:[276] :IsInSameNetwork exec
05-28 16:13:00.058 I/nStackXDFinder( 2823): GetLocalInterfaceDetail:[461] :GetLocalInterfaceDetail in
05-28 16:13:00.058 E/nStackXCoAP( 2823): IsInSameNetwork:[281] :IsInSameNetwork: not priority process
05-28 16:13:00.059 D/nStackXCoAP( 2823): ParseServiceDiscover:[330] :new device join
05-28 16:13:00.059 E/nStackXDFinder( 2823): GetLocalIp:[401] :GetLocalIp exec
05-28 16:13:00.094 D/hdmicecd( 532): [CEC]:printCecMessage, [4 -> 5] len: 0, body:, result:no ack
05-28 16:13:00.107 D/nStackXCoAP( 2823): CoapMessageHandler:[133] :2.01
05-28 16:13:00.154 D/hdmicecd( 532): [CEC]:printCecMessage, [4 -> 8] len: 0, body:, result:no ack
05-28 16:13:00.210 D/hdmicecd( 532): [CEC]:printCecMessage, [4 -> b] len: 0, body:, result:no ack
05-28 16:13:00.266 D/hdmicecd( 532): [CEC]:printCecMessage, [4 -> e] len: 0, body:, result:no ack
05-28 16:13:00.267 D/HdmiCecController( 742): [P]:AllocatedAddress=[]
05-28 16:13:00.292 I/WifiHAL ( 558): call wifi_get_link_stats handler
05-28 16:13:00.292 I/WifiHAL ( 558): Creating message to get link statistics; iface = 16
05-28 16:13:00.292 D/WifiHAL ( 558): error code -95 mapped to -3
05-28 16:13:00.293 E/WifiStaIfaceAidlImpl( 742): getLinkLayerStats failed with service-specific exception: android.os.ServiceSpecificException: (code 4)
