05-28 16:11:15.559 I/audio_hw_hal_primary( 509): [adev_open_output_stream_new:8037] io 1821: out: 0xeed0dee0 card:0 alsa devices:0 exit ------
05-28 16:11:15.560 I/audio_hw_hal_primary( 509): [out_get_buffer_size:552] out:0xeed0dee0 config.rate=8000, format:IEC61937(0xd000000), stream format:IEC61937(0xd000000)
05-28 16:11:15.560 I/audio_hw_hal_primary( 509): out_get_buffer_size AUDIO_FORMAT_IEC61937 buffer size = 4096 frames
05-28 16:11:15.561 I/AudioFlinger( 594): HAL output buffer size 2048 frames, normal sink buffer size 2048 frames
05-28 16:11:15.561 I/audio_hw_hal_primary( 509): [audiohal_get_latency:1333] io 1821: out:0xeed0dee0 frames:1152 rate:8000 whole_latency:144 alsa_latency:144
05-28 16:11:15.561 I/audio_hw_hal_primary( 509): [out_set_event_callback:3158] io 1821: out:0xeed0dee0, callback:0xf0dfc91d cookie:0xf14c1150
05-28 16:11:15.561 I/AudioFlinger( 594): AudioFlinger's thread 0xecf1c400 tid=19408 ready to run
05-28 16:11:15.561 I/audio_hw_hal_primary( 509): [audiohal_get_latency:1333] io 1821: out:0xeed0dee0 frames:1152 rate:8000 whole_latency:144 alsa_latency:144
05-28 16:11:15.562 I/audio_hw_hal_primary( 509): [audiohal_get_latency:1333] io 1821: out:0xeed0dee0 frames:1152 rate:8000 whole_latency:144 alsa_latency:144
05-28 16:11:15.562 W/IPCThreadState( 594): Sending oneway calls to frozen process.
05-28 16:11:15.562 D/AudioFlinger( 594): ro.audio.silent is ignored since no output device is set
05-28 16:11:15.563 D/audio_hw_hal_primary( 509): [out_standby_new:5767] io 1821: out:0xeed0dee0 usecase:RAW_DIRECT
05-28 16:11:15.563 I/audio_hw_hal_primary( 509): already standby, do nothing
05-28 16:11:15.564 D/AudioFlinger( 594): ro.audio.silent is ignored since no output device is set
05-28 16:11:15.566 D/AudioFlinger( 594): ro.audio.silent is ignored since no output device is set
05-28 16:11:15.568 D/AudioFlinger( 594): ro.audio.silent is ignored since no output device is set
05-28 16:11:15.568 D/AudioFlinger( 594): ro.audio.silent is ignored since no output device is set
05-28 16:11:15.570 D/hdmicecd( 532): [CEC]:printCecMessage, [4 -> 4] len: 0, body:, result:no ack
05-28 16:11:15.571 D/AudioFlinger( 594): ro.audio.silent is ignored since no output device is set
05-28 16:11:15.572 D/AudioFlinger( 594): ro.audio.silent is ignored since no output device is set
05-28 16:11:15.573 D/AudioFlinger( 594): ro.audio.silent is ignored since no output device is set
05-28 16:11:15.574 D/AudioFlinger( 594): ro.audio.silent is ignored since no output device is set
05-28 16:11:15.576 D/AudioFlinger( 594): ro.audio.silent is ignored since no output device is set
05-28 16:11:15.577 D/AudioFlinger( 594): ro.audio.silent is ignored since no output device is set
05-28 16:11:15.578 I/AudioFlinger( 594): openOutput() this 0xf2b07600, module 10 Device AUDIO_DEVICE_OUT_HDMI, @:, SamplingRate 0, Format 00000000, Channels 0, flags 0x1
05-28 16:11:15.578 D/audio_hw_hal_primary( 509): [adev_open_output_stream_new:7868] enter: dev=0xeedc14a0 handle=725 devices=0x400/'HDMI,' flags=0x1/'DIRECT,' config=(rt=0 ch_mask=0x0 fmt=0x0) address=''
05-28 16:11:15.578 D/audio_hw_hal_primary( 509): adev_open_output_stream_new: enter
05-28 16:11:15.578 I/audio_hw_hal_primary( 509): [adev_open_output_stream:3285] io 1829: out:0xeed064b0 dev:OUT_HDMI(0x400) addr:
05-28 16:11:15.578 I/audio_hw_hal_primary( 509): [adev_open_output_stream:3287] ch_mask:0 rate:0 format:DEFAULT(0) flags:0x1
05-28 16:11:15.578 I/audio_hw_hal_primary( 509): [adev_open_output_stream:3610] result profile ch_mask:0x3 rate:48000 format:PCM_16_BIT(0x1) usecase:PCM_DIRECT
05-28 16:11:15.578 I/audio_hw_hal_utils( 509): aml_get_stream_dump_file_name line 2929 file_name /data/vendor/audiohal/stream_pid509_tid17178.pcm
05-28 16:11:15.578 I/audio_hw_hal_primary( 509): [adev_open_output_stream_new:8037] io 1829: out: 0xeed064b0 card:0 alsa devices:0 exit ------
05-28 16:11:15.580 I/audio_hw_hal_primary( 509): [out_get_buffer_size:552] out:0xeed064b0 config.rate=48000, format:PCM_16_BIT(0x1), stream format:PCM_16_BIT(0x1)
05-28 16:11:15.580 I/AudioFlinger( 594): HAL output buffer size 2048 frames, normal sink buffer size 2048 frames
05-28 16:11:15.580 I/audio_hw_hal_primary( 509): [audiohal_get_latency:1333] io 1829: out:0xeed064b0 frames:1024 rate:48000 whole_latency:21 alsa_latency:21
05-28 16:11:15.581 I/audio_hw_hal_primary( 509): [out_set_event_callback:3158] io 1829: out:0xeed064b0, callback:0xf0dfc91d cookie:0xf14c1030
05-28 16:11:15.581 I/audio_hw_hal_primary( 509): [audiohal_get_latency:1333] io 1829: out:0xeed064b0 frames:1280 rate:48000 whole_latency:26 alsa_latency:26
05-28 16:11:15.581 I/AudioFlinger( 594): AudioFlinger's thread 0xecf2c640 tid=19409 ready to run
05-28 16:11:15.581 I/audio_hw_hal_primary( 509): [audiohal_get_latency:1333] io 1829: out:0xeed064b0 frames:1280 rate:48000 whole_latency:26 alsa_latency:26
05-28 16:11:15.582 W/IPCThreadState( 594): Sending oneway calls to frozen process.
05-28 16:11:15.582 D/AudioFlinger( 594): ro.audio.silent is ignored since no output device is set
05-28 16:11:15.582 I/audio_hw_hal_profile( 509): [out_get_parameters:2085] out:0xeed064b0 query audio format. ++++++++++ hal_format:PCM_16_BIT
05-28 16:11:15.582 D/audio_hw_hal_profile( 509): get_hdmi_sink_cap_new is running...
05-28 16:11:15.583 D/audio_hw_hal_profile( 509): query hdmi format...
05-28 16:11:15.583 D/audio_hw_hal_profile( 509): get_hdmi_sink_cap_new ddp is unsupported; ddp-joc(atmos) is unsupported;
05-28 16:11:15.583 I/audio_hw_hal_profile( 509): PCM cap Max channel =2
05-28 16:11:15.583 I/audio_hw_hal_profile( 509): [out_get_parameters:2165] sup_formats=AUDIO_FORMAT_PCM_16_BIT|AUDIO_FORMAT_IEC61937
05-28 16:11:15.584 D/audio_hw_hal_primary( 509): [out_standby_new:5767] io 1829: out:0xeed064b0 usecase:PCM_DIRECT
05-28 16:11:15.584 I/audio_hw_hal_primary( 509): already standby, do nothing
05-28 16:11:15.585 D/APM_AudioPolicyManager( 594): modifySurroundFormats: forced use = 13
05-28 16:11:15.585 I/audio_hw_hal_profile( 509): [out_get_parameters:2089] out:0xeed064b0 query sample rate. Format:PCM_16_BIT(0x1) ++++++++++ hal_format:PCM_16_BIT
05-28 16:11:15.585 D/audio_hw_hal_profile( 509): get_hdmi_sink_cap_new is running...
05-28 16:11:15.586 D/audio_hw_hal_profile( 509): [get_hdmi_sink_cap_new:960] query hdmi sample_rate... format: PCM_16_BIT(0x1)
05-28 16:11:15.586 I/audio_hw_hal_profile( 509): get_hdmi_sink_cap_new format =0x1 support rate =sup_sampling_rates=32000|44100|48000
05-28 16:11:15.586 I/audio_hw_hal_profile( 509): [out_get_parameters:2165] sup_sampling_rates=32000|44100|48000
05-28 16:11:15.586 I/audio_hw_hal_profile( 509): [out_get_parameters:2092] out:0xeed064b0 query channels. Format:PCM_16_BIT(0x1) ++++++++++ hal_format:PCM_16_BIT
05-28 16:11:15.586 D/audio_hw_hal_profile( 509): get_hdmi_sink_cap_new is running...
05-28 16:11:15.586 D/audio_hw_hal_profile( 509): [get_hdmi_sink_cap_new:887] query hdmi channels... format: PCM_16_BIT(0x1)
05-28 16:11:15.586 I/audio_hw_hal_profile( 509): [out_get_parameters:2165] sup_channels=AUDIO_CHANNEL_OUT_STEREO
05-28 16:11:15.587 I/audio_hw_hal_profile( 509): [out_get_parameters:2089] out:0xeed064b0 query sample rate. Format:IEC61937(0xd000000) ++++++++++ hal_format:PCM_16_BIT
05-28 16:11:15.587 D/audio_hw_hal_profile( 509): get_hdmi_sink_cap_new is running...
05-28 16:11:15.587 D/audio_hw_hal_profile( 509): [get_hdmi_sink_cap_new:960] query hdmi sample_rate... format: IEC61937(0xd000000)
05-28 16:11:15.587 I/audio_hw_hal_profile( 509): [out_get_parameters:2165] sup_sampling_rates=8000|11025|16000|22050|24000|32000|44100|48000|128000|176400|192000
05-28 16:11:15.587 I/audio_hw_hal_profile( 509): [out_get_parameters:2092] out:0xeed064b0 query channels. Format:IEC61937(0xd000000) ++++++++++ hal_format:PCM_16_BIT
05-28 16:11:15.588 D/audio_hw_hal_profile( 509): get_hdmi_sink_cap_new is running...
05-28 16:11:15.588 D/audio_hw_hal_profile( 509): [get_hdmi_sink_cap_new:887] query hdmi channels... format: IEC61937(0xd000000)
05-28 16:11:15.588 I/audio_hw_hal_profile( 509): [out_get_parameters:2165] sup_channels=AUDIO_CHANNEL_OUT_MONO|AUDIO_CHANNEL_OUT_STEREO|AUDIO_CHANNEL_OUT_TRI|AUDIO_CHANNEL_OUT_TRI_BACK|AUDIO_CHANNEL_OUT_3POINT1|AUDIO_CHANNEL_OUT_QUAD|AUDIO_CHANNEL_OUT_SURROUND|AUDIO_CHANNEL_OUT_PENTA|AUDIO_CHANNEL_OUT_5POINT1|AUDIO_CHANNEL_OUT_7POINT1
05-28 16:11:15.589 D/audio_hw_hal_primary( 509): [out_dump:848] io 1829: out:0xeed064b0, fd:27
05-28 16:11:15.596 W/IPCThreadState( 594): Sending oneway calls to frozen process.
05-28 16:11:15.596 D/audio_hw_hal_primary( 509): [out_set_parameters:971] out:0xeed064b0 kvpairs:closing=true;exiting=1 out->out_device:0x400, adev->out_device:0x80002
05-28 16:11:15.596 E/audio_hw_hal_primary( 509): out_set_parameters, ret:-2, hw_sync_mode:is false
05-28 16:11:15.598 D/AudioFlinger( 594): ro.audio.silent is ignored since no output device is set
05-28 16:11:15.598 I/audio_hw_hal_primary( 509): [out_set_event_callback:3158] io 1829: out:0xeed064b0, callback:0xf0dfc91d cookie:0xf14c1030
05-28 16:11:15.598 I/audio_hw_hal_primary( 509): [adev_close_output_stream_new:8052] io handle 1829: out:0xeed064b0
05-28 16:11:15.598 D/audio_hw_hal_primary( 509): adev_close_output_stream_new: enter usecase = PCM_DIRECT
05-28 16:11:15.598 I/audio_hw_hal_primary( 509): [adev_close_output_stream:3695] io 1829: out:0xeed064b0 dev:OUT_HDMI(0x400) flags:0x1, usecase:PCM_DIRECT
05-28 16:11:15.598 D/audio_hw_hal_primary( 509): [out_standby_new:5767] io 1829: out:0xeed064b0 usecase:PCM_DIRECT
05-28 16:11:15.598 I/audio_hw_hal_primary( 509): already standby, do nothing
05-28 16:11:15.598 I/audio_hw_hal_resourcemgr( 509): [is_output_device_muted:710] device:0x2 port_mute:0, fade_mute:0
05-28 16:11:15.598 I/audio_hw_hal_primary( 509): [adev_close_output_stream:3863] io 1829: out:0xeed064b0 exit ------
05-28 16:11:15.601 I/AudioFlinger( 594): openOutput() this 0xf2b07600, module 10 Device AUDIO_DEVICE_OUT_HDMI, @:, SamplingRate 8000, Format 0xd000000, Channels 0x1, flags 0x1
05-28 16:11:15.602 D/audio_hw_hal_primary( 509): [adev_open_output_stream_new:7868] enter: dev=0xeedc14a0 handle=72d devices=0x400/'HDMI,' flags=0x401/'DIRECT,IEC958_NONAUDIO,' config=(rt=8000 ch_mask=0x1 fmt=0xd000000) address=''
05-28 16:11:15.602 D/audio_hw_hal_primary( 509): adev_open_output_stream_new: enter
05-28 16:11:15.602 I/audio_hw_hal_primary( 509): [adev_open_output_stream:3285] io 1837: out:0xeed01cd0 dev:OUT_HDMI(0x400) addr:
05-28 16:11:15.602 I/audio_hw_hal_primary( 509): [adev_open_output_stream:3287] ch_mask:0x1 rate:8000 format:IEC61937(0xd000000) flags:0x401
05-28 16:11:15.602 D/audio_hw_hal_primary( 509): [adev_open_output_stream:3381] current format is IEC61937
05-28 16:11:15.602 I/audio_hw_hal_primary( 509): [adev_open_output_stream:3610] result profile ch_mask:0x1 rate:8000 format:IEC61937(0xd000000) usecase:RAW_DIRECT
05-28 16:11:15.603 I/audio_hw_hal_utils( 509): aml_get_stream_dump_file_name line 2929 file_name /data/vendor/audiohal/stream_pid509_tid9864.pcm
05-28 16:11:15.603 I/audio_hw_hal_primary( 509): [adev_open_output_stream_new:8037] io 1837: out: 0xeed01cd0 card:0 alsa devices:0 exit ------
05-28 16:11:15.604 I/audio_hw_hal_primary( 509): [out_get_buffer_size:552] out:0xeed01cd0 config.rate=8000, format:IEC61937(0xd000000), stream format:IEC61937(0xd000000)
05-28 16:11:15.604 I/audio_hw_hal_primary( 509): out_get_buffer_size AUDIO_FORMAT_IEC61937 buffer size = 4096 frames
05-28 16:11:15.604 I/AudioFlinger( 594): HAL output buffer size 2048 frames, normal sink buffer size 2048 frames
05-28 16:11:15.604 I/audio_hw_hal_primary( 509): [audiohal_get_latency:1333] io 1837: out:0xeed01cd0 frames:1152 rate:8000 whole_latency:144 alsa_latency:144
05-28 16:11:15.604 I/audio_hw_hal_primary( 509): [out_set_event_callback:3158] io 1837: out:0xeed01cd0, callback:0xf0dfc91d cookie:0xf14c1630
05-28 16:11:15.605 I/AudioFlinger( 594): AudioFlinger's thread 0xecf2c640 tid=19411 ready to run
05-28 16:11:15.605 I/audio_hw_hal_primary( 509): [audiohal_get_latency:1333] io 1837: out:0xeed01cd0 frames:1152 rate:8000 whole_latency:144 alsa_latency:144
05-28 16:11:15.606 I/audio_hw_hal_primary( 509): [audiohal_get_latency:1333] io 1837: out:0xeed01cd0 frames:1152 rate:8000 whole_latency:144 alsa_latency:144
05-28 16:11:15.606 W/IPCThreadState( 594): Sending oneway calls to frozen process.
05-28 16:11:15.607 D/AudioFlinger( 594): ro.audio.silent is ignored since no output device is set
05-28 16:11:15.608 D/audio_hw_hal_primary( 509): [out_standby_new:5767] io 1837: out:0xeed01cd0 usecase:RAW_DIRECT
05-28 16:11:15.608 I/audio_hw_hal_primary( 509): already standby, do nothing
05-28 16:11:15.609 D/AudioFlinger( 594): ro.audio.silent is ignored since no output device is set
05-28 16:11:15.616 D/xm_audio( 509): adev_get_parameters
05-28 16:11:15.623 D/audio_hw_hal_primary( 509): [out_dump:848] io 1765: out:0xeed0baf0, fd:27
05-28 16:11:15.624 W/IPCThreadState( 594): Sending oneway calls to frozen process.
05-28 16:11:15.624 D/audio_hw_hal_primary( 509): [out_set_parameters:971] out:0xeed0baf0 kvpairs:closing=true;exiting=1 out->out_device:0x400, adev->out_device:0x80002
05-28 16:11:15.624 E/audio_hw_hal_primary( 509): out_set_parameters, ret:-2, hw_sync_mode:is false
05-28 16:11:15.624 I/audio_hw_hal_primary( 509): [out_set_event_callback:3158] io 1765: out:0xeed0baf0, callback:0xf0dfc91d cookie:0xf14c2050
05-28 16:11:15.625 I/audio_hw_hal_primary( 509): [adev_close_output_stream_new:8052] io handle 1765: out:0xeed0baf0
05-28 16:11:15.625 D/audio_hw_hal_primary( 509): adev_close_output_stream_new: enter usecase = RAW_DIRECT
05-28 16:11:15.625 I/audio_hw_hal_primary( 509): [adev_close_output_stream:3695] io 1765: out:0xeed0baf0 dev:OUT_HDMI(0x400) flags:0x11, usecase:RAW_DIRECT
05-28 16:11:15.625 D/audio_hw_hal_primary( 509): [out_standby_new:5767] io 1765: out:0xeed0baf0 usecase:RAW_DIRECT
05-28 16:11:15.625 I/audio_hw_hal_primary( 509): already standby, do nothing
05-28 16:11:15.625 I/audio_hw_hal_resourcemgr( 509): [is_output_device_muted:710] device:0x2 port_mute:0, fade_mute:0
05-28 16:11:15.625 I/audio_hw_hal_primary( 509): [adev_close_output_stream:3863] io 1765: out:0xeed0baf0 exit ------
05-28 16:11:15.626 D/hdmicecd( 532): [CEC]:printCecMessage, [4 -> 4] len: 0, body:, result:no ack
05-28 16:11:15.626 D/audio_hw_hal_primary( 509): [out_dump:848] io 1773: out:0xeed09e30, fd:27
05-28 16:11:15.626 D/HDMI ( 742): New logical address for device [4]: [preferred:4, assigned:4]
05-28 16:11:15.627 D/hdmicecd( 532): [HdmiCecControl]:getPhysicalAddress, physical addr: ffff, last pa: 1000, ret = 0
05-28 16:11:15.627 W/IPCThreadState( 594): Sending oneway calls to frozen process.
05-28 16:11:15.627 D/hdmicecd( 532): [HdmiCecControl]:getPhysicalAddress, physical addr: ffff, last pa: 1000, ret = 0
05-28 16:11:15.627 D/audio_hw_hal_primary( 509): [out_set_parameters:971] out:0xeed09e30 kvpairs:closing=true;exiting=1 out->out_device:0x400, adev->out_device:0x80002
05-28 16:11:15.627 E/audio_hw_hal_primary( 509): out_set_parameters, ret:-2, hw_sync_mode:is false
05-28 16:11:15.627 D/AudioFlinger( 594): ro.audio.silent is ignored since no output device is set
05-28 16:11:15.628 I/audio_hw_hal_primary( 509): [out_set_event_callback:3158] io 1773: out:0xeed09e30, callback:0xf0dfc91d cookie:0xf14c0a30
05-28 16:11:15.628 D/hdmicecd( 532): [HdmiCecControl]:getPhysicalAddress, physical addr: ffff, last pa: 1000, ret = 0
05-28 16:11:15.628 I/audio_hw_hal_primary( 509): [adev_close_output_stream_new:8052] io handle 1773: out:0xeed09e30
05-28 16:11:15.628 D/audio_hw_hal_primary( 509): adev_close_output_stream_new: enter usecase = PCM_HWSYNC
05-28 16:11:15.628 D/audio_hw_hal_timer( 509): func:audio_timer_delete delete timer.1 success.
05-28 16:11:15.628 D/audio_hw_hal_timer( 509): func:audio_timer_delete delete timer.2 success.
05-28 16:11:15.628 D/audio_hw_hal_primary( 509): [adev_close_output_stream_new:8076] timer_id:1 ret:2
05-28 16:11:15.628 I/audio_hw_hal_primary( 509): [adev_close_output_stream:3695] io 1773: out:0xeed09e30 dev:OUT_HDMI(0x400) flags:0x41, usecase:PCM_HWSYNC
05-28 16:11:15.628 D/audio_hw_hal_primary( 509): [out_standby_new:5767] io 1773: out:0xeed09e30 usecase:PCM_HWSYNC
05-28 16:11:15.628 D/hdmicecd( 532): [HdmiCecControl]:getVendorId, vendorId: 0x1CA410
05-28 16:11:15.628 I/audio_hw_hal_primary( 509): already standby, do nothing
05-28 16:11:15.628 I/audio_hw_hal_resourcemgr( 509): [is_output_device_muted:710] device:0x2 port_mute:0, fade_mute:0
05-28 16:11:15.628 I/audio_hw_hal_primary( 509): [adev_close_output_stream:3863] io 1773: out:0xeed09e30 exit ------
05-28 16:11:15.628 D/hdmicecd( 532): [HdmiCecControl]:getPhysicalAddress, physical addr: ffff, last pa: 1000, ret = 0
05-28 16:11:15.629 D/HDMI ( 742): addCecDevice new:CEC: logical_address: 0x04 device_type: 4 cec_version: 5 vendor_id: 1877008 display_name: DBBOX-A3 power_status: 0 physical_address: 0x1000 port_id: 0 old:null
05-28 16:11:15.629 I/hdmicecd( 532): [HdmiCecControl]:addr:4, allocate result:0
05-28 16:11:15.630 D/audio_hw_hal_primary( 509): [out_dump:848] io 1781: out:0xeed09700, fd:27
05-28 16:11:15.631 W/IPCThreadState( 594): Sending oneway calls to frozen process.
05-28 16:11:15.631 D/audio_hw_hal_primary( 509): [out_set_parameters:971] out:0xeed09700 kvpairs:closing=true;exiting=1 out->out_device:0x400, adev->out_device:0x80002
05-28 16:11:15.631 E/audio_hw_hal_primary( 509): out_set_parameters, ret:-2, hw_sync_mode:is false
05-28 16:11:15.632 D/AudioFlinger( 594): ro.audio.silent is ignored since no output device is set
05-28 16:11:15.632 I/audio_hw_hal_primary( 509): [out_set_event_callback:3158] io 1781: out:0xeed09700, callback:0xf0dfc91d cookie:0xf14c1f90
05-28 16:11:15.633 I/audio_hw_hal_primary( 509): [adev_close_output_stream_new:8052] io handle 1781: out:0xeed09700
05-28 16:11:15.633 D/audio_hw_hal_primary( 509): adev_close_output_stream_new: enter usecase = RAW_DIRECT
05-28 16:11:15.633 I/audio_hw_hal_primary( 509): [adev_close_output_stream:3695] io 1781: out:0xeed09700 dev:OUT_HDMI(0x400) flags:0x1, usecase:RAW_DIRECT
05-28 16:11:15.633 D/audio_hw_hal_primary( 509): [out_standby_new:5767] io 1781: out:0xeed09700 usecase:RAW_DIRECT
05-28 16:11:15.633 I/audio_hw_hal_primary( 509): already standby, do nothing
05-28 16:11:15.633 I/audio_hw_hal_resourcemgr( 509): [is_output_device_muted:710] device:0x2 port_mute:0, fade_mute:0
05-28 16:11:15.633 I/audio_hw_hal_primary( 509): [adev_close_output_stream:3863] io 1781: out:0xeed09700 exit ------
05-28 16:11:15.635 D/audio_hw_hal_primary( 509): [out_dump:848] io 1789: out:0xeed00740, fd:27
05-28 16:11:15.635 W/IPCThreadState( 594): Sending oneway calls to frozen process.
05-28 16:11:15.636 D/audio_hw_hal_primary( 509): [out_set_parameters:971] out:0xeed00740 kvpairs:closing=true;exiting=1 out->out_device:0x400, adev->out_device:0x80002
05-28 16:11:15.636 E/audio_hw_hal_primary( 509): out_set_parameters, ret:-2, hw_sync_mode:is false
05-28 16:11:15.636 I/audio_hw_hal_primary( 509): [out_set_event_callback:3158] io 1789: out:0xeed00740, callback:0xf0dfc91d cookie:0xf14c24d0
05-28 16:11:15.637 I/audio_hw_hal_primary( 509): [adev_close_output_stream_new:8052] io handle 1789: out:0xeed00740
05-28 16:11:15.637 D/audio_hw_hal_primary( 509): adev_close_output_stream_new: enter usecase = RAW_HWSYNC
05-28 16:11:15.637 I/audio_hw_hal_primary( 509): [adev_close_output_stream:3695] io 1789: out:0xeed00740 dev:OUT_HDMI(0x400) flags:0x51, usecase:RAW_HWSYNC
05-28 16:11:15.637 D/audio_hw_hal_primary( 509): [out_standby_new:5767] io 1789: out:0xeed00740 usecase:RAW_HWSYNC
05-28 16:11:15.637 I/audio_hw_hal_primary( 509): already standby, do nothing
05-28 16:11:15.637 I/audio_hw_hal_resourcemgr( 509): [is_output_device_muted:710] device:0x2 port_mute:0, fade_mute:0
05-28 16:11:15.637 I/audio_hw_hal_primary( 509): [adev_close_output_stream:3863] io 1789: out:0xeed00740 exit ------
05-28 16:11:15.639 D/AudioFlinger( 594): closing mmapThread 0xecd40010
05-28 16:11:15.639 D/hdmicecd( 532): [HdmiCecControl]:onAddressAllocated:4
05-28 16:11:15.639 W/IPCThreadState( 594): Sending oneway calls to frozen process.
05-28 16:11:15.639 D/AudioFlinger( 594): mmapThread exit()
05-28 16:11:15.640 I/audio_hw_hal_primary( 509): [adev_close_output_stream_new:8052] io handle 1805: out:0xeed040c0
05-28 16:11:15.640 D/audio_hw_hal_primary( 509): adev_close_output_stream_new: enter usecase = PCM_MMAP
05-28 16:11:15.640 I/audio_hw_hal_primary( 509): [adev_close_output_stream:3695] io 1805: out:0xeed040c0 dev:OUT_HDMI(0x400) flags:0x4001, usecase:PCM_MMAP
05-28 16:11:15.640 D/audio_hw_hal_primary( 509): [out_standby_new:5767] io 1805: out:0xeed040c0 usecase:PCM_MMAP
05-28 16:11:15.640 I/audio_hw_hal_primary( 509): already standby, do nothing
05-28 16:11:15.640 I/audio_hw_hal_mmap( 509): [outMmapDeInit:743] stream:0xeed040c0
05-28 16:11:15.640 I/audio_hw_hal_mmap( 509): [mmap_audio_unregister_client:955] OK ! stream 0xeed040c0, client id 0
05-28 16:11:15.640 I/audio_hw_hal_primary( 509): when close aaudio stream, send STANDBY msg to submix & ms12
05-28 16:11:15.640 D/HDMI ( 742): onAddressAllocated address:4 reason:4
05-28 16:11:15.640 I/audio_hw_hal_ms12common( 509): aml_set_ms12_scheduler_state ms12_scheduler_state:1, sch_state:1 SCHEDULER_STANDBY is sent to ms12
05-28 16:11:15.640 I/audio_hw_hal_resourcemgr( 509): [is_output_device_muted:710] device:0x2 port_mute:0, fade_mute:0
05-28 16:11:15.640 I/audio_hw_hal_primary( 509): [adev_close_output_stream:3863] io 1805: out:0xeed040c0 exit ------
05-28 16:11:15.640 D/hdmicecd( 532): [HdmiCecControl]:getPhysicalAddress, physical addr: ffff, last pa: 1000, ret = 0
05-28 16:11:15.641 D/hdmicecd( 532): [HdmiCecControl]:getVendorId, vendorId: 0x1CA410
05-28 16:11:15.641 D/HDMI ( 742): [S]: 4F:84:10:00:04
05-28 16:11:15.641 D/hdmicecd( 532): [HdmiCecControl]:getPhysicalAddress, physical addr: ffff, last pa: 1000, ret = 0
05-28 16:11:15.641 D/audio_hw_hal_primary( 509): [out_dump:848] io 1821: out:0xeed0dee0, fd:24
05-28 16:11:15.642 D/HDMI ( 742): DeviceDiscoveryAction start com.android.server.hdmi.DeviceDiscoveryAction@8a3ca28
05-28 16:11:15.643 W/IPCThreadState( 594): Sending oneway calls to frozen process.
05-28 16:11:15.643 D/audio_hw_hal_primary( 509): [out_set_parameters:971] out:0xeed0dee0 kvpairs:closing=true;exiting=1 out->out_device:0x400, adev->out_device:0x80002
05-28 16:11:15.643 E/audio_hw_hal_primary( 509): out_set_parameters, ret:-2, hw_sync_mode:is false
05-28 16:11:15.644 D/AudioFlinger( 594): ro.audio.silent is ignored since no output device is set
05-28 16:11:15.644 I/audio_hw_hal_primary( 509): [out_set_event_callback:3158] io 1821: out:0xeed0dee0, callback:0xf0dfc91d cookie:0xf14c1150
05-28 16:11:15.644 I/audio_hw_hal_primary( 509): [adev_close_output_stream_new:8052] io handle 1821: out:0xeed0dee0
05-28 16:11:15.644 D/audio_hw_hal_primary( 509): adev_close_output_stream_new: enter usecase = RAW_DIRECT
05-28 16:11:15.644 I/audio_hw_hal_primary( 509): [adev_close_output_stream:3695] io 1821: out:0xeed0dee0 dev:OUT_HDMI(0x400) flags:0x441, usecase:RAW_DIRECT
05-28 16:11:15.644 D/audio_hw_hal_primary( 509): [out_standby_new:5767] io 1821: out:0xeed0dee0 usecase:RAW_DIRECT
05-28 16:11:15.644 I/audio_hw_hal_primary( 509): already standby, do nothing
05-28 16:11:15.644 I/audio_hw_hal_resourcemgr( 509): [is_output_device_muted:710] device:0x2 port_mute:0, fade_mute:0
05-28 16:11:15.644 I/audio_hw_hal_primary( 509): [adev_close_output_stream:3863] io 1821: out:0xeed0dee0 exit ------
05-28 16:11:15.646 D/audio_hw_hal_primary( 509): [out_dump:848] io 1837: out:0xeed01cd0, fd:24
05-28 16:11:15.647 W/IPCThreadState( 594): Sending oneway calls to frozen process.
05-28 16:11:15.647 D/audio_hw_hal_primary( 509): [out_set_parameters:971] out:0xeed01cd0 kvpairs:closing=true;exiting=1 out->out_device:0x400, adev->out_device:0x80002
05-28 16:11:15.647 E/audio_hw_hal_primary( 509): out_set_parameters, ret:-2, hw_sync_mode:is false
05-28 16:11:15.648 I/audio_hw_hal_primary( 509): [out_set_event_callback:3158] io 1837: out:0xeed01cd0, callback:0xf0dfc91d cookie:0xf14c1630
05-28 16:11:15.648 I/audio_hw_hal_primary( 509): [adev_close_output_stream_new:8052] io handle 1837: out:0xeed01cd0
05-28 16:11:15.648 D/audio_hw_hal_primary( 509): adev_close_output_stream_new: enter usecase = RAW_DIRECT
05-28 16:11:15.648 I/audio_hw_hal_primary( 509): [adev_close_output_stream:3695] io 1837: out:0xeed01cd0 dev:OUT_HDMI(0x400) flags:0x401, usecase:RAW_DIRECT
05-28 16:11:15.648 D/audio_hw_hal_primary( 509): [out_standby_new:5767] io 1837: out:0xeed01cd0 usecase:RAW_DIRECT
05-28 16:11:15.648 I/audio_hw_hal_primary( 509): already standby, do nothing
05-28 16:11:15.648 I/audio_hw_hal_resourcemgr( 509): [is_output_device_muted:710] device:0x2 port_mute:0, fade_mute:0
05-28 16:11:15.648 I/audio_hw_hal_primary( 509): [adev_close_output_stream:3863] io 1837: out:0xeed01cd0 exit ------
05-28 16:11:15.650 W/IPCThreadState( 594): Sending oneway calls to frozen process.
05-28 16:11:15.653 I/AudioService( 742): onAccessoryPlugMediaUnmute newDevice=1024 [hdmi]
05-28 16:11:15.653 I/AS.AudioDeviceInventory( 742): sendDeviceConnectionIntent(dev:0x400 state:0x1 address: name:);
05-28 16:11:15.660 D/ActiveDeviceManager( 1367): onAudioDevicesAdded
05-28 16:11:15.660 D/ActiveDeviceManager( 1367): Audio device added: DBBOX-A3 type: 9
05-28 16:11:15.660 D/AvrcpVolumeManager( 1367): onAudioDevicesAdded: Not expecting device changed
05-28 16:11:15.661 V/MediaRouter( 742): Audio routes updated: AudioRoutesInfo{ type=HDMI }, a2dp=false
05-28 16:11:15.661 V/MediaRouter( 742): Selecting route: RouteInfo{ name=外部设备, description=null, status=null, category=RouteCategory{ name=系统 types=ROUTE_TYPE_LIVE_AUDIO ROUTE_TYPE_LIVE_VIDEO groupable=false }, supportedTypes=ROUTE_TYPE_LIVE_AUDIO ROUTE_TYPE_LIVE_VIDEO , presentationDisplay=null }
05-28 16:11:15.662 V/MediaRouter( 1176): Audio routes updated: AudioRoutesInfo{ type=HDMI }, a2dp=false
05-28 16:11:15.662 V/MediaRouter( 1176): Selecting route: RouteInfo{ name=外部设备, description=null, status=null, category=RouteCategory{ name=系统 types=ROUTE_TYPE_LIVE_AUDIO ROUTE_TYPE_LIVE_VIDEO groupable=false }, supportedTypes=ROUTE_TYPE_LIVE_AUDIO ROUTE_TYPE_LIVE_VIDEO , presentationDisplay=null }
05-28 16:11:15.664 D/xm_audio( 509): adev_get_parameters
05-28 16:11:15.665 D/xm_audio( 509): adev_get_parameters
05-28 16:11:15.673 D/xm_audio( 509): adev_get_parameters
05-28 16:11:15.674 D/xm_audio( 509): adev_get_parameters
05-28 16:11:15.678 D/xm_audio( 509): adev_get_parameters
05-28 16:11:15.679 D/xm_audio( 509): adev_get_parameters
05-28 16:11:15.683 D/xm_audio( 509): adev_get_parameters
05-28 16:11:15.687 D/xm_audio( 509): adev_get_parameters
05-28 16:11:15.692 D/xm_audio( 509): adev_get_parameters
05-28 16:11:15.693 D/xm_audio( 509): adev_get_parameters
05-28 16:11:15.697 D/xm_audio( 509): adev_get_parameters
05-28 16:11:15.698 D/xm_audio( 509): adev_get_parameters
05-28 16:11:15.704 D/xm_audio( 509): adev_get_parameters
05-28 16:11:15.706 D/xm_audio( 509): adev_get_parameters
05-28 16:11:15.710 D/xm_audio( 509): adev_get_parameters
05-28 16:11:15.711 D/xm_audio( 509): adev_get_parameters
05-28 16:11:15.715 D/xm_audio( 509): adev_get_parameters
05-28 16:11:15.717 D/xm_audio( 509): adev_get_parameters
05-28 16:11:15.722 D/xm_audio( 509): adev_get_parameters
05-28 16:11:15.723 D/xm_audio( 509): adev_get_parameters
05-28 16:11:15.731 D/xm_audio( 509): adev_get_parameters
05-28 16:11:15.734 D/xm_audio( 509): adev_get_parameters
05-28 16:11:15.741 I/vol.Events( 1176): writeEvent level_changed STREAM_VOICE_CALL 55
05-28 16:11:15.742 I/vol.Events( 1176): writeEvent level_changed STREAM_SYSTEM 55
05-28 16:11:15.743 I/vol.Events( 1176): writeEvent level_changed STREAM_RING 55
05-28 16:11:15.744 I/vol.Events( 1176): writeEvent level_changed STREAM_MUSIC 11
05-28 16:11:15.746 I/vol.Events( 1176): writeEvent level_changed STREAM_ALARM 55
05-28 16:11:15.940 D/hdmicecd( 532): [CEC]:printCecMessage, [4 -> f] len: 4, body: 84 10 00 04, result:success
05-28 16:11:15.940 E/IPCThreadState( 532): binder thread pool (1 threads) starved for 299 ms
05-28 16:11:15.940 D/HDMI ( 742): [S]: 4F:87:1C:A4:10
05-28 16:11:16.049 E/ccc ( 1946): cccccc onPhrikeUpdate downloading 70.14188
05-28 16:11:16.056 E/mali_gralloc( 1946): Attempt to call unlock*() on an buffer locked with invalid write locks buffer (0xf470d9e0)
05-28 16:11:16.059 E/mali_gralloc( 1946): Attempt to call unlock*() on an buffer locked with invalid write locks buffer (0xf470d9e0)
05-28 16:11:16.100 D/hdmicecd( 532): [CEC]:printCecMessage, [4 -> f] len: 4, body: 87 1c a4 10, result:success
05-28 16:11:16.100 E/IPCThreadState( 532): binder thread pool (1 threads) starved for 160 ms
05-28 16:11:16.100 D/HDMI ( 742): [S]: 40:8C
05-28 16:11:16.154 D/hdmicecd( 532): [CEC]:printCecMessage, [4 -> 0] len: 1, body: 8c, result:no ack
05-28 16:11:16.214 D/hdmicecd( 532): [CEC]:printCecMessage, [4 -> 0] len: 1, body: 8c, result:no ack
05-28 16:11:16.215 E/HDMI ( 742): [1]:Failed to send 40:8C with errorCode=1
05-28 16:11:16.215 D/HDMI ( 742): [S]: 40:47:44:42:42:4F:58:2D:41:33
05-28 16:11:16.263 D/WifiNl80211Manager( 742): Scan result ready event
05-28 16:11:16.263 D/WifiNative( 742): Scan result ready event
05-28 16:11:16.274 D/hdmicecd( 532): [CEC]:printCecMessage, [4 -> 0] len: 9, body: 47 44 42 42 4f 58 2d 41 33, result:no ack
05-28 16:11:16.291 D/MesonDisplay( 289): read /sys/class/amhdmitx/amhdmitx0/hdcp_lstore, result length:0, val:
05-28 16:11:16.316 E/ccc ( 2296): cccccc SCAN_RESULTS_AVAILABLE_ACTION hhhh
05-28 16:11:16.318 E/hq ( 2316): NetWorkStateReceiver:::NetWorkStateReceiver onReceive: 网络变化广播 >>>> intent.action=android.net.wifi.SCAN_RESULTS
05-28 16:11:16.326 I/WifiHAL ( 558): call wifi_get_link_stats handler
05-28 16:11:16.326 I/WifiHAL ( 558): Creating message to get link statistics; iface = 16
05-28 16:11:16.326 D/WifiHAL ( 558): error code -95 mapped to -3
05-28 16:11:16.326 E/WifiStaIfaceAidlImpl( 742): getLinkLayerStats failed with service-specific exception: android.os.ServiceSpecificException: (code 4)
05-28 16:11:16.330 D/hdmicecd( 532): [CEC]:printCecMessage, [4 -> 0] len: 9, body: 47 44 42 42 4f 58 2d 41 33, result:no ack
05-28 16:11:16.331 E/HDMI ( 742): [1]:Failed to send 40:47:44:42:42:4F:58:2D:41:33 with errorCode=1
05-28 16:11:16.332 D/HDMI ( 742): Failed to send cec command 40:47:44:42:42:4F:58:2D:41:33
05-28 16:11:16.332 D/HDMI ( 742): [S]: 45:7D
05-28 16:11:16.337 W/eventbuscore( 2316): post Event:com.dangbei.leard.base.entity.event.NetWifiRssiEvent
05-28 16:11:16.345 E/ccc ( 2296): cccccc result is not empty call back
05-28 16:11:16.345 E/ccc ( 2296): cccccc 666666666666666
05-28 16:11:16.358 E/ccc ( 2296): cccccc sort 2 45
05-28 16:11:16.386 D/hdmicecd( 532): [CEC]:printCecMessage, [4 -> 5] len: 1, body: 7d, result:no ack
05-28 16:11:16.442 D/hdmicecd( 532): [CEC]:printCecMessage, [4 -> 5] len: 1, body: 7d, result:no ack
05-28 16:11:16.442 E/HDMI ( 742): [1]:Failed to send 45:7D with errorCode=1
05-28 16:11:16.443 D/HDMI ( 742): AVR did not respond to
05-28 16:11:16.443 D/HdmiControlService( 742): Switching to full volume behavior
05-28 16:11:16.498 D/hdmicecd( 532): [CEC]:printCecMessage, [4 -> e] len: 0, body:, result:no ack
05-28 16:11:16.515 E/xxxxxxxxxxxxxxx( 2316): onReceive: true , configuration = {1.0 ?mcc0mnc [zh_CN] ldltr sw720dp w1280dp h720dp 240dpi xlrg long land television -touch -keyb/v/h dpad/v winConfig={ mBounds=Rect(0, 0 - 1920, 1080) mAppBounds=Rect(0, 0 - 1920, 1080) mMaxBounds=Rect(0, 0 - 1920, 1080) mDisplayRotation=ROTATION_0 mWindowingMode=fullscreen mDisplayWindowingMode=fullscreen mActivityType=undefined mAlwaysOnTop=undefined mRotation=ROTATION_0} as.2 s.22 fontWeightAdjustment=0}
05-28 16:11:16.516 E/xxxxxxxxxxxxxxx( 2316): isScreenSizeChange=false app onConfigurationChanged={1.0 ?mcc0mnc [zh_CN] ldltr sw720dp w1280dp h720dp 240dpi xlrg long land television -touch -keyb/v/h dpad/v winConfig={ mBounds=Rect(0, 0 - 1920, 1080) mAppBounds=Rect(0, 0 - 1920, 1080) mMaxBounds=Rect(0, 0 - 1920, 1080) mDisplayRotation=ROTATION_0 mWindowingMode=fullscreen mDisplayWindowingMode=fullscreen mActivityType=undefined mAlwaysOnTop=undefined mRotation=ROTATION_0} as.2 s.22 fontWeightAdjustment=0}
05-28 16:11:16.554 D/hdmicecd( 532): [CEC]:printCecMessage, [4 -> b] len: 0, body:, result:no ack
05-28 16:11:16.610 D/hdmicecd( 532): [CEC]:printCecMessage, [4 -> 8] len: 0, body:, result:no ack
05-28 16:11:16.610 E/IPCThreadState( 532): binder thread pool (1 threads) starved for 112 ms
05-28 16:11:16.666 D/hdmicecd( 532): [CEC]:printCecMessage, [4 -> 5] len: 0, body:, result:no ack
05-28 16:11:16.722 D/hdmicecd( 532): [CEC]:printCecMessage, [4 -> 3] len: 0, body:, result:no ack
05-28 16:11:16.778 D/hdmicecd( 532): [CEC]:printCecMessage, [4 -> 1] len: 0, body:, result:no ack
05-28 16:11:16.834 D/hdmicecd( 532): [CEC]:printCecMessage, [4 -> 0] len: 0, body:, result:no ack
05-28 16:11:16.835 D/HdmiCecController( 742): [P]:AllocatedAddress=[]
05-28 16:11:16.835 D/hdmicecd( 532): [HdmiCecControl]:getPhysicalAddress, physical addr: ffff, last pa: 1000, ret = 0
05-28 16:11:16.836 D/HDMI ( 742): addCecDevice new:CEC: logical_address: 0x04 device_type: 4 cec_version: 5 vendor_id: 1877008 display_name: DBBOX-A3 power_status: 0 physical_address: 0x1000 port_id: 0 old:null
05-28 16:11:17.291 D/MesonDisplay( 289): read /sys/class/amhdmitx/amhdmitx0/hdcp_lstore, result length:0, val:
05-28 16:11:18.051 I/WifiHAL ( 558): call wifi_get_link_stats handler
05-28 16:11:18.051 I/WifiHAL ( 558): Creating message to get link statistics; iface = 16
05-28 16:11:18.051 D/WifiHAL ( 558): error code -95 mapped to -3
05-28 16:11:18.052 E/WifiStaIfaceAidlImpl( 742): getLinkLayerStats failed with service-specific exception: android.os.ServiceSpecificException: (code 4)
05-28 16:11:18.292 D/MesonDisplay( 289): read /sys/class/amhdmitx/amhdmitx0/hdcp_lstore, result length:0, val:
05-28 16:11:18.640 D/audio_hw_hal_ms12common( 509): func:ms12_timer_callback_handler sigv:0 ~~~~~~~~~~
05-28 16:11:18.641 D/audio_hw_hal_ms12v2( 509): set_dolby_ms12_continuous_state audio_continuous_standby_set status 1
05-28 16:11:18.641 D/audio_hw_hal_continuous_standby( 509): audio_continuous_standby_set, type 0, params 1
05-28 16:11:18.641 D/audio_hw_hal_ms12common( 509): aml_send_ms12_scheduler_state_2_ms12 adev:0xeedc14a0, sch_state:1(SCHEDULER_STANDBY)
05-28 16:11:19.292 D/MesonDisplay( 289): read /sys/class/amhdmitx/amhdmitx0/hdcp_lstore, result length:0, val:
05-28 16:11:20.064 E/ccc ( 1946): cccccc onPhrikeUpdate downloading 70.84261
05-28 16:11:20.076 E/mali_gralloc( 1946): Attempt to call unlock*() on an buffer locked with invalid write locks buffer (0xf470d9e0)
05-28 16:11:20.076 E/mali_gralloc( 1946): Attempt to call unlock*() on an buffer locked with invalid write locks buffer (0xf4707e80)
05-28 16:11:20.079 E/mali_gralloc( 1946): Attempt to call unlock*() on an buffer locked with invalid write locks buffer (0xf4707e80)
05-28 16:11:20.293 D/MesonDisplay( 289): read /sys/class/amhdmitx/amhdmitx0/hdcp_lstore, result length:0, val:
05-28 16:11:21.058 I/WifiHAL ( 558): call wifi_get_link_stats handler
05-28 16:11:21.058 I/WifiHAL ( 558): Creating message to get link statistics; iface = 16
05-28 16:11:21.058 D/WifiHAL ( 558): error code -95 mapped to -3
05-28 16:11:21.058 E/WifiStaIfaceAidlImpl( 742): getLinkLayerStats failed with service-specific exception: android.os.ServiceSpecificException: (code 4)
05-28 16:11:21.293 D/MesonDisplay( 289): read /sys/class/amhdmitx/amhdmitx0/hdcp_lstore, result length:0, val:
05-28 16:11:22.293 D/MesonDisplay( 289): read /sys/class/amhdmitx/amhdmitx0/hdcp_lstore, result length:0, val:
05-28 16:11:23.294 D/MesonDisplay( 289): read /sys/class/amhdmitx/amhdmitx0/hdcp_lstore, result length:0, val:
05-28 16:11:24.065 I/WifiHAL ( 558): call wifi_get_link_stats handler
05-28 16:11:24.066 I/WifiHAL ( 558): Creating message to get link statistics; iface = 16
05-28 16:11:24.066 D/WifiHAL ( 558): error code -95 mapped to -3
05-28 16:11:24.066 E/WifiStaIfaceAidlImpl( 742): getLinkLayerStats failed with service-specific exception: android.os.ServiceSpecificException: (code 4)
05-28 16:11:24.085 E/ccc ( 1946): cccccc onPhrikeUpdate downloading 71.473785
05-28 16:11:24.097 E/mali_gralloc( 1946): Attempt to call unlock*() on an buffer locked with invalid write locks buffer (0xf4707e80)
05-28 16:11:24.294 D/MesonDisplay( 289): read /sys/class/amhdmitx/amhdmitx0/hdcp_lstore, result length:0, val:
05-28 16:11:25.295 D/MesonDisplay( 289): read /sys/class/amhdmitx/amhdmitx0/hdcp_lstore, result length:0, val:
05-28 16:11:26.295 D/MesonDisplay( 289): read /sys/class/amhdmitx/amhdmitx0/hdcp_lstore, result length:0, val:
05-28 16:11:26.295 D/MesonDisplay( 289): read /sys/class/amhdmitx/amhdmitx0/hdcp_lstore, result length:0, val:
05-28 16:11:26.295 I/MesonDisplay( 289): [/HDCPTxAuth.cpp, authInit, 223] hdcp_tx key:
05-28 16:11:27.075 I/WifiHAL ( 558): call wifi_get_link_stats handler
05-28 16:11:27.075 I/WifiHAL ( 558): Creating message to get link statistics; iface = 16
05-28 16:11:27.075 D/WifiHAL ( 558): error code -95 mapped to -3
05-28 16:11:27.076 E/WifiStaIfaceAidlImpl( 742): getLinkLayerStats failed with service-specific exception: android.os.ServiceSpecificException: (code 4)
05-28 16:11:28.092 I/audio_hw_hal_alsamgr( 509): alsa format =0x1 delay frames =768 total frames=342766080
05-28 16:11:28.450 E/ccc ( 1946): cccccc onPhrikeUpdate downloading 72.37214
05-28 16:11:28.467 E/mali_gralloc( 1946): Attempt to call unlock*() on an buffer locked with invalid write locks buffer (0xf470d9e0)
05-28 16:11:28.470 E/mali_gralloc( 1946): Attempt to call unlock*() on an buffer locked with invalid write locks buffer (0xf470d9e0)
05-28 16:11:30.083 I/WifiHAL ( 558): call wifi_get_link_stats handler
05-28 16:11:30.083 I/WifiHAL ( 558): Creating message to get link statistics; iface = 16
05-28 16:11:30.083 D/WifiHAL ( 558): error code -95 mapped to -3
05-28 16:11:30.084 E/WifiStaIfaceAidlImpl( 742): getLinkLayerStats failed with service-specific exception: android.os.ServiceSpecificException: (code 4)
05-28 16:11:33.089 I/WifiHAL ( 558): call wifi_get_link_stats handler
05-28 16:11:33.089 I/WifiHAL ( 558): Creating message to get link statistics; iface = 16
05-28 16:11:33.090 D/WifiHAL ( 558): error code -95 mapped to -3
05-28 16:11:33.090 E/WifiStaIfaceAidlImpl( 742): getLinkLayerStats failed with service-specific exception: android.os.ServiceSpecificException: (code 4)
05-28 16:11:33.244 E/ccc ( 1946): cccccc onPhrikeUpdate downloading 73.05729
05-28 16:11:33.257 E/mali_gralloc( 1946): Attempt to call unlock*() on an buffer locked with invalid write locks buffer (0xf470d9e0)
05-28 16:11:33.257 E/mali_gralloc( 1946): Attempt to call unlock*() on an buffer locked with invalid write locks buffer (0xf4707e80)
05-28 16:11:33.260 E/mali_gralloc( 1946): Attempt to call unlock*() on an buffer locked with invalid write locks buffer (0xf4707e80)
05-28 16:11:34.044 D/bbb ( 2170): onStartCommand begin !!!!!!! data分区剩余 53654MB
05-28 16:11:36.097 I/WifiHAL ( 558): call wifi_get_link_stats handler
05-28 16:11:36.097 I/WifiHAL ( 558): Creating message to get link statistics; iface = 16
05-28 16:11:36.097 D/WifiHAL ( 558): error code -95 mapped to -3
05-28 16:11:36.098 E/WifiStaIfaceAidlImpl( 742): getLinkLayerStats failed with service-specific exception: android.os.ServiceSpecificException: (code 4)
05-28 16:11:37.499 E/ccc ( 1946): cccccc onPhrikeUpdate downloading 73.3061
05-28 16:11:37.511 E/mali_gralloc( 1946): Attempt to call unlock*() on an buffer locked with invalid write locks buffer (0xf4707e80)
05-28 16:11:39.103 I/WifiHAL ( 558): call wifi_get_link_stats handler
05-28 16:11:39.104 I/WifiHAL ( 558): Creating message to get link statistics; iface = 16
05-28 16:11:39.104 D/WifiHAL ( 558): error code -95 mapped to -3
05-28 16:11:39.104 E/WifiStaIfaceAidlImpl( 742): getLinkLayerStats failed with service-specific exception: android.os.ServiceSpecificException: (code 4)
05-28 16:11:41.499 E/ccc ( 1946): cccccc onPhrikeUpdate downloading 73.54265
05-28 16:11:41.514 E/mali_gralloc( 1946): Attempt to call unlock*() on an buffer locked with invalid write locks buffer (0xf470d9e0)
05-28 16:11:41.515 E/mali_gralloc( 1946): Attempt to call unlock*() on an buffer locked with invalid write locks buffer (0xf470d9e0)
05-28 16:11:42.109 I/WifiHAL ( 558): call wifi_get_link_stats handler
05-28 16:11:42.109 I/WifiHAL ( 558): Creating message to get link statistics; iface = 16
05-28 16:11:42.109 D/WifiHAL ( 558): error code -95 mapped to -3
05-28 16:11:42.110 E/WifiStaIfaceAidlImpl( 742): getLinkLayerStats failed with service-specific exception: android.os.ServiceSpecificException: (code 4)
05-28 16:11:42.826 D/nStackXCoAP( 2823): IsInSameNetwork:[276] :IsInSameNetwork exec
05-28 16:11:42.826 I/nStackXDFinder( 2823): GetLocalInterfaceDetail:[461] :GetLocalInterfaceDetail in
05-28 16:11:42.826 E/nStackXCoAP( 2823): IsInSameNetwork:[281] :IsInSameNetwork: not priority process
05-28 16:11:42.826 D/nStackXCoAP( 2823): ParseServiceDiscover:[330] :new device join
05-28 16:11:42.826 E/nStackXDFinder( 2823): GetLocalIp:[401] :GetLocalIp exec
05-28 16:11:42.829 D/nStackXCoAP( 2823): IsInSameNetwork:[276] :IsInSameNetwork exec
05-28 16:11:42.829 I/nStackXDFinder( 2823): GetLocalInterfaceDetail:[461] :GetLocalInterfaceDetail in
05-28 16:11:42.829 E/nStackXCoAP( 2823): IsInSameNetwork:[281] :IsInSameNetwork: not priority process
05-28 16:11:42.829 D/nStackXCoAP( 2823): ParseServiceDiscover:[330] :new device join
05-28 16:11:42.829 E/nStackXDFinder( 2823): GetLocalIp:[401] :GetLocalIp exec
05-28 16:11:43.087 I/cling--ap-254( 2644): type=1400 audit(0.0:3518): avc: denied { read } for name="address" dev="sysfs" ino=22126 scontext=u:r:untrusted_app_27:s0:c43,c256,c512,c768 tcontext=u:object_r:sysfs_net:s0 tclass=file permissive=1 app=com.dangbei.screencast
05-28 16:11:43.087 I/cling--ap-254( 2644): type=1400 audit(0.0:3519): avc: denied { open } for path="/sys/devices/virtual/net/dummy0/address" dev="sysfs" ino=22126 scontext=u:r:untrusted_app_27:s0:c43,c256,c512,c768 tcontext=u:object_r:sysfs_net:s0 tclass=file permissive=1 app=com.dangbei.screencast
05-28 16:11:43.087 I/cling--ap-254( 2644): type=1400 audit(0.0:3520): avc: denied { getattr } for path="/sys/devices/virtual/net/dummy0/address" dev="sysfs" ino=22126 scontext=u:r:untrusted_app_27:s0:c43,c256,c512,c768 tcontext=u:object_r:sysfs_net:s0 tclass=file permissive=1 app=com.dangbei.screencast
05-28 16:11:45.113 I/WifiHAL ( 558): call wifi_get_link_stats handler
05-28 16:11:45.114 I/WifiHAL ( 558): Creating message to get link statistics; iface = 16
05-28 16:11:45.114 D/WifiHAL ( 558): error code -95 mapped to -3
05-28 16:11:45.114 E/WifiStaIfaceAidlImpl( 742): getLinkLayerStats failed with service-specific exception: android.os.ServiceSpecificException: (code 4)
05-28 16:11:45.484 E/ccc ( 1946): cccccc onPhrikeUpdate downloading 73.59537
05-28 16:11:45.502 E/mali_gralloc( 1946): Attempt to call unlock*() on an buffer locked with invalid write locks buffer (0xf470d9e0)
05-28 16:11:45.502 E/mali_gralloc( 1946): Attempt to call unlock*() on an buffer locked with invalid write locks buffer (0xf4707e80)
05-28 16:11:45.504 E/mali_gralloc( 1946): Attempt to call unlock*() on an buffer locked with invalid write locks buffer (0xf4707e80)
05-28 16:11:46.390 I/WifiService( 742): startScan uid=1000
05-28 16:11:46.392 E/ccc ( 2296): cccccc i will start scan
05-28 16:11:46.402 D/InstantWifi( 742): Drop, size: 1
05-28 16:11:46.405 D/WifiNl80211Manager( 742): Scan result ready event
05-28 16:11:46.405 D/WifiNative( 742): Scan result ready event
05-28 16:11:46.407 D/WificondScannerImpl( 742): Filtering out 1 scan results.
05-28 16:11:46.411 I/WifiHAL ( 558): call wifi_get_link_stats handler
05-28 16:11:46.411 I/WifiHAL ( 558): Creating message to get link statistics; iface = 16
05-28 16:11:46.411 D/WifiHAL ( 558): error code -95 mapped to -3
05-28 16:11:46.411 E/hq ( 2316): NetWorkStateReceiver:::NetWorkStateReceiver onReceive: 网络变化广播 >>>> intent.action=android.net.wifi.SCAN_RESULTS
05-28 16:11:46.412 E/WifiStaIfaceAidlImpl( 742): getLinkLayerStats failed with service-specific exception: android.os.ServiceSpecificException: (code 4)
05-28 16:11:46.412 E/ccc ( 2296): cccccc SCAN_RESULTS_AVAILABLE_ACTION hhhh
05-28 16:11:46.414 E/ccc ( 2296): cccccc result is empty start scan
05-28 16:11:46.414 W/eventbuscore( 2316): post Event:com.dangbei.leard.base.entity.event.NetWifiRssiEvent
05-28 16:11:46.414 I/WifiService( 742): startScan uid=1000
05-28 16:11:46.415 W/ScanResultUtil( 742): Empty or null ScanResult list
05-28 16:11:46.415 W/WifiService( 742): Attempt to retrieve WifiConfiguration with invalid scanResult List
05-28 16:11:46.417 W/ScanResultUtil( 742): Empty or null ScanResult list
05-28 16:11:46.417 E/WifiService( 742): Attempt to retrieve passpoint with invalid scanResult List
05-28 16:11:46.418 W/ScanResultUtil( 742): Empty or null ScanResult list
05-28 16:11:46.418 W/WifiService( 742): Attempt to retrieve OsuProviders with invalid scanResult List
05-28 16:11:46.427 D/InstantWifi( 742): Drop, size: 1
05-28 16:11:48.118 I/WifiHAL ( 558): call wifi_get_link_stats handler
05-28 16:11:48.118 I/WifiHAL ( 558): Creating message to get link statistics; iface = 16
05-28 16:11:48.118 D/WifiHAL ( 558): error code -95 mapped to -3
05-28 16:11:48.118 E/WifiStaIfaceAidlImpl( 742): getLinkLayerStats failed with service-specific exception: android.os.ServiceSpecificException: (code 4)
05-28 16:11:49.103 D/WifiNl80211Manager( 742): Scan result ready event
05-28 16:11:49.103 D/WifiNative( 742): Scan result ready event
05-28 16:11:49.155 E/ccc ( 2296): cccccc SCAN_RESULTS_AVAILABLE_ACTION hhhh
05-28 16:11:49.156 E/hq ( 2316): NetWorkStateReceiver:::NetWorkStateReceiver onReceive: 网络变化广播 >>>> intent.action=android.net.wifi.SCAN_RESULTS
05-28 16:11:49.161 I/WifiHAL ( 558): call wifi_get_link_stats handler
05-28 16:11:49.161 I/WifiHAL ( 558): Creating message to get link statistics; iface = 16
05-28 16:11:49.161 D/WifiHAL ( 558): error code -95 mapped to -3
05-28 16:11:49.162 E/WifiStaIfaceAidlImpl( 742): getLinkLayerStats failed with service-specific exception: android.os.ServiceSpecificException: (code 4)
05-28 16:11:49.172 W/eventbuscore( 2316): post Event:com.dangbei.leard.base.entity.event.NetWifiRssiEvent
05-28 16:11:49.178 E/ccc ( 2296): cccccc result is not empty call back
05-28 16:11:49.178 E/ccc ( 2296): cccccc 666666666666666
05-28 16:11:49.196 E/ccc ( 2296): cccccc sort 2 46
05-28 16:11:49.620 E/ccc ( 1946): cccccc onPhrikeUpdate downloading 73.64855
05-28 16:11:49.639 E/mali_gralloc( 1946): Attempt to call unlock*() on an buffer locked with invalid write locks buffer (0xf4707e80)
05-28 16:11:51.124 I/WifiHAL ( 558): call wifi_get_link_stats handler
05-28 16:11:51.124 I/WifiHAL ( 558): Creating message to get link statistics; iface = 16
05-28 16:11:51.124 D/WifiHAL ( 558): error code -95 mapped to -3
05-28 16:11:51.124 E/WifiStaIfaceAidlImpl( 742): getLinkLayerStats failed with service-specific exception: android.os.ServiceSpecificException: (code 4)
05-28 16:11:53.664 E/ccc ( 1946): cccccc onPhrikeUpdate downloading 73.74105
05-28 16:11:53.677 E/mali_gralloc( 1946): Attempt to call unlock*() on an buffer locked with invalid write locks buffer (0xf470d9e0)
05-28 16:11:53.680 E/mali_gralloc( 1946): Attempt to call unlock*() on an buffer locked with invalid write locks buffer (0xf470d9e0)
05-28 16:11:54.130 I/WifiHAL ( 558): call wifi_get_link_stats handler
05-28 16:11:54.130 I/WifiHAL ( 558): Creating message to get link statistics; iface = 16
05-28 16:11:54.130 D/WifiHAL ( 558): error code -95 mapped to -3
05-28 16:11:54.131 E/WifiStaIfaceAidlImpl( 742): getLinkLayerStats failed with service-specific exception: android.os.ServiceSpecificException: (code 4)
05-28 16:11:57.138 I/WifiHAL ( 558): call wifi_get_link_stats handler
05-28 16:11:57.139 I/WifiHAL ( 558): Creating message to get link statistics; iface = 16
05-28 16:11:57.139 D/WifiHAL ( 558): error code -95 mapped to -3
05-28 16:11:57.139 E/WifiStaIfaceAidlImpl( 742): getLinkLayerStats failed with service-specific exception: android.os.ServiceSpecificException: (code 4)
05-28 16:11:58.164 E/ccc ( 1946): cccccc onPhrikeUpdate downloading 73.831345
05-28 16:11:58.180 E/mali_gralloc( 1946): Attempt to call unlock*() on an buffer locked with invalid write locks buffer (0xf470d9e0)
05-28 16:11:58.180 E/mali_gralloc( 1946): Attempt to call unlock*() on an buffer locked with invalid write locks buffer (0xf4707e80)
05-28 16:11:58.184 E/mali_gralloc( 1946): Attempt to call unlock*() on an buffer locked with invalid write locks buffer (0xf4707e80)
05-28 16:11:59.865 V/HotPlugDetectionAction( 742): Poll all devices.
05-28 16:11:59.922 D/hdmicecd( 532): [CEC]:printCecMessage, [4 -> 0] len: 0, body:, result:no ack
05-28 16:11:59.978 D/hdmicecd( 532): [CEC]:printCecMessage, [4 -> 1] len: 0, body:, result:no ack
05-28 16:12:00.038 D/hdmicecd( 532): [CEC]:printCecMessage, [4 -> 3] len: 0, body:, result:no ack
05-28 16:12:00.094 D/hdmicecd( 532): [CEC]:printCecMessage, [4 -> 5] len: 0, body:, result:no ack
05-28 16:12:00.094 I/audio_hw_hal_alsamgr( 509): alsa format =0x1 delay frames =640 total frames=344302080
05-28 16:12:00.145 I/WifiHAL ( 558): call wifi_get_link_stats handler
05-28 16:12:00.145 I/WifiHAL ( 558): Creating message to get link statistics; iface = 16
05-28 16:12:00.145 D/WifiHAL ( 558): error code -95 mapped to -3
05-28 16:12:00.146 E/WifiStaIfaceAidlImpl( 742): getLinkLayerStats failed with service-specific exception: android.os.ServiceSpecificException: (code 4)
05-28 16:12:00.150 D/hdmicecd( 532): [CEC]:printCecMessage, [4 -> 8] len: 0, body:, result:no ack
05-28 16:12:00.206 D/hdmicecd( 532): [CEC]:printCecMessage, [4 -> b] len: 0, body:, result:no ack
05-28 16:12:00.262 D/hdmicecd( 532): [CEC]:printCecMessage, [4 -> e] len: 0, body:, result:no ack
05-28 16:12:00.262 D/HdmiCecController( 742): [P]:AllocatedAddress=[]
