05-28 16:14:25.091 I/audio_hw_hal_primary( 509): [adev_open_output_stream:3610] result profile ch_mask:0x1 rate:8000 format:IEC61937(0xd000000) usecase:RAW_DIRECT
05-28 16:14:25.091 I/audio_hw_hal_utils( 509): aml_get_stream_dump_file_name line 2929 file_name /data/vendor/audiohal/stream_pid509_tid1487.pcm
05-28 16:14:25.091 I/audio_hw_hal_primary( 509): [adev_open_output_stream_new:8037] io 1997: out: 0xeed0baf0 card:0 alsa devices:0 exit ------
05-28 16:14:25.091 E/MesonHwc( 289): dolby vision driver is not ready
05-28 16:14:25.092 I/audio_hw_hal_primary( 509): [out_get_buffer_size:552] out:0xeed0baf0 config.rate=8000, format:IEC61937(0xd000000), stream format:IEC61937(0xd000000)
05-28 16:14:25.092 I/audio_hw_hal_primary( 509): out_get_buffer_size AUDIO_FORMAT_IEC61937 buffer size = 4096 frames
05-28 16:14:25.092 I/AudioFlinger( 594): HAL output buffer size 2048 frames, normal sink buffer size 2048 frames
05-28 16:14:25.092 D/MesonHwc( 289): ERR: PLEASE FIX NON-IMPLEMENT FUN(update).
05-28 16:14:25.092 I/audio_hw_hal_primary( 509): [audiohal_get_latency:1333] io 1997: out:0xeed0baf0 frames:1024 rate:8000 whole_latency:128 alsa_latency:128
05-28 16:14:25.093 I/audio_hw_hal_primary( 509): [out_set_event_callback:3158] io 1997: out:0xeed0baf0, callback:0xf0dfc91d cookie:0xf14c03d0
05-28 16:14:25.093 I/audio_hw_hal_primary( 509): [audiohal_get_latency:1333] io 1997: out:0xeed0baf0 frames:1280 rate:8000 whole_latency:160 alsa_latency:160
05-28 16:14:25.093 I/audio_hw_hal_primary( 509): [audiohal_get_latency:1333] io 1997: out:0xeed0baf0 frames:1280 rate:8000 whole_latency:160 alsa_latency:160
05-28 16:14:25.094 W/IPCThreadState( 594): Sending oneway calls to frozen process.
05-28 16:14:25.096 D/MesonComposer3( 289): halEventcallback onHotplug client3.0
05-28 16:14:25.096 I/AudioFlinger( 594): AudioFlinger's thread 0xecf10250 tid=19737 ready to run
05-28 16:14:25.096 E/MesonHwc( 289): getPort 11
05-28 16:14:25.096 I/SystemControl( 343): notify plugin
05-28 16:14:25.096 E/MesonHwc( 289): getPort 11
05-28 16:14:25.096 I/SystemControl( 343): [/SystemControlHal.cpp, onEvent, 72] onEvent event:3, client size:5
05-28 16:14:25.096 E/DisplayIdentification( 263): Display identification data has unknown format.
05-28 16:14:25.096 E/HWComposer( 263): Failed to parse identification data for display 0
05-28 16:14:25.096 I/SystemControlClient( 529): notifyCallback event type:3
05-28 16:14:25.096 I/SystemControlClient( 529): notifyCallback: listener is NULL.
05-28 16:14:25.097 I/SystemControlClient( 528): notifyCallback event type:3
05-28 16:14:25.097 I/SystemControlClient( 527): notifyCallback event type:3
05-28 16:14:25.097 I/SystemControlClient( 528): notifyCallback: listener is NULL.
05-28 16:14:25.097 I/SystemControlClient( 527): notifyCallback: listener is NULL.
05-28 16:14:25.097 I/SystemControlEvent( 1379): system control callback event: 3
05-28 16:14:25.098 I/SystemControlClient( 244): notifyCallback event type:3
05-28 16:14:25.098 I/SystemControlClient( 244): notifyCallback: listener is NULL.
05-28 16:14:25.098 I/SurfaceFlinger( 263): Reconnecting display 4627013623894091019 (HAL ID 0)
05-28 16:14:25.099 E/ccc ( 1946): cccccc hdmi plug reset
05-28 16:14:25.099 D/AudioFlinger( 594): ro.audio.silent is ignored since no output device is set
05-28 16:14:25.099 E/xxxxxxxxxxxxxxx( 2316): onReceive:mIsHDMIPlugged = true
05-28 16:14:25.099 D/audio_hw_hal_primary( 509): [out_standby_new:5767] io 1997: out:0xeed0baf0 usecase:RAW_DIRECT
05-28 16:14:25.100 I/audio_hw_hal_primary( 509): already standby, do nothing
05-28 16:14:25.101 D/AudioFlinger( 594): ro.audio.silent is ignored since no output device is set
05-28 16:14:25.103 E/MesonComposer3( 289): destroyLayer: display:0 failed to destroy layer:488
05-28 16:14:25.103 E/HwcComposer( 263): destroyLayer failed Status(-8, EX_SERVICE_SPECIFIC): '3: '
05-28 16:14:25.104 E/HWC2 ( 263): destroyLayer(0, 488) failed: BadLayer (3)
05-28 16:14:25.104 E/MesonComposer3( 289): destroyLayer: display:0 failed to destroy layer:745
05-28 16:14:25.104 E/HwcComposer( 263): destroyLayer failed Status(-8, EX_SERVICE_SPECIFIC): '3: '
05-28 16:14:25.104 E/HWC2 ( 263): destroyLayer(0, 745) failed: BadLayer (3)
05-28 16:14:25.104 E/MesonComposer3( 289): destroyLayer: display:0 failed to destroy layer:231
05-28 16:14:25.104 E/HwcComposer( 263): destroyLayer failed Status(-8, EX_SERVICE_SPECIFIC): '3: '
05-28 16:14:25.104 E/HWC2 ( 263): destroyLayer(0, 231) failed: BadLayer (3)
05-28 16:14:25.105 E/HwcComposer( 263): setClientTargetSlotCount failed Status(-8, EX_SERVICE_SPECIFIC): '4: '
05-28 16:14:25.109 D/xm_audio( 509): adev_get_parameters
05-28 16:14:25.112 I/Scheduler( 263): Display 4627013623894091019 is the pacesetter
05-28 16:14:25.112 E/SchedulerTimer( 263): Terminated
05-28 16:14:25.113 D/SurfaceFlinger( 263): Setting power mode 2 on display 4627013623894091019
05-28 16:14:25.113 W/EventThread( 263): Failed dispatching Hotplug{displayId=4627013623894091019, connected} for Connection{0xf1c82c10, VSyncRequest::None}
05-28 16:14:25.113 W/EventThread( 263): Failed dispatching Hotplug{displayId=4627013623894091019, connected} for Connection{0xf1c83290, VSyncRequest::None}
05-28 16:14:25.113 W/EventThread( 263): Failed dispatching Hotplug{displayId=4627013623894091019, connected} for Connection{0xf1c82d10, VSyncRequest::None}
05-28 16:14:25.113 W/EventThread( 263): Failed dispatching Hotplug{displayId=4627013623894091019, connected} for Connection{0xf1c82890, VSyncRequest::None}
05-28 16:14:25.113 W/EventThread( 263): Failed dispatching Hotplug{displayId=4627013623894091019, connected} for Connection{0xf1c86910, VSyncRequest::None}
05-28 16:14:25.113 W/EventThread( 263): Failed dispatching Hotplug{displayId=4627013623894091019, connected} for Connection{0xf1c84e90, VSyncRequest::None}
05-28 16:14:25.113 D/SurfaceFlinger( 263): Finished setting power mode 2 on display 4627013623894091019
05-28 16:14:25.114 I/MesonDisplay( 289): [/mode_policy.c, meson_mode_set_policy, 1177] connector:0 to policy:0
05-28 16:14:25.114 I/MesonDisplay( 289): [/mode_policy.c, is_dv_prefer, 66] not prefer dv, hdr_priority:10000010
05-28 16:14:25.114 I/MesonDisplay( 289): [/mode_policy.c, is_dv_prefer, 66] not prefer dv, hdr_priority:10000010
05-28 16:14:25.114 E/MesonDisplay( 289): EDID parsing error detected
05-28 16:14:25.114 I/MesonDisplay( 289): [/mode_policy.c, sdr_scene_process, 1146] final_displaymode:720p60hz
05-28 16:14:25.114 I/MesonDisplay( 289): [/mode_policy.c, get_best_color_attr, 613] get_best_color_attr current mode:[720p60hz] brr_mode:[720p60hz]
05-28 16:14:25.114 D/MesonDisplay( 289): meson_write /sys/class/amhdmitx/amhdmitx0/valid_mode, outputmode:720p60hzrgb,8bit
05-28 16:14:25.115 D/MesonDisplay( 289): valid mode is true!
05-28 16:14:25.115 I/MesonDisplay( 289): [/mode_policy.c, get_best_color_attr, 679] support current mode:[720p60hz], color format:[rgb,8bit]
05-28 16:14:25.115 I/MesonDisplay( 289): [/mode_policy.c, get_hdmi_color_attr, 1081] get hdmi color attribute : [rgb,8bit], outputmode is: [720p60hz]
05-28 16:14:25.115 I/MesonDisplay( 289): [/mode_policy.c, update_deepcolor, 1107] colorattribute = rgb,8bit
05-28 16:14:25.115 I/MesonDisplay( 289): [/mode_policy.c, sdr_scene_process, 1163] final_deepcolor = rgb,8bit
05-28 16:14:25.115 I/MesonDisplay( 289): [/mode_policy.c, meson_mode_get_policy_output, 1289] final_displaymode:720p60hz, final_deepcolor:rgb,8bit, amdv_type:0
05-28 16:14:25.115 I/MesonDisplay( 289): [/mode_policy.c, meson_mode_set_policy, 1177] connector:0 to policy:0
05-28 16:14:25.116 D/LocalDisplayAdapter( 742): The active mode was changed from SurfaceFlinger or the display device to {id=260, width=1280, height=720, fps=59.94006, alternativeRefreshRates=[], supportedHdrTypes=[]}
05-28 16:14:25.116 D/LocalDisplayAdapter( 742): New display modes are added and the active mode has changed, use active mode as default mode.
05-28 16:14:25.117 I/DisplayDeviceRepository( 742): Display device changed: DisplayDeviceInfo{"内置屏幕": uniqueId="local:4627013623894091019", 1920 x 1080, modeId 258, renderFrameRate 59.94006, defaultModeId 258, supportedModes [{id=258, width=1920, height=1080, fps=59.94006, alternativeRefreshRates=[], supportedHdrTypes=[]}], colorMode 0, supportedColorModes [0], hdrCapabilities HdrCapabilities{mSupportedHdrTypes=[], mMaxLuminance=500.0, mMaxAverageLuminance=500.0, mMinLuminance=0.0}, allmSupported false, gameContentTypeSupported false, density 240, 42.406 x 42.203 dpi, appVsyncOff 2000000, presDeadline 13683333, touch INTERNAL, rotation 0, type INTERNAL, address {port=11, model=0x403674603f19a5}, deviceProductInfo DeviceProductInfo{name=Linux FHD, manufacturerPnpId=LNX, productId=0, modelYear=null, manufactureDate=ManufactureDate{week=5, year=2012}, connectionToSinkType=0}, state ON, committedState ON, frameRateOverride , brightnessMinimum 0.0, brightnessMaximum 1.0, brightnessDefault 0.39763778, hdrSdrRatio NaN, FLAG_ALLOWED_TO_BE_DEFAULT_DISPLAY, FLAG_ROTATES_WITH_CONTENT, FLAG_SECURE, FLAG_SUPPORTS_PROTECTED_BUFFERS, FLAG_TRUSTED, installOrientation 0, displayShape DisplayShape{ spec=729782573 displayWidth=1920 displayHeight=1080 physicalPixelDisplaySizeRatio=1.0 rotation=0 offsetX=0 offsetY=0 scale=1.0}}
05-28 16:14:25.121 D/audio_hw_hal_primary( 509): [out_dump:848] io 1925: out:0xeed015a0, fd:27
05-28 16:14:25.122 D/DisplayManagerService( 742): Ignore redundant display event 0/2 to 10067/1190
05-28 16:14:25.122 D/DisplayManagerService( 742): Ignore redundant display event 0/2 to 10075/6844
05-28 16:14:25.127 E/Scheduler( 263): trackPendingFrame: Invalid present fence
05-28 16:14:25.127 W/IPCThreadState( 594): Sending oneway calls to frozen process.
05-28 16:14:25.127 I/RefreshRateSelector( 263): Display 4627013623894091019 policy changed
05-28 16:14:25.127 I/RefreshRateSelector( 263): Previous: {defaultModeId=264, allowGroupSwitching=false, primaryRanges={physical=[0.00 Hz, 340282346638528859811704183484516925440.00 Hz], render=[0.00 Hz, 340282346638528859811704183484516925440.00 Hz]}, appRequestRanges={physical=[0.00 Hz, 340282346638528859811704183484516925440.00 Hz], render=[0.00 Hz, 340282346638528859811704183484516925440.00 Hz]}}
05-28 16:14:25.127 I/RefreshRateSelector( 263): Current: DisplayManagerPolicy{defaultModeId=262, allowGroupSwitching=false, primaryRanges={physical=[0.00 Hz, inf Hz], render=[0.00 Hz, 120.00 Hz]}, appRequestRanges={physical=[0.00 Hz, inf Hz], render=[0.00 Hz, inf Hz]}}
05-28 16:14:25.127 I/RefreshRateSelector( 263): 0 mode changes were performed under the previous policy
05-28 16:14:25.127 D/audio_hw_hal_primary( 509): [out_set_parameters:971] out:0xeed015a0 kvpairs:closing=true;exiting=1 out->out_device:0x400, adev->out_device:0x80002
05-28 16:14:25.127 E/audio_hw_hal_primary( 509): out_set_parameters, ret:-2, hw_sync_mode:is false
05-28 16:14:25.128 I/InputManager-JNI( 742): Viewport [0] to add: local:4627013623894091019, isActive: true
05-28 16:14:25.129 I/audio_hw_hal_primary( 509): [out_set_event_callback:3158] io 1925: out:0xeed015a0, callback:0xf0dfc91d cookie:0xf14c2110
05-28 16:14:25.130 I/audio_hw_hal_primary( 509): [adev_close_output_stream_new:8052] io handle 1925: out:0xeed015a0
05-28 16:14:25.130 D/audio_hw_hal_primary( 509): adev_close_output_stream_new: enter usecase = RAW_DIRECT
05-28 16:14:25.130 I/audio_hw_hal_primary( 509): [adev_close_output_stream:3695] io 1925: out:0xeed015a0 dev:OUT_HDMI(0x400) flags:0x11, usecase:RAW_DIRECT
05-28 16:14:25.130 D/audio_hw_hal_primary( 509): [out_standby_new:5767] io 1925: out:0xeed015a0 usecase:RAW_DIRECT
05-28 16:14:25.130 I/audio_hw_hal_primary( 509): already standby, do nothing
05-28 16:14:25.130 I/audio_hw_hal_resourcemgr( 509): [is_output_device_muted:710] device:0x2 port_mute:0, fade_mute:0
05-28 16:14:25.130 I/audio_hw_hal_primary( 509): [adev_close_output_stream:3863] io 1925: out:0xeed015a0 exit ------
05-28 16:14:25.131 D/audio_hw_hal_primary( 509): [out_dump:848] io 1933: out:0xeed064b0, fd:27
05-28 16:14:25.132 I/InputReader( 742): Reconfiguring input devices, changes=DISPLAY_INFO
05-28 16:14:25.132 W/IPCThreadState( 594): Sending oneway calls to frozen process.
05-28 16:14:25.132 D/audio_hw_hal_primary( 509): [out_set_parameters:971] out:0xeed064b0 kvpairs:closing=true;exiting=1 out->out_device:0x400, adev->out_device:0x80002
05-28 16:14:25.132 E/audio_hw_hal_primary( 509): out_set_parameters, ret:-2, hw_sync_mode:is false
05-28 16:14:25.133 D/AudioFlinger( 594): ro.audio.silent is ignored since no output device is set
05-28 16:14:25.134 D/DisplayManagerService( 742): Ignore redundant display event 0/2 to 10067/1190
05-28 16:14:25.134 D/DisplayManagerService( 742): Ignore redundant display event 0/2 to 10075/6844
05-28 16:14:25.137 I/audio_hw_hal_primary( 509): [out_set_event_callback:3158] io 1933: out:0xeed064b0, callback:0xf0dfc91d cookie:0xf14c27d0
05-28 16:14:25.138 I/audio_hw_hal_primary( 509): [adev_close_output_stream_new:8052] io handle 1933: out:0xeed064b0
05-28 16:14:25.138 D/audio_hw_hal_primary( 509): adev_close_output_stream_new: enter usecase = PCM_HWSYNC
05-28 16:14:25.138 D/audio_hw_hal_timer( 509): func:audio_timer_delete delete timer.1 success.
05-28 16:14:25.138 D/audio_hw_hal_timer( 509): func:audio_timer_delete delete timer.2 success.
05-28 16:14:25.138 D/audio_hw_hal_primary( 509): [adev_close_output_stream_new:8076] timer_id:1 ret:2
05-28 16:14:25.138 I/audio_hw_hal_primary( 509): [adev_close_output_stream:3695] io 1933: out:0xeed064b0 dev:OUT_HDMI(0x400) flags:0x41, usecase:PCM_HWSYNC
05-28 16:14:25.138 D/audio_hw_hal_primary( 509): [out_standby_new:5767] io 1933: out:0xeed064b0 usecase:PCM_HWSYNC
05-28 16:14:25.138 I/audio_hw_hal_primary( 509): already standby, do nothing
05-28 16:14:25.138 I/audio_hw_hal_resourcemgr( 509): [is_output_device_muted:710] device:0x2 port_mute:0, fade_mute:0
05-28 16:14:25.138 I/audio_hw_hal_primary( 509): [adev_close_output_stream:3863] io 1933: out:0xeed064b0 exit ------
05-28 16:14:25.139 D/audio_hw_hal_primary( 509): [out_dump:848] io 1941: out:0xeed040c0, fd:27
05-28 16:14:25.141 W/IPCThreadState( 594): Sending oneway calls to frozen process.
05-28 16:14:25.141 D/audio_hw_hal_primary( 509): [out_set_parameters:971] out:0xeed040c0 kvpairs:closing=true;exiting=1 out->out_device:0x400, adev->out_device:0x80002
05-28 16:14:25.141 E/audio_hw_hal_primary( 509): out_set_parameters, ret:-2, hw_sync_mode:is false
05-28 16:14:25.142 D/AudioFlinger( 594): ro.audio.silent is ignored since no output device is set
05-28 16:14:25.142 I/audio_hw_hal_primary( 509): [out_set_event_callback:3158] io 1941: out:0xeed040c0, callback:0xf0dfc91d cookie:0xf14c23b0
05-28 16:14:25.142 I/audio_hw_hal_primary( 509): [adev_close_output_stream_new:8052] io handle 1941: out:0xeed040c0
05-28 16:14:25.142 D/audio_hw_hal_primary( 509): adev_close_output_stream_new: enter usecase = RAW_DIRECT
05-28 16:14:25.143 I/audio_hw_hal_primary( 509): [adev_close_output_stream:3695] io 1941: out:0xeed040c0 dev:OUT_HDMI(0x400) flags:0x1, usecase:RAW_DIRECT
05-28 16:14:25.143 D/audio_hw_hal_primary( 509): [out_standby_new:5767] io 1941: out:0xeed040c0 usecase:RAW_DIRECT
05-28 16:14:25.143 I/audio_hw_hal_primary( 509): already standby, do nothing
05-28 16:14:25.143 I/audio_hw_hal_resourcemgr( 509): [is_output_device_muted:710] device:0x2 port_mute:0, fade_mute:0
05-28 16:14:25.143 I/audio_hw_hal_primary( 509): [adev_close_output_stream:3863] io 1941: out:0xeed040c0 exit ------
05-28 16:14:25.144 D/audio_hw_hal_primary( 509): [out_dump:848] io 1949: out:0xeed09700, fd:27
05-28 16:14:25.145 W/IPCThreadState( 594): Sending oneway calls to frozen process.
05-28 16:14:25.145 D/audio_hw_hal_primary( 509): [out_set_parameters:971] out:0xeed09700 kvpairs:closing=true;exiting=1 out->out_device:0x400, adev->out_device:0x80002
05-28 16:14:25.145 E/audio_hw_hal_primary( 509): out_set_parameters, ret:-2, hw_sync_mode:is false
05-28 16:14:25.146 I/audio_hw_hal_primary( 509): [out_set_event_callback:3158] io 1949: out:0xeed09700, callback:0xf0dfc91d cookie:0xf14c0130
05-28 16:14:25.146 I/audio_hw_hal_primary( 509): [adev_close_output_stream_new:8052] io handle 1949: out:0xeed09700
05-28 16:14:25.146 D/audio_hw_hal_primary( 509): adev_close_output_stream_new: enter usecase = RAW_HWSYNC
05-28 16:14:25.146 I/audio_hw_hal_primary( 509): [adev_close_output_stream:3695] io 1949: out:0xeed09700 dev:OUT_HDMI(0x400) flags:0x51, usecase:RAW_HWSYNC
05-28 16:14:25.146 D/audio_hw_hal_primary( 509): [out_standby_new:5767] io 1949: out:0xeed09700 usecase:RAW_HWSYNC
05-28 16:14:25.146 I/audio_hw_hal_primary( 509): already standby, do nothing
05-28 16:14:25.146 I/audio_hw_hal_resourcemgr( 509): [is_output_device_muted:710] device:0x2 port_mute:0, fade_mute:0
05-28 16:14:25.146 I/audio_hw_hal_primary( 509): [adev_close_output_stream:3863] io 1949: out:0xeed09700 exit ------
05-28 16:14:25.147 D/AudioFlinger( 594): closing mmapThread 0xecd40010
05-28 16:14:25.147 W/IPCThreadState( 594): Sending oneway calls to frozen process.
05-28 16:14:25.147 D/AudioFlinger( 594): mmapThread exit()
05-28 16:14:25.148 I/audio_hw_hal_primary( 509): [adev_close_output_stream_new:8052] io handle 1965: out:0xeed01cd0
05-28 16:14:25.148 D/audio_hw_hal_primary( 509): adev_close_output_stream_new: enter usecase = PCM_MMAP
05-28 16:14:25.148 I/audio_hw_hal_primary( 509): [adev_close_output_stream:3695] io 1965: out:0xeed01cd0 dev:OUT_HDMI(0x400) flags:0x4001, usecase:PCM_MMAP
05-28 16:14:25.148 D/audio_hw_hal_primary( 509): [out_standby_new:5767] io 1965: out:0xeed01cd0 usecase:PCM_MMAP
05-28 16:14:25.148 I/audio_hw_hal_primary( 509): already standby, do nothing
05-28 16:14:25.148 I/audio_hw_hal_mmap( 509): [outMmapDeInit:743] stream:0xeed01cd0
05-28 16:14:25.148 I/audio_hw_hal_mmap( 509): [mmap_audio_unregister_client:955] OK ! stream 0xeed01cd0, client id 0
05-28 16:14:25.148 I/audio_hw_hal_primary( 509): when close aaudio stream, send STANDBY msg to submix & ms12
05-28 16:14:25.148 I/audio_hw_hal_ms12common( 509): aml_set_ms12_scheduler_state ms12_scheduler_state:1, sch_state:1 SCHEDULER_STANDBY is sent to ms12
05-28 16:14:25.148 I/audio_hw_hal_resourcemgr( 509): [is_output_device_muted:710] device:0x2 port_mute:0, fade_mute:0
05-28 16:14:25.148 I/audio_hw_hal_primary( 509): [adev_close_output_stream:3863] io 1965: out:0xeed01cd0 exit ------
05-28 16:14:25.149 D/audio_hw_hal_primary( 509): [out_dump:848] io 1981: out:0xeed09e30, fd:24
05-28 16:14:25.150 W/IPCThreadState( 594): Sending oneway calls to frozen process.
05-28 16:14:25.150 D/audio_hw_hal_primary( 509): [out_set_parameters:971] out:0xeed09e30 kvpairs:closing=true;exiting=1 out->out_device:0x400, adev->out_device:0x80002
05-28 16:14:25.150 E/audio_hw_hal_primary( 509): out_set_parameters, ret:-2, hw_sync_mode:is false
05-28 16:14:25.151 D/AudioFlinger( 594): ro.audio.silent is ignored since no output device is set
05-28 16:14:25.151 I/audio_hw_hal_primary( 509): [out_set_event_callback:3158] io 1981: out:0xeed09e30, callback:0xf0dfc91d cookie:0xf14c0a30
05-28 16:14:25.151 I/audio_hw_hal_primary( 509): [adev_close_output_stream_new:8052] io handle 1981: out:0xeed09e30
05-28 16:14:25.151 D/audio_hw_hal_primary( 509): adev_close_output_stream_new: enter usecase = RAW_DIRECT
05-28 16:14:25.151 I/audio_hw_hal_primary( 509): [adev_close_output_stream:3695] io 1981: out:0xeed09e30 dev:OUT_HDMI(0x400) flags:0x441, usecase:RAW_DIRECT
05-28 16:14:25.151 D/audio_hw_hal_primary( 509): [out_standby_new:5767] io 1981: out:0xeed09e30 usecase:RAW_DIRECT
05-28 16:14:25.151 I/audio_hw_hal_primary( 509): already standby, do nothing
05-28 16:14:25.151 I/audio_hw_hal_resourcemgr( 509): [is_output_device_muted:710] device:0x2 port_mute:0, fade_mute:0
05-28 16:14:25.151 I/audio_hw_hal_primary( 509): [adev_close_output_stream:3863] io 1981: out:0xeed09e30 exit ------
05-28 16:14:25.153 D/audio_hw_hal_primary( 509): [out_dump:848] io 1997: out:0xeed0baf0, fd:24
05-28 16:14:25.153 W/IPCThreadState( 594): Sending oneway calls to frozen process.
05-28 16:14:25.154 D/audio_hw_hal_primary( 509): [out_set_parameters:971] out:0xeed0baf0 kvpairs:closing=true;exiting=1 out->out_device:0x400, adev->out_device:0x80002
05-28 16:14:25.154 E/audio_hw_hal_primary( 509): out_set_parameters, ret:-2, hw_sync_mode:is false
05-28 16:14:25.154 I/audio_hw_hal_primary( 509): [out_set_event_callback:3158] io 1997: out:0xeed0baf0, callback:0xf0dfc91d cookie:0xf14c03d0
05-28 16:14:25.154 I/audio_hw_hal_primary( 509): [adev_close_output_stream_new:8052] io handle 1997: out:0xeed0baf0
05-28 16:14:25.154 D/audio_hw_hal_primary( 509): adev_close_output_stream_new: enter usecase = RAW_DIRECT
05-28 16:14:25.154 I/audio_hw_hal_primary( 509): [adev_close_output_stream:3695] io 1997: out:0xeed0baf0 dev:OUT_HDMI(0x400) flags:0x401, usecase:RAW_DIRECT
05-28 16:14:25.154 D/audio_hw_hal_primary( 509): [out_standby_new:5767] io 1997: out:0xeed0baf0 usecase:RAW_DIRECT
05-28 16:14:25.154 I/audio_hw_hal_primary( 509): already standby, do nothing
05-28 16:14:25.154 I/audio_hw_hal_resourcemgr( 509): [is_output_device_muted:710] device:0x2 port_mute:0, fade_mute:0
05-28 16:14:25.154 I/audio_hw_hal_primary( 509): [adev_close_output_stream:3863] io 1997: out:0xeed0baf0 exit ------
05-28 16:14:25.156 W/IPCThreadState( 594): Sending oneway calls to frozen process.
05-28 16:14:25.156 I/AS.AudioDeviceInventory( 742): sendDeviceConnectionIntent(dev:0x400 state:0x1 address: name:);
05-28 16:14:25.157 I/AudioService( 742): onAccessoryPlugMediaUnmute newDevice=1024 [hdmi]
05-28 16:14:25.161 V/MediaRouter( 1176): Audio routes updated: AudioRoutesInfo{ type=HDMI }, a2dp=false
05-28 16:14:25.161 V/MediaRouter( 1176): Selecting route: RouteInfo{ name=外部设备, description=null, status=null, category=RouteCategory{ name=系统 types=ROUTE_TYPE_LIVE_AUDIO ROUTE_TYPE_LIVE_VIDEO groupable=false }, supportedTypes=ROUTE_TYPE_LIVE_AUDIO ROUTE_TYPE_LIVE_VIDEO , presentationDisplay=null }
05-28 16:14:25.165 I/MesonDisplay( 289): [/mode_policy.c, meson_mode_set_policy, 1177] connector:0 to policy:8
05-28 16:14:25.165 I/SystemControl( 343): [/Ubootenv.cpp, get, 336] [ubootenv] get key:hdr_preferred_policy envValue: 0
05-28 16:14:25.165 I/SystemControl( 343): [/Ubootenv.cpp, get, 336] [ubootenv] get key:user_hdr_type envValue: 3
05-28 16:14:25.166 D/MesonDisplayServer( 289): getDisplayAttribute "Dolby Vision CAP2": "The Rx don't support DolbyVision"
05-28 16:14:25.166 I/SystemControl( 343): [/Ubootenv.cpp, updateValue, 68] [ubootenv] update value name [ubootenv.var.hdr_policy]: value [0]
05-28 16:14:25.166 I/SystemControl( 343): [/Ubootenv.cpp, get, 336] [ubootenv] get key:hdr_policy envValue: 0
05-28 16:14:25.166 I/SystemControl( 343): [/Ubootenv.cpp, updateValue, 68] [ubootenv] update value name [ubootenv.var.hdr_priority]: value [268435472]
05-28 16:14:25.166 I/SystemControl( 343): [/Ubootenv.cpp, get, 336] [ubootenv] get key:hdr_priority envValue: 268435472
05-28 16:14:25.166 I/SystemControl( 343): [/Ubootenv.cpp, get, 345] [ubootenv] search end and not find env:user_colorattribute
05-28 16:14:25.166 V/MesonDisplayServer( 289): GetDisplayMode:720p60hz
05-28 16:14:25.166 I/SystemControl( 343): [/Ubootenv.cpp, get, 336] [ubootenv] get key:hdmimode envValue: none
05-28 16:14:25.167 I/SystemControl( 343): [/Ubootenv.cpp, get, 336] [ubootenv] get key:cvbsmode envValue: 576cvbs
05-28 16:14:25.167 I/SystemControl( 343): [/Ubootenv.cpp, get, 345] [ubootenv] search end and not find env:user_colorattribute
05-28 16:14:25.167 I/SystemControl( 343): [/Ubootenv.cpp, get, 345] [ubootenv] search end and not find env:dv_enable
05-28 16:14:25.167 E/MesonHwc( 289): dolby vision driver is not ready
05-28 16:14:25.167 I/SystemControl( 343): [/Ubootenv.cpp, get, 345] [ubootenv] search end and not find env:user_prefer_dv_type
05-28 16:14:25.167 E/MesonHwc( 289): dolby vision driver is not ready
05-28 16:14:25.167 I/SystemControl( 343): [/Ubootenv.cpp, get, 345] [ubootenv] search end and not find env:hdr_force_mode
05-28 16:14:25.167 I/SystemControl( 343): [/Ubootenv.cpp, get, 336] [ubootenv] get key:hdr_policy envValue: 0
05-28 16:14:25.168 I/SystemControl( 343): [/Ubootenv.cpp, get, 336] [ubootenv] get key:hdr_priority envValue: 268435472
05-28 16:14:25.168 E/MesonHwc( 289): dolby vision driver is not ready
05-28 16:14:25.168 D/MesonDisplayServer( 289): getDisplayAttribute "Dolby Vision CAP2": "The Rx don't support DolbyVision"
05-28 16:14:25.168 I/SystemControl( 343): [/Ubootenv.cpp, get, 345] [ubootenv] search end and not find env:hdr_resolution_priority
05-28 16:14:25.168 I/SystemControl( 343): [/Ubootenv.cpp, get, 345] [ubootenv] search end and not find env:user_prefer_dv_type
05-28 16:14:25.168 E/MesonHwc( 289): dolby vision driver is not ready
05-28 16:14:25.168 I/MesonDisplay( 289): [/mode_policy.c, is_dv_prefer, 66] not prefer dv, hdr_priority:10000010
05-28 16:14:25.168 I/MesonDisplay( 289): [/mode_policy.c, is_dv_prefer, 66] not prefer dv, hdr_priority:10000010
05-28 16:14:25.168 I/MesonDisplay( 289): [/mode_policy.c, sdr_scene_process, 1154] final_displaymode:1080p60hz
05-28 16:14:25.168 I/MesonDisplay( 289): [/mode_policy.c, get_best_color_attr, 613] get_best_color_attr current mode:[1080p60hz] brr_mode:[1080p60hz]
05-28 16:14:25.168 D/MesonDisplay( 289): meson_write /sys/class/amhdmitx/amhdmitx0/valid_mode, outputmode:1080p60hzrgb,8bit
05-28 16:14:25.168 D/MesonDisplay( 289): valid mode is true!
05-28 16:14:25.168 I/MesonDisplay( 289): [/mode_policy.c, get_best_color_attr, 679] support current mode:[1080p60hz], color format:[rgb,8bit]
05-28 16:14:25.168 I/MesonDisplay( 289): [/mode_policy.c, get_hdmi_color_attr, 1081] get hdmi color attribute : [rgb,8bit], outputmode is: [1080p60hz]
05-28 16:14:25.169 I/MesonDisplay( 289): [/mode_policy.c, update_deepcolor, 1107] colorattribute = rgb,8bit
05-28 16:14:25.169 I/MesonDisplay( 289): [/mode_policy.c, sdr_scene_process, 1163] final_deepcolor = rgb,8bit
05-28 16:14:25.169 I/MesonDisplay( 289): [/mode_policy.c, meson_mode_get_policy_output, 1289] final_displaymode:1080p60hz, final_deepcolor:rgb,8bit, amdv_type:0
05-28 16:14:25.169 I/SystemControl( 343): [/Ubootenv.cpp, get, 336] [ubootenv] get key:hdr_preferred_policy envValue: 0
05-28 16:14:25.169 D/MesonDisplayServer( 289): use connector getDisplayAttribute "HDMI Color ATTR": "rgb,8bit"
05-28 16:14:25.169 D/MesonDisplayServer( 289): getDisplayAttribute "HDR Policy": "0"
05-28 16:14:25.169 D/MesonDisplayServer( 289): getDisplayAttribute "FORCE HDR Mode": "0"
05-28 16:14:25.169 D/MesonDisplayServer( 289): getDisplayAttribute "Dolby Vision Mode": "usage: echo mode > /sys/class/amdolby_vision/dv_mode AMDV_OUTPUT_MODE_BYPASS 0 AMDV_OUTPUT_MODE_IPT 1 AMDV_OUTPUT_MODE_IPT_TUNNEL 2 AMDV_OUTPUT_MODE_HDR10 3 AMDV_OUTPUT_MODE_SDR10 4 AMDV_OUTPUT_MODE_SDR8 5current dv_mode = off"
05-28 16:14:25.169 D/MesonDisplayServer( 289): getDisplayAttribute "Dolby Vision Policy": "0"
05-28 16:14:25.169 I/SystemControl( 343): [/Ubootenv.cpp, get, 345] [ubootenv] search end and not find env:hdr_force_mode
05-28 16:14:25.170 D/ActiveDeviceManager( 1367): onAudioDevicesAdded
05-28 16:14:25.170 I/SystemControl( 343): [/Ubootenv.cpp, get, 336] [ubootenv] get key:hdr_policy envValue: 0
05-28 16:14:25.170 E/MesonHwc( 289): dolby vision driver is not ready
05-28 16:14:25.170 D/MesonDisplayServer( 289): use connector getDisplayAttribute "HDR Priority": "268435472"
05-28 16:14:25.170 D/AvrcpVolumeManager( 1367): onAudioDevicesAdded: Not expecting device changed
05-28 16:14:25.170 I/SystemControl( 343): [/Ubootenv.cpp, get, 336] [ubootenv] get key:hdr_priority envValue: 268435472
05-28 16:14:25.170 D/ActiveDeviceManager( 1367): Audio device added: DBBOX-A3 type: 9
05-28 16:14:25.170 D/MesonDisplayServer( 289): getDisplayAttribute "Dolby Vision Enable": "N"
05-28 16:14:25.170 D/MesonDisplayServer( 289): getDisplayAttribute "Dolby Vision LL Policy": "0"
05-28 16:14:25.170 E/MesonHwc( 289): dolby vision driver is not ready
05-28 16:14:25.170 V/MesonDisplayServer( 289): GetDisplayMode:720p60hz
05-28 16:14:25.171 D/xm_audio( 509): adev_get_parameters
05-28 16:14:25.172 D/xm_audio( 509): adev_get_parameters
05-28 16:14:25.176 D/xm_audio( 509): adev_get_parameters
05-28 16:14:25.176 D/xm_audio( 509): adev_get_parameters
05-28 16:14:25.180 D/xm_audio( 509): adev_get_parameters
05-28 16:14:25.181 D/xm_audio( 509): adev_get_parameters
05-28 16:14:25.185 D/xm_audio( 509): adev_get_parameters
05-28 16:14:25.186 D/xm_audio( 509): adev_get_parameters
05-28 16:14:25.191 D/xm_audio( 509): adev_get_parameters
05-28 16:14:25.192 D/xm_audio( 509): adev_get_parameters
05-28 16:14:25.197 D/xm_audio( 509): adev_get_parameters
05-28 16:14:25.198 D/xm_audio( 509): adev_get_parameters
05-28 16:14:25.204 D/xm_audio( 509): adev_get_parameters
05-28 16:14:25.205 D/xm_audio( 509): adev_get_parameters
05-28 16:14:25.209 D/xm_audio( 509): adev_get_parameters
05-28 16:14:25.210 D/xm_audio( 509): adev_get_parameters
05-28 16:14:25.214 D/xm_audio( 509): adev_get_parameters
05-28 16:14:25.215 D/xm_audio( 509): adev_get_parameters
05-28 16:14:25.219 D/xm_audio( 509): adev_get_parameters
05-28 16:14:25.220 D/xm_audio( 509): adev_get_parameters
05-28 16:14:25.224 D/xm_audio( 509): adev_get_parameters
05-28 16:14:25.225 D/xm_audio( 509): adev_get_parameters
05-28 16:14:25.229 I/vol.Events( 1176): writeEvent level_changed STREAM_VOICE_CALL 55
05-28 16:14:25.232 I/vol.Events( 1176): writeEvent level_changed STREAM_SYSTEM 55
05-28 16:14:25.232 I/vol.Events( 1176): writeEvent level_changed STREAM_RING 55
05-28 16:14:25.233 I/vol.Events( 1176): writeEvent level_changed STREAM_MUSIC 11
05-28 16:14:25.235 I/vol.Events( 1176): writeEvent level_changed STREAM_ALARM 55
05-28 16:14:25.338 I/MesonDisplay( 289): [/HDCPTxAuth.cpp, stopVerAll, 344] hdcp_tx 2.2 & 1.4 stop hdcp pwr
05-28 16:14:25.338 E/MesonDisplay( 289): open /sys/class/amhdmitx/amhdmitx0/hdcp_pwr fail. Error info [No such file or directory]
05-28 16:14:25.380 E/MesonDisplay( 289): open /sys/class/amhdmitx/amhdmitx0/hdcp_pwr fail. Error info [No such file or directory]
05-28 16:14:25.380 E/MesonDisplay( 289): open /sys/class/amhdmitx/amhdmitx0/hdcp_ctrl fail. Error info [No such file or directory]
05-28 16:14:25.380 E/MesonDisplay( 289): open /sys/class/amhdmitx/amhdmitx0/hdcp_ctrl fail. Error info [No such file or directory]
05-28 16:14:25.382 I/MesonDisplay( 289): [/HDCPTxAuth.cpp, stop, 137] hdcp_tx pthread exit id = 3997155776, (null) done
05-28 16:14:25.382 D/MesonDisplayServer( 289): SetDisplay[HDMI] Mode to "1080p60hz"
05-28 16:14:25.400 E/MesonHwc( 289): waitVBlank failed crtc[63]ret[-1]
05-28 16:14:25.400 E/MesonHwc( 289): wait for hw vsync error:-1
05-28 16:14:25.414 I/SystemControl( 343): [/UEventObserver.cpp, HDMITxUenventThreadLoop, 451] HDMI TX switch_name:hdmitx_current_status, switch_state: 297
05-28 16:14:25.463 I/audio_hw_hal_primary( 509): [adev_uevent_callback:9131] uevent type=0
05-28 16:14:25.463 I/SystemControl( 343): [/UEventObserver.cpp, HDMITxUenventThreadLoop, 451] HDMI TX switch_name:hdmitx_vmode_audio, switch_state: 1
05-28 16:14:25.467 I/SystemControl( 343): [/UEventObserver.cpp, HDMITxUenventThreadLoop, 451] HDMI TX switch_name:hdmitx_current_status, switch_state: 298
05-28 16:14:25.467 I/audio_hw_hal_alsamgr( 509): raw to lpcm switch aml_alsa_output_write
05-28 16:14:25.483 I/SystemControl( 343): [/UEventObserver.cpp, HDMITxUenventThreadLoop, 451] HDMI TX switch_name:hdmitx_current_status, switch_state: 299
05-28 16:14:25.483 V/MesonDisplayServer( 289): GetDisplayMode:1080p60hz
05-28 16:14:25.484 I/audio_hw_hal_ms12v2( 509): dolby_ms12_threadloop alsa is not running
05-28 16:14:25.484 I/audio_hw_hal_ms12v2( 509): dolby_ms12_threadloop alsa is not running
05-28 16:14:25.484 E/MesonHwc( 289): read screen size 16x9 from vinfo
05-28 16:14:25.484 E/MesonHwc( 289): dolby vision driver is not ready
05-28 16:14:25.484 I/audio_hw_hal_ms12v2( 509): dolby_ms12_threadloop alsa is not running
05-28 16:14:25.485 I/audio_hw_hal_ms12v2( 509): dolby_ms12_threadloop alsa is not running
05-28 16:14:25.485 I/audio_hw_hal_alsamgr( 509): aml_alsa_output_write alsa_running_status[0xeed05650] change from 0 to 1
05-28 16:14:25.487 E/MesonHwc( 289): dolby vision driver is not ready
05-28 16:14:25.488 I/SystemControl( 343): [/Ubootenv.cpp, get, 336] [ubootenv] get key:1080p_x envValue: 0
05-28 16:14:25.488 I/SystemControl( 343): [/Ubootenv.cpp, get, 336] [ubootenv] get key:1080p_y envValue: 0
05-28 16:14:25.488 I/SystemControl( 343): [/Ubootenv.cpp, get, 336] [ubootenv] get key:1080p_w envValue: 1920
05-28 16:14:25.488 D/MesonHwc( 289): ERR: PLEASE FIX NON-IMPLEMENT FUN(update).
05-28 16:14:25.488 I/SystemControl( 343): [/Ubootenv.cpp, get, 336] [ubootenv] get key:1080p_h envValue: 1080
05-28 16:14:25.488 V/MesonDisplayServer( 289): SetDisplay[HDMI] DisplayRect to "(0,0,1920,1080)"
05-28 16:14:25.489 V/MesonDisplayServer( 289): SetDisplayViewPort done
05-28 16:14:25.509 E/MesonHwc( 289): open file [/sys/class/amhdmitx/amhdmitx0/aud_mute] error:Permission denied
05-28 16:14:25.509 E/MesonHwc( 289): open file [/sys/class/amhdmitx/amhdmitx0/aud_mute] error:Permission denied
05-28 16:14:25.509 E/MesonHwc( 289): dolby vision driver is not ready
05-28 16:14:25.510 I/MesonDisplay( 289): [/HDCPTxAuth.cpp, authThread, 173] hdcp_tx thread loop entry
05-28 16:14:25.510 I/MesonDisplay( 289): [/HDCPTxAuth.cpp, start, 109] hdcp_tx, create hdcp thread id = 3997155776 done
05-28 16:14:25.510 D/MesonDisplay( 289): read /sys/class/amhdmitx/amhdmitx0/hdcp_lstore, result length:0, val:
05-28 16:14:25.510 I/SystemControl( 343): [/Ubootenv.cpp, get, 345] [ubootenv] search end and not find env:digitaudiooutput
05-28 16:14:25.510 V/MesonDisplayServer( 289): GetDisplayMode:1080p60hz
05-28 16:14:25.511 D/MesonDisplayServer( 289): use connector getDisplayAttribute "HDMI Color ATTR": "rgb,8bit"
05-28 16:14:25.511 I/SystemControl( 343): [/Ubootenv.cpp, updateValue, 68] [ubootenv] update value name [ubootenv.var.1080p60hz_deepcolor]: value [rgb,8bit]
05-28 16:14:25.511 I/SystemControl( 343): [/Ubootenv.cpp, get, 336] [ubootenv] get key:1080p60hz_deepcolor envValue: 422,12bit
05-28 16:14:25.512 I/SystemControl( 343): [/Ubootenv.cpp, printValues, 137] [ubootenv] printenv end
05-28 16:14:25.518 I/SystemControl( 343): [/Ubootenv.cpp, updateValue, 104] [ubootenv] Save ubootenv to /dev/block/by-name/env succeed!
05-28 16:14:25.518 I/SystemControl( 343): [/Ubootenv.cpp, updateValue, 68] [ubootenv] update value name [ubootenv.var.colorattribute]: value [rgb,8bit]
05-28 16:14:25.518 I/SystemControl( 343): [/Ubootenv.cpp, get, 336] [ubootenv] get key:colorattribute envValue: 422,12bit
05-28 16:14:25.519 I/SystemControl( 343): [/Ubootenv.cpp, printValues, 137] [ubootenv] printenv end
05-28 16:14:25.520 I/SystemControl( 343): [/Ubootenv.cpp, updateValue, 104] [ubootenv] Save ubootenv to /dev/block/by-name/env succeed!
05-28 16:14:25.520 I/SystemControl( 343): [/Ubootenv.cpp, updateValue, 68] [ubootenv] update value name [ubootenv.var.hdmi_colordepth]: value [8]
05-28 16:14:25.520 I/SystemControl( 343): [/Ubootenv.cpp, get, 336] [ubootenv] get key:hdmi_colordepth envValue: 8
05-28 16:14:25.521 I/SystemControl( 343): [/Ubootenv.cpp, updateValue, 68] [ubootenv] update value name [ubootenv.var.hdmi_colorspace]: value [auto]
05-28 16:14:25.521 I/SystemControl( 343): [/Ubootenv.cpp, get, 336] [ubootenv] get key:hdmi_colorspace envValue: auto
05-28 16:14:25.521 I/SystemControl( 343): [/Ubootenv.cpp, updateValue, 68] [ubootenv] update value name [ubootenv.var.outputmode]: value [1080p60hz]
05-28 16:14:25.521 I/SystemControl( 343): [/Ubootenv.cpp, get, 336] [ubootenv] get key:outputmode envValue: 1080p60hz
05-28 16:14:25.521 E/MesonHwc( 289): dolby vision driver is not ready
05-28 16:14:25.521 I/MesonDisplay( 289): [/mode_policy.c, meson_mode_set_policy, 1177] connector:0 to policy:0
05-28 16:14:25.568 E/HwcComposer( 263): setClientTargetSlotCount failed Status(-8, EX_SERVICE_SPECIFIC): '4: '
05-28 16:14:25.586 I/Scheduler( 263): Display 4627013623894091019 is the pacesetter
05-28 16:14:25.586 E/SchedulerTimer( 263): Terminated
05-28 16:14:25.586 D/SurfaceFlinger( 263): Setting power mode 2 on display 4627013623894091019
05-28 16:14:25.586 W/EventThread( 263): Failed dispatching Hotplug{displayId=4627013623894091019, connected} for Connection{0xf1c83290, VSyncRequest::None}
05-28 16:14:25.586 W/EventThread( 263): Failed dispatching Hotplug{displayId=4627013623894091019, connected} for Connection{0xf1c82c10, VSyncRequest::None}
05-28 16:14:25.586 W/EventThread( 263): Failed dispatching Hotplug{displayId=4627013623894091019, connected} for Connection{0xf1c82d10, VSyncRequest::None}
05-28 16:14:25.586 W/EventThread( 263): Failed dispatching Hotplug{displayId=4627013623894091019, connected} for Connection{0xf1c82890, VSyncRequest::None}
05-28 16:14:25.587 W/EventThread( 263): Failed dispatching Hotplug{displayId=4627013623894091019, connected} for Connection{0xf1c86910, VSyncRequest::None}
05-28 16:14:25.587 W/EventThread( 263): Failed dispatching Hotplug{displayId=4627013623894091019, connected} for Connection{0xf1c84e90, VSyncRequest::None}
05-28 16:14:25.587 D/SurfaceFlinger( 263): Finished setting power mode 2 on display 4627013623894091019
05-28 16:14:25.589 W/HWComposer( 263): Ignoring duplicate VSYNC event from HWC for display 4627013623894091019 (t=7335865037000)
05-28 16:14:25.600 I/RefreshRateSelector( 263): Display 4627013623894091019 policy changed
05-28 16:14:25.600 I/RefreshRateSelector( 263): Previous: {defaultModeId=262, allowGroupSwitching=false, primaryRanges={physical=[0.00 Hz, 340282346638528859811704183484516925440.00 Hz], render=[0.00 Hz, 340282346638528859811704183484516925440.00 Hz]}, appRequestRanges={physical=[0.00 Hz, 340282346638528859811704183484516925440.00 Hz], render=[0.00 Hz, 340282346638528859811704183484516925440.00 Hz]}}
05-28 16:14:25.600 I/RefreshRateSelector( 263): Current: DisplayManagerPolicy{defaultModeId=264, allowGroupSwitching=false, primaryRanges={physical=[0.00 Hz, inf Hz], render=[0.00 Hz, 120.00 Hz]}, appRequestRanges={physical=[0.00 Hz, inf Hz], render=[0.00 Hz, inf Hz]}}
05-28 16:14:25.600 I/RefreshRateSelector( 263): 0 mode changes were performed under the previous policy
05-28 16:14:25.634 I/MesonDisplay( 289): [/mode_policy.c, meson_mode_set_policy, 1177] connector:0 to policy:8
05-28 16:14:25.634 I/SystemControl( 343): [/Ubootenv.cpp, get, 336] [ubootenv] get key:hdr_preferred_policy envValue: 0
05-28 16:14:25.635 I/SystemControl( 343): [/Ubootenv.cpp, get, 336] [ubootenv] get key:user_hdr_type envValue: 3
05-28 16:14:25.635 D/MesonDisplayServer( 289): getDisplayAttribute "Dolby Vision CAP2": "The Rx don't support DolbyVision"
05-28 16:14:25.635 I/SystemControl( 343): [/Ubootenv.cpp, updateValue, 68] [ubootenv] update value name [ubootenv.var.hdr_policy]: value [0]
05-28 16:14:25.635 I/SystemControl( 343): [/Ubootenv.cpp, get, 336] [ubootenv] get key:hdr_policy envValue: 0
05-28 16:14:25.636 I/SystemControl( 343): [/Ubootenv.cpp, updateValue, 68] [ubootenv] update value name [ubootenv.var.hdr_priority]: value [268435472]
05-28 16:14:25.636 I/SystemControl( 343): [/Ubootenv.cpp, get, 336] [ubootenv] get key:hdr_priority envValue: 268435472
05-28 16:14:25.636 I/SystemControl( 343): [/Ubootenv.cpp, get, 345] [ubootenv] search end and not find env:user_colorattribute
05-28 16:14:25.636 V/MesonDisplayServer( 289): GetDisplayMode:1080p60hz
05-28 16:14:25.636 I/SystemControl( 343): [/Ubootenv.cpp, get, 336] [ubootenv] get key:hdmimode envValue: none
05-28 16:14:25.636 I/SystemControl( 343): [/Ubootenv.cpp, get, 336] [ubootenv] get key:cvbsmode envValue: 576cvbs
05-28 16:14:25.637 I/SystemControl( 343): [/Ubootenv.cpp, get, 345] [ubootenv] search end and not find env:user_colorattribute
05-28 16:14:25.637 I/SystemControl( 343): [/Ubootenv.cpp, get, 345] [ubootenv] search end and not find env:dv_enable
05-28 16:14:25.637 E/MesonHwc( 289): dolby vision driver is not ready
05-28 16:14:25.638 I/SystemControl( 343): [/Ubootenv.cpp, get, 345] [ubootenv] search end and not find env:user_prefer_dv_type
05-28 16:14:25.638 E/MesonHwc( 289): dolby vision driver is not ready
05-28 16:14:25.638 I/SystemControl( 343): [/Ubootenv.cpp, get, 345] [ubootenv] search end and not find env:hdr_force_mode
05-28 16:14:25.638 I/SystemControl( 343): [/Ubootenv.cpp, get, 336] [ubootenv] get key:hdr_policy envValue: 0
05-28 16:14:25.639 I/SystemControl( 343): [/Ubootenv.cpp, get, 336] [ubootenv] get key:hdr_priority envValue: 268435472
05-28 16:14:25.639 E/MesonHwc( 289): dolby vision driver is not ready
05-28 16:14:25.639 D/MesonDisplayServer( 289): getDisplayAttribute "Dolby Vision CAP2": "The Rx don't support DolbyVision"
05-28 16:14:25.639 I/SystemControl( 343): [/Ubootenv.cpp, get, 345] [ubootenv] search end and not find env:hdr_resolution_priority
05-28 16:14:25.640 I/SystemControl( 343): [/Ubootenv.cpp, get, 345] [ubootenv] search end and not find env:user_prefer_dv_type
05-28 16:14:25.640 E/MesonHwc( 289): dolby vision driver is not ready
05-28 16:14:25.640 I/MesonDisplay( 289): [/mode_policy.c, is_dv_prefer, 66] not prefer dv, hdr_priority:10000010
05-28 16:14:25.640 I/MesonDisplay( 289): [/mode_policy.c, is_dv_prefer, 66] not prefer dv, hdr_priority:10000010
05-28 16:14:25.640 I/MesonDisplay( 289): [/mode_policy.c, sdr_scene_process, 1154] final_displaymode:720p60hz
05-28 16:14:25.640 I/MesonDisplay( 289): [/mode_policy.c, get_best_color_attr, 613] get_best_color_attr current mode:[720p60hz] brr_mode:[720p60hz]
05-28 16:14:25.640 D/MesonDisplay( 289): meson_write /sys/class/amhdmitx/amhdmitx0/valid_mode, outputmode:720p60hzrgb,8bit
05-28 16:14:25.640 D/MesonDisplay( 289): valid mode is true!
05-28 16:14:25.640 I/MesonDisplay( 289): [/mode_policy.c, get_best_color_attr, 679] support current mode:[720p60hz], color format:[rgb,8bit]
05-28 16:14:25.640 I/MesonDisplay( 289): [/mode_policy.c, get_hdmi_color_attr, 1081] get hdmi color attribute : [rgb,8bit], outputmode is: [720p60hz]
05-28 16:14:25.640 I/MesonDisplay( 289): [/mode_policy.c, update_deepcolor, 1107] colorattribute = rgb,8bit
05-28 16:14:25.640 I/MesonDisplay( 289): [/mode_policy.c, sdr_scene_process, 1163] final_deepcolor = rgb,8bit
05-28 16:14:25.640 I/MesonDisplay( 289): [/mode_policy.c, meson_mode_get_policy_output, 1289] final_displaymode:720p60hz, final_deepcolor:rgb,8bit, amdv_type:0
05-28 16:14:25.640 I/SystemControl( 343): [/Ubootenv.cpp, get, 336] [ubootenv] get key:hdr_preferred_policy envValue: 0
05-28 16:14:25.641 D/MesonDisplayServer( 289): use connector getDisplayAttribute "HDMI Color ATTR": "rgb,8bit"
05-28 16:14:25.641 D/MesonDisplayServer( 289): getDisplayAttribute "HDR Policy": "0"
05-28 16:14:25.641 D/MesonDisplayServer( 289): getDisplayAttribute "FORCE HDR Mode": "0"
05-28 16:14:25.641 D/MesonDisplayServer( 289): getDisplayAttribute "Dolby Vision Mode": "usage: echo mode > /sys/class/amdolby_vision/dv_mode AMDV_OUTPUT_MODE_BYPASS 0 AMDV_OUTPUT_MODE_IPT 1 AMDV_OUTPUT_MODE_IPT_TUNNEL 2 AMDV_OUTPUT_MODE_HDR10 3 AMDV_OUTPUT_MODE_SDR10 4 AMDV_OUTPUT_MODE_SDR8 5current dv_mode = off"
05-28 16:14:25.641 D/MesonDisplayServer( 289): getDisplayAttribute "Dolby Vision Policy": "0"
05-28 16:14:25.641 I/SystemControl( 343): [/Ubootenv.cpp, get, 345] [ubootenv] search end and not find env:hdr_force_mode
05-28 16:14:25.642 I/SystemControl( 343): [/Ubootenv.cpp, get, 336] [ubootenv] get key:hdr_policy envValue: 0
05-28 16:14:25.642 E/MesonHwc( 289): dolby vision driver is not ready
05-28 16:14:25.642 D/MesonDisplayServer( 289): use connector getDisplayAttribute "HDR Priority": "268435472"
05-28 16:14:25.642 I/SystemControl( 343): [/Ubootenv.cpp, get, 336] [ubootenv] get key:hdr_priority envValue: 268435472
05-28 16:14:25.642 D/MesonDisplayServer( 289): getDisplayAttribute "Dolby Vision Enable": "N"
05-28 16:14:25.643 D/MesonDisplayServer( 289): getDisplayAttribute "Dolby Vision LL Policy": "0"
05-28 16:14:25.643 E/MesonHwc( 289): dolby vision driver is not ready
05-28 16:14:25.643 V/MesonDisplayServer( 289): GetDisplayMode:1080p60hz
05-28 16:14:25.810 I/MesonDisplay( 289): [/HDCPTxAuth.cpp, stopVerAll, 344] hdcp_tx 2.2 & 1.4 stop hdcp pwr
05-28 16:14:25.810 E/MesonDisplay( 289): open /sys/class/amhdmitx/amhdmitx0/hdcp_pwr fail. Error info [No such file or directory]
05-28 16:14:25.852 E/MesonDisplay( 289): open /sys/class/amhdmitx/amhdmitx0/hdcp_pwr fail. Error info [No such file or directory]
05-28 16:14:25.852 E/MesonDisplay( 289): open /sys/class/amhdmitx/amhdmitx0/hdcp_ctrl fail. Error info [No such file or directory]
05-28 16:14:25.852 E/MesonDisplay( 289): open /sys/class/amhdmitx/amhdmitx0/hdcp_ctrl fail. Error info [No such file or directory]
05-28 16:14:25.854 I/MesonDisplay( 289): [/HDCPTxAuth.cpp, stop, 137] hdcp_tx pthread exit id = 3997155776, (null) done
05-28 16:14:25.854 D/MesonDisplayServer( 289): SetDisplay[HDMI] Mode to "720p60hz"
05-28 16:14:25.871 I/xm_hidread( 2292): type=1400 audit(0.0:3531): avc: denied { read } for scontext=u:r:init:s0 tcontext=u:r:init:s0 tclass=netlink_kobject_uevent_socket permissive=1
05-28 16:14:25.886 I/SystemControl( 343): [/UEventObserver.cpp, HDMITxUenventThreadLoop, 451] HDMI TX switch_name:hdmitx_current_status, switch_state: 300
05-28 16:14:25.930 I/audio_hw_hal_primary( 509): [adev_uevent_callback:9131] uevent type=0
05-28 16:14:25.931 I/SystemControl( 343): [/UEventObserver.cpp, HDMITxUenventThreadLoop, 451] HDMI TX switch_name:hdmitx_vmode_audio, switch_state: 1
05-28 16:14:25.934 I/audio_hw_hal_alsamgr( 509): raw to lpcm switch aml_alsa_output_write
05-28 16:14:25.934 I/SystemControl( 343): [/UEventObserver.cpp, HDMITxUenventThreadLoop, 451] HDMI TX switch_name:hdmitx_current_status, switch_state: 301
05-28 16:14:25.937 V/MesonDisplayServer( 289): GetDisplayMode:720p60hz
05-28 16:14:25.938 E/MesonHwc( 289): read screen size 16x9 from vinfo
05-28 16:14:25.938 E/MesonHwc( 289): dolby vision driver is not ready
05-28 16:14:25.940 E/MesonHwc( 289): dolby vision driver is not ready
05-28 16:14:25.940 I/SystemControl( 343): [/Ubootenv.cpp, get, 336] [ubootenv] get key:720p_x envValue: 0
05-28 16:14:25.941 I/SystemControl( 343): [/Ubootenv.cpp, get, 336] [ubootenv] get key:720p_y envValue: 0
05-28 16:14:25.941 I/SystemControl( 343): [/Ubootenv.cpp, get, 336] [ubootenv] get key:720p_w envValue: 1280
05-28 16:14:25.941 I/SystemControl( 343): [/Ubootenv.cpp, get, 336] [ubootenv] get key:720p_h envValue: 720
05-28 16:14:25.942 V/MesonDisplayServer( 289): SetDisplay[HDMI] DisplayRect to "(0,0,1280,720)"
05-28 16:14:25.942 V/MesonDisplayServer( 289): SetDisplayViewPort done
05-28 16:14:25.943 D/MesonHwc( 289): ERR: PLEASE FIX NON-IMPLEMENT FUN(update).
05-28 16:14:25.946 I/SystemControl( 343): [/UEventObserver.cpp, HDMITxUenventThreadLoop, 451] HDMI TX switch_name:hdmitx_current_status, switch_state: 302
05-28 16:14:25.951 I/audio_hw_hal_ms12v2( 509): dolby_ms12_threadloop alsa is not running
05-28 16:14:25.951 I/audio_hw_hal_ms12v2( 509): dolby_ms12_threadloop alsa is not running
05-28 16:14:25.952 I/audio_hw_hal_ms12v2( 509): dolby_ms12_threadloop alsa is not running
05-28 16:14:25.952 I/audio_hw_hal_ms12v2( 509): dolby_ms12_threadloop alsa is not running
05-28 16:14:25.952 I/audio_hw_hal_alsamgr( 509): aml_alsa_output_write alsa_running_status[0xeed05650] change from 0 to 1
05-28 16:14:25.962 E/MesonHwc( 289): open file [/sys/class/amhdmitx/amhdmitx0/aud_mute] error:Permission denied
05-28 16:14:25.962 E/MesonHwc( 289): open file [/sys/class/amhdmitx/amhdmitx0/aud_mute] error:Permission denied
05-28 16:14:25.962 E/MesonHwc( 289): dolby vision driver is not ready
05-28 16:14:25.963 I/MesonDisplay( 289): [/HDCPTxAuth.cpp, authThread, 173] hdcp_tx thread loop entry
05-28 16:14:25.963 I/MesonDisplay( 289): [/HDCPTxAuth.cpp, start, 109] hdcp_tx, create hdcp thread id = 3997155776 done
05-28 16:14:25.963 D/MesonDisplay( 289): read /sys/class/amhdmitx/amhdmitx0/hdcp_lstore, result length:0, val:
05-28 16:14:25.963 I/SystemControl( 343): [/Ubootenv.cpp, get, 345] [ubootenv] search end and not find env:digitaudiooutput
05-28 16:14:25.963 V/MesonDisplayServer( 289): GetDisplayMode:720p60hz
05-28 16:14:25.963 D/MesonDisplayServer( 289): use connector getDisplayAttribute "HDMI Color ATTR": "rgb,8bit"
05-28 16:14:25.964 I/SystemControl( 343): [/Ubootenv.cpp, updateValue, 68] [ubootenv] update value name [ubootenv.var.720p60hz_deepcolor]: value [rgb,8bit]
05-28 16:14:25.964 I/SystemControl( 343): [/Ubootenv.cpp, get, 336] [ubootenv] get key:720p60hz_deepcolor envValue: rgb,8bit
05-28 16:14:25.964 I/SystemControl( 343): [/Ubootenv.cpp, updateValue, 68] [ubootenv] update value name [ubootenv.var.colorattribute]: value [rgb,8bit]
05-28 16:14:25.964 I/SystemControl( 343): [/Ubootenv.cpp, get, 336] [ubootenv] get key:colorattribute envValue: rgb,8bit
05-28 16:14:25.964 I/SystemControl( 343): [/Ubootenv.cpp, updateValue, 68] [ubootenv] update value name [ubootenv.var.hdmi_colordepth]: value [8]
05-28 16:14:25.964 I/SystemControl( 343): [/Ubootenv.cpp, get, 336] [ubootenv] get key:hdmi_colordepth envValue: 8
05-28 16:14:25.964 I/SystemControl( 343): [/Ubootenv.cpp, updateValue, 68] [ubootenv] update value name [ubootenv.var.hdmi_colorspace]: value [auto]
05-28 16:14:25.964 I/SystemControl( 343): [/Ubootenv.cpp, get, 336] [ubootenv] get key:hdmi_colorspace envValue: auto
05-28 16:14:25.965 I/SystemControl( 343): [/Ubootenv.cpp, updateValue, 68] [ubootenv] update value name [ubootenv.var.outputmode]: value [720p60hz]
05-28 16:14:25.965 I/SystemControl( 343): [/Ubootenv.cpp, get, 336] [ubootenv] get key:outputmode envValue: 1080p60hz
05-28 16:14:25.966 I/SystemControl( 343): [/Ubootenv.cpp, printValues, 137] [ubootenv] printenv end
05-28 16:14:25.972 I/SystemControl( 343): [/Ubootenv.cpp, updateValue, 104] [ubootenv] Save ubootenv to /dev/block/by-name/env succeed!
05-28 16:14:25.972 E/MesonHwc( 289): dolby vision driver is not ready
05-28 16:14:25.972 I/MesonDisplay( 289): [/mode_policy.c, meson_mode_set_policy, 1177] connector:0 to policy:0
