05-28 16:14:51.588 I/audio_hw_hal_primary( 509): [adev_set_parameters:4123] dev:0xeedc14a0, kv: set_ARC_hdmi=updated_sad
05-28 16:14:51.588 D/audio_hw_hal_hfp( 509): [audio_extn_hfp_set_parameters:739] audio_extn_hfp_set_parameters
05-28 16:14:51.590 I/SystemControl( 343): [/Ubootenv.cpp, get, 336] [ubootenv] get key:hdr_preferred_policy envValue: 0
05-28 16:14:51.590 I/audio_hw_hal_primary( 509): [adev_set_device_connected_state_v7:9037] connected address:, num_descriptors:0, num_profiles:0
05-28 16:14:51.590 I/audio_hw_hal_primary( 509): [set_device_connect_state:4044] state:1, dev:OUT_HDMI(0x400), pre_out:0x80002, pre_in:0x4
05-28 16:14:51.590 D/audio_hw_hal_resourcemgr( 509): [set_output_device_avail:353] device:0x400 avail_out_devices:400 routed_out_devices:0x400
05-28 16:14:51.590 D/audio_hw_hal_stream( 509): update_sink_format_after_hotplug() active stream 0xeed047f0
05-28 16:14:51.590 D/audio_hw_hal_profile( 509): get_hdmi_sink_cap_new is running...
05-28 16:14:51.590 D/audio_hw_hal_profile( 509): query hdmi format...
05-28 16:14:51.590 D/audio_hw_hal_profile( 509): get_hdmi_sink_cap_new ddp is unsupported; ddp-joc(atmos) is unsupported;
05-28 16:14:51.590 I/audio_hw_hal_profile( 509): PCM cap Max channel =8
05-28 16:14:51.590 I/audio_hw_hal_stream( 509): get_sink_capability mbox+dvb case sink_capability = 0x1
05-28 16:14:51.590 I/audio_hw_hal_stream( 509): force ddp out =0
05-28 16:14:51.590 D/audio_hw_hal_profile( 509): get_hdmi_sink_cap_new is running...
05-28 16:14:51.591 D/audio_hw_hal_profile( 509): query hdmi format...
05-28 16:14:51.591 D/audio_hw_hal_profile( 509): get_hdmi_sink_cap_new ddp is unsupported; ddp-joc(atmos) is unsupported;
05-28 16:14:51.591 I/audio_hw_hal_profile( 509): PCM cap Max channel =8
05-28 16:14:51.591 I/audio_hw_hal_stream( 509): [get_sink_dts_capability:212] mbox+dvb case sink_capability: PCM_16_BIT(0x1)
05-28 16:14:51.591 D/audio_hw_hal_profile( 509): get_hdmi_sink_cap_new is running...
05-28 16:14:51.591 D/audio_hw_hal_profile( 509): query hdmi format...
05-28 16:14:51.591 D/audio_hw_hal_profile( 509): get_hdmi_sink_cap_new ddp is unsupported; ddp-joc(atmos) is unsupported;
05-28 16:14:51.591 I/audio_hw_hal_profile( 509): PCM cap Max channel =8
05-28 16:14:51.591 I/audio_hw_hal_stream( 509): [get_sink_mpegh_capability:245] mbox+dvb case sink_capability: PCM_16_BIT(0x1)
05-28 16:14:51.591 D/audio_hw_hal_profile( 509): get_hdmi_sink_cap_new is running...
05-28 16:14:51.591 D/audio_hw_hal_profile( 509): [get_hdmi_sink_cap_new:960] query hdmi sample_rate... format: PCM_16_BIT(0x1)
05-28 16:14:51.591 I/audio_hw_hal_profile( 509): get_hdmi_sink_cap_new format =0x1 support rate =sup_sampling_rates=32000|44100|48000
05-28 16:14:51.591 I/audio_hw_hal_stream( 509): pcm_fmt support sample_rate_mask:0x7
05-28 16:14:51.591 I/audio_hw_hal_stream( 509): get_sink_dv_capability : /sys/class/amhdmitx/amhdmitx0/hdmi_hdr_status = SDR
05-28 16:14:51.591 I/audio_hw_hal_stream( 509): get_sink_dv_capability : dv enable 0
05-28 16:14:51.591 I/audio_hw_hal_stream( 509): [get_sink_format:446] out:0xeed047f0 out devices:0x80002 cur_out_devices:0x400 format:PCM_16_BIT(0x1) digital_mode(PCM) sink cap:PCM_16_BIT(0x1)
05-28 16:14:51.591 I/audio_hw_hal_stream( 509): get_sink_format() HDMI ARC or mbox + dvb case
05-28 16:14:51.591 I/audio_hw_hal_stream( 509): [get_sink_format:645] sink_format:PCM_16_BIT(0x1) max channel:8 optical_format:PCM_16_BIT(0x1) dual_output 0
05-28 16:14:51.591 I/audio_hw_hal_ms12common( 509): audiohal_send_msg_2_ms12 mesg_type:MS12_MESG_TYPE_RESET_MS12_ENCODER entry
05-28 16:14:51.591 I/audio_hw_hal_ms12common( 509): audiohal_send_msg_2_ms12 mesg_type:MS12_MESG_TYPE_RESET_MS12_ENCODER exit
05-28 16:14:51.591 D/audio_hw_hal_ms12v2( 509): set_dolby_ms12_continuous_state audio_continuous_standby_set status 0
05-28 16:14:51.591 D/audio_hw_hal_continuous_standby( 509): audio_continuous_standby_set, type 0, params 0
05-28 16:14:51.591 D/audio_hw_hal_ms12common( 509): ms12_message_threadloop(), msg type: MS12_MESG_TYPE_RESET_MS12_ENCODER
05-28 16:14:51.591 I/audio_hw_hal_ms12common( 509): aml_set_ms12_scheduler_state ms12_scheduler_state:0, sch_state:0 SCHEDULER_RUNNING is sent to ms12
05-28 16:14:51.591 I/audio_hw_hal_ms12v2( 509): +dolby_ms12_encoder_reconfig()
05-28 16:14:51.591 D/libdolbyms12( 509): mch_enable 1
05-28 16:14:51.591 D/audio_hw_hal_continuous_standby( 509): audio_continuous_standby_set, type 1, params 24
05-28 16:14:51.591 D/audio_hw_hal_ms12common( 509): ms12_message_threadloop mesg_list is empty, loop waiting......
05-28 16:14:51.593 W/DeviceHAL( 509): Error from HAL Device in function get_audio_port_v7: Function not implemented
05-28 16:14:51.593 I/AudioFlinger( 594): openOutput() this 0xf2b07600, module 10 Device AUDIO_DEVICE_OUT_HDMI, @:, SamplingRate 44100, Format 0xe000000, Channels 0x1, flags 0x11
05-28 16:14:51.592 I/SystemControl( 343): [/Ubootenv.cpp, get, 336] [ubootenv] get key:user_hdr_type envValue: 3
05-28 16:14:51.594 D/audio_hw_hal_primary( 509): [adev_open_output_stream_new:7868] enter: dev=0xeedc14a0 handle=7d5 devices=0x400/'HDMI,' flags=0x11/'DIRECT,COMPRESS_OFFLOAD,' config=(rt=44100 ch_mask=0x1 fmt=0xe000000) address=''
05-28 16:14:51.594 D/audio_hw_hal_primary( 509): adev_open_output_stream_new: enter
05-28 16:14:51.594 D/libdolbyms12( 509): set runtime mch_enable 1
05-28 16:14:51.594 I/audio_hw_hal_primary( 509): [adev_open_output_stream:3285] io 2005: out:0xeed0baf0 dev:OUT_HDMI(0x400) addr:
05-28 16:14:51.594 I/audio_hw_hal_primary( 509): [adev_open_output_stream:3287] ch_mask:0x1 rate:44100 format:DOLBY_TRUEHD(0xe000000) flags:0x11
05-28 16:14:51.594 D/libdolbyms12( 509): Aml_MS12_PcmrDynamicParamsSet mch_dynamic_enable change 1
05-28 16:14:51.594 I/audio_hw_hal_primary( 509): adev_open_output_stream: for raw audio output,force alsa stereo output
05-28 16:14:51.594 I/audio_hw_hal_primary( 509): [adev_open_output_stream:3610] result profile ch_mask:0x1 rate:44100 format:DOLBY_TRUEHD(0xe000000) usecase:RAW_DIRECT
05-28 16:14:51.594 I/audio_hw_hal_utils( 509): aml_get_stream_dump_file_name line 2929 file_name /data/vendor/audiohal/stream_pid509_tid598.mlp
05-28 16:14:51.594 I/audio_hw_hal_primary( 509): [adev_open_output_stream_new:8037] io 2005: out: 0xeed0baf0 card:0 alsa devices:0 exit ------
05-28 16:14:51.595 D/MesonDisplayServer( 289): getDisplayAttribute "Dolby Vision CAP2": "The Rx don't support DolbyVision"
05-28 16:14:51.595 I/audio_hw_hal_primary( 509): [out_get_buffer_size:552] out:0xeed0baf0 config.rate=44100, format:DOLBY_TRUEHD(0xe000000), stream format:DOLBY_TRUEHD(0xe000000)
05-28 16:14:51.596 I/AudioFlinger( 594): HAL output buffer size 16384 frames, normal sink buffer size 16384 frames
05-28 16:14:51.596 I/SystemControl( 343): [/Ubootenv.cpp, updateValue, 68] [ubootenv] update value name [ubootenv.var.hdr_policy]: value [0]
05-28 16:14:51.596 I/audio_hw_hal_primary( 509): [audiohal_get_latency:1333] io 2005: out:0xeed0baf0 frames:1280 rate:44100 whole_latency:29 alsa_latency:29
05-28 16:14:51.596 I/SystemControl( 343): [/Ubootenv.cpp, get, 336] [ubootenv] get key:hdr_policy envValue: 0
05-28 16:14:51.596 I/audio_hw_hal_primary( 509): [out_set_event_callback:3158] io 2005: out:0xeed0baf0, callback:0xf0dfc91d cookie:0xf14c1f30
05-28 16:14:51.597 I/AudioFlinger( 594): AudioFlinger's thread 0xecf10250 tid=19790 ready to run
05-28 16:14:51.597 I/audio_hw_hal_primary( 509): [audiohal_get_latency:1333] io 2005: out:0xeed0baf0 frames:1280 rate:44100 whole_latency:29 alsa_latency:29
05-28 16:14:51.597 I/audio_hw_hal_primary( 509): [audiohal_get_latency:1333] io 2005: out:0xeed0baf0 frames:1152 rate:44100 whole_latency:26 alsa_latency:26
05-28 16:14:51.597 W/IPCThreadState( 594): Sending oneway calls to frozen process.
05-28 16:14:51.598 I/SystemControl( 343): [/Ubootenv.cpp, updateValue, 68] [ubootenv] update value name [ubootenv.var.hdr_priority]: value [268435472]
05-28 16:14:51.598 I/SystemControl( 343): [/Ubootenv.cpp, get, 336] [ubootenv] get key:hdr_priority envValue: 268435472
05-28 16:14:51.599 D/AudioFlinger( 594): ro.audio.silent is ignored since no output device is set
05-28 16:14:51.599 I/SystemControl( 343): [/Ubootenv.cpp, get, 345] [ubootenv] search end and not find env:user_colorattribute
05-28 16:14:51.599 V/MesonDisplayServer( 289): GetDisplayMode:dummy_l
05-28 16:14:51.600 D/AudioFlinger( 594): ro.audio.silent is ignored since no output device is set
05-28 16:14:51.602 I/SystemControl( 343): [/Ubootenv.cpp, get, 336] [ubootenv] get key:hdmimode envValue: none
05-28 16:14:51.603 I/SystemControl( 343): [/Ubootenv.cpp, get, 336] [ubootenv] get key:cvbsmode envValue: 576cvbs
05-28 16:14:51.604 I/SystemControl( 343): [/Ubootenv.cpp, get, 345] [ubootenv] search end and not find env:user_colorattribute
05-28 16:14:51.604 I/SystemControl( 343): [/Ubootenv.cpp, get, 345] [ubootenv] search end and not find env:dv_enable
05-28 16:14:51.605 E/MesonHwc( 289): dolby vision driver is not ready
05-28 16:14:51.606 I/SystemControl( 343): [/Ubootenv.cpp, get, 345] [ubootenv] search end and not find env:user_prefer_dv_type
05-28 16:14:51.607 E/MesonHwc( 289): dolby vision driver is not ready
05-28 16:14:51.607 I/SystemControl( 343): [/DisplayMode.cpp, getHdmiData, 1721] display sink type:1 [0:none, 1:sink, 2:repeater]
05-28 16:14:51.608 I/AudioFlinger( 594): openOutput() this 0xf2b07600, module 10 Device AUDIO_DEVICE_OUT_HDMI, @:, SamplingRate 32000, Format 0x000001, Channels 0x1, flags 0x41
05-28 16:14:51.609 D/audio_hw_hal_primary( 509): [adev_open_output_stream_new:7868] enter: dev=0xeedc14a0 handle=7dd devices=0x400/'HDMI,' flags=0x41/'DIRECT,HW_AV_SYNC,' config=(rt=32000 ch_mask=0x1 fmt=0x1) address=''
05-28 16:14:51.609 D/audio_hw_hal_primary( 509): adev_open_output_stream_new: enter
05-28 16:14:51.609 I/audio_hw_hal_primary( 509): [adev_open_output_stream:3285] io 2013: out:0xeed09e30 dev:OUT_HDMI(0x400) addr:
05-28 16:14:51.609 I/audio_hw_hal_primary( 509): [adev_open_output_stream:3287] ch_mask:0x1 rate:32000 format:PCM_16_BIT(0x1) flags:0x41
05-28 16:14:51.609 D/audio_hw_hal_primary( 509): [adev_open_output_stream:3573] format=PCM_16_BIT rate=32000
05-28 16:14:51.609 I/audio_hw_hal_primary( 509): init resampler from 32000 to 48000!
05-28 16:14:51.609 D/audio_hw_utils_resampler( 509): resampler_init, Init Resampler: input_sr = 32000, output_sr = 48000
05-28 16:14:51.609 I/audio_hw_hal_primary( 509): [adev_open_output_stream:3610] result profile ch_mask:0x1 rate:32000 format:PCM_16_BIT(0x1) usecase:PCM_HWSYNC
05-28 16:14:51.610 D/audio_hw_hal_timer( 509): func:audio_timer_create create timer.1 success.
05-28 16:14:51.610 D/audio_hw_hal_timer( 509): func:audio_timer_create create timer.2 success.
05-28 16:14:51.610 D/audio_hw_hal_primary( 509): [adev_open_output_stream_new:7980] timer_id:1
05-28 16:14:51.610 I/audio_hw_hal_utils( 509): aml_get_stream_dump_file_name line 2929 file_name /data/vendor/audiohal/stream_pid509_tid1487.pcm
05-28 16:14:51.610 I/audio_hw_hal_primary( 509): [adev_open_output_stream_new:8037] io 2013: out: 0xeed09e30 card:0 alsa devices:0 exit ------
05-28 16:14:51.611 I/SystemControl( 343): [/DisplayMode.cpp, filterHdmiDispcap, 1398] before filtered HdmiDispcap: 480p60hz
05-28 16:14:51.611 I/SystemControl( 343): 576p50hz
05-28 16:14:51.611 I/SystemControl( 343): 720p50hz
05-28 16:14:51.611 I/SystemControl( 343): 720p60hz
05-28 16:14:51.611 I/SystemControl( 343): 1080p60hz
05-28 16:14:51.611 I/SystemControl( 343): 1080p50hz
05-28 16:14:51.611 I/SystemControl( 343): 1080p24hz
05-28 16:14:51.611 I/SystemControl( 343): 1080p30hz
05-28 16:14:51.611 I/SystemControl( 343):
05-28 16:14:51.612 I/audio_hw_hal_primary( 509): [out_get_buffer_size:552] out:0xeed09e30 config.rate=32000, format:PCM_16_BIT(0x1), stream format:PCM_16_BIT(0x1)
05-28 16:14:51.612 I/AudioFlinger( 594): HAL output buffer size 2068 frames, normal sink buffer size 2068 frames
05-28 16:14:51.612 I/audio_hw_hal_primary( 509): [audiohal_get_latency:1333] io 2013: out:0xeed09e30 frames:1280 rate:32000 whole_latency:40 alsa_latency:40
05-28 16:14:51.612 I/SystemControl( 343): [/DisplayMode.cpp, filterHdmiDispcap, 1427] after filtered HdmiDispcap: 480p60hz
05-28 16:14:51.612 I/SystemControl( 343): 576p50hz
05-28 16:14:51.612 I/SystemControl( 343): 720p50hz
05-28 16:14:51.612 I/SystemControl( 343): 720p60hz
05-28 16:14:51.612 I/SystemControl( 343): 1080p60hz
05-28 16:14:51.612 I/SystemControl( 343): 1080p50hz
05-28 16:14:51.612 I/SystemControl( 343): 1080p24hz
05-28 16:14:51.612 I/SystemControl( 343): 1080p30hz
05-28 16:14:51.612 I/SystemControl( 343):
05-28 16:14:51.612 I/audio_hw_hal_primary( 509): [out_set_event_callback:3158] io 2013: out:0xeed09e30, callback:0xf0dfc91d cookie:0xf14c1990
05-28 16:14:51.613 I/audio_hw_hal_primary( 509): [audiohal_get_latency:1333] io 2013: out:0xeed09e30 frames:1152 rate:32000 whole_latency:36 alsa_latency:36
05-28 16:14:51.613 I/audio_hw_hal_primary( 509): [audiohal_get_latency:1333] io 2013: out:0xeed09e30 frames:1152 rate:32000 whole_latency:36 alsa_latency:36
05-28 16:14:51.614 W/IPCThreadState( 594): Sending oneway calls to frozen process.
05-28 16:14:51.620 D/MesonDisplayServer( 289): getDisplayAttribute "Dolby Vision CAP2": "The Rx don't support DolbyVision"
05-28 16:14:51.620 E/MesonHwc( 289): TV isn't support dv: The Rx don't support DolbyVision
05-28 16:14:51.620 I/SystemControl( 343): [/Ubootenv.cpp, get, 345] [ubootenv] search end and not find env:hdr_force_mode
05-28 16:14:51.621 I/SystemControl( 343): [/Ubootenv.cpp, get, 336] [ubootenv] get key:hdr_policy envValue: 0
05-28 16:14:51.621 I/SystemControl( 343): [/Ubootenv.cpp, get, 336] [ubootenv] get key:hdr_priority envValue: 268435472
05-28 16:14:51.621 E/MesonHwc( 289): dolby vision driver is not ready
05-28 16:14:51.624 I/AudioFlinger( 594): AudioFlinger's thread 0xecf18370 tid=19793 ready to run
05-28 16:14:51.625 D/AudioFlinger( 594): ro.audio.silent is ignored since no output device is set
05-28 16:14:51.625 D/MesonDisplayServer( 289): getDisplayAttribute "Dolby Vision CAP2": "The Rx don't support DolbyVision"
05-28 16:14:51.625 I/SystemControl( 343): [/Ubootenv.cpp, get, 345] [ubootenv] search end and not find env:hdr_resolution_priority
05-28 16:14:51.627 D/MesonDisplayServer( 289): getDisplayAttribute "Dolby Vision CAP2": "The Rx don't support DolbyVision"
05-28 16:14:51.627 I/SystemControl( 343): [/Ubootenv.cpp, get, 345] [ubootenv] search end and not find env:user_prefer_dv_type
05-28 16:14:51.627 E/SystemControl( 343): [/DisplayMode.cpp, getHdmiDvCap, 1618] TV isn't support dolby vision: The Rx don't support DolbyVision
05-28 16:14:51.627 I/SystemControl( 343): [/DisplayMode.cpp, onTxEvent, 3294] onTxEvent boot config enable do nothing, just return
05-28 16:14:51.627 I/SystemControl( 343): [/UEventObserver.cpp, HDMITxUenventThreadLoop, 451] HDMI TX switch_name:hdmitx_audio, switch_state: 1
05-28 16:14:51.627 I/SystemControl( 343): [/DisplayMode.cpp, onTxEvent, 3267] onTxEvent switchName:hdmitx_audio hpdstate:1 state: 1
05-28 16:14:51.627 I/SystemControl( 343): [/SysWrite.cpp, getKernelReleaseVersion, 701] getKernelReleaseVersion: 5.15
05-28 16:14:51.628 I/SystemControl( 343): [/SystemControlHal.cpp, onEvent, 72] onEvent event:5, client size:5
05-28 16:14:51.628 I/SystemControlEvent( 1379): system control callback event: 5
05-28 16:14:51.628 I/SystemControlClient( 244): notifyCallback event type:5
05-28 16:14:51.629 I/SystemControlClient( 244): notifyCallback: listener is NULL.
05-28 16:14:51.629 I/SystemControlClient( 529): notifyCallback event type:5
05-28 16:14:51.629 I/SystemControlClient( 529): notifyCallback: listener is NULL.
05-28 16:14:51.629 I/SystemControlClient( 528): notifyCallback event type:5
05-28 16:14:51.629 I/SystemControlClient( 528): notifyCallback: listener is NULL.
05-28 16:14:51.629 D/audio_hw_hal_primary( 509): [out_standby_new:5767] io 2013: out:0xeed09e30 usecase:PCM_HWSYNC
05-28 16:14:51.629 I/audio_hw_hal_primary( 509): already standby, do nothing
05-28 16:14:51.629 I/SystemControlClient( 527): notifyCallback event type:5
05-28 16:14:51.629 I/SystemControlClient( 527): notifyCallback: listener is NULL.
05-28 16:14:51.629 D/AudioFlinger( 594): ro.audio.silent is ignored since no output device is set
05-28 16:14:51.631 D/AudioFlinger( 594): ro.audio.silent is ignored since no output device is set
05-28 16:14:51.632 E/MesonHwc( 289): dolby vision driver is not ready
05-28 16:14:51.634 V/MesonDisplayServer( 289): GetDisplayMode:dummy_l
05-28 16:14:51.634 I/AudioFlinger( 594): openOutput() this 0xf2b07600, module 10 Device AUDIO_DEVICE_OUT_HDMI, @:, SamplingRate 32000, Format 0x9000000, Channels 0x1, flags 0x1
05-28 16:14:51.635 I/SystemControl( 343): [/Ubootenv.cpp, get, 345] [ubootenv] search end and not find env:framerate_priority
05-28 16:14:51.635 D/audio_hw_hal_primary( 509): [adev_open_output_stream_new:7868] enter: dev=0xeedc14a0 handle=7e5 devices=0x400/'HDMI,' flags=0x1/'DIRECT,' config=(rt=32000 ch_mask=0x1 fmt=0x9000000) address=''
05-28 16:14:51.635 D/audio_hw_hal_primary( 509): adev_open_output_stream_new: enter
05-28 16:14:51.635 I/audio_hw_hal_primary( 509): [adev_open_output_stream:3285] io 2021: out:0xeed01cd0 dev:OUT_HDMI(0x400) addr:
05-28 16:14:51.635 I/audio_hw_hal_primary( 509): [adev_open_output_stream:3287] ch_mask:0x1 rate:32000 format:AC3(0x9000000) flags:0x1
05-28 16:14:51.635 I/audio_hw_hal_primary( 509): adev_open_output_stream: for raw audio output,force alsa stereo output
05-28 16:14:51.635 I/audio_hw_hal_primary( 509): [adev_open_output_stream:3610] result profile ch_mask:0x1 rate:32000 format:AC3(0x9000000) usecase:RAW_DIRECT
05-28 16:14:51.635 I/audio_hw_hal_utils( 509): aml_get_stream_dump_file_name line 2929 file_name /data/vendor/audiohal/stream_pid509_tid1487.dd
05-28 16:14:51.635 I/SystemControl( 343): [/Ubootenv.cpp, get, 336] [ubootenv] get key:hdmimode envValue: none
05-28 16:14:51.635 I/audio_hw_hal_primary( 509): [adev_open_output_stream_new:8037] io 2021: out: 0xeed01cd0 card:0 alsa devices:0 exit ------
05-28 16:14:51.635 I/MesonDisplay( 289): [/mode_policy.c, meson_mode_set_policy, 1177] connector:0 to policy:0
05-28 16:14:51.635 I/MesonDisplay( 289): [/mode_policy.c, is_dv_prefer, 66] not prefer dv, hdr_priority:10000010
05-28 16:14:51.635 I/MesonDisplay( 289): [/mode_policy.c, is_dv_prefer, 66] not prefer dv, hdr_priority:10000010
05-28 16:14:51.635 I/MesonDisplay( 289): [/mode_policy.c, hdr_scene_process, 724] policy:0 is_bestcolorspace:1 state:1
05-28 16:14:51.635 I/MesonDisplay( 289): [/mode_policy_parser.c, is_support_hdmimode, 115] is_support_hdmimode mode: none not support
05-28 16:14:51.635 I/MesonDisplay( 289): [/mode_policy_parser.c, is_support_hdmimode, 115] is_support_hdmimode mode: 2160p60hz not support
05-28 16:14:51.635 I/MesonDisplay( 289): [/mode_policy_parser.c, is_support_hdmimode, 115] is_support_hdmimode mode: 2160p50hz not support
05-28 16:14:51.635 I/MesonDisplay( 289): [/mode_policy_parser.c, is_support_hdmimode, 115] is_support_hdmimode mode: 2160p60hz not support
05-28 16:14:51.635 I/MesonDisplay( 289): [/mode_policy_parser.c, is_support_hdmimode, 115] is_support_hdmimode mode: 2160p50hz not support
05-28 16:14:51.635 I/MesonDisplay( 289): [/mode_policy.c, is_support_4kHDR, 507] is_support_4kHDR 4k hdr not support
05-28 16:14:51.635 I/MesonDisplay( 289): [/mode_policy_parser.c, is_support_hdmimode, 110] is_support_hdmimode mode: 1080p60hz
05-28 16:14:51.635 D/MesonDisplay( 289): meson_write /sys/class/amhdmitx/amhdmitx0/valid_mode, outputmode:1080p60hz422,12bit
05-28 16:14:51.635 D/MesonDisplay( 289): valid mode is true!
05-28 16:14:51.636 I/MesonDisplay( 289): [/mode_policy.c, is_support_non4kHDR, 552] is_support_non4kHDR mode:[1080p60hz], color format:[422,12bit]
05-28 16:14:51.636 I/MesonDisplay( 289): [/mode_policy.c, meson_mode_get_policy_output, 1289] final_displaymode:1080p60hz, final_deepcolor:422,12bit, amdv_type:0
05-28 16:14:51.636 I/SystemControl( 343): [/Ubootenv.cpp, get, 336] [ubootenv] get key:hdr_preferred_policy envValue: 0
05-28 16:14:51.636 D/MesonDisplayServer( 289): use connector getDisplayAttribute "HDMI Color ATTR": "rgb,8bit"
05-28 16:14:51.636 D/MesonDisplayServer( 289): SetDisplay[HDMI Color ATTR] attr to "422,12bit"
05-28 16:14:51.636 D/MesonDisplayServer( 289): getDisplayAttribute "HDR Policy": "0"
05-28 16:14:51.636 D/MesonDisplayServer( 289): getDisplayAttribute "FORCE HDR Mode": "0"
05-28 16:14:51.636 D/MesonDisplayServer( 289): getDisplayAttribute "Dolby Vision Mode": "usage: echo mode > /sys/class/amdolby_vision/dv_mode AMDV_OUTPUT_MODE_BYPASS 0 AMDV_OUTPUT_MODE_IPT 1 AMDV_OUTPUT_MODE_IPT_TUNNEL 2 AMDV_OUTPUT_MODE_HDR10 3 AMDV_OUTPUT_MODE_SDR10 4 AMDV_OUTPUT_MODE_SDR8 5current dv_mode = off"
05-28 16:14:51.636 D/MesonDisplayServer( 289): getDisplayAttribute "Dolby Vision Policy": "0"
05-28 16:14:51.636 I/SystemControl( 343): [/Ubootenv.cpp, get, 345] [ubootenv] search end and not find env:hdr_force_mode
05-28 16:14:51.637 I/SystemControl( 343): [/Ubootenv.cpp, get, 336] [ubootenv] get key:hdr_policy envValue: 0
05-28 16:14:51.637 E/MesonHwc( 289): dolby vision driver is not ready
05-28 16:14:51.637 D/MesonDisplayServer( 289): use connector getDisplayAttribute "HDR Priority": "268435472"
05-28 16:14:51.637 I/SystemControl( 343): [/Ubootenv.cpp, get, 336] [ubootenv] get key:hdr_priority envValue: 268435472
05-28 16:14:51.637 D/MesonDisplayServer( 289): getDisplayAttribute "Dolby Vision Enable": "N"
05-28 16:14:51.637 I/audio_hw_hal_primary( 509): [out_get_buffer_size:552] out:0xeed01cd0 config.rate=32000, format:AC3(0x9000000), stream format:AC3(0x9000000)
05-28 16:14:51.638 D/MesonDisplayServer( 289): getDisplayAttribute "Dolby Vision LL Policy": "0"
05-28 16:14:51.638 E/MesonHwc( 289): dolby vision driver is not ready
05-28 16:14:51.638 V/MesonDisplayServer( 289): GetDisplayMode:dummy_l
05-28 16:14:51.638 I/AudioFlinger( 594): HAL output buffer size 2048 frames, normal sink buffer size 2048 frames
05-28 16:14:51.638 I/audio_hw_hal_primary( 509): [audiohal_get_latency:1333] io 2021: out:0xeed01cd0 frames:1024 rate:32000 whole_latency:32 alsa_latency:32
05-28 16:14:51.638 I/MesonDisplay( 289): [/HDCPTxAuth.cpp, stopVerAll, 344] hdcp_tx 2.2 & 1.4 stop hdcp pwr
05-28 16:14:51.638 E/MesonDisplay( 289): open /sys/class/amhdmitx/amhdmitx0/hdcp_pwr fail. Error info [No such file or directory]
05-28 16:14:51.639 I/audio_hw_hal_primary( 509): [out_set_event_callback:3158] io 2021: out:0xeed01cd0, callback:0xf0dfc91d cookie:0xf14c17b0
05-28 16:14:51.639 I/AudioFlinger( 594): AudioFlinger's thread 0xecf306d0 tid=19794 ready to run
05-28 16:14:51.639 I/audio_hw_hal_primary( 509): [audiohal_get_latency:1333] io 2021: out:0xeed01cd0 frames:1280 rate:32000 whole_latency:40 alsa_latency:40
05-28 16:14:51.639 I/audio_hw_hal_primary( 509): [audiohal_get_latency:1333] io 2021: out:0xeed01cd0 frames:1280 rate:32000 whole_latency:40 alsa_latency:40
05-28 16:14:51.640 W/IPCThreadState( 594): Sending oneway calls to frozen process.
05-28 16:14:51.642 D/hdmicecd( 532): [CEC]:printCecMessage, [4 -> 4] len: 0, body:, result:no ack
05-28 16:14:51.646 D/AudioFlinger( 594): ro.audio.silent is ignored since no output device is set
05-28 16:14:51.649 D/audio_hw_hal_primary( 509): [out_standby_new:5767] io 2021: out:0xeed01cd0 usecase:RAW_DIRECT
05-28 16:14:51.649 I/audio_hw_hal_primary( 509): already standby, do nothing
05-28 16:14:51.653 D/AudioFlinger( 594): ro.audio.silent is ignored since no output device is set
05-28 16:14:51.662 I/AudioFlinger( 594): openOutput() this 0xf2b07600, module 10 Device AUDIO_DEVICE_OUT_HDMI, @:, SamplingRate 32000, Format 0x9000000, Channels 0x1, flags 0x51
05-28 16:14:51.663 D/audio_hw_hal_primary( 509): [adev_open_output_stream_new:7868] enter: dev=0xeedc14a0 handle=7ed devices=0x400/'HDMI,' flags=0x51/'DIRECT,COMPRESS_OFFLOAD,HW_AV_SYNC,' config=(rt=32000 ch_mask=0x1 fmt=0x9000000) address=''
05-28 16:14:51.663 D/audio_hw_hal_primary( 509): adev_open_output_stream_new: enter
05-28 16:14:51.663 I/audio_hw_hal_primary( 509): [adev_open_output_stream:3285] io 2029: out:0xeed09700 dev:OUT_HDMI(0x400) addr:
05-28 16:14:51.663 I/audio_hw_hal_primary( 509): [adev_open_output_stream:3287] ch_mask:0x1 rate:32000 format:AC3(0x9000000) flags:0x51
05-28 16:14:51.663 I/audio_hw_hal_primary( 509): adev_open_output_stream: for raw audio output,force alsa stereo output
05-28 16:14:51.663 D/audio_hw_hal_primary( 509): [adev_open_output_stream:3573] format=AC3 rate=32000
05-28 16:14:51.663 I/audio_hw_hal_primary( 509): [adev_open_output_stream:3610] result profile ch_mask:0x1 rate:32000 format:AC3(0x9000000) usecase:RAW_HWSYNC
05-28 16:14:51.663 I/audio_hw_hal_utils( 509): aml_get_stream_dump_file_name line 2929 file_name /data/vendor/audiohal/stream_pid509_tid9864.dd
05-28 16:14:51.663 I/audio_hw_hal_primary( 509): [adev_open_output_stream_new:8037] io 2029: out: 0xeed09700 card:0 alsa devices:0 exit ------
05-28 16:14:51.664 I/audio_hw_hal_primary( 509): [out_get_buffer_size:552] out:0xeed09700 config.rate=32000, format:AC3(0x9000000), stream format:AC3(0x9000000)
05-28 16:14:51.665 I/AudioFlinger( 594): HAL output buffer size 2048 frames, normal sink buffer size 2048 frames
05-28 16:14:51.667 I/audio_hw_hal_primary( 509): [audiohal_get_latency:1333] io 2029: out:0xeed09700 frames:1280 rate:32000 whole_latency:40 alsa_latency:40
05-28 16:14:51.668 I/audio_hw_hal_primary( 509): [out_set_event_callback:3158] io 2029: out:0xeed09700, callback:0xf0dfc91d cookie:0xf14c24d0
05-28 16:14:51.668 I/audio_hw_hal_primary( 509): [audiohal_get_latency:1333] io 2029: out:0xeed09700 frames:1152 rate:32000 whole_latency:36 alsa_latency:36
05-28 16:14:51.668 I/AudioFlinger( 594): AudioFlinger's thread 0xecf20490 tid=19795 ready to run
05-28 16:14:51.668 I/audio_hw_hal_primary( 509): [audiohal_get_latency:1333] io 2029: out:0xeed09700 frames:1152 rate:32000 whole_latency:36 alsa_latency:36
05-28 16:14:51.669 W/IPCThreadState( 594): Sending oneway calls to frozen process.
05-28 16:14:51.672 D/AudioFlinger( 594): ro.audio.silent is ignored since no output device is set
05-28 16:14:51.674 D/AudioFlinger( 594): ro.audio.silent is ignored since no output device is set
05-28 16:14:51.683 E/MesonDisplay( 289): open /sys/class/amhdmitx/amhdmitx0/hdcp_pwr fail. Error info [No such file or directory]
05-28 16:14:51.683 E/MesonDisplay( 289): open /sys/class/amhdmitx/amhdmitx0/hdcp_ctrl fail. Error info [No such file or directory]
05-28 16:14:51.683 E/MesonDisplay( 289): open /sys/class/amhdmitx/amhdmitx0/hdcp_ctrl fail. Error info [No such file or directory]
05-28 16:14:51.685 I/MesonDisplay( 289): [/HDCPTxAuth.cpp, stop, 137] hdcp_tx pthread exit id = 3997155776, (null) done
05-28 16:14:51.686 D/MesonDisplayServer( 289): SetDisplay[HDMI] Mode to "1080p60hz"
05-28 16:14:51.686 I/AudioFlinger( 594): openOutput() this 0xf2b07600, module 10 Device AUDIO_DEVICE_OUT_HDMI, @:, SamplingRate 0, Format 00000000, Channels 0, flags 0x4001
05-28 16:14:51.687 D/audio_hw_hal_primary( 509): [adev_open_output_stream_new:7868] enter: dev=0xeedc14a0 handle=7f5 devices=0x400/'HDMI,' flags=0x4001/'DIRECT,MMAP_NOIRQ,' config=(rt=0 ch_mask=0x0 fmt=0x0) address=''
05-28 16:14:51.687 D/audio_hw_hal_primary( 509): adev_open_output_stream_new: enter
05-28 16:14:51.687 I/audio_hw_hal_primary( 509): [adev_open_output_stream:3285] io 2037: out:0xeed064b0 dev:OUT_HDMI(0x400) addr:
05-28 16:14:51.687 I/audio_hw_hal_primary( 509): [adev_open_output_stream:3287] ch_mask:0 rate:0 format:DEFAULT(0) flags:0x4001
05-28 16:14:51.687 I/audio_hw_hal_primary( 509): when open aaudio stream, send RUNNING msg to submix & ms12
05-28 16:14:51.687 W/audio_hw_hal_ms12common( 509): aml_set_ms12_scheduler_state sch_state:0 SCHEDULER_RUNNING, ms12 scheduler state not changed.
05-28 16:14:51.687 I/audio_hw_hal_mmap( 509): [outMmapInit:680] stream:0xeed064b0
05-28 16:14:51.687 I/audio_hw_hal_mmap( 509): [dma_buffer_allocate:639] enter
05-28 16:14:51.687 I/DMABUFHEAPS( 509): Using DMA-BUF heap named: system-uncached
05-28 16:14:51.687 I/audio_hw_hal_mmap( 509): [dma_buffer_allocate:673] s32DmaFd:26, pu8MmapAddr:0xf21be000
05-28 16:14:51.687 I/audio_hw_hal_mmap( 509): [mmap_audio_register_client:927] OK ! stream 0xeed064b0, client id 0
05-28 16:14:51.687 I/audio_hw_hal_primary( 509): [adev_open_output_stream:3540] vendor.media.llp 0
05-28 16:14:51.687 I/audio_hw_hal_primary( 509): [adev_open_output_stream:3610] result profile ch_mask:0x3 rate:48000 format:PCM_16_BIT(0x1) usecase:PCM_MMAP
05-28 16:14:51.687 I/audio_hw_hal_utils( 509): aml_get_stream_dump_file_name line 2929 file_name /data/vendor/audiohal/stream_pid509_tid9864.pcm
05-28 16:14:51.687 I/audio_hw_hal_primary( 509): [adev_open_output_stream_new:8037] io 2037: out: 0xeed064b0 card:0 alsa devices:0 exit ------
05-28 16:14:51.688 I/audio_hw_hal_primary( 509): [out_get_buffer_size:552] out:0xeed064b0 config.rate=48000, format:PCM_16_BIT(0x1), stream format:PCM_16_BIT(0x1)
05-28 16:14:51.689 I/AudioFlinger( 594): AudioFlinger's thread 0xecd40010 tid=19796 ready to run
05-28 16:14:51.689 W/IPCThreadState( 594): Sending oneway calls to frozen process.
05-28 16:14:51.690 I/audio_hw_hal_profile( 509): [out_get_parameters:2092] out:0xeed064b0 query channels. Format:PCM_16_BIT(0x1) ++++++++++ hal_format:PCM_16_BIT
05-28 16:14:51.690 D/audio_hw_hal_profile( 509): get_hdmi_sink_cap_new is running...
05-28 16:14:51.690 D/audio_hw_hal_profile( 509): [get_hdmi_sink_cap_new:887] query hdmi channels... format: PCM_16_BIT(0x1)
05-28 16:14:51.690 I/audio_hw_hal_profile( 509): [out_get_parameters:2165] sup_channels=AUDIO_CHANNEL_OUT_STEREO|AUDIO_CHANNEL_OUT_5POINT1|AUDIO_CHANNEL_OUT_7POINT1
05-28 16:14:51.691 D/AudioFlinger( 594): closing mmapThread 0xecd40010
05-28 16:14:51.691 W/IPCThreadState( 594): Sending oneway calls to frozen process.
05-28 16:14:51.691 D/AudioFlinger( 594): mmapThread exit()
05-28 16:14:51.692 I/audio_hw_hal_primary( 509): [adev_close_output_stream_new:8052] io handle 2037: out:0xeed064b0
05-28 16:14:51.692 D/audio_hw_hal_primary( 509): adev_close_output_stream_new: enter usecase = PCM_MMAP
05-28 16:14:51.692 I/audio_hw_hal_primary( 509): [adev_close_output_stream:3695] io 2037: out:0xeed064b0 dev:OUT_HDMI(0x400) flags:0x4001, usecase:PCM_MMAP
05-28 16:14:51.692 D/audio_hw_hal_primary( 509): [out_standby_new:5767] io 2037: out:0xeed064b0 usecase:PCM_MMAP
05-28 16:14:51.692 I/audio_hw_hal_primary( 509): already standby, do nothing
05-28 16:14:51.692 I/audio_hw_hal_mmap( 509): [outMmapDeInit:743] stream:0xeed064b0
05-28 16:14:51.692 I/audio_hw_hal_mmap( 509): [mmap_audio_unregister_client:955] OK ! stream 0xeed064b0, client id 0
05-28 16:14:51.692 I/audio_hw_hal_primary( 509): when close aaudio stream, send STANDBY msg to submix & ms12
05-28 16:14:51.692 I/audio_hw_hal_ms12common( 509): aml_set_ms12_scheduler_state ms12_scheduler_state:1, sch_state:1 SCHEDULER_STANDBY is sent to ms12
05-28 16:14:51.692 I/audio_hw_hal_resourcemgr( 509): [is_output_device_muted:710] device:0x2 port_mute:0, fade_mute:0
05-28 16:14:51.692 I/audio_hw_hal_primary( 509): [adev_close_output_stream:3863] io 2037: out:0xeed064b0 exit ------
05-28 16:14:51.692 I/AudioFlinger( 594): openOutput() this 0xf2b07600, module 10 Device AUDIO_DEVICE_OUT_HDMI, @:, SamplingRate 48000, Format 0x000001, Channels 0x3, flags 0x4001
05-28 16:14:51.693 D/audio_hw_hal_primary( 509): [adev_open_output_stream_new:7868] enter: dev=0xeedc14a0 handle=7fd devices=0x400/'HDMI,' flags=0x4001/'DIRECT,MMAP_NOIRQ,' config=(rt=48000 ch_mask=0x3 fmt=0x1) address=''
05-28 16:14:51.693 D/audio_hw_hal_primary( 509): adev_open_output_stream_new: enter
05-28 16:14:51.693 I/audio_hw_hal_primary( 509): [adev_open_output_stream:3285] io 2045: out:0xeed040c0 dev:OUT_HDMI(0x400) addr:
05-28 16:14:51.693 I/audio_hw_hal_primary( 509): [adev_open_output_stream:3287] ch_mask:0x3 rate:48000 format:PCM_16_BIT(0x1) flags:0x4001
05-28 16:14:51.693 I/audio_hw_hal_primary( 509): when open aaudio stream, send RUNNING msg to submix & ms12
05-28 16:14:51.693 D/audio_hw_hal_ms12v2( 509): set_dolby_ms12_continuous_state audio_continuous_standby_set status 0
05-28 16:14:51.693 D/audio_hw_hal_continuous_standby( 509): audio_continuous_standby_set, type 0, params 0
05-28 16:14:51.693 I/audio_hw_hal_ms12common( 509): aml_set_ms12_scheduler_state ms12_scheduler_state:0, sch_state:0 SCHEDULER_RUNNING is sent to ms12
05-28 16:14:51.693 I/audio_hw_hal_mmap( 509): [outMmapInit:680] stream:0xeed040c0
05-28 16:14:51.693 I/audio_hw_hal_mmap( 509): [dma_buffer_allocate:639] enter
05-28 16:14:51.693 I/DMABUFHEAPS( 509): Using DMA-BUF heap named: system-uncached
05-28 16:14:51.693 I/audio_hw_hal_mmap( 509): [dma_buffer_allocate:673] s32DmaFd:26, pu8MmapAddr:0xf21be000
05-28 16:14:51.693 I/audio_hw_hal_mmap( 509): [mmap_audio_register_client:927] OK ! stream 0xeed040c0, client id 0
05-28 16:14:51.693 I/audio_hw_hal_primary( 509): [adev_open_output_stream:3540] vendor.media.llp 0
05-28 16:14:51.693 I/audio_hw_hal_primary( 509): [adev_open_output_stream:3610] result profile ch_mask:0x3 rate:48000 format:PCM_16_BIT(0x1) usecase:PCM_MMAP
05-28 16:14:51.693 I/audio_hw_hal_utils( 509): aml_get_stream_dump_file_name line 2929 file_name /data/vendor/audiohal/stream_pid509_tid17178.pcm
05-28 16:14:51.693 I/audio_hw_hal_primary( 509): [adev_open_output_stream_new:8037] io 2045: out: 0xeed040c0 card:0 alsa devices:0 exit ------
05-28 16:14:51.694 I/audio_hw_hal_primary( 509): [out_get_buffer_size:552] out:0xeed040c0 config.rate=48000, format:PCM_16_BIT(0x1), stream format:PCM_16_BIT(0x1)
05-28 16:14:51.695 W/IPCThreadState( 594): Sending oneway calls to frozen process.
05-28 16:14:51.695 I/AudioFlinger( 594): AudioFlinger's thread 0xecd40010 tid=19798 ready to run
05-28 16:14:51.700 D/hdmicecd( 532): [CEC]:printCecMessage, [4 -> 4] len: 0, body:, result:no ack
05-28 16:14:51.705 I/audio_hw_hal_primary( 509): [out_set_volume:1406] out:0xeed040c0 left:1.000000 continuous:1 internal_format:PCM_16_BIT dolby:0 direct pcm:1 mmap_pcm:1
05-28 16:14:51.716 I/AudioFlinger( 594): openOutput() this 0xf2b07600, module 10 Device AUDIO_DEVICE_OUT_HDMI, @:, SamplingRate 0, Format 00000000, Channels 0, flags 0x41
05-28 16:14:51.716 D/audio_hw_hal_primary( 509): [adev_open_output_stream_new:7868] enter: dev=0xeedc14a0 handle=805 devices=0x400/'HDMI,' flags=0x41/'DIRECT,HW_AV_SYNC,' config=(rt=0 ch_mask=0x0 fmt=0x0) address=''
05-28 16:14:51.716 D/audio_hw_hal_primary( 509): adev_open_output_stream_new: enter
05-28 16:14:51.716 I/audio_hw_hal_primary( 509): [adev_open_output_stream:3285] io 2053: out:0xeed0dee0 dev:OUT_HDMI(0x400) addr:
05-28 16:14:51.716 I/audio_hw_hal_primary( 509): [adev_open_output_stream:3287] ch_mask:0 rate:0 format:DEFAULT(0) flags:0x41
05-28 16:14:51.716 D/audio_hw_hal_primary( 509): [adev_open_output_stream:3573] format=PCM_16_BIT rate=48000
05-28 16:14:51.716 I/audio_hw_hal_primary( 509): [adev_open_output_stream:3610] result profile ch_mask:0x3 rate:48000 format:PCM_16_BIT(0x1) usecase:PCM_HWSYNC
05-28 16:14:51.717 D/audio_hw_hal_timer( 509): func:audio_timer_create create timer.3 success.
05-28 16:14:51.718 D/audio_hw_hal_timer( 509): func:audio_timer_create create timer.4 success.
05-28 16:14:51.718 D/audio_hw_hal_primary( 509): [adev_open_output_stream_new:7980] timer_id:3
05-28 16:14:51.718 I/audio_hw_hal_utils( 509): aml_get_stream_dump_file_name line 2929 file_name /data/vendor/audiohal/stream_pid509_tid17178.pcm
05-28 16:14:51.718 I/audio_hw_hal_primary( 509): [adev_open_output_stream_new:8037] io 2053: out: 0xeed0dee0 card:0 alsa devices:0 exit ------
05-28 16:14:51.718 E/Scheduler( 263): trackPendingFrame: Invalid present fence
05-28 16:14:51.720 I/audio_hw_hal_primary( 509): [out_get_buffer_size:552] out:0xeed0dee0 config.rate=48000, format:PCM_16_BIT(0x1), stream format:PCM_16_BIT(0x1)
05-28 16:14:51.721 I/AudioFlinger( 594): HAL output buffer size 2058 frames, normal sink buffer size 2058 frames
05-28 16:14:51.721 I/audio_hw_hal_primary( 509): [audiohal_get_latency:1333] io 2053: out:0xeed0dee0 frames:1152 rate:48000 whole_latency:24 alsa_latency:24
05-28 16:14:51.722 I/audio_hw_hal_primary( 509): [out_set_event_callback:3158] io 2053: out:0xeed0dee0, callback:0xf0dfc91d cookie:0xf14c1450
05-28 16:14:51.722 I/audio_hw_hal_primary( 509): [audiohal_get_latency:1333] io 2053: out:0xeed0dee0 frames:1024 rate:48000 whole_latency:21 alsa_latency:21
05-28 16:14:51.723 I/AudioFlinger( 594): AudioFlinger's thread 0xecf142e0 tid=19801 ready to run
05-28 16:14:51.723 I/audio_hw_hal_primary( 509): [audiohal_get_latency:1333] io 2053: out:0xeed0dee0 frames:1024 rate:48000 whole_latency:21 alsa_latency:21
05-28 16:14:51.723 W/IPCThreadState( 594): Sending oneway calls to frozen process.
05-28 16:14:51.724 D/AudioFlinger( 594): ro.audio.silent is ignored since no output device is set
05-28 16:14:51.724 D/audio_hw_hal_primary( 509): [out_standby_new:5767] io 2053: out:0xeed0dee0 usecase:PCM_HWSYNC
05-28 16:14:51.724 I/audio_hw_hal_primary( 509): already standby, do nothing
05-28 16:14:51.725 I/audio_hw_hal_profile( 509): [out_get_parameters:2085] out:0xeed0dee0 query audio format. ++++++++++ hal_format:PCM_16_BIT
05-28 16:14:51.725 D/audio_hw_hal_profile( 509): get_hdmi_sink_cap_new is running...
05-28 16:14:51.726 D/audio_hw_hal_profile( 509): query hdmi format...
05-28 16:14:51.726 D/audio_hw_hal_profile( 509): get_hdmi_sink_cap_new ddp is unsupported; ddp-joc(atmos) is unsupported;
05-28 16:14:51.726 I/audio_hw_hal_profile( 509): PCM cap Max channel =8
05-28 16:14:51.726 I/audio_hw_hal_profile( 509): [out_get_parameters:2165] sup_formats=AUDIO_FORMAT_PCM_16_BIT|AUDIO_FORMAT_IEC61937
05-28 16:14:51.726 D/APM_AudioPolicyManager( 594): modifySurroundFormats: forced use = 13
05-28 16:14:51.727 I/audio_hw_hal_profile( 509): [out_get_parameters:2089] out:0xeed0dee0 query sample rate. Format:PCM_16_BIT(0x1) ++++++++++ hal_format:PCM_16_BIT
05-28 16:14:51.727 D/audio_hw_hal_profile( 509): get_hdmi_sink_cap_new is running...
05-28 16:14:51.727 D/audio_hw_hal_profile( 509): [get_hdmi_sink_cap_new:960] query hdmi sample_rate... format: PCM_16_BIT(0x1)
05-28 16:14:51.727 I/audio_hw_hal_profile( 509): get_hdmi_sink_cap_new format =0x1 support rate =sup_sampling_rates=32000|44100|48000
05-28 16:14:51.727 I/audio_hw_hal_profile( 509): [out_get_parameters:2165] sup_sampling_rates=32000|44100|48000
05-28 16:14:51.728 I/audio_hw_hal_profile( 509): [out_get_parameters:2092] out:0xeed0dee0 query channels. Format:PCM_16_BIT(0x1) ++++++++++ hal_format:PCM_16_BIT
05-28 16:14:51.728 D/audio_hw_hal_profile( 509): get_hdmi_sink_cap_new is running...
05-28 16:14:51.728 D/audio_hw_hal_profile( 509): [get_hdmi_sink_cap_new:887] query hdmi channels... format: PCM_16_BIT(0x1)
05-28 16:14:51.728 I/audio_hw_hal_profile( 509): [out_get_parameters:2165] sup_channels=AUDIO_CHANNEL_OUT_STEREO|AUDIO_CHANNEL_OUT_5POINT1|AUDIO_CHANNEL_OUT_7POINT1
05-28 16:14:51.728 I/audio_hw_hal_profile( 509): [out_get_parameters:2089] out:0xeed0dee0 query sample rate. Format:IEC61937(0xd000000) ++++++++++ hal_format:PCM_16_BIT
05-28 16:14:51.728 D/audio_hw_hal_profile( 509): get_hdmi_sink_cap_new is running...
05-28 16:14:51.728 D/audio_hw_hal_profile( 509): [get_hdmi_sink_cap_new:960] query hdmi sample_rate... format: IEC61937(0xd000000)
05-28 16:14:51.728 I/audio_hw_hal_profile( 509): [out_get_parameters:2165] sup_sampling_rates=8000|11025|16000|22050|24000|32000|44100|48000|128000|176400|192000
05-28 16:14:51.729 I/audio_hw_hal_profile( 509): [out_get_parameters:2092] out:0xeed0dee0 query channels. Format:IEC61937(0xd000000) ++++++++++ hal_format:PCM_16_BIT
05-28 16:14:51.729 D/audio_hw_hal_profile( 509): get_hdmi_sink_cap_new is running...
05-28 16:14:51.730 D/audio_hw_hal_profile( 509): [get_hdmi_sink_cap_new:887] query hdmi channels... format: IEC61937(0xd000000)
05-28 16:14:51.730 I/audio_hw_hal_profile( 509): [out_get_parameters:2165] sup_channels=AUDIO_CHANNEL_OUT_MONO|AUDIO_CHANNEL_OUT_STEREO|AUDIO_CHANNEL_OUT_TRI|AUDIO_CHANNEL_OUT_TRI_BACK|AUDIO_CHANNEL_OUT_3POINT1|AUDIO_CHANNEL_OUT_QUAD|AUDIO_CHANNEL_OUT_SURROUND|AUDIO_CHANNEL_OUT_PENTA|AUDIO_CHANNEL_OUT_5POINT1|AUDIO_CHANNEL_OUT_7POINT1
05-28 16:14:51.731 D/audio_hw_hal_primary( 509): [out_dump:848] io 2053: out:0xeed0dee0, fd:27
05-28 16:14:51.732 W/IPCThreadState( 594): Sending oneway calls to frozen process.
05-28 16:14:51.732 D/audio_hw_hal_primary( 509): [out_set_parameters:971] out:0xeed0dee0 kvpairs:closing=true;exiting=1 out->out_device:0x400, adev->out_device:0x80002
05-28 16:14:51.732 E/audio_hw_hal_primary( 509): out_set_parameters, ret:-2, hw_sync_mode:is false
05-28 16:14:51.732 D/AudioFlinger( 594): ro.audio.silent is ignored since no output device is set
05-28 16:14:51.733 I/audio_hw_hal_primary( 509): [out_set_event_callback:3158] io 2053: out:0xeed0dee0, callback:0xf0dfc91d cookie:0xf14c1450
05-28 16:14:51.733 I/audio_hw_hal_primary( 509): [adev_close_output_stream_new:8052] io handle 2053: out:0xeed0dee0
05-28 16:14:51.733 D/audio_hw_hal_primary( 509): adev_close_output_stream_new: enter usecase = PCM_HWSYNC
05-28 16:14:51.733 D/audio_hw_hal_timer( 509): func:audio_timer_delete delete timer.3 success.
05-28 16:14:51.733 D/audio_hw_hal_timer( 509): func:audio_timer_delete delete timer.4 success.
05-28 16:14:51.733 D/audio_hw_hal_primary( 509): [adev_close_output_stream_new:8076] timer_id:3 ret:4
05-28 16:14:51.733 I/audio_hw_hal_primary( 509): [adev_close_output_stream:3695] io 2053: out:0xeed0dee0 dev:OUT_HDMI(0x400) flags:0x41, usecase:PCM_HWSYNC
05-28 16:14:51.733 D/audio_hw_hal_primary( 509): [out_standby_new:5767] io 2053: out:0xeed0dee0 usecase:PCM_HWSYNC
05-28 16:14:51.734 E/Scheduler( 263): trackPendingFrame: Invalid present fence
05-28 16:14:51.733 I/audio_hw_hal_primary( 509): already standby, do nothing
05-28 16:14:51.735 I/audio_hw_hal_resourcemgr( 509): [is_output_device_muted:710] device:0x2 port_mute:0, fade_mute:0
05-28 16:14:51.735 I/audio_hw_hal_primary( 509): [adev_close_output_stream:3863] io 2053: out:0xeed0dee0 exit ------
05-28 16:14:51.735 I/AudioFlinger( 594): openOutput() this 0xf2b07600, module 10 Device AUDIO_DEVICE_OUT_HDMI, @:, SamplingRate 8000, Format 0xd000000, Channels 0x1, flags 0x41
05-28 16:14:51.736 D/audio_hw_hal_primary( 509): [adev_open_output_stream_new:7868] enter: dev=0xeedc14a0 handle=80d devices=0x400/'HDMI,' flags=0x441/'DIRECT,HW_AV_SYNC,IEC958_NONAUDIO,' config=(rt=8000 ch_mask=0x1 fmt=0xd000000) address=''
05-28 16:14:51.736 D/audio_hw_hal_primary( 509): adev_open_output_stream_new: enter
05-28 16:14:51.736 I/audio_hw_hal_primary( 509): [adev_open_output_stream:3285] io 2061: out:0xeed0dee0 dev:OUT_HDMI(0x400) addr:
05-28 16:14:51.736 I/audio_hw_hal_primary( 509): [adev_open_output_stream:3287] ch_mask:0x1 rate:8000 format:IEC61937(0xd000000) flags:0x441
05-28 16:14:51.736 D/audio_hw_hal_primary( 509): [adev_open_output_stream:3381] current format is IEC61937
05-28 16:14:51.736 D/audio_hw_hal_primary( 509): [adev_open_output_stream:3573] format=IEC61937 rate=8000
05-28 16:14:51.736 I/audio_hw_hal_primary( 509): [adev_open_output_stream:3610] result profile ch_mask:0x1 rate:8000 format:IEC61937(0xd000000) usecase:RAW_DIRECT
05-28 16:14:51.736 I/audio_hw_hal_utils( 509): aml_get_stream_dump_file_name line 2929 file_name /data/vendor/audiohal/stream_pid509_tid17178.pcm
05-28 16:14:51.736 I/audio_hw_hal_primary( 509): [adev_open_output_stream_new:8037] io 2061: out: 0xeed0dee0 card:0 alsa devices:0 exit ------
05-28 16:14:51.738 I/audio_hw_hal_primary( 509): [out_get_buffer_size:552] out:0xeed0dee0 config.rate=8000, format:IEC61937(0xd000000), stream format:IEC61937(0xd000000)
05-28 16:14:51.738 I/audio_hw_hal_primary( 509): out_get_buffer_size AUDIO_FORMAT_IEC61937 buffer size = 4096 frames
05-28 16:14:51.738 I/AudioFlinger( 594): HAL output buffer size 2048 frames, normal sink buffer size 2048 frames
05-28 16:14:51.738 I/audio_hw_hal_primary( 509): [audiohal_get_latency:1333] io 2061: out:0xeed0dee0 frames:1024 rate:8000 whole_latency:128 alsa_latency:128
05-28 16:14:51.739 I/audio_hw_hal_primary( 509): [out_set_event_callback:3158] io 2061: out:0xeed0dee0, callback:0xf0dfc91d cookie:0xf14c2650
05-28 16:14:51.739 I/audio_hw_hal_primary( 509): [audiohal_get_latency:1333] io 2061: out:0xeed0dee0 frames:1024 rate:8000 whole_latency:128 alsa_latency:128
05-28 16:14:51.739 I/audio_hw_hal_primary( 509): [audiohal_get_latency:1333] io 2061: out:0xeed0dee0 frames:1024 rate:8000 whole_latency:128 alsa_latency:128
05-28 16:14:51.740 I/AudioFlinger( 594): AudioFlinger's thread 0xecf142e0 tid=19803 ready to run
05-28 16:14:51.740 W/IPCThreadState( 594): Sending oneway calls to frozen process.
05-28 16:14:51.741 D/AudioFlinger( 594): ro.audio.silent is ignored since no output device is set
05-28 16:14:51.741 D/audio_hw_hal_primary( 509): [out_standby_new:5767] io 2061: out:0xeed0dee0 usecase:RAW_DIRECT
05-28 16:14:51.741 I/audio_hw_hal_primary( 509): already standby, do nothing
05-28 16:14:51.744 D/AudioFlinger( 594): ro.audio.silent is ignored since no output device is set
05-28 16:14:51.744 D/AudioFlinger( 594): ro.audio.silent is ignored since no output device is set
05-28 16:14:51.745 D/AudioFlinger( 594): ro.audio.silent is ignored since no output device is set
05-28 16:14:51.751 E/Scheduler( 263): trackPendingFrame: Invalid present fence
05-28 16:14:51.752 D/AudioFlinger( 594): ro.audio.silent is ignored since no output device is set
05-28 16:14:51.754 D/AudioFlinger( 594): ro.audio.silent is ignored since no output device is set
05-28 16:14:51.756 D/AudioFlinger( 594): ro.audio.silent is ignored since no output device is set
05-28 16:14:51.757 D/AudioFlinger( 594): ro.audio.silent is ignored since no output device is set
05-28 16:14:51.758 D/AudioFlinger( 594): ro.audio.silent is ignored since no output device is set
05-28 16:14:51.758 D/hdmicecd( 532): [CEC]:printCecMessage, [4 -> 4] len: 0, body:, result:no ack
05-28 16:14:51.759 D/AudioFlinger( 594): ro.audio.silent is ignored since no output device is set
05-28 16:14:51.759 D/HDMI ( 742): New logical address for device [4]: [preferred:4, assigned:4]
05-28 16:14:51.760 D/AudioFlinger( 594): ro.audio.silent is ignored since no output device is set
05-28 16:14:51.762 D/AudioFlinger( 594): ro.audio.silent is ignored since no output device is set
05-28 16:14:51.763 I/audio_hw_hal_primary( 509): [adev_uevent_callback:9131] uevent type=0
05-28 16:14:51.763 I/SystemControl( 343): [/UEventObserver.cpp, HDMITxUenventThreadLoop, 451] HDMI TX switch_name:hdmitx_vmode_audio, switch_state: 1
05-28 16:14:51.763 D/hdmicecd( 532): [HdmiCecControl]:getPhysicalAddress, physical addr: 1000, last pa: 1000, ret = 0
05-28 16:14:51.764 D/hdmicecd( 532): [HdmiCecControl]:getPhysicalAddress, physical addr: 1000, last pa: 1000, ret = 0
05-28 16:14:51.765 D/hdmicecd( 532): [HdmiCecControl]:getPhysicalAddress, physical addr: 1000, last pa: 1000, ret = 0
05-28 16:14:51.765 D/hdmicecd( 532): [HdmiCecControl]:getVendorId, vendorId: 0x1CA410
05-28 16:14:51.766 I/AudioFlinger( 594): openOutput() this 0xf2b07600, module 10 Device AUDIO_DEVICE_OUT_HDMI, @:, SamplingRate 0, Format 00000000, Channels 0, flags 0x1
05-28 16:14:51.766 I/audio_hw_hal_alsamgr( 509): raw to lpcm switch aml_alsa_output_write
05-28 16:14:51.766 D/audio_hw_hal_primary( 509): [adev_open_output_stream_new:7868] enter: dev=0xeedc14a0 handle=815 devices=0x400/'HDMI,' flags=0x1/'DIRECT,' config=(rt=0 ch_mask=0x0 fmt=0x0) address=''
05-28 16:14:51.766 D/audio_hw_hal_primary( 509): adev_open_output_stream_new: enter
05-28 16:14:51.766 I/audio_hw_hal_primary( 509): [adev_open_output_stream:3285] io 2069: out:0xeed07a40 dev:OUT_HDMI(0x400) addr:
05-28 16:14:51.766 I/audio_hw_hal_primary( 509): [adev_open_output_stream:3287] ch_mask:0 rate:0 format:DEFAULT(0) flags:0x1
05-28 16:14:51.766 I/audio_hw_hal_primary( 509): [adev_open_output_stream:3610] result profile ch_mask:0x3 rate:48000 format:PCM_16_BIT(0x1) usecase:PCM_DIRECT
05-28 16:14:51.766 I/audio_hw_hal_utils( 509): aml_get_stream_dump_file_name line 2929 file_name /data/vendor/audiohal/stream_pid509_tid17178.pcm
05-28 16:14:51.766 I/audio_hw_hal_primary( 509): [adev_open_output_stream_new:8037] io 2069: out: 0xeed07a40 card:0 alsa devices:0 exit ------
05-28 16:14:51.768 E/Scheduler( 263): trackPendingFrame: Invalid present fence
05-28 16:14:51.769 I/SystemControl( 343): [/UEventObserver.cpp, HDMITxUenventThreadLoop, 451] HDMI TX switch_name:hdmitx_current_status, switch_state: 308
05-28 16:14:51.769 I/audio_hw_hal_primary( 509): [out_get_buffer_size:552] out:0xeed07a40 config.rate=48000, format:PCM_16_BIT(0x1), stream format:PCM_16_BIT(0x1)
05-28 16:14:51.769 D/hdmicecd( 532): [HdmiCecControl]:getPhysicalAddress, physical addr: 1000, last pa: 1000, ret = 0
05-28 16:14:51.770 D/HDMI ( 742): addCecDevice new:CEC: logical_address: 0x04 device_type: 4 cec_version: 5 vendor_id: 1877008 display_name: DBBOX-A3 power_status: 0 physical_address: 0x1000 port_id: 0 old:CEC: logical_address: 0x04 device_type: 4 cec_version: 5 vendor_id: 1877008 display_name: DBBOX-A3 power_status: 0 physical_address: 0x1000 port_id: 0
05-28 16:14:51.770 I/hdmicecd( 532): [HdmiCecControl]:addr:4, allocate result:0
05-28 16:14:51.772 I/AudioFlinger( 594): HAL output buffer size 2048 frames, normal sink buffer size 2048 frames
05-28 16:14:51.772 E/audio_hw_hal_alsamgr( 509): aml_alsa_output_get_delayframe:824, pcm_ioctl fail, ret:0xffffffff, error info:File descriptor in bad state
05-28 16:14:51.772 W/audio_hw_hal_primary( 509): [audiohal_get_latency:1327] alsa latency is 0, return max frames:3072
05-28 16:14:51.772 I/audio_hw_hal_primary( 509): [audiohal_get_latency:1333] io 2069: out:0xeed07a40 frames:3072 rate:48000 whole_latency:64 alsa_latency:64
05-28 16:14:51.778 D/hdmicecd( 532): [HdmiCecControl]:onAddressAllocated:4
05-28 16:14:51.779 I/audio_hw_hal_primary( 509): [out_set_event_callback:3158] io 2069: out:0xeed07a40, callback:0xf0dfc91d cookie:0xf14c0d30
