05-28 16:15:41.233 D/xm_audio( 509): adev_get_parameters
05-28 16:15:41.238 D/xm_audio( 509): adev_get_parameters
05-28 16:15:41.240 D/xm_audio( 509): adev_get_parameters
05-28 16:15:41.246 D/xm_audio( 509): adev_get_parameters
05-28 16:15:41.248 D/xm_audio( 509): adev_get_parameters
05-28 16:15:41.255 D/xm_audio( 509): adev_get_parameters
05-28 16:15:41.256 D/xm_audio( 509): adev_get_parameters
05-28 16:15:41.264 D/xm_audio( 509): adev_get_parameters
05-28 16:15:41.264 D/nStackXCoAP( 2823): IsInSameNetwork:[276] :IsInSameNetwork exec
05-28 16:15:41.264 I/nStackXDFinder( 2823): GetLocalInterfaceDetail:[461] :GetLocalInterfaceDetail in
05-28 16:15:41.264 E/nStackXCoAP( 2823): IsInSameNetwork:[281] :IsInSameNetwork: not priority process
05-28 16:15:41.264 D/nStackXCoAP( 2823): ParseServiceDiscover:[330] :new device join
05-28 16:15:41.264 E/nStackXDFinder( 2823): GetLocalIp:[401] :GetLocalIp exec
05-28 16:15:41.266 D/nStackXCoAP( 2823): IsInSameNetwork:[276] :IsInSameNetwork exec
05-28 16:15:41.267 I/nStackXDFinder( 2823): GetLocalInterfaceDetail:[461] :GetLocalInterfaceDetail in
05-28 16:15:41.267 E/nStackXCoAP( 2823): IsInSameNetwork:[281] :IsInSameNetwork: not priority process
05-28 16:15:41.267 D/nStackXCoAP( 2823): ParseServiceDiscover:[330] :new device join
05-28 16:15:41.267 E/nStackXDFinder( 2823): GetLocalIp:[401] :GetLocalIp exec
05-28 16:15:41.267 D/xm_audio( 509): adev_get_parameters
05-28 16:15:41.274 D/xm_audio( 509): adev_get_parameters
05-28 16:15:41.275 D/xm_audio( 509): adev_get_parameters
05-28 16:15:41.281 D/xm_audio( 509): adev_get_parameters
05-28 16:15:41.283 D/xm_audio( 509): adev_get_parameters
05-28 16:15:41.290 D/xm_audio( 509): adev_get_parameters
05-28 16:15:41.292 D/xm_audio( 509): adev_get_parameters
05-28 16:15:41.297 D/xm_audio( 509): adev_get_parameters
05-28 16:15:41.299 D/xm_audio( 509): adev_get_parameters
05-28 16:15:41.304 I/vol.Events( 1176): writeEvent level_changed STREAM_VOICE_CALL 100
05-28 16:15:41.305 I/vol.Events( 1176): writeEvent level_changed STREAM_SYSTEM 100
05-28 16:15:41.313 D/nStackXCoAP( 2823): CoapMessageHandler:[133] :2.01
05-28 16:15:41.313 D/nStackXCoAP( 2823): CoapMessageHandler:[133] :2.01
05-28 16:15:41.314 D/nStackXCoAP( 2823): CoapMessageHandler:[133] :2.01
05-28 16:15:41.315 D/nStackXCoAP( 2823): CoapMessageHandler:[133] :2.01
05-28 16:15:41.315 I/vol.Events( 1176): writeEvent level_changed STREAM_RING 100
05-28 16:15:41.319 I/vol.Events( 1176): writeEvent level_changed STREAM_MUSIC 20
05-28 16:15:41.324 I/vol.Events( 1176): writeEvent level_changed STREAM_ALARM 100
05-28 16:15:41.332 D/nStackXCoAP( 2823): IsInSameNetwork:[276] :IsInSameNetwork exec
05-28 16:15:41.333 I/nStackXDFinder( 2823): GetLocalInterfaceDetail:[461] :GetLocalInterfaceDetail in
05-28 16:15:41.333 E/nStackXCoAP( 2823): IsInSameNetwork:[281] :IsInSameNetwork: not priority process
05-28 16:15:41.333 D/nStackXCoAP( 2823): ParseServiceDiscover:[330] :new device join
05-28 16:15:41.333 E/nStackXDFinder( 2823): GetLocalIp:[401] :GetLocalIp exec
05-28 16:15:41.373 D/nStackXCoAP( 2823): IsInSameNetwork:[276] :IsInSameNetwork exec
05-28 16:15:41.373 I/nStackXDFinder( 2823): GetLocalInterfaceDetail:[461] :GetLocalInterfaceDetail in
05-28 16:15:41.373 E/nStackXCoAP( 2823): IsInSameNetwork:[281] :IsInSameNetwork: not priority process
05-28 16:15:41.373 D/nStackXCoAP( 2823): ParseServiceDiscover:[330] :new device join
05-28 16:15:41.373 E/nStackXDFinder( 2823): GetLocalIp:[401] :GetLocalIp exec
05-28 16:15:41.594 D/nStackXCoAP( 2823): IsInSameNetwork:[276] :IsInSameNetwork exec
05-28 16:15:41.594 I/nStackXDFinder( 2823): GetLocalInterfaceDetail:[461] :GetLocalInterfaceDetail in
05-28 16:15:41.594 E/nStackXCoAP( 2823): IsInSameNetwork:[281] :IsInSameNetwork: not priority process
05-28 16:15:41.594 D/nStackXCoAP( 2823): ParseServiceDiscover:[330] :new device join
05-28 16:15:41.594 E/nStackXDFinder( 2823): GetLocalIp:[401] :GetLocalIp exec
05-28 16:15:41.618 D/nStackXCoAP( 2823): IsInSameNetwork:[276] :IsInSameNetwork exec
05-28 16:15:41.618 I/nStackXDFinder( 2823): GetLocalInterfaceDetail:[461] :GetLocalInterfaceDetail in
05-28 16:15:41.618 E/nStackXCoAP( 2823): IsInSameNetwork:[281] :IsInSameNetwork: not priority process
05-28 16:15:41.618 D/nStackXCoAP( 2823): ParseServiceDiscover:[330] :new device join
05-28 16:15:41.618 E/nStackXDFinder( 2823): GetLocalIp:[401] :GetLocalIp exec
05-28 16:15:41.701 D/nStackXCoAP( 2823): IsInSameNetwork:[276] :IsInSameNetwork exec
05-28 16:15:41.701 I/nStackXDFinder( 2823): GetLocalInterfaceDetail:[461] :GetLocalInterfaceDetail in
05-28 16:15:41.701 E/nStackXCoAP( 2823): IsInSameNetwork:[281] :IsInSameNetwork: not priority process
05-28 16:15:41.701 D/nStackXCoAP( 2823): ParseServiceDiscover:[330] :new device join
05-28 16:15:41.701 E/nStackXDFinder( 2823): GetLocalIp:[401] :GetLocalIp exec
05-28 16:15:41.936 D/nStackXCoAP( 2823): IsInSameNetwork:[276] :IsInSameNetwork exec
05-28 16:15:41.936 I/nStackXDFinder( 2823): GetLocalInterfaceDetail:[461] :GetLocalInterfaceDetail in
05-28 16:15:41.936 E/nStackXCoAP( 2823): IsInSameNetwork:[281] :IsInSameNetwork: not priority process
05-28 16:15:41.936 D/nStackXCoAP( 2823): ParseServiceDiscover:[330] :new device join
05-28 16:15:41.936 E/nStackXDFinder( 2823): GetLocalIp:[401] :GetLocalIp exec
05-28 16:15:41.971 D/nStackXCoAP( 2823): CoapMessageHandler:[133] :2.01
05-28 16:15:41.971 D/nStackXCoAP( 2823): CoapMessageHandler:[133] :2.01
05-28 16:15:42.075 D/nStackXCoAP( 2823): CoapMessageHandler:[133] :2.01
05-28 16:15:42.099 E/ccc ( 1946): cccccc onPhrikeUpdate downloading 86.0654
05-28 16:15:42.112 E/mali_gralloc( 1946): Attempt to call unlock*() on an buffer locked with invalid write locks buffer (0xf4707e80)
05-28 16:15:42.182 D/nStackXCoAP( 2823): IsInSameNetwork:[276] :IsInSameNetwork exec
05-28 16:15:42.182 I/nStackXDFinder( 2823): GetLocalInterfaceDetail:[461] :GetLocalInterfaceDetail in
05-28 16:15:42.182 E/nStackXCoAP( 2823): IsInSameNetwork:[281] :IsInSameNetwork: not priority process
05-28 16:15:42.182 D/nStackXCoAP( 2823): ParseServiceDiscover:[330] :new device join
05-28 16:15:42.182 E/nStackXDFinder( 2823): GetLocalIp:[401] :GetLocalIp exec
05-28 16:15:42.319 D/nStackXCoAP( 2823): IsInSameNetwork:[276] :IsInSameNetwork exec
05-28 16:15:42.319 I/nStackXDFinder( 2823): GetLocalInterfaceDetail:[461] :GetLocalInterfaceDetail in
05-28 16:15:42.319 E/nStackXCoAP( 2823): IsInSameNetwork:[281] :IsInSameNetwork: not priority process
05-28 16:15:42.319 D/nStackXCoAP( 2823): ParseServiceDiscover:[330] :new device join
05-28 16:15:42.319 E/nStackXDFinder( 2823): GetLocalIp:[401] :GetLocalIp exec
05-28 16:15:42.548 D/nStackXCoAP( 2823): IsInSameNetwork:[276] :IsInSameNetwork exec
05-28 16:15:42.548 I/nStackXDFinder( 2823): GetLocalInterfaceDetail:[461] :GetLocalInterfaceDetail in
05-28 16:15:42.548 E/nStackXCoAP( 2823): IsInSameNetwork:[281] :IsInSameNetwork: not priority process
05-28 16:15:42.548 D/nStackXCoAP( 2823): ParseServiceDiscover:[330] :new device join
05-28 16:15:42.548 E/nStackXDFinder( 2823): GetLocalIp:[401] :GetLocalIp exec
05-28 16:15:42.591 D/nStackXCoAP( 2823): IsInSameNetwork:[276] :IsInSameNetwork exec
05-28 16:15:42.591 I/nStackXDFinder( 2823): GetLocalInterfaceDetail:[461] :GetLocalInterfaceDetail in
05-28 16:15:42.591 E/nStackXCoAP( 2823): IsInSameNetwork:[281] :IsInSameNetwork: not priority process
05-28 16:15:42.591 D/nStackXCoAP( 2823): ParseServiceDiscover:[330] :new device join
05-28 16:15:42.591 E/nStackXDFinder( 2823): GetLocalIp:[401] :GetLocalIp exec
05-28 16:15:42.639 D/nStackXCoAP( 2823): IsInSameNetwork:[276] :IsInSameNetwork exec
05-28 16:15:42.639 I/nStackXDFinder( 2823): GetLocalInterfaceDetail:[461] :GetLocalInterfaceDetail in
05-28 16:15:42.639 E/nStackXCoAP( 2823): IsInSameNetwork:[281] :IsInSameNetwork: not priority process
05-28 16:15:42.639 D/nStackXCoAP( 2823): ParseServiceDiscover:[330] :new device join
05-28 16:15:42.639 E/nStackXDFinder( 2823): GetLocalIp:[401] :GetLocalIp exec
05-28 16:15:42.649 D/nStackXCoAP( 2823): CoapMessageHandler:[133] :2.01
05-28 16:15:42.650 D/nStackXCoAP( 2823): CoapMessageHandler:[133] :2.01
05-28 16:15:42.650 D/nStackXCoAP( 2823): CoapMessageHandler:[133] :2.01
05-28 16:15:42.650 D/nStackXCoAP( 2823): CoapMessageHandler:[133] :2.01
05-28 16:15:42.669 I/WifiHAL ( 558): call wifi_get_link_stats handler
05-28 16:15:42.670 I/WifiHAL ( 558): Creating message to get link statistics; iface = 16
05-28 16:15:42.670 D/WifiHAL ( 558): error code -95 mapped to -3
05-28 16:15:42.671 E/WifiStaIfaceAidlImpl( 742): getLinkLayerStats failed with service-specific exception: android.os.ServiceSpecificException: (code 4)
05-28 16:15:42.685 D/nStackXCoAP( 2823): CoapMessageHandler:[133] :2.01
05-28 16:15:42.693 D/nStackXCoAP( 2823): CoapMessageHandler:[133] :2.01
05-28 16:15:42.701 D/nStackXCoAP( 2823): CoapMessageHandler:[133] :2.01
05-28 16:15:42.702 D/nStackXCoAP( 2823): CoapMessageHandler:[133] :2.01
05-28 16:15:42.702 D/nStackXCoAP( 2823): CoapMessageHandler:[133] :2.01
05-28 16:15:42.707 D/nStackXCoAP( 2823): IsInSameNetwork:[276] :IsInSameNetwork exec
05-28 16:15:42.707 I/nStackXDFinder( 2823): GetLocalInterfaceDetail:[461] :GetLocalInterfaceDetail in
05-28 16:15:42.707 E/nStackXCoAP( 2823): IsInSameNetwork:[281] :IsInSameNetwork: not priority process
05-28 16:15:42.707 D/nStackXCoAP( 2823): ParseServiceDiscover:[330] :new device join
05-28 16:15:42.707 E/nStackXDFinder( 2823): GetLocalIp:[401] :GetLocalIp exec
05-28 16:15:42.734 D/nStackXCoAP( 2823): CoapMessageHandler:[133] :2.01
05-28 16:15:43.148 D/nStackXCoAP( 2823): IsInSameNetwork:[276] :IsInSameNetwork exec
05-28 16:15:43.148 I/nStackXDFinder( 2823): GetLocalInterfaceDetail:[461] :GetLocalInterfaceDetail in
05-28 16:15:43.148 E/nStackXCoAP( 2823): IsInSameNetwork:[281] :IsInSameNetwork: not priority process
05-28 16:15:43.148 D/nStackXCoAP( 2823): ParseServiceDiscover:[330] :new device join
05-28 16:15:43.148 E/nStackXDFinder( 2823): GetLocalIp:[401] :GetLocalIp exec
05-28 16:15:43.395 D/nStackXCoAP( 2823): IsInSameNetwork:[276] :IsInSameNetwork exec
05-28 16:15:43.395 I/nStackXDFinder( 2823): GetLocalInterfaceDetail:[461] :GetLocalInterfaceDetail in
05-28 16:15:43.395 E/nStackXCoAP( 2823): IsInSameNetwork:[281] :IsInSameNetwork: not priority process
05-28 16:15:43.395 D/nStackXCoAP( 2823): ParseServiceDiscover:[330] :new device join
05-28 16:15:43.395 E/nStackXDFinder( 2823): GetLocalIp:[401] :GetLocalIp exec
05-28 16:15:43.810 D/nStackXCoAP( 2823): IsInSameNetwork:[276] :IsInSameNetwork exec
05-28 16:15:43.810 I/nStackXDFinder( 2823): GetLocalInterfaceDetail:[461] :GetLocalInterfaceDetail in
05-28 16:15:43.811 E/nStackXCoAP( 2823): IsInSameNetwork:[281] :IsInSameNetwork: not priority process
05-28 16:15:43.811 D/nStackXCoAP( 2823): ParseServiceDiscover:[330] :new device join
05-28 16:15:43.811 E/nStackXDFinder( 2823): GetLocalIp:[401] :GetLocalIp exec
05-28 16:15:44.111 D/nStackXCoAP( 2823): IsInSameNetwork:[276] :IsInSameNetwork exec
05-28 16:15:44.111 I/nStackXDFinder( 2823): GetLocalInterfaceDetail:[461] :GetLocalInterfaceDetail in
05-28 16:15:44.111 E/nStackXCoAP( 2823): IsInSameNetwork:[281] :IsInSameNetwork: not priority process
05-28 16:15:44.111 D/nStackXCoAP( 2823): ParseServiceDiscover:[330] :new device join
05-28 16:15:44.111 E/nStackXDFinder( 2823): GetLocalIp:[401] :GetLocalIp exec
05-28 16:15:44.348 D/nStackXCoAP( 2823): IsInSameNetwork:[276] :IsInSameNetwork exec
05-28 16:15:44.348 I/nStackXDFinder( 2823): GetLocalInterfaceDetail:[461] :GetLocalInterfaceDetail in
05-28 16:15:44.348 E/nStackXCoAP( 2823): IsInSameNetwork:[281] :IsInSameNetwork: not priority process
05-28 16:15:44.348 D/nStackXCoAP( 2823): ParseServiceDiscover:[330] :new device join
05-28 16:15:44.348 E/nStackXDFinder( 2823): GetLocalIp:[401] :GetLocalIp exec
05-28 16:15:44.372 D/nStackXCoAP( 2823): IsInSameNetwork:[276] :IsInSameNetwork exec
05-28 16:15:44.372 I/nStackXDFinder( 2823): GetLocalInterfaceDetail:[461] :GetLocalInterfaceDetail in
05-28 16:15:44.372 E/nStackXCoAP( 2823): IsInSameNetwork:[281] :IsInSameNetwork: not priority process
05-28 16:15:44.372 D/nStackXCoAP( 2823): ParseServiceDiscover:[330] :new device join
05-28 16:15:44.372 E/nStackXDFinder( 2823): GetLocalIp:[401] :GetLocalIp exec
05-28 16:15:44.665 D/nStackXCoAP( 2823): CoapMessageHandler:[133] :2.01
05-28 16:15:44.665 D/nStackXCoAP( 2823): CoapMessageHandler:[133] :2.01
05-28 16:15:44.665 D/nStackXCoAP( 2823): CoapMessageHandler:[133] :2.01
05-28 16:15:44.774 D/nStackXCoAP( 2823): CoapMessageHandler:[133] :2.01
05-28 16:15:44.777 D/nStackXCoAP( 2823): CoapMessageHandler:[133] :2.01
05-28 16:15:44.778 D/nStackXCoAP( 2823): CoapMessageHandler:[133] :2.01
05-28 16:15:44.778 D/nStackXCoAP( 2823): CoapMessageHandler:[133] :2.01
05-28 16:15:45.675 I/WifiHAL ( 558): call wifi_get_link_stats handler
05-28 16:15:45.675 I/WifiHAL ( 558): Creating message to get link statistics; iface = 16
05-28 16:15:45.676 D/WifiHAL ( 558): error code -95 mapped to -3
05-28 16:15:45.676 E/WifiStaIfaceAidlImpl( 742): getLinkLayerStats failed with service-specific exception: android.os.ServiceSpecificException: (code 4)
05-28 16:15:46.231 E/ccc ( 1946): cccccc onPhrikeUpdate downloading 86.29582
05-28 16:15:46.250 E/mali_gralloc( 1946): Attempt to call unlock*() on an buffer locked with invalid write locks buffer (0xf470d9e0)
05-28 16:15:46.252 E/mali_gralloc( 1946): Attempt to call unlock*() on an buffer locked with invalid write locks buffer (0xf470d9e0)
05-28 16:15:48.681 I/WifiHAL ( 558): call wifi_get_link_stats handler
05-28 16:15:48.681 I/WifiHAL ( 558): Creating message to get link statistics; iface = 16
05-28 16:15:48.682 D/WifiHAL ( 558): error code -95 mapped to -3
05-28 16:15:48.683 E/WifiStaIfaceAidlImpl( 742): getLinkLayerStats failed with service-specific exception: android.os.ServiceSpecificException: (code 4)
05-28 16:15:48.694 D/InstantWifi( 742): Receive Wifi is connected, freq = 5745 and currentNetworkId : 0, wifiinfo = SSID: , BSSID: 02:00:00:00:00:00, MAC: 02:00:00:00:00:00, IP: /192.168.3.246, Security type: 2, Supplicant state: COMPLETED, Wi-Fi standard: 6, RSSI: -56, Link speed: 1200Mbps, Tx Link speed: 1200Mbps, Max Supported Tx Link speed: 1200Mbps, Rx Link speed: 6Mbps, Max Supported Rx Link speed: 1200Mbps, Frequency: 5745MHz, Net ID: -1, Metered hint: false, score: 60, isUsable: true, CarrierMerged: false, SubscriptionId: -1, IsPrimary: 1, Trusted: true, Restricted: false, Ephemeral: false, OEM paid: false, OEM private: false, OSU AP: false, FQDN: , Provider friendly name: , Requesting package name: MLO Information: , Is TID-To-Link negotiation supported by the AP: false, AP MLD Address: , AP MLO Link Id: , AP MLO Affiliated links:
05-28 16:15:50.345 E/ccc ( 1946): cccccc onPhrikeUpdate downloading 86.606606
05-28 16:15:50.354 E/mali_gralloc( 1946): Attempt to call unlock*() on an buffer locked with invalid write locks buffer (0xf470d9e0)
05-28 16:15:50.354 E/mali_gralloc( 1946): Attempt to call unlock*() on an buffer locked with invalid write locks buffer (0xf4707e80)
05-28 16:15:50.357 E/mali_gralloc( 1946): Attempt to call unlock*() on an buffer locked with invalid write locks buffer (0xf4707e80)
05-28 16:15:51.689 I/WifiHAL ( 558): call wifi_get_link_stats handler
05-28 16:15:51.690 I/WifiHAL ( 558): Creating message to get link statistics; iface = 16
05-28 16:15:51.690 D/WifiHAL ( 558): error code -95 mapped to -3
05-28 16:15:51.690 E/WifiStaIfaceAidlImpl( 742): getLinkLayerStats failed with service-specific exception: android.os.ServiceSpecificException: (code 4)
05-28 16:15:51.698 D/InstantWifi( 742): Receive Wifi is connected, freq = 5745 and currentNetworkId : 0, wifiinfo = SSID: , BSSID: 02:00:00:00:00:00, MAC: 02:00:00:00:00:00, IP: /192.168.3.246, Security type: 2, Supplicant state: COMPLETED, Wi-Fi standard: 6, RSSI: -51, Link speed: 1200Mbps, Tx Link speed: 1200Mbps, Max Supported Tx Link speed: 1200Mbps, Rx Link speed: 648Mbps, Max Supported Rx Link speed: 1200Mbps, Frequency: 5745MHz, Net ID: -1, Metered hint: false, score: 60, isUsable: true, CarrierMerged: false, SubscriptionId: -1, IsPrimary: 1, Trusted: true, Restricted: false, Ephemeral: false, OEM paid: false, OEM private: false, OSU AP: false, FQDN: , Provider friendly name: , Requesting package name: MLO Information: , Is TID-To-Link negotiation supported by the AP: false, AP MLD Address: , AP MLO Link Id: , AP MLO Affiliated links:
05-28 16:15:52.379 I/audio_hw_hal_alsamgr( 509): alsa format =0x1 delay frames =768 total frames=355453440
05-28 16:15:54.390 E/ccc ( 1946): cccccc onPhrikeUpdate downloading 87.3306
05-28 16:15:54.408 E/mali_gralloc( 1946): Attempt to call unlock*() on an buffer locked with invalid write locks buffer (0xf4707e80)
05-28 16:15:54.698 I/WifiHAL ( 558): call wifi_get_link_stats handler
05-28 16:15:54.698 I/WifiHAL ( 558): Creating message to get link statistics; iface = 16
05-28 16:15:54.698 D/WifiHAL ( 558): error code -95 mapped to -3
05-28 16:15:54.698 E/WifiStaIfaceAidlImpl( 742): getLinkLayerStats failed with service-specific exception: android.os.ServiceSpecificException: (code 4)
05-28 16:15:55.438 D/TrafficStats( 2823): tagSocket(159) with statsTag=0xffffffff, statsUid=-1
05-28 16:15:55.967 W/awei.connection( 2823): Reducing the number of considered missed Gc histogram windows from 494 to 100
05-28 16:15:57.703 I/WifiHAL ( 558): call wifi_get_link_stats handler
05-28 16:15:57.703 I/WifiHAL ( 558): Creating message to get link statistics; iface = 16
05-28 16:15:57.703 D/WifiHAL ( 558): error code -95 mapped to -3
05-28 16:15:57.704 E/WifiStaIfaceAidlImpl( 742): getLinkLayerStats failed with service-specific exception: android.os.ServiceSpecificException: (code 4)
05-28 16:15:58.390 E/ccc ( 1946): cccccc onPhrikeUpdate downloading 87.71595
05-28 16:15:58.412 E/mali_gralloc( 1946): Attempt to call unlock*() on an buffer locked with invalid write locks buffer (0xf470d9e0)
05-28 16:15:58.415 E/mali_gralloc( 1946): Attempt to call unlock*() on an buffer locked with invalid write locks buffer (0xf470d9e0)
05-28 16:15:59.873 V/HotPlugDetectionAction( 742): Poll all devices.
05-28 16:15:59.930 D/hdmicecd( 532): [CEC]:printCecMessage, [4 -> 0] len: 0, body:, result:no ack
05-28 16:15:59.986 D/hdmicecd( 532): [CEC]:printCecMessage, [4 -> 1] len: 0, body:, result:no ack
05-28 16:16:00.042 D/hdmicecd( 532): [CEC]:printCecMessage, [4 -> 3] len: 0, body:, result:no ack
05-28 16:16:00.090 I/SystemControl( 343): [/UEventObserver.cpp, HDMITxUenventThreadLoop, 451] HDMI TX switch_name:hdmitx_current_status, switch_state: 314
05-28 16:16:00.098 D/hdmicecd( 532): [CEC]:printCecMessage, [4 -> 5] len: 0, body:, result:no ack
05-28 16:16:00.134 I/SystemControl( 343): [/UEventObserver.cpp, HDMITxUenventThreadLoop, 451] HDMI TX switch_name:hdmitx_current_status, switch_state: 315
05-28 16:16:00.138 V/WindowManager( 742): app ------------- force_land :0
05-28 16:16:00.138 I/SystemControl( 343): [/Ubootenv.cpp, get, 345] [ubootenv] search end and not find env:connector_type
05-28 16:16:00.138 I/SystemControl( 343): [/UEventObserver.cpp, HDMITxUenventThreadLoop, 451] HDMI TX switch_name:hdmitx_hpd, switch_state: 1
05-28 16:16:00.138 I/SystemControl( 343): [/DisplayMode.cpp, onTxEvent, 3267] onTxEvent switchName:hdmitx_hpd hpdstate:1 state: 1
05-28 16:16:00.138 I/SystemControl( 343): [/SysWrite.cpp, getKernelReleaseVersion, 701] getKernelReleaseVersion: 5.15
05-28 16:16:00.139 E/MesonHwc( 289): read screen size 0x0 from vinfo
05-28 16:16:00.139 E/MesonHwc( 289): dolby vision driver is not ready
05-28 16:16:00.139 I/SystemControl( 343): [/Ubootenv.cpp, updateValue, 68] [ubootenv] update value name [ubootenv.var.bestdolbyvision]: value [true]
05-28 16:16:00.139 I/SystemControl( 343): [/Ubootenv.cpp, get, 336] [ubootenv] get key:bestdolbyvision envValue: true
05-28 16:16:00.139 D/MesonHwc( 289): ERR: PLEASE FIX NON-IMPLEMENT FUN(update).
05-28 16:16:00.139 I/SystemControl( 343): [/Ubootenv.cpp, get, 336] [ubootenv] get key:hdmimode envValue: none
05-28 16:16:00.139 I/SystemControl( 343): [/Ubootenv.cpp, get, 345] [ubootenv] search end and not find env:user_colorattribute
05-28 16:16:00.139 I/SystemControl( 343): [/Ubootenv.cpp, get, 345] [ubootenv] search end and not find env:hdr_force_mode
05-28 16:16:00.139 I/SystemControl( 343): [/DisplayMode.cpp, gethdrforcemode, 2742] get hdr force mode is [2]
05-28 16:16:00.139 I/SystemControl( 343): [/Ubootenv.cpp, get, 336] [ubootenv] get key:hdr_policy envValue: 0
05-28 16:16:00.139 I/SystemControl( 343): [/DisplayMode.cpp, getHdrStrategy, 2758] getHdrStrategy is [0]
05-28 16:16:00.139 I/SystemControl( 343): [/Ubootenv.cpp, get, 336] [ubootenv] get key:hdr_priority envValue: 268435472
05-28 16:16:00.139 I/SystemControl( 343): [/DisplayMode.cpp, getHdrPriority, 2891] getHdrPriority is [0x10000010]
05-28 16:16:00.139 I/SystemControl( 343): [/DisplayMode.cpp, getCommonData, 1534] isbestcolorspace:1, isbestpolicy:1, hdr_policy:0, hdr_priority :268435472, hdr_force_mode:2
05-28 16:16:00.140 I/SystemControl( 343): [/Ubootenv.cpp, get, 345] [ubootenv] search end and not find env:connector_type
05-28 16:16:00.140 E/MesonHwc( 289): FixedDisplayPipe::getConnectorCfg 11
05-28 16:16:00.141 E/MesonHwc( 289): dolby vision driver is not ready
05-28 16:16:00.142 E/MesonHwc( 289): dolby vision driver is not ready
05-28 16:16:00.143 I/SystemControl( 343): [/Ubootenv.cpp, get, 345] [ubootenv] search end and not find env:connector_type
05-28 16:16:00.143 E/MesonHwc( 289): FixedDisplayPipe::getConnectorCfg 11
05-28 16:16:00.143 D/MesonHwc( 289): ERR: PLEASE FIX NON-IMPLEMENT FUN(update).
05-28 16:16:00.144 D/DisplayManagerService( 742): Ignore redundant display event 0/2 to 10067/1190
05-28 16:16:00.145 D/DisplayManagerService( 742): Ignore redundant display event 0/2 to 10075/6844
05-28 16:16:00.148 E/ccc ( 1946): cccccc hdmi plug reset
05-28 16:16:00.149 E/xxxxxxxxxxxxxxx( 2316): onReceive:mIsHDMIPlugged = true
05-28 16:16:00.150 I/hdmicecd( 552): [HdmiCecControl]:Hotplug event port:0, now:1, prevStatus:0 power:1
05-28 16:16:00.151 I/WiredAccessoryManager( 742): MSG_NEW_DEVICE_STATE
05-28 16:16:00.151 I/hdmiconnection( 552): hot plug port id 0, is connected 1
05-28 16:16:00.151 I/AS.AudioDeviceInventory( 742): not sending NOISY: state=1
05-28 16:16:00.152 E/MesonHwc( 289): dolby vision driver is not ready
05-28 16:16:00.152 D/AudioService( 742): setWiredDeviceConnectionState( type:400 state:DEVICE_STATE_AVAILABLE addr: name:) from android
05-28 16:16:00.152 I/AS.AudioDeviceInventory( 742): handleDeviceConnection(true dev:400 address: name:)
05-28 16:16:00.152 I/AS.AudioDeviceInventory( 742): deviceKey:0x400:
05-28 16:16:00.152 I/AS.AudioDeviceInventory( 742): deviceInfo:null is(already)Connected:false
05-28 16:16:00.154 D/HDMI ( 742): Hotplug event:[port:0, connected:true]
05-28 16:16:00.154 I/audio_hw_hal_primary( 509): [adev_set_parameters:4123] dev:0xeedc14a0, kv: set_ARC_hdmi=updated_sad
05-28 16:16:00.154 D/audio_hw_hal_hfp( 509): [audio_extn_hfp_set_parameters:739] audio_extn_hfp_set_parameters
05-28 16:16:00.156 E/MesonHwc( 289): dolby vision driver is not ready
05-28 16:16:00.156 D/hdmicecd( 532): [CEC]:printCecMessage, [4 -> 8] len: 0, body:, result:no ack
05-28 16:16:00.156 V/MesonDisplayServer( 289): GetDisplayMode:dummy_l
05-28 16:16:00.157 I/audio_hw_hal_primary( 509): [adev_set_device_connected_state_v7:9037] connected address:, num_descriptors:0, num_profiles:0
05-28 16:16:00.157 I/audio_hw_hal_primary( 509): [set_device_connect_state:4044] state:1, dev:OUT_HDMI(0x400), pre_out:0x80002, pre_in:0x4
05-28 16:16:00.157 D/audio_hw_hal_resourcemgr( 509): [set_output_device_avail:353] device:0x400 avail_out_devices:400 routed_out_devices:0x400
05-28 16:16:00.157 D/audio_hw_hal_stream( 509): update_sink_format_after_hotplug() active stream 0xeed047f0
05-28 16:16:00.157 D/audio_hw_hal_profile( 509): get_hdmi_sink_cap_new is running...
05-28 16:16:00.157 D/audio_hw_hal_profile( 509): query hdmi format...
05-28 16:16:00.157 D/audio_hw_hal_profile( 509): get_hdmi_sink_cap_new ddp is unsupported; ddp-joc(atmos) is unsupported;
05-28 16:16:00.157 I/audio_hw_hal_profile( 509): PCM cap Max channel =8
05-28 16:16:00.157 I/audio_hw_hal_stream( 509): get_sink_capability mbox+dvb case sink_capability = 0x1
05-28 16:16:00.157 I/audio_hw_hal_stream( 509): force ddp out =0
05-28 16:16:00.157 D/audio_hw_hal_profile( 509): get_hdmi_sink_cap_new is running...
05-28 16:16:00.157 D/audio_hw_hal_profile( 509): query hdmi format...
05-28 16:16:00.157 D/audio_hw_hal_profile( 509): get_hdmi_sink_cap_new ddp is unsupported; ddp-joc(atmos) is unsupported;
05-28 16:16:00.157 I/audio_hw_hal_profile( 509): PCM cap Max channel =8
05-28 16:16:00.157 I/audio_hw_hal_stream( 509): [get_sink_dts_capability:212] mbox+dvb case sink_capability: PCM_16_BIT(0x1)
05-28 16:16:00.157 D/audio_hw_hal_profile( 509): get_hdmi_sink_cap_new is running...
05-28 16:16:00.157 D/audio_hw_hal_profile( 509): query hdmi format...
05-28 16:16:00.157 D/audio_hw_hal_profile( 509): get_hdmi_sink_cap_new ddp is unsupported; ddp-joc(atmos) is unsupported;
05-28 16:16:00.157 I/audio_hw_hal_profile( 509): PCM cap Max channel =8
05-28 16:16:00.157 I/audio_hw_hal_stream( 509): [get_sink_mpegh_capability:245] mbox+dvb case sink_capability: PCM_16_BIT(0x1)
05-28 16:16:00.157 D/audio_hw_hal_profile( 509): get_hdmi_sink_cap_new is running...
05-28 16:16:00.157 D/audio_hw_hal_profile( 509): [get_hdmi_sink_cap_new:960] query hdmi sample_rate... format: PCM_16_BIT(0x1)
05-28 16:16:00.157 I/audio_hw_hal_profile( 509): get_hdmi_sink_cap_new format =0x1 support rate =sup_sampling_rates=32000|44100|48000
05-28 16:16:00.157 I/audio_hw_hal_stream( 509): pcm_fmt support sample_rate_mask:0x7
05-28 16:16:00.157 I/audio_hw_hal_stream( 509): get_sink_dv_capability : /sys/class/amhdmitx/amhdmitx0/hdmi_hdr_status = SDR
05-28 16:16:00.157 I/audio_hw_hal_stream( 509): get_sink_dv_capability : dv enable 0
05-28 16:16:00.157 I/audio_hw_hal_stream( 509): [get_sink_format:446] out:0xeed047f0 out devices:0x80002 cur_out_devices:0x400 format:PCM_16_BIT(0x1) digital_mode(PCM) sink cap:PCM_16_BIT(0x1)
05-28 16:16:00.157 I/audio_hw_hal_stream( 509): get_sink_format() HDMI ARC or mbox + dvb case
05-28 16:16:00.157 I/audio_hw_hal_stream( 509): [get_sink_format:645] sink_format:PCM_16_BIT(0x1) max channel:8 optical_format:PCM_16_BIT(0x1) dual_output 0
05-28 16:16:00.157 I/audio_hw_hal_ms12common( 509): audiohal_send_msg_2_ms12 mesg_type:MS12_MESG_TYPE_RESET_MS12_ENCODER entry
05-28 16:16:00.157 I/audio_hw_hal_ms12common( 509): audiohal_send_msg_2_ms12 mesg_type:MS12_MESG_TYPE_RESET_MS12_ENCODER exit
05-28 16:16:00.157 D/audio_hw_hal_ms12v2( 509): set_dolby_ms12_continuous_state audio_continuous_standby_set status 0
05-28 16:16:00.157 D/audio_hw_hal_continuous_standby( 509): audio_continuous_standby_set, type 0, params 0
05-28 16:16:00.157 I/audio_hw_hal_ms12common( 509): aml_set_ms12_scheduler_state ms12_scheduler_state:0, sch_state:0 SCHEDULER_RUNNING is sent to ms12
05-28 16:16:00.157 D/audio_hw_hal_ms12common( 509): ms12_message_threadloop(), msg type: MS12_MESG_TYPE_RESET_MS12_ENCODER
05-28 16:16:00.157 I/audio_hw_hal_ms12v2( 509): +dolby_ms12_encoder_reconfig()
05-28 16:16:00.157 D/libdolbyms12( 509): mch_enable 1
05-28 16:16:00.157 D/audio_hw_hal_continuous_standby( 509): audio_continuous_standby_set, type 1, params 24
05-28 16:16:00.157 D/audio_hw_hal_ms12common( 509): ms12_message_threadloop mesg_list is empty, loop waiting......
05-28 16:16:00.157 D/hdmicecd( 532): [HdmiCecControl]:getPhysicalAddress, physical addr: 1000, last pa: 1000, ret = 0
05-28 16:16:00.158 V/MesonDisplayServer( 289): GetDisplayMode:dummy_l
05-28 16:16:00.158 I/SystemControl( 343): [/Ubootenv.cpp, get, 336] [ubootenv] get key:hdr_preferred_policy envValue: 0
05-28 16:16:00.158 I/SystemControl( 343): [/Ubootenv.cpp, get, 336] [ubootenv] get key:user_hdr_type envValue: 3
05-28 16:16:00.159 D/MesonDisplayServer( 289): getDisplayAttribute "Dolby Vision CAP2": "The Rx don't support DolbyVision"
05-28 16:16:00.159 I/SystemControl( 343): [/Ubootenv.cpp, updateValue, 68] [ubootenv] update value name [ubootenv.var.hdr_policy]: value [0]
05-28 16:16:00.159 I/SystemControl( 343): [/Ubootenv.cpp, get, 336] [ubootenv] get key:hdr_policy envValue: 0
05-28 16:16:00.159 D/libdolbyms12( 509): set runtime mch_enable 1
05-28 16:16:00.159 I/SystemControl( 343): [/Ubootenv.cpp, updateValue, 68] [ubootenv] update value name [ubootenv.var.hdr_priority]: value [268435472]
05-28 16:16:00.159 I/SystemControl( 343): [/Ubootenv.cpp, get, 336] [ubootenv] get key:hdr_priority envValue: 268435472
05-28 16:16:00.159 I/SystemControl( 343): [/Ubootenv.cpp, get, 345] [ubootenv] search end and not find env:user_colorattribute
05-28 16:16:00.159 W/DeviceHAL( 509): Error from HAL Device in function get_audio_port_v7: Function not implemented
05-28 16:16:00.159 V/MesonDisplayServer( 289): GetDisplayMode:dummy_l
05-28 16:16:00.160 I/SystemControl( 343): [/Ubootenv.cpp, get, 336] [ubootenv] get key:hdmimode envValue: none
05-28 16:16:00.160 I/SystemControl( 343): [/Ubootenv.cpp, get, 336] [ubootenv] get key:cvbsmode envValue: 576cvbs
05-28 16:16:00.160 I/SystemControl( 343): [/Ubootenv.cpp, get, 345] [ubootenv] search end and not find env:user_colorattribute
05-28 16:16:00.160 I/AudioFlinger( 594): openOutput() this 0xf2b07600, module 10 Device AUDIO_DEVICE_OUT_HDMI, @:, SamplingRate 44100, Format 0xe000000, Channels 0x1, flags 0x11
05-28 16:16:00.160 I/SystemControl( 343): [/Ubootenv.cpp, get, 345] [ubootenv] search end and not find env:dv_enable
05-28 16:16:00.161 E/MesonHwc( 289): dolby vision driver is not ready
05-28 16:16:00.161 I/SystemControl( 343): [/Ubootenv.cpp, get, 345] [ubootenv] search end and not find env:user_prefer_dv_type
05-28 16:16:00.161 D/audio_hw_hal_primary( 509): [adev_open_output_stream_new:7868] enter: dev=0xeedc14a0 handle=825 devices=0x400/'HDMI,' flags=0x11/'DIRECT,COMPRESS_OFFLOAD,' config=(rt=44100 ch_mask=0x1 fmt=0xe000000) address=''
05-28 16:16:00.161 D/audio_hw_hal_primary( 509): adev_open_output_stream_new: enter
05-28 16:16:00.161 I/audio_hw_hal_primary( 509): [adev_open_output_stream:3285] io 2085: out:0xeed0dee0 dev:OUT_HDMI(0x400) addr:
05-28 16:16:00.161 I/audio_hw_hal_primary( 509): [adev_open_output_stream:3287] ch_mask:0x1 rate:44100 format:DOLBY_TRUEHD(0xe000000) flags:0x11
05-28 16:16:00.161 I/audio_hw_hal_primary( 509): adev_open_output_stream: for raw audio output,force alsa stereo output
05-28 16:16:00.161 I/audio_hw_hal_primary( 509): [adev_open_output_stream:3610] result profile ch_mask:0x1 rate:44100 format:DOLBY_TRUEHD(0xe000000) usecase:RAW_DIRECT
05-28 16:16:00.161 I/audio_hw_hal_utils( 509): aml_get_stream_dump_file_name line 2929 file_name /data/vendor/audiohal/stream_pid509_tid19724.mlp
05-28 16:16:00.161 I/audio_hw_hal_primary( 509): [adev_open_output_stream_new:8037] io 2085: out: 0xeed0dee0 card:0 alsa devices:0 exit ------
05-28 16:16:00.162 D/hdmicecd( 552): [HdmiCecControl]:total port:1
05-28 16:16:00.162 I/hdmicecd( 552): [HdmiCecControl]:portId: 0, type:output, cec support:1, arc support:1, physical address:1000
05-28 16:16:00.162 I/hdmicecd( 552): [HdmiCecControl]:arc port:0
05-28 16:16:00.163 I/audio_hw_hal_primary( 509): [out_get_buffer_size:552] out:0xeed0dee0 config.rate=44100, format:DOLBY_TRUEHD(0xe000000), stream format:DOLBY_TRUEHD(0xe000000)
05-28 16:16:00.163 I/AudioFlinger( 594): HAL output buffer size 16384 frames, normal sink buffer size 16384 frames
05-28 16:16:00.163 I/audio_hw_hal_primary( 509): [audiohal_get_latency:1333] io 2085: out:0xeed0dee0 frames:1920 rate:44100 whole_latency:43 alsa_latency:43
05-28 16:16:00.163 E/MesonHwc( 289): dolby vision driver is not ready
05-28 16:16:00.163 I/audio_hw_hal_primary( 509): [out_set_event_callback:3158] io 2085: out:0xeed0dee0, callback:0xf0dfc91d cookie:0xf14c1150
05-28 16:16:00.163 D/MesonDisplayServer( 289): getDisplayAttribute "Dolby Vision CAP2": "The Rx don't support DolbyVision"
05-28 16:16:00.163 E/MesonHwc( 289): TV isn't support dv: The Rx don't support DolbyVision
05-28 16:16:00.164 I/SystemControl( 343): [/Ubootenv.cpp, get, 345] [ubootenv] search end and not find env:hdr_force_mode
05-28 16:16:00.164 I/audio_hw_hal_primary( 509): [audiohal_get_latency:1333] io 2085: out:0xeed0dee0 frames:1920 rate:44100 whole_latency:43 alsa_latency:43
05-28 16:16:00.164 I/audio_hw_hal_primary( 509): [audiohal_get_latency:1333] io 2085: out:0xeed0dee0 frames:1792 rate:44100 whole_latency:40 alsa_latency:40
05-28 16:16:00.164 I/SystemControl( 343): [/Ubootenv.cpp, get, 336] [ubootenv] get key:hdr_policy envValue: 0
05-28 16:16:00.164 I/AudioFlinger( 594): AudioFlinger's thread 0xecf1c400 tid=19911 ready to run
05-28 16:16:00.164 W/IPCThreadState( 594): Sending oneway calls to frozen process.
05-28 16:16:00.165 D/AudioFlinger( 594): ro.audio.silent is ignored since no output device is set
05-28 16:16:00.166 I/SystemControl( 343): [/DisplayMode.cpp, getDisplayMode, 2331] getDisplayMode mode:dummy_l
05-28 16:16:00.166 I/SystemControl( 343): [/Ubootenv.cpp, get, 336] [ubootenv] get key:hdmimode envValue: none
05-28 16:16:00.166 I/SystemControl( 343): [/Ubootenv.cpp, get, 336] [ubootenv] get key:cvbsmode envValue: 576cvbs
05-28 16:16:00.166 I/SystemControl( 343): [/DisplayMode.cpp, getCommonData, 1542] hdmi_current_mode:dummy_l, ubootenv hdmimode:none cvbsmode:576cvbs
05-28 16:16:00.167 D/AudioFlinger( 594): ro.audio.silent is ignored since no output device is set
05-28 16:16:00.167 I/SystemControl( 343): [/Ubootenv.cpp, get, 336] [ubootenv] get key:hdr_priority envValue: 268435472
05-28 16:16:00.174 D/hdmiconnection( 552): port id:0 physical:1000
05-28 16:16:00.174 D/HDMI ( 742): initPortInfo port info:port_id: 0, type: HDMI_OUT, address: 0x1000, cec: true, arc: true, mhl: false, earc: false
05-28 16:16:00.175 I/hdmicecd( 532): [HdmiCecControl]:clearLogicaladdress
05-28 16:16:00.175 E/MesonHwc( 289): dolby vision driver is not ready
05-28 16:16:00.175 D/MesonDisplayServer( 289): getDisplayAttribute "Dolby Vision CAP2": "The Rx don't support DolbyVision"
05-28 16:16:00.176 I/SystemControl( 343): [/Ubootenv.cpp, get, 345] [ubootenv] search end and not find env:hdr_resolution_priority
05-28 16:16:00.176 D/MesonDisplayServer( 289): use connector getDisplayAttribute "HDMI Color ATTR": "422,12bit"
05-28 16:16:00.177 I/SystemControl( 343): [/Ubootenv.cpp, get, 345] [ubootenv] search end and not find env:user_prefer_dv_type
05-28 16:16:00.177 I/SystemControl( 343): [/Ubootenv.cpp, get, 345] [ubootenv] search end and not find env:user_colorattribute
05-28 16:16:00.177 I/SystemControl( 343): [/DisplayMode.cpp, getCommonData, 1554] hdmi_current_attr:422,12bit, ubootenv_colorattribute:none
05-28 16:16:00.177 I/SystemControl( 343): [/Ubootenv.cpp, get, 345] [ubootenv] search end and not find env:dv_enable
05-28 16:16:00.177 I/SystemControl( 343): [/DisplayMode.cpp, getCommonData, 1567] dv_enable:0
05-28 16:16:00.177 I/SystemControl( 343): [/Ubootenv.cpp, get, 345] [ubootenv] search end and not find env:user_prefer_dv_type
05-28 16:16:00.177 I/SystemControl( 343): [/DisplayMode.cpp, getCommonData, 1578] ubootenv_dv_type:0
05-28 16:16:00.178 I/SystemControl( 343): [/DisplayMode.cpp, getHdmiData, 1721] display sink type:1 [0:none, 1:sink, 2:repeater]
05-28 16:16:00.178 I/SystemControl( 343): [/DisplayMode.cpp, filterHdmiDispcap, 1398] before filtered HdmiDispcap: 480p60hz
05-28 16:16:00.178 I/SystemControl( 343): 576p50hz
05-28 16:16:00.178 I/SystemControl( 343): 720p50hz
05-28 16:16:00.178 I/SystemControl( 343): 720p60hz
05-28 16:16:00.178 I/SystemControl( 343): 1080p60hz
05-28 16:16:00.178 I/SystemControl( 343): 1080p50hz
05-28 16:16:00.178 I/SystemControl( 343): 1080p24hz
05-28 16:16:00.178 I/SystemControl( 343): 1080p30hz
05-28 16:16:00.178 I/SystemControl( 343): 2160p24hz
05-28 16:16:00.178 I/SystemControl( 343): 2160p25hz
05-28 16:16:00.178 I/SystemControl( 343): 2160p30hz
05-28 16:16:00.178 I/SystemControl( 343): 2160p50hz
05-28 16:16:00.178 I/SystemControl( 343): 2160p60hz
05-28 16:16:00.178 I/SystemControl( 343):
05-28 16:16:00.180 I/SystemControl( 343): [/DisplayMode.cpp, filterHdmiDispcap, 1427] after filtered HdmiDispcap: 480p60hz
05-28 16:16:00.180 I/SystemControl( 343): 576p50hz
05-28 16:16:00.180 I/SystemControl( 343): 720p50hz
05-28 16:16:00.180 I/SystemControl( 343): 720p60hz
05-28 16:16:00.180 I/SystemControl( 343): 1080p60hz
05-28 16:16:00.180 I/SystemControl( 343): 1080p50hz
05-28 16:16:00.180 I/SystemControl( 343): 1080p24hz
05-28 16:16:00.180 I/SystemControl( 343): 1080p30hz
05-28 16:16:00.180 I/SystemControl( 343): 2160p24hz
05-28 16:16:00.180 I/SystemControl( 343): 2160p25hz
05-28 16:16:00.180 I/SystemControl( 343): 2160p30hz
05-28 16:16:00.180 I/SystemControl( 343): 2160p50hz
05-28 16:16:00.180 I/SystemControl( 343): 2160p60hz
05-28 16:16:00.180 I/SystemControl( 343):
05-28 16:16:00.181 E/MesonHwc( 289): dolby vision driver is not ready
05-28 16:16:00.182 V/MesonDisplayServer( 289): GetDisplayMode:dummy_l
05-28 16:16:00.183 I/SystemControl( 343): [/Ubootenv.cpp, get, 345] [ubootenv] search end and not find env:framerate_priority
05-28 16:16:00.184 I/AudioFlinger( 594): openOutput() this 0xf2b07600, module 10 Device AUDIO_DEVICE_OUT_HDMI, @:, SamplingRate 32000, Format 0x000001, Channels 0x1, flags 0x41
05-28 16:16:00.184 D/MesonDisplayServer( 289): getDisplayAttribute "Dolby Vision CAP2": "The Rx don't support DolbyVision"
05-28 16:16:00.184 D/audio_hw_hal_primary( 509): [adev_open_output_stream_new:7868] enter: dev=0xeedc14a0 handle=82d devices=0x400/'HDMI,' flags=0x41/'DIRECT,HW_AV_SYNC,' config=(rt=32000 ch_mask=0x1 fmt=0x1) address=''
05-28 16:16:00.184 D/audio_hw_hal_primary( 509): adev_open_output_stream_new: enter
05-28 16:16:00.184 I/audio_hw_hal_primary( 509): [adev_open_output_stream:3285] io 2093: out:0xeed00740 dev:OUT_HDMI(0x400) addr:
05-28 16:16:00.184 I/audio_hw_hal_primary( 509): [adev_open_output_stream:3287] ch_mask:0x1 rate:32000 format:PCM_16_BIT(0x1) flags:0x41
05-28 16:16:00.184 D/audio_hw_hal_primary( 509): [adev_open_output_stream:3573] format=PCM_16_BIT rate=32000
05-28 16:16:00.184 I/audio_hw_hal_primary( 509): init resampler from 32000 to 48000!
05-28 16:16:00.184 D/audio_hw_utils_resampler( 509): resampler_init, Init Resampler: input_sr = 32000, output_sr = 48000
05-28 16:16:00.184 I/audio_hw_hal_primary( 509): [adev_open_output_stream:3610] result profile ch_mask:0x1 rate:32000 format:PCM_16_BIT(0x1) usecase:PCM_HWSYNC
05-28 16:16:00.184 I/SystemControl( 343): [/Ubootenv.cpp, get, 336] [ubootenv] get key:hdmimode envValue: none
05-28 16:16:00.185 I/MesonDisplay( 289): [/mode_policy.c, meson_mode_set_policy, 1177] connector:0 to policy:0
05-28 16:16:00.185 I/MesonDisplay( 289): [/mode_policy.c, is_dv_prefer, 66] not prefer dv, hdr_priority:10000010
05-28 16:16:00.185 I/MesonDisplay( 289): [/mode_policy.c, is_dv_prefer, 66] not prefer dv, hdr_priority:10000010
05-28 16:16:00.185 I/MesonDisplay( 289): [/mode_policy.c, hdr_scene_process, 724] policy:0 is_bestcolorspace:1 state:1
05-28 16:16:00.185 I/MesonDisplay( 289): [/mode_policy_parser.c, is_support_hdmimode, 115] is_support_hdmimode mode: none not support
05-28 16:16:00.185 I/MesonDisplay( 289): [/mode_policy_parser.c, is_support_hdmimode, 110] is_support_hdmimode mode: 2160p60hz
05-28 16:16:00.185 D/MesonDisplay( 289): meson_write /sys/class/amhdmitx/amhdmitx0/valid_mode, outputmode:2160p60hz420,10bit
05-28 16:16:00.185 D/audio_hw_hal_timer( 509): func:audio_timer_create create timer.1 success.
05-28 16:16:00.185 D/MesonDisplay( 289): valid mode is false!
05-28 16:16:00.185 I/MesonDisplay( 289): [/mode_policy_parser.c, is_support_hdmimode, 110] is_support_hdmimode mode: 2160p50hz
05-28 16:16:00.185 D/MesonDisplay( 289): meson_write /sys/class/amhdmitx/amhdmitx0/valid_mode, outputmode:2160p50hz420,10bit
05-28 16:16:00.185 D/MesonDisplay( 289): valid mode is false!
05-28 16:16:00.185 I/MesonDisplay( 289): [/mode_policy_parser.c, is_support_hdmimode, 110] is_support_hdmimode mode: 2160p60hz
05-28 16:16:00.185 D/MesonDisplay( 289): meson_write /sys/class/amhdmitx/amhdmitx0/valid_mode, outputmode:2160p60hz422,12bit
05-28 16:16:00.185 D/MesonDisplay( 289): valid mode is true!
05-28 16:16:00.185 I/MesonDisplay( 289): [/mode_policy.c, is_support_4kHDR, 499] is_support_4kHDR mode:[422,12bit], deep color:[2160p60hz]
05-28 16:16:00.185 I/MesonDisplay( 289): [/mode_policy.c, meson_mode_get_policy_output, 1289] final_displaymode:2160p60hz, final_deepcolor:422,12bit, amdv_type:0
05-28 16:16:00.185 D/audio_hw_hal_timer( 509): func:audio_timer_create create timer.2 success.
05-28 16:16:00.185 D/audio_hw_hal_primary( 509): [adev_open_output_stream_new:7980] timer_id:1
05-28 16:16:00.185 I/audio_hw_hal_utils( 509): aml_get_stream_dump_file_name line 2929 file_name /data/vendor/audiohal/stream_pid509_tid9864.pcm
05-28 16:16:00.185 I/audio_hw_hal_primary( 509): [adev_open_output_stream_new:8037] io 2093: out: 0xeed00740 card:0 alsa devices:0 exit ------
05-28 16:16:00.185 I/SystemControl( 343): [/Ubootenv.cpp, get, 336] [ubootenv] get key:hdr_preferred_policy envValue: 0
05-28 16:16:00.186 I/audio_hw_hal_primary( 509): [out_get_buffer_size:552] out:0xeed00740 config.rate=32000, format:PCM_16_BIT(0x1), stream format:PCM_16_BIT(0x1)
05-28 16:16:00.187 D/MesonDisplayServer( 289): use connector getDisplayAttribute "HDMI Color ATTR": "422,12bit"
05-28 16:16:00.187 D/MesonDisplayServer( 289): getDisplayAttribute "HDR Policy": "0"
05-28 16:16:00.187 D/MesonDisplayServer( 289): getDisplayAttribute "FORCE HDR Mode": "0"
05-28 16:16:00.187 D/MesonDisplayServer( 289): getDisplayAttribute "Dolby Vision Mode": "usage: echo mode > /sys/class/amdolby_vision/dv_mode AMDV_OUTPUT_MODE_BYPASS 0 AMDV_OUTPUT_MODE_IPT 1 AMDV_OUTPUT_MODE_IPT_TUNNEL 2 AMDV_OUTPUT_MODE_HDR10 3 AMDV_OUTPUT_MODE_SDR10 4 AMDV_OUTPUT_MODE_SDR8 5current dv_mode = off"
05-28 16:16:00.187 D/MesonDisplayServer( 289): getDisplayAttribute "Dolby Vision Policy": "0"
05-28 16:16:00.187 I/AudioFlinger( 594): HAL output buffer size 2068 frames, normal sink buffer size 2068 frames
05-28 16:16:00.188 I/audio_hw_hal_primary( 509): [audiohal_get_latency:1333] io 2093: out:0xeed00740 frames:1280 rate:32000 whole_latency:40 alsa_latency:40
05-28 16:16:00.188 E/SystemControl( 343): [/DisplayMode.cpp, getHdmiDvCap, 1618] TV isn't support dolby vision: The Rx don't support DolbyVision
05-28 16:16:00.188 I/SystemControl( 343): [/DisplayMode.cpp, onTxEvent, 3294] onTxEvent boot config enable do nothing, just return
05-28 16:16:00.188 I/SystemControl( 343): [/Ubootenv.cpp, get, 345] [ubootenv] search end and not find env:hdr_force_mode
05-28 16:16:00.188 I/audio_hw_hal_primary( 509): [out_set_event_callback:3158] io 2093: out:0xeed00740, callback:0xf0dfc91d cookie:0xf14c0e50
05-28 16:16:00.188 I/AudioFlinger( 594): AudioFlinger's thread 0xecf306d0 tid=19917 ready to run
05-28 16:16:00.188 I/SystemControl( 343): [/UEventObserver.cpp, HDMITxUenventThreadLoop, 451] HDMI TX switch_name:hdmitx_audio, switch_state: 1
05-28 16:16:00.189 I/SystemControl( 343): [/DisplayMode.cpp, onTxEvent, 3267] onTxEvent switchName:hdmitx_audio hpdstate:1 state: 1
05-28 16:16:00.189 I/SystemControl( 343): [/SysWrite.cpp, getKernelReleaseVersion, 701] getKernelReleaseVersion: 5.15
05-28 16:16:00.189 I/SystemControl( 343): [/SystemControlHal.cpp, onEvent, 72] onEvent event:5, client size:5
05-28 16:16:00.189 I/SystemControl( 343): [/Ubootenv.cpp, get, 336] [ubootenv] get key:hdr_policy envValue: 0
05-28 16:16:00.189 I/SystemControlClient( 528): notifyCallback event type:5
05-28 16:16:00.189 I/SystemControlClient( 528): notifyCallback: listener is NULL.
05-28 16:16:00.189 I/SystemControlClient( 529): notifyCallback event type:5
05-28 16:16:00.189 I/SystemControlClient( 529): notifyCallback: listener is NULL.
05-28 16:16:00.189 I/SystemControlClient( 244): notifyCallback event type:5
05-28 16:16:00.189 I/SystemControlClient( 244): notifyCallback: listener is NULL.
05-28 16:16:00.189 I/SystemControlClient( 527): notifyCallback event type:5
05-28 16:16:00.189 I/SystemControlClient( 527): notifyCallback: listener is NULL.
05-28 16:16:00.189 I/SystemControlEvent( 1379): system control callback event: 5
05-28 16:16:00.190 E/MesonHwc( 289): dolby vision driver is not ready
05-28 16:16:00.190 D/MesonDisplayServer( 289): use connector getDisplayAttribute "HDR Priority": "268435472"
05-28 16:16:00.190 I/SystemControl( 343): [/Ubootenv.cpp, get, 336] [ubootenv] get key:hdr_priority envValue: 268435472
05-28 16:16:00.190 D/MesonDisplayServer( 289): getDisplayAttribute "Dolby Vision Enable": "N"
05-28 16:16:00.190 D/MesonDisplayServer( 289): getDisplayAttribute "Dolby Vision LL Policy": "0"
05-28 16:16:00.190 E/MesonHwc( 289): dolby vision driver is not ready
05-28 16:16:00.190 V/MesonDisplayServer( 289): GetDisplayMode:dummy_l
05-28 16:16:00.190 I/MesonDisplay( 289): [/HDCPTxAuth.cpp, stopVerAll, 344] hdcp_tx 2.2 & 1.4 stop hdcp pwr
05-28 16:16:00.190 E/MesonDisplay( 289): open /sys/class/amhdmitx/amhdmitx0/hdcp_pwr fail. Error info [No such file or directory]
05-28 16:16:00.192 I/audio_hw_hal_primary( 509): [audiohal_get_latency:1333] io 2093: out:0xeed00740 frames:1280 rate:32000 whole_latency:40 alsa_latency:40
05-28 16:16:00.193 I/audio_hw_hal_primary( 509): [audiohal_get_latency:1333] io 2093: out:0xeed00740 frames:1280 rate:32000 whole_latency:40 alsa_latency:40
05-28 16:16:00.193 W/IPCThreadState( 594): Sending oneway calls to frozen process.
05-28 16:16:00.194 D/AudioFlinger( 594): ro.audio.silent is ignored since no output device is set
05-28 16:16:00.194 D/audio_hw_hal_primary( 509): [out_standby_new:5767] io 2093: out:0xeed00740 usecase:PCM_HWSYNC
05-28 16:16:00.194 I/audio_hw_hal_primary( 509): already standby, do nothing
05-28 16:16:00.194 D/AudioFlinger( 594): ro.audio.silent is ignored since no output device is set
05-28 16:16:00.195 D/AudioFlinger( 594): ro.audio.silent is ignored since no output device is set
05-28 16:16:00.195 D/AudioFlinger( 594): ro.audio.silent is ignored since no output device is set
05-28 16:16:00.196 D/AudioFlinger( 594): ro.audio.silent is ignored since no output device is set
05-28 16:16:00.201 D/AudioFlinger( 594): ro.audio.silent is ignored since no output device is set
05-28 16:16:00.202 D/AudioFlinger( 594): ro.audio.silent is ignored since no output device is set
05-28 16:16:00.203 D/AudioFlinger( 594): ro.audio.silent is ignored since no output device is set
05-28 16:16:00.204 D/AudioFlinger( 594): ro.audio.silent is ignored since no output device is set
05-28 16:16:00.205 I/AudioFlinger( 594): openOutput() this 0xf2b07600, module 10 Device AUDIO_DEVICE_OUT_HDMI, @:, SamplingRate 32000, Format 0x9000000, Channels 0x1, flags 0x1
05-28 16:16:00.206 D/audio_hw_hal_primary( 509): [adev_open_output_stream_new:7868] enter: dev=0xeedc14a0 handle=835 devices=0x400/'HDMI,' flags=0x1/'DIRECT,' config=(rt=32000 ch_mask=0x1 fmt=0x9000000) address=''
05-28 16:16:00.206 D/audio_hw_hal_primary( 509): adev_open_output_stream_new: enter
05-28 16:16:00.206 I/audio_hw_hal_primary( 509): [adev_open_output_stream:3285] io 2101: out:0xeed040c0 dev:OUT_HDMI(0x400) addr:
05-28 16:16:00.206 I/audio_hw_hal_primary( 509): [adev_open_output_stream:3287] ch_mask:0x1 rate:32000 format:AC3(0x9000000) flags:0x1
05-28 16:16:00.206 I/audio_hw_hal_primary( 509): adev_open_output_stream: for raw audio output,force alsa stereo output
05-28 16:16:00.206 I/audio_hw_hal_primary( 509): [adev_open_output_stream:3610] result profile ch_mask:0x1 rate:32000 format:AC3(0x9000000) usecase:RAW_DIRECT
05-28 16:16:00.206 I/audio_hw_hal_utils( 509): aml_get_stream_dump_file_name line 2929 file_name /data/vendor/audiohal/stream_pid509_tid19915.dd
05-28 16:16:00.206 I/audio_hw_hal_primary( 509): [adev_open_output_stream_new:8037] io 2101: out: 0xeed040c0 card:0 alsa devices:0 exit ------
05-28 16:16:00.207 I/audio_hw_hal_primary( 509): [out_get_buffer_size:552] out:0xeed040c0 config.rate=32000, format:AC3(0x9000000), stream format:AC3(0x9000000)
05-28 16:16:00.208 I/AudioFlinger( 594): HAL output buffer size 2048 frames, normal sink buffer size 2048 frames
05-28 16:16:00.208 I/audio_hw_hal_primary( 509): [audiohal_get_latency:1333] io 2101: out:0xeed040c0 frames:1280 rate:32000 whole_latency:40 alsa_latency:40
05-28 16:16:00.208 I/audio_hw_hal_primary( 509): [out_set_event_callback:3158] io 2101: out:0xeed040c0, callback:0xf0dfc91d cookie:0xf14c1930
05-28 16:16:00.209 I/audio_hw_hal_primary( 509): [audiohal_get_latency:1333] io 2101: out:0xeed040c0 frames:1280 rate:32000 whole_latency:40 alsa_latency:40
05-28 16:16:00.209 I/audio_hw_hal_primary( 509): [audiohal_get_latency:1333] io 2101: out:0xeed040c0 frames:1152 rate:32000 whole_latency:36 alsa_latency:36
05-28 16:16:00.210 W/IPCThreadState( 594): Sending oneway calls to frozen process.
05-28 16:16:00.213 I/AudioFlinger( 594): AudioFlinger's thread 0xecf18370 tid=19919 ready to run
05-28 16:16:00.214 D/AudioFlinger( 594): ro.audio.silent is ignored since no output device is set
05-28 16:16:00.216 D/audio_hw_hal_primary( 509): [out_standby_new:5767] io 2101: out:0xeed040c0 usecase:RAW_DIRECT
05-28 16:16:00.216 I/audio_hw_hal_primary( 509): already standby, do nothing
05-28 16:16:00.216 D/AudioFlinger( 594): ro.audio.silent is ignored since no output device is set
05-28 16:16:00.222 I/AudioFlinger( 594): openOutput() this 0xf2b07600, module 10 Device AUDIO_DEVICE_OUT_HDMI, @:, SamplingRate 32000, Format 0x9000000, Channels 0x1, flags 0x51
05-28 16:16:00.222 D/audio_hw_hal_primary( 509): [adev_open_output_stream_new:7868] enter: dev=0xeedc14a0 handle=83d devices=0x400/'HDMI,' flags=0x51/'DIRECT,COMPRESS_OFFLOAD,HW_AV_SYNC,' config=(rt=32000 ch_mask=0x1 fmt=0x9000000) address=''
05-28 16:16:00.222 D/audio_hw_hal_primary( 509): adev_open_output_stream_new: enter
05-28 16:16:00.222 I/audio_hw_hal_primary( 509): [adev_open_output_stream:3285] io 2109: out:0xeed09700 dev:OUT_HDMI(0x400) addr:
