05-28 16:16:18.787 E/HDMI ( 742): [1]:Failed to send 45:70:10:00 with errorCode=1
05-28 16:16:18.787 D/HDMI ( 742): [S]: 40:8F
05-28 16:16:18.795 I/d.leradlauncher( 2316): Background concurrent copying GC freed 207627(9376KB) AllocSpace objects, 163(3708KB) LOS objects, 49% free, 13MB/27MB, paused 157us,91us total 166.052ms
05-28 16:16:18.796 V/WindowManagerShell( 1176): Transition animation finished (aborted=false), notifying core (#94)android.os.BinderProxy@ba3a197@0
05-28 16:16:18.800 V/WindowManager( 742): Finish Transition #94: created at
05-28 16:16:18.321 collect-started=0.103ms request-sent=8.777ms started=12.14ms ready=32.102ms sent=39.725ms finished=476.409ms
05-28 16:16:18.804 D/TrafficStats( 2316): tagSocket(138) with statsTag=0xffffffff, statsUid=-1
05-28 16:16:18.813 V/WindowManagerShell( 1176): Track 0 became idle
05-28 16:16:18.813 V/WindowManagerShell( 1176): All active transition animations finished
05-28 16:16:18.842 D/hdmicecd( 532): [CEC]:printCecMessage, [4 -> 0] len: 1, body: 8f, result:no ack
05-28 16:16:18.902 D/hdmicecd( 532): [CEC]:printCecMessage, [4 -> 0] len: 1, body: 8f, result:no ack
05-28 16:16:18.903 E/HDMI ( 742): [11]:Failed to send 40:8F with errorCode=1
05-28 16:16:18.903 D/HDMI ( 742): [S]: 40:0D
05-28 16:16:18.958 D/hdmicecd( 532): [CEC]:printCecMessage, [4 -> 0] len: 1, body: 0d, result:no ack
05-28 16:16:19.014 D/hdmicecd( 532): [CEC]:printCecMessage, [4 -> 0] len: 1, body: 0d, result:no ack
05-28 16:16:19.199 E/ccc ( 1946): cccccc onPhrikeUpdate downloading 88.42485
05-28 16:16:19.316 D/ResendCecCommandAction( 742): sendCommandWithoutRetries failed, retry
05-28 16:16:19.316 D/HDMI ( 742): [S]: 40:0D
05-28 16:16:19.370 D/hdmicecd( 532): [CEC]:printCecMessage, [4 -> 0] len: 1, body: 0d, result:no ack
05-28 16:16:19.430 D/hdmicecd( 532): [CEC]:printCecMessage, [4 -> 0] len: 1, body: 0d, result:no ack
05-28 16:16:19.467 D/XM_HIDREAD( 2292): poll ret=1, event=1
05-28 16:16:19.467 D/XM_HIDREAD( 2292): [9 bytes]:01 00 00 28 00 00 00 00 00
05-28 16:16:19.469 I/SogouIME( 3119): onKeyDown: keyoCode=23
05-28 16:16:19.470 I/DefaultIMS( 3119): onKeyDown: keyoCode=23
05-28 16:16:19.470 E/SecondScreen( 2316): FirstScreenLayoutView dispatchKeyEvent 23
05-28 16:16:19.587 D/XM_HIDREAD( 2292): poll ret=1, event=1
05-28 16:16:19.587 D/XM_HIDREAD( 2292): [9 bytes]:01 00 00 00 00 00 00 00 00
05-28 16:16:19.590 I/SogouIME( 3119): onKeyUp: keyoCode=23
05-28 16:16:19.590 I/DefaultIMS( 3119): onKeyUp: keyoCode=23
05-28 16:16:19.590 E/SecondScreen( 2316): FirstScreenLayoutView dispatchKeyEvent 23
05-28 16:16:19.596 E/CellBroadcastUtils( 742): getDefaultCellBroadcastReceiverPackageName: no package found
05-28 16:16:19.606 I/ActivityTaskManager( 742): START u0 {dat=haqu://setting:8080/... flg=0x10000000 pkg=com.dangbei.haqusetting cmp=com.dangbei.haqusetting/.ui.HomeActivity} with LAUNCH_MULTIPLE from uid 1000 (BAL_ALLOW_ALLOWLISTED_UID) result code=0
05-28 16:16:19.607 V/WindowManagerShell( 1176): Transition requested: android.os.BinderProxy@f5dd1dd TransitionRequestInfo { type = 1, triggerTask = TaskInfo{userId=0 taskId=56 displayId=0 isRunning=true baseIntent=Intent { dat=haqu://setting:8080/... flg=0x10000000 pkg=com.dangbei.haqusetting cmp=com.dangbei.haqusetting/.ui.HomeActivity } baseActivity=ComponentInfo{com.dangbei.haqusetting/com.dangbei.haqusetting.ui.HomeActivity} topActivity=ComponentInfo{com.dangbei.haqusetting/com.dangbei.haqusetting.ui.HomeActivity} origActivity=null realActivity=ComponentInfo{com.dangbei.haqusetting/com.dangbei.haqusetting.ui.HomeActivity} numActivities=1 lastActiveTime=7450072 supportsMultiWindow=true resizeMode=1 isResizeable=true minWidth=-1 minHeight=-1 defaultMinSize=220 token=WCT{android.window.IWindowContainerToken$Stub$Proxy@ed1e152} topActivityType=1 pictureInPictureParams=null shouldDockBigOverlays=true launchIntoPipHostTaskId=-1 lastParentTaskIdBeforePip=-1 displayCutoutSafeInsets=null topActivityInfo=ActivityInfo{9701c23 com.dangbei.haqusetting.ui.HomeActivity} launchCookies=[] positionInParent=Point(0, 0) parentTaskId=-1 isFocused=false isVisible=false isVisibleRequested=false isSleeping=false topActivityInSizeCompat=false topActivityEligibleForLetterboxEducation= false isLetterboxDoubleTapEnabled= false topActivityEligibleForUserAspectRatioButton= false topActivityBoundsLetterboxed= false isFromLetterboxDoubleTap= false topActivityLetterboxVerticalPosition= -1 topActivityLetterboxHorizontalPosition= -1 topActivityLetterboxWidth=-1 topActivityLetterboxHeight=-1 isUserFullscreenOverrideEnabled=false isTopActivityTransparent=true locusId=null displayAreaFeatureId=1 cameraCompatControlState=hidden}, remoteTransition = null, displayChange = null, flags = 0 }
05-28 16:16:19.617 V/WindowManager( 742): app ------------- force_land :0
05-28 16:16:19.620 D/TrafficStats( 2316): tagSocket(118) with statsTag=0xffffffff, statsUid=-1
05-28 16:16:19.631 I/BpBinder( 263): onLastStrongRef automatically unlinking death recipients:
05-28 16:16:19.633 W/SQLiteLog( 2316): (28) double-quoted string literal: "
05-28 16:16:19.633 W/SQLiteLog( 2316): (28) double-quoted string literal: "983C43F61C41F090AC23A269CE82CFB3"
05-28 16:16:19.652 E/ccc ( 1946): cccccc UpdateHelper onMessageReceived com.dangbei.haqusetting com.dangbei.etna.update {"action":"get","functionTag":"leaf_controller_function_controller_dangbei_update","value":0} com.dangbei.lerad.etna.aidl.IEtnaAidlCallback$Stub$Proxy@2cdaff6
05-28 16:16:19.653 E/ccc ( 1946): cccccc 缓存获取遥控器版本 DB-15B-H5-R0111
05-28 16:16:19.654 W/WindowManager( 742): [addWindow] title:com.dangbei.haqusetting/com.dangbei.haqusetting.ui.HomeActivity
05-28 16:16:19.658 D/BluetoothGatt( 1946): connect(void) - device: E4:BB:D3:57:C0:53, auto=true
05-28 16:16:19.660 I/bt_btif_gattc( 1367): packages/modules/Bluetooth/system/btif/src/btif_gatt_client.cc:340 btif_gattc_open_impl: Transport=2, device type=2, address type =0, phy=1
05-28 16:16:19.660 I/bluetooth( 1367): packages/modules/Bluetooth/system/stack/gatt/gatt_main.cc:405 gatt_update_app_use_link_flag: disable link idle timer for xx:xx:xx:xx:c0:53
05-28 16:16:19.660 I/bt_stack( 1367): [INFO:l2c_api.cc(1607)] L2CA_MarkLeLinkAsActivesetting link to e4:bb:d3:57:c0:53 as active
05-28 16:16:19.660 D/BluetoothGatt( 1946): discoverServices() - device: E4:BB:D3:57:C0:53
05-28 16:16:19.660 I/bluetooth( 1367): packages/modules/Bluetooth/system/stack/gatt/gatt_api.cc:1206 GATT_SetIdleTimeout: idle_timeout=65535, is_active=1, status=1 (1-OK 0-not performed)
05-28 16:16:19.662 E/ccc ( 1946): cccccc 请求电量实时 76
05-28 16:16:19.663 I/bt_bta_gattc( 1367): packages/modules/Bluetooth/system/bta/gatt/bta_gattc_cache.cc:1035 bta_gattc_get_gatt_db: bta_gattc_get_gatt_db
05-28 16:16:19.665 D/BluetoothGatt( 1946): onSearchComplete() = Device=E4:BB:D3:57:C0:53 Status=0
05-28 16:16:19.667 D/CoreBackPreview( 742): Window{69e2cbe u0 com.dangbei.haqusetting/com.dangbei.haqusetting.ui.HomeActivity}: Setting back callback OnBackInvokedCallbackInfo{mCallback=android.window.IOnBackInvokedCallback$Stub$Proxy@de2bc6c, mPriority=0, mIsAnimationCallback=false}
05-28 16:16:19.675 E/OpenGLRenderer( 2296): Unable to match the desired swap behavior.
05-28 16:16:19.689 W/RecyclerView( 2296): No adapter attached; skipping layout
05-28 16:16:19.694 V/WindowManagerShell( 1176): onTransitionReady android.os.BinderProxy@f5dd1dd: {id=95 t=OPEN f=0x0 trk=0 r=[0@Point(0, 0)] c=[{WCT{android.window.IWindowContainerToken$Stub$Proxy@508c09e} m=OPEN f=TRANSLUCENT leash=Surface(name=Task=56)/@0x360d520 sb=Rect(0, 0 - 1920, 1080) eb=Rect(0, 0 - 1920, 1080) d=0}]}
05-28 16:16:19.695 V/WindowManagerShell( 1176): Playing animation for (#95)android.os.BinderProxy@f5dd1dd@0
05-28 16:16:19.695 V/WindowManagerShell( 1176): try handler com.android.wm.shell.keyguard.KeyguardTransitionHandler@d57b599
05-28 16:16:19.695 V/WindowManagerShell( 1176): try handler com.android.wm.shell.pip.tv.TvPipTransition@503205e
05-28 16:16:19.695 V/WindowManagerShell( 1176): try handler com.android.wm.shell.activityembedding.ActivityEmbeddingController@ce59c3f
05-28 16:16:19.695 V/WindowManagerShell( 1176): try handler com.android.wm.shell.transition.RemoteTransitionHandler@b18e90c
05-28 16:16:19.695 V/WindowManagerShell( 1176): Transition doesn't have explicit remote, search filters for match for {id=95 t=OPEN f=0x0 trk=0 r=[0@Point(0, 0)] c=[{WCT{android.window.IWindowContainerToken$Stub$Proxy@508c09e} m=OPEN f=TRANSLUCENT leash=Surface(name=Task=56)/@0x360d520 sb=Rect(0, 0 - 1920, 1080) eb=Rect(0, 0 - 1920, 1080) d=0}]}
05-28 16:16:19.696 V/WindowManagerShell( 1176): Delegate animation for #95 to null
05-28 16:16:19.696 V/WindowManagerShell( 1176): try handler com.android.wm.shell.transition.DefaultTransitionHandler@be51255
05-28 16:16:19.696 V/WindowManagerShell( 1176): start default transition animation, info = {id=95 t=OPEN f=0x0 trk=0 r=[0@Point(0, 0)] c=[{WCT{android.window.IWindowContainerToken$Stub$Proxy@508c09e} m=OPEN f=TRANSLUCENT leash=Surface(name=Task=56)/@0x360d520 sb=Rect(0, 0 - 1920, 1080) eb=Rect(0, 0 - 1920, 1080) d=0}]}
05-28 16:16:19.696 V/WindowManagerShell( 1176): loadAnimation: anim=android.view.animation.AlphaAnimation@79e577f animAttr=0x4 type=OPEN isEntrance=true
05-28 16:16:19.697 V/WindowManagerShell( 1176): animated by com.android.wm.shell.transition.DefaultTransitionHandler@be51255
05-28 16:16:19.697 I/ActivityTaskManager( 742): Displayed com.dangbei.haqusetting/.ui.HomeActivity for user 0: +95ms
05-28 16:16:19.699 V/WindowManager( 742): Sent Transition #95 createdAt=05-28 16:16:19.595 via request=TransitionRequestInfo { type = 1, triggerTask = TaskInfo{userId=0 taskId=56 displayId=0 isRunning=true baseIntent=Intent { dat=haqu://setting:8080/... flg=0x10000000 pkg=com.dangbei.haqusetting cmp=com.dangbei.haqusetting/.ui.HomeActivity } baseActivity=ComponentInfo{com.dangbei.haqusetting/com.dangbei.haqusetting.ui.HomeActivity} topActivity=ComponentInfo{com.dangbei.haqusetting/com.dangbei.haqusetting.ui.HomeActivity} origActivity=null realActivity=ComponentInfo{com.dangbei.haqusetting/com.dangbei.haqusetting.ui.HomeActivity} numActivities=1 lastActiveTime=7450072 supportsMultiWindow=true resizeMode=1 isResizeable=true minWidth=-1 minHeight=-1 defaultMinSize=220 token=WCT{RemoteToken{753358 Task{8098bc3 #56 type=standard A=1000:com.dangbei.haqusetting}}} topActivityType=1 pictureInPictureParams=null shouldDockBigOverlays=true launchIntoPipHostTaskId=-1 lastParentTaskIdBeforePip=-1 displayCutoutSafeInsets=null topActivityInfo=ActivityInfo{59bdcb1 com.dangbei.haqusetting.ui.HomeActivity} launchCookies=[] positionInParent=Point(0, 0) parentTaskId=-1 isFocused=false isVisible=false isVisibleRequested=false isSleeping=false topActivityInSizeCompat=false topActivityEligibleForLetterboxEducation= false isLetterboxDoubleTapEnabled= false topActivityEligibleForUserAspectRatioButton= false topActivityBoundsLetterboxed= false isFromLetterboxDoubleTap= false topActivityLetterboxVerticalPosition= -1 topActivityLetterboxHorizontalPosition= -1 topActivityLetterboxWidth=-1 topActivityLetterboxHeight=-1 isUserFullscreenOverrideEnabled=false isTopActivityTransparent=true locusId=null displayAreaFeatureId=1 cameraCompatControlState=hidden}, remoteTransition = null, displayChange = null, flags = 0 }
05-28 16:16:19.699 V/WindowManager( 742): startWCT=WindowContainerTransaction { changes = {} hops = [] errorCallbackToken=null taskFragmentOrganizer=null }
05-28 16:16:19.699 V/WindowManager( 742): info={id=95 t=OPEN f=0x0 trk=0 r=[0@Point(0, 0)] c=[{WCT{RemoteToken{753358 Task{8098bc3 #56 type=standard A=1000:com.dangbei.haqusetting}}} m=OPEN f=TRANSLUCENT leash=Surface(name=Task=56)/@0x67b5235 sb=Rect(0, 0 - 1920, 1080) eb=Rect(0, 0 - 1920, 1080) d=0}]}
05-28 16:16:19.701 W/ProcessStats( 742): Tracking association SourceState{6b8f34f com.dangbei.leard.leradlauncher/1000 BTop #2065} whose proc state 2 is better than process ProcessState{7da6cab com.android.webview:webview_service/10051 pkg=com.android.webview} proc state 15 (5 skipped)
05-28 16:16:19.721 D/WindowManagerShell( 1176): TvPipController: onTaskStackChanged()
05-28 16:16:19.754 I/ImeTracker( 742): com.dangbei.haqusetting:534c8fdd: onRequestHide at ORIGIN_SERVER_HIDE_INPUT reason HIDE_UNSPECIFIED_WINDOW
05-28 16:16:19.755 I/ImeTracker( 742): com.dangbei.haqusetting:534c8fdd: onCancelled at PHASE_SERVER_SHOULD_HIDE
05-28 16:16:19.758 I/DefaultIMS( 3119): onStartInput attribute=android.view.inputmethod.EditorInfo@d22ff94 restarting=false inputType: 0
05-28 16:16:19.772 W/ContextImpl( 742): Calling a method in the system process without a qualified user: android.app.ContextImpl.startService:1899 com.android.server.wm.DisplayPolicy.lambda$focusChangedLw$5:2126 com.android.server.wm.DisplayPolicy.$r8$lambda$Znxk63oh-WzVnzo_WQefN7uxV48:0 com.android.server.wm.DisplayPolicy$$ExternalSyntheticLambda13.run:0 android.os.Handler.handleCallback:958
05-28 16:16:19.775 D/aaa ( 2151): LedStatusService onStartCommand begin
05-28 16:16:19.776 D/aaa ( 2151): topPkg is -------------- :com.dangbei.haqusetting
05-28 16:16:19.971 E/ccc ( 1946): cccccc UpdateHelper onMessageReceived com.dangbei.haqusetting com.dangbei.etna.update {"action":"get","functionTag":"leaf_controller_function_controller_dangbei_update","value":0} com.dangbei.lerad.etna.aidl.IEtnaAidlCallback$Stub$Proxy@b750ff7
05-28 16:16:19.971 E/ccc ( 1946): cccccc 缓存获取遥控器版本 DB-15B-H5-R0111
05-28 16:16:19.972 E/ccc ( 1946): cccccc 请求电量缓存 76
05-28 16:16:20.017 D/ConnectivityService( 742): requestNetwork for uid/pid:1000/2296 activeRequest: null callbackRequest: 117 [NetworkRequest [ REQUEST id=118, [ Capabilities: INTERNET&NOT_RESTRICTED&TRUSTED&NOT_VCN_MANAGED Uid: 1000 RequestorUid: 1000 RequestorPkg: com.dangbei.haqusetting UnderlyingNetworks: Null] ]] callback flags: 0 order: 2147483647
05-28 16:16:20.020 D/WifiNetworkFactory( 742): got request NetworkRequest [ REQUEST id=118, [ Capabilities: INTERNET&NOT_RESTRICTED&TRUSTED&NOT_VCN_MANAGED Uid: 1000 RequestorUid: 1000 RequestorPkg: com.dangbei.haqusetting UnderlyingNetworks: Null] ]
05-28 16:16:20.020 D/UntrustedWifiNetworkFactory( 742): got request NetworkRequest [ REQUEST id=118, [ Capabilities: INTERNET&NOT_RESTRICTED&TRUSTED&NOT_VCN_MANAGED Uid: 1000 RequestorUid: 1000 RequestorPkg: com.dangbei.haqusetting UnderlyingNetworks: Null] ]
05-28 16:16:20.021 D/OemPaidWifiNetworkFactory( 742): got request NetworkRequest [ REQUEST id=118, [ Capabilities: INTERNET&NOT_RESTRICTED&TRUSTED&NOT_VCN_MANAGED Uid: 1000 RequestorUid: 1000 RequestorPkg: com.dangbei.haqusetting UnderlyingNetworks: Null] ]
05-28 16:16:20.021 D/MultiInternetWifiNetworkFactory( 742): got request NetworkRequest [ REQUEST id=118, [ Capabilities: INTERNET&NOT_RESTRICTED&TRUSTED&NOT_VCN_MANAGED Uid: 1000 RequestorUid: 1000 RequestorPkg: com.dangbei.haqusetting UnderlyingNetworks: Null] ]
05-28 16:16:20.021 D/ConnectivityService( 742): NetReassign [118 : null → 100] [c 0] [a 2] [i 1]
05-28 16:16:20.025 I/DefaultIMS( 3119): onStartInput attribute=android.view.inputmethod.EditorInfo@23e1a3d restarting=false inputType: 0
05-28 16:16:20.114 V/WindowManagerShell( 1176): Transition animation finished (aborted=false), notifying core (#95)android.os.BinderProxy@f5dd1dd@0
05-28 16:16:20.118 V/WindowManager( 742): Finish Transition #95: created at
05-28 16:16:19.595 collect-started=0.103ms request-sent=10.819ms started=13.715ms ready=25.687ms sent=95.647ms finished=521.281ms
05-28 16:16:20.119 V/WindowManagerShell( 1176): Track 0 became idle
05-28 16:16:20.119 V/WindowManagerShell( 1176): All active transition animations finished
05-28 16:16:20.200 E/ccc ( 1946): cccccc settingHelper resetManager
05-28 16:16:20.201 V/HdmiDisplayManager( 1946): Amlogic Y5
05-28 16:16:20.207 E/ccc ( 1946): cccccc ColorFormatManager reset
05-28 16:16:20.208 D/MesonDisplayServer( 289): use connector getDisplayAttribute "HDR Priority": "268435472"
05-28 16:16:20.208 I/SystemControl( 343): [/DisplayMode.cpp, getCurrentHdrPriority, 2840] getCurrentHdrPriority is [0x10000010]
05-28 16:16:20.209 V/MesonDisplayServer( 289): GetDisplayMode:2160p60hz
05-28 16:16:20.213 D/MesonDisplayServer( 289): use connector getDisplayAttribute "HDR Priority": "268435472"
05-28 16:16:20.213 I/SystemControl( 343): [/DisplayMode.cpp, getCurrentHdrPriority, 2840] getCurrentHdrPriority is [0x10000010]
05-28 16:16:20.215 V/MesonDisplayServer( 289): GetDisplayMode:2160p60hz
05-28 16:16:20.216 D/MesonDisplayServer( 289): use connector getDisplayAttribute "HDMI Color ATTR": "422,12bit"
05-28 16:16:20.217 I/SystemControl( 343): [/DisplayMode.cpp, getDeepColorAttr, 2290] getDeepColorAttr colorspace:422,12bit
05-28 16:16:20.217 I/SystemControl( 343): get deep color attr mode 2160p60hz, value 422,12bit
05-28 16:16:20.217 E/ccc ( 1946): cccccc ColorHelper current get YCbCr 4:2:2 12-bit
05-28 16:16:20.222 V/MesonDisplayServer( 289): GetDisplayMode:2160p60hz
05-28 16:16:20.223 D/MesonDisplayServer( 289): use connector getDisplayAttribute "HDMI Color ATTR": "422,12bit"
05-28 16:16:20.223 I/SystemControl( 343): [/DisplayMode.cpp, getDeepColorAttr, 2290] getDeepColorAttr colorspace:422,12bit
05-28 16:16:20.223 I/SystemControl( 343): get deep color attr mode 2160p60hz, value 422,12bit
05-28 16:16:20.223 E/ccc ( 1946): cccccc ColorHelper current get YCbCr 4:2:2 12-bit
05-28 16:16:20.314 D/HDMI ( 742): one touch play retry:1
05-28 16:16:20.314 D/HDMI ( 742): [S]: 40:0D
05-28 16:16:20.370 D/hdmicecd( 532): [CEC]:printCecMessage, [4 -> 0] len: 1, body: 0d, result:no ack
05-28 16:16:20.430 D/hdmicecd( 532): [CEC]:printCecMessage, [4 -> 0] len: 1, body: 0d, result:no ack
05-28 16:16:20.431 D/HDMI ( 742): [S]: 40:8F
05-28 16:16:20.431 D/ResendCecCommandAction( 742): ResendCecCommandAction started
05-28 16:16:20.475 W/WindowOnBackDispatcher( 1946): sendCancelIfRunning: isInProgress=falsecallback=android.view.ViewRootImpl$$ExternalSyntheticLambda17@dc20b2a
05-28 16:16:20.475 D/CoreBackPreview( 742): Window{3910a0d u0 Toast}: Setting back callback null
05-28 16:16:20.476 W/InputManager-JNI( 742): Input channel object '3910a0d Toast (client)' was disposed without first being removed with the input manager!
05-28 16:16:20.484 W/NotificationService( 742): Toast already killed. pkg=com.dangbei.lerad.etna.haqu token=android.os.BinderProxy@ea8900f
05-28 16:16:20.490 D/hdmicecd( 532): [CEC]:printCecMessage, [4 -> 0] len: 1, body: 8f, result:no ack
05-28 16:16:20.550 D/hdmicecd( 532): [CEC]:printCecMessage, [4 -> 0] len: 1, body: 8f, result:no ack
05-28 16:16:20.730 D/ResendCecCommandAction( 742): sendCommandWithoutRetries failed, retry
05-28 16:16:20.731 D/HDMI ( 742): [S]: 40:0D
05-28 16:16:20.786 D/hdmicecd( 532): [CEC]:printCecMessage, [4 -> 0] len: 1, body: 0d, result:no ack
05-28 16:16:20.842 D/hdmicecd( 532): [CEC]:printCecMessage, [4 -> 0] len: 1, body: 0d, result:no ack
05-28 16:16:21.144 D/ResendCecCommandAction( 742): sendCommandWithoutRetries failed, retry
05-28 16:16:21.144 D/HDMI ( 742): [S]: 40:0D
05-28 16:16:21.167 D/XM_HIDREAD( 2292): poll ret=1, event=1
05-28 16:16:21.167 D/XM_HIDREAD( 2292): [9 bytes]:01 00 00 50 00 00 00 00 00
05-28 16:16:21.170 I/SogouIME( 3119): onKeyDown: keyoCode=21
05-28 16:16:21.170 I/DefaultIMS( 3119): onKeyDown: keyoCode=21
05-28 16:16:21.179 I/DefaultIMS( 3119): onStartInput attribute=android.view.inputmethod.EditorInfo@89df232 restarting=false inputType: 0
05-28 16:16:21.198 D/hdmicecd( 532): [CEC]:printCecMessage, [4 -> 0] len: 1, body: 0d, result:no ack
05-28 16:16:21.258 D/hdmicecd( 532): [CEC]:printCecMessage, [4 -> 0] len: 1, body: 0d, result:no ack
05-28 16:16:21.258 E/IPCThreadState( 532): binder thread pool (1 threads) starved for 114 ms
05-28 16:16:21.267 D/XM_HIDREAD( 2292): poll ret=1, event=1
05-28 16:16:21.267 D/XM_HIDREAD( 2292): [9 bytes]:01 00 00 00 00 00 00 00 00
05-28 16:16:21.270 I/SogouIME( 3119): onKeyUp: keyoCode=21
05-28 16:16:21.270 I/DefaultIMS( 3119): onKeyUp: keyoCode=21
05-28 16:16:21.487 D/XM_HIDREAD( 2292): poll ret=1, event=1
05-28 16:16:21.487 D/XM_HIDREAD( 2292): [9 bytes]:01 00 00 28 00 00 00 00 00
05-28 16:16:21.489 I/SogouIME( 3119): onKeyDown: keyoCode=23
05-28 16:16:21.489 I/DefaultIMS( 3119): onKeyDown: keyoCode=23
05-28 16:16:21.607 D/XM_HIDREAD( 2292): poll ret=1, event=1
05-28 16:16:21.607 D/XM_HIDREAD( 2292): [9 bytes]:01 00 00 00 00 00 00 00 00
05-28 16:16:21.609 I/SogouIME( 3119): onKeyUp: keyoCode=23
05-28 16:16:21.609 I/DefaultIMS( 3119): onKeyUp: keyoCode=23
05-28 16:16:21.632 E/ccc ( 1946): cccccc resolutionListItem is AUTO(4k (59.94 Hz))
05-28 16:16:21.632 E/ccc ( 1946): cccccc resolutionListItem is 4k (60 Hz)
05-28 16:16:21.632 E/ccc ( 1946): cccccc resolutionListItem is 4k (59.94 Hz)
05-28 16:16:21.632 E/ccc ( 1946): cccccc resolutionListItem is 4k (50 Hz)
05-28 16:16:21.632 E/ccc ( 1946): cccccc resolutionListItem is 4k (30 Hz)
05-28 16:16:21.632 E/ccc ( 1946): cccccc resolutionListItem is 4k (29.97 Hz)
05-28 16:16:21.632 E/ccc ( 1946): cccccc resolutionListItem is 4k (25 Hz)
05-28 16:16:21.632 E/ccc ( 1946): cccccc resolutionListItem is 4k (24 Hz)
05-28 16:16:21.632 E/ccc ( 1946): cccccc resolutionListItem is 4k (23.98 Hz)
05-28 16:16:21.632 E/ccc ( 1946): cccccc resolutionListItem is 1080p (60 Hz)
05-28 16:16:21.632 E/ccc ( 1946): cccccc resolutionListItem is 1080p (59.94 Hz)
05-28 16:16:21.632 E/ccc ( 1946): cccccc resolutionListItem is 1080p (50 Hz)
05-28 16:16:21.632 E/ccc ( 1946): cccccc resolutionListItem is 1080p (30 Hz)
05-28 16:16:21.632 E/ccc ( 1946): cccccc resolutionListItem is 1080p (29.97 Hz)
05-28 16:16:21.632 E/ccc ( 1946): cccccc resolutionListItem is 1080p (24 Hz)
05-28 16:16:21.632 E/ccc ( 1946): cccccc resolutionListItem is 1080p (23.98 Hz)
05-28 16:16:21.632 E/ccc ( 1946): cccccc resolutionListItem is 720p (60 Hz)
05-28 16:16:21.632 E/ccc ( 1946): cccccc resolutionListItem is 720p (59.94 Hz)
05-28 16:16:21.632 E/ccc ( 1946): cccccc resolutionListItem is 720p (50 Hz)
05-28 16:16:21.749 I/WifiHAL ( 558): call wifi_get_link_stats handler
05-28 16:16:21.749 I/WifiHAL ( 558): Creating message to get link statistics; iface = 16
05-28 16:16:21.750 D/WifiHAL ( 558): error code -95 mapped to -3
05-28 16:16:21.750 E/WifiStaIfaceAidlImpl( 742): getLinkLayerStats failed with service-specific exception: android.os.ServiceSpecificException: (code 4)
05-28 16:16:22.110 W/System ( 742): A resource failed to call release.
05-28 16:16:22.287 D/XM_HIDREAD( 2292): poll ret=1, event=1
05-28 16:16:22.287 D/XM_HIDREAD( 2292): [9 bytes]:01 00 00 51 00 00 00 00 00
05-28 16:16:22.290 I/SogouIME( 3119): onKeyDown: keyoCode=20
05-28 16:16:22.290 I/DefaultIMS( 3119): onKeyDown: keyoCode=20
05-28 16:16:22.315 D/HDMI ( 742): one touch play retry:2
05-28 16:16:22.315 D/HDMI ( 742): [S]: 40:0D
05-28 16:16:22.370 D/hdmicecd( 532): [CEC]:printCecMessage, [4 -> 0] len: 1, body: 0d, result:no ack
05-28 16:16:22.426 D/hdmicecd( 532): [CEC]:printCecMessage, [4 -> 0] len: 1, body: 0d, result:no ack
05-28 16:16:22.427 D/XM_HIDREAD( 2292): poll ret=1, event=1
05-28 16:16:22.427 D/XM_HIDREAD( 2292): [9 bytes]:01 00 00 00 00 00 00 00 00
05-28 16:16:22.427 D/HDMI ( 742): [S]: 40:8F
05-28 16:16:22.428 D/ResendCecCommandAction( 742): ResendCecCommandAction started
05-28 16:16:22.429 I/SogouIME( 3119): onKeyUp: keyoCode=20
05-28 16:16:22.429 I/DefaultIMS( 3119): onKeyUp: keyoCode=20
05-28 16:16:22.479 W/WindowManager( 742): Unable to start animation, surface is null or no children.
05-28 16:16:22.486 D/hdmicecd( 532): [CEC]:printCecMessage, [4 -> 0] len: 1, body: 8f, result:no ack
05-28 16:16:22.542 D/hdmicecd( 532): [CEC]:printCecMessage, [4 -> 0] len: 1, body: 8f, result:no ack
05-28 16:16:22.567 D/XM_HIDREAD( 2292): poll ret=1, event=1
05-28 16:16:22.567 D/XM_HIDREAD( 2292): [9 bytes]:01 00 00 51 00 00 00 00 00
05-28 16:16:22.569 I/SogouIME( 3119): onKeyDown: keyoCode=20
05-28 16:16:22.569 I/DefaultIMS( 3119): onKeyDown: keyoCode=20
05-28 16:16:22.667 D/XM_HIDREAD( 2292): poll ret=1, event=1
05-28 16:16:22.667 D/XM_HIDREAD( 2292): [9 bytes]:01 00 00 00 00 00 00 00 00
05-28 16:16:22.669 I/SogouIME( 3119): onKeyUp: keyoCode=20
05-28 16:16:22.670 I/DefaultIMS( 3119): onKeyUp: keyoCode=20
05-28 16:16:22.727 D/ResendCecCommandAction( 742): sendCommandWithoutRetries failed, retry
05-28 16:16:22.728 D/HDMI ( 742): [S]: 40:0D
05-28 16:16:22.782 D/hdmicecd( 532): [CEC]:printCecMessage, [4 -> 0] len: 1, body: 0d, result:no ack
05-28 16:16:22.820 E/TaskPersister( 742): File error accessing recents directory (directory doesn't exist?).
05-28 16:16:22.842 D/hdmicecd( 532): [CEC]:printCecMessage, [4 -> 0] len: 1, body: 0d, result:no ack
05-28 16:16:23.144 D/ResendCecCommandAction( 742): sendCommandWithoutRetries failed, retry
05-28 16:16:23.144 D/HDMI ( 742): [S]: 40:0D
05-28 16:16:23.202 D/hdmicecd( 532): [CEC]:printCecMessage, [4 -> 0] len: 1, body: 0d, result:no ack
05-28 16:16:23.215 E/ccc ( 1946): cccccc onPhrikeUpdate downloading 88.51256
05-28 16:16:23.258 D/hdmicecd( 532): [CEC]:printCecMessage, [4 -> 0] len: 1, body: 0d, result:no ack
05-28 16:16:24.316 D/HDMI ( 742): one touch play retry:3
05-28 16:16:24.317 D/HDMI ( 742): [S]: 40:0D
05-28 16:16:24.378 D/hdmicecd( 532): [CEC]:printCecMessage, [4 -> 0] len: 1, body: 0d, result:no ack
05-28 16:16:24.434 D/hdmicecd( 532): [CEC]:printCecMessage, [4 -> 0] len: 1, body: 0d, result:no ack
05-28 16:16:24.435 D/HDMI ( 742): [S]: 40:8F
05-28 16:16:24.435 D/ResendCecCommandAction( 742): ResendCecCommandAction started
05-28 16:16:24.494 D/hdmicecd( 532): [CEC]:printCecMessage, [4 -> 0] len: 1, body: 8f, result:no ack
05-28 16:16:24.550 D/hdmicecd( 532): [CEC]:printCecMessage, [4 -> 0] len: 1, body: 8f, result:no ack
05-28 16:16:24.707 D/XM_HIDREAD( 2292): poll ret=1, event=1
05-28 16:16:24.707 D/XM_HIDREAD( 2292): [9 bytes]:01 00 00 28 00 00 00 00 00
05-28 16:16:24.710 I/SogouIME( 3119): onKeyDown: keyoCode=23
05-28 16:16:24.710 I/DefaultIMS( 3119): onKeyDown: keyoCode=23
05-28 16:16:24.734 D/ResendCecCommandAction( 742): sendCommandWithoutRetries failed, retry
05-28 16:16:24.735 D/HDMI ( 742): [S]: 40:0D
05-28 16:16:24.758 I/WifiHAL ( 558): call wifi_get_link_stats handler
05-28 16:16:24.758 I/WifiHAL ( 558): Creating message to get link statistics; iface = 16
05-28 16:16:24.758 D/WifiHAL ( 558): error code -95 mapped to -3
05-28 16:16:24.758 E/WifiStaIfaceAidlImpl( 742): getLinkLayerStats failed with service-specific exception: android.os.ServiceSpecificException: (code 4)
05-28 16:16:24.787 D/XM_HIDREAD( 2292): poll ret=1, event=1
05-28 16:16:24.787 D/XM_HIDREAD( 2292): [9 bytes]:01 00 00 00 00 00 00 00 00
05-28 16:16:24.789 I/SogouIME( 3119): onKeyUp: keyoCode=23
05-28 16:16:24.789 I/DefaultIMS( 3119): onKeyUp: keyoCode=23
05-28 16:16:24.790 D/hdmicecd( 532): [CEC]:printCecMessage, [4 -> 0] len: 1, body: 0d, result:no ack
05-28 16:16:24.794 I/DroidAudioCore( 1379): needSyncDroidSetting internal audio format:0, android format:1
05-28 16:16:24.846 D/hdmicecd( 532): [CEC]:printCecMessage, [4 -> 0] len: 1, body: 0d, result:no ack
05-28 16:16:25.146 D/ResendCecCommandAction( 742): sendCommandWithoutRetries failed, retry
05-28 16:16:25.147 D/HDMI ( 742): [S]: 40:0D
05-28 16:16:25.202 D/hdmicecd( 532): [CEC]:printCecMessage, [4 -> 0] len: 1, body: 0d, result:no ack
05-28 16:16:25.227 D/XM_HIDREAD( 2292): poll ret=1, event=1
05-28 16:16:25.227 D/XM_HIDREAD( 2292): [9 bytes]:01 00 00 51 00 00 00 00 00
05-28 16:16:25.230 I/SogouIME( 3119): onKeyDown: keyoCode=20
05-28 16:16:25.230 I/DefaultIMS( 3119): onKeyDown: keyoCode=20
05-28 16:16:25.258 D/hdmicecd( 532): [CEC]:printCecMessage, [4 -> 0] len: 1, body: 0d, result:no ack
05-28 16:16:25.327 D/XM_HIDREAD( 2292): poll ret=1, event=1
05-28 16:16:25.327 D/XM_HIDREAD( 2292): [9 bytes]:01 00 00 00 00 00 00 00 00
05-28 16:16:25.328 I/SogouIME( 3119): onKeyUp: keyoCode=20
05-28 16:16:25.328 I/DefaultIMS( 3119): onKeyUp: keyoCode=20
05-28 16:16:25.487 D/XM_HIDREAD( 2292): poll ret=1, event=1
05-28 16:16:25.487 D/XM_HIDREAD( 2292): [9 bytes]:01 00 00 51 00 00 00 00 00
05-28 16:16:25.489 I/SogouIME( 3119): onKeyDown: keyoCode=20
05-28 16:16:25.489 I/DefaultIMS( 3119): onKeyDown: keyoCode=20
05-28 16:16:25.607 D/XM_HIDREAD( 2292): poll ret=1, event=1
05-28 16:16:25.607 D/XM_HIDREAD( 2292): [9 bytes]:01 00 00 00 00 00 00 00 00
05-28 16:16:25.609 I/SogouIME( 3119): onKeyUp: keyoCode=20
05-28 16:16:25.609 I/DefaultIMS( 3119): onKeyUp: keyoCode=20
05-28 16:16:25.727 D/XM_HIDREAD( 2292): poll ret=1, event=1
05-28 16:16:25.727 D/XM_HIDREAD( 2292): [9 bytes]:01 00 00 51 00 00 00 00 00
05-28 16:16:25.729 I/SogouIME( 3119): onKeyDown: keyoCode=20
05-28 16:16:25.729 I/DefaultIMS( 3119): onKeyDown: keyoCode=20
05-28 16:16:25.827 D/XM_HIDREAD( 2292): poll ret=1, event=1
05-28 16:16:25.827 D/XM_HIDREAD( 2292): [9 bytes]:01 00 00 00 00 00 00 00 00
05-28 16:16:25.830 I/SogouIME( 3119): onKeyUp: keyoCode=20
05-28 16:16:25.830 I/DefaultIMS( 3119): onKeyUp: keyoCode=20
05-28 16:16:26.267 D/XM_HIDREAD( 2292): poll ret=1, event=1
05-28 16:16:26.267 D/XM_HIDREAD( 2292): [9 bytes]:01 00 00 51 00 00 00 00 00
05-28 16:16:26.269 I/SogouIME( 3119): onKeyDown: keyoCode=20
05-28 16:16:26.269 I/DefaultIMS( 3119): onKeyDown: keyoCode=20
05-28 16:16:26.316 D/HDMI ( 742): one touch play retry:4
05-28 16:16:26.317 D/HDMI ( 742): [S]: 40:0D
05-28 16:16:26.374 D/hdmicecd( 532): [CEC]:printCecMessage, [4 -> 0] len: 1, body: 0d, result:no ack
05-28 16:16:26.387 D/XM_HIDREAD( 2292): poll ret=1, event=1
05-28 16:16:26.387 D/XM_HIDREAD( 2292): [9 bytes]:01 00 00 00 00 00 00 00 00
05-28 16:16:26.391 I/SogouIME( 3119): onKeyUp: keyoCode=20
05-28 16:16:26.391 I/DefaultIMS( 3119): onKeyUp: keyoCode=20
05-28 16:16:26.430 D/hdmicecd( 532): [CEC]:printCecMessage, [4 -> 0] len: 1, body: 0d, result:no ack
05-28 16:16:26.431 D/HDMI ( 742): [S]: 40:8F
05-28 16:16:26.431 D/ResendCecCommandAction( 742): ResendCecCommandAction started
05-28 16:16:26.467 D/XM_HIDREAD( 2292): poll ret=1, event=1
05-28 16:16:26.467 D/XM_HIDREAD( 2292): [9 bytes]:01 00 00 51 00 00 00 00 00
05-28 16:16:26.469 I/SogouIME( 3119): onKeyDown: keyoCode=20
05-28 16:16:26.469 I/DefaultIMS( 3119): onKeyDown: keyoCode=20
05-28 16:16:26.486 D/hdmicecd( 532): [CEC]:printCecMessage, [4 -> 0] len: 1, body: 8f, result:no ack
05-28 16:16:26.542 D/hdmicecd( 532): [CEC]:printCecMessage, [4 -> 0] len: 1, body: 8f, result:no ack
05-28 16:16:26.567 D/XM_HIDREAD( 2292): poll ret=1, event=1
05-28 16:16:26.567 D/XM_HIDREAD( 2292): [9 bytes]:01 00 00 00 00 00 00 00 00
05-28 16:16:26.569 I/SogouIME( 3119): onKeyUp: keyoCode=20
05-28 16:16:26.569 I/DefaultIMS( 3119): onKeyUp: keyoCode=20
05-28 16:16:26.647 D/XM_HIDREAD( 2292): poll ret=1, event=1
05-28 16:16:26.647 D/XM_HIDREAD( 2292): [9 bytes]:01 00 00 51 00 00 00 00 00
05-28 16:16:26.649 I/SogouIME( 3119): onKeyDown: keyoCode=20
05-28 16:16:26.649 I/DefaultIMS( 3119): onKeyDown: keyoCode=20
05-28 16:16:26.730 D/ResendCecCommandAction( 742): sendCommandWithoutRetries failed, retry
05-28 16:16:26.731 D/HDMI ( 742): [S]: 40:0D
05-28 16:16:26.747 D/XM_HIDREAD( 2292): poll ret=1, event=1
05-28 16:16:26.747 D/XM_HIDREAD( 2292): [9 bytes]:01 00 00 00 00 00 00 00 00
05-28 16:16:26.749 I/SogouIME( 3119): onKeyUp: keyoCode=20
05-28 16:16:26.749 I/DefaultIMS( 3119): onKeyUp: keyoCode=20
05-28 16:16:26.786 D/hdmicecd( 532): [CEC]:printCecMessage, [4 -> 0] len: 1, body: 0d, result:no ack
05-28 16:16:26.842 D/hdmicecd( 532): [CEC]:printCecMessage, [4 -> 0] len: 1, body: 0d, result:no ack
05-28 16:16:26.987 D/XM_HIDREAD( 2292): poll ret=1, event=1
05-28 16:16:26.987 D/XM_HIDREAD( 2292): [9 bytes]:01 00 00 28 00 00 00 00 00
05-28 16:16:26.989 I/SogouIME( 3119): onKeyDown: keyoCode=23
05-28 16:16:26.989 I/DefaultIMS( 3119): onKeyDown: keyoCode=23
05-28 16:16:27.127 D/XM_HIDREAD( 2292): poll ret=1, event=1
05-28 16:16:27.127 D/XM_HIDREAD( 2292): [9 bytes]:01 00 00 00 00 00 00 00 00
05-28 16:16:27.129 I/SogouIME( 3119): onKeyUp: keyoCode=23
05-28 16:16:27.129 I/DefaultIMS( 3119): onKeyUp: keyoCode=23
05-28 16:16:27.140 I/DroidAudioCore( 1379): needSyncDroidSetting internal audio format:0, android format:1
05-28 16:16:27.141 I/SystemControl( 343): [/Ubootenv.cpp, updateValue, 68] [ubootenv] update value name [ubootenv.var.is.bestmode]: value [false]
05-28 16:16:27.141 I/SystemControl( 343): [/Ubootenv.cpp, get, 336] [ubootenv] get key:is.bestmode envValue: true
05-28 16:16:27.143 I/SystemControl( 343): [/Ubootenv.cpp, printValues, 137] [ubootenv] printenv end
05-28 16:16:27.143 D/ResendCecCommandAction( 742): sendCommandWithoutRetries failed, retry
05-28 16:16:27.144 D/HDMI ( 742): [S]: 40:0D
05-28 16:16:27.149 I/SystemControl( 343): [/Ubootenv.cpp, updateValue, 104] [ubootenv] Save ubootenv to /dev/block/by-name/env succeed!
05-28 16:16:27.150 I/SystemControl( 343): [/Ubootenv.cpp, updateValue, 68] [ubootenv] update value name [ubootenv.var.hdmimode]: value [1080p60hz]
05-28 16:16:27.150 I/SystemControl( 343): [/Ubootenv.cpp, get, 336] [ubootenv] get key:hdmimode envValue: none
05-28 16:16:27.150 I/SystemControl( 343): [/Ubootenv.cpp, printValues, 137] [ubootenv] printenv end
05-28 16:16:27.152 I/SystemControl( 343): [/Ubootenv.cpp, updateValue, 104] [ubootenv] Save ubootenv to /dev/block/by-name/env succeed!
05-28 16:16:27.152 I/MesonDisplay( 289): [/mode_policy.c, meson_mode_set_policy, 1177] connector:0 to policy:8
05-28 16:16:27.152 I/SystemControl( 343): [/Ubootenv.cpp, updateValue, 68] [ubootenv] update value name [ubootenv.var.frac_rate_policy]: value [0]
05-28 16:16:27.152 I/SystemControl( 343): [/Ubootenv.cpp, get, 336] [ubootenv] get key:frac_rate_policy envValue: 1
05-28 16:16:27.153 I/SystemControl( 343): [/Ubootenv.cpp, printValues, 137] [ubootenv] printenv end
05-28 16:16:27.154 I/SystemControl( 343): [/Ubootenv.cpp, updateValue, 104] [ubootenv] Save ubootenv to /dev/block/by-name/env succeed!
05-28 16:16:27.156 I/DisplayDeviceRepository( 742): Display device changed: DisplayDeviceInfo{"内置屏幕": uniqueId="local:4627013623894091019", 3840 x 2160, modeId 275, renderFrameRate 59.94006, defaultModeId 274, supportedModes [{id=273, width=1920, height=1080, fps=59.94006, alternativeRefreshRates=[], supportedHdrTypes=[2]}, {id=274, width=1920, height=1080, fps=60.000004, alternativeRefreshRates=[], supportedHdrTypes=[2]}, {id=275, width=3840, height=2160, fps=59.94006, alternativeRefreshRates=[], supportedHdrTypes=[2]}, {id=276, width=3840, height=2160, fps=60.000004, alternativeRefreshRates=[], supportedHdrTypes=[2]}, {id=277, width=3840, height=2160, fps=50.0, alternativeRefreshRates=[], supportedHdrTypes=[2]}, {id=278, width=3840, height=2160, fps=29.97003, alternativeRefreshRates=[], supportedHdrTypes=[2]}, {id=279, width=3840, height=2160, fps=30.000002, alternativeRefreshRates=[], supportedHdrTypes=[2]}, {id=280, width=3840, height=2160, fps=25.0, alternativeRefreshRates=[], supportedHdrTypes=[2]}, {id=281, width=3840, height=2160, fps=23.976025, alternativeRefreshRates=[], supportedHdrTypes=[2]}, {id=282, width=3840, height=2160, fps=24.000002, alternativeRefreshRates=[], supportedHdrTypes=[2]}, {id=283, width=1920, height=1080, fps=50.0, alternativeRefreshRates=[], supportedHdrTypes=[2]}, {id=284, width=1920, height=1080, fps=29.97003, alternativeRefreshRates=[], supportedHdrTypes=[2]}, {id=285, width=1920, height=1080, fps=30.000002, alternativeRefreshRates=[], supportedHdrTypes=[2]}, {id=286, width=1920, height=1080, fps=23.976025, alternativeRefreshRates=[], supportedHdrTypes=[2]}, {id=287, width=1920, height=1080, fps=24.000002, alternativeRefreshRates=[], supportedHdrTypes=[2]}, {id=288, width=1280, height=720, fps=59.94006, alternativeRefreshRates=[], supportedHdrTypes=[2]}, {id=289, width=1280, height=720, fps=60.000004, alternativeRefreshRates=[], supportedHdrTypes=[2]}, {id=290, width=1280, height=720, fps=50.0, alternativeRefreshRates=[], supportedHdrTypes=[2]}], colorMode 0, supportedColorModes [0], hdrCapabilities HdrCapabilities{mSupportedHdrTypes=[2], mMaxLuminance=90.0, mMaxAverageLuminance=90.0, mMinLuminance=0.0}, allmSupported false, gameContentTypeSupported false, density 480, 84.813 x 84.406 dpi, appVsyncOff 2000000, presDeadline 13683333, touch INTERNAL, rotation 0, type INTERNAL, address {port=11, model=0x403674603f19a5}, deviceProductInfo DeviceProductInfo{name=DBPADGO1S, manufacturerPnpId=DBP, productId=48, modelYear=null, manufactureDate=ManufactureDate{week=10, year=2014}, connectionToSinkType=2}, state ON, committedState ON, frameRateOverride , brightnessMinimum 0.0, brightnessMaximum 1.0, brightnessDefault 0.39763778, hdrSdrRatio NaN, FLAG_ALLOWED_TO_BE_DEFAULT_DISPLAY, FLAG_ROTATES_WITH_CONTENT, FLAG_SECURE, FLAG_SUPPORTS_PROTECTED_BUFFERS, FLAG_TRUSTED, installOrientation 0, displayShape DisplayShape{ spec=-545313861 displayWidth=3840 displayHeight=2160 physicalPixelDisplaySizeRatio=1.0 rotation=0 offsetX=0 offsetY=0 scale=1.0}}
05-28 16:16:27.159 D/DisplayManagerService( 742): Ignore redundant display event 0/2 to 10067/1190
05-28 16:16:27.160 D/DisplayManagerService( 742): Ignore redundant display event 0/2 to 10075/6844
05-28 16:16:27.165 I/RefreshRateSelector( 263): Display 4627013623894091019 policy changed
05-28 16:16:27.165 I/RefreshRateSelector( 263): Previous: {defaultModeId=280, allowGroupSwitching=false, primaryRanges={physical=[0.00 Hz, inf Hz], render=[0.00 Hz, 120.00 Hz]}, appRequestRanges={physical=[0.00 Hz, inf Hz], render=[0.00 Hz, inf Hz]}}
05-28 16:16:27.165 I/RefreshRateSelector( 263): Current: DisplayManagerPolicy{defaultModeId=279, allowGroupSwitching=false, primaryRanges={physical=[0.00 Hz, inf Hz], render=[0.00 Hz, 120.00 Hz]}, appRequestRanges={physical=[0.00 Hz, inf Hz], render=[0.00 Hz, inf Hz]}}
05-28 16:16:27.165 I/RefreshRateSelector( 263): 0 mode changes were performed under the previous policy
05-28 16:16:27.185 I/MesonDisplay( 289): [/mode_policy.c, meson_mode_set_policy, 1177] connector:0 to policy:8
05-28 16:16:27.185 I/SystemControl( 343): [/Ubootenv.cpp, get, 336] [ubootenv] get key:hdr_preferred_policy envValue: 0
05-28 16:16:27.186 I/SystemControl( 343): [/Ubootenv.cpp, get, 336] [ubootenv] get key:user_hdr_type envValue: 3
05-28 16:16:27.186 D/MesonDisplayServer( 289): getDisplayAttribute "Dolby Vision CAP2": "The Rx don't support DolbyVision"
05-28 16:16:27.186 I/SystemControl( 343): [/Ubootenv.cpp, updateValue, 68] [ubootenv] update value name [ubootenv.var.hdr_policy]: value [0]
05-28 16:16:27.186 I/SystemControl( 343): [/Ubootenv.cpp, get, 336] [ubootenv] get key:hdr_policy envValue: 0
05-28 16:16:27.186 I/SystemControl( 343): [/Ubootenv.cpp, updateValue, 68] [ubootenv] update value name [ubootenv.var.hdr_priority]: value [268435472]
05-28 16:16:27.187 I/SystemControl( 343): [/Ubootenv.cpp, get, 336] [ubootenv] get key:hdr_priority envValue: 268435472
05-28 16:16:27.187 I/SystemControl( 343): [/Ubootenv.cpp, get, 345] [ubootenv] search end and not find env:user_colorattribute
05-28 16:16:27.187 V/MesonDisplayServer( 289): GetDisplayMode:2160p60hz
05-28 16:16:27.187 I/SystemControl( 343): [/Ubootenv.cpp, get, 336] [ubootenv] get key:hdmimode envValue: 1080p60hz
05-28 16:16:27.188 I/SystemControl( 343): [/Ubootenv.cpp, get, 336] [ubootenv] get key:cvbsmode envValue: 576cvbs
05-28 16:16:27.188 I/SystemControl( 343): [/Ubootenv.cpp, get, 345] [ubootenv] search end and not find env:user_colorattribute
05-28 16:16:27.188 I/SystemControl( 343): [/Ubootenv.cpp, get, 345] [ubootenv] search end and not find env:dv_enable
05-28 16:16:27.188 E/MesonHwc( 289): dolby vision driver is not ready
05-28 16:16:27.188 I/SystemControl( 343): [/Ubootenv.cpp, get, 345] [ubootenv] search end and not find env:user_prefer_dv_type
05-28 16:16:27.189 E/MesonHwc( 289): dolby vision driver is not ready
05-28 16:16:27.189 I/SystemControl( 343): [/Ubootenv.cpp, get, 345] [ubootenv] search end and not find env:hdr_force_mode
05-28 16:16:27.189 I/SystemControl( 343): [/Ubootenv.cpp, get, 336] [ubootenv] get key:hdr_policy envValue: 0
05-28 16:16:27.189 I/SystemControl( 343): [/Ubootenv.cpp, get, 336] [ubootenv] get key:hdr_priority envValue: 268435472
05-28 16:16:27.189 E/MesonHwc( 289): dolby vision driver is not ready
05-28 16:16:27.190 D/MesonDisplayServer( 289): getDisplayAttribute "Dolby Vision CAP2": "The Rx don't support DolbyVision"
05-28 16:16:27.190 I/SystemControl( 343): [/Ubootenv.cpp, get, 345] [ubootenv] search end and not find env:hdr_resolution_priority
05-28 16:16:27.190 I/SystemControl( 343): [/Ubootenv.cpp, get, 345] [ubootenv] search end and not find env:user_prefer_dv_type
05-28 16:16:27.190 E/MesonHwc( 289): dolby vision driver is not ready
05-28 16:16:27.190 I/MesonDisplay( 289): [/mode_policy.c, is_dv_prefer, 66] not prefer dv, hdr_priority:10000010
05-28 16:16:27.190 I/MesonDisplay( 289): [/mode_policy.c, is_dv_prefer, 66] not prefer dv, hdr_priority:10000010
05-28 16:16:27.190 I/MesonDisplay( 289): [/mode_policy.c, hdr_scene_process, 724] policy:8 is_bestcolorspace:1 state:2
05-28 16:16:27.190 D/MesonDisplay( 289): meson_write /sys/class/amhdmitx/amhdmitx0/valid_mode, outputmode:1080p60hznone
05-28 16:16:27.190 D/MesonDisplay( 289): valid mode is false!
05-28 16:16:27.191 I/MesonDisplay( 289): [/mode_policy_parser.c, is_support_hdmimode, 110] is_support_hdmimode mode: 1080p60hz
05-28 16:16:27.191 I/MesonDisplay( 289): [/mode_policy.c, get_best_color_attr, 613] get_best_color_attr current mode:[1080p60hz] brr_mode:[1080p60hz]
05-28 16:16:27.191 D/MesonDisplay( 289): meson_write /sys/class/amhdmitx/amhdmitx0/valid_mode, outputmode:1080p60hz422,12bit
05-28 16:16:27.191 D/MesonDisplay( 289): valid mode is true!
05-28 16:16:27.191 I/MesonDisplay( 289): [/mode_policy.c, get_best_color_attr, 679] support current mode:[1080p60hz], color format:[422,12bit]
05-28 16:16:27.191 I/MesonDisplay( 289): [/mode_policy.c, meson_mode_get_policy_output, 1289] final_displaymode:1080p60hz, final_deepcolor:422,12bit, amdv_type:0
05-28 16:16:27.191 I/SystemControl( 343): [/Ubootenv.cpp, get, 336] [ubootenv] get key:hdr_preferred_policy envValue: 0
05-28 16:16:27.191 D/MesonDisplayServer( 289): use connector getDisplayAttribute "HDMI Color ATTR": "422,12bit"
05-28 16:16:27.191 D/MesonDisplayServer( 289): getDisplayAttribute "HDR Policy": "0"
05-28 16:16:27.191 D/MesonDisplayServer( 289): getDisplayAttribute "FORCE HDR Mode": "0"
05-28 16:16:27.191 D/MesonDisplayServer( 289): getDisplayAttribute "Dolby Vision Mode": "usage: echo mode > /sys/class/amdolby_vision/dv_mode AMDV_OUTPUT_MODE_BYPASS 0 AMDV_OUTPUT_MODE_IPT 1 AMDV_OUTPUT_MODE_IPT_TUNNEL 2 AMDV_OUTPUT_MODE_HDR10 3 AMDV_OUTPUT_MODE_SDR10 4 AMDV_OUTPUT_MODE_SDR8 5current dv_mode = off"
05-28 16:16:27.192 D/MesonDisplayServer( 289): getDisplayAttribute "Dolby Vision Policy": "0"
05-28 16:16:27.192 I/SystemControl( 343): [/Ubootenv.cpp, get, 345] [ubootenv] search end and not find env:hdr_force_mode
05-28 16:16:27.192 I/SystemControl( 343): [/Ubootenv.cpp, get, 336] [ubootenv] get key:hdr_policy envValue: 0
05-28 16:16:27.192 E/MesonHwc( 289): dolby vision driver is not ready
05-28 16:16:27.192 D/MesonDisplayServer( 289): use connector getDisplayAttribute "HDR Priority": "268435472"
05-28 16:16:27.192 I/SystemControl( 343): [/Ubootenv.cpp, get, 336] [ubootenv] get key:hdr_priority envValue: 268435472
05-28 16:16:27.192 D/MesonDisplayServer( 289): getDisplayAttribute "Dolby Vision Enable": "N"
05-28 16:16:27.193 D/MesonDisplayServer( 289): getDisplayAttribute "Dolby Vision LL Policy": "0"
05-28 16:16:27.193 E/MesonHwc( 289): dolby vision driver is not ready
05-28 16:16:27.193 V/MesonDisplayServer( 289): GetDisplayMode:2160p60hz
05-28 16:16:27.198 D/hdmicecd( 532): [CEC]:printCecMessage, [4 -> 0] len: 1, body: 0d, result:no ack
05-28 16:16:27.254 D/hdmicecd( 532): [CEC]:printCecMessage, [4 -> 0] len: 1, body: 0d, result:no ack
05-28 16:16:27.288 E/ccc ( 1946): cccccc onPhrikeUpdate downloading 88.60401
05-28 16:16:27.360 I/MesonDisplay( 289): [/HDCPTxAuth.cpp, stopVerAll, 344] hdcp_tx 2.2 & 1.4 stop hdcp pwr
05-28 16:16:27.360 E/MesonDisplay( 289): open /sys/class/amhdmitx/amhdmitx0/hdcp_pwr fail. Error info [No such file or directory]
05-28 16:16:27.402 E/MesonDisplay( 289): open /sys/class/amhdmitx/amhdmitx0/hdcp_pwr fail. Error info [No such file or directory]
05-28 16:16:27.402 E/MesonDisplay( 289): open /sys/class/amhdmitx/amhdmitx0/hdcp_ctrl fail. Error info [No such file or directory]
05-28 16:16:27.402 E/MesonDisplay( 289): open /sys/class/amhdmitx/amhdmitx0/hdcp_ctrl fail. Error info [No such file or directory]
05-28 16:16:27.404 I/MesonDisplay( 289): [/HDCPTxAuth.cpp, stop, 137] hdcp_tx pthread exit id = 3997155776, (null) done
05-28 16:16:27.404 D/MesonDisplayServer( 289): SetDisplay[HDMI] Mode to "1080p60hz"
05-28 16:16:27.419 E/MesonHwc( 289): waitVBlank failed crtc[63]ret[-1]
05-28 16:16:27.419 E/MesonHwc( 289): wait for hw vsync error:-1
05-28 16:16:27.426 I/SystemControl( 343): [/UEventObserver.cpp, HDMITxUenventThreadLoop, 451] HDMI TX switch_name:hdmitx_current_status, switch_state: 318
05-28 16:16:27.479 I/audio_hw_hal_primary( 509): [adev_uevent_callback:9131] uevent type=0
05-28 16:16:27.480 I/SystemControl( 343): [/UEventObserver.cpp, HDMITxUenventThreadLoop, 451] HDMI TX switch_name:hdmitx_vmode_audio, switch_state: 1
05-28 16:16:27.482 I/SystemControl( 343): [/UEventObserver.cpp, HDMITxUenventThreadLoop, 451] HDMI TX switch_name:hdmitx_current_status, switch_state: 319
05-28 16:16:27.486 I/SystemControl( 343): [/UEventObserver.cpp, HDMITxUenventThreadLoop, 451] HDMI TX switch_name:hdmitx_current_status, switch_state: 320
05-28 16:16:27.493 I/audio_hw_hal_alsamgr( 509): raw to lpcm switch aml_alsa_output_write
05-28 16:16:27.501 V/MesonDisplayServer( 289): GetDisplayMode:1080p60hz
05-28 16:16:27.501 E/MesonHwc( 289): dolby vision driver is not ready
05-28 16:16:27.503 E/MesonHwc( 289): dolby vision driver is not ready
05-28 16:16:27.503 D/MesonHwc( 289): ERR: PLEASE FIX NON-IMPLEMENT FUN(update).
05-28 16:16:27.504 I/SystemControl( 343): [/Ubootenv.cpp, get, 336] [ubootenv] get key:1080p_x envValue: 0
05-28 16:16:27.504 I/SystemControl( 343): [/UEventObserver.cpp, HDMITxUenventThreadLoop, 451] HDMI TX switch_name:hdmitx_current_status, switch_state: 321
05-28 16:16:27.504 I/SystemControl( 343): [/Ubootenv.cpp, get, 336] [ubootenv] get key:1080p_y envValue: 0
05-28 16:16:27.504 I/SystemControl( 343): [/Ubootenv.cpp, get, 336] [ubootenv] get key:1080p_w envValue: 1920
05-28 16:16:27.504 I/SystemControl( 343): [/Ubootenv.cpp, get, 336] [ubootenv] get key:1080p_h envValue: 1080
05-28 16:16:27.504 V/MesonDisplayServer( 289): SetDisplay[HDMI] DisplayRect to "(0,0,1920,1080)"
05-28 16:16:27.504 V/MesonDisplayServer( 289): SetDisplayViewPort done
05-28 16:16:27.513 I/audio_hw_hal_ms12v2( 509): dolby_ms12_threadloop alsa is not running
05-28 16:16:27.514 I/audio_hw_hal_alsamgr( 509): aml_alsa_output_write alsa_running_status[0xeed05650] change from 0 to 1
05-28 16:16:27.525 E/MesonHwc( 289): open file [/sys/class/amhdmitx/amhdmitx0/aud_mute] error:Permission denied
05-28 16:16:27.525 E/MesonHwc( 289): open file [/sys/class/amhdmitx/amhdmitx0/aud_mute] error:Permission denied
05-28 16:16:27.525 E/MesonHwc( 289): dolby vision driver is not ready
05-28 16:16:27.525 I/MesonDisplay( 289): [/HDCPTxAuth.cpp, authThread, 173] hdcp_tx thread loop entry
05-28 16:16:27.525 I/MesonDisplay( 289): [/HDCPTxAuth.cpp, start, 109] hdcp_tx, create hdcp thread id = 3997155776 done
05-28 16:16:27.526 D/MesonDisplay( 289): read /sys/class/amhdmitx/amhdmitx0/hdcp_lstore, result length:0, val:
05-28 16:16:27.526 I/SystemControl( 343): [/Ubootenv.cpp, get, 345] [ubootenv] search end and not find env:digitaudiooutput
05-28 16:16:27.526 V/MesonDisplayServer( 289): GetDisplayMode:1080p60hz
05-28 16:16:27.526 I/SystemControl( 343): [/Ubootenv.cpp, get, 336] [ubootenv] get key:hdmichecksum envValue: 0x814c0000
05-28 16:16:27.526 D/MesonDisplayServer( 289): use connector getDisplayAttribute "HDMI Color ATTR": "422,12bit"
05-28 16:16:27.527 I/SystemControl( 343): [/Ubootenv.cpp, updateValue, 68] [ubootenv] update value name [ubootenv.var.1080p60hz_deepcolor]: value [422,12bit]
05-28 16:16:27.527 I/SystemControl( 343): [/Ubootenv.cpp, get, 336] [ubootenv] get key:1080p60hz_deepcolor envValue: 422,12bit
05-28 16:16:27.527 I/SystemControl( 343): [/Ubootenv.cpp, updateValue, 68] [ubootenv] update value name [ubootenv.var.colorattribute]: value [422,12bit]
05-28 16:16:27.527 I/SystemControl( 343): [/Ubootenv.cpp, get, 336] [ubootenv] get key:colorattribute envValue: 422,12bit
05-28 16:16:27.527 I/SystemControl( 343): [/Ubootenv.cpp, updateValue, 68] [ubootenv] update value name [ubootenv.var.hdmi_colordepth]: value [8]
05-28 16:16:27.527 I/SystemControl( 343): [/Ubootenv.cpp, get, 336] [ubootenv] get key:hdmi_colordepth envValue: 8
05-28 16:16:27.527 I/SystemControl( 343): [/Ubootenv.cpp, updateValue, 68] [ubootenv] update value name [ubootenv.var.hdmi_colorspace]: value [auto]
05-28 16:16:27.527 I/SystemControl( 343): [/Ubootenv.cpp, get, 336] [ubootenv] get key:hdmi_colorspace envValue: auto
05-28 16:16:27.527 I/SystemControl( 343): [/Ubootenv.cpp, updateValue, 68] [ubootenv] update value name [ubootenv.var.outputmode]: value [1080p60hz]
05-28 16:16:27.527 I/SystemControl( 343): [/Ubootenv.cpp, get, 336] [ubootenv] get key:outputmode envValue: 2160p60hz
05-28 16:16:27.528 I/SystemControl( 343): [/Ubootenv.cpp, printValues, 137] [ubootenv] printenv end
05-28 16:16:27.534 I/SystemControl( 343): [/Ubootenv.cpp, updateValue, 104] [ubootenv] Save ubootenv to /dev/block/by-name/env succeed!
05-28 16:16:27.535 E/MesonHwc( 289): dolby vision driver is not ready
05-28 16:16:27.535 I/MesonDisplay( 289): [/mode_policy.c, meson_mode_set_policy, 1177] connector:0 to policy:8
05-28 16:16:27.551 E/HwcComposer( 263): setClientTargetSlotCount failed Status(-8, EX_SERVICE_SPECIFIC): '4: '
05-28 16:16:27.565 I/Scheduler( 263): Display 4627013623894091019 is the pacesetter
05-28 16:16:27.565 E/SchedulerTimer( 263): Terminated
05-28 16:16:27.565 D/SurfaceFlinger( 263): Setting power mode 2 on display 4627013623894091019
