05-28 16:14:51.779 E/audio_hw_hal_alsamgr( 509): aml_alsa_output_get_delayframe:824, pcm_ioctl fail, ret:0xffffffff, error info:File descriptor in bad state
05-28 16:14:51.779 W/audio_hw_hal_primary( 509): [audiohal_get_latency:1327] alsa latency is 0, return max frames:3072
05-28 16:14:51.779 I/audio_hw_hal_primary( 509): [audiohal_get_latency:1333] io 2069: out:0xeed07a40 frames:3072 rate:48000 whole_latency:64 alsa_latency:64
05-28 16:14:51.780 E/audio_hw_hal_alsamgr( 509): aml_alsa_output_get_delayframe:824, pcm_ioctl fail, ret:0xffffffff, error info:File descriptor in bad state
05-28 16:14:51.780 W/audio_hw_hal_primary( 509): [audiohal_get_latency:1327] alsa latency is 0, return max frames:3072
05-28 16:14:51.780 I/audio_hw_hal_primary( 509): [audiohal_get_latency:1333] io 2069: out:0xeed07a40 frames:3072 rate:48000 whole_latency:64 alsa_latency:64
05-28 16:14:51.780 W/IPCThreadState( 594): Sending oneway calls to frozen process.
05-28 16:14:51.781 I/audio_hw_hal_profile( 509): [out_get_parameters:2085] out:0xeed07a40 query audio format. ++++++++++ hal_format:PCM_16_BIT
05-28 16:14:51.781 D/audio_hw_hal_profile( 509): get_hdmi_sink_cap_new is running...
05-28 16:14:51.781 D/audio_hw_hal_profile( 509): query hdmi format...
05-28 16:14:51.781 D/audio_hw_hal_profile( 509): get_hdmi_sink_cap_new ddp is unsupported; ddp-joc(atmos) is unsupported;
05-28 16:14:51.781 I/audio_hw_hal_profile( 509): PCM cap Max channel =8
05-28 16:14:51.781 I/audio_hw_hal_profile( 509): [out_get_parameters:2165] sup_formats=AUDIO_FORMAT_PCM_16_BIT|AUDIO_FORMAT_IEC61937
05-28 16:14:51.781 D/APM_AudioPolicyManager( 594): modifySurroundFormats: forced use = 13
05-28 16:14:51.781 I/audio_hw_hal_profile( 509): [out_get_parameters:2089] out:0xeed07a40 query sample rate. Format:PCM_16_BIT(0x1) ++++++++++ hal_format:PCM_16_BIT
05-28 16:14:51.781 D/audio_hw_hal_profile( 509): get_hdmi_sink_cap_new is running...
05-28 16:14:51.782 D/HDMI ( 742): onAddressAllocated address:4 reason:4
05-28 16:14:51.782 D/audio_hw_hal_profile( 509): [get_hdmi_sink_cap_new:960] query hdmi sample_rate... format: PCM_16_BIT(0x1)
05-28 16:14:51.782 I/audio_hw_hal_profile( 509): get_hdmi_sink_cap_new format =0x1 support rate =sup_sampling_rates=32000|44100|48000
05-28 16:14:51.782 I/audio_hw_hal_profile( 509): [out_get_parameters:2165] sup_sampling_rates=32000|44100|48000
05-28 16:14:51.782 D/hdmicecd( 532): [HdmiCecControl]:getPhysicalAddress, physical addr: 1000, last pa: 1000, ret = 0
05-28 16:14:51.783 I/audio_hw_hal_profile( 509): [out_get_parameters:2092] out:0xeed07a40 query channels. Format:PCM_16_BIT(0x1) ++++++++++ hal_format:PCM_16_BIT
05-28 16:14:51.783 D/audio_hw_hal_profile( 509): get_hdmi_sink_cap_new is running...
05-28 16:14:51.783 D/audio_hw_hal_profile( 509): [get_hdmi_sink_cap_new:887] query hdmi channels... format: PCM_16_BIT(0x1)
05-28 16:14:51.783 D/hdmicecd( 532): [HdmiCecControl]:getVendorId, vendorId: 0x1CA410
05-28 16:14:51.783 I/audio_hw_hal_profile( 509): [out_get_parameters:2165] sup_channels=AUDIO_CHANNEL_OUT_STEREO|AUDIO_CHANNEL_OUT_5POINT1|AUDIO_CHANNEL_OUT_7POINT1
05-28 16:14:51.784 D/hdmicecd( 532): [HdmiCecControl]:getPhysicalAddress, physical addr: 1000, last pa: 1000, ret = 0
05-28 16:14:51.784 I/audio_hw_hal_ms12v2( 509): dolby_ms12_threadloop alsa is not running
05-28 16:14:51.784 D/HDMI ( 742): DeviceDiscoveryAction start com.android.server.hdmi.DeviceDiscoveryAction@3576518
05-28 16:14:51.785 D/HDMI ( 742): [S]: 4F:84:10:00:04
05-28 16:14:51.785 I/audio_hw_hal_ms12v2( 509): dolby_ms12_threadloop alsa is not running
05-28 16:14:51.785 E/Scheduler( 263): trackPendingFrame: Invalid present fence
05-28 16:14:51.785 I/audio_hw_hal_ms12v2( 509): dolby_ms12_threadloop alsa is not running
05-28 16:14:51.786 I/audio_hw_hal_ms12v2( 509): dolby_ms12_threadloop alsa is not running
05-28 16:14:51.786 I/SystemControl( 343): [/UEventObserver.cpp, HDMITxUenventThreadLoop, 451] HDMI TX switch_name:hdmitx_current_status, switch_state: 309
05-28 16:14:51.786 I/audio_hw_hal_alsamgr( 509): aml_alsa_output_write alsa_running_status[0xeed05650] change from 0 to 1
05-28 16:14:51.788 I/audio_hw_hal_profile( 509): [out_get_parameters:2089] out:0xeed07a40 query sample rate. Format:IEC61937(0xd000000) ++++++++++ hal_format:PCM_16_BIT
05-28 16:14:51.788 D/audio_hw_hal_profile( 509): get_hdmi_sink_cap_new is running...
05-28 16:14:51.788 D/audio_hw_hal_profile( 509): [get_hdmi_sink_cap_new:960] query hdmi sample_rate... format: IEC61937(0xd000000)
05-28 16:14:51.788 I/audio_hw_hal_profile( 509): [out_get_parameters:2165] sup_sampling_rates=8000|11025|16000|22050|24000|32000|44100|48000|128000|176400|192000
05-28 16:14:51.788 I/audio_hw_hal_profile( 509): [out_get_parameters:2092] out:0xeed07a40 query channels. Format:IEC61937(0xd000000) ++++++++++ hal_format:PCM_16_BIT
05-28 16:14:51.789 D/audio_hw_hal_profile( 509): get_hdmi_sink_cap_new is running...
05-28 16:14:51.789 D/audio_hw_hal_profile( 509): [get_hdmi_sink_cap_new:887] query hdmi channels... format: IEC61937(0xd000000)
05-28 16:14:51.789 I/audio_hw_hal_profile( 509): [out_get_parameters:2165] sup_channels=AUDIO_CHANNEL_OUT_MONO|AUDIO_CHANNEL_OUT_STEREO|AUDIO_CHANNEL_OUT_TRI|AUDIO_CHANNEL_OUT_TRI_BACK|AUDIO_CHANNEL_OUT_3POINT1|AUDIO_CHANNEL_OUT_QUAD|AUDIO_CHANNEL_OUT_SURROUND|AUDIO_CHANNEL_OUT_PENTA|AUDIO_CHANNEL_OUT_5POINT1|AUDIO_CHANNEL_OUT_7POINT1
05-28 16:14:51.791 D/audio_hw_hal_primary( 509): [out_dump:848] io 2069: out:0xeed07a40, fd:27
05-28 16:14:51.792 W/IPCThreadState( 594): Sending oneway calls to frozen process.
05-28 16:14:51.793 D/audio_hw_hal_primary( 509): [out_set_parameters:971] out:0xeed07a40 kvpairs:closing=true;exiting=1 out->out_device:0x400, adev->out_device:0x80002
05-28 16:14:51.793 E/audio_hw_hal_primary( 509): out_set_parameters, ret:-2, hw_sync_mode:is false
05-28 16:14:51.796 I/AudioFlinger( 594): AudioFlinger's thread 0xecf285b0 tid=19804 ready to run
05-28 16:14:51.796 V/MesonDisplayServer( 289): GetDisplayMode:1080p60hz
05-28 16:14:51.796 I/audio_hw_hal_primary( 509): [out_set_event_callback:3158] io 2069: out:0xeed07a40, callback:0xf0dfc91d cookie:0xf14c0d30
05-28 16:14:51.797 I/audio_hw_hal_primary( 509): [adev_close_output_stream_new:8052] io handle 2069: out:0xeed07a40
05-28 16:14:51.797 D/audio_hw_hal_primary( 509): adev_close_output_stream_new: enter usecase = PCM_DIRECT
05-28 16:14:51.797 I/audio_hw_hal_primary( 509): [adev_close_output_stream:3695] io 2069: out:0xeed07a40 dev:OUT_HDMI(0x400) flags:0x1, usecase:PCM_DIRECT
05-28 16:14:51.797 D/audio_hw_hal_primary( 509): [out_standby_new:5767] io 2069: out:0xeed07a40 usecase:PCM_DIRECT
05-28 16:14:51.797 I/audio_hw_hal_primary( 509): already standby, do nothing
05-28 16:14:51.797 I/audio_hw_hal_resourcemgr( 509): [is_output_device_muted:710] device:0x2 port_mute:0, fade_mute:0
05-28 16:14:51.797 I/audio_hw_hal_primary( 509): [adev_close_output_stream:3863] io 2069: out:0xeed07a40 exit ------
05-28 16:14:51.798 I/AudioFlinger( 594): openOutput() this 0xf2b07600, module 10 Device AUDIO_DEVICE_OUT_HDMI, @:, SamplingRate 8000, Format 0xd000000, Channels 0x1, flags 0x1
05-28 16:14:51.798 D/audio_hw_hal_primary( 509): [adev_open_output_stream_new:7868] enter: dev=0xeedc14a0 handle=81d devices=0x400/'HDMI,' flags=0x401/'DIRECT,IEC958_NONAUDIO,' config=(rt=8000 ch_mask=0x1 fmt=0xd000000) address=''
05-28 16:14:51.798 D/audio_hw_hal_primary( 509): adev_open_output_stream_new: enter
05-28 16:14:51.798 I/audio_hw_hal_primary( 509): [adev_open_output_stream:3285] io 2077: out:0xeed00740 dev:OUT_HDMI(0x400) addr:
05-28 16:14:51.798 I/audio_hw_hal_primary( 509): [adev_open_output_stream:3287] ch_mask:0x1 rate:8000 format:IEC61937(0xd000000) flags:0x401
05-28 16:14:51.798 D/audio_hw_hal_primary( 509): [adev_open_output_stream:3381] current format is IEC61937
05-28 16:14:51.798 I/audio_hw_hal_primary( 509): [adev_open_output_stream:3610] result profile ch_mask:0x1 rate:8000 format:IEC61937(0xd000000) usecase:RAW_DIRECT
05-28 16:14:51.798 I/audio_hw_hal_utils( 509): aml_get_stream_dump_file_name line 2929 file_name /data/vendor/audiohal/stream_pid509_tid17178.pcm
05-28 16:14:51.798 I/audio_hw_hal_primary( 509): [adev_open_output_stream_new:8037] io 2077: out: 0xeed00740 card:0 alsa devices:0 exit ------
05-28 16:14:51.799 I/SystemControl( 343): [/Ubootenv.cpp, get, 336] [ubootenv] get key:1080p_x envValue: 0
05-28 16:14:51.799 I/SystemControl( 343): [/Ubootenv.cpp, get, 336] [ubootenv] get key:1080p_y envValue: 0
05-28 16:14:51.800 I/SystemControl( 343): [/Ubootenv.cpp, get, 336] [ubootenv] get key:1080p_w envValue: 1920
05-28 16:14:51.800 I/SystemControl( 343): [/Ubootenv.cpp, get, 336] [ubootenv] get key:1080p_h envValue: 1080
05-28 16:14:51.800 I/audio_hw_hal_primary( 509): [out_get_buffer_size:552] out:0xeed00740 config.rate=8000, format:IEC61937(0xd000000), stream format:IEC61937(0xd000000)
05-28 16:14:51.800 I/audio_hw_hal_primary( 509): out_get_buffer_size AUDIO_FORMAT_IEC61937 buffer size = 4096 frames
05-28 16:14:51.801 I/AudioFlinger( 594): HAL output buffer size 2048 frames, normal sink buffer size 2048 frames
05-28 16:14:51.801 I/audio_hw_hal_primary( 509): [audiohal_get_latency:1333] io 2077: out:0xeed00740 frames:1152 rate:8000 whole_latency:144 alsa_latency:144
05-28 16:14:51.802 E/Scheduler( 263): trackPendingFrame: Invalid present fence
05-28 16:14:51.802 I/SystemControl( 343): [/Ubootenv.cpp, updateValue, 68] [ubootenv] update value name [ubootenv.var.1080p_x]: value [0]
05-28 16:14:51.802 I/SystemControl( 343): [/Ubootenv.cpp, get, 336] [ubootenv] get key:1080p_x envValue: 0
05-28 16:14:51.802 I/SystemControl( 343): [/Ubootenv.cpp, updateValue, 68] [ubootenv] update value name [ubootenv.var.1080p_y]: value [0]
05-28 16:14:51.802 I/SystemControl( 343): [/Ubootenv.cpp, get, 336] [ubootenv] get key:1080p_y envValue: 0
05-28 16:14:51.802 I/SystemControl( 343): [/Ubootenv.cpp, updateValue, 68] [ubootenv] update value name [ubootenv.var.1080p_w]: value [1920]
05-28 16:14:51.802 I/SystemControl( 343): [/Ubootenv.cpp, get, 336] [ubootenv] get key:1080p_w envValue: 1920
05-28 16:14:51.802 I/SystemControl( 343): [/Ubootenv.cpp, updateValue, 68] [ubootenv] update value name [ubootenv.var.1080p_h]: value [1080]
05-28 16:14:51.802 I/SystemControl( 343): [/Ubootenv.cpp, get, 336] [ubootenv] get key:1080p_h envValue: 1080
05-28 16:14:51.802 I/audio_hw_hal_primary( 509): [out_set_event_callback:3158] io 2077: out:0xeed00740, callback:0xf0dfc91d cookie:0xf14c0cd0
05-28 16:14:51.803 V/MesonDisplayServer( 289): SetDisplay[HDMI] DisplayRect to "(0,0,1920,1080)"
05-28 16:14:51.803 I/audio_hw_hal_primary( 509): [audiohal_get_latency:1333] io 2077: out:0xeed00740 frames:1280 rate:8000 whole_latency:160 alsa_latency:160
05-28 16:14:51.803 V/MesonDisplayServer( 289): SetDisplayViewPort done
05-28 16:14:51.803 I/audio_hw_hal_primary( 509): [audiohal_get_latency:1333] io 2077: out:0xeed00740 frames:1280 rate:8000 whole_latency:160 alsa_latency:160
05-28 16:14:51.803 W/IPCThreadState( 594): Sending oneway calls to frozen process.
05-28 16:14:51.809 I/AudioFlinger( 594): AudioFlinger's thread 0xecf285b0 tid=19806 ready to run
05-28 16:14:51.810 D/AudioFlinger( 594): ro.audio.silent is ignored since no output device is set
05-28 16:14:51.811 D/audio_hw_hal_primary( 509): [out_standby_new:5767] io 2077: out:0xeed00740 usecase:RAW_DIRECT
05-28 16:14:51.811 I/audio_hw_hal_primary( 509): already standby, do nothing
05-28 16:14:51.812 D/AudioFlinger( 594): ro.audio.silent is ignored since no output device is set
05-28 16:14:51.819 E/Scheduler( 263): trackPendingFrame: Invalid present fence
05-28 16:14:51.820 D/xm_audio( 509): adev_get_parameters
05-28 16:14:51.824 E/MesonHwc( 289): open file [/sys/class/amhdmitx/amhdmitx0/aud_mute] error:Permission denied
05-28 16:14:51.824 E/MesonHwc( 289): open file [/sys/class/amhdmitx/amhdmitx0/aud_mute] error:Permission denied
05-28 16:14:51.824 E/MesonHwc( 289): dolby vision driver is not ready
05-28 16:14:51.825 I/MesonDisplay( 289): [/HDCPTxAuth.cpp, authThread, 173] hdcp_tx thread loop entry
05-28 16:14:51.825 D/MesonDisplay( 289): read /sys/class/amhdmitx/amhdmitx0/hdcp_lstore, result length:0, val:
05-28 16:14:51.827 D/audio_hw_hal_primary( 509): [out_dump:848] io 2005: out:0xeed0baf0, fd:27
05-28 16:14:51.827 I/MesonDisplay( 289): [/HDCPTxAuth.cpp, start, 109] hdcp_tx, create hdcp thread id = 3997155776 done
05-28 16:14:51.827 I/SystemControl( 343): [/Ubootenv.cpp, get, 345] [ubootenv] search end and not find env:digitaudiooutput
05-28 16:14:51.828 W/IPCThreadState( 594): Sending oneway calls to frozen process.
05-28 16:14:51.828 V/MesonDisplayServer( 289): GetDisplayMode:1080p60hz
05-28 16:14:51.828 D/audio_hw_hal_primary( 509): [out_set_parameters:971] out:0xeed0baf0 kvpairs:closing=true;exiting=1 out->out_device:0x400, adev->out_device:0x80002
05-28 16:14:51.828 E/audio_hw_hal_primary( 509): out_set_parameters, ret:-2, hw_sync_mode:is false
05-28 16:14:51.829 I/SystemControl( 343): [/Ubootenv.cpp, get, 336] [ubootenv] get key:hdmichecksum envValue: 0xe2440000
05-28 16:14:51.829 I/audio_hw_hal_primary( 509): [out_set_event_callback:3158] io 2005: out:0xeed0baf0, callback:0xf0dfc91d cookie:0xf14c1f30
05-28 16:14:51.829 I/audio_hw_hal_primary( 509): [adev_close_output_stream_new:8052] io handle 2005: out:0xeed0baf0
05-28 16:14:51.829 D/audio_hw_hal_primary( 509): adev_close_output_stream_new: enter usecase = RAW_DIRECT
05-28 16:14:51.829 I/audio_hw_hal_primary( 509): [adev_close_output_stream:3695] io 2005: out:0xeed0baf0 dev:OUT_HDMI(0x400) flags:0x11, usecase:RAW_DIRECT
05-28 16:14:51.829 D/audio_hw_hal_primary( 509): [out_standby_new:5767] io 2005: out:0xeed0baf0 usecase:RAW_DIRECT
05-28 16:14:51.829 I/audio_hw_hal_primary( 509): already standby, do nothing
05-28 16:14:51.829 I/audio_hw_hal_resourcemgr( 509): [is_output_device_muted:710] device:0x2 port_mute:0, fade_mute:0
05-28 16:14:51.829 I/audio_hw_hal_primary( 509): [adev_close_output_stream:3863] io 2005: out:0xeed0baf0 exit ------
05-28 16:14:51.830 D/MesonDisplayServer( 289): use connector getDisplayAttribute "HDMI Color ATTR": "422,12bit"
05-28 16:14:51.830 I/SystemControl( 343): [/Ubootenv.cpp, updateValue, 68] [ubootenv] update value name [ubootenv.var.1080p60hz_deepcolor]: value [422,12bit]
05-28 16:14:51.830 I/SystemControl( 343): [/Ubootenv.cpp, get, 336] [ubootenv] get key:1080p60hz_deepcolor envValue: rgb,8bit
05-28 16:14:51.830 D/audio_hw_hal_primary( 509): [out_dump:848] io 2013: out:0xeed09e30, fd:27
05-28 16:14:51.831 I/SystemControl( 343): [/Ubootenv.cpp, printValues, 137] [ubootenv] printenv end
05-28 16:14:51.832 W/IPCThreadState( 594): Sending oneway calls to frozen process.
05-28 16:14:51.832 D/audio_hw_hal_primary( 509): [out_set_parameters:971] out:0xeed09e30 kvpairs:closing=true;exiting=1 out->out_device:0x400, adev->out_device:0x80002
05-28 16:14:51.833 E/audio_hw_hal_primary( 509): out_set_parameters, ret:-2, hw_sync_mode:is false
05-28 16:14:51.833 D/AudioFlinger( 594): ro.audio.silent is ignored since no output device is set
05-28 16:14:51.834 I/audio_hw_hal_primary( 509): [out_set_event_callback:3158] io 2013: out:0xeed09e30, callback:0xf0dfc91d cookie:0xf14c1990
05-28 16:14:51.834 I/audio_hw_hal_primary( 509): [adev_close_output_stream_new:8052] io handle 2013: out:0xeed09e30
05-28 16:14:51.834 D/audio_hw_hal_primary( 509): adev_close_output_stream_new: enter usecase = PCM_HWSYNC
05-28 16:14:51.834 D/audio_hw_hal_timer( 509): func:audio_timer_delete delete timer.1 success.
05-28 16:14:51.834 D/audio_hw_hal_timer( 509): func:audio_timer_delete delete timer.2 success.
05-28 16:14:51.834 D/audio_hw_hal_primary( 509): [adev_close_output_stream_new:8076] timer_id:1 ret:2
05-28 16:14:51.834 I/audio_hw_hal_primary( 509): [adev_close_output_stream:3695] io 2013: out:0xeed09e30 dev:OUT_HDMI(0x400) flags:0x41, usecase:PCM_HWSYNC
05-28 16:14:51.834 D/audio_hw_hal_primary( 509): [out_standby_new:5767] io 2013: out:0xeed09e30 usecase:PCM_HWSYNC
05-28 16:14:51.834 I/audio_hw_hal_primary( 509): already standby, do nothing
05-28 16:14:51.834 I/audio_hw_hal_resourcemgr( 509): [is_output_device_muted:710] device:0x2 port_mute:0, fade_mute:0
05-28 16:14:51.834 I/audio_hw_hal_primary( 509): [adev_close_output_stream:3863] io 2013: out:0xeed09e30 exit ------
05-28 16:14:51.834 I/SystemControl( 343): [/Ubootenv.cpp, updateValue, 104] [ubootenv] Save ubootenv to /dev/block/by-name/env succeed!
05-28 16:14:51.835 I/SystemControl( 343): [/Ubootenv.cpp, updateValue, 68] [ubootenv] update value name [ubootenv.var.colorattribute]: value [422,12bit]
05-28 16:14:51.835 I/SystemControl( 343): [/Ubootenv.cpp, get, 336] [ubootenv] get key:colorattribute envValue: rgb,8bit
05-28 16:14:51.835 I/SystemControl( 343): [/Ubootenv.cpp, printValues, 137] [ubootenv] printenv end
05-28 16:14:51.835 E/Scheduler( 263): trackPendingFrame: Invalid present fence
05-28 16:14:51.836 D/audio_hw_hal_primary( 509): [out_dump:848] io 2021: out:0xeed01cd0, fd:27
05-28 16:14:51.837 I/SystemControl( 343): [/Ubootenv.cpp, updateValue, 104] [ubootenv] Save ubootenv to /dev/block/by-name/env succeed!
05-28 16:14:51.837 W/IPCThreadState( 594): Sending oneway calls to frozen process.
05-28 16:14:51.838 D/audio_hw_hal_primary( 509): [out_set_parameters:971] out:0xeed01cd0 kvpairs:closing=true;exiting=1 out->out_device:0x400, adev->out_device:0x80002
05-28 16:14:51.838 E/audio_hw_hal_primary( 509): out_set_parameters, ret:-2, hw_sync_mode:is false
05-28 16:14:51.838 D/AudioFlinger( 594): ro.audio.silent is ignored since no output device is set
05-28 16:14:51.839 I/audio_hw_hal_primary( 509): [out_set_event_callback:3158] io 2021: out:0xeed01cd0, callback:0xf0dfc91d cookie:0xf14c17b0
05-28 16:14:51.839 I/audio_hw_hal_primary( 509): [adev_close_output_stream_new:8052] io handle 2021: out:0xeed01cd0
05-28 16:14:51.839 D/audio_hw_hal_primary( 509): adev_close_output_stream_new: enter usecase = RAW_DIRECT
05-28 16:14:51.839 I/audio_hw_hal_primary( 509): [adev_close_output_stream:3695] io 2021: out:0xeed01cd0 dev:OUT_HDMI(0x400) flags:0x1, usecase:RAW_DIRECT
05-28 16:14:51.839 D/audio_hw_hal_primary( 509): [out_standby_new:5767] io 2021: out:0xeed01cd0 usecase:RAW_DIRECT
05-28 16:14:51.839 I/audio_hw_hal_primary( 509): already standby, do nothing
05-28 16:14:51.839 I/audio_hw_hal_resourcemgr( 509): [is_output_device_muted:710] device:0x2 port_mute:0, fade_mute:0
05-28 16:14:51.839 I/audio_hw_hal_primary( 509): [adev_close_output_stream:3863] io 2021: out:0xeed01cd0 exit ------
05-28 16:14:51.840 D/audio_hw_hal_primary( 509): [out_dump:848] io 2029: out:0xeed09700, fd:27
05-28 16:14:51.843 I/SystemControl( 343): [/Ubootenv.cpp, updateValue, 68] [ubootenv] update value name [ubootenv.var.hdmi_colordepth]: value [8]
05-28 16:14:51.843 W/IPCThreadState( 594): Sending oneway calls to frozen process.
05-28 16:14:51.843 I/SystemControl( 343): [/Ubootenv.cpp, get, 336] [ubootenv] get key:hdmi_colordepth envValue: 8
05-28 16:14:51.844 D/audio_hw_hal_primary( 509): [out_set_parameters:971] out:0xeed09700 kvpairs:closing=true;exiting=1 out->out_device:0x400, adev->out_device:0x80002
05-28 16:14:51.844 E/audio_hw_hal_primary( 509): out_set_parameters, ret:-2, hw_sync_mode:is false
05-28 16:14:51.844 I/SystemControl( 343): [/Ubootenv.cpp, updateValue, 68] [ubootenv] update value name [ubootenv.var.hdmi_colorspace]: value [auto]
05-28 16:14:51.844 I/SystemControl( 343): [/Ubootenv.cpp, get, 336] [ubootenv] get key:hdmi_colorspace envValue: auto
05-28 16:14:51.844 I/SystemControl( 343): [/Ubootenv.cpp, updateValue, 68] [ubootenv] update value name [ubootenv.var.outputmode]: value [1080p60hz]
05-28 16:14:51.844 I/SystemControl( 343): [/Ubootenv.cpp, get, 336] [ubootenv] get key:outputmode envValue: 720p60hz
05-28 16:14:51.844 I/audio_hw_hal_primary( 509): [out_set_event_callback:3158] io 2029: out:0xeed09700, callback:0xf0dfc91d cookie:0xf14c24d0
05-28 16:14:51.845 I/SystemControl( 343): [/Ubootenv.cpp, printValues, 137] [ubootenv] printenv end
05-28 16:14:51.845 I/audio_hw_hal_primary( 509): [adev_close_output_stream_new:8052] io handle 2029: out:0xeed09700
05-28 16:14:51.845 D/audio_hw_hal_primary( 509): adev_close_output_stream_new: enter usecase = RAW_HWSYNC
05-28 16:14:51.845 I/audio_hw_hal_primary( 509): [adev_close_output_stream:3695] io 2029: out:0xeed09700 dev:OUT_HDMI(0x400) flags:0x51, usecase:RAW_HWSYNC
05-28 16:14:51.845 D/audio_hw_hal_primary( 509): [out_standby_new:5767] io 2029: out:0xeed09700 usecase:RAW_HWSYNC
05-28 16:14:51.845 I/audio_hw_hal_primary( 509): already standby, do nothing
05-28 16:14:51.845 I/audio_hw_hal_resourcemgr( 509): [is_output_device_muted:710] device:0x2 port_mute:0, fade_mute:0
05-28 16:14:51.845 I/audio_hw_hal_primary( 509): [adev_close_output_stream:3863] io 2029: out:0xeed09700 exit ------
05-28 16:14:51.846 I/SystemControl( 343): [/Ubootenv.cpp, updateValue, 104] [ubootenv] Save ubootenv to /dev/block/by-name/env succeed!
05-28 16:14:51.846 E/MesonHwc( 289): dolby vision driver is not ready
05-28 16:14:51.846 D/AudioFlinger( 594): closing mmapThread 0xecd40010
05-28 16:14:51.847 W/IPCThreadState( 594): Sending oneway calls to frozen process.
05-28 16:14:51.847 D/AudioFlinger( 594): mmapThread exit()
05-28 16:14:51.847 I/audio_hw_hal_primary( 509): [adev_close_output_stream_new:8052] io handle 2045: out:0xeed040c0
05-28 16:14:51.847 D/audio_hw_hal_primary( 509): adev_close_output_stream_new: enter usecase = PCM_MMAP
05-28 16:14:51.847 I/audio_hw_hal_primary( 509): [adev_close_output_stream:3695] io 2045: out:0xeed040c0 dev:OUT_HDMI(0x400) flags:0x4001, usecase:PCM_MMAP
05-28 16:14:51.847 D/audio_hw_hal_primary( 509): [out_standby_new:5767] io 2045: out:0xeed040c0 usecase:PCM_MMAP
05-28 16:14:51.847 I/audio_hw_hal_primary( 509): already standby, do nothing
05-28 16:14:51.847 I/audio_hw_hal_mmap( 509): [outMmapDeInit:743] stream:0xeed040c0
05-28 16:14:51.847 I/audio_hw_hal_mmap( 509): [mmap_audio_unregister_client:955] OK ! stream 0xeed040c0, client id 0
05-28 16:14:51.847 I/audio_hw_hal_primary( 509): when close aaudio stream, send STANDBY msg to submix & ms12
05-28 16:14:51.847 I/audio_hw_hal_ms12common( 509): aml_set_ms12_scheduler_state ms12_scheduler_state:1, sch_state:1 SCHEDULER_STANDBY is sent to ms12
05-28 16:14:51.847 I/audio_hw_hal_resourcemgr( 509): [is_output_device_muted:710] device:0x2 port_mute:0, fade_mute:0
05-28 16:14:51.847 I/audio_hw_hal_primary( 509): [adev_close_output_stream:3863] io 2045: out:0xeed040c0 exit ------
05-28 16:14:51.847 E/MesonHwc( 289): dolby vision driver is not ready
05-28 16:14:51.848 E/MesonHwc( 289): dolby vision driver is not ready
05-28 16:14:51.848 D/MesonHwc( 289): ERR: PLEASE FIX NON-IMPLEMENT FUN(update).
05-28 16:14:51.848 D/MesonComposer3( 289): halEventcallback onHotplug client3.0
05-28 16:14:51.848 D/audio_hw_hal_primary( 509): [out_dump:848] io 2061: out:0xeed0dee0, fd:24
05-28 16:14:51.849 E/MesonHwc( 289): getPort 11
05-28 16:14:51.849 I/SystemControl( 343): notify plugin
05-28 16:14:51.849 E/MesonHwc( 289): getPort 11
05-28 16:14:51.849 I/SystemControl( 343): [/SystemControlHal.cpp, onEvent, 72] onEvent event:3, client size:5
05-28 16:14:51.849 I/SystemControlClient( 529): notifyCallback event type:3
05-28 16:14:51.849 I/SystemControlClient( 529): notifyCallback: listener is NULL.
05-28 16:14:51.849 I/SystemControlClient( 528): notifyCallback event type:3
05-28 16:14:51.849 I/SystemControlClient( 528): notifyCallback: listener is NULL.
05-28 16:14:51.849 I/SystemControlClient( 244): notifyCallback event type:3
05-28 16:14:51.849 I/SystemControlClient( 244): notifyCallback: listener is NULL.
05-28 16:14:51.849 I/SystemControlClient( 527): notifyCallback event type:3
05-28 16:14:51.849 I/SystemControlClient( 527): notifyCallback: listener is NULL.
05-28 16:14:51.850 I/SystemControlEvent( 1379): system control callback event: 3
05-28 16:14:51.851 E/ccc ( 1946): cccccc hdmi plug reset
05-28 16:14:51.852 E/xxxxxxxxxxxxxxx( 2316): onReceive:mIsHDMIPlugged = true
05-28 16:14:51.853 I/SurfaceFlinger( 263): Reconnecting display 4627013623894091019 (HAL ID 0)
05-28 16:14:51.853 E/MesonComposer3( 289): destroyLayer: display:0 failed to destroy layer:757
05-28 16:14:51.854 E/HwcComposer( 263): destroyLayer failed Status(-8, EX_SERVICE_SPECIFIC): '3: '
05-28 16:14:51.854 E/HWC2 ( 263): destroyLayer(0, 757) failed: BadLayer (3)
05-28 16:14:51.854 E/MesonComposer3( 289): destroyLayer: display:0 failed to destroy layer:500
05-28 16:14:51.855 E/HwcComposer( 263): destroyLayer failed Status(-8, EX_SERVICE_SPECIFIC): '3: '
05-28 16:14:51.855 E/HWC2 ( 263): destroyLayer(0, 500) failed: BadLayer (3)
05-28 16:14:51.855 E/MesonComposer3( 289): destroyLayer: display:0 failed to destroy layer:243
05-28 16:14:51.855 E/HwcComposer( 263): destroyLayer failed Status(-8, EX_SERVICE_SPECIFIC): '3: '
05-28 16:14:51.855 E/HWC2 ( 263): destroyLayer(0, 243) failed: BadLayer (3)
05-28 16:14:51.855 W/IPCThreadState( 594): Sending oneway calls to frozen process.
05-28 16:14:51.855 E/HwcComposer( 263): setClientTargetSlotCount failed Status(-8, EX_SERVICE_SPECIFIC): '4: '
05-28 16:14:51.855 D/audio_hw_hal_primary( 509): [out_set_parameters:971] out:0xeed0dee0 kvpairs:closing=true;exiting=1 out->out_device:0x400, adev->out_device:0x80002
05-28 16:14:51.855 E/audio_hw_hal_primary( 509): out_set_parameters, ret:-2, hw_sync_mode:is false
05-28 16:14:51.856 D/AudioFlinger( 594): ro.audio.silent is ignored since no output device is set
05-28 16:14:51.857 I/audio_hw_hal_primary( 509): [out_set_event_callback:3158] io 2061: out:0xeed0dee0, callback:0xf0dfc91d cookie:0xf14c2650
05-28 16:14:51.858 I/audio_hw_hal_primary( 509): [adev_close_output_stream_new:8052] io handle 2061: out:0xeed0dee0
05-28 16:14:51.858 D/audio_hw_hal_primary( 509): adev_close_output_stream_new: enter usecase = RAW_DIRECT
05-28 16:14:51.858 I/audio_hw_hal_primary( 509): [adev_close_output_stream:3695] io 2061: out:0xeed0dee0 dev:OUT_HDMI(0x400) flags:0x441, usecase:RAW_DIRECT
05-28 16:14:51.858 D/audio_hw_hal_primary( 509): [out_standby_new:5767] io 2061: out:0xeed0dee0 usecase:RAW_DIRECT
05-28 16:14:51.858 I/audio_hw_hal_primary( 509): already standby, do nothing
05-28 16:14:51.858 I/audio_hw_hal_resourcemgr( 509): [is_output_device_muted:710] device:0x2 port_mute:0, fade_mute:0
05-28 16:14:51.858 I/audio_hw_hal_primary( 509): [adev_close_output_stream:3863] io 2061: out:0xeed0dee0 exit ------
05-28 16:14:51.859 D/audio_hw_hal_primary( 509): [out_dump:848] io 2077: out:0xeed00740, fd:24
05-28 16:14:51.861 W/IPCThreadState( 594): Sending oneway calls to frozen process.
05-28 16:14:51.861 D/audio_hw_hal_primary( 509): [out_set_parameters:971] out:0xeed00740 kvpairs:closing=true;exiting=1 out->out_device:0x400, adev->out_device:0x80002
05-28 16:14:51.861 E/audio_hw_hal_primary( 509): out_set_parameters, ret:-2, hw_sync_mode:is false
05-28 16:14:51.862 I/audio_hw_hal_primary( 509): [out_set_event_callback:3158] io 2077: out:0xeed00740, callback:0xf0dfc91d cookie:0xf14c0cd0
05-28 16:14:51.863 I/audio_hw_hal_primary( 509): [adev_close_output_stream_new:8052] io handle 2077: out:0xeed00740
05-28 16:14:51.863 D/audio_hw_hal_primary( 509): adev_close_output_stream_new: enter usecase = RAW_DIRECT
05-28 16:14:51.863 I/audio_hw_hal_primary( 509): [adev_close_output_stream:3695] io 2077: out:0xeed00740 dev:OUT_HDMI(0x400) flags:0x401, usecase:RAW_DIRECT
05-28 16:14:51.863 D/audio_hw_hal_primary( 509): [out_standby_new:5767] io 2077: out:0xeed00740 usecase:RAW_DIRECT
05-28 16:14:51.863 I/audio_hw_hal_primary( 509): already standby, do nothing
05-28 16:14:51.863 I/audio_hw_hal_resourcemgr( 509): [is_output_device_muted:710] device:0x2 port_mute:0, fade_mute:0
05-28 16:14:51.863 I/audio_hw_hal_primary( 509): [adev_close_output_stream:3863] io 2077: out:0xeed00740 exit ------
05-28 16:14:51.865 W/IPCThreadState( 594): Sending oneway calls to frozen process.
05-28 16:14:51.869 I/AudioService( 742): onAccessoryPlugMediaUnmute newDevice=1024 [hdmi]
05-28 16:14:51.869 I/AS.AudioDeviceInventory( 742): sendDeviceConnectionIntent(dev:0x400 state:0x1 address: name:);
05-28 16:14:51.873 I/Scheduler( 263): Display 4627013623894091019 is the pacesetter
05-28 16:14:51.873 E/SchedulerTimer( 263): Terminated
05-28 16:14:51.873 D/SurfaceFlinger( 263): Setting power mode 2 on display 4627013623894091019
05-28 16:14:51.873 W/EventThread( 263): Failed dispatching Hotplug{displayId=4627013623894091019, connected} for Connection{0xf1c82c10, VSyncRequest::None}
05-28 16:14:51.873 W/EventThread( 263): Failed dispatching Hotplug{displayId=4627013623894091019, connected} for Connection{0xf1c83290, VSyncRequest::None}
05-28 16:14:51.873 W/EventThread( 263): Failed dispatching Hotplug{displayId=4627013623894091019, connected} for Connection{0xf1c82d10, VSyncRequest::None}
05-28 16:14:51.873 W/EventThread( 263): Failed dispatching Hotplug{displayId=4627013623894091019, connected} for Connection{0xf1c82890, VSyncRequest::None}
05-28 16:14:51.874 W/EventThread( 263): Failed dispatching Hotplug{displayId=4627013623894091019, connected} for Connection{0xf1c86910, VSyncRequest::None}
05-28 16:14:51.874 W/EventThread( 263): Failed dispatching Hotplug{displayId=4627013623894091019, connected} for Connection{0xf1c84e90, VSyncRequest::None}
05-28 16:14:51.874 D/SurfaceFlinger( 263): Finished setting power mode 2 on display 4627013623894091019
05-28 16:14:51.875 I/MesonDisplay( 289): [/mode_policy.c, meson_mode_set_policy, 1177] connector:0 to policy:0
05-28 16:14:51.875 I/MesonDisplay( 289): [/mode_policy.c, is_dv_prefer, 66] not prefer dv, hdr_priority:10000010
05-28 16:14:51.875 I/MesonDisplay( 289): [/mode_policy.c, is_dv_prefer, 66] not prefer dv, hdr_priority:10000010
05-28 16:14:51.875 I/MesonDisplay( 289): [/mode_policy.c, hdr_scene_process, 724] policy:0 is_bestcolorspace:1 state:0
05-28 16:14:51.875 I/MesonDisplay( 289): [/mode_policy_parser.c, is_support_hdmimode, 115] is_support_hdmimode mode: none not support
05-28 16:14:51.875 I/MesonDisplay( 289): [/mode_policy_parser.c, is_support_hdmimode, 115] is_support_hdmimode mode: 2160p60hz not support
05-28 16:14:51.875 I/MesonDisplay( 289): [/mode_policy_parser.c, is_support_hdmimode, 115] is_support_hdmimode mode: 2160p50hz not support
05-28 16:14:51.875 I/MesonDisplay( 289): [/mode_policy_parser.c, is_support_hdmimode, 115] is_support_hdmimode mode: 2160p60hz not support
05-28 16:14:51.875 I/MesonDisplay( 289): [/mode_policy_parser.c, is_support_hdmimode, 115] is_support_hdmimode mode: 2160p50hz not support
05-28 16:14:51.875 I/MesonDisplay( 289): [/mode_policy.c, is_support_4kHDR, 507] is_support_4kHDR 4k hdr not support
05-28 16:14:51.875 I/MesonDisplay( 289): [/mode_policy_parser.c, is_support_hdmimode, 110] is_support_hdmimode mode: 1080p60hz
05-28 16:14:51.875 D/MesonDisplay( 289): meson_write /sys/class/amhdmitx/amhdmitx0/valid_mode, outputmode:1080p60hz422,12bit
05-28 16:14:51.875 D/MesonDisplay( 289): valid mode is true!
05-28 16:14:51.875 I/MesonDisplay( 289): [/mode_policy.c, is_support_non4kHDR, 552] is_support_non4kHDR mode:[1080p60hz], color format:[422,12bit]
05-28 16:14:51.875 I/MesonDisplay( 289): [/mode_policy.c, meson_mode_get_policy_output, 1289] final_displaymode:1080p60hz, final_deepcolor:422,12bit, amdv_type:0
05-28 16:14:51.875 I/MesonDisplay( 289): [/mode_policy.c, meson_mode_set_policy, 1177] connector:0 to policy:0
05-28 16:14:51.877 D/LocalDisplayAdapter( 742): The active mode was changed from SurfaceFlinger or the display device to {id=262, width=1920, height=1080, fps=59.94006, alternativeRefreshRates=[], supportedHdrTypes=[2]}
05-28 16:14:51.877 D/LocalDisplayAdapter( 742): New display modes are added and the active mode has changed, use active mode as default mode.
05-28 16:14:51.877 W/LocalDisplayAdapter( 742): DisplayModeSpecs base mode no longer available, using currently active mode.
05-28 16:14:51.878 I/DisplayDeviceRepository( 742): Display device changed: DisplayDeviceInfo{"内置屏幕": uniqueId="local:4627013623894091019", 1280 x 720, modeId 260, renderFrameRate 59.94006, defaultModeId 260, supportedModes [{id=260, width=1280, height=720, fps=59.94006, alternativeRefreshRates=[], supportedHdrTypes=[]}], colorMode 0, supportedColorModes [0], hdrCapabilities HdrCapabilities{mSupportedHdrTypes=[], mMaxLuminance=500.0, mMaxAverageLuminance=500.0, mMinLuminance=0.0}, allmSupported false, gameContentTypeSupported false, density 160, 2032.0 x 2032.0 dpi, appVsyncOff 2000000, presDeadline 13683333, touch INTERNAL, rotation 0, type INTERNAL, address {port=11, model=0x403674603f19a5}, deviceProductInfo DeviceProductInfo{name=Linux FHD, manufacturerPnpId=LNX, productId=0, modelYear=null, manufactureDate=ManufactureDate{week=5, year=2012}, connectionToSinkType=0}, state ON, committedState ON, frameRateOverride , brightnessMinimum 0.0, brightnessMaximum 1.0, brightnessDefault 0.39763778, hdrSdrRatio NaN, FLAG_ALLOWED_TO_BE_DEFAULT_DISPLAY, FLAG_ROTATES_WITH_CONTENT, FLAG_SECURE, FLAG_SUPPORTS_PROTECTED_BUFFERS, FLAG_TRUSTED, installOrientation 0, displayShape DisplayShape{ spec=-1507169495 displayWidth=1280 displayHeight=720 physicalPixelDisplaySizeRatio=1.0 rotation=0 offsetX=0 offsetY=0 scale=1.0}}
05-28 16:14:51.879 D/DisplayManagerService( 742): Ignore redundant display event 0/2 to 10067/1190
05-28 16:14:51.880 D/DisplayManagerService( 742): Ignore redundant display event 0/2 to 10075/6844
05-28 16:14:51.880 W/LocalDisplayAdapter( 742): Ignoring request for invalid base mode id 260
05-28 16:14:51.884 E/Scheduler( 263): trackPendingFrame: Invalid present fence
05-28 16:14:51.887 W/LocalDisplayAdapter( 742): Ignoring request for invalid base mode id 260
05-28 16:14:51.891 I/DisplayDeviceRepository( 742): Display device changed: DisplayDeviceInfo{"内置屏幕": uniqueId="local:4627013623894091019", 1920 x 1080, modeId 262, renderFrameRate 59.94006, defaultModeId 262, supportedModes [{id=262, width=1920, height=1080, fps=59.94006, alternativeRefreshRates=[], supportedHdrTypes=[2]}, {id=263, width=1920, height=1080, fps=60.000004, alternativeRefreshRates=[], supportedHdrTypes=[2]}, {id=264, width=1920, height=1080, fps=50.0, alternativeRefreshRates=[], supportedHdrTypes=[2]}, {id=265, width=1920, height=1080, fps=29.97003, alternativeRefreshRates=[], supportedHdrTypes=[2]}, {id=266, width=1920, height=1080, fps=30.000002, alternativeRefreshRates=[], supportedHdrTypes=[2]}, {id=267, width=1920, height=1080, fps=23.976025, alternativeRefreshRates=[], supportedHdrTypes=[2]}, {id=268, width=1920, height=1080, fps=24.000002, alternativeRefreshRates=[], supportedHdrTypes=[2]}, {id=269, width=1280, height=720, fps=59.94006, alternativeRefreshRates=[], supportedHdrTypes=[2]}, {id=270, width=1280, height=720, fps=60.000004, alternativeRefreshRates=[], supportedHdrTypes=[2]}, {id=271, width=1280, height=720, fps=50.0, alternativeRefreshRates=[], supportedHdrTypes=[2]}], colorMode 0, supportedColorModes [0], hdrCapabilities HdrCapabilities{mSupportedHdrTypes=[2], mMaxLuminance=500.0, mMaxAverageLuminance=500.0, mMinLuminance=0.0}, allmSupported false, gameContentTypeSupported false, density 240, 42.406 x 42.203 dpi, appVsyncOff 2000000, presDeadline 13683333, touch INTERNAL, rotation 0, type INTERNAL, address {port=11, model=0x403674603f19a5}, deviceProductInfo DeviceProductInfo{name=DBPADGO1AIR, manufacturerPnpId=DBA, productId=48, modelYear=null, manufactureDate=ManufactureDate{week=10, year=2014}, connectionToSinkType=2}, state ON, committedState ON, frameRateOverride , brightnessMinimum 0.0, brightnessMaximum 1.0, brightnessDefault 0.39763778, hdrSdrRatio NaN, FLAG_ALLOWED_TO_BE_DEFAULT_DISPLAY, FLAG_ROTATES_WITH_CONTENT, FLAG_SECURE, FLAG_SUPPORTS_PROTECTED_BUFFERS, FLAG_TRUSTED, installOrientation 0, displayShape DisplayShape{ spec=729782573 displayWidth=1920 displayHeight=1080 physicalPixelDisplaySizeRatio=1.0 rotation=0 offsetX=0 offsetY=0 scale=1.0}}
05-28 16:14:51.891 I/InputManager-JNI( 742): Viewport [0] to add: local:4627013623894091019, isActive: true
05-28 16:14:51.892 I/InputReader( 742): Reconfiguring input devices, changes=DISPLAY_INFO
05-28 16:14:51.895 D/DisplayManagerService( 742): Ignore redundant display event 0/2 to 10067/1190
05-28 16:14:51.895 D/DisplayManagerService( 742): Ignore redundant display event 0/2 to 10075/6844
05-28 16:14:51.898 I/DisplayDeviceRepository( 742): Display device changed: DisplayDeviceInfo{"内置屏幕": uniqueId="local:4627013623894091019", 1920 x 1080, modeId 262, renderFrameRate 59.94006, defaultModeId 262, supportedModes [{id=262, width=1920, height=1080, fps=59.94006, alternativeRefreshRates=[], supportedHdrTypes=[2]}, {id=263, width=1920, height=1080, fps=60.000004, alternativeRefreshRates=[], supportedHdrTypes=[2]}, {id=264, width=1920, height=1080, fps=50.0, alternativeRefreshRates=[], supportedHdrTypes=[2]}, {id=265, width=1920, height=1080, fps=29.97003, alternativeRefreshRates=[], supportedHdrTypes=[2]}, {id=266, width=1920, height=1080, fps=30.000002, alternativeRefreshRates=[], supportedHdrTypes=[2]}, {id=267, width=1920, height=1080, fps=23.976025, alternativeRefreshRates=[], supportedHdrTypes=[2]}, {id=268, width=1920, height=1080, fps=24.000002, alternativeRefreshRates=[], supportedHdrTypes=[2]}, {id=269, width=1280, height=720, fps=59.94006, alternativeRefreshRates=[], supportedHdrTypes=[2]}, {id=270, width=1280, height=720, fps=60.000004, alternativeRefreshRates=[], supportedHdrTypes=[2]}, {id=271, width=1280, height=720, fps=50.0, alternativeRefreshRates=[], supportedHdrTypes=[2]}], colorMode 0, supportedColorModes [0], hdrCapabilities HdrCapabilities{mSupportedHdrTypes=[2], mMaxLuminance=500.0, mMaxAverageLuminance=500.0, mMinLuminance=0.0}, allmSupported false, gameContentTypeSupported false, density 240, 42.406 x 42.203 dpi, appVsyncOff 2000000, presDeadline 13683333, touch INTERNAL, rotation 0, type INTERNAL, address {port=11, model=0x403674603f19a5}, deviceProductInfo DeviceProductInfo{name=DBPADGO1AIR, manufacturerPnpId=DBA, productId=48, modelYear=null, manufactureDate=ManufactureDate{week=10, year=2014}, connectionToSinkType=2}, state ON, committedState ON, frameRateOverride , brightnessMinimum 0.0, brightnessMaximum 1.0, brightnessDefault 0.39763778, hdrSdrRatio NaN, FLAG_ALLOWED_TO_BE_DEFAULT_DISPLAY, FLAG_ROTATES_WITH_CONTENT, FLAG_SECURE, FLAG_SUPPORTS_PROTECTED_BUFFERS, FLAG_TRUSTED, installOrientation 0, displayShape DisplayShape{ spec=729782573 displayWidth=1920 displayHeight=1080 physicalPixelDisplaySizeRatio=1.0 rotation=0 offsetX=0 offsetY=0 scale=1.0}}
05-28 16:14:51.900 D/ActiveDeviceManager( 1367): onAudioDevicesAdded
05-28 16:14:51.900 D/ActiveDeviceManager( 1367): Audio device added: DBBOX-A3 type: 9
05-28 16:14:51.901 I/RefreshRateSelector( 263): Display 4627013623894091019 policy changed
05-28 16:14:51.901 I/RefreshRateSelector( 263): Previous: {defaultModeId=267, allowGroupSwitching=false, primaryRanges={physical=[0.00 Hz, 340282346638528859811704183484516925440.00 Hz], render=[0.00 Hz, 340282346638528859811704183484516925440.00 Hz]}, appRequestRanges={physical=[0.00 Hz, 340282346638528859811704183484516925440.00 Hz], render=[0.00 Hz, 340282346638528859811704183484516925440.00 Hz]}}
05-28 16:14:51.901 I/RefreshRateSelector( 263): Current: DisplayManagerPolicy{defaultModeId=267, allowGroupSwitching=false, primaryRanges={physical=[0.00 Hz, inf Hz], render=[0.00 Hz, 120.00 Hz]}, appRequestRanges={physical=[0.00 Hz, inf Hz], render=[0.00 Hz, inf Hz]}}
05-28 16:14:51.901 I/RefreshRateSelector( 263): 0 mode changes were performed under the previous policy
05-28 16:14:51.903 D/AvrcpVolumeManager( 1367): onAudioDevicesAdded: Not expecting device changed
05-28 16:14:51.904 V/MediaRouter( 742): Audio routes updated: AudioRoutesInfo{ type=HDMI }, a2dp=false
05-28 16:14:51.904 V/MediaRouter( 742): Selecting route: RouteInfo{ name=外部设备, description=null, status=null, category=RouteCategory{ name=系统 types=ROUTE_TYPE_LIVE_AUDIO ROUTE_TYPE_LIVE_VIDEO groupable=false }, supportedTypes=ROUTE_TYPE_LIVE_AUDIO ROUTE_TYPE_LIVE_VIDEO , presentationDisplay=null }
05-28 16:14:51.905 V/MediaRouter( 1176): Audio routes updated: AudioRoutesInfo{ type=HDMI }, a2dp=false
05-28 16:14:51.905 V/MediaRouter( 1176): Selecting route: RouteInfo{ name=外部设备, description=null, status=null, category=RouteCategory{ name=系统 types=ROUTE_TYPE_LIVE_AUDIO ROUTE_TYPE_LIVE_VIDEO groupable=false }, supportedTypes=ROUTE_TYPE_LIVE_AUDIO ROUTE_TYPE_LIVE_VIDEO , presentationDisplay=null }
05-28 16:14:51.907 D/xm_audio( 509): adev_get_parameters
05-28 16:14:51.908 D/xm_audio( 509): adev_get_parameters
05-28 16:14:51.913 D/xm_audio( 509): adev_get_parameters
05-28 16:14:51.914 D/xm_audio( 509): adev_get_parameters
05-28 16:14:51.919 D/xm_audio( 509): adev_get_parameters
05-28 16:14:51.920 D/xm_audio( 509): adev_get_parameters
05-28 16:14:51.924 D/xm_audio( 509): adev_get_parameters
05-28 16:14:51.925 D/xm_audio( 509): adev_get_parameters
05-28 16:14:51.931 D/xm_audio( 509): adev_get_parameters
05-28 16:14:51.932 D/xm_audio( 509): adev_get_parameters
05-28 16:14:51.940 D/hdmicecd( 532): [CEC]:printCecMessage, [4 -> f] len: 4, body: 84 10 00 04, result:success
05-28 16:14:51.940 E/IPCThreadState( 532): binder thread pool (1 threads) starved for 151 ms
05-28 16:14:51.940 D/HDMI ( 742): [S]: 4F:87:1C:A4:10
05-28 16:14:51.940 D/xm_audio( 509): adev_get_parameters
05-28 16:14:51.942 D/xm_audio( 509): adev_get_parameters
05-28 16:14:51.948 D/xm_audio( 509): adev_get_parameters
05-28 16:14:51.951 D/xm_audio( 509): adev_get_parameters
05-28 16:14:51.956 D/xm_audio( 509): adev_get_parameters
05-28 16:14:51.957 D/xm_audio( 509): adev_get_parameters
05-28 16:14:51.961 D/xm_audio( 509): adev_get_parameters
05-28 16:14:51.963 D/xm_audio( 509): adev_get_parameters
05-28 16:14:51.967 D/xm_audio( 509): adev_get_parameters
05-28 16:14:51.968 D/xm_audio( 509): adev_get_parameters
05-28 16:14:51.972 D/xm_audio( 509): adev_get_parameters
05-28 16:14:51.973 D/xm_audio( 509): adev_get_parameters
05-28 16:14:51.976 I/vol.Events( 1176): writeEvent level_changed STREAM_VOICE_CALL 55
05-28 16:14:51.978 I/vol.Events( 1176): writeEvent level_changed STREAM_SYSTEM 55
05-28 16:14:51.980 I/vol.Events( 1176): writeEvent level_changed STREAM_RING 55
05-28 16:14:51.981 I/vol.Events( 1176): writeEvent level_changed STREAM_MUSIC 11
05-28 16:14:51.984 I/vol.Events( 1176): writeEvent level_changed STREAM_ALARM 55
05-28 16:14:52.092 D/hdmicecd( 532): [CEC]:printCecMessage, [4 -> f] len: 4, body: 87 1c a4 10, result:success
05-28 16:14:52.092 E/IPCThreadState( 532): binder thread pool (1 threads) starved for 152 ms
05-28 16:14:52.092 D/HDMI ( 742): [S]: 40:8C
05-28 16:14:52.150 D/hdmicecd( 532): [CEC]:printCecMessage, [4 -> 0] len: 1, body: 8c, result:no ack
05-28 16:14:52.206 D/hdmicecd( 532): [CEC]:printCecMessage, [4 -> 0] len: 1, body: 8c, result:no ack
05-28 16:14:52.207 E/HDMI ( 742): [1]:Failed to send 40:8C with errorCode=1
05-28 16:14:52.207 D/HDMI ( 742): [S]: 40:47:44:42:42:4F:58:2D:41:33
05-28 16:14:52.262 D/hdmicecd( 532): [CEC]:printCecMessage, [4 -> 0] len: 9, body: 47 44 42 42 4f 58 2d 41 33, result:no ack
05-28 16:14:52.318 D/hdmicecd( 532): [CEC]:printCecMessage, [4 -> 0] len: 9, body: 47 44 42 42 4f 58 2d 41 33, result:no ack
05-28 16:14:52.319 E/HDMI ( 742): [1]:Failed to send 40:47:44:42:42:4F:58:2D:41:33 with errorCode=1
05-28 16:14:52.319 D/HDMI ( 742): [S]: 45:7D
05-28 16:14:52.319 D/HDMI ( 742): Failed to send cec command 40:47:44:42:42:4F:58:2D:41:33
05-28 16:14:52.378 D/hdmicecd( 532): [CEC]:printCecMessage, [4 -> 5] len: 1, body: 7d, result:no ack
05-28 16:14:52.434 D/hdmicecd( 532): [CEC]:printCecMessage, [4 -> 5] len: 1, body: 7d, result:no ack
05-28 16:14:52.435 E/HDMI ( 742): [1]:Failed to send 45:7D with errorCode=1
05-28 16:14:52.435 D/HDMI ( 742): AVR did not respond to
05-28 16:14:52.436 D/HdmiControlService( 742): Switching to full volume behavior
05-28 16:14:52.490 D/hdmicecd( 532): [CEC]:printCecMessage, [4 -> e] len: 0, body:, result:no ack
05-28 16:14:52.550 D/hdmicecd( 532): [CEC]:printCecMessage, [4 -> b] len: 0, body:, result:no ack
05-28 16:14:52.610 D/hdmicecd( 532): [CEC]:printCecMessage, [4 -> 8] len: 0, body:, result:no ack
05-28 16:14:52.666 D/hdmicecd( 532): [CEC]:printCecMessage, [4 -> 5] len: 0, body:, result:no ack
05-28 16:14:52.726 D/hdmicecd( 532): [CEC]:printCecMessage, [4 -> 3] len: 0, body:, result:no ack
05-28 16:14:52.786 D/hdmicecd( 532): [CEC]:printCecMessage, [4 -> 1] len: 0, body:, result:no ack
05-28 16:14:52.825 D/MesonDisplay( 289): read /sys/class/amhdmitx/amhdmitx0/hdcp_lstore, result length:0, val:
05-28 16:14:52.842 D/hdmicecd( 532): [CEC]:printCecMessage, [4 -> 0] len: 0, body:, result:no ack
05-28 16:14:52.842 D/HdmiCecController( 742): [P]:AllocatedAddress=[]
05-28 16:14:52.843 D/hdmicecd( 532): [HdmiCecControl]:getPhysicalAddress, physical addr: 1000, last pa: 1000, ret = 0
05-28 16:14:52.843 D/HDMI ( 742): addCecDevice new:CEC: logical_address: 0x04 device_type: 4 cec_version: 5 vendor_id: 1877008 display_name: DBBOX-A3 power_status: 0 physical_address: 0x1000 port_id: 0 old:null
05-28 16:14:53.575 E/xxxxxxxxxxxxxxx( 2316): onReceive: true , configuration = {1.0 ?mcc0mnc [zh_CN] ldltr sw720dp w1280dp h720dp 240dpi xlrg long land television -touch -keyb/v/h dpad/v winConfig={ mBounds=Rect(0, 0 - 1920, 1080) mAppBounds=Rect(0, 0 - 1920, 1080) mMaxBounds=Rect(0, 0 - 1920, 1080) mDisplayRotation=ROTATION_0 mWindowingMode=fullscreen mDisplayWindowingMode=fullscreen mActivityType=undefined mAlwaysOnTop=undefined mRotation=ROTATION_0} as.2 s.22 fontWeightAdjustment=0}
05-28 16:14:53.576 E/xxxxxxxxxxxxxxx( 2316): isScreenSizeChange=false app onConfigurationChanged={1.0 ?mcc0mnc [zh_CN] ldltr sw720dp w1280dp h720dp 240dpi xlrg long land television -touch -keyb/v/h dpad/v winConfig={ mBounds=Rect(0, 0 - 1920, 1080) mAppBounds=Rect(0, 0 - 1920, 1080) mMaxBounds=Rect(0, 0 - 1920, 1080) mDisplayRotation=ROTATION_0 mWindowingMode=fullscreen mDisplayWindowingMode=fullscreen mActivityType=undefined mAlwaysOnTop=undefined mRotation=ROTATION_0} as.2 s.22 fontWeightAdjustment=0}
05-28 16:14:53.825 D/MesonDisplay( 289): read /sys/class/amhdmitx/amhdmitx0/hdcp_lstore, result length:0, val:
05-28 16:14:54.159 I/audio_hw_hal_alsamgr( 509): alsa format =0x1 delay frames =1024 total frames=352657920
05-28 16:14:54.553 I/WifiHAL ( 558): call wifi_get_link_stats handler
05-28 16:14:54.553 I/WifiHAL ( 558): Creating message to get link statistics; iface = 16
05-28 16:14:54.553 D/WifiHAL ( 558): error code -95 mapped to -3
05-28 16:14:54.554 E/WifiStaIfaceAidlImpl( 742): getLinkLayerStats failed with service-specific exception: android.os.ServiceSpecificException: (code 4)
05-28 16:14:54.826 D/MesonDisplay( 289): read /sys/class/amhdmitx/amhdmitx0/hdcp_lstore, result length:0, val:
05-28 16:14:54.847 D/audio_hw_hal_ms12common( 509): func:ms12_timer_callback_handler sigv:0 ~~~~~~~~~~
05-28 16:14:54.847 D/audio_hw_hal_ms12v2( 509): set_dolby_ms12_continuous_state audio_continuous_standby_set status 1
05-28 16:14:54.847 D/audio_hw_hal_continuous_standby( 509): audio_continuous_standby_set, type 0, params 1
05-28 16:14:54.848 D/audio_hw_hal_ms12common( 509): aml_send_ms12_scheduler_state_2_ms12 adev:0xeedc14a0, sch_state:1(SCHEDULER_STANDBY)
05-28 16:14:55.062 E/ccc ( 1946): cccccc onPhrikeUpdate downloading 82.62624
05-28 16:14:55.071 E/mali_gralloc( 1946): Attempt to call unlock*() on an buffer locked with invalid write locks buffer (0xf470d9e0)
05-28 16:14:55.074 E/mali_gralloc( 1946): Attempt to call unlock*() on an buffer locked with invalid write locks buffer (0xf470d9e0)
05-28 16:14:55.826 D/MesonDisplay( 289): read /sys/class/amhdmitx/amhdmitx0/hdcp_lstore, result length:0, val:
05-28 16:14:56.826 D/MesonDisplay( 289): read /sys/class/amhdmitx/amhdmitx0/hdcp_lstore, result length:0, val:
05-28 16:14:57.561 I/WifiHAL ( 558): call wifi_get_link_stats handler
05-28 16:14:57.561 I/WifiHAL ( 558): Creating message to get link statistics; iface = 16
05-28 16:14:57.561 D/WifiHAL ( 558): error code -95 mapped to -3
05-28 16:14:57.562 E/WifiStaIfaceAidlImpl( 742): getLinkLayerStats failed with service-specific exception: android.os.ServiceSpecificException: (code 4)
05-28 16:14:57.827 D/MesonDisplay( 289): read /sys/class/amhdmitx/amhdmitx0/hdcp_lstore, result length:0, val:
05-28 16:14:58.827 D/MesonDisplay( 289): read /sys/class/amhdmitx/amhdmitx0/hdcp_lstore, result length:0, val:
05-28 16:14:59.303 E/ccc ( 1946): cccccc onPhrikeUpdate downloading 82.92488
05-28 16:14:59.326 E/mali_gralloc( 1946): Attempt to call unlock*() on an buffer locked with invalid write locks buffer (0xf470d9e0)
05-28 16:14:59.326 E/mali_gralloc( 1946): Attempt to call unlock*() on an buffer locked with invalid write locks buffer (0xf4707e80)
05-28 16:14:59.329 E/mali_gralloc( 1946): Attempt to call unlock*() on an buffer locked with invalid write locks buffer (0xf4707e80)
05-28 16:14:59.828 D/MesonDisplay( 289): read /sys/class/amhdmitx/amhdmitx0/hdcp_lstore, result length:0, val:
05-28 16:14:59.870 V/HotPlugDetectionAction( 742): Poll all devices.
05-28 16:14:59.926 D/hdmicecd( 532): [CEC]:printCecMessage, [4 -> 0] len: 0, body:, result:no ack
05-28 16:14:59.982 D/hdmicecd( 532): [CEC]:printCecMessage, [4 -> 1] len: 0, body:, result:no ack
05-28 16:15:00.038 D/hdmicecd( 532): [CEC]:printCecMessage, [4 -> 3] len: 0, body:, result:no ack
05-28 16:15:00.094 D/hdmicecd( 532): [CEC]:printCecMessage, [4 -> 5] len: 0, body:, result:no ack
05-28 16:15:00.150 D/hdmicecd( 532): [CEC]:printCecMessage, [4 -> 8] len: 0, body:, result:no ack
05-28 16:15:00.210 D/hdmicecd( 532): [CEC]:printCecMessage, [4 -> b] len: 0, body:, result:no ack
05-28 16:15:00.266 D/hdmicecd( 532): [CEC]:printCecMessage, [4 -> e] len: 0, body:, result:no ack
05-28 16:15:00.266 D/HdmiCecController( 742): [P]:AllocatedAddress=[]
05-28 16:15:00.506 E/db_okhttp( 8961): POST url:http://otysdktj.tvfuwu.com/util-servlet/clientservice
