05-31 18:43:00.542 D/CompatibilityChangeReporter( 719): Compat change id reported: 271850009; UID 1000; state: ENABLED
05-31 18:43:00.544 D/CompatibilityChangeReporter( 719): Compat change id reported: 253665015; UID 1000; state: DISABLED
05-31 18:43:00.547 W/ActivityManager( 719): Slow operation: 228ms so far, now at startProcess: returned from zygote!
05-31 18:43:00.548 W/ActivityManager( 719): Slow operation: 229ms so far, now at startProcess: done updating battery stats
05-31 18:43:00.548 W/ActivityManager( 719): Slow operation: 229ms so far, now at startProcess: building log message
05-31 18:43:00.548 I/ActivityManager( 719): Start proc 1499:com.android.keychain/1000 for service {com.android.keychain/com.android.keychain.KeyChainService}
05-31 18:43:00.548 W/ActivityManager( 719): Slow operation: 229ms so far, now at startProcess: starting to update pids map
05-31 18:43:00.548 W/ActivityManager( 719): Slow operation: 229ms so far, now at startProcess: done updating pids map
05-31 18:43:00.550 D/CompatibilityChangeReporter( 719): Compat change id reported: 253665015; UID 1000; state: ENABLED
05-31 18:43:00.560 D/CompatibilityChangeReporter( 719): Compat change id reported: 194532703; UID 1000; state: DISABLED
05-31 18:43:00.560 D/CompatibilityChangeReporter( 719): Compat change id reported: 194532703; UID 1000; state: ENABLED
05-31 18:43:00.576 V/WindowManager( 719): app ------------- force_land :0
05-31 18:43:00.581 D/CompatibilityChangeReporter( 719): Compat change id reported: 197654537; UID 1000; state: DISABLED
05-31 18:43:00.596 I/MediaSessionStack( 719): addSession to bottom of stack | record: com.android.music/MediaPlaybackService (userId=0)
05-31 18:43:00.606 D/CompatibilityChangeReporter( 719): Compat change id reported: 168419799; UID 1000; state: DISABLED
05-31 18:43:00.606 D/CompatibilityChangeReporter( 719): Compat change id reported: 273564678; UID 1000; state: DISABLED
05-31 18:43:00.612 D/CompatibilityChangeReporter( 719): Compat change id reported: 261072174; UID 1000; state: ENABLED
05-31 18:43:00.624 D/CompatibilityChangeReporter( 719): Compat change id reported: 168419799; UID 1000; state: DISABLED
05-31 18:43:00.624 D/CompatibilityChangeReporter( 719): Compat change id reported: 273564678; UID 1000; state: DISABLED
05-31 18:43:00.763 W/WindowManager( 719): [addWindow] title:InputMethod
05-31 18:43:00.764 D/CompatibilityChangeReporter( 719): Compat change id reported: 168419799; UID 10039; state: DISABLED
05-31 18:43:00.764 D/CompatibilityChangeReporter( 719): Compat change id reported: 273564678; UID 10039; state: DISABLED
05-31 18:43:00.766 W/ActivityTaskManager( 719): Current config: {1.0 ?mcc0mnc [zh_CN] ldltr sw720dp w1280dp h720dp 240dpi xlrg long land television -touch -keyb/v/h dpad/v winConfig={ mBounds=Rect(0, 0 - 1920, 1080) mAppBounds=Rect(0, 0 - 1920, 1080) mMaxBounds=Rect(0, 0 - 1920, 1080) mDisplayRotation=ROTATION_0 mWindowingMode=fullscreen mDisplayWindowingMode=fullscreen mActivityType=undefined mAlwaysOnTop=undefined mRotation=ROTATION_0} s.6 fontWeightAdjustment=0} unchanged for IME proc com.sohu.inputmethod.sogou.tv
05-31 18:43:00.767 W/ActivityTaskManager( 719): Current config: {1.0 ?mcc0mnc [zh_CN] ldltr sw720dp w1280dp h720dp 240dpi xlrg long land television -touch -keyb/v/h dpad/v winConfig={ mBounds=Rect(0, 0 - 1920, 1080) mAppBounds=Rect(0, 0 - 1920, 1080) mMaxBounds=Rect(0, 0 - 1920, 1080) mDisplayRotation=ROTATION_0 mWindowingMode=fullscreen mDisplayWindowingMode=fullscreen mActivityType=undefined mAlwaysOnTop=undefined mRotation=ROTATION_0} s.6 fontWeightAdjustment=0} unchanged for IME proc com.sohu.inputmethod.sogou.tv
05-31 18:43:00.771 D/CompatibilityChangeReporter( 719): Compat change id reported: 261072174; UID 10052; state: ENABLED
05-31 18:43:00.778 I/ActivityManager( 719): com.oranth.storage is exempt from freezer
05-31 18:43:00.779 D/CompatibilityChangeReporter( 719): Compat change id reported: 135634846; UID 1000; state: DISABLED
05-31 18:43:00.781 D/CoreBackPreview( 719): Window{7ceec31 u0 InputMethod}: Setting back callback OnBackInvokedCallbackInfo{mCallback=android.window.IOnBackInvokedCallback$Stub$Proxy@dacdb8f, mPriority=0, mIsAnimationCallback=false}
05-31 18:43:00.790 D/CompatibilityChangeReporter( 719): Compat change id reported: 161145287; UID 10039; state: DISABLED
01-01 08:00:24.042 I/[0 T292 ..] android.hardware.boot-service( 0): sys.boot_completed: 1
05-31 18:43:00.808 W/ContextImpl( 1489): Calling a method in the system process without a qualified user: android.app.ContextImpl.startService:1899 android.content.ContextWrapper.startService:825 android.content.ContextWrapper.startService:825 com.oranth.ledstatus.BootCompletedReceiver.onReceive:15 android.app.ActivityThread.handleReceiver:4494
05-31 18:43:00.812 I/ActivityManager( 719): Start proc 1543:com.oranth.storage/1000 for broadcast {com.oranth.storage/com.oranth.storage.BootCompletedReceiver}
05-31 18:43:00.847 D/CompatibilityChangeReporter( 719): Compat change id reported: 161145287; UID 1000; state: DISABLED
05-31 18:43:00.847 D/CompatibilityChangeReporter( 719): Compat change id reported: 161145287; UID 1000; state: ENABLED
05-31 18:43:00.923 D/CompatibilityChangeReporter( 719): Compat change id reported: 168419799; UID 1000; state: DISABLED
05-31 18:43:00.924 D/CompatibilityChangeReporter( 719): Compat change id reported: 273564678; UID 1000; state: DISABLED
05-31 18:43:00.928 D/CompatibilityChangeReporter( 719): Compat change id reported: 161145287; UID 10062; state: ENABLED
05-31 18:43:00.971 D/CompatibilityChangeReporter( 719): Compat change id reported: 135634846; UID 10016; state: DISABLED
05-31 18:43:00.971 D/CompatibilityChangeReporter( 719): Compat change id reported: 177438394; UID 10016; state: DISABLED
05-31 18:43:00.971 D/CompatibilityChangeReporter( 719): Compat change id reported: 135772972; UID 10016; state: DISABLED
05-31 18:43:00.971 D/CompatibilityChangeReporter( 719): Compat change id reported: 135754954; UID 10016; state: ENABLED
05-31 18:43:00.972 D/CompatibilityChangeReporter( 719): Compat change id reported: 143937733; UID 10016; state: ENABLED
05-31 18:43:00.997 I/StorageUserConnection( 719): Service: [ComponentInfo{com.android.providers.media.module/com.android.providers.media.fuse.ExternalStorageServiceImpl}] connected. User [0]
05-31 18:43:01.004 I/ActivityManager( 719): Start proc 1578:android.process.acore/u0a16 for content provider {com.android.providers.contacts/com.android.providers.contacts.ContactsProvider2}
05-31 18:43:01.040 D/CompatibilityChangeReporter( 719): Compat change id reported: 149924527; UID 1000; state: ENABLED
05-31 18:43:01.042 D/CompatibilityChangeReporter( 719): Compat change id reported: 149924527; UID 10039; state: ENABLED
05-31 18:43:01.042 D/CompatibilityChangeReporter( 719): Compat change id reported: 132649864; UID 1000; state: DISABLED
05-31 18:43:01.043 D/CompatibilityChangeReporter( 719): Compat change id reported: 132649864; UID 10039; state: DISABLED
05-31 18:43:01.058 D/CompatibilityChangeReporter( 719): Compat change id reported: 168419799; UID 10016; state: DISABLED
05-31 18:43:01.058 D/CompatibilityChangeReporter( 719): Compat change id reported: 273564678; UID 10016; state: DISABLED
05-31 18:43:01.063 D/CompatibilityChangeReporter( 719): Compat change id reported: 265195908; UID 10016; state: ENABLED
05-31 18:43:01.089 W/ContextImpl( 1543): Calling a method in the system process without a qualified user: android.app.ContextImpl.startService:1899 android.content.ContextWrapper.startService:825 android.content.ContextWrapper.startService:825 com.oranth.storage.BootCompletedReceiver.onReceive:15 android.app.ActivityThread.handleReceiver:4494
01-01 08:00:24.331 I/ ( 0): [1 T63 ..] [TEE] E/TC:? 00 tee_rpmb_verify_key_sync_counter:1008 Verify key returning 0xffff0008
01-01 08:00:24.332 I/ ( 0): [1 T63 ..] [TEE] E/TC:? 00 tee_mkl_status:195 tee_mkl_status bad state, status = 0x0
01-01 08:00:24.333 I/ ( 0): [1 T63 ..] [TEE] E/TC:? 00 tee_provision_get_pfpk_enc:351 PFPK key table bad status, res = 0xffff0007
01-01 08:00:24.334 I/ ( 0): [1 T63 ..] [TEE] E/TA: read_pfid_from_property:765 [PROVISION-TA] PFID is not provisioned
01-01 08:00:24.335 I/ ( 0): [1 T63 ..] [TEE] E/TA: pfid_query:877 [PROVISION-TA] pfid_query read pfid property error, return 0xFFFF0008
01-01 08:00:24.337 I/ ( 0): [1 T63 ..] [TEE] E/TC:? 00 tee_rpmb_verify_key_sync_counter:1008 Verify key returning 0xffff0008
01-01 08:00:24.338 I/ ( 0): [1 T63 ..] [TEE] E/TC:? 00 tee_mkl_status:195 tee_mkl_status bad state, status = 0x0
01-01 08:00:24.339 I/ ( 0): [1 T63 ..] [TEE] E/TC:? 00 tee_provision_get_pfpk_enc:351 PFPK key table bad status, res = 0xffff0007
01-01 08:00:24.340 I/ ( 0): [1 T63 ..] [TEE] E/TC:? 00 tee_mkl_status:195 tee_mkl_status bad state, status = 0x0
01-01 08:00:24.342 I/ ( 0): [1 T63 ..] [TEE] E/TC:? 00 tee_provision_get_pfpk_enc:351 PFPK key table bad status, res = 0xffff0007
01-01 08:00:24.343 I/ ( 0): [1 T63 ..] [TEE] E/TA: get_pfpk_enc:786 [PROVISION-TA] TEE_Provision_Get_PFPK_ENC() failed, return 0xFFFF0007
01-01 08:00:24.344 I/ ( 0): [1 T63 ..] [TEE] E/TA: pfpk_query:851 [PROVISION-TA] get_pfpk_enc return 0xFFFF0007
05-31 18:43:01.104 E/BootReceiver( 719): Could not open /sys/kernel/tracing/instances/bootreceiver/trace_pipe
05-31 18:43:01.104 E/BootReceiver( 719): android.system.ErrnoException: open failed: ENOENT (No such file or directory)
05-31 18:43:01.104 E/BootReceiver( 719): at libcore.io.Linux.open(Native Method)
05-31 18:43:01.104 E/BootReceiver( 719): at libcore.io.ForwardingOs.open(ForwardingOs.java:563)
05-31 18:43:01.104 E/BootReceiver( 719): at libcore.io.BlockGuardOs.open(BlockGuardOs.java:274)
05-31 18:43:01.104 E/BootReceiver( 719): at android.system.Os.open(Os.java:494)
05-31 18:43:01.104 E/BootReceiver( 719): at com.android.server.BootReceiver.onReceive(BootReceiver.java:164)
05-31 18:43:01.104 E/BootReceiver( 719): at android.app.ActivityThread.handleReceiver(ActivityThread.java:4494)
05-31 18:43:01.104 E/BootReceiver( 719): at android.app.ActivityThread.-$$Nest$mhandleReceiver(Unknown Source:0)
05-31 18:43:01.104 E/BootReceiver( 719): at android.app.ActivityThread$H.handleMessage(ActivityThread.java:2285)
05-31 18:43:01.104 E/BootReceiver( 719): at android.os.Handler.dispatchMessage(Handler.java:106)
05-31 18:43:01.104 E/BootReceiver( 719): at android.os.Looper.loopOnce(Looper.java:205)
05-31 18:43:01.104 E/BootReceiver( 719): at android.os.Looper.loop(Looper.java:294)
05-31 18:43:01.104 E/BootReceiver( 719): at com.android.server.SystemServer.run(SystemServer.java:982)
05-31 18:43:01.104 E/BootReceiver( 719): at com.android.server.SystemServer.main(SystemServer.java:668)
05-31 18:43:01.104 E/BootReceiver( 719): at java.lang.reflect.Method.invoke(Native Method)
05-31 18:43:01.104 E/BootReceiver( 719): at com.android.internal.os.RuntimeInit$MethodAndArgsCaller.run(RuntimeInit.java:552)
05-31 18:43:01.104 E/BootReceiver( 719): at com.android.internal.os.ZygoteInit.main(ZygoteInit.java:956)
05-31 18:43:01.107 D/CompatibilityChangeReporter( 719): Compat change id reported: 170503758; UID 10016; state: ENABLED
05-31 18:43:01.122 I/DropBoxManagerService( 719): add tag=SYSTEM_BOOT isTagEnabled=true flags=0x2
05-31 18:43:01.124 I/BootReceiver( 719): Copying audit failures to DropBox
05-31 18:43:01.125 I/BootReceiver( 719): Checking for fsck errors
05-31 18:43:01.125 D/CompatibilityChangeReporter( 719): Compat change id reported: 171306433; UID 1000; state: ENABLED
05-31 18:43:01.126 D/CompatibilityChangeReporter( 719): Compat change id reported: 218533173; UID 1000; state: ENABLED
05-31 18:43:01.126 I/BootReceiver( 719): fs_stat, partition:param stat:0x1001b
05-31 18:43:01.126 I/BootReceiver( 719): fs_stat, partition:tee stat:0xb
05-31 18:43:01.126 I/BootReceiver( 719): fs_stat, partition:factory stat:0x0
05-31 18:43:01.126 I/BootReceiver( 719): fs_stat, partition:userdata stat:0x0
05-31 18:43:01.139 D/CompatibilityChangeReporter( 719): Compat change id reported: 135634846; UID 10018; state: DISABLED
05-31 18:43:01.139 D/CompatibilityChangeReporter( 719): Compat change id reported: 177438394; UID 10018; state: DISABLED
05-31 18:43:01.139 D/CompatibilityChangeReporter( 719): Compat change id reported: 135772972; UID 10018; state: DISABLED
05-31 18:43:01.140 D/CompatibilityChangeReporter( 719): Compat change id reported: 135754954; UID 10018; state: ENABLED
05-31 18:43:01.140 D/CompatibilityChangeReporter( 719): Compat change id reported: 143937733; UID 10018; state: ENABLED
05-31 18:43:01.169 W/ContextImpl( 1046): Calling a method in the system process without a qualified user: android.app.ContextImpl.startService:1899 android.content.ContextWrapper.startService:825 android.content.ContextWrapper.startService:825 com.droidlogic.BootComplete.onReceive:116 android.app.ActivityThread.handleReceiver:4494
05-31 18:43:01.173 W/ContextImpl( 1046): Calling a method in the system process without a qualified user: android.app.ContextImpl.startForegroundService:1905 android.content.ContextWrapper.startForegroundService:830 android.content.ContextWrapper.startForegroundService:830 com.droidlogic.BootComplete.onReceive:125 android.app.ActivityThread.handleReceiver:4494
05-31 18:43:01.173 W/ActivityManager( 719): Unable to start service Intent { cmp=com.android.tv.mdnsoffloadcmd/.MdnsOffloadCmdService } U=0: not found
05-31 18:43:01.174 W/ContextImpl( 1046): Calling a method in the system process without a qualified user: android.app.ContextImpl.startService:1899 android.content.ContextWrapper.startService:825 android.content.ContextWrapper.startService:825 com.droidlogic.BootComplete.onReceive:127 android.app.ActivityThread.handleReceiver:4494
05-31 18:43:01.182 W/ContextImpl( 1046): Calling a method in the system process without a qualified user: android.app.ContextImpl.startService:1899 android.content.ContextWrapper.startService:825 android.content.ContextWrapper.startService:825 com.droidlogic.BootComplete.onReceive:128 android.app.ActivityThread.handleReceiver:4494
05-31 18:43:01.207 W/ContextImpl( 1046): Calling a method in the system process without a qualified user: android.app.ContextImpl.startService:1899 android.content.ContextWrapper.startService:825 android.content.ContextWrapper.startService:825 com.droidlogic.BootComplete$2.onChange:274 com.droidlogic.BootComplete.updateDeveloperOptionsWatcher:283
05-31 18:43:01.223 W/ActivityManager( 719): Slow operation: 84ms so far, now at startProcess: returned from zygote!
05-31 18:43:01.223 W/ActivityManager( 719): Slow operation: 85ms so far, now at startProcess: done updating battery stats
05-31 18:43:01.223 W/ActivityManager( 719): Slow operation: 85ms so far, now at startProcess: building log message
05-31 18:43:01.223 I/ActivityManager( 719): Start proc 1616:android.process.media/u0a18 for content provider {com.android.providers.downloads/com.android.providers.downloads.DownloadProvider}
05-31 18:43:01.223 W/ActivityManager( 719): Slow operation: 85ms so far, now at startProcess: starting to update pids map
05-31 18:43:01.223 W/ActivityManager( 719): Slow operation: 85ms so far, now at startProcess: done updating pids map
05-31 18:43:01.251 W/ContextImpl( 1046): Calling a method in the system process without a qualified user: android.app.ContextImpl.startService:1899 android.content.ContextWrapper.startService:825 android.content.ContextWrapper.startService:825 com.droidlogic.BootComplete.onReceive:173 android.app.ActivityThread.handleReceiver:4494
05-31 18:43:01.260 I/ActivityManager( 719): com.droidlogic.mictoggle is exempt from freezer
05-31 18:43:01.260 D/CompatibilityChangeReporter( 719): Compat change id reported: 135634846; UID 1000; state: DISABLED
05-31 18:43:01.263 D/WallpaperManagerService( 719): Wallpaper_selinux_restorecon-0
05-31 18:43:01.263 D/HDMI ( 719): addVendorCommandListener 1877008
05-31 18:43:01.265 V/WallpaperManagerService( 719): Wallpaper_selinux_restorecon-0 took to complete: 2ms
05-31 18:43:01.268 W/ContextImpl( 1421): Calling a method in the system process without a qualified user: android.app.ContextImpl.startService:1899 android.content.ContextWrapper.startService:825 com.dangbei.lerad.etna.core.EtnaManager.startService:64 com.dangbei.lerad.etna.core.EtnaManager.init:39 com.dangbei.lerad.etna.haqu.EtnaApplication.init:87
05-31 18:43:01.275 W/ContextImpl( 1421): Calling a method in the system process without a qualified user: android.app.ContextImpl.startService:1899 android.content.ContextWrapper.startService:825 com.dangbei.andes.CoreService$Companion.start:29 com.dangbei.lerad.etna.haqu.EtnaApplication.init:88 com.dangbei.lerad.etna.haqu.EtnaApplication.onCreate:59
05-31 18:43:01.287 D/CompatibilityChangeReporter( 719): Compat change id reported: 168419799; UID 10018; state: DISABLED
05-31 18:43:01.287 D/CompatibilityChangeReporter( 719): Compat change id reported: 273564678; UID 10018; state: DISABLED
05-31 18:43:01.299 I/ActivityManager( 719): Start proc 1637:com.droidlogic.mictoggle/1000 for broadcast {com.droidlogic.mictoggle/com.droidlogic.mictoggle.AssistantMicMuteReceiver}
05-31 18:43:01.299 D/CompatibilityChangeReporter( 719): Compat change id reported: 265195908; UID 10018; state: ENABLED
05-31 18:43:01.332 D/HDMI ( 719): Process pid:1421 is calling addHotplugEventListener
05-31 18:43:01.340 D/CompatibilityChangeReporter( 719): Compat change id reported: 161145287; UID 10016; state: ENABLED
05-31 18:43:01.342 D/CompatibilityChangeReporter( 719): Compat change id reported: 168419799; UID 1000; state: DISABLED
05-31 18:43:01.343 D/CompatibilityChangeReporter( 719): Compat change id reported: 170503758; UID 10018; state: ENABLED
05-31 18:43:01.343 D/CompatibilityChangeReporter( 719): Compat change id reported: 273564678; UID 1000; state: DISABLED
05-31 18:43:01.365 W/ContextImpl( 1421): Calling a method in the system process without a qualified user: android.app.ContextImpl.bindService:1988 android.content.ContextWrapper.bindService:861 com.dangbei.lerad.etna.lib.client.EtnaClient.bindServer:138 com.dangbei.lerad.etna.lib.client.EtnaClient.access$600:29 com.dangbei.lerad.etna.lib.client.EtnaClient$3.call:205
05-31 18:43:01.384 D/CountryDetector( 719): The first listener is added
05-31 18:43:01.434 W/ContextImpl( 1421): Calling a method in the system process without a qualified user: android.app.ContextImpl.bindService:1988 android.content.ContextWrapper.bindService:861 com.dangbei.lerad.etna.lib.client.EtnaClient.bindServer:138 com.dangbei.lerad.etna.lib.client.EtnaClient.access$600:29 com.dangbei.lerad.etna.lib.client.EtnaClient$3.call:205
01-01 08:00:24.725 W/ ( 0): [1 T1063 ..] [aml_scan_rx 1505] scanres_payload_buf overflow, flush
01-01 08:00:24.727 I/[3 T437 ..] apexd( 0): Cleaning up reserved space for compressed APEX
05-31 18:43:01.532 W/ContextImpl( 1637): Calling a method in the system process without a qualified user: android.app.ContextImpl.startService:1899 android.content.ContextWrapper.startService:825 android.content.ContextWrapper.startService:825 com.droidlogic.mictoggle.AssistantMicMuteReceiver.onReceive:48 android.app.ActivityThread.handleReceiver:4494
05-31 18:43:01.552 W/ContextImpl( 1046): Calling a method in the system process without a qualified user: android.app.ContextImpl.startService:1899 android.content.ContextWrapper.startService:825 android.content.ContextWrapper.startService:825 com.droidlogic.AiPqReceiver.onReceive:31 android.app.ActivityThread.handleReceiver:4494
05-31 18:43:01.556 D/HDMI ( 719): receive android.intent.action.BOOT_COMPLETED
05-31 18:43:01.556 I/HDMI ( 719): Receive boot completed broadcast
05-31 18:43:01.566 I/ActivityManager( 719): com.android.dynsystem is exempt from freezer
05-31 18:43:01.566 D/CompatibilityChangeReporter( 719): Compat change id reported: 135634846; UID 1000; state: DISABLED
05-31 18:43:01.568 I/CheckInBootCompletedReceiver( 1357): Received boot completed intent
05-31 18:43:01.581 W/ContextImpl( 1288): Calling a method in the system process without a qualified user: android.app.ContextImpl.startForegroundService:1905 android.content.ContextWrapper.startForegroundService:830 android.content.ContextWrapper.startForegroundService:830 com.android.tv.settings.BootReceiver.onReceive:58 android.app.ActivityThread.handleReceiver:4494
05-31 18:43:01.581 W/ActivityManager( 719): Unable to start service Intent { act=android.intent.action.BOOT_COMPLETED flg=0x89000010 cmp=com.android.tv.settings/.BootReceiver (has extras) } U=0: not found
05-31 18:43:01.590 W/ProcessStats( 719): Tracking association SourceState{63e7308 system/1000 BFgs #206} whose proc state 4 is better than process ProcessState{fd39aa1 android.process.media/10018 pkg=com.android.providers.downloads (sub)} proc state 14 (0 skipped)
05-31 18:43:01.594 D/CompatibilityChangeReporter( 719): Compat change id reported: 253665015; UID 10062; state: ENABLED
05-31 18:43:01.600 I/DlcClient( 1357): Binding com.android.devicelockcontroller/.storage.GlobalParametersService
05-31 18:43:01.600 D/GlobalParametersService( 1357): onCreate
05-31 18:43:01.604 I/DeviceCheckInHelper( 1357): enqueueDeviceCheckInWork with delay: PT0S
05-31 18:43:01.604 D/CompatibilityChangeReporter( 719): Compat change id reported: 194532703; UID 10062; state: ENABLED
05-31 18:43:01.615 D/CompatibilityChangeReporter( 719): Compat change id reported: 161145287; UID 10018; state: ENABLED
05-31 18:43:01.626 W/ActivityManager( 719): Slow operation: 61ms so far, now at startProcess: returned from zygote!
05-31 18:43:01.626 W/ActivityManager( 719): Slow operation: 61ms so far, now at startProcess: done updating battery stats
05-31 18:43:01.627 W/ActivityManager( 719): Slow operation: 61ms so far, now at startProcess: building log message
05-31 18:43:01.627 I/ActivityManager( 719): Start proc 1689:com.android.dynsystem/1000 for broadcast {com.android.dynsystem/com.android.dynsystem.BootCompletedReceiver}
05-31 18:43:01.627 W/ActivityManager( 719): Slow operation: 62ms so far, now at startProcess: starting to update pids map
05-31 18:43:01.627 W/ActivityManager( 719): Slow operation: 62ms so far, now at startProcess: done updating pids map
05-31 18:43:01.630 D/CompatibilityChangeReporter( 719): Compat change id reported: 261072174; UID 1000; state: DISABLED
01-01 08:00:24.883 W/[0 T1692 ..] audit( 0): audit_lost=10 audit_rate_limit=5 audit_backlog_limit=64
01-01 08:00:24.884 E/[0 T1692 ..] audit( 0): rate limit exceeded
05-31 18:43:01.651 W/ContextImpl( 1421): Calling a method in the system process without a qualified user: android.app.ContextImpl.sendBroadcast:1220 android.content.ContextWrapper.sendBroadcast:504 com.dangbei.lerad.etna.core.EtnaManager.sendRebootBroadcast:82 com.dangbei.lerad.etna.core.EtnaService.onStartCommand:89 android.app.ActivityThread.handleServiceArgs:4866
05-31 18:43:01.677 D/CompatibilityChangeReporter( 719): Compat change id reported: 253665015; UID 10018; state: ENABLED
05-31 18:43:01.679 D/CompatibilityChangeReporter( 719): Compat change id reported: 194532703; UID 10018; state: ENABLED
05-31 18:43:01.685 W/ContextImpl( 1421): Calling a method in the system process without a qualified user: android.app.ContextImpl.bindService:1988 android.content.ContextWrapper.bindService:861 com.dangbei.lerad.etna.lib.client.EtnaClient.bindServer:138 com.dangbei.lerad.etna.lib.client.EtnaClient.access$600:29 com.dangbei.lerad.etna.lib.client.EtnaClient$3.call:205
05-31 18:43:01.689 W/ContextImpl( 1421): Calling a method in the system process without a qualified user: android.app.ContextImpl.bindService:1988 android.content.ContextWrapper.bindService:861 com.dangbei.lerad.etna.lib.client.EtnaClient.bindServer:138 com.dangbei.lerad.etna.lib.client.EtnaClient.access$600:29 com.dangbei.lerad.etna.lib.client.EtnaClient$3.call:205
05-31 18:43:01.689 D/CompatibilityChangeReporter( 719): Compat change id reported: 168419799; UID 1000; state: DISABLED
05-31 18:43:01.690 D/CompatibilityChangeReporter( 719): Compat change id reported: 273564678; UID 1000; state: DISABLED
05-31 18:43:01.693 W/ContextImpl( 1421): Calling a method in the system process without a qualified user: android.app.ContextImpl.bindService:1988 android.content.ContextWrapper.bindService:861 com.dangbei.lerad.etna.lib.client.EtnaClient.bindServer:138 com.dangbei.lerad.etna.lib.client.EtnaClient.access$600:29 com.dangbei.lerad.etna.lib.client.EtnaClient$3.call:205
05-31 18:43:01.704 W/ContextImpl( 1421): Calling a method in the system process without a qualified user: android.app.ContextImpl.startService:1899 android.content.ContextWrapper.startService:825 com.dangbei.etna.setting.core.SettingHelper.startRocky:267 com.dangbei.etna.setting.core.SettingHelper.sendCycleCheckBootGuideStatusMessage:214 com.dangbei.etna.setting.core.SettingHelper.startLoop:203
05-31 18:43:01.707 I/ActivityManager( 719): com.dangbei.lerad.rocky is exempt from freezer
05-31 18:43:01.707 D/CompatibilityChangeReporter( 719): Compat change id reported: 135634846; UID 1000; state: DISABLED
05-31 18:43:01.711 W/ContextImpl( 1421): Calling a method in the system process without a qualified user: android.app.ContextImpl.sendBroadcast:1220 android.content.ContextWrapper.sendBroadcast:504 com.dangbei.etna.setting.core.SettingHelper.sendCycleToProjector:257 com.dangbei.etna.setting.core.SettingHelper.sendCycleCheckBroadcast:226 com.dangbei.etna.setting.core.SettingHelper.sendCycleCheckBootGuideStatusMessage:215
05-31 18:43:01.714 W/ContextImpl( 1421): Calling a method in the system process without a qualified user: android.app.ContextImpl.sendBroadcast:1220 android.content.ContextWrapper.sendBroadcast:504 com.dangbei.etna.setting.core.SettingHelper.sendCycleToVoice:242 com.dangbei.etna.setting.core.SettingHelper.sendCycleCheckBroadcast:227 com.dangbei.etna.setting.core.SettingHelper.sendCycleCheckBootGuideStatusMessage:215
05-31 18:43:01.747 W/ContextImpl( 1421): Calling a method in the system process without a qualified user: android.app.ContextImpl.startService:1899 android.content.ContextWrapper.startService:825 com.dangbei.etna.setting.core.SettingHelper.startRocky:267 com.dangbei.etna.setting.core.SettingHelper.sendCycleCheckBootGuideStatusMessage:214 com.dangbei.etna.setting.core.SettingHelper.startLoop:203
05-31 18:43:01.761 W/ActivityManager( 719): Slow operation: 53ms so far, now at startProcess: returned from zygote!
05-31 18:43:01.761 W/ActivityManager( 719): Slow operation: 54ms so far, now at startProcess: done updating battery stats
05-31 18:43:01.761 W/ActivityManager( 719): Slow operation: 54ms so far, now at startProcess: building log message
05-31 18:43:01.761 I/ActivityManager( 719): Start proc 1726:com.dangbei.lerad.rocky/1000 for service {com.dangbei.lerad.rocky/com.dangbei.rocky.RockyService}
05-31 18:43:01.761 W/ActivityManager( 719): Slow operation: 54ms so far, now at startProcess: starting to update pids map
05-31 18:43:01.761 W/ActivityManager( 719): Slow operation: 54ms so far, now at startProcess: done updating pids map
05-31 18:43:01.763 W/ContextImpl( 1421): Calling a method in the system process without a qualified user: android.app.ContextImpl.sendBroadcast:1220 android.content.ContextWrapper.sendBroadcast:504 com.dangbei.etna.setting.core.SettingHelper.sendCycleToProjector:257 com.dangbei.etna.setting.core.SettingHelper.sendCycleCheckBroadcast:226 com.dangbei.etna.setting.core.SettingHelper.sendCycleCheckBootGuideStatusMessage:215
05-31 18:43:01.769 W/ContextImpl( 1421): Calling a method in the system process without a qualified user: android.app.ContextImpl.sendBroadcast:1220 android.content.ContextWrapper.sendBroadcast:504 com.dangbei.etna.setting.core.SettingHelper.sendCycleToVoice:242 com.dangbei.etna.setting.core.SettingHelper.sendCycleCheckBroadcast:227 com.dangbei.etna.setting.core.SettingHelper.sendCycleCheckBootGuideStatusMessage:215
05-31 18:43:01.799 D/CompatibilityChangeReporter( 719): Compat change id reported: 168419799; UID 1000; state: DISABLED
05-31 18:43:01.799 D/CompatibilityChangeReporter( 719): Compat change id reported: 273564678; UID 1000; state: DISABLED
05-31 18:43:01.809 I/ActivityManager( 719): com.android.managedprovisioning is exempt from freezer
05-31 18:43:01.809 D/CompatibilityChangeReporter( 719): Compat change id reported: 135634846; UID 10022; state: DISABLED
05-31 18:43:01.809 D/CompatibilityChangeReporter( 719): Compat change id reported: 177438394; UID 10022; state: DISABLED
05-31 18:43:01.809 D/CompatibilityChangeReporter( 719): Compat change id reported: 135772972; UID 10022; state: DISABLED
05-31 18:43:01.810 D/CompatibilityChangeReporter( 719): Compat change id reported: 135754954; UID 10022; state: ENABLED
05-31 18:43:01.810 D/CompatibilityChangeReporter( 719): Compat change id reported: 143937733; UID 10022; state: ENABLED
05-31 18:43:01.824 I/ActivityManager( 719): com.android.dynsystem is exempt from freezer
05-31 18:43:01.825 D/CompatibilityChangeReporter( 719): Compat change id reported: 135634846; UID 1000; state: DISABLED
05-31 18:43:01.829 I/ActivityManager( 719): Start proc 1745:com.android.managedprovisioning/u0a22 for broadcast {com.android.managedprovisioning/com.android.managedprovisioning.BootReminder}
05-31 18:43:01.850 I/ActivityManager( 719): Start proc 1751:com.android.dynsystem:dynsystem/1000 for service {com.android.dynsystem/com.android.dynsystem.DynamicSystemInstallationService}
05-31 18:43:01.864 D/CompatibilityChangeReporter( 719): Compat change id reported: 168419799; UID 10022; state: DISABLED
05-31 18:43:01.864 D/CompatibilityChangeReporter( 719): Compat change id reported: 273564678; UID 10022; state: DISABLED
05-31 18:43:01.868 D/CompatibilityChangeReporter( 719): Compat change id reported: 265195908; UID 10022; state: ENABLED
05-31 18:43:01.900 D/CompatibilityChangeReporter( 719): Compat change id reported: 170503758; UID 10022; state: ENABLED
05-31 18:43:01.926 D/PackageManager( 719): Instant App installer not found with android.intent.action.INSTALL_INSTANT_APP_PACKAGE
05-31 18:43:01.930 D/PackageManager( 719): Clear ephemeral installer activity
05-31 18:43:01.987 I/DynamicSystemService( 719): isInstalled(): false
05-31 18:43:01.988 D/CompatibilityChangeReporter( 719): Compat change id reported: 271850009; UID 10069; state: ENABLED
05-31 18:43:01.988 D/CompatibilityChangeReporter( 719): Compat change id reported: 253665015; UID 10069; state: ENABLED
05-31 18:43:01.989 D/CompatibilityChangeReporter( 719): Compat change id reported: 194532703; UID 10069; state: ENABLED
05-31 18:43:02.007 I/vold ( 247): fuse-bpf is enabled because /sys/fs/fuse/features/fuse_bpf reads 'supported'
05-31 18:43:02.007 I/vold ( 247): Setting ro.fuse.bpf.is_running to true
05-31 18:43:02.011 I/ActivityManager( 719): com.android.packageinstaller is exempt from freezer
05-31 18:43:02.011 D/CompatibilityChangeReporter( 719): Compat change id reported: 135634846; UID 10025; state: DISABLED
05-31 18:43:02.012 D/CompatibilityChangeReporter( 719): Compat change id reported: 177438394; UID 10025; state: DISABLED
05-31 18:43:02.012 D/CompatibilityChangeReporter( 719): Compat change id reported: 135772972; UID 10025; state: DISABLED
05-31 18:43:02.012 D/CompatibilityChangeReporter( 719): Compat change id reported: 135754954; UID 10025; state: ENABLED
05-31 18:43:02.013 D/CompatibilityChangeReporter( 719): Compat change id reported: 143937733; UID 10025; state: ENABLED
05-31 18:43:02.013 I/vold ( 247): Configuring read_ahead of /mnt/user/0/emulated fuse filesystem to 256kb
05-31 18:43:02.013 I/vold ( 247): Writing 256 to /sys/class/bdi/0:60/read_ahead_kb
05-31 18:43:02.013 I/vold ( 247): Configuring max_ratio of /mnt/user/0/emulated fuse filesystem to 40
05-31 18:43:02.013 I/vold ( 247): Writing 40 to /sys/class/bdi/0:60/max_ratio
05-31 18:43:02.014 I/StorageManagerService( 719): Mounted volume VolumeInfo{emulated;0}:
05-31 18:43:02.014 I/StorageManagerService( 719): type=EMULATED diskId=null partGuid= mountFlags=PRIMARY|VISIBLE_FOR_WRITE
05-31 18:43:02.014 I/StorageManagerService( 719): mountUserId=0 state=MOUNTED
05-31 18:43:02.014 I/StorageManagerService( 719): fsType=null fsUuid=null fsLabel=null
05-31 18:43:02.014 I/StorageManagerService( 719): path=/storage/emulated internalPath=/data/media
05-31 18:43:02.018 I/StorageSessionController( 719): Notifying volume state changed for session with id: emulated;0
05-31 18:43:02.032 I/StorageSessionController( 719): Notifying volume state changed for session with id: emulated;0
05-31 18:43:02.041 I/StorageSessionController( 719): Notifying volume state changed for session with id: emulated;0
05-31 18:43:02.042 I/ActivityManager( 719): Start proc 1793:com.android.packageinstaller/u0a25 for broadcast {com.android.packageinstaller/com.android.packageinstaller.TemporaryFileManager}
05-31 18:43:02.086 D/CompatibilityChangeReporter( 719): Compat change id reported: 168419799; UID 10025; state: DISABLED
05-31 18:43:02.086 D/CompatibilityChangeReporter( 719): Compat change id reported: 273564678; UID 10025; state: DISABLED
05-31 18:43:02.088 D/CompatibilityChangeReporter( 719): Compat change id reported: 265195908; UID 10025; state: ENABLED
05-31 18:43:02.111 W/BroadcastLoopers( 719): Found previously unknown looper Thread[StorageManagerService,5,main]
05-31 18:43:02.112 D/StorageManagerService( 719): Volume emulated;0 broadcasting checking to UserHandle{0}
05-31 18:43:02.119 D/StorageManagerService( 719): Volume emulated;0 broadcasting mounted to UserHandle{0}
05-31 18:43:02.124 D/CompatibilityChangeReporter( 719): Compat change id reported: 170503758; UID 10025; state: ENABLED
05-31 18:43:02.195 W/ContextImpl( 1726): Calling a method in the system process without a qualified user: android.app.ContextImpl.startService:1899 android.content.ContextWrapper.startService:825 com.cvte.tv.api.TvApiSDKManager.:177 com.cvte.tv.api.TvApiSDKManager.init:217 com.dangbei.rocky.component.system.SystemControlUtils.initSystemAidl:82
05-31 18:43:02.198 W/ActivityManager( 719): Unable to start service Intent { act=com.cvte.tv.api.TV_API_SERVICE pkg=com.cvte.tv.api.impl } U=0: not found
05-31 18:43:02.205 D/CompatibilityChangeReporter( 719): Compat change id reported: 182734110; UID 10062; state: ENABLED
05-31 18:43:02.206 W/ContextImpl( 1726): Calling a method in the system process without a qualified user: android.app.ContextImpl.bindService:1988 android.content.ContextWrapper.bindService:861 com.cvte.tv.api.TvApiSDKManager.:178 com.cvte.tv.api.TvApiSDKManager.init:217 com.dangbei.rocky.component.system.SystemControlUtils.initSystemAidl:82
05-31 18:43:02.208 W/ActivityManager( 719): Unable to start service Intent { act=com.cvte.tv.api.TV_API_SERVICE pkg=com.cvte.tv.api.impl } U=0: not found
05-31 18:43:02.210 D/CompatibilityChangeReporter( 719): Compat change id reported: 135634846; UID 10059; state: DISABLED
05-31 18:43:02.210 D/CompatibilityChangeReporter( 719): Compat change id reported: 177438394; UID 10059; state: DISABLED
05-31 18:43:02.211 D/CompatibilityChangeReporter( 719): Compat change id reported: 135772972; UID 10059; state: DISABLED
05-31 18:43:02.211 D/CompatibilityChangeReporter( 719): Compat change id reported: 135754954; UID 10059; state: ENABLED
05-31 18:43:02.212 D/CompatibilityChangeReporter( 719): Compat change id reported: 143937733; UID 10059; state: ENABLED
05-31 18:43:02.225 W/WindowManager( 719): Failed looking up window session=Session{2eb0254 1467:1000} callers=com.android.server.wm.WindowManagerService.windowForClientLocked:6075 com.android.server.wm.Session.updateRequestedVisibleTypes:695 android.view.IWindowSession$Stub.onTransact:1034
05-31 18:43:02.226 W/WindowManager( 719): [addWindow] title:com.dangbei.leard.leradlauncher/com.dangbei.launcher.home.LauncherActivity
05-31 18:43:02.229 W/ContextImpl( 1726): Calling a method in the system process without a qualified user: android.app.ContextImpl.startService:1899 android.content.ContextWrapper.startService:825 com.cvte.tv.api.TvApiSDKManager.getTvApi:361 com.dangbei.rocky.component.system.SystemControlUtils.initSystemAidl:83 com.dangbei.rocky.component.system.SystemComponent.onAttached:38
05-31 18:43:02.229 W/ActivityManager( 719): Unable to start service Intent { act=com.cvte.tv.api.TV_API_SERVICE pkg=com.cvte.tv.api.impl } U=0: not found
05-31 18:43:02.231 I/ActivityManager( 719): Start proc 1826:com.android.permissioncontroller/u0a59 for broadcast {com.android.permissioncontroller/com.android.permissioncontroller.permission.service.LocationAccessCheck$SetupPeriodicBackgroundLocationAccessCheck}
05-31 18:43:02.237 W/ContextImpl( 1726): Calling a method in the system process without a qualified user: android.app.ContextImpl.bindService:1988 android.content.ContextWrapper.bindService:861 com.cvte.tv.api.TvApiSDKManager.getTvApi:362 com.dangbei.rocky.component.system.SystemControlUtils.initSystemAidl:83 com.dangbei.rocky.component.system.SystemComponent.onAttached:38
05-31 18:43:02.238 W/ActivityManager( 719): Unable to start service Intent { act=com.cvte.tv.api.TV_API_SERVICE pkg=com.cvte.tv.api.impl } U=0: not found
05-31 18:43:02.247 E/UsbDeviceManager( 719): Usb setCurrentUsbFunctionsCb failed ,functions:1 ,status:1 ,transactionId:6
05-31 18:43:02.247 I/UsbDeviceManager( 719): notifyCurrentFunction request:1 status:1
05-31 18:43:02.267 W/ContextImpl( 1726): Calling a method in the system process without a qualified user: android.app.ContextImpl.startService:1899 android.content.ContextWrapper.startService:825 com.dangbei.phrike.core.DownloadManager.register:294 com.dangbei.component_appcontrol.phrike.XPhrikeAppCreator.register:47 com.dangbei.component_appcontrol.AppControlComponent.onAttached:65
05-31 18:43:02.280 D/CompatibilityChangeReporter( 719): Compat change id reported: 168419799; UID 10059; state: DISABLED
05-31 18:43:02.280 D/CompatibilityChangeReporter( 719): Compat change id reported: 273564678; UID 10059; state: DISABLED
05-31 18:43:02.284 D/CompatibilityChangeReporter( 719): Compat change id reported: 265195908; UID 10059; state: ENABLED
05-31 18:43:02.285 D/CoreBackPreview( 719): Window{beec8f0 u0 com.dangbei.leard.leradlauncher/com.dangbei.launcher.home.LauncherActivity}: Setting back callback OnBackInvokedCallbackInfo{mCallback=android.window.IOnBackInvokedCallback$Stub$Proxy@bac1fc6, mPriority=0, mIsAnimationCallback=false}
05-31 18:43:02.316 D/CompatibilityChangeReporter( 719): Compat change id reported: 170503758; UID 10059; state: ENABLED
01-01 08:00:25.588 I/[2 T232 ..] servicemanager( 0): Found android.hardware.graphics.allocator.IAllocator/default in device VINTF manifest.
01-01 08:00:25.590 W/ ( 0): [2 T1062 ..] >>> aml_rx_scanu_start_cfm()
01-01 08:00:25.590 I/[3 T232 ..] servicemanager( 0): Found android.hardware.graphics.allocator.IAllocator/default in device VINTF manifest.
05-31 18:43:02.394 W/ContextImpl( 719): Calling a method in the system process without a qualified user: android.app.ContextImpl.startService:1899 com.android.server.wm.DisplayPolicy.lambda$focusChangedLw$5:2126 com.android.server.wm.DisplayPolicy.$r8$lambda$Znxk63oh-WzVnzo_WQefN7uxV48:0 com.android.server.wm.DisplayPolicy$$ExternalSyntheticLambda13.run:0 android.os.Handler.handleCallback:958
05-31 18:43:02.487 V/WindowManagerShell( 926): onTransitionReady android.os.BinderProxy@f2ef1e8: {id=1 t=CLOSE f=0x0 trk=0 r=[0@Point(0, 0)] c=[{WCT{android.window.IWindowContainerToken$Stub$Proxy@e5483} m=OPEN f=MOVE_TO_TOP leash=Surface(name=Task=33)/@0xdf54494 sb=Rect(0, 0 - 1920, 1080) eb=Rect(0, 0 - 1920, 1080) d=0},{WCT{android.window.IWindowContainerToken$Stub$Proxy@42c1600} m=CLOSE f=SHOW_WALLPAPER leash=Surface(name=Task=3)/@0xacb7b3d sb=Rect(0, 0 - 1920, 1080) eb=Rect(0, 0 - 1920, 1080) d=0}]}
05-31 18:43:02.488 V/WindowManagerShell( 926): Playing animation for (#1)android.os.BinderProxy@f2ef1e8@0
05-31 18:43:02.488 V/WindowManagerShell( 926): try handler com.android.wm.shell.keyguard.KeyguardTransitionHandler@9798e39
05-31 18:43:02.488 V/WindowManagerShell( 926): try handler com.android.wm.shell.pip.tv.TvPipTransition@b2d1c7e
05-31 18:43:02.488 V/WindowManagerShell( 926): try handler com.android.wm.shell.activityembedding.ActivityEmbeddingController@857b5df
05-31 18:43:02.488 V/WindowManagerShell( 926): try handler com.android.wm.shell.transition.RemoteTransitionHandler@3c922c
05-31 18:43:02.488 V/WindowManagerShell( 926): Transition doesn't have explicit remote, search filters for match for {id=1 t=CLOSE f=0x0 trk=0 r=[0@Point(0, 0)] c=[{WCT{android.window.IWindowContainerToken$Stub$Proxy@e5483} m=OPEN f=MOVE_TO_TOP leash=Surface(name=Task=33)/@0xdf54494 sb=Rect(0, 0 - 1920, 1080) eb=Rect(0, 0 - 1920, 1080) d=0},{WCT{android.window.IWindowContainerToken$Stub$Proxy@42c1600} m=CLOSE f=SHOW_WALLPAPER leash=Surface(name=Task=3)/@0xacb7b3d sb=Rect(0, 0 - 1920, 1080) eb=Rect(0, 0 - 1920, 1080) d=0}]}
05-31 18:43:02.489 V/WindowManagerShell( 926): Delegate animation for #1 to null
05-31 18:43:02.489 V/WindowManagerShell( 926): try handler com.android.wm.shell.transition.DefaultTransitionHandler@85bd4f5
05-31 18:43:02.489 V/WindowManagerShell( 926): start default transition animation, info = {id=1 t=CLOSE f=0x0 trk=0 r=[0@Point(0, 0)] c=[{WCT{android.window.IWindowContainerToken$Stub$Proxy@e5483} m=OPEN f=MOVE_TO_TOP leash=Surface(name=Task=33)/@0xdf54494 sb=Rect(0, 0 - 1920, 1080) eb=Rect(0, 0 - 1920, 1080) d=0},{WCT{android.window.IWindowContainerToken$Stub$Proxy@42c1600} m=CLOSE f=SHOW_WALLPAPER leash=Surface(name=Task=3)/@0xacb7b3d sb=Rect(0, 0 - 1920, 1080) eb=Rect(0, 0 - 1920, 1080) d=0}]}
05-31 18:43:02.491 V/WindowManagerShell( 926): loadAnimation: anim=android.view.animation.AlphaAnimation@6e1cb71 animAttr=0x13 type=CLOSE isEntrance=false
05-31 18:43:02.492 V/WindowManagerShell( 926): loadAnimation: anim=android.view.animation.AlphaAnimation@a5c81d7 animAttr=0x12 type=CLOSE isEntrance=true
05-31 18:43:02.493 W/wificond( 628): Scan is not started. Ignore abort request
05-31 18:43:02.493 V/WindowManagerShell( 926): animated by com.android.wm.shell.transition.DefaultTransitionHandler@85bd4f5
05-31 18:43:02.494 W/Looper ( 926): Slow delivery took 33ms wmshell.main h=android.os.Handler c=com.android.wm.shell.transition.Transitions$TransitionPlayerImpl$$ExternalSyntheticLambda0@1f6adad m=0
05-31 18:43:02.504 V/WindowManager( 719): Sent Transition #1 createdAt=05-31 18:43:00.219 via request=TransitionRequestInfo { type = 2, triggerTask = TaskInfo{userId=0 taskId=3 displayId=0 isRunning=false baseIntent=Intent { act=android.intent.action.MAIN cat=[android.intent.category.HOME] flg=0x10800100 cmp=com.android.tv.settings/.system.FallbackHome } baseActivity=null topActivity=null origActivity=null realActivity=ComponentInfo{com.android.tv.settings/com.android.tv.settings.system.FallbackHome} numActivities=0 lastActiveTime=22563 supportsMultiWindow=true resizeMode=0 isResizeable=false minWidth=-1 minHeight=-1 defaultMinSize=220 token=WCT{RemoteToken{668215a Task{96017d8 #3 type=home A=1000:com.android.tv.settings}}} topActivityType=2 pictureInPictureParams=null shouldDockBigOverlays=false launchIntoPipHostTaskId=-1 lastParentTaskIdBeforePip=-1 displayCutoutSafeInsets=null topActivityInfo=null launchCookies=[] positionInParent=Point(0, 0) parentTaskId=-1 isFocused=true isVisible=true isVisibleRequested=true isSleeping=false topActivityInSizeCompat=false topActivityEligibleForLetterboxEducation= false isLetterboxDoubleTapEnabled= false topActivityEligibleForUserAspectRatioButton= false topActivityBoundsLetterboxed= false isFromLetterboxDoubleTap= false topActivityLetterboxVerticalPosition= -1 topActivityLetterboxHorizontalPosition= -1 topActivityLetterboxWidth=-1 topActivityLetterboxHeight=-1 isUserFullscreenOverrideEnabled=false isTopActivityTransparent=false locusId=null displayAreaFeatureId=1 cameraCompatControlState=hidden}, remoteTransition = null, displayChange = null, flags = 0 }
05-31 18:43:02.504 V/WindowManager( 719): startWCT=WindowContainerTransaction { changes = {} hops = [] errorCallbackToken=null taskFragmentOrganizer=null }
05-31 18:43:02.505 V/WindowManager( 719): info={id=1 t=CLOSE f=0x0 trk=0 r=[0@Point(0, 0)] c=[{WCT{RemoteToken{a1bcf8b Task{f909b5e #33 type=home A=1000:com.dangbei.leard.leradlauncher}}} m=OPEN f=MOVE_TO_TOP leash=Surface(name=Task=33)/@0xe50e47f sb=Rect(0, 0 - 1920, 1080) eb=Rect(0, 0 - 1920, 1080) d=0},{WCT{RemoteToken{668215a Task{96017d8 #3 type=home A=1000:com.android.tv.settings}}} m=CLOSE f=SHOW_WALLPAPER leash=Surface(name=Task=3)/@0x5e9619e sb=Rect(0, 0 - 1920, 1080) eb=Rect(0, 0 - 1920, 1080) d=0}]}
05-31 18:43:02.526 D/CoreBackPreview( 719): Window{b84e69c u0 com.android.tv.settings/com.android.tv.settings.system.FallbackHome}: Setting back callback null
05-31 18:43:02.548 W/Looper ( 926): Drained
05-31 18:43:02.624 W/ContextImpl( 719): Calling a method in the system process without a qualified user: android.app.ContextImpl.sendStickyBroadcast:1626 com.android.server.wifi.ClientModeImpl.sendNetworkChangeBroadcast:3008 com.android.server.wifi.ClientModeImpl.lambda$sendNetworkChangeBroadcastWithCurrentState$14:2985 com.android.server.wifi.ClientModeImpl.$r8$lambda$q-j88Pjw4gROgoJFr8wBlBVbuJI:0 com.android.server.wifi.ClientModeImpl$$ExternalSyntheticLambda4.send:0
01-01 08:00:25.908 W/ ( 0): [2 T1140 ..] [aml_cfg80211_connect 2096] vif:0 privacy=1, key=0000000000000000, key_len=0, key_idx=0 auth_type:0 wpa_versions:2
05-31 18:43:02.640 D/CompatibilityChangeReporter( 719): Compat change id reported: 214016041; UID 1000; state: DISABLED
05-31 18:43:02.640 D/CompatibilityChangeReporter( 719): Compat change id reported: 214016041; UID 1000; state: ENABLED
01-01 08:00:25.909 W/ ( 0): [2 T1140 ..] set_scan_hang, flag:1, [aml_cfg80211_connect 2137]
01-01 08:00:25.910 W/ ( 0): [2 T1140 ..] >>> aml_send_sm_connect_req()
01-01 08:00:25.911 W/ ( 0): [2 T1140 ..] >>> aml_send_msg()
01-01 08:00:25.915 W/ ( 0): [2 T1062 ..] ipc_sdio_host_msgack_handler 0000000075cb9d47
01-01 08:00:25.915 W/ ( 0): [2 T1062 ..] [aml_msgackind 2038] msg ack hostid=0xffffff8019a65180
01-01 08:00:25.916 W/ ( 0): [2 T1062 ..] [cmd_mgr_llind 329] cmd tkn[22] flags:001a result: -4 cmd:6144-SM_CONNECT_REQ - reqcfm(6145-SM_CONNECT_CFM)
01-01 08:00:25.918 W/ ( 0): [2 T1062 ..] [cmd_mgr_msgind 409] cmd tkn[22] flags:0012 result: -4 cmd:6144-SM_CONNECT_REQ - reqcfm(6145-SM_CONNECT_CFM)
01-01 08:00:25.920 W/ ( 0): [2 T1062 ..] [cmd_complete 65] cmd tkn[22] flags:0002 result: -4 cmd:6144-SM_CONNECT_REQ - reqcfm(6145-SM_CONNECT_CFM)
01-01 08:00:25.922 W/ ( 0): [3 T1140 ..] [aml_cfg80211_connect 2152] ssid=DB-machines5G, center freq:5745
01-01 08:00:25.922 W/ ( 0): [3 T1140 ..] [recy_dbg][aml_recy_save_assoc_ 82] save assoc info
01-01 08:00:25.922 W/ ( 0): [3 T1140 ..] [recy_dbg][aml_recy_save_assoc_ 110] assoc info chan bw=1, center freq=5745
05-31 18:43:02.675 D/CompatibilityChangeReporter( 719): Compat change id reported: 261072174; UID 1000; state: DISABLED
01-01 08:00:25.924 W/ ( 0): [3 T1140 ..] [recy_dbg][aml_recy_flags_set 57] set flags(0x1), new flags(0x1)
01-01 08:00:26.007 W/ ( 0): [2 T1062 ..] fmac patch_rc_init: station_id=0 format_mod=5 pre_type=1 short_gi=1 max_bw=2
01-01 08:00:26.009 W/ ( 0): [2 T1062 ..] fmac patch_rc_init: nss_max=1 mcs_max=11 r_idx_min=4 r_idx_max=11 no_samples=10
05-31 18:43:02.792 D/CompatibilityChangeReporter( 719): Compat change id reported: 178209446; UID 1000; state: ENABLED
05-31 18:43:02.792 D/CompatibilityChangeReporter( 719): Compat change id reported: 178209446; UID 1000; state: DISABLED
01-01 08:00:26.195 W/[3 T602 ..] audit( 0): audit_lost=27 audit_rate_limit=5 audit_backlog_limit=64
01-01 08:00:26.195 E/[3 T602 ..] audit( 0): rate limit exceeded
05-31 18:43:02.836 D/CompatibilityChangeReporter( 719): Compat change id reported: 135634846; UID 10017; state: DISABLED
05-31 18:43:02.837 D/CompatibilityChangeReporter( 719): Compat change id reported: 177438394; UID 10017; state: DISABLED
05-31 18:43:02.837 D/CompatibilityChangeReporter( 719): Compat change id reported: 135772972; UID 10017; state: DISABLED
05-31 18:43:02.837 D/CompatibilityChangeReporter( 719): Compat change id reported: 135754954; UID 10017; state: ENABLED
05-31 18:43:02.838 D/CompatibilityChangeReporter( 719): Compat change id reported: 143937733; UID 10017; state: ENABLED
05-31 18:43:02.871 D/CompatibilityChangeReporter( 719): Compat change id reported: 253665015; UID 10059; state: ENABLED
05-31 18:43:02.871 D/CompatibilityChangeReporter( 719): Compat change id reported: 194532703; UID 10059; state: ENABLED
05-31 18:43:02.899 V/WindowManagerShell( 926): Transition animation finished (aborted=false), notifying core (#1)android.os.BinderProxy@f2ef1e8@0
05-31 18:43:02.902 V/WindowManager( 719): Finish Transition #1: created at
05-31 18:43:00.219 collect-started=0.12ms request-sent=0.696ms started=4.254ms ready=359.52ms sent=2199.402ms finished=2681.706ms
05-31 18:43:02.921 V/WindowManagerShell( 926): Track 0 became idle
05-31 18:43:02.921 V/WindowManagerShell( 926): All active transition animations finished
05-31 18:43:02.925 W/ActivityManager( 719): Slow operation: 89ms so far, now at startProcess: returned from zygote!
05-31 18:43:02.925 W/ActivityManager( 719): Slow operation: 89ms so far, now at startProcess: done updating battery stats
05-31 18:43:02.925 W/ActivityManager( 719): Slow operation: 89ms so far, now at startProcess: building log message
05-31 18:43:02.925 I/ActivityManager( 719): Start proc 1901:com.android.providers.calendar/u0a17 for broadcast {com.android.providers.calendar/com.android.providers.calendar.CalendarReceiver}
05-31 18:43:02.925 W/ActivityManager( 719): Slow operation: 89ms so far, now at startProcess: starting to update pids map
05-31 18:43:02.926 W/ActivityManager( 719): Slow operation: 90ms so far, now at startProcess: done updating pids map
05-31 18:43:02.967 D/CompatibilityChangeReporter( 719): Compat change id reported: 168419799; UID 10017; state: DISABLED
05-31 18:43:02.967 D/CompatibilityChangeReporter( 719): Compat change id reported: 273564678; UID 10017; state: DISABLED
