05-31 18:42:54.724 D/SystemServerTiming( 719): OnBootPhase_600_com.android.server.voiceinteraction.VoiceInteractionManagerService
05-31 18:42:54.724 V/WindowManagerShell( 926): Adding init callback for FullscreenTaskListener
05-31 18:42:54.725 V/SystemServerTiming( 719): OnBootPhase_600_com.android.server.voiceinteraction.VoiceInteractionManagerService took to complete: 2ms
05-31 18:42:54.725 D/SystemServerTiming( 719): OnBootPhase_600_com.android.server.GestureLauncherService
05-31 18:42:54.729 V/SystemServerTiming( 719): OnBootPhase_600_com.android.server.GestureLauncherService took to complete: 4ms
05-31 18:42:54.729 D/SystemServerTiming( 719): OnBootPhase_600_com.android.server.SensorNotificationService
05-31 18:42:54.730 V/SystemServerTiming( 719): OnBootPhase_600_com.android.server.SensorNotificationService took to complete: 0ms
05-31 18:42:54.730 D/SystemServerTiming( 719): OnBootPhase_600_com.android.server.emergency.EmergencyAffordanceService
05-31 18:42:54.730 V/SystemServerTiming( 719): OnBootPhase_600_com.android.server.emergency.EmergencyAffordanceService took to complete: 0ms
05-31 18:42:54.730 D/SystemServerTiming( 719): OnBootPhase_600_com.android.server.blob.BlobStoreManagerService
05-31 18:42:54.731 V/WindowManagerShell( 926): Adding init callback for ActivityEmbeddingController
05-31 18:42:54.733 V/SystemServerTiming( 719): OnBootPhase_600_com.android.server.blob.BlobStoreManagerService took to complete: 3ms
05-31 18:42:54.734 D/SystemServerTiming( 719): OnBootPhase_600_com.android.server.dreams.DreamManagerService
05-31 18:42:54.736 V/SystemServerTiming( 719): OnBootPhase_600_com.android.server.dreams.DreamManagerService took to complete: 3ms
05-31 18:42:54.736 D/SystemServerTiming( 719): OnBootPhase_600_com.android.server.security.AttestationVerificationManagerService
05-31 18:42:54.736 V/SystemServerTiming( 719): OnBootPhase_600_com.android.server.security.AttestationVerificationManagerService took to complete: 0ms
05-31 18:42:54.736 D/SystemServerTiming( 719): OnBootPhase_600_com.android.server.restrictions.RestrictionsManagerService
05-31 18:42:54.736 V/SystemServerTiming( 719): OnBootPhase_600_com.android.server.restrictions.RestrictionsManagerService took to complete: 0ms
05-31 18:42:54.737 D/SystemServerTiming( 719): OnBootPhase_600_com.android.server.media.MediaSessionService
05-31 18:42:54.737 V/SystemServerTiming( 719): OnBootPhase_600_com.android.server.media.MediaSessionService took to complete: 1ms
05-31 18:42:54.737 D/SystemServerTiming( 719): OnBootPhase_600_com.android.server.hdmi.HdmiControlService
05-31 18:42:54.737 V/SystemServerTiming( 719): OnBootPhase_600_com.android.server.hdmi.HdmiControlService took to complete: 0ms
05-31 18:42:54.737 D/SystemServerTiming( 719): OnBootPhase_600_com.android.server.tv.interactive.TvInteractiveAppManagerService
05-31 18:42:54.740 V/SystemServerTiming( 719): OnBootPhase_600_com.android.server.tv.interactive.TvInteractiveAppManagerService took to complete: 3ms
05-31 18:42:54.740 D/SystemServerTiming( 719): OnBootPhase_600_com.android.server.tv.TvInputManagerService
05-31 18:42:54.741 V/SystemServerTiming( 719): OnBootPhase_600_com.android.server.tv.TvInputManagerService took to complete: 1ms
05-31 18:42:54.741 D/SystemServerTiming( 719): OnBootPhase_600_com.android.server.media.MediaResourceMonitorService
05-31 18:42:54.741 V/SystemServerTiming( 719): OnBootPhase_600_com.android.server.media.MediaResourceMonitorService took to complete: 0ms
05-31 18:42:54.741 D/SystemServerTiming( 719): OnBootPhase_600_com.android.server.tv.TvRemoteService
05-31 18:42:54.742 V/SystemServerTiming( 719): OnBootPhase_600_com.android.server.tv.TvRemoteService took to complete: 1ms
05-31 18:42:54.742 D/SystemServerTiming( 719): OnBootPhase_600_com.android.server.biometrics.BiometricService
05-31 18:42:54.742 V/SystemServerTiming( 719): OnBootPhase_600_com.android.server.biometrics.BiometricService took to complete: 0ms
05-31 18:42:54.742 D/SystemServerTiming( 719): OnBootPhase_600_com.android.server.biometrics.AuthService
05-31 18:42:54.743 V/SystemServerTiming( 719): OnBootPhase_600_com.android.server.biometrics.AuthService took to complete: 0ms
05-31 18:42:54.743 D/SystemServerTiming( 719): OnBootPhase_600_com.android.server.pm.ShortcutService$Lifecycle
05-31 18:42:54.743 V/SystemServerTiming( 719): OnBootPhase_600_com.android.server.pm.ShortcutService$Lifecycle took to complete: 1ms
05-31 18:42:54.743 D/SystemServerTiming( 719): OnBootPhase_600_com.android.server.pm.LauncherAppsService
05-31 18:42:54.743 V/SystemServerTiming( 719): OnBootPhase_600_com.android.server.pm.LauncherAppsService took to complete: 0ms
05-31 18:42:54.743 D/SystemServerTiming( 719): OnBootPhase_600_com.android.server.pm.CrossProfileAppsService
05-31 18:42:54.743 V/SystemServerTiming( 719): OnBootPhase_600_com.android.server.pm.CrossProfileAppsService took to complete: 0ms
05-31 18:42:54.743 D/SystemServerTiming( 719): OnBootPhase_600_com.android.server.people.PeopleService
05-31 18:42:54.743 V/SystemServerTiming( 719): OnBootPhase_600_com.android.server.people.PeopleService took to complete: 0ms
05-31 18:42:54.743 D/SystemServerTiming( 719): OnBootPhase_600_com.android.server.media.metrics.MediaMetricsManagerService
05-31 18:42:54.743 V/SystemServerTiming( 719): OnBootPhase_600_com.android.server.media.metrics.MediaMetricsManagerService took to complete: 0ms
05-31 18:42:54.743 D/SystemServerTiming( 719): OnBootPhase_600_com.android.server.pm.BackgroundInstallControlService
05-31 18:42:54.743 V/SystemServerTiming( 719): OnBootPhase_600_com.android.server.pm.BackgroundInstallControlService took to complete: 0ms
05-31 18:42:54.743 D/SystemServerTiming( 719): OnBootPhase_600_com.android.server.media.projection.MediaProjectionManagerService
05-31 18:42:54.743 V/SystemServerTiming( 719): OnBootPhase_600_com.android.server.media.projection.MediaProjectionManagerService took to complete: 0ms
05-31 18:42:54.743 D/SystemServerTiming( 719): OnBootPhase_600_com.android.server.slice.SliceManagerService$Lifecycle
05-31 18:42:54.743 V/SystemServerTiming( 719): OnBootPhase_600_com.android.server.slice.SliceManagerService$Lifecycle took to complete: 0ms
05-31 18:42:54.743 D/SystemServerTiming( 719): OnBootPhase_600_com.android.server.stats.StatsCompanion$Lifecycle
05-31 18:42:54.746 D/CompatibilityChangeReporter( 719): Compat change id reported: 161145287; UID 10052; state: ENABLED
05-31 18:42:54.747 V/WindowManagerShell( 926): Adding init callback for StartingWindowController
05-31 18:42:54.747 V/WindowManagerShell( 926): Adding init callback for ProtoLogController
05-31 18:42:54.751 V/WindowManagerShell( 926): Adding init callback for TvPipTransition
01-01 08:00:17.928 W/ ( 0): [2 T532 ..] [aml_apply_regdom 143] apply regdom alpha=00
01-01 08:00:17.996 E/ ( 0): [3 T579 ..] meson8b-dwmac fe368000.ethernet: Failed to reset the dma
01-01 08:00:17.998 E/ ( 0): [3 T579 ..] meson8b-dwmac fe368000.ethernet eth0: stmmac_hw_setup: DMA engine initialization failed
01-01 08:00:17.999 E/ ( 0): [3 T579 ..] meson8b-dwmac fe368000.ethernet eth0: stmmac_open: Hw setup failed
05-31 18:42:54.759 V/SystemServerTiming( 719): OnBootPhase_600_com.android.server.stats.StatsCompanion$Lifecycle took to complete: 16ms
05-31 18:42:54.759 D/SystemServerTiming( 719): OnBootPhase_600_com.android.server.scheduling.RebootReadinessManagerService$Lifecycle
05-31 18:42:54.759 V/SystemServerTiming( 719): OnBootPhase_600_com.android.server.scheduling.RebootReadinessManagerService$Lifecycle took to complete: 0ms
05-31 18:42:54.759 D/SystemServerTiming( 719): OnBootPhase_600_com.android.server.stats.pull.StatsPullAtomService
05-31 18:42:54.759 V/SystemServerTiming( 719): OnBootPhase_600_com.android.server.stats.pull.StatsPullAtomService took to complete: 0ms
05-31 18:42:54.760 D/SystemServerTiming( 719): OnBootPhase_600_com.android.server.stats.bootstrap.StatsBootstrapAtomService$Lifecycle
05-31 18:42:54.760 V/SystemServerTiming( 719): OnBootPhase_600_com.android.server.stats.bootstrap.StatsBootstrapAtomService$Lifecycle took to complete: 0ms
05-31 18:42:54.760 D/SystemServerTiming( 719): OnBootPhase_600_com.android.server.incident.IncidentCompanionService
05-31 18:42:54.760 V/SystemServerTiming( 719): OnBootPhase_600_com.android.server.incident.IncidentCompanionService took to complete: 0ms
05-31 18:42:54.760 D/SystemServerTiming( 719): OnBootPhase_600_com.android.server.sdksandbox.SdkSandboxManagerService$Lifecycle
05-31 18:42:54.760 V/SystemServerTiming( 719): OnBootPhase_600_com.android.server.sdksandbox.SdkSandboxManagerService$Lifecycle took to complete: 0ms
05-31 18:42:54.760 D/SystemServerTiming( 719): OnBootPhase_600_com.android.server.adservices.AdServicesManagerService$Lifecycle
05-31 18:42:54.760 V/SystemServerTiming( 719): OnBootPhase_600_com.android.server.adservices.AdServicesManagerService$Lifecycle took to complete: 0ms
05-31 18:42:54.760 D/SystemServerTiming( 719): OnBootPhase_600_com.android.server.ondevicepersonalization.OnDevicePersonalizationSystemService$Lifecycle
05-31 18:42:54.760 V/SystemServerTiming( 719): OnBootPhase_600_com.android.server.ondevicepersonalization.OnDevicePersonalizationSystemService$Lifecycle took to complete: 0ms
05-31 18:42:54.760 D/SystemServerTiming( 719): OnBootPhase_600_com.android.server.autofill.AutofillManagerService
05-31 18:42:54.761 D/StatsPullAtomService( 719): Registering NetworkStats pullers with statsd
05-31 18:42:54.763 V/SystemServerTiming( 719): OnBootPhase_600_com.android.server.autofill.AutofillManagerService took to complete: 3ms
05-31 18:42:54.763 D/SystemServerTiming( 719): OnBootPhase_600_com.android.server.clipboard.ClipboardService
05-31 18:42:54.763 V/SystemServerTiming( 719): OnBootPhase_600_com.android.server.clipboard.ClipboardService took to complete: 0ms
05-31 18:42:54.763 D/SystemServerTiming( 719): OnBootPhase_600_com.android.server.appbinding.AppBindingService$Lifecycle
05-31 18:42:54.764 V/SystemServerTiming( 719): OnBootPhase_600_com.android.server.appbinding.AppBindingService$Lifecycle took to complete: 1ms
05-31 18:42:54.764 D/SystemServerTiming( 719): OnBootPhase_600_com.android.server.tracing.TracingServiceProxy
05-31 18:42:54.764 V/SystemServerTiming( 719): OnBootPhase_600_com.android.server.tracing.TracingServiceProxy took to complete: 0ms
05-31 18:42:54.764 D/SystemServerTiming( 719): OnBootPhase_600_com.android.server.policy.PermissionPolicyService
05-31 18:42:54.764 V/SystemServerTiming( 719): OnBootPhase_600_com.android.server.policy.PermissionPolicyService took to complete: 0ms
05-31 18:42:54.764 D/SystemServerTiming( 719): OnBootPhase_600_com.android.server.pm.StagingManager$Lifecycle
05-31 18:42:54.764 V/SystemServerTiming( 719): OnBootPhase_600_com.android.server.pm.StagingManager$Lifecycle took to complete: 0ms
05-31 18:42:54.766 D/SystemServerTiming( 719): OnBootPhase_600_com.android.server.app.GameManagerService$Lifecycle
05-31 18:42:54.766 V/SystemServerTiming( 719): OnBootPhase_600_com.android.server.app.GameManagerService$Lifecycle took to complete: 0ms
05-31 18:42:54.766 D/SystemServerTiming( 719): OnBootPhase_600_com.android.safetycenter.SafetyCenterService
05-31 18:42:54.766 V/SystemServerTiming( 719): OnBootPhase_600_com.android.safetycenter.SafetyCenterService took to complete: 0ms
05-31 18:42:54.766 D/SystemServerTiming( 719): OnBootPhase_600_com.android.server.appsearch.AppSearchModule$Lifecycle
05-31 18:42:54.766 V/SystemServerTiming( 719): OnBootPhase_600_com.android.server.appsearch.AppSearchModule$Lifecycle took to complete: 0ms
05-31 18:42:54.766 D/SystemServerTiming( 719): OnBootPhase_600_com.android.server.media.MediaCommunicationService
05-31 18:42:54.766 V/SystemServerTiming( 719): OnBootPhase_600_com.android.server.media.MediaCommunicationService took to complete: 0ms
05-31 18:42:54.766 D/SystemServerTiming( 719): OnBootPhase_600_com.android.server.compat.overrides.AppCompatOverridesService$Lifecycle
05-31 18:42:54.766 V/SystemServerTiming( 719): OnBootPhase_600_com.android.server.compat.overrides.AppCompatOverridesService$Lifecycle took to complete: 0ms
05-31 18:42:54.766 D/SystemServerTiming( 719): OnBootPhase_600_com.android.server.healthconnect.HealthConnectManagerService
05-31 18:42:54.766 V/SystemServerTiming( 719): OnBootPhase_600_com.android.server.healthconnect.HealthConnectManagerService took to complete: 0ms
05-31 18:42:54.766 D/SystemServerTiming( 719): OnBootPhase_600_com.android.server.devicelock.DeviceLockService
05-31 18:42:54.766 D/DeviceLockService( 719): onBootPhase: 600
05-31 18:42:54.766 V/SystemServerTiming( 719): OnBootPhase_600_com.android.server.devicelock.DeviceLockService took to complete: 0ms
05-31 18:42:54.766 V/SystemServerTiming( 719): OnBootPhase_600 took to complete: 217ms
05-31 18:42:54.766 V/SystemServerTiming( 719): PhaseThirdPartyAppsCanStart took to complete: 218ms
05-31 18:42:54.766 D/SystemServerTiming( 719): StartNetworkStack
05-31 18:42:54.774 D/CompatibilityChangeReporter( 719): Compat change id reported: 135634846; UID 10051; state: DISABLED
05-31 18:42:54.775 D/CompatibilityChangeReporter( 719): Compat change id reported: 177438394; UID 10051; state: DISABLED
05-31 18:42:54.775 D/CompatibilityChangeReporter( 719): Compat change id reported: 135772972; UID 10051; state: DISABLED
05-31 18:42:54.775 D/CompatibilityChangeReporter( 719): Compat change id reported: 135754954; UID 10051; state: ENABLED
05-31 18:42:54.787 D/WindowManagerShell( 926): TvPipActionsProvider: onMediaActionsChanged()
05-31 18:42:54.788 D/WindowManagerShell( 926): TvPipActionsProvider: replaceCustomActions, count: 0
05-31 18:42:54.791 D/CompatibilityChangeReporter( 719): Compat change id reported: 135634846; UID 1073; state: DISABLED
05-31 18:42:54.792 V/SystemServerTiming( 719): StartNetworkStack took to complete: 26ms
05-31 18:42:54.792 D/SystemServerTiming( 719): StartTethering
05-31 18:42:54.793 D/WindowManagerShell( 926): TvPipMenuController: setDelegate(), delegate=com.android.wm.shell.pip.tv.TvPipController@4941f24
05-31 18:42:54.793 V/WindowManagerShell( 926): Adding init callback for TvPipController
05-31 18:42:54.794 V/WindowManagerShell( 926): Adding init callback for KeyguardTransitionHandler
05-31 18:42:54.797 V/SystemServerTiming( 719): StartTethering took to complete: 5ms
05-31 18:42:54.797 D/SystemServerTiming( 719): MakeCountryDetectionServiceReady
05-31 18:42:54.797 V/SystemServerTiming( 719): MakeCountryDetectionServiceReady took to complete: 0ms
05-31 18:42:54.798 D/SystemServerTiming( 719): MakeNetworkTimeUpdateReady
05-31 18:42:54.805 V/SystemServerTiming( 719): MakeNetworkTimeUpdateReady took to complete: 5ms
05-31 18:42:54.807 D/SystemServerTiming( 719): MakeInputManagerServiceReady
05-31 18:42:54.808 V/WindowManagerShell( 926): Adding init callback for BackAnimationController
05-31 18:42:54.810 V/WindowManagerShell( 926): Initializing Shell Components: 18
05-31 18:42:54.813 V/WindowManagerShell( 926): DisplayChangeController init took 2ms
05-31 18:42:54.818 V/WindowManagerShell( 926): DisplayController init took 5ms
05-31 18:42:54.820 V/WindowManagerShell( 926): DisplayInsetsController init took 2ms
05-31 18:42:54.822 V/WindowManagerShell( 926): DisplayImeController init took 0ms
05-31 18:42:54.822 V/WindowManagerShell( 926): Adding dump callback for ShellController
05-31 18:42:54.822 V/WindowManagerShell( 926): ShellController init took 0ms
05-31 18:42:54.822 V/WindowManagerShell( 926): Adding external interface from DragAndDropController with key extra_shell_drag_and_drop
05-31 18:42:54.822 V/WindowManagerShell( 926): Adding dump callback for DragAndDropController
05-31 18:42:54.822 V/WindowManagerShell( 926): DragAndDropController init took 0ms
05-31 18:42:54.822 V/WindowManagerShell( 926): Adding command class compatui for CompatUIShellCommandHandler
05-31 18:42:54.822 V/WindowManagerShell( 926): CompatUIController init took 0ms
05-31 18:42:54.822 V/WindowManagerShell( 926): Adding dump callback for ShellTaskOrganizer
05-31 18:42:54.826 V/WindowManagerShell( 926): ShellTaskOrganizer init took 4ms
01-01 08:00:18.082 W/ ( 0): [1 T532 ..] [aml_cfg80211_init 6535] set REGULATORY_COUNTRY_IE_IGNORE
05-31 18:42:54.842 W/ActivityManager( 719): Slow operation: 57ms so far, now at startProcess: returned from zygote!
01-01 08:00:18.082 W/[1 T532 ..] aml_cfg80211_init( 0): 6572
01-01 08:00:18.083 W/ ( 0): [1 T532 ..] aml_rxbuf_list_init host_buf:4ce00000
01-01 08:00:18.084 W/ ( 0): [2 T532 ..] aml_sdio_calibration right, use this config: i:0, j:0, k:0, l:0
01-01 08:00:18.086 W/ ( 0): [3 T532 ..] bbpll done !
01-01 08:00:18.086 W/ ( 0): [3 T532 ..] bbpll init ok!
01-01 08:00:18.087 W/[3 T532 ..] aml_platform_reset( 0): 900, offset 8010e0 regval 2
01-01 08:00:18.088 W/[0 T532 ..] aml_platform_reset( 0): 909 before regval_status:0
05-31 18:42:54.847 W/ActivityManager( 719): Slow operation: 62ms so far, now at startProcess: done updating battery stats
05-31 18:42:54.847 W/ActivityManager( 719): Slow operation: 62ms so far, now at startProcess: building log message
05-31 18:42:54.847 I/ActivityManager( 719): Start proc 997:com.android.networkstack.process/1073 for service {com.android.networkstack/com.android.server.NetworkStackService}
05-31 18:42:54.847 W/ActivityManager( 719): Slow operation: 62ms so far, now at startProcess: starting to update pids map
05-31 18:42:54.847 W/ActivityManager( 719): Slow operation: 62ms so far, now at startProcess: done updating pids map
05-31 18:42:54.856 V/WindowManagerShell( 926): DefaultTransitionHandler init took 30ms
01-01 08:00:18.099 W/[0 T532 ..] aml_platform_reset( 0): 919 regval_aml:2, regval_cpu:70004, regval_status:0
01-01 08:00:18.100 W/[3 T532 ..] aml_platform_reset( 0): 928
05-31 18:42:54.858 V/WindowManagerShell( 926): Adding external interface from Transitions with key extra_shell_shell_transitions
05-31 18:42:54.868 V/WindowManagerShell( 926): Adding command class transitions for Transitions
05-31 18:42:54.868 V/WindowManagerShell( 926): Transitions init took 12ms
05-31 18:42:54.869 V/WindowManagerShell( 926): FullscreenTaskListener init took 1ms
05-31 18:42:54.869 V/WindowManagerShell( 926): addHandler: ActivityEmbeddingController
05-31 18:42:54.869 V/WindowManagerShell( 926): ActivityEmbeddingController init took 0ms
05-31 18:42:54.869 V/WindowManagerShell( 926): Adding external interface from StartingWindowController with key extra_shell_starting_window
05-31 18:42:54.869 V/WindowManagerShell( 926): StartingWindowController init took 0ms
05-31 18:42:54.869 V/WindowManagerShell( 926): Adding command class protolog for ProtoLogController
05-31 18:42:54.869 V/WindowManagerShell( 926): ProtoLogController init took 0ms
05-31 18:42:54.869 V/WindowManagerShell( 926): addHandler: TvPipTransition
05-31 18:42:54.869 V/WindowManagerShell( 926): TvPipTransition init took 0ms
05-31 18:42:54.874 V/WindowManagerShell( 926): TvPipController init took 5ms
05-31 18:42:54.874 V/WindowManagerShell( 926): addHandler: KeyguardTransitionHandler
05-31 18:42:54.874 V/WindowManagerShell( 926): KeyguardTransitionHandler init took 0ms
05-31 18:42:54.878 V/SystemServerTiming( 719): MakeInputManagerServiceReady took to complete: 71ms
05-31 18:42:54.878 D/SystemServerTiming( 719): MakeTelephonyRegistryReady
05-31 18:42:54.879 V/SystemServerTiming( 719): MakeTelephonyRegistryReady took to complete: 1ms
05-31 18:42:54.879 D/SystemServerTiming( 719): MakeMediaRouterServiceReady
05-31 18:42:54.879 D/ShellBackPreview( 926): Back animation enabled=false
05-31 18:42:54.879 I/MR2ServiceImpl( 719): switchUser | user: 0
05-31 18:42:54.879 V/SystemServerTiming( 719): MakeMediaRouterServiceReady took to complete: 0ms
05-31 18:42:54.879 D/SystemServerTiming( 719): IncidentDaemonReady
05-31 18:42:54.879 V/WindowManagerShell( 926): Adding external interface from BackAnimationController with key extra_shell_back_animation
01-01 08:00:18.121 W/[0 T532 ..] aml_plat_stop_agcfsm( 0): 571, read 0xc0b390, 0x11003
01-01 08:00:18.121 W/[0 T532 ..] aml_plat_stop_agcfsm( 0): 578, read 0xc00874, 0x0
01-01 08:00:18.122 W/[0 T532 ..] aml_plat_agc_load( 0): 681, agc_addr c0b390, memclk 0, agc_ver 2, clkctrladdr c00874
01-01 08:00:18.123 W/[0 T532 ..] aml_plat_agc_download( 0): 206, src addr 0x60c0a000, size 2048
01-01 08:00:18.125 W/[2 T532 ..] aml_download_wifi_fw_img( 0): 1164
05-31 18:42:54.884 D/GameManagerService( 719): User ID '0' does not have a Game Mode selected for package: 'com.android.networkstack'
05-31 18:42:54.885 D/CompatibilityChangeReporter( 719): Compat change id reported: 168419799; UID 1073; state: DISABLED
05-31 18:42:54.885 D/CompatibilityChangeReporter( 719): Compat change id reported: 273564678; UID 1073; state: DISABLED
05-31 18:42:54.889 V/SystemServerTiming( 719): IncidentDaemonReady took to complete: 10ms
05-31 18:42:54.889 D/SystemServerTiming( 719): MakeIncrementalServiceReady
05-31 18:42:54.889 V/SystemServerTiming( 719): MakeIncrementalServiceReady took to complete: 0ms
05-31 18:42:54.889 D/SystemServerTiming( 719): OdsignStatsLogger
05-31 18:42:54.889 V/SystemServerTiming( 719): OdsignStatsLogger took to complete: 0ms
05-31 18:42:54.889 D/SystemServerTiming( 719): getCurrentUser
05-31 18:42:54.893 I/ActivityManager( 719): Current user:0
05-31 18:42:54.893 V/SystemServerTiming( 719): getCurrentUser took to complete: 4ms
05-31 18:42:54.893 D/SystemServerTiming( 719): ActivityManagerStartApps
05-31 18:42:54.895 V/WindowManagerShell( 926): BackAnimationController init took 21ms
05-31 18:42:54.895 W/Looper ( 926): Slow dispatch took 87ms wmshell.main h=android.os.Handler c=com.android.wm.shell.common.ShellExecutor$$ExternalSyntheticLambda0@4097aa8 m=0
05-31 18:42:54.896 V/ShellDragAndDrop( 926): Display added: 0
05-31 18:42:54.897 D/SystemServerTimingAsync( 719): ssm.StartUser-0
05-31 18:42:54.897 I/SystemServiceManager( 719): Calling onStartUser 0
05-31 18:42:54.897 D/SystemServerTimingAsync( 719): ssm.onStartUser-0_com.android.server.security.FileIntegrityService
05-31 18:42:54.897 V/SystemServerTimingAsync( 719): ssm.onStartUser-0_com.android.server.security.FileIntegrityService took to complete: 0ms
05-31 18:42:54.897 D/SystemServerTimingAsync( 719): ssm.onStartUser-0_com.android.server.pm.Installer
05-31 18:42:54.897 V/SystemServerTimingAsync( 719): ssm.onStartUser-0_com.android.server.pm.Installer took to complete: 0ms
05-31 18:42:54.897 D/SystemServerTimingAsync( 719): ssm.onStartUser-0_com.android.server.os.DeviceIdentifiersPolicyService
05-31 18:42:54.897 V/SystemServerTimingAsync( 719): ssm.onStartUser-0_com.android.server.os.DeviceIdentifiersPolicyService took to complete: 0ms
05-31 18:42:54.897 D/SystemServerTimingAsync( 719): ssm.onStartUser-0_com.android.server.flags.FeatureFlagsService
05-31 18:42:54.897 V/SystemServerTimingAsync( 719): ssm.onStartUser-0_com.android.server.flags.FeatureFlagsService took to complete: 0ms
05-31 18:42:54.897 D/SystemServerTimingAsync( 719): ssm.onStartUser-0_com.android.server.uri.UriGrantsManagerService$Lifecycle
05-31 18:42:54.897 V/SystemServerTimingAsync( 719): ssm.onStartUser-0_com.android.server.uri.UriGrantsManagerService$Lifecycle took to complete: 0ms
05-31 18:42:54.897 D/SystemServerTimingAsync( 719): ssm.onStartUser-0_com.android.server.powerstats.PowerStatsService
05-31 18:42:54.897 V/SystemServerTimingAsync( 719): ssm.onStartUser-0_com.android.server.powerstats.PowerStatsService took to complete: 0ms
05-31 18:42:54.897 D/SystemServerTimingAsync( 719): ssm.onStartUser-0_com.android.server.permission.access.AccessCheckingService
05-31 18:42:54.897 V/SystemServerTimingAsync( 719): ssm.onStartUser-0_com.android.server.permission.access.AccessCheckingService took to complete: 0ms
05-31 18:42:54.897 D/SystemServerTimingAsync( 719): ssm.onStartUser-0_com.android.server.wm.ActivityTaskManagerService$Lifecycle
05-31 18:42:54.897 V/SystemServerTimingAsync( 719): ssm.onStartUser-0_com.android.server.wm.ActivityTaskManagerService$Lifecycle took to complete: 0ms
05-31 18:42:54.897 D/SystemServerTimingAsync( 719): ssm.onStartUser-0_com.android.server.am.ActivityManagerService$Lifecycle
05-31 18:42:54.897 V/SystemServerTimingAsync( 719): ssm.onStartUser-0_com.android.server.am.ActivityManagerService$Lifecycle took to complete: 0ms
05-31 18:42:54.897 D/SystemServerTimingAsync( 719): ssm.onStartUser-0_com.android.server.pm.DataLoaderManagerService
05-31 18:42:54.897 V/SystemServerTimingAsync( 719): ssm.onStartUser-0_com.android.server.pm.DataLoaderManagerService took to complete: 0ms
05-31 18:42:54.898 D/SystemServerTimingAsync( 719): ssm.onStartUser-0_com.android.server.power.PowerManagerService
05-31 18:42:54.898 V/SystemServerTimingAsync( 719): ssm.onStartUser-0_com.android.server.power.PowerManagerService took to complete: 0ms
05-31 18:42:54.898 D/SystemServerTimingAsync( 719): ssm.onStartUser-0_com.android.server.power.ThermalManagerService
05-31 18:42:54.910 V/SystemServerTimingAsync( 719): ssm.onStartUser-0_com.android.server.power.ThermalManagerService took to complete: 0ms
05-31 18:42:54.910 D/SystemServerTimingAsync( 719): ssm.onStartUser-0_com.android.server.power.hint.HintManagerService
05-31 18:42:54.910 V/SystemServerTimingAsync( 719): ssm.onStartUser-0_com.android.server.power.hint.HintManagerService took to complete: 0ms
05-31 18:42:54.910 D/SystemServerTimingAsync( 719): ssm.onStartUser-0_com.android.server.recoverysystem.RecoverySystemService$Lifecycle
05-31 18:42:54.910 V/SystemServerTimingAsync( 719): ssm.onStartUser-0_com.android.server.recoverysystem.RecoverySystemService$Lifecycle took to complete: 0ms
05-31 18:42:54.910 D/SystemServerTimingAsync( 719): ssm.onStartUser-0_com.android.server.lights.LightsService
05-31 18:42:54.912 D/CompatibilityChangeReporter( 719): Compat change id reported: 265195908; UID 1073; state: ENABLED
05-31 18:42:54.912 V/SystemServerTimingAsync( 719): ssm.onStartUser-0_com.android.server.lights.LightsService took to complete: 0ms
05-31 18:42:54.913 D/SystemServerTimingAsync( 719): ssm.onStartUser-0_com.android.server.display.DisplayManagerService
05-31 18:42:54.913 V/SystemServerTimingAsync( 719): ssm.onStartUser-0_com.android.server.display.DisplayManagerService took to complete: 0ms
05-31 18:42:54.913 D/SystemServerTimingAsync( 719): ssm.onStartUser-0_com.android.server.pm.verify.domain.DomainVerificationService
05-31 18:42:54.913 V/SystemServerTimingAsync( 719): ssm.onStartUser-0_com.android.server.pm.verify.domain.DomainVerificationService took to complete: 0ms
05-31 18:42:54.913 D/SystemServerTimingAsync( 719): ssm.onStartUser-0_com.android.server.pm.PackageInstallerService$Lifecycle
05-31 18:42:54.913 V/SystemServerTimingAsync( 719): ssm.onStartUser-0_com.android.server.pm.PackageInstallerService$Lifecycle took to complete: 0ms
05-31 18:42:54.913 D/SystemServerTimingAsync( 719): ssm.onStartUser-0_com.android.server.pm.UserManagerService$LifeCycle
05-31 18:42:54.913 V/SystemServerTimingAsync( 719): ssm.onStartUser-0_com.android.server.pm.UserManagerService$LifeCycle took to complete: 0ms
05-31 18:42:54.913 D/SystemServerTimingAsync( 719): ssm.onStartUser-0_com.android.server.om.OverlayManagerService
01-01 08:00:18.151 I/ ( 0): [2 T532 ..] sectoin 20, size 262144
05-31 18:42:54.915 I/ActivityManager( 719): Process WebViewLoader-armeabi-v7a (pid 956) has died: psvc PER
05-31 18:42:54.919 D/DisplayManagerService( 719): Drop pending events for gone uid 1037
01-01 08:00:18.166 W/[2 T532 ..] aml_download_wifi_fw_img(1205)( 0): img len 0x40000, start download fw
01-01 08:00:18.173 W/ ( 0): [0 T532 ..] Host HAL: write ICCM SUCCESS!!!!
01-01 08:00:18.179 W/[0 T532 ..] aml_download_wifi_fw_img(1260)( 0): dccm img len 0x40000, start download dccm
01-01 08:00:18.185 W/ ( 0): [0 T532 ..] Host HAL: write DCCM SUCCESS!!!!
01-01 08:00:18.186 W/ ( 0): [0 T532 ..] >>> aml_ipc_init()
01-01 08:00:18.186 W/ ( 0): [0 T532 ..] >>> aml_cmd_mgr_init()
01-01 08:00:18.187 W/ ( 0): [0 T532 ..] >>> aml_elems_allocs()
01-01 08:00:18.187 I/ ( 0): [0 T532 ..] sectoin 11, size 1111588
05-31 18:42:54.995 W/SystemServiceManager( 719): Service com.android.server.om.OverlayManagerService took 82 ms in onStartUser-0
05-31 18:42:54.995 V/SystemServerTimingAsync( 719): ssm.onStartUser-0_com.android.server.om.OverlayManagerService took to complete: 82ms
05-31 18:42:54.995 D/SystemServerTimingAsync( 719): ssm.onStartUser-0_com.android.server.resources.ResourcesManagerService
05-31 18:42:54.995 V/SystemServerTimingAsync( 719): ssm.onStartUser-0_com.android.server.resources.ResourcesManagerService took to complete: 0ms
05-31 18:42:54.995 D/SystemServerTimingAsync( 719): ssm.onStartUser-0_com.android.server.sensorprivacy.SensorPrivacyService
05-31 18:42:55.010 D/CompatibilityChangeReporter( 719): Compat change id reported: 265464455; UID 10052; state: DISABLED
05-31 18:42:55.011 D/CompatibilityChangeReporter( 719): Compat change id reported: 265452344; UID 10052; state: DISABLED
05-31 18:42:55.011 D/CompatibilityChangeReporter( 719): Compat change id reported: 266124927; UID 10052; state: DISABLED
05-31 18:42:55.013 D/CompatibilityChangeReporter( 719): Compat change id reported: 265451093; UID 10052; state: DISABLED
05-31 18:42:55.014 D/CompatibilityChangeReporter( 719): Compat change id reported: 265456536; UID 10052; state: DISABLED
05-31 18:42:55.014 D/CompatibilityChangeReporter( 719): Compat change id reported: 255940284; UID 10052; state: DISABLED
05-31 18:42:55.014 D/CompatibilityChangeReporter( 719): Compat change id reported: 236283604; UID 10052; state: DISABLED
05-31 18:42:55.015 D/CompatibilityChangeReporter( 719): Compat change id reported: 263959004; UID 10052; state: DISABLED
05-31 18:42:55.015 D/CompatibilityChangeReporter( 719): Compat change id reported: 264304459; UID 10052; state: DISABLED
05-31 18:42:55.016 D/CompatibilityChangeReporter( 719): Compat change id reported: 264301586; UID 10052; state: DISABLED
05-31 18:42:55.016 D/CompatibilityChangeReporter( 719): Compat change id reported: 254631730; UID 10052; state: DISABLED
05-31 18:42:55.016 D/CompatibilityChangeReporter( 719): Compat change id reported: 273509367; UID 10052; state: DISABLED
05-31 18:42:55.017 D/CompatibilityChangeReporter( 719): Compat change id reported: 263259275; UID 10052; state: DISABLED
05-31 18:42:55.017 D/CompatibilityChangeReporter( 719): Compat change id reported: 174042980; UID 10052; state: DISABLED
05-31 18:42:55.018 D/CompatibilityChangeReporter( 719): Compat change id reported: 174042936; UID 10052; state: DISABLED
05-31 18:42:55.018 D/CompatibilityChangeReporter( 719): Compat change id reported: 181136395; UID 10052; state: DISABLED
05-31 18:42:55.026 D/CountryDetector( 719): Using custom country detector class: com.android.server.location.ComprehensiveCountryDetector
05-31 18:42:55.026 E/CountryDetector( 719): Could not instantiate the custom country detector class
05-31 18:42:55.026 D/CountryDetector( 719): Using default country detector
05-31 18:42:55.031 D/CompatibilityChangeReporter( 719): Compat change id reported: 194480991; UID 10052; state: ENABLED
05-31 18:42:55.038 W/ActivityTaskManager( 719): startActivity called from non-Activity context; forcing Intent.FLAG_ACTIVITY_NEW_TASK for: Intent { flg=0x840000 cmp=com.android.systemui/.sensorprivacy.television.TvSensorPrivacyChangedActivity (has extras) }
05-31 18:42:55.046 D/CompatibilityChangeReporter( 719): Compat change id reported: 184838306; UID 10052; state: DISABLED
05-31 18:42:55.047 D/CompatibilityChangeReporter( 719): Compat change id reported: 185004937; UID 10052; state: DISABLED
05-31 18:42:55.050 D/CompatibilityChangeReporter( 719): Compat change id reported: 197654537; UID 10052; state: ENABLED
05-31 18:42:55.051 D/CompatibilityChangeReporter( 719): Compat change id reported: 171306433; UID 1000; state: ENABLED
05-31 18:42:55.055 W/WindowManager( 719): [addWindow] title:ShellDropTarget
05-31 18:42:55.057 I/ActivityTaskManager( 719): START u0 {flg=0x840000 cmp=com.android.systemui/.sensorprivacy.television.TvSensorPrivacyChangedActivity (has extras)} with LAUNCH_SINGLE_TOP from uid 1000 (BAL_ALLOW_ALLOWLISTED_UID) result code=0
05-31 18:42:55.061 W/ActivityTaskManager( 719): startActivity called from non-Activity context; forcing Intent.FLAG_ACTIVITY_NEW_TASK for: Intent { flg=0x840000 cmp=com.android.systemui/.sensorprivacy.television.TvSensorPrivacyChangedActivity (has extras) }
05-31 18:42:55.064 I/ActivityTaskManager( 719): START u0 {flg=0x840000 cmp=com.android.systemui/.sensorprivacy.television.TvSensorPrivacyChangedActivity (has extras)} with LAUNCH_SINGLE_TOP from uid 1000 (BAL_ALLOW_ALLOWLISTED_UID) result code=3
05-31 18:42:55.067 D/GameManagerService( 719): User ID '0' does not have a Game Mode selected for package: 'com.android.systemui'
05-31 18:42:55.079 W/ActivityTaskManager( 719): startActivity called from non-Activity context; forcing Intent.FLAG_ACTIVITY_NEW_TASK for: Intent { flg=0x840000 cmp=com.android.systemui/.sensorprivacy.television.TvSensorPrivacyChangedActivity (has extras) }
05-31 18:42:55.083 W/Looper ( 926): Slow delivery took 73ms wmshell.main h=android.os.Handler c=com.android.wm.shell.draganddrop.DragAndDropController$$ExternalSyntheticLambda0@80f0066 m=0
05-31 18:42:55.083 W/Looper ( 926): Slow dispatch took 188ms wmshell.main h=android.os.Handler c=com.android.wm.shell.draganddrop.DragAndDropController$$ExternalSyntheticLambda0@80f0066 m=0
05-31 18:42:55.083 I/ActivityTaskManager( 719): START u0 {flg=0x840000 cmp=com.android.systemui/.sensorprivacy.television.TvSensorPrivacyChangedActivity (has extras)} with LAUNCH_SINGLE_TOP from uid 1000 (BAL_ALLOW_ALLOWLISTED_UID) result code=3
05-31 18:42:55.083 D/WindowManagerShell( 926): TvPipController: onImeVisibilityChanged(), visible=false, height=0
05-31 18:42:55.087 W/ActivityTaskManager( 719): startActivity called from non-Activity context; forcing Intent.FLAG_ACTIVITY_NEW_TASK for: Intent { flg=0x840000 cmp=com.android.systemui/.sensorprivacy.television.TvSensorPrivacyChangedActivity (has extras) }
05-31 18:42:55.089 I/ActivityTaskManager( 719): START u0 {flg=0x840000 cmp=com.android.systemui/.sensorprivacy.television.TvSensorPrivacyChangedActivity (has extras)} with LAUNCH_SINGLE_TOP from uid 1000 (BAL_ALLOW_ALLOWLISTED_UID) result code=3
05-31 18:42:55.089 W/SystemServiceManager( 719): Service com.android.server.sensorprivacy.SensorPrivacyService took 94 ms in onStartUser-0
05-31 18:42:55.089 V/SystemServerTimingAsync( 719): ssm.onStartUser-0_com.android.server.sensorprivacy.SensorPrivacyService took to complete: 94ms
05-31 18:42:55.089 D/SystemServerTimingAsync( 719): ssm.onStartUser-0_com.android.server.sensors.SensorService
05-31 18:42:55.089 V/SystemServerTimingAsync( 719): ssm.onStartUser-0_com.android.server.sensors.SensorService took to complete: 0ms
05-31 18:42:55.089 D/SystemServerTimingAsync( 719): ssm.onStartUser-0_com.android.server.SystemConfigService
05-31 18:42:55.089 V/SystemServerTimingAsync( 719): ssm.onStartUser-0_com.android.server.SystemConfigService took to complete: 0ms
05-31 18:42:55.089 D/SystemServerTimingAsync( 719): ssm.onStartUser-0_com.android.server.BatteryService
05-31 18:42:55.089 V/SystemServerTimingAsync( 719): ssm.onStartUser-0_com.android.server.BatteryService took to complete: 0ms
05-31 18:42:55.090 D/SystemServerTimingAsync( 719): ssm.onStartUser-0_com.android.server.usage.UsageStatsService
05-31 18:42:55.090 V/SystemServerTimingAsync( 719): ssm.onStartUser-0_com.android.server.usage.UsageStatsService took to complete: 0ms
05-31 18:42:55.090 D/SystemServerTimingAsync( 719): ssm.onStartUser-0_com.android.server.webkit.WebViewUpdateService
05-31 18:42:55.090 V/SystemServerTimingAsync( 719): ssm.onStartUser-0_com.android.server.webkit.WebViewUpdateService took to complete: 0ms
05-31 18:42:55.090 D/SystemServerTimingAsync( 719): ssm.onStartUser-0_com.android.server.CachedDeviceStateService
05-31 18:42:55.090 V/SystemServerTimingAsync( 719): ssm.onStartUser-0_com.android.server.CachedDeviceStateService took to complete: 0ms
05-31 18:42:55.090 D/SystemServerTimingAsync( 719): ssm.onStartUser-0_com.android.server.BinderCallsStatsService$LifeCycle
05-31 18:42:55.090 V/SystemServerTimingAsync( 719): ssm.onStartUser-0_com.android.server.BinderCallsStatsService$LifeCycle took to complete: 0ms
05-31 18:42:55.090 D/SystemServerTimingAsync( 719): ssm.onStartUser-0_com.android.server.LooperStatsService$Lifecycle
05-31 18:42:55.090 V/SystemServerTimingAsync( 719): ssm.onStartUser-0_com.android.server.LooperStatsService$Lifecycle took to complete: 0ms
05-31 18:42:55.090 D/SystemServerTimingAsync( 719): ssm.onStartUser-0_com.android.server.rollback.RollbackManagerService
05-31 18:42:55.090 V/SystemServerTimingAsync( 719): ssm.onStartUser-0_com.android.server.rollback.RollbackManagerService took to complete: 0ms
05-31 18:42:55.090 D/SystemServerTimingAsync( 719): ssm.onStartUser-0_com.android.server.os.NativeTombstoneManagerService
05-31 18:42:55.090 V/SystemServerTimingAsync( 719): ssm.onStartUser-0_com.android.server.os.NativeTombstoneManagerService took to complete: 0ms
05-31 18:42:55.090 D/SystemServerTimingAsync( 719): ssm.onStartUser-0_com.android.server.os.BugreportManagerService
05-31 18:42:55.090 V/SystemServerTimingAsync( 719): ssm.onStartUser-0_com.android.server.os.BugreportManagerService took to complete: 0ms
05-31 18:42:55.090 D/SystemServerTimingAsync( 719): ssm.onStartUser-0_com.android.server.gpu.GpuService
05-31 18:42:55.090 V/SystemServerTimingAsync( 719): ssm.onStartUser-0_com.android.server.gpu.GpuService took to complete: 0ms
05-31 18:42:55.090 D/SystemServerTimingAsync( 719): ssm.onStartUser-0_com.android.server.security.rkp.RemoteProvisioningService
05-31 18:42:55.090 V/SystemServerTimingAsync( 719): ssm.onStartUser-0_com.android.server.security.rkp.RemoteProvisioningService took to complete: 0ms
05-31 18:42:55.090 D/SystemServerTimingAsync( 719): ssm.onStartUser-0_com.android.server.cpu.CpuMonitorService
05-31 18:42:55.091 V/SystemServerTimingAsync( 719): ssm.onStartUser-0_com.android.server.cpu.CpuMonitorService took to complete: 0ms
05-31 18:42:55.091 D/SystemServerTimingAsync( 719): ssm.onStartUser-0_com.android.server.security.KeyChainSystemService
05-31 18:42:55.091 V/SystemServerTimingAsync( 719): ssm.onStartUser-0_com.android.server.security.KeyChainSystemService took to complete: 0ms
05-31 18:42:55.091 D/SystemServerTimingAsync( 719): ssm.onStartUser-0_com.android.server.BinaryTransparencyService
05-31 18:42:55.091 V/SystemServerTimingAsync( 719): ssm.onStartUser-0_com.android.server.BinaryTransparencyService took to complete: 0ms
05-31 18:42:55.091 D/SystemServerTimingAsync( 719): ssm.onStartUser-0_com.android.server.accounts.AccountManagerService$Lifecycle
05-31 18:42:55.091 V/SystemServerTimingAsync( 719): ssm.onStartUser-0_com.android.server.accounts.AccountManagerService$Lifecycle took to complete: 0ms
05-31 18:42:55.091 D/SystemServerTimingAsync( 719): ssm.onStartUser-0_com.android.server.content.ContentService$Lifecycle
05-31 18:42:55.091 V/SystemServerTimingAsync( 719): ssm.onStartUser-0_com.android.server.content.ContentService$Lifecycle took to complete: 0ms
05-31 18:42:55.091 D/SystemServerTimingAsync( 719): ssm.onStartUser-0_com.android.server.deviceconfig.DeviceConfigInit$Lifecycle
05-31 18:42:55.091 V/SystemServerTimingAsync( 719): ssm.onStartUser-0_com.android.server.deviceconfig.DeviceConfigInit$Lifecycle took to complete: 0ms
05-31 18:42:55.091 D/SystemServerTimingAsync( 719): ssm.onStartUser-0_com.android.server.DropBoxManagerService
05-31 18:42:55.091 V/SystemServerTimingAsync( 719): ssm.onStartUser-0_com.android.server.DropBoxManagerService took to complete: 0ms
05-31 18:42:55.091 D/SystemServerTimingAsync( 719): ssm.onStartUser-0_com.android.role.RoleService
05-31 18:42:55.093 D/CoreBackPreview( 719): Window{7602959 u0 ShellDropTarget}: Setting back callback OnBackInvokedCallbackInfo{mCallback=android.window.IOnBackInvokedCallback$Stub$Proxy@7cebad0, mPriority=0, mIsAnimationCallback=false}
05-31 18:42:55.097 W/Looper ( 926): Drained
05-31 18:42:55.097 V/SystemServerTimingAsync( 719): ssm.onStartUser-0_com.android.role.RoleService took to complete: 6ms
05-31 18:42:55.098 D/SystemServerTimingAsync( 719): ssm.onStartUser-0_com.android.server.vibrator.VibratorManagerService$Lifecycle
05-31 18:42:55.098 V/SystemServerTimingAsync( 719): ssm.onStartUser-0_com.android.server.vibrator.VibratorManagerService$Lifecycle took to complete: 0ms
05-31 18:42:55.098 D/SystemServerTimingAsync( 719): ssm.onStartUser-0_com.android.server.tare.InternalResourceService
05-31 18:42:55.098 V/SystemServerTimingAsync( 719): ssm.onStartUser-0_com.android.server.tare.InternalResourceService took to complete: 0ms
05-31 18:42:55.098 D/SystemServerTimingAsync( 719): ssm.onStartUser-0_com.android.server.alarm.AlarmManagerService
05-31 18:42:55.099 V/SystemServerTimingAsync( 719): ssm.onStartUser-0_com.android.server.alarm.AlarmManagerService took to complete: 1ms
05-31 18:42:55.099 D/SystemServerTimingAsync( 719): ssm.onStartUser-0_com.android.server.devicestate.DeviceStateManagerService
05-31 18:42:55.099 V/SystemServerTimingAsync( 719): ssm.onStartUser-0_com.android.server.devicestate.DeviceStateManagerService took to complete: 0ms
05-31 18:42:55.099 D/SystemServerTimingAsync( 719): ssm.onStartUser-0_com.android.server.camera.CameraServiceProxy
05-31 18:42:55.100 V/SystemServerTimingAsync( 719): ssm.onStartUser-0_com.android.server.camera.CameraServiceProxy took to complete: 1ms
05-31 18:42:55.101 D/SystemServerTimingAsync( 719): ssm.onStartUser-0_com.android.server.bluetooth.BluetoothService
05-31 18:42:55.108 D/CompatibilityChangeReporter( 719): Compat change id reported: 135634846; UID 1002; state: DISABLED
05-31 18:42:55.127 V/SystemServerTimingAsync( 719): ssm.onStartUser-0_com.android.server.bluetooth.BluetoothService took to complete: 26ms
05-31 18:42:55.127 D/SystemServerTimingAsync( 719): ssm.onStartUser-0_com.android.server.connectivity.IpConnectivityMetrics
05-31 18:42:55.127 V/SystemServerTimingAsync( 719): ssm.onStartUser-0_com.android.server.connectivity.IpConnectivityMetrics took to complete: 0ms
05-31 18:42:55.127 D/SystemServerTimingAsync( 719): ssm.onStartUser-0_com.android.server.net.watchlist.NetworkWatchlistService$Lifecycle
05-31 18:42:55.127 V/SystemServerTimingAsync( 719): ssm.onStartUser-0_com.android.server.net.watchlist.NetworkWatchlistService$Lifecycle took to complete: 0ms
05-31 18:42:55.127 D/SystemServerTimingAsync( 719): ssm.onStartUser-0_com.android.server.PinnerService
05-31 18:42:55.127 V/SystemServerTimingAsync( 719): ssm.onStartUser-0_com.android.server.PinnerService took to complete: 0ms
05-31 18:42:55.127 D/SystemServerTimingAsync( 719): ssm.onStartUser-0_com.android.server.integrity.AppIntegrityManagerService
05-31 18:42:55.127 V/SystemServerTimingAsync( 719): ssm.onStartUser-0_com.android.server.integrity.AppIntegrityManagerService took to complete: 0ms
05-31 18:42:55.127 D/SystemServerTimingAsync( 719): ssm.onStartUser-0_com.android.server.logcat.LogcatManagerService
05-31 18:42:55.127 V/SystemServerTimingAsync( 719): ssm.onStartUser-0_com.android.server.logcat.LogcatManagerService took to complete: 0ms
05-31 18:42:55.127 D/SystemServerTimingAsync( 719): ssm.onStartUser-0_com.android.server.inputmethod.InputMethodManagerService$Lifecycle
05-31 18:42:55.127 V/SystemServerTimingAsync( 719): ssm.onStartUser-0_com.android.server.inputmethod.InputMethodManagerService$Lifecycle took to complete: 0ms
05-31 18:42:55.127 D/SystemServerTimingAsync( 719): ssm.onStartUser-0_com.android.server.accessibility.AccessibilityManagerService$Lifecycle
05-31 18:42:55.127 V/SystemServerTimingAsync( 719): ssm.onStartUser-0_com.android.server.accessibility.AccessibilityManagerService$Lifecycle took to complete: 0ms
05-31 18:42:55.127 D/SystemServerTimingAsync( 719): ssm.onStartUser-0_com.android.server.StorageManagerService$Lifecycle
05-31 18:42:55.130 V/StorageManagerService( 719): Package com.dangbei.lerad.leradwatcher has legacy storage
05-31 18:42:55.130 V/StorageManagerService( 719): Package com.android.cts.priv.ctsshim does not have legacy storage
05-31 18:42:55.130 V/StorageManagerService( 719): Package com.android.uwb.resources does not have legacy storage
05-31 18:42:55.130 V/StorageManagerService( 719): Package com.android.adservices.api does not have legacy storage
05-31 18:42:55.130 V/StorageManagerService( 719): Package com.android.dynsystem does not have legacy storage
05-31 18:42:55.130 V/StorageManagerService( 719): Package com.dangbei.lerad.rocky does not have legacy storage
05-31 18:42:55.130 V/StorageManagerService( 719): Package com.android.healthconnect.controller does not have legacy storage
05-31 18:42:55.130 V/StorageManagerService( 719): Package com.android.providers.calendar does not have legacy storage
05-31 18:42:55.131 V/StorageManagerService( 719): Package com.android.tv.settings does not have legacy storage
05-31 18:42:55.131 V/StorageManagerService( 719): Package com.android.providers.media does not have legacy storage
05-31 18:42:55.131 V/StorageManagerService( 719): Package com.android.health.connect.backuprestore does not have legacy storage
05-31 18:42:55.131 V/StorageManagerService( 719): Package com.android.virtualmachine.res does not have legacy storage
05-31 18:42:55.131 V/StorageManagerService( 719): Package com.dangbei.zhushou.os does not have legacy storage
05-31 18:42:55.131 V/StorageManagerService( 719): Package com.sohu.inputmethod.sogou.tv has legacy storage
05-31 18:42:55.131 V/StorageManagerService( 719): Package com.droidlogic.tvprovider.overlay does not have legacy storage
05-31 18:42:55.131 V/StorageManagerService( 719): Package com.android.externalstorage does not have legacy storage
05-31 18:42:55.131 V/StorageManagerService( 719): Package com.android.htmlviewer does not have legacy storage
05-31 18:42:55.131 V/StorageManagerService( 719): Package com.android.companiondevicemanager does not have legacy storage
05-31 18:42:55.131 V/StorageManagerService( 719): Package com.android.providers.downloads does not have legacy storage
05-31 18:42:55.131 V/StorageManagerService( 719): Package com.android.providers.tv does not have legacy storage
05-31 18:42:55.131 V/StorageManagerService( 719): Package com.droidlogic.mediacenter does not have legacy storage
05-31 18:42:55.131 V/StorageManagerService( 719): Package com.android.federatedcompute.services does not have legacy storage
05-31 18:42:55.131 V/StorageManagerService( 719): Package com.droidlogic does not have legacy storage
05-31 18:42:55.131 V/StorageManagerService( 719): Package com.droidlogic.tv.settings does not have legacy storage
05-31 18:42:55.132 V/StorageManagerService( 719): Package com.oranth.ledstatus does not have legacy storage
05-31 18:42:55.132 V/StorageManagerService( 719): Package com.android.tv.overlay.lps.disabled does not have legacy storage
05-31 18:42:55.132 V/StorageManagerService( 719): Package com.dangbei.lerad.videoposter has legacy storage
05-31 18:42:55.132 V/StorageManagerService( 719): Package com.android.tv.overlay.settingsprovider does not have legacy storage
05-31 18:42:55.132 V/StorageManagerService( 719): Package com.android.safetycenter.resources does not have legacy storage
05-31 18:42:55.132 V/StorageManagerService( 719): Package com.android.pacprocessor does not have legacy storage
05-31 18:42:55.132 V/StorageManagerService( 719): Package com.android.networkstack does not have legacy storage
05-31 18:42:55.132 V/StorageManagerService( 719): Package com.android.connectivity.resources does not have legacy storage
05-31 18:42:55.132 V/StorageManagerService( 719): Package com.android.modulemetadata does not have legacy storage
05-31 18:42:55.132 V/StorageManagerService( 719): Package com.android.certinstaller does not have legacy storage
05-31 18:42:55.132 V/StorageManagerService( 719): Package com.android.wifi.dialog does not have legacy storage
05-31 18:42:55.132 V/StorageManagerService( 719): Package android does not have legacy storage
05-31 18:42:55.132 V/StorageManagerService( 719): Package com.android.camera2 does not have legacy storage
05-31 18:42:55.132 V/StorageManagerService( 719): Package com.android.mtp does not have legacy storage
05-31 18:42:55.132 V/StorageManagerService( 719): Package com.android.backupconfirm does not have legacy storage
05-31 18:42:55.132 V/StorageManagerService( 719): Package com.android.systemui.auto_generated_rro_vendor__ does not have legacy storage
05-31 18:42:55.132 V/StorageManagerService( 719): Package com.android.tv.overlay.networkstack does not have legacy storage
05-31 18:42:55.132 V/StorageManagerService( 719): Package com.android.statementservice does not have legacy storage
05-31 18:42:55.132 V/StorageManagerService( 719): Package com.dangbei.screencast has legacy storage
05-31 18:42:55.132 V/StorageManagerService( 719): Package com.android.settings.intelligence does not have legacy storage
05-31 18:42:55.132 V/StorageManagerService( 719): Package com.dangbei.leard.leradlauncher does not have legacy storage
05-31 18:42:55.133 V/StorageManagerService( 719): Package com.android.providers.settings does not have legacy storage
05-31 18:42:55.133 V/StorageManagerService( 719): Package com.android.sharedstoragebackup does not have legacy storage
05-31 18:42:55.133 V/StorageManagerService( 719): Package com.android.printspooler does not have legacy storage
05-31 18:42:55.133 V/StorageManagerService( 719): Package com.android.dreams.basic does not have legacy storage
05-31 18:42:55.133 V/StorageManagerService( 719): Package com.android.webview does not have legacy storage
05-31 18:42:55.133 V/StorageManagerService( 719): Package com.android.se does not have legacy storage
05-31 18:42:55.133 V/StorageManagerService( 719): Package com.android.inputdevices does not have legacy storage
05-31 18:42:55.133 V/StorageManagerService( 719): Package com.android.rkpdapp does not have legacy storage
05-31 18:42:55.133 V/StorageManagerService( 719): Package com.android.tv.overlay.wifi.resources does not have legacy storage
