01-01 08:00:34.571 W/ ( 0): [2 T1063 ..] [SP FRAME RX] arp rsp,vif_idx:0 sender:[a2:e3:8f:e4:ff:46 192.168.3.207]receiver:[1c:79:2d:20:62:b5 192.168.3.222]
01-01 08:00:34.571 W/ ( 0): [2 T1063 ..] [SP FRAME RX] arp rsp,vif_idx:0 sender:[2e:6a:3b:b3:ad:e6 192.168.3.175]receiver:[1c:79:2d:20:62:b5 192.168.3.222]
01-01 08:00:34.571 W/ ( 0): [2 T1063 ..] [SP FRAME RX] arp rsp,vif_idx:0 sender:[16:8e:6e:17:dc:41 192.168.3.176]receiver:[1c:79:2d:20:62:b5 192.168.3.222]
01-01 08:00:34.571 W/ ( 0): [2 T1063 ..] [SP FRAME RX] arp rsp,vif_idx:0 sender:[7a:03:fc:cc:8d:92 192.168.3.179]receiver:[1c:79:2d:20:62:b5 192.168.3.222]
01-01 08:00:34.571 W/ ( 0): [2 T1063 ..] [SP FRAME RX] arp rsp,vif_idx:0 sender:[e6:6e:3e:02:16:7f 192.168.3.180]receiver:[1c:79:2d:20:62:b5 192.168.3.222]
01-01 08:00:34.599 W/ ( 0): [0 T1467 .s] [SP FRAME TX] arp req,vif_idx:0 sender:[1c:79:2d:20:62:b5 192.168.3.222]receiver:[00:00:00:00:00:00 192.168.3.231]
01-01 08:00:34.601 W/ ( 0): [0 T1467 .s] [SP FRAME TX] arp req,vif_idx:0 sender:[1c:79:2d:20:62:b5 192.168.3.222]receiver:[00:00:00:00:00:00 192.168.3.232]
01-01 08:00:34.602 W/ ( 0): [0 T1467 .s] [SP FRAME TX] arp req,vif_idx:0 sender:[1c:79:2d:20:62:b5 192.168.3.222]receiver:[00:00:00:00:00:00 192.168.3.233]
01-01 08:00:34.604 W/ ( 0): [0 T1467 .s] [SP FRAME TX] arp req,vif_idx:0 sender:[1c:79:2d:20:62:b5 192.168.3.222]receiver:[00:00:00:00:00:00 192.168.3.234]
01-01 08:00:34.605 W/ ( 0): [0 T1467 .s] [SP FRAME TX] arp req,vif_idx:0 sender:[1c:79:2d:20:62:b5 192.168.3.222]receiver:[00:00:00:00:00:00 192.168.3.235]
01-01 08:00:34.607 W/ ( 0): [0 T1467 .s] [SP FRAME TX] arp req,vif_idx:0 sender:[1c:79:2d:20:62:b5 192.168.3.222]receiver:[00:00:00:00:00:00 192.168.3.236]
01-01 08:00:34.608 W/ ( 0): [0 T1467 .s] [SP FRAME TX] arp req,vif_idx:0 sender:[1c:79:2d:20:62:b5 192.168.3.222]receiver:[00:00:00:00:00:00 192.168.3.237]
01-01 08:00:34.610 W/ ( 0): [0 T1467 .s] [SP FRAME TX] arp req,vif_idx:0 sender:[1c:79:2d:20:62:b5 192.168.3.222]receiver:[00:00:00:00:00:00 192.168.3.238]
01-01 08:00:34.611 W/ ( 0): [0 T1467 .s] [SP FRAME TX] arp req,vif_idx:0 sender:[1c:79:2d:20:62:b5 192.168.3.222]receiver:[00:00:00:00:00:00 192.168.3.239]
01-01 08:00:34.613 W/ ( 0): [0 T1467 .s] [SP FRAME TX] arp req,vif_idx:0 sender:[1c:79:2d:20:62:b5 192.168.3.222]receiver:[00:00:00:00:00:00 192.168.3.240]
01-01 08:00:34.615 W/ ( 0): [0 T1467 .s] [SP FRAME TX] arp req,vif_idx:0 sender:[1c:79:2d:20:62:b5 192.168.3.222]receiver:[00:00:00:00:00:00 192.168.3.241]
01-01 08:00:34.616 W/ ( 0): [0 T1467 .s] [SP FRAME TX] arp req,vif_idx:0 sender:[1c:79:2d:20:62:b5 192.168.3.222]receiver:[00:00:00:00:00:00 192.168.3.242]
01-01 08:00:34.618 W/ ( 0): [0 T1467 .s] [SP FRAME TX] arp req,vif_idx:0 sender:[1c:79:2d:20:62:b5 192.168.3.222]receiver:[00:00:00:00:00:00 192.168.3.243]
01-01 08:00:34.619 W/ ( 0): [0 T1467 .s] [SP FRAME TX] arp req,vif_idx:0 sender:[1c:79:2d:20:62:b5 192.168.3.222]receiver:[00:00:00:00:00:00 192.168.3.244]
01-01 08:00:34.621 W/ ( 0): [0 T1467 .s] [SP FRAME TX] arp req,vif_idx:0 sender:[1c:79:2d:20:62:b5 192.168.3.222]receiver:[00:00:00:00:00:00 192.168.3.245]
01-01 08:00:34.622 W/ ( 0): [0 T1467 .s] [SP FRAME TX] arp req,vif_idx:0 sender:[1c:79:2d:20:62:b5 192.168.3.222]receiver:[00:00:00:00:00:00 192.168.3.246]
01-01 08:00:34.624 W/ ( 0): [0 T1467 .s] [SP FRAME TX] arp req,vif_idx:0 sender:[1c:79:2d:20:62:b5 192.168.3.222]receiver:[00:00:00:00:00:00 192.168.3.247]
01-01 08:00:34.626 W/ ( 0): [0 T1467 .s] [SP FRAME TX] arp req,vif_idx:0 sender:[1c:79:2d:20:62:b5 192.168.3.222]receiver:[00:00:00:00:00:00 192.168.3.248]
01-01 08:00:34.627 W/ ( 0): [0 T1467 .s] [SP FRAME TX] arp req,vif_idx:0 sender:[1c:79:2d:20:62:b5 192.168.3.222]receiver:[00:00:00:00:00:00 192.168.3.249]
01-01 08:00:34.629 W/ ( 0): [0 T1467 .s] [SP FRAME TX] arp req,vif_idx:0 sender:[1c:79:2d:20:62:b5 192.168.3.222]receiver:[00:00:00:00:00:00 192.168.3.250]
01-01 08:00:34.630 W/ ( 0): [0 T1467 .s] [SP FRAME TX] arp req,vif_idx:0 sender:[1c:79:2d:20:62:b5 192.168.3.222]receiver:[00:00:00:00:00:00 192.168.3.251]
01-01 08:00:34.632 W/ ( 0): [0 T1467 .s] [SP FRAME TX] arp req,vif_idx:0 sender:[1c:79:2d:20:62:b5 192.168.3.222]receiver:[00:00:00:00:00:00 192.168.3.252]
01-01 08:00:34.633 W/ ( 0): [0 T1467 .s] [SP FRAME TX] arp req,vif_idx:0 sender:[1c:79:2d:20:62:b5 192.168.3.222]receiver:[00:00:00:00:00:00 192.168.3.253]
01-01 08:00:34.635 W/ ( 0): [0 T1467 .s] [SP FRAME TX] arp req,vif_idx:0 sender:[1c:79:2d:20:62:b5 192.168.3.222]receiver:[00:00:00:00:00:00 192.168.3.254]
01-01 08:00:34.639 W/ ( 0): [0 T13 .s] [SP FRAME TX] arp rsp,vif_idx:0 sender:[1c:79:2d:20:62:b5 192.168.3.222]receiver:[76:8b:05:2a:8a:ab 192.168.3.94]
01-01 08:00:34.639 W/ ( 0): [0 T13 .s] [SP FRAME TX] arp rsp,vif_idx:0 sender:[1c:79:2d:20:62:b5 192.168.3.222]receiver:[76:8b:05:2a:8a:ab 192.168.3.94]
05-31 18:43:11.405 D/bluetooth( 1032): packages/modules/Bluetooth/system/stack/arbiter/acl_arbiter.cc:96 InterceptAttPacket: Intercepting ATT packet and forwarding to Rust
05-31 18:43:11.405 I/bluetooth( 1032): packages/modules/Bluetooth/system/stack/gatt/gatt_sr.cc:839 gatts_process_mtu_req: MTU 247 request from remote (e4:bb:d3:57:c0:82), resulted MTU 247
05-31 18:43:11.405 I/bt_btm_ble( 1032): packages/modules/Bluetooth/system/stack/btm/btm_ble.cc:620 BTM_SetBleDataLength: xx:xx:xx:xx:c0:82, 251
05-31 18:43:11.405 D/bt_shim_hci( 1032): packages/modules/Bluetooth/system/main/shim/hci_layer.cc:367 transmit_command: Sending command LE_SET_DATA_LENGTH
05-31 18:43:11.405 D/bluetooth( 1032): packages/modules/Bluetooth/system/stack/gatt/att_protocol.cc:455 attp_send_sr_msg: Sending server response or indication message to client
05-31 18:43:11.405 D/bluetooth( 1032): packages/modules/Bluetooth/system/stack/gatt/att_protocol.cc:378 attp_send_msg_to_l2cap: Sending ATT message on att fixed channel
05-31 18:43:11.405 D/bt_l2cap( 1032): packages/modules/Bluetooth/system/stack/l2cap/l2c_api.cc:1469 L2CA_SendFixedChnlData: Enqueued data for CID: 0x0004 len:3
05-31 18:43:11.405 D/l2c_link( 1032): packages/modules/Bluetooth/system/stack/l2cap/l2c_link.cc:1103 l2c_link_send_to_lower_ble: TotalWin=1,Hndl=0x10,Quota=2,Unack=1,RRQuota=0,RRUnack=0
05-31 18:43:11.405 I/bt_l2cap( 1032): packages/modules/Bluetooth/system/main/bte_logmsg.cc:115 LogMsg: l2cu_no_dynamic_ccbs NO IDLE timeout set for fixed cid 0x0004
05-31 18:43:11.405 I/bt_l2cap( 1032): packages/modules/Bluetooth/system/main/bte_logmsg.cc:115 LogMsg: l2cu_no_dynamic_ccbs() with_active_local_clients=1
05-31 18:43:11.405 D/bluetooth( 1032): packages/modules/Bluetooth/system/stack/arbiter/acl_arbiter.cc:117 OnIncomingMtuReq: Notifying Rust of incoming MTU request 247
05-31 18:43:11.405 W/bt_stack( 1032): [WARNING:gatt_utils.cc(831)] Call back not found for application conn_id=3
05-31 18:43:11.405 W/bt_stack( 1032): [WARNING:gatt_utils.cc(831)] Call back not found for application conn_id=4
05-31 18:43:11.405 W/bt_stack( 1032): [WARNING:gatt_utils.cc(831)] Call back not found for application conn_id=5
01-01 08:00:34.659 W/ ( 0): [2 T1063 ..] [SP FRAME RX] arp rsp,vif_idx:0 sender:[68:34:21:0a:65:7c 192.168.3.181]receiver:[1c:79:2d:20:62:b5 192.168.3.222]
01-01 08:00:34.660 W/ ( 0): [2 T1063 ..] [SP FRAME RX] arp rsp,vif_idx:0 sender:[4a:ed:2e:27:67:2f 192.168.3.182]receiver:[1c:79:2d:20:62:b5 192.168.3.222]
01-01 08:00:34.661 W/ ( 0): [2 T1063 ..] [SP FRAME RX] arp rsp,vif_idx:0 sender:[96:c4:6d:6e:38:33 192.168.3.188]receiver:[1c:79:2d:20:62:b5 192.168.3.222]
01-01 08:00:34.663 W/ ( 0): [2 T1063 ..] [SP FRAME RX] arp rsp,vif_idx:0 sender:[76:4b:54:58:65:26 192.168.3.192]receiver:[1c:79:2d:20:62:b5 192.168.3.222]
01-01 08:00:34.665 W/ ( 0): [2 T1063 ..] [SP FRAME RX] arp rsp,vif_idx:0 sender:[98:bd:80:22:18:34 192.168.3.194]receiver:[1c:79:2d:20:62:b5 192.168.3.222]
01-01 08:00:34.689 W/ ( 0): [2 T1063 ..] [SP FRAME RX] arp rsp,vif_idx:0 sender:[04:cf:4b:ce:ed:9d 192.168.3.196]receiver:[1c:79:2d:20:62:b5 192.168.3.222]
01-01 08:00:34.692 W/ ( 0): [2 T1063 ..] [SP FRAME RX] arp rsp,vif_idx:0 sender:[64:9e:31:12:3b:4e 192.168.3.202]receiver:[1c:79:2d:20:62:b5 192.168.3.222]
01-01 08:00:34.693 W/ ( 0): [2 T1063 ..] [SP FRAME RX] arp rsp,vif_idx:0 sender:[28:7b:11:70:77:1b 192.168.3.203]receiver:[1c:79:2d:20:62:b5 192.168.3.222]
01-01 08:00:34.698 W/ ( 0): [2 T1063 ..] [SP FRAME RX] arp rsp,vif_idx:0 sender:[c2:07:3d:a6:ee:3e 192.168.3.206]receiver:[1c:79:2d:20:62:b5 192.168.3.222]
01-01 08:00:34.699 W/ ( 0): [2 T1063 ..] [SP FRAME RX] arp rsp,vif_idx:0 sender:[92:c8:7a:73:1d:bb 192.168.3.209]receiver:[1c:79:2d:20:62:b5 192.168.3.222]
01-01 08:00:34.701 W/ ( 0): [2 T1063 ..] [SP FRAME RX] arp rsp,vif_idx:0 sender:[28:48:e7:f0:76:bd 192.168.3.210]receiver:[1c:79:2d:20:62:b5 192.168.3.222]
01-01 08:00:34.702 W/ ( 0): [2 T1063 ..] [SP FRAME RX] arp rsp,vif_idx:0 sender:[7e:77:3d:13:73:75 192.168.3.211]receiver:[1c:79:2d:20:62:b5 192.168.3.222]
01-01 08:00:34.704 W/ ( 0): [2 T1063 ..] [SP FRAME RX] arp rsp,vif_idx:0 sender:[4c:44:5b:65:15:71 192.168.3.213]receiver:[1c:79:2d:20:62:b5 192.168.3.222]
05-31 18:43:11.484 I/rainbow_flow( 2191): type=1400 audit(0.0:886): avc: denied { ioctl } for path="/dev/spidev1.0" dev="tmpfs" ino=549 ioctlcmd=0x6b00 scontext=u:r:init:s0 tcontext=u:object_r:device:s0 tclass=chr_file permissive=1
05-31 18:43:11.503 E/raop ( 2105): JavaCallback init
05-31 18:43:11.525 D/bluetooth( 1032): packages/modules/Bluetooth/system/stack/arbiter/acl_arbiter.cc:96 InterceptAttPacket: Intercepting ATT packet and forwarding to Rust
05-31 18:43:11.525 D/bluetooth( 1032): packages/modules/Bluetooth/system/stack/gatt/gatt_attr.cc:579 gatt_cl_op_cmpl_cback: Not interested in opcode 6
01-01 08:00:34.768 W/ ( 0): [2 T1063 ..] [SP FRAME RX] arp rsp,vif_idx:0 sender:[06:5f:4a:05:28:39 192.168.3.215]receiver:[1c:79:2d:20:62:b5 192.168.3.222]
01-01 08:00:34.769 W/ ( 0): [2 T1063 ..] [SP FRAME RX] arp rsp,vif_idx:0 sender:[22:f2:59:c2:cd:17 192.168.3.216]receiver:[1c:79:2d:20:62:b5 192.168.3.222]
01-01 08:00:34.770 W/ ( 0): [2 T1063 ..] [SP FRAME RX] arp rsp,vif_idx:0 sender:[68:58:a0:ea:3e:b8 192.168.3.218]receiver:[1c:79:2d:20:62:b5 192.168.3.222]
01-01 08:00:34.772 W/ ( 0): [2 T1063 ..] [SP FRAME RX] arp rsp,vif_idx:0 sender:[64:c7:53:e7:92:4a 192.168.3.219]receiver:[1c:79:2d:20:62:b5 192.168.3.222]
01-01 08:00:34.776 W/ ( 0): [2 T1063 ..] [SP FRAME RX] arp rsp,vif_idx:0 sender:[f2:4a:2e:d3:35:12 192.168.3.220]receiver:[1c:79:2d:20:62:b5 192.168.3.222]
01-01 08:00:34.777 W/ ( 0): [2 T1063 ..] [SP FRAME RX] arp rsp,vif_idx:0 sender:[42:87:91:b7:6d:20 192.168.3.224]receiver:[1c:79:2d:20:62:b5 192.168.3.222]
01-01 08:00:34.782 W/ ( 0): [2 T1063 ..] [SP FRAME RX] arp rsp,vif_idx:0 sender:[52:f1:78:5e:2c:3c 192.168.3.225]receiver:[1c:79:2d:20:62:b5 192.168.3.222]
01-01 08:00:34.793 W/ ( 0): [2 T1063 ..] [SP FRAME RX] arp rsp,vif_idx:0 sender:[d4:f0:ea:14:10:93 192.168.3.226]receiver:[1c:79:2d:20:62:b5 192.168.3.222]
01-01 08:00:34.800 W/ ( 0): [2 T1063 ..] [SP FRAME RX] arp rsp,vif_idx:0 sender:[c0:b8:83:0f:05:0f 192.168.3.231]receiver:[1c:79:2d:20:62:b5 192.168.3.222]
01-01 08:00:34.803 W/ ( 0): [2 T1063 ..] [SP FRAME RX] arp rsp,vif_idx:0 sender:[ec:8e:77:4b:2d:7d 192.168.3.233]receiver:[1c:79:2d:20:62:b5 192.168.3.222]
01-01 08:00:34.805 W/ ( 0): [2 T1063 ..] [SP FRAME RX] arp rsp,vif_idx:0 sender:[44:37:0b:0d:07:cd 192.168.3.234]receiver:[1c:79:2d:20:62:b5 192.168.3.222]
01-01 08:00:34.806 W/ ( 0): [2 T1063 ..] [SP FRAME RX] arp rsp,vif_idx:0 sender:[98:bd:80:20:4f:04 192.168.3.239]receiver:[1c:79:2d:20:62:b5 192.168.3.222]
01-01 08:00:34.808 W/ ( 0): [2 T1063 ..] [SP FRAME RX] arp rsp,vif_idx:0 sender:[b6:b2:bd:b6:63:3a 192.168.3.228]receiver:[1c:79:2d:20:62:b5 192.168.3.222]
01-01 08:00:34.809 W/ ( 0): [2 T1063 ..] [SP FRAME RX] arp rsp,vif_idx:0 sender:[08:71:90:3f:8c:20 192.168.3.245]receiver:[1c:79:2d:20:62:b5 192.168.3.222]
01-01 08:00:34.814 W/ ( 0): [2 T1063 ..] [SP FRAME RX] arp rsp,vif_idx:0 sender:[b2:22:60:60:20:0c 192.168.3.230]receiver:[1c:79:2d:20:62:b5 192.168.3.222]
01-01 08:00:34.816 W/ ( 0): [2 T1063 ..] [SP FRAME RX] arp rsp,vif_idx:0 sender:[62:e6:cb:ad:3a:47 192.168.3.235]receiver:[1c:79:2d:20:62:b5 192.168.3.222]
01-01 08:00:34.833 W/ ( 0): [2 T1063 ..] [SP FRAME RX] arp rsp,vif_idx:0 sender:[a6:8b:d2:cd:fe:9a 192.168.3.236]receiver:[1c:79:2d:20:62:b5 192.168.3.222]
01-01 08:00:34.834 W/ ( 0): [2 T1063 ..] [SP FRAME RX] arp rsp,vif_idx:0 sender:[f0:a6:54:29:d5:2f 192.168.3.237]receiver:[1c:79:2d:20:62:b5 192.168.3.222]
01-01 08:00:34.842 W/ ( 0): [2 T1063 ..] [SP FRAME RX] arp rsp,vif_idx:0 sender:[0a:f9:80:1f:17:10 192.168.3.238]receiver:[1c:79:2d:20:62:b5 192.168.3.222]
01-01 08:00:34.848 W/ ( 0): [2 T1063 ..] [SP FRAME RX] arp rsp,vif_idx:0 sender:[c8:5e:a9:73:41:6e 192.168.3.240]receiver:[1c:79:2d:20:62:b5 192.168.3.222]
01-01 08:00:34.849 W/ ( 0): [2 T1063 ..] [SP FRAME RX] arp rsp,vif_idx:0 sender:[9c:da:3e:c9:e7:94 192.168.3.242]receiver:[1c:79:2d:20:62:b5 192.168.3.222]
01-01 08:00:34.851 W/ ( 0): [2 T1063 ..] [SP FRAME RX] arp rsp,vif_idx:0 sender:[f8:5e:a0:2d:d4:3a 192.168.3.244]receiver:[1c:79:2d:20:62:b5 192.168.3.222]
01-01 08:00:34.852 W/ ( 0): [2 T1063 ..] [SP FRAME RX] arp rsp,vif_idx:0 sender:[72:88:cd:46:44:3d 192.168.3.246]receiver:[1c:79:2d:20:62:b5 192.168.3.222]
01-01 08:00:34.854 W/ ( 0): [2 T1063 ..] [SP FRAME RX] arp rsp,vif_idx:0 sender:[7a:b3:5c:41:db:f6 192.168.3.247]receiver:[1c:79:2d:20:62:b5 192.168.3.222]
01-01 08:00:34.855 W/ ( 0): [2 T1063 ..] [SP FRAME RX] arp rsp,vif_idx:0 sender:[20:57:9e:67:7f:db 192.168.3.248]receiver:[1c:79:2d:20:62:b5 192.168.3.222]
01-01 08:00:34.857 W/ ( 0): [2 T1063 ..] [SP FRAME RX] arp rsp,vif_idx:0 sender:[02:91:37:fc:9e:f6 192.168.3.249]receiver:[1c:79:2d:20:62:b5 192.168.3.222]
01-01 08:00:34.858 W/ ( 0): [2 T1063 ..] [SP FRAME RX] arp rsp,vif_idx:0 sender:[c8:5e:a9:73:7c:ce 192.168.3.250]receiver:[1c:79:2d:20:62:b5 192.168.3.222]
01-01 08:00:34.860 W/ ( 0): [2 T1063 ..] [SP FRAME RX] arp rsp,vif_idx:0 sender:[ac:82:47:86:4a:4d 192.168.3.252]receiver:[1c:79:2d:20:62:b5 192.168.3.222]
01-01 08:00:34.861 W/ ( 0): [2 T1063 ..] [SP FRAME RX] arp rsp,vif_idx:0 sender:[26:7e:a7:05:94:03 192.168.3.254]receiver:[1c:79:2d:20:62:b5 192.168.3.222]
05-31 18:43:11.633 E/dangbei111( 1421): cccccc 检查遥控器是否连接: Dangbei E4:BB:D3:57:C0:82
05-31 18:43:11.636 E/dangbei111( 1421): cccccc 检查遥控器是否连接: 蓝牙的结果 Dangbei E4:BB:D3:57:C0:82 true
05-31 18:43:11.636 E/dangbei111( 1421): cccccc input中没有遥控器存在
05-31 18:43:11.636 E/dangbei111( 1421): cccccc 蓝牙状态连接 开启30s check任务
05-31 18:43:11.639 E/dangbei111( 1421): cccccc 开始扫描
05-31 18:43:11.639 D/BluetoothAdapter( 1421): isLeEnabled(): ON
05-31 18:43:11.641 E/dangbei111( 1421): cccccc 开始扫描
05-31 18:43:11.641 D/BluetoothAdapter( 1421): isLeEnabled(): ON
05-31 18:43:11.654 I/resolv ( 469): GetAddrInfoHandler::run: {100 786532 100 983140 1000 0}
05-31 18:43:11.655 I/resolv ( 469): res_nmkquery: (QUERY, IN, A)
05-31 18:43:11.655 I/resolv ( 469): resolv_cache_lookup: FOUND IN CACHE entry=0xead86910
05-31 18:43:11.655 I/resolv ( 469): doQuery: rcode=0, ancount=17, return value=504
05-31 18:43:11.659 D/TrafficStats( 1467): tagSocket(77) with statsTag=0xffffffff, statsUid=-1
05-31 18:43:11.685 D/bluetooth( 1032): packages/modules/Bluetooth/system/stack/arbiter/acl_arbiter.cc:96 InterceptAttPacket: Intercepting ATT packet and forwarding to Rust
05-31 18:43:11.685 D/bluetooth( 1032): packages/modules/Bluetooth/system/stack/gatt/gatt_attr.cc:579 gatt_cl_op_cmpl_cback: Not interested in opcode 6
01-01 08:00:35.017 W/ ( 0): [2 T0 .s] [SP FRAME TX] arp req,vif_idx:0 sender:[1c:79:2d:20:62:b5 192.168.3.222]receiver:[00:00:00:00:00:00 192.168.3.6]
01-01 08:00:35.017 W/ ( 0): [2 T0 .s] [SP FRAME TX] arp req,vif_idx:0 sender:[1c:79:2d:20:62:b5 192.168.3.222]receiver:[00:00:00:00:00:00 192.168.3.4]
01-01 08:00:35.048 W/ ( 0): [3 T0 .s] [SP FRAME TX] arp req,vif_idx:0 sender:[1c:79:2d:20:62:b5 192.168.3.222]receiver:[00:00:00:00:00:00 192.168.3.18]
01-01 08:00:35.049 W/ ( 0): [3 T0 .s] [SP FRAME TX] arp req,vif_idx:0 sender:[1c:79:2d:20:62:b5 192.168.3.222]receiver:[00:00:00:00:00:00 192.168.3.17]
01-01 08:00:35.051 W/ ( 0): [3 T0 .s] [SP FRAME TX] arp req,vif_idx:0 sender:[1c:79:2d:20:62:b5 192.168.3.222]receiver:[00:00:00:00:00:00 192.168.3.16]
01-01 08:00:35.052 W/ ( 0): [3 T0 .s] [SP FRAME TX] arp req,vif_idx:0 sender:[1c:79:2d:20:62:b5 192.168.3.222]receiver:[00:00:00:00:00:00 192.168.3.7]
01-01 08:00:35.080 W/ ( 0): [3 T0 .s] [SP FRAME TX] arp req,vif_idx:0 sender:[1c:79:2d:20:62:b5 192.168.3.222]receiver:[00:00:00:00:00:00 192.168.3.23]
05-31 18:43:11.845 D/bluetooth( 1032): packages/modules/Bluetooth/system/stack/arbiter/acl_arbiter.cc:96 InterceptAttPacket: Intercepting ATT packet and forwarding to Rust
05-31 18:43:11.845 D/bluetooth( 1032): packages/modules/Bluetooth/system/stack/gatt/gatt_attr.cc:579 gatt_cl_op_cmpl_cback: Not interested in opcode 6
01-01 08:00:35.116 W/ ( 0): [3 T0 .s] [SP FRAME TX] arp req,vif_idx:0 sender:[1c:79:2d:20:62:b5 192.168.3.222]receiver:[00:00:00:00:00:00 192.168.3.38]
01-01 08:00:35.117 W/ ( 0): [3 T0 .s] [SP FRAME TX] arp req,vif_idx:0 sender:[1c:79:2d:20:62:b5 192.168.3.222]receiver:[00:00:00:00:00:00 192.168.3.37]
01-01 08:00:35.119 W/ ( 0): [3 T0 .s] [SP FRAME TX] arp req,vif_idx:0 sender:[1c:79:2d:20:62:b5 192.168.3.222]receiver:[00:00:00:00:00:00 192.168.3.36]
01-01 08:00:35.121 W/ ( 0): [3 T0 .s] [SP FRAME TX] arp req,vif_idx:0 sender:[1c:79:2d:20:62:b5 192.168.3.222]receiver:[00:00:00:00:00:00 192.168.3.33]
01-01 08:00:35.122 W/ ( 0): [3 T0 .s] [SP FRAME TX] arp req,vif_idx:0 sender:[1c:79:2d:20:62:b5 192.168.3.222]receiver:[00:00:00:00:00:00 192.168.3.32]
01-01 08:00:35.144 W/ ( 0): [3 T0 .s] [SP FRAME TX] arp req,vif_idx:0 sender:[1c:79:2d:20:62:b5 192.168.3.222]receiver:[00:00:00:00:00:00 192.168.3.51]
01-01 08:00:35.145 W/ ( 0): [3 T0 .s] [SP FRAME TX] arp req,vif_idx:0 sender:[1c:79:2d:20:62:b5 192.168.3.222]receiver:[00:00:00:00:00:00 192.168.3.50]
01-01 08:00:35.147 W/ ( 0): [3 T0 .s] [SP FRAME TX] arp req,vif_idx:0 sender:[1c:79:2d:20:62:b5 192.168.3.222]receiver:[00:00:00:00:00:00 192.168.3.48]
01-01 08:00:35.148 W/ ( 0): [3 T0 .s] [SP FRAME TX] arp req,vif_idx:0 sender:[1c:79:2d:20:62:b5 192.168.3.222]receiver:[00:00:00:00:00:00 192.168.3.47]
01-01 08:00:35.150 W/ ( 0): [2 T1063 ..] [SP FRAME RX] arp req,vif_idx:0 sender:[ba:99:f6:fc:ac:38 192.168.3.132]receiver:[1c:79:2d:20:62:b5 192.168.3.222]
01-01 08:00:35.150 W/ ( 0): [3 T0 .s] [SP FRAME TX] arp req,vif_idx:0 sender:[1c:79:2d:20:62:b5 192.168.3.222]receiver:[00:00:00:00:00:00 192.168.3.44]
01-01 08:00:35.153 W/ ( 0): [3 T0 .s] [SP FRAME TX] arp rsp,vif_idx:0 sender:[1c:79:2d:20:62:b5 192.168.3.222]receiver:[ba:99:f6:fc:ac:38 192.168.3.132]
01-01 08:00:35.156 W/ ( 0): [2 T1063 ..] [SP FRAME RX] arp req,vif_idx:0 sender:[62:77:26:21:8d:8b 192.168.3.191]receiver:[1c:79:2d:20:62:b5 192.168.3.222]
01-01 08:00:35.157 W/ ( 0): [2 T1063 ..] [SP FRAME TX] arp rsp,vif_idx:0 sender:[1c:79:2d:20:62:b5 192.168.3.222]receiver:[62:77:26:21:8d:8b 192.168.3.191]
05-31 18:43:11.933 W/BroadcastLoopers( 719): Found previously unknown looper Thread[PackageManager,5,main]
01-01 08:00:35.177 W/ ( 0): [3 T1829 .s] [SP FRAME TX] arp req,vif_idx:0 sender:[1c:79:2d:20:62:b5 192.168.3.222]receiver:[00:00:00:00:00:00 192.168.3.80]
01-01 08:00:35.178 W/ ( 0): [3 T1829 .s] [SP FRAME TX] arp req,vif_idx:0 sender:[1c:79:2d:20:62:b5 192.168.3.222]receiver:[00:00:00:00:00:00 192.168.3.77]
01-01 08:00:35.179 W/ ( 0): [3 T1829 .s] [SP FRAME TX] arp req,vif_idx:0 sender:[1c:79:2d:20:62:b5 192.168.3.222]receiver:[00:00:00:00:00:00 192.168.3.75]
01-01 08:00:35.181 W/ ( 0): [3 T1829 .s] [SP FRAME TX] arp req,vif_idx:0 sender:[1c:79:2d:20:62:b5 192.168.3.222]receiver:[00:00:00:00:00:00 192.168.3.69]
01-01 08:00:35.182 W/ ( 0): [3 T1829 .s] [SP FRAME TX] arp req,vif_idx:0 sender:[1c:79:2d:20:62:b5 192.168.3.222]receiver:[00:00:00:00:00:00 192.168.3.64]
05-31 18:43:11.945 I/bt_l2cap( 1032): packages/modules/Bluetooth/system/main/bte_logmsg.cc:115 LogMsg: L2CA_AdjustConnectionIntervals: requested min_interval=8 too small. Set to 9
05-31 18:43:11.945 I/bt_l2cap( 1032): packages/modules/Bluetooth/system/main/bte_logmsg.cc:115 LogMsg: L2CA_AdjustConnectionIntervals: requested max_interval=8 too small. Set to 9
05-31 18:43:11.945 D/l2c_link( 1032): packages/modules/Bluetooth/system/stack/l2cap/l2c_link.cc:1103 l2c_link_send_to_lower_ble: TotalWin=1,Hndl=0x10,Quota=2,Unack=1,RRQuota=0,RRUnack=0
05-31 18:43:11.945 I/bt_btm ( 1032): packages/modules/Bluetooth/system/main/bte_logmsg.cc:112 LogMsg: btm_find_or_alloc_dev
05-31 18:43:11.945 D/bt_shim_hci( 1032): packages/modules/Bluetooth/system/main/shim/hci_layer.cc:367 transmit_command: Sending command LE_CONNECTION_UPDATE
05-31 18:43:11.948 W/Searchables( 719): No global search activity found
05-31 18:43:11.958 V/MediaPlayerList( 1032): mPackageChangedBroadcastReceiver: action: android.intent.action.PACKAGE_CHANGED
01-01 08:00:35.199 W/ ( 0): [2 T1063 ..] [SP FRAME RX] arp req,vif_idx:0 sender:[46:6e:34:82:e0:0a 192.168.3.118]receiver:[1c:79:2d:20:62:b5 192.168.3.222]
01-01 08:00:35.200 W/ ( 0): [2 T1063 ..] [SP FRAME TX] arp rsp,vif_idx:0 sender:[1c:79:2d:20:62:b5 192.168.3.222]receiver:[46:6e:34:82:e0:0a 192.168.3.118]
05-31 18:43:11.960 W/BroadcastLoopers( 719): Found previously unknown looper Thread[android.bg,5,main]
05-31 18:43:11.961 I/InputReader( 719): Reconfiguring input devices, changes=KEYBOARD_LAYOUTS
05-31 18:43:11.969 W/VoiceInteractionManager( 719): no available voice recognition services found for user 0
01-01 08:00:35.203 W/ ( 0): [2 T1063 ..] [SP FRAME RX] arp req,vif_idx:0 sender:[1e:46:04:55:bb:4a 192.168.3.67]receiver:[00:00:00:00:00:00 192.168.3.222]
01-01 08:00:35.204 W/ ( 0): [2 T1063 ..] [SP FRAME TX] arp rsp,vif_idx:0 sender:[1c:79:2d:20:62:b5 192.168.3.222]receiver:[1e:46:04:55:bb:4a 192.168.3.67]
01-01 08:00:35.209 W/ ( 0): [2 T1829 ..] [SP FRAME TX] arp req,vif_idx:0 sender:[1c:79:2d:20:62:b5 192.168.3.222]receiver:[00:00:00:00:00:00 192.168.3.100]
01-01 08:00:35.209 W/ ( 0): [2 T1829 ..] [SP FRAME TX] arp req,vif_idx:0 sender:[1c:79:2d:20:62:b5 192.168.3.222]receiver:[00:00:00:00:00:00 192.168.3.96]
01-01 08:00:35.211 W/ ( 0): [2 T1829 ..] [SP FRAME TX] arp req,vif_idx:0 sender:[1c:79:2d:20:62:b5 192.168.3.222]receiver:[00:00:00:00:00:00 192.168.3.92]
01-01 08:00:35.213 W/ ( 0): [2 T1829 ..] [SP FRAME TX] arp req,vif_idx:0 sender:[1c:79:2d:20:62:b5 192.168.3.222]receiver:[00:00:00:00:00:00 192.168.3.82]
01-01 08:00:35.214 W/ ( 0): [2 T1829 ..] [SP FRAME TX] arp req,vif_idx:0 sender:[1c:79:2d:20:62:b5 192.168.3.222]receiver:[00:00:00:00:00:00 192.168.3.81]
05-31 18:43:11.976 I/PermissionControllerServiceImpl( 1826): Updating user sensitive for uid 10069
05-31 18:43:11.985 D/bluetooth( 1032): packages/modules/Bluetooth/system/stack/arbiter/acl_arbiter.cc:96 InterceptAttPacket: Intercepting ATT packet and forwarding to Rust
05-31 18:43:11.985 D/bluetooth( 1032): packages/modules/Bluetooth/system/stack/gatt/gatt_attr.cc:579 gatt_cl_op_cmpl_cback: Not interested in opcode 6
05-31 18:43:12.003 D/TrafficStats( 2105): tagSocket(174) with statsTag=0xffffffff, statsUid=-1
01-01 08:00:35.244 W/ ( 0): [3 T0 .s] [SP FRAME TX] arp req,vif_idx:0 sender:[1c:79:2d:20:62:b5 192.168.3.222]receiver:[00:00:00:00:00:00 192.168.3.114]
01-01 08:00:35.245 W/ ( 0): [3 T0 .s] [SP FRAME TX] arp req,vif_idx:0 sender:[1c:79:2d:20:62:b5 192.168.3.222]receiver:[00:00:00:00:00:00 192.168.3.111]
01-01 08:00:35.247 W/ ( 0): [3 T0 .s] [SP FRAME TX] arp req,vif_idx:0 sender:[1c:79:2d:20:62:b5 192.168.3.222]receiver:[00:00:00:00:00:00 192.168.3.109]
01-01 08:00:35.249 W/ ( 0): [3 T0 .s] [SP FRAME TX] arp req,vif_idx:0 sender:[1c:79:2d:20:62:b5 192.168.3.222]receiver:[00:00:00:00:00:00 192.168.3.106]
01-01 08:00:35.250 W/ ( 0): [3 T0 .s] [SP FRAME TX] arp req,vif_idx:0 sender:[1c:79:2d:20:62:b5 192.168.3.222]receiver:[00:00:00:00:00:00 192.168.3.105]
01-01 08:00:35.276 W/ ( 0): [3 T2396 .s] [SP FRAME TX] arp req,vif_idx:0 sender:[1c:79:2d:20:62:b5 192.168.3.222]receiver:[00:00:00:00:00:00 192.168.3.129]
01-01 08:00:35.277 W/ ( 0): [3 T2396 .s] [SP FRAME TX] arp req,vif_idx:0 sender:[1c:79:2d:20:62:b5 192.168.3.222]receiver:[00:00:00:00:00:00 192.168.3.128]
01-01 08:00:35.279 W/ ( 0): [3 T2396 .s] [SP FRAME TX] arp req,vif_idx:0 sender:[1c:79:2d:20:62:b5 192.168.3.222]receiver:[00:00:00:00:00:00 192.168.3.127]
01-01 08:00:35.281 W/ ( 0): [3 T2396 .s] [SP FRAME TX] arp req,vif_idx:0 sender:[1c:79:2d:20:62:b5 192.168.3.222]receiver:[00:00:00:00:00:00 192.168.3.125]
01-01 08:00:35.282 W/ ( 0): [3 T2396 .s] [SP FRAME TX] arp req,vif_idx:0 sender:[1c:79:2d:20:62:b5 192.168.3.222]receiver:[00:00:00:00:00:00 192.168.3.123]
01-01 08:00:35.284 W/ ( 0): [3 T2396 .s] [SP FRAME TX] arp req,vif_idx:0 sender:[1c:79:2d:20:62:b5 192.168.3.222]receiver:[00:00:00:00:00:00 192.168.3.121]
01-01 08:00:35.304 W/ ( 0): [1 T2416 .s] [SP FRAME TX] arp req,vif_idx:0 sender:[1c:79:2d:20:62:b5 192.168.3.222]receiver:[00:00:00:00:00:00 192.168.3.134]
01-01 08:00:35.305 W/ ( 0): [1 T2416 .s] [SP FRAME TX] arp req,vif_idx:0 sender:[1c:79:2d:20:62:b5 192.168.3.222]receiver:[00:00:00:00:00:00 192.168.3.253]
01-01 08:00:35.307 W/ ( 0): [1 T2416 .s] [SP FRAME TX] arp req,vif_idx:0 sender:[1c:79:2d:20:62:b5 192.168.3.222]receiver:[00:00:00:00:00:00 192.168.3.251]
01-01 08:00:35.308 W/ ( 0): [1 T2416 .s] [SP FRAME TX] arp req,vif_idx:0 sender:[1c:79:2d:20:62:b5 192.168.3.222]receiver:[00:00:00:00:00:00 192.168.3.243]
01-01 08:00:35.310 W/ ( 0): [1 T2416 .s] [SP FRAME TX] arp req,vif_idx:0 sender:[1c:79:2d:20:62:b5 192.168.3.222]receiver:[00:00:00:00:00:00 192.168.3.241]
01-01 08:00:35.312 W/ ( 0): [1 T2416 .s] [SP FRAME TX] arp req,vif_idx:0 sender:[1c:79:2d:20:62:b5 192.168.3.222]receiver:[00:00:00:00:00:00 192.168.3.232]
01-01 08:00:35.313 W/ ( 0): [1 T2416 .s] [SP FRAME TX] arp req,vif_idx:0 sender:[1c:79:2d:20:62:b5 192.168.3.222]receiver:[00:00:00:00:00:00 192.168.3.229]
01-01 08:00:35.315 W/ ( 0): [1 T2416 .s] [SP FRAME TX] arp req,vif_idx:0 sender:[1c:79:2d:20:62:b5 192.168.3.222]receiver:[00:00:00:00:00:00 192.168.3.227]
01-01 08:00:35.316 W/ ( 0): [1 T2416 .s] [SP FRAME TX] arp req,vif_idx:0 sender:[1c:79:2d:20:62:b5 192.168.3.222]receiver:[00:00:00:00:00:00 192.168.3.223]
01-01 08:00:35.318 W/ ( 0): [1 T2416 .s] [SP FRAME TX] arp req,vif_idx:0 sender:[1c:79:2d:20:62:b5 192.168.3.222]receiver:[00:00:00:00:00:00 192.168.3.221]
01-01 08:00:35.319 W/ ( 0): [1 T2416 .s] [SP FRAME TX] arp req,vif_idx:0 sender:[1c:79:2d:20:62:b5 192.168.3.222]receiver:[00:00:00:00:00:00 192.168.3.217]
01-01 08:00:35.321 W/ ( 0): [1 T2416 .s] [SP FRAME TX] arp req,vif_idx:0 sender:[1c:79:2d:20:62:b5 192.168.3.222]receiver:[00:00:00:00:00:00 192.168.3.214]
01-01 08:00:35.323 W/ ( 0): [1 T2416 .s] [SP FRAME TX] arp req,vif_idx:0 sender:[1c:79:2d:20:62:b5 192.168.3.222]receiver:[00:00:00:00:00:00 192.168.3.212]
01-01 08:00:35.324 W/ ( 0): [1 T2416 .s] [SP FRAME TX] arp req,vif_idx:0 sender:[1c:79:2d:20:62:b5 192.168.3.222]receiver:[00:00:00:00:00:00 192.168.3.208]
01-01 08:00:35.326 W/ ( 0): [1 T2416 .s] [SP FRAME TX] arp req,vif_idx:0 sender:[1c:79:2d:20:62:b5 192.168.3.222]receiver:[00:00:00:00:00:00 192.168.3.204]
01-01 08:00:35.327 W/ ( 0): [1 T2416 .s] [SP FRAME TX] arp req,vif_idx:0 sender:[1c:79:2d:20:62:b5 192.168.3.222]receiver:[00:00:00:00:00:00 192.168.3.200]
01-01 08:00:35.329 W/ ( 0): [1 T2416 .s] [SP FRAME TX] arp req,vif_idx:0 sender:[1c:79:2d:20:62:b5 192.168.3.222]receiver:[00:00:00:00:00:00 192.168.3.197]
01-01 08:00:35.330 W/ ( 0): [1 T2416 .s] [SP FRAME TX] arp req,vif_idx:0 sender:[1c:79:2d:20:62:b5 192.168.3.222]receiver:[00:00:00:00:00:00 192.168.3.195]
01-01 08:00:35.332 W/ ( 0): [1 T2416 .s] [SP FRAME TX] arp req,vif_idx:0 sender:[1c:79:2d:20:62:b5 192.168.3.222]receiver:[00:00:00:00:00:00 192.168.3.189]
01-01 08:00:35.333 W/ ( 0): [1 T2416 .s] [SP FRAME TX] arp req,vif_idx:0 sender:[1c:79:2d:20:62:b5 192.168.3.222]receiver:[00:00:00:00:00:00 192.168.3.187]
01-01 08:00:35.335 W/ ( 0): [1 T2416 .s] [SP FRAME TX] arp req,vif_idx:0 sender:[1c:79:2d:20:62:b5 192.168.3.222]receiver:[00:00:00:00:00:00 192.168.3.183]
01-01 08:00:35.337 W/ ( 0): [1 T2416 .s] [SP FRAME TX] arp req,vif_idx:0 sender:[1c:79:2d:20:62:b5 192.168.3.222]receiver:[00:00:00:00:00:00 192.168.3.177]
01-01 08:00:35.338 W/ ( 0): [1 T2416 .s] [SP FRAME TX] arp req,vif_idx:0 sender:[1c:79:2d:20:62:b5 192.168.3.222]receiver:[00:00:00:00:00:00 192.168.3.174]
01-01 08:00:35.340 W/ ( 0): [1 T2416 .s] [SP FRAME TX] arp req,vif_idx:0 sender:[1c:79:2d:20:62:b5 192.168.3.222]receiver:[00:00:00:00:00:00 192.168.3.169]
01-01 08:00:35.341 W/ ( 0): [1 T2416 .s] [SP FRAME TX] arp req,vif_idx:0 sender:[1c:79:2d:20:62:b5 192.168.3.222]receiver:[00:00:00:00:00:00 192.168.3.166]
01-01 08:00:35.343 W/ ( 0): [1 T2416 .s] [SP FRAME TX] arp req,vif_idx:0 sender:[1c:79:2d:20:62:b5 192.168.3.222]receiver:[00:00:00:00:00:00 192.168.3.157]
01-01 08:00:35.344 W/ ( 0): [1 T2416 .s] [SP FRAME TX] arp req,vif_idx:0 sender:[1c:79:2d:20:62:b5 192.168.3.222]receiver:[00:00:00:00:00:00 192.168.3.156]
01-01 08:00:35.346 W/ ( 0): [1 T2416 .s] [SP FRAME TX] arp req,vif_idx:0 sender:[1c:79:2d:20:62:b5 192.168.3.222]receiver:[00:00:00:00:00:00 192.168.3.153]
01-01 08:00:35.347 W/ ( 0): [1 T2416 .s] [SP FRAME TX] arp req,vif_idx:0 sender:[1c:79:2d:20:62:b5 192.168.3.222]receiver:[00:00:00:00:00:00 192.168.3.152]
01-01 08:00:35.349 W/ ( 0): [1 T2416 .s] [SP FRAME TX] arp req,vif_idx:0 sender:[1c:79:2d:20:62:b5 192.168.3.222]receiver:[00:00:00:00:00:00 192.168.3.151]
01-01 08:00:35.351 W/ ( 0): [1 T2416 .s] [SP FRAME TX] arp req,vif_idx:0 sender:[1c:79:2d:20:62:b5 192.168.3.222]receiver:[00:00:00:00:00:00 192.168.3.150]
01-01 08:00:35.352 W/ ( 0): [1 T2416 .s] [SP FRAME TX] arp req,vif_idx:0 sender:[1c:79:2d:20:62:b5 192.168.3.222]receiver:[00:00:00:00:00:00 192.168.3.149]
01-01 08:00:35.354 W/ ( 0): [1 T2416 .s] [SP FRAME TX] arp req,vif_idx:0 sender:[1c:79:2d:20:62:b5 192.168.3.222]receiver:[00:00:00:00:00:00 192.168.3.146]
01-01 08:00:35.355 W/ ( 0): [1 T2416 .s] [SP FRAME TX] arp req,vif_idx:0 sender:[1c:79:2d:20:62:b5 192.168.3.222]receiver:[00:00:00:00:00:00 192.168.3.143]
01-01 08:00:35.357 W/ ( 0): [1 T2416 .s] [SP FRAME TX] arp req,vif_idx:0 sender:[1c:79:2d:20:62:b5 192.168.3.222]receiver:[00:00:00:00:00:00 192.168.3.140]
01-01 08:00:35.358 W/ ( 0): [1 T2416 .s] [SP FRAME TX] arp req,vif_idx:0 sender:[1c:79:2d:20:62:b5 192.168.3.222]receiver:[00:00:00:00:00:00 192.168.3.139]
01-01 08:00:35.360 W/ ( 0): [1 T2416 .s] [SP FRAME TX] arp req,vif_idx:0 sender:[1c:79:2d:20:62:b5 192.168.3.222]receiver:[00:00:00:00:00:00 192.168.3.137]
05-31 18:43:12.119 D/bluetooth( 1032): packages/modules/Bluetooth/system/stack/arbiter/acl_arbiter.cc:96 InterceptAttPacket: Intercepting ATT packet and forwarding to Rust
05-31 18:43:12.119 D/bluetooth( 1032): packages/modules/Bluetooth/system/stack/gatt/gatt_attr.cc:579 gatt_cl_op_cmpl_cback: Not interested in opcode 6
01-01 08:00:35.362 W/ ( 0): [2 T1063 ..] [SP FRAME RX] arp rsp,vif_idx:0 sender:[ce:be:1f:00:3d:16 192.168.3.128]receiver:[1c:79:2d:20:62:b5 192.168.3.222]
05-31 18:43:12.136 D/CompatibilityChangeReporter( 719): Compat change id reported: 161145287; UID 10059; state: ENABLED
05-31 18:43:12.155 D/bluetooth( 1032): packages/modules/Bluetooth/system/stack/arbiter/acl_arbiter.cc:96 InterceptAttPacket: Intercepting ATT packet and forwarding to Rust
05-31 18:43:12.155 D/bluetooth( 1032): packages/modules/Bluetooth/system/stack/gatt/gatt_attr.cc:579 gatt_cl_op_cmpl_cback: Not interested in opcode 6
05-31 18:43:12.285 D/bluetooth( 1032): packages/modules/Bluetooth/system/stack/arbiter/acl_arbiter.cc:96 InterceptAttPacket: Intercepting ATT packet and forwarding to Rust
05-31 18:43:12.285 D/bluetooth( 1032): packages/modules/Bluetooth/system/stack/gatt/gatt_attr.cc:579 gatt_cl_op_cmpl_cback: Not interested in opcode 6
05-31 18:43:12.321 I/ThermalService( 1046): CPU temperatures: [54.300003]
05-31 18:43:12.435 D/bluetooth( 1032): packages/modules/Bluetooth/system/stack/arbiter/acl_arbiter.cc:96 InterceptAttPacket: Intercepting ATT packet and forwarding to Rust
05-31 18:43:12.435 D/bluetooth( 1032): packages/modules/Bluetooth/system/stack/gatt/gatt_attr.cc:579 gatt_cl_op_cmpl_cback: Not interested in opcode 6
05-31 18:43:12.575 D/bluetooth( 1032): packages/modules/Bluetooth/system/stack/arbiter/acl_arbiter.cc:96 InterceptAttPacket: Intercepting ATT packet and forwarding to Rust
05-31 18:43:12.575 D/bluetooth( 1032): packages/modules/Bluetooth/system/stack/gatt/gatt_attr.cc:579 gatt_cl_op_cmpl_cback: Not interested in opcode 6
05-31 18:43:12.674 E/hq ( 1467): Etna:::getFindLookupControllerState isConnect=true
05-31 18:43:12.674 E/Etna ( 1467): getFindLookupControllerState1111111
05-31 18:43:12.677 E/hq ( 1467): Etna:::getFindLookupControllerState valueStr=1
05-31 18:43:12.678 E/hq ( 1467): LookupControler:::isLookupController=true
05-31 18:43:12.678 I/hq ( 1467): LookupControler:::time=110000
05-31 18:43:12.700 I/WifiHAL ( 512): call wifi_get_link_stats handler
05-31 18:43:12.700 I/WifiHAL ( 512): Creating message to get link statistics; iface = 16
05-31 18:43:12.700 D/WifiHAL ( 512): error code -95 mapped to -3
05-31 18:43:12.700 E/WifiStaIfaceAidlImpl( 719): getLinkLayerStats failed with service-specific exception: android.os.ServiceSpecificException: (code 4)
05-31 18:43:12.725 D/bluetooth( 1032): packages/modules/Bluetooth/system/stack/arbiter/acl_arbiter.cc:96 InterceptAttPacket: Intercepting ATT packet and forwarding to Rust
05-31 18:43:12.725 D/bluetooth( 1032): packages/modules/Bluetooth/system/stack/gatt/gatt_attr.cc:579 gatt_cl_op_cmpl_cback: Not interested in opcode 6
01-01 08:00:36.041 W/ ( 0): [2 T0 .s] [SP FRAME TX] arp req,vif_idx:0 sender:[1c:79:2d:20:62:b5 192.168.3.222]receiver:[00:00:00:00:00:00 192.168.3.4]
01-01 08:00:36.041 W/ ( 0): [2 T0 .s] [SP FRAME TX] arp req,vif_idx:0 sender:[1c:79:2d:20:62:b5 192.168.3.222]receiver:[00:00:00:00:00:00 192.168.3.6]
01-01 08:00:36.072 W/ ( 0): [3 T0 .s] [SP FRAME TX] arp req,vif_idx:0 sender:[1c:79:2d:20:62:b5 192.168.3.222]receiver:[00:00:00:00:00:00 192.168.3.7]
01-01 08:00:36.073 W/ ( 0): [3 T0 .s] [SP FRAME TX] arp req,vif_idx:0 sender:[1c:79:2d:20:62:b5 192.168.3.222]receiver:[00:00:00:00:00:00 192.168.3.16]
01-01 08:00:36.075 W/ ( 0): [3 T0 .s] [SP FRAME TX] arp req,vif_idx:0 sender:[1c:79:2d:20:62:b5 192.168.3.222]receiver:[00:00:00:00:00:00 192.168.3.17]
01-01 08:00:36.076 W/ ( 0): [3 T0 .s] [SP FRAME TX] arp req,vif_idx:0 sender:[1c:79:2d:20:62:b5 192.168.3.222]receiver:[00:00:00:00:00:00 192.168.3.18]
05-31 18:43:12.855 D/bluetooth( 1032): packages/modules/Bluetooth/system/stack/arbiter/acl_arbiter.cc:96 InterceptAttPacket: Intercepting ATT packet and forwarding to Rust
05-31 18:43:12.855 D/bluetooth( 1032): packages/modules/Bluetooth/system/stack/gatt/gatt_attr.cc:579 gatt_cl_op_cmpl_cback: Not interested in opcode 6
01-01 08:00:36.104 W/ ( 0): [3 T0 .s] [SP FRAME TX] arp req,vif_idx:0 sender:[1c:79:2d:20:62:b5 192.168.3.222]receiver:[00:00:00:00:00:00 192.168.3.23]
01-01 08:00:36.136 W/ ( 0): [3 T0 .s] [SP FRAME TX] arp req,vif_idx:0 sender:[1c:79:2d:20:62:b5 192.168.3.222]receiver:[00:00:00:00:00:00 192.168.3.32]
01-01 08:00:36.137 W/ ( 0): [3 T0 .s] [SP FRAME TX] arp req,vif_idx:0 sender:[1c:79:2d:20:62:b5 192.168.3.222]receiver:[00:00:00:00:00:00 192.168.3.33]
01-01 08:00:36.139 W/ ( 0): [3 T0 .s] [SP FRAME TX] arp req,vif_idx:0 sender:[1c:79:2d:20:62:b5 192.168.3.222]receiver:[00:00:00:00:00:00 192.168.3.36]
01-01 08:00:36.140 W/ ( 0): [3 T0 .s] [SP FRAME TX] arp req,vif_idx:0 sender:[1c:79:2d:20:62:b5 192.168.3.222]receiver:[00:00:00:00:00:00 192.168.3.37]
01-01 08:00:36.142 W/ ( 0): [3 T0 .s] [SP FRAME TX] arp req,vif_idx:0 sender:[1c:79:2d:20:62:b5 192.168.3.222]receiver:[00:00:00:00:00:00 192.168.3.38]
01-01 08:00:36.168 W/ ( 0): [3 T0 .s] [SP FRAME TX] arp req,vif_idx:0 sender:[1c:79:2d:20:62:b5 192.168.3.222]receiver:[00:00:00:00:00:00 192.168.3.44]
01-01 08:00:36.169 W/ ( 0): [3 T0 .s] [SP FRAME TX] arp req,vif_idx:0 sender:[1c:79:2d:20:62:b5 192.168.3.222]receiver:[00:00:00:00:00:00 192.168.3.47]
01-01 08:00:36.171 W/ ( 0): [3 T0 .s] [SP FRAME TX] arp req,vif_idx:0 sender:[1c:79:2d:20:62:b5 192.168.3.222]receiver:[00:00:00:00:00:00 192.168.3.48]
01-01 08:00:36.173 W/ ( 0): [3 T0 .s] [SP FRAME TX] arp req,vif_idx:0 sender:[1c:79:2d:20:62:b5 192.168.3.222]receiver:[00:00:00:00:00:00 192.168.3.50]
01-01 08:00:36.174 W/ ( 0): [3 T0 .s] [SP FRAME TX] arp req,vif_idx:0 sender:[1c:79:2d:20:62:b5 192.168.3.222]receiver:[00:00:00:00:00:00 192.168.3.51]
05-31 18:43:12.955 D/bluetooth( 1032): packages/modules/Bluetooth/system/stack/arbiter/acl_arbiter.cc:96 InterceptAttPacket: Intercepting ATT packet and forwarding to Rust
05-31 18:43:12.955 D/bluetooth( 1032): packages/modules/Bluetooth/system/stack/gatt/gatt_attr.cc:579 gatt_cl_op_cmpl_cback: Not interested in opcode 6
01-01 08:00:36.201 W/ ( 0): [3 T0 .s] [SP FRAME TX] arp req,vif_idx:0 sender:[1c:79:2d:20:62:b5 192.168.3.222]receiver:[00:00:00:00:00:00 192.168.3.64]
01-01 08:00:36.201 W/ ( 0): [3 T0 .s] [SP FRAME TX] arp req,vif_idx:0 sender:[1c:79:2d:20:62:b5 192.168.3.222]receiver:[00:00:00:00:00:00 192.168.3.69]
01-01 08:00:36.203 W/ ( 0): [3 T0 .s] [SP FRAME TX] arp req,vif_idx:0 sender:[1c:79:2d:20:62:b5 192.168.3.222]receiver:[00:00:00:00:00:00 192.168.3.75]
01-01 08:00:36.205 W/ ( 0): [3 T0 .s] [SP FRAME TX] arp req,vif_idx:0 sender:[1c:79:2d:20:62:b5 192.168.3.222]receiver:[00:00:00:00:00:00 192.168.3.77]
01-01 08:00:36.206 W/ ( 0): [3 T0 .s] [SP FRAME TX] arp req,vif_idx:0 sender:[1c:79:2d:20:62:b5 192.168.3.222]receiver:[00:00:00:00:00:00 192.168.3.80]
01-01 08:00:36.232 W/ ( 0): [3 T0 .s] [SP FRAME TX] arp req,vif_idx:0 sender:[1c:79:2d:20:62:b5 192.168.3.222]receiver:[00:00:00:00:00:00 192.168.3.81]
01-01 08:00:36.233 W/ ( 0): [3 T0 .s] [SP FRAME TX] arp req,vif_idx:0 sender:[1c:79:2d:20:62:b5 192.168.3.222]receiver:[00:00:00:00:00:00 192.168.3.82]
01-01 08:00:36.235 W/ ( 0): [3 T0 .s] [SP FRAME TX] arp req,vif_idx:0 sender:[1c:79:2d:20:62:b5 192.168.3.222]receiver:[00:00:00:00:00:00 192.168.3.92]
01-01 08:00:36.237 W/ ( 0): [3 T0 .s] [SP FRAME TX] arp req,vif_idx:0 sender:[1c:79:2d:20:62:b5 192.168.3.222]receiver:[00:00:00:00:00:00 192.168.3.96]
01-01 08:00:36.238 W/ ( 0): [3 T0 .s] [SP FRAME TX] arp req,vif_idx:0 sender:[1c:79:2d:20:62:b5 192.168.3.222]receiver:[00:00:00:00:00:00 192.168.3.100]
05-31 18:43:13.015 D/bluetooth( 1032): packages/modules/Bluetooth/system/stack/arbiter/acl_arbiter.cc:96 InterceptAttPacket: Intercepting ATT packet and forwarding to Rust
05-31 18:43:13.015 D/bluetooth( 1032): packages/modules/Bluetooth/system/stack/gatt/gatt_attr.cc:579 gatt_cl_op_cmpl_cback: Not interested in opcode 6
01-01 08:00:36.264 W/ ( 0): [3 T0 .s] [SP FRAME TX] arp req,vif_idx:0 sender:[1c:79:2d:20:62:b5 192.168.3.222]receiver:[00:00:00:00:00:00 192.168.3.105]
01-01 08:00:36.265 W/ ( 0): [3 T0 .s] [SP FRAME TX] arp req,vif_idx:0 sender:[1c:79:2d:20:62:b5 192.168.3.222]receiver:[00:00:00:00:00:00 192.168.3.106]
01-01 08:00:36.267 W/ ( 0): [3 T0 .s] [SP FRAME TX] arp req,vif_idx:0 sender:[1c:79:2d:20:62:b5 192.168.3.222]receiver:[00:00:00:00:00:00 192.168.3.109]
01-01 08:00:36.269 W/ ( 0): [3 T0 .s] [SP FRAME TX] arp req,vif_idx:0 sender:[1c:79:2d:20:62:b5 192.168.3.222]receiver:[00:00:00:00:00:00 192.168.3.111]
01-01 08:00:36.270 W/ ( 0): [3 T0 .s] [SP FRAME TX] arp req,vif_idx:0 sender:[1c:79:2d:20:62:b5 192.168.3.222]receiver:[00:00:00:00:00:00 192.168.3.114]
01-01 08:00:36.296 W/ ( 0): [3 T0 .s] [SP FRAME TX] arp req,vif_idx:0 sender:[1c:79:2d:20:62:b5 192.168.3.222]receiver:[00:00:00:00:00:00 192.168.3.121]
01-01 08:00:36.297 W/ ( 0): [3 T0 .s] [SP FRAME TX] arp req,vif_idx:0 sender:[1c:79:2d:20:62:b5 192.168.3.222]receiver:[00:00:00:00:00:00 192.168.3.123]
01-01 08:00:36.299 W/ ( 0): [3 T0 .s] [SP FRAME TX] arp req,vif_idx:0 sender:[1c:79:2d:20:62:b5 192.168.3.222]receiver:[00:00:00:00:00:00 192.168.3.125]
01-01 08:00:36.301 W/ ( 0): [3 T0 .s] [SP FRAME TX] arp req,vif_idx:0 sender:[1c:79:2d:20:62:b5 192.168.3.222]receiver:[00:00:00:00:00:00 192.168.3.127]
01-01 08:00:36.302 W/ ( 0): [3 T0 .s] [SP FRAME TX] arp req,vif_idx:0 sender:[1c:79:2d:20:62:b5 192.168.3.222]receiver:[00:00:00:00:00:00 192.168.3.129]
01-01 08:00:36.328 W/ ( 0): [1 T0 .s] [SP FRAME TX] arp req,vif_idx:0 sender:[1c:79:2d:20:62:b5 192.168.3.222]receiver:[00:00:00:00:00:00 192.168.3.134]
01-01 08:00:36.332 W/ ( 0): [3 T0 .s] [SP FRAME TX] arp req,vif_idx:0 sender:[1c:79:2d:20:62:b5 192.168.3.222]receiver:[00:00:00:00:00:00 192.168.3.137]
01-01 08:00:36.333 W/ ( 0): [3 T0 .s] [SP FRAME TX] arp req,vif_idx:0 sender:[1c:79:2d:20:62:b5 192.168.3.222]receiver:[00:00:00:00:00:00 192.168.3.139]
01-01 08:00:36.335 W/ ( 0): [3 T0 .s] [SP FRAME TX] arp req,vif_idx:0 sender:[1c:79:2d:20:62:b5 192.168.3.222]receiver:[00:00:00:00:00:00 192.168.3.140]
01-01 08:00:36.337 W/ ( 0): [3 T0 .s] [SP FRAME TX] arp req,vif_idx:0 sender:[1c:79:2d:20:62:b5 192.168.3.222]receiver:[00:00:00:00:00:00 192.168.3.143]
01-01 08:00:36.338 W/ ( 0): [3 T0 .s] [SP FRAME TX] arp req,vif_idx:0 sender:[1c:79:2d:20:62:b5 192.168.3.222]receiver:[00:00:00:00:00:00 192.168.3.146]
01-01 08:00:36.340 W/ ( 0): [3 T0 .s] [SP FRAME TX] arp req,vif_idx:0 sender:[1c:79:2d:20:62:b5 192.168.3.222]receiver:[00:00:00:00:00:00 192.168.3.149]
01-01 08:00:36.341 W/ ( 0): [3 T0 .s] [SP FRAME TX] arp req,vif_idx:0 sender:[1c:79:2d:20:62:b5 192.168.3.222]receiver:[00:00:00:00:00:00 192.168.3.150]
01-01 08:00:36.343 W/ ( 0): [3 T0 .s] [SP FRAME TX] arp req,vif_idx:0 sender:[1c:79:2d:20:62:b5 192.168.3.222]receiver:[00:00:00:00:00:00 192.168.3.151]
01-01 08:00:36.344 W/ ( 0): [3 T0 .s] [SP FRAME TX] arp req,vif_idx:0 sender:[1c:79:2d:20:62:b5 192.168.3.222]receiver:[00:00:00:00:00:00 192.168.3.152]
01-01 08:00:36.346 W/ ( 0): [3 T0 .s] [SP FRAME TX] arp req,vif_idx:0 sender:[1c:79:2d:20:62:b5 192.168.3.222]receiver:[00:00:00:00:00:00 192.168.3.153]
01-01 08:00:36.347 W/ ( 0): [3 T0 .s] [SP FRAME TX] arp req,vif_idx:0 sender:[1c:79:2d:20:62:b5 192.168.3.222]receiver:[00:00:00:00:00:00 192.168.3.156]
01-01 08:00:36.349 W/ ( 0): [3 T0 .s] [SP FRAME TX] arp req,vif_idx:0 sender:[1c:79:2d:20:62:b5 192.168.3.222]receiver:[00:00:00:00:00:00 192.168.3.157]
01-01 08:00:36.351 W/ ( 0): [3 T0 .s] [SP FRAME TX] arp req,vif_idx:0 sender:[1c:79:2d:20:62:b5 192.168.3.222]receiver:[00:00:00:00:00:00 192.168.3.166]
01-01 08:00:36.352 W/ ( 0): [3 T0 .s] [SP FRAME TX] arp req,vif_idx:0 sender:[1c:79:2d:20:62:b5 192.168.3.222]receiver:[00:00:00:00:00:00 192.168.3.169]
01-01 08:00:36.354 W/ ( 0): [3 T0 .s] [SP FRAME TX] arp req,vif_idx:0 sender:[1c:79:2d:20:62:b5 192.168.3.222]receiver:[00:00:00:00:00:00 192.168.3.174]
01-01 08:00:36.355 W/ ( 0): [3 T0 .s] [SP FRAME TX] arp req,vif_idx:0 sender:[1c:79:2d:20:62:b5 192.168.3.222]receiver:[00:00:00:00:00:00 192.168.3.177]
01-01 08:00:36.357 W/ ( 0): [3 T0 .s] [SP FRAME TX] arp req,vif_idx:0 sender:[1c:79:2d:20:62:b5 192.168.3.222]receiver:[00:00:00:00:00:00 192.168.3.183]
01-01 08:00:36.358 W/ ( 0): [3 T0 .s] [SP FRAME TX] arp req,vif_idx:0 sender:[1c:79:2d:20:62:b5 192.168.3.222]receiver:[00:00:00:00:00:00 192.168.3.187]
01-01 08:00:36.360 W/ ( 0): [3 T0 .s] [SP FRAME TX] arp req,vif_idx:0 sender:[1c:79:2d:20:62:b5 192.168.3.222]receiver:[00:00:00:00:00:00 192.168.3.189]
01-01 08:00:36.361 W/ ( 0): [3 T0 .s] [SP FRAME TX] arp req,vif_idx:0 sender:[1c:79:2d:20:62:b5 192.168.3.222]receiver:[00:00:00:00:00:00 192.168.3.195]
01-01 08:00:36.363 W/ ( 0): [3 T0 .s] [SP FRAME TX] arp req,vif_idx:0 sender:[1c:79:2d:20:62:b5 192.168.3.222]receiver:[00:00:00:00:00:00 192.168.3.197]
01-01 08:00:36.365 W/ ( 0): [3 T0 .s] [SP FRAME TX] arp req,vif_idx:0 sender:[1c:79:2d:20:62:b5 192.168.3.222]receiver:[00:00:00:00:00:00 192.168.3.200]
01-01 08:00:36.366 W/ ( 0): [3 T0 .s] [SP FRAME TX] arp req,vif_idx:0 sender:[1c:79:2d:20:62:b5 192.168.3.222]receiver:[00:00:00:00:00:00 192.168.3.204]
01-01 08:00:36.368 W/ ( 0): [3 T0 .s] [SP FRAME TX] arp req,vif_idx:0 sender:[1c:79:2d:20:62:b5 192.168.3.222]receiver:[00:00:00:00:00:00 192.168.3.208]
01-01 08:00:36.369 W/ ( 0): [3 T0 .s] [SP FRAME TX] arp req,vif_idx:0 sender:[1c:79:2d:20:62:b5 192.168.3.222]receiver:[00:00:00:00:00:00 192.168.3.212]
01-01 08:00:36.371 W/ ( 0): [3 T0 .s] [SP FRAME TX] arp req,vif_idx:0 sender:[1c:79:2d:20:62:b5 192.168.3.222]receiver:[00:00:00:00:00:00 192.168.3.214]
01-01 08:00:36.372 W/ ( 0): [3 T0 .s] [SP FRAME TX] arp req,vif_idx:0 sender:[1c:79:2d:20:62:b5 192.168.3.222]receiver:[00:00:00:00:00:00 192.168.3.217]
01-01 08:00:36.374 W/ ( 0): [3 T0 .s] [SP FRAME TX] arp req,vif_idx:0 sender:[1c:79:2d:20:62:b5 192.168.3.222]receiver:[00:00:00:00:00:00 192.168.3.221]
01-01 08:00:36.376 W/ ( 0): [3 T0 .s] [SP FRAME TX] arp req,vif_idx:0 sender:[1c:79:2d:20:62:b5 192.168.3.222]receiver:[00:00:00:00:00:00 192.168.3.223]
01-01 08:00:36.377 W/ ( 0): [3 T0 .s] [SP FRAME TX] arp req,vif_idx:0 sender:[1c:79:2d:20:62:b5 192.168.3.222]receiver:[00:00:00:00:00:00 192.168.3.227]
01-01 08:00:36.379 W/ ( 0): [3 T0 .s] [SP FRAME TX] arp req,vif_idx:0 sender:[1c:79:2d:20:62:b5 192.168.3.222]receiver:[00:00:00:00:00:00 192.168.3.229]
01-01 08:00:36.380 W/ ( 0): [3 T0 .s] [SP FRAME TX] arp req,vif_idx:0 sender:[1c:79:2d:20:62:b5 192.168.3.222]receiver:[00:00:00:00:00:00 192.168.3.232]
01-01 08:00:36.382 W/ ( 0): [3 T0 .s] [SP FRAME TX] arp req,vif_idx:0 sender:[1c:79:2d:20:62:b5 192.168.3.222]receiver:[00:00:00:00:00:00 192.168.3.241]
01-01 08:00:36.383 W/ ( 0): [3 T0 .s] [SP FRAME TX] arp req,vif_idx:0 sender:[1c:79:2d:20:62:b5 192.168.3.222]receiver:[00:00:00:00:00:00 192.168.3.243]
01-01 08:00:36.385 W/ ( 0): [3 T0 .s] [SP FRAME TX] arp req,vif_idx:0 sender:[1c:79:2d:20:62:b5 192.168.3.222]receiver:[00:00:00:00:00:00 192.168.3.251]
05-31 18:43:13.145 I/BtStopWatch( 1032): packages/modules/Bluetooth/system/gd/common/stop_watch.cc:58 DumpStopWatchLog: =-----------------------------------=
05-31 18:43:13.145 I/BtStopWatch( 1032): packages/modules/Bluetooth/system/gd/common/stop_watch.cc:59 DumpStopWatchLog: bluetooth stopwatch log history:
01-01 08:00:36.386 W/ ( 0): [3 T0 .s] [SP FRAME TX] arp req,vif_idx:0 sender:[1c:79:2d:20:62:b5 192.168.3.222]receiver:[00:00:00:00:00:00 192.168.3.253]
05-31 18:43:13.146 I/BtStopWatch( 1032): packages/modules/Bluetooth/system/gd/common/stop_watch.cc:84 DumpStopWatchLog: 2025-05-31 18:43:11.985: aclDataReceived: len 19, 1st 5 bytes '10200f000b': took 91 us
05-31 18:43:13.146 I/BtStopWatch( 1032): packages/modules/Bluetooth/system/gd/common/stop_watch.cc:84 DumpStopWatchLog: 2025-05-31 18:43:12.094: aclDataReceived: len 12, 1st 5 bytes '1020080004': took 96 us
05-31 18:43:13.146 I/BtStopWatch( 1032): packages/modules/Bluetooth/system/gd/common/stop_watch.cc:84 DumpStopWatchLog: 2025-05-31 18:43:12.155: aclDataReceived: len 19, 1st 5 bytes '10200f000b': took 97 us
05-31 18:43:13.146 I/BtStopWatch( 1032): packages/modules/Bluetooth/system/gd/common/stop_watch.cc:84 DumpStopWatchLog: 2025-05-31 18:43:12.284: aclDataReceived: len 19, 1st 5 bytes '10200f000b': took 194 us
05-31 18:43:13.146 I/BtStopWatch( 1032): packages/modules/Bluetooth/system/gd/common/stop_watch.cc:84 DumpStopWatchLog: 2025-05-31 18:43:12.434: aclDataReceived: len 19, 1st 5 bytes '10200f000b': took 122 us
05-31 18:43:13.146 I/BtStopWatch( 1032): packages/modules/Bluetooth/system/gd/common/stop_watch.cc:84 DumpStopWatchLog: 2025-05-31 18:43:12.574: aclDataReceived: len 19, 1st 5 bytes '10200f000b': took 118 us
05-31 18:43:13.146 I/BtStopWatch( 1032): packages/modules/Bluetooth/system/gd/common/stop_watch.cc:84 DumpStopWatchLog: 2025-05-31 18:43:12.724: aclDataReceived: len 19, 1st 5 bytes '10200f000b': took 125 us
05-31 18:43:13.146 I/BtStopWatch( 1032): packages/modules/Bluetooth/system/gd/common/stop_watch.cc:84 DumpStopWatchLog: 2025-05-31 18:43:12.854: aclDataReceived: len 19, 1st 5 bytes '10200f000b': took 98 us
05-31 18:43:13.146 I/BtStopWatch( 1032): packages/modules/Bluetooth/system/gd/common/stop_watch.cc:84 DumpStopWatchLog: 2025-05-31 18:43:12.955: aclDataReceived: len 12, 1st 5 bytes '1020080004': took 135 us
05-31 18:43:13.146 I/BtStopWatch( 1032): packages/modules/Bluetooth/system/gd/common/stop_watch.cc:84 DumpStopWatchLog: 2025-05-31 18:43:13.015: aclDataReceived: len 19, 1st 5 bytes '10200f000b': took 124 us
05-31 18:43:13.146 I/BtStopWatch( 1032): packages/modules/Bluetooth/system/gd/common/stop_watch.cc:87 DumpStopWatchLog: =-----------------------------------=
05-31 18:43:13.146 E/bluetooth( 1032): packages/modules/Bluetooth/system/gd/hci/hci_layer.cc:234 on_hci_timeout: Timed out waiting for 0x2041 (LE_SET_EXTENDED_SCAN_PARAMETERS)
05-31 18:43:13.146 E/bluetooth( 1032): packages/modules/Bluetooth/system/gd/hci/hci_layer.cc:237 on_hci_timeout: Flushing 7 waiting commands
05-31 18:43:13.149 E/bluetooth( 1032): packages/modules/Bluetooth/system/gd/hci/hci_layer.cc:162 on_command_status: Received UNEXPECTED command status:UNKNOWN_HCI_COMMAND opcode:0xfd5b (CONTROLLER_DEBUG_INFO)
05-31 18:43:13.165 D/bluetooth( 1032): packages/modules/Bluetooth/system/stack/arbiter/acl_arbiter.cc:96 InterceptAttPacket: Intercepting ATT packet and forwarding to Rust
05-31 18:43:13.166 D/bluetooth( 1032): packages/modules/Bluetooth/system/stack/gatt/gatt_attr.cc:579 gatt_cl_op_cmpl_cback: Not interested in opcode 6
05-31 18:43:13.261 E/crashsdk( 2105): Can not found process name start!
05-31 18:43:13.263 E/crashsdk( 2105): Can not found process name start!
05-31 18:43:13.263 E/crashsdk( 2105): Can not found process name start!
05-31 18:43:13.296 D/bluetooth( 1032): packages/modules/Bluetooth/system/stack/arbiter/acl_arbiter.cc:96 InterceptAttPacket: Intercepting ATT packet and forwarding to Rust
05-31 18:43:13.296 D/bluetooth( 1032): packages/modules/Bluetooth/system/stack/gatt/gatt_attr.cc:579 gatt_cl_op_cmpl_cback: Not interested in opcode 6
05-31 18:43:13.435 D/bluetooth( 1032): packages/modules/Bluetooth/system/stack/arbiter/acl_arbiter.cc:96 InterceptAttPacket: Intercepting ATT packet and forwarding to Rust
