01-01 08:00:01.221 I/ ( 0): [2 T1 ..] amlogic-crg-drd-usb2 fe348000.usbphy21: USB2 phy probe:phy_mem:0xfe348000, iomap phy_base:0xffffffc00aceb000
01-01 08:00:01.223 E/[2 T1 ..] [usb]( 0): amlogic_crg_drd_usb2_set_usb_vbus_power 1.
01-01 08:00:01.224 I/ ( 0): [2 T1 ..] amlogic-crg-drd-usb2 fe348000.usbphy21: phy trim value= 0x000000ff
01-01 08:00:01.225 I/ ( 0): [2 T1 ..] amlogic-crg-drd-usb2 fe348000.usbphy21: usb2 pll init done, val: 0x8f549540
01-01 08:00:01.226 D/[2 T1 ..] [usb]( 0): call amlogic_crg_drd_usb2_drv_init() success
01-01 08:00:01.227 E/ ( 0): [2 T1 ..] amlogic-crg-drd-usb3 fe358080.usbphy30: This phy has no usb port
01-01 08:00:01.227 I/ ( 0): [2 T1 ..] amlogic-crg-drd-usb3 fe358080.usbphy30: USB3 phy probe:phy_mem:0xfe358080, iomap phy_base:0xffffffc00ae63080
01-01 08:00:01.229 E/ ( 0): [2 T1 ..] amlogic-crg-drd-usb3 fe348080.usbphy31: This phy has no usb port
01-01 08:00:01.230 I/ ( 0): [2 T1 ..] amlogic-crg-drd-usb3 fe348080.usbphy31: USB3 phy probe:phy_mem:0xfe348080, iomap phy_base:0xffffffc00aef2080
01-01 08:00:01.231 D/[2 T1 ..] [usb]( 0): call amlogic_crg_drd_usb3_drv_init() success
01-01 08:00:01.232 E/[2 T1 ..] [usb]( 0): amlogic_crg_drd_usb2_set_usb_vbus_power 1.
01-01 08:00:01.232 I/ ( 0): [2 T1 ..] amlogic-crg-drd-usb2 fe348000.usbphy21: phy trim value= 0x000000ff
01-01 08:00:01.233 I/ ( 0): [2 T1 ..] amlogic-crg-drd-usb2 fe348000.usbphy21: usb2 pll init done, val: 0x8f549540
01-01 08:00:01.234 E/ ( 0): [2 T1 ..] crg_drd fe340000.crg: IRQ host not found
01-01 08:00:01.235 E/ ( 0): [2 T1 ..] crg_drd fe340000.crg: IRQ crg_usb3 not found
01-01 08:00:01.236 I/ ( 0): [2 T1 ..] xhci-hcd-meson xhci-hcd-meson.0.auto: meson-quirks=0x90006---
01-01 08:00:01.237 E/[2 T1 ..] [usb]( 0): amlogic_crg_drd_usb2_set_usb_vbus_power 1.
01-01 08:00:01.238 I/ ( 0): [2 T1 ..] amlogic-crg-drd-usb2 fe348000.usbphy21: phy trim value= 0x000000ff
01-01 08:00:01.239 I/ ( 0): [2 T1 ..] amlogic-crg-drd-usb2 fe348000.usbphy21: usb2 pll init done, val: 0x8f549540
01-01 08:00:01.240 I/ ( 0): [2 T1 ..] xhci-hcd-meson xhci-hcd-meson.0.auto: xHCI Host Controller
01-01 08:00:01.241 I/ ( 0): [2 T1 ..] xhci-hcd-meson xhci-hcd-meson.0.auto: new USB bus registered, assigned bus number 1
01-01 08:00:01.242 I/ ( 0): [2 T1 ..] xhci-hcd-meson xhci-hcd-meson.0.auto: hcc params 0x08000f80 hci version 0x110 quirks 0x0000200020810090
01-01 08:00:01.243 I/ ( 0): [2 T1 ..] xhci-hcd-meson xhci-hcd-meson.0.auto: irq 28, io mem 0xfe340000
01-01 08:00:01.245 I/ ( 0): [2 T1 ..] xhci-hcd-meson xhci-hcd-meson.0.auto: xHCI Host Controller
01-01 08:00:01.245 I/ ( 0): [2 T1 ..] xhci-hcd-meson xhci-hcd-meson.0.auto: new USB bus registered, assigned bus number 2
01-01 08:00:01.247 I/ ( 0): [2 T1 ..] xhci-hcd-meson xhci-hcd-meson.0.auto: Host supports USB 3.0 SuperSpeed
01-01 08:00:01.248 I/ ( 0): [2 T1 ..] usb usb1: New USB device found, idVendor=1d6b, idProduct=0002, bcdDevice= 5.15
01-01 08:00:01.249 I/ ( 0): [2 T1 ..] usb usb1: New USB device strings: Mfr=3, Product=2, SerialNumber=1
01-01 08:00:01.250 I/ ( 0): [2 T1 ..] usb usb1: Product: xHCI Host Controller
01-01 08:00:01.251 I/ ( 0): [2 T1 ..] usb usb1: Manufacturer: Linux 5.15.170-android14-11-gce7825878084-dirty xhci-hcd
01-01 08:00:01.252 I/ ( 0): [2 T1 ..] usb usb1: SerialNumber: xhci-hcd-meson.0.auto
01-01 08:00:01.253 D/[2 T1 ..] [usb]( 0): xHCI aml_xhci_add_endpoint called for root hub
01-01 08:00:01.253 D/[2 T1 ..] [usb]( 0): xHCI aml_xhci_check_bandwidth called for root hub
01-01 08:00:01.253 I/ ( 0): [2 T1 ..] hub 1-0:1.0: USB hub found
01-01 08:00:01.253 I/ ( 0): [2 T1 ..] hub 1-0:1.0: 1 port detected
01-01 08:00:01.254 I/ ( 0): [2 T1 ..] usb usb2: We don't know the algorithms for LPM for this host, disabling LPM.
01-01 08:00:01.255 I/ ( 0): [2 T1 ..] usb usb2: New USB device found, idVendor=1d6b, idProduct=0003, bcdDevice= 5.15
01-01 08:00:01.256 I/ ( 0): [2 T1 ..] usb usb2: New USB device strings: Mfr=3, Product=2, SerialNumber=1
01-01 08:00:01.257 I/ ( 0): [2 T1 ..] usb usb2: Product: xHCI Host Controller
01-01 08:00:01.258 I/ ( 0): [2 T1 ..] usb usb2: Manufacturer: Linux 5.15.170-android14-11-gce7825878084-dirty xhci-hcd
01-01 08:00:01.259 I/ ( 0): [2 T1 ..] usb usb2: SerialNumber: xhci-hcd-meson.0.auto
01-01 08:00:01.260 D/[2 T1 ..] [usb]( 0): xHCI aml_xhci_add_endpoint called for root hub
01-01 08:00:01.260 D/[2 T1 ..] [usb]( 0): xHCI aml_xhci_check_bandwidth called for root hub
01-01 08:00:01.260 I/ ( 0): [2 T1 ..] hub 2-0:1.0: USB hub found
01-01 08:00:01.261 E/ ( 0): [2 T1 ..] hub 2-0:1.0: config failed, hub doesn't have any ports! (err -19)
01-01 08:00:01.262 D/[2 T1 ..] [usb]( 0): call amlogic_crg_host_driver_init() success
01-01 08:00:01.262 I/ ( 0): [2 T1 ..] amlogic-crg-otg soc:crgotg@fe358000: controller_type is 1
01-01 08:00:01.263 I/ ( 0): [2 T1 ..] amlogic-crg-otg soc:crgotg@fe358000: crg_force_device_mode is 0
01-01 08:00:01.264 I/ ( 0): [2 T1 ..] amlogic-crg-otg soc:crgotg@fe358000: otg is 0
01-01 08:00:01.264 I/ ( 0): [2 T1 ..] amlogic-crg-otg soc:crgotg@fe358000: udc_name: 0xfe350000.crgudc
01-01 08:00:01.265 I/ ( 0): [2 T1 ..] amlogic-crg-otg soc:crgotg@fe358000: phy2_mem:0xfe358000, iomap phy2_base:0xffffffc00af15000
01-01 08:00:01.267 I/ ( 0): [2 T1 ..] amlogic-crg-otg soc:crgotg@fe358000: phy3_mem:0xfe358080, iomap phy3_base:0xffffffc00af17080
01-01 08:00:01.269 I/ ( 0): [2 T1 ..] amlogic-crg-drd-usb2 fe358000.usbphy20: phy trim value= 0x000000ff
01-01 08:00:01.270 I/ ( 0): [2 T1 ..] amlogic-crg-drd-usb2 fe358000.usbphy20: usb2 pll init done, val: 0x8f549540
01-01 08:00:01.271 E/ ( 0): [2 T1 ..] crg_drd_otg fe350000.crgdrd: IRQ host not found
01-01 08:00:01.272 E/ ( 0): [2 T1 ..] crg_drd_otg fe350000.crgdrd: IRQ crg_usb3 not found
01-01 08:00:01.273 I/ ( 0): [2 T1 ..] xhci-hcd-meson xhci-hcd-meson.1.auto: meson-quirks=0x90006---
01-01 08:00:01.274 I/ ( 0): [2 T1 ..] amlogic-crg-drd-usb2 fe358000.usbphy20: phy trim value= 0x000000ff
01-01 08:00:01.275 I/ ( 0): [2 T1 ..] amlogic-crg-drd-usb2 fe358000.usbphy20: usb2 pll init done, val: 0x8f549540
01-01 08:00:01.276 I/ ( 0): [2 T1 ..] xhci-hcd-meson xhci-hcd-meson.1.auto: xHCI Host Controller
01-01 08:00:01.277 I/ ( 0): [2 T1 ..] xhci-hcd-meson xhci-hcd-meson.1.auto: new USB bus registered, assigned bus number 3
01-01 08:00:01.278 I/ ( 0): [2 T1 ..] xhci-hcd-meson xhci-hcd-meson.1.auto: hcc params 0x08000f80 hci version 0x110 quirks 0x0000200020810090
01-01 08:00:01.279 I/ ( 0): [2 T1 ..] xhci-hcd-meson xhci-hcd-meson.1.auto: irq 27, io mem 0xfe350000
01-01 08:00:01.280 I/ ( 0): [2 T1 ..] xhci-hcd-meson xhci-hcd-meson.1.auto: xHCI Host Controller
01-01 08:00:01.281 I/ ( 0): [2 T1 ..] xhci-hcd-meson xhci-hcd-meson.1.auto: new USB bus registered, assigned bus number 4
01-01 08:00:01.282 I/ ( 0): [2 T1 ..] xhci-hcd-meson xhci-hcd-meson.1.auto: Host supports USB 3.0 SuperSpeed
01-01 08:00:01.284 I/ ( 0): [2 T1 ..] usb usb3: New USB device found, idVendor=1d6b, idProduct=0002, bcdDevice= 5.15
01-01 08:00:01.285 I/ ( 0): [2 T1 ..] usb usb3: New USB device strings: Mfr=3, Product=2, SerialNumber=1
01-01 08:00:01.286 I/ ( 0): [2 T1 ..] usb usb3: Product: xHCI Host Controller
01-01 08:00:01.286 I/ ( 0): [2 T1 ..] usb usb3: Manufacturer: Linux 5.15.170-android14-11-gce7825878084-dirty xhci-hcd
01-01 08:00:01.288 I/ ( 0): [2 T1 ..] usb usb3: SerialNumber: xhci-hcd-meson.1.auto
01-01 08:00:01.289 D/[2 T1 ..] [usb]( 0): xHCI aml_xhci_add_endpoint called for root hub
01-01 08:00:01.289 D/[2 T1 ..] [usb]( 0): xHCI aml_xhci_check_bandwidth called for root hub
01-01 08:00:01.289 I/ ( 0): [2 T1 ..] hub 3-0:1.0: USB hub found
01-01 08:00:01.289 I/ ( 0): [2 T1 ..] hub 3-0:1.0: 1 port detected
01-01 08:00:01.290 I/ ( 0): [2 T1 ..] usb usb4: We don't know the algorithms for LPM for this host, disabling LPM.
01-01 08:00:01.291 I/ ( 0): [2 T1 ..] usb usb4: New USB device found, idVendor=1d6b, idProduct=0003, bcdDevice= 5.15
01-01 08:00:01.292 I/ ( 0): [2 T1 ..] usb usb4: New USB device strings: Mfr=3, Product=2, SerialNumber=1
01-01 08:00:01.293 I/ ( 0): [2 T1 ..] usb usb4: Product: xHCI Host Controller
01-01 08:00:01.294 I/ ( 0): [2 T1 ..] usb usb4: Manufacturer: Linux 5.15.170-android14-11-gce7825878084-dirty xhci-hcd
01-01 08:00:01.295 I/ ( 0): [2 T1 ..] usb usb4: SerialNumber: xhci-hcd-meson.1.auto
01-01 08:00:01.296 D/[2 T1 ..] [usb]( 0): xHCI aml_xhci_add_endpoint called for root hub
01-01 08:00:01.296 D/[2 T1 ..] [usb]( 0): xHCI aml_xhci_check_bandwidth called for root hub
01-01 08:00:01.296 I/ ( 0): [2 T1 ..] hub 4-0:1.0: USB hub found
01-01 08:00:01.296 E/ ( 0): [2 T1 ..] hub 4-0:1.0: config failed, hub doesn't have any ports! (err -19)
01-01 08:00:01.298 D/[2 T1 ..] [usb]( 0): call crg_otg_init() success
01-01 08:00:01.298 D/[2 T1 ..] [usb]( 0): call crg_otg_v2_init() success
01-01 08:00:01.298 D/[2 T1 ..] [usb]( 0): ### usb_main_init() end
01-01 08:00:01.311 E/[2 T1 ..] [drm( 0): meson_of_init [aml_drm]] *ERROR* osd_axi_sel parser failed and set default 0
01-01 08:00:01.312 I/ ( 0): [2 T1 ..] [drm] meson_video_parse_config:vfm_mode = 1
01-01 08:00:01.313 I/[2 T1 ..] register_osd_status_cb( 0): SBTM register osd enable status func
01-01 08:00:01.314 I/ ( 0): [2 T1 ..] register osd enable status func
01-01 08:00:01.315 I/ ( 0): [2 T1 ..] [drm] osd plane 0 create done, occupied-0 crtc_mask-0 type-1 osd_reverse-0
01-01 08:00:01.316 I/ ( 0): [2 T1 ..] [drm] osd plane 1 create done, occupied-0 crtc_mask-0 type-0 osd_reverse-0
01-01 08:00:01.317 I/ ( 0): [2 T1 ..] [drm] video plane 0 create done
01-01 08:00:01.318 I/ ( 0): [2 T1 ..] [drm] video plane 1 create done
01-01 08:00:01.319 I/ ( 0): [2 T1 ..] [drm] meson_vpu_reg_handle_register, vpp0-5
01-01 08:00:01.319 I/ ( 0): [2 T1 ..] [drm] skip gamma init
01-01 08:00:01.320 I/ ( 0): [2 T1 ..] secure_register module=0 ok
01-01 08:00:01.320 I/ ( 0): [2 T1 ..] secure_register module=0 ok
01-01 08:00:01.321 I/ ( 0): [2 T1 ..] [drm] video_hw_init:vfm_mode = 1
01-01 08:00:01.321 I/ ( 0): [2 T1 ..] [drm] video_hw_init:vfm_mode = 1
01-01 08:00:01.322 I/ ( 0): [2 T1 ..] meson drm-subsystem: bound ff900000.drm-vpu (ops am_meson_vpu_component_ops [aml_drm])
01-01 08:00:01.323 I/[2 T1 ..] [hdmitx( 0): ] meson_hdmitx_bind hdmi [0]
01-01 08:00:01.324 I/ ( 0): [2 T1 ..] meson drm-subsystem: bound ff000000.amhdmitx (ops meson_hdmitx_bind_ops [aml_media])
01-01 08:00:01.327 I/[2 T1 ..] cvbsout( 0): meson_cvbs_bind cvbs [0]
01-01 08:00:01.328 I/ ( 0): [2 T1 ..] meson drm-subsystem: bound drm-amcvbsout (ops meson_cvbs_bind_ops [aml_media])
01-01 08:00:01.331 I/ ( 0): [2 T1 ..] [drm] [meson_dummyl_dev_bind]-[190] called
01-01 08:00:01.331 E/ ( 0): [2 T1 ..] meson_dummyl_bind dummyl[0]
01-01 08:00:01.332 I/ ( 0): [2 T1 ..] meson drm-subsystem: bound dummy_venc (ops meson_dummyl_bind_ops [aml_media])
01-01 08:00:01.335 I/ ( 0): [2 T1 ..] [drm] logo_skip = 0
01-01 08:00:01.336 I/ ( 0): [2 T1 ..] [drm] allocate reserved mem
01-01 08:00:01.336 I/ ( 0): [2 T1 ..] [drm] of read reservememsize=0x800000--0x1f800000
01-01 08:00:01.337 I/ ( 0): [2 T1 ..] [drm] logo0 width=1920,height=1080,start_addr=0x0x000000001f800000,size=8388608
01-01 08:00:01.338 I/[2 T1 ..] [hdmitx( 0): ] qms 0 qms_tfr_min/max 0 0 gaming_vrr_min/max 48 120
01-01 08:00:01.339 I/[2 T1 ..] [hdmitx( 0): ] BRR VIC 16 width/height 1920 1080 QMS min/max 0 0 GAME min/max 48 120
01-01 08:00:01.340 I/[2 T1 ..] [hdmitx( 0): ] BRR/VIC group
01-01 08:00:01.341 I/[2 T1 ..] [hdmitx( 0): ] BRR VIC 4 width/height 1280 720 QMS min/max 0 0 GAME min/max 48 120
01-01 08:00:01.342 I/[2 T1 ..] [hdmitx( 0): ] BRR/VIC group
01-01 08:00:01.343 I/[2 T1 ..] [hdmitx( 0): ] BRR VIC 97 width/height 3840 2160 QMS min/max 0 0 GAME min/max 48 120
01-01 08:00:01.344 I/[2 T1 ..] [hdmitx( 0): ] BRR/VIC group
01-01 08:00:01.344 I/[2 T1 ..] [hdmitx( 0): ] BRR VIC 102 width/height 4096 2160 QMS min/max 0 0 GAME min/max 48 120
01-01 08:00:01.346 I/[2 T1 ..] [hdmitx( 0): ] BRR/VIC group
01-01 08:00:01.346 I/[2 T1 ..] [hdmitx( 0): ] qms 0 qms_tfr_min/max 0 0 gaming_vrr_min/max 48 120
01-01 08:00:01.347 I/ ( 0): [2 T1 ..] [drm] Found Connector[11] mode[2160p60hz]
01-01 08:00:01.348 I/[2 T1 ..] [hdmitx( 0): ] qms brr 97 qms_en 0
01-01 08:00:01.349 I/ ( 0): [2 T1 ..] [drm] build_hdmitx_attr_str:420,10bit = 3+10
01-01 08:00:01.349 I/ ( 0): [2 T1 ..] [drm] am_meson_crtc_atomic_enable-[0] in: new[2160p60hz], old[], vmode[0-4], uboot[1]
01-01 08:00:01.351 I/ ( 0): [2 T1 ..] [drm] am_meson_crtc_atomic_enable-[0]: enable mode 2160p60hz final vmode 0
01-01 08:00:01.352 I/[2 T1 ..] [hdmitx( 0): ] skip real mode setting for uboot init
01-01 08:00:01.353 I/[2 T1 ..] DOLBY( 0): vout_notify_callback: VOUT_EVENT_MODE_CHANGE
01-01 08:00:01.353 I/ ( 0): [2 T1 ..] vsync_pts_inc 1500 1/60
01-01 08:00:01.354 I/ ( 0): [2 T1 ..] [drm] meson_vout_update_mode_name: hdmitx update vout 1 name 2160p60hz.
01-01 08:00:01.371 I/ ( 0): [1 T1 ..] [drm] Initialized meson 2.0.0 20220603 for drm-subsystem on minor 0
01-01 08:00:01.374 I/ ( 0): [1 T1 ..] amfc_probe, socs:55, coherent:0, garbage page:1ed4a, bounce:ffffffc00b1c4000, c:ffffff801ed27980, d:ffffff801ed27b00
01-01 08:00:01.375 I/ ( 0): [1 T1 ..] AMFC VLSI version:100, feature:1, clk:666666656
01-01 08:00:01.550 I/[2 T1 ..] fsck.f2fs( 0): executing /system/bin/fsck.f2fs failed: Permission denied
01-01 08:00:01.551 I/[2 T1 ..] fsck.f2fs( 0): fsck.f2fs terminated by exit(255)
01-01 08:00:01.551 I/ ( 0): [2 T1 ..]
01-01 08:00:01.571 I/ ( 0): [3 T83 ..] max high: 39
01-01 08:00:01.588 I/ ( 0): [3 T1 ..] F2FS-fs (mmcblk0p24): Mounted with checkpoint version = 76927bfd
01-01 08:00:01.607 I/[0 T1 ..] device-mapper( 0): verity: sha256 using implementation "sha256-ce"
01-01 08:00:01.611 I/[2 T1 ..] erofs( 0): (device dm-8): mounted with root inode @ nid 59.
01-01 08:00:01.616 I/[0 T1 ..] device-mapper( 0): verity: sha256 using implementation "sha256-ce"
01-01 08:00:01.620 I/[2 T1 ..] erofs( 0): (device dm-9): mounted with root inode @ nid 39.
01-01 08:00:01.623 I/[0 T1 ..] device-mapper( 0): verity: sha256 using implementation "sha256-ce"
01-01 08:00:01.625 I/[2 T1 ..] erofs( 0): (device dm-10): mounted with root inode @ nid 38.
01-01 08:00:01.627 I/[0 T1 ..] device-mapper( 0): verity: sha256 using implementation "sha256-ce"
01-01 08:00:01.631 I/[0 T1 ..] erofs( 0): (device dm-11): mounted with root inode @ nid 46.
01-01 08:00:01.633 I/[0 T1 ..] device-mapper( 0): verity: sha256 using implementation "sha256-ce"
01-01 08:00:01.637 I/[2 T1 ..] erofs( 0): (device dm-12): mounted with root inode @ nid 39.
01-01 08:00:01.639 I/[0 T1 ..] device-mapper( 0): verity: sha256 using implementation "sha256-ce"
01-01 08:00:01.643 I/[3 T1 ..] erofs( 0): (device dm-13): mounted with root inode @ nid 40.
01-01 08:00:01.645 I/[0 T1 ..] device-mapper( 0): verity: sha256 using implementation "sha256-ce"
01-01 08:00:01.649 I/[3 T1 ..] erofs( 0): (device dm-14): mounted with root inode @ nid 40.
01-01 08:00:01.651 I/[0 T1 ..] device-mapper( 0): verity: sha256 using implementation "sha256-ce"
01-01 08:00:01.653 I/[2 T1 ..] erofs( 0): (device dm-15): mounted with root inode @ nid 38.
01-01 08:00:01.654 I/[0 T1 ..] device-mapper( 0): verity: sha256 using implementation "sha256-ce"
01-01 08:00:01.660 I/ ( 0): [1 T1 ..] EXT4-fs (dm-16): mounted filesystem with ordered data mode. Opts: barrier=1. Quota mode: none.
01-01 08:00:01.662 W/ ( 0): [3 T1 ..] EXT4-fs (mmcblk0p16): Ignoring removed nomblk_io_submit option
01-01 08:00:01.663 I/ ( 0): [3 T1 ..] EXT4-fs (mmcblk0p16): mounted filesystem with ordered data mode. Opts: nodelalloc,nomblk_io_submit,errors=panic. Quota mode: none.
01-01 08:00:01.698 W/[3 T1 ..] printk( 0): init: 152 output lines suppressed due to ratelimiting
01-01 08:00:01.796 I/[2 T1 ..] init( 0): Opening SELinux policy
01-01 08:00:01.799 I/[1 T1 ..] init( 0): Falling back to standard signature check. TODO implement support for fsverity SEPolicy.
01-01 08:00:01.800 I/[1 T1 ..] init( 0): Error: Apex SEPolicy failed signature check
01-01 08:00:01.800 I/[1 T1 ..] init( 0): Loading APEX Sepolicy from /system/etc/selinux/apex/SEPolicy.zip
01-01 08:00:01.801 E/[1 T1 ..] init( 0): Failed to open package /system/etc/selinux/apex/SEPolicy.zip: No such file or directory
01-01 08:00:01.810 I/[0 T1 ..] init( 0): Loading SELinux policy
01-01 08:00:01.830 I/[0 T1 ..] SELinux( 0): Permission bpf in class capability2 not defined in policy.
01-01 08:00:01.830 I/[0 T1 ..] SELinux( 0): Permission checkpoint_restore in class capability2 not defined in policy.
01-01 08:00:01.832 I/[0 T1 ..] SELinux( 0): Permission bpf in class cap2_userns not defined in policy.
01-01 08:00:01.833 I/[0 T1 ..] SELinux( 0): Permission checkpoint_restore in class cap2_userns not defined in policy.
01-01 08:00:01.834 I/[0 T1 ..] SELinux( 0): Class mctp_socket not defined in policy.
01-01 08:00:01.835 I/[0 T1 ..] SELinux( 0): the above unknown classes and permissions will be denied
01-01 08:00:01.840 I/[0 T1 ..] SELinux( 0): policy capability network_peer_controls=1
01-01 08:00:01.841 I/[0 T1 ..] SELinux( 0): policy capability open_perms=1
01-01 08:00:01.841 I/[0 T1 ..] SELinux( 0): policy capability extended_socket_class=1
01-01 08:00:01.842 I/[0 T1 ..] SELinux( 0): policy capability always_check_network=0
01-01 08:00:01.843 I/[0 T1 ..] SELinux( 0): policy capability cgroup_seclabel=0
01-01 08:00:01.844 I/[0 T1 ..] SELinux( 0): policy capability nnp_nosuid_transition=1
01-01 08:00:01.845 I/[0 T1 ..] SELinux( 0): policy capability genfs_seclabel_symlinks=0
01-01 08:00:01.846 I/[0 T1 ..] SELinux( 0): policy capability ioctl_skip_cloexec=0
01-01 08:00:01.962 I/[1 T1 ..] selinux( 0): SELinux: Loaded file context from:
01-01 08:00:01.962 I/[1 T1 ..] selinux( 0): /system/etc/selinux/plat_file_contexts
01-01 08:00:01.963 I/[1 T1 ..] selinux( 0): /system_ext/etc/selinux/system_ext_file_contexts
01-01 08:00:01.964 I/[1 T1 ..] selinux( 0): /product/etc/selinux/product_file_contexts
01-01 08:00:01.970 W/[2 T1 ..] printk( 0): init: 2 output lines suppressed due to ratelimiting
01-01 08:00:01.984 I/[2 T1 ..] init( 0): init second stage started!
01-01 08:00:02.010 I/[1 T1 ..] selinux( 0): SELinux: Loaded file context from:
01-01 08:00:02.010 I/[1 T1 ..] selinux( 0): /system/etc/selinux/plat_file_contexts
01-01 08:00:02.011 I/[1 T1 ..] selinux( 0): /system_ext/etc/selinux/system_ext_file_contexts
01-01 08:00:02.012 I/[1 T1 ..] selinux( 0): /product/etc/selinux/product_file_contexts
01-01 08:00:02.013 I/[1 T1 ..] selinux( 0): /vendor/etc/selinux/vendor_file_contexts
01-01 08:00:02.032 I/[1 T1 ..] init( 0): Using Android DT directory /proc/device-tree/firmware/android/
01-01 08:00:02.036 E/[1 T1 ..] init( 0): Do not have permissions to set 'persist.bluetooth.btsnooplogmode' to 'disable' in property file '/system/build.prop': Property type check failed, value doesn't match expected type 'enum empty disabled filtered full'
01-01 08:00:02.043 W/[3 T1 ..] init( 0): Overriding previous property 'persist.bluetooth.btsnoopsize':'0xffff' with new value '0xfffffff'
01-01 08:00:02.049 W/[3 T1 ..] init( 0): Overriding previous property 'ro.sf.lcd_density':'320' with new value '240'
01-01 08:00:02.196 I/[0 T160 ..] ueventd( 0): ueventd started!
01-01 08:00:02.201 I/[0 T160 ..] selinux( 0): SELinux: Loaded file context from:
01-01 08:00:02.201 I/[0 T160 ..] selinux( 0): /system/etc/selinux/plat_file_contexts
01-01 08:00:02.202 I/[0 T160 ..] selinux( 0): /system_ext/etc/selinux/system_ext_file_contexts
01-01 08:00:02.203 I/[0 T160 ..] selinux( 0): /product/etc/selinux/product_file_contexts
01-01 08:00:02.204 I/[0 T160 ..] selinux( 0): /vendor/etc/selinux/vendor_file_contexts
01-01 08:00:02.206 I/[2 T160 ..] ueventd( 0): Parsing file /system/etc/ueventd.rc...
01-01 08:00:02.206 I/[2 T160 ..] ueventd( 0): Added '/vendor/etc/ueventd.rc' to import list
01-01 08:00:02.207 I/[2 T160 ..] ueventd( 0): Added '/odm/etc/ueventd.rc' to import list
01-01 08:00:02.209 I/[2 T160 ..] ueventd( 0): Parsing file /vendor/etc/ueventd.rc...
01-01 08:00:02.221 I/[3 T161 ..] apexd( 0): Bootstrap subcommand detected
01-01 08:00:02.221 E/[3 T161 ..] cutils-trace( 0): Error opening trace file: No such file or directory (2)
01-01 08:00:02.222 I/[3 T161 ..] apexd-bootstrap( 0): Scanning /system/apex for pre-installed ApexFiles
01-01 08:00:02.224 I/[3 T161 ..] apexd-bootstrap( 0): Found pre-installed APEX /system/apex/com.amlogic.mediaextractor.apex
01-01 08:00:02.227 I/[3 T161 ..] apexd-bootstrap( 0): Found pre-installed APEX /system/apex/com.android.adbd.capex
01-01 08:00:02.230 I/[3 T161 ..] apexd-bootstrap( 0): Found pre-installed APEX /system/apex/com.android.adservices.capex
01-01 08:00:02.233 I/[3 T161 ..] apexd-bootstrap( 0): Found pre-installed APEX /system/apex/com.android.apex.cts.shim.apex
01-01 08:00:02.235 I/[3 T161 ..] apexd-bootstrap( 0): Found pre-installed APEX /system/apex/com.android.appsearch.capex
01-01 08:00:02.238 I/[3 T161 ..] apexd-bootstrap( 0): Found pre-installed APEX /system/apex/com.android.art.capex
01-01 08:00:02.241 I/[3 T161 ..] apexd-bootstrap( 0): Found pre-installed APEX /system/apex/com.android.btservices.apex
01-01 08:00:03.293 I/[3 T199 ..] loop0( 0): detected capacity change from 0 to 34880
01-01 08:00:03.296 I/[3 T202 ..] loop1( 0): detected capacity change from 0 to 1616
01-01 08:00:03.301 I/[3 T201 ..] loop2( 0): detected capacity change from 0 to 7024
01-01 08:00:03.302 I/[0 T200 ..] loop3( 0): detected capacity change from 0 to 68064
01-01 08:00:03.324 I/ ( 0): [3 T202 ..] EXT4-fs (loop1): mounted filesystem without journal. Opts: (null). Quota mode: none.
01-01 08:00:03.329 I/ ( 0): [3 T199 ..] EXT4-fs (loop0): mounted filesystem without journal. Opts: (null). Quota mode: none.
01-01 08:00:03.334 I/ ( 0): [1 T200 ..] EXT4-fs (loop3): mounted filesystem without journal. Opts: (null). Quota mode: none.
01-01 08:00:03.334 I/ ( 0): [0 T201 ..] EXT4-fs (loop2): mounted filesystem without journal. Opts: (null). Quota mode: none.
01-01 08:00:03.348 W/[1 T161 ..] printk( 0): apexd: 49 output lines suppressed due to ratelimiting
01-01 08:00:03.414 W/[1 T159 ..] protected_memory_allocator( 0): loading out-of-tree module taints kernel.
01-01 08:00:03.415 E/[1 T159 ..] [tee]( 0): tee_pta_invoke_cmd invoke func failed, cmd = 0, ret= 0, res = 0xffff0006, origin = 0x4
01-01 08:00:03.416 E/ ( 0): [1 T159 ..] simple_protected_memory_allocator protected-memory-allocator: tee protect protected_memory fail!
01-01 08:00:03.417 I/ ( 0): [1 T159 ..] simple_protected_memory_allocator protected-memory-allocator: Protected memory allocator probed successfully
01-01 08:00:03.419 I/ ( 0): [1 T159 ..] simple_protected_memory_allocator protected-memory-allocator: Protected memory region: base=e5800000 num pages=0
01-01 08:00:03.430 W/[1 T159 ..] amlogic_fbc_lib( 0): module license 'Copyright (C) 2015 Amlogic, Inc. All rights reserved.' taints kernel.
01-01 08:00:03.430 W/ ( 0): [1 T159 ..] Disabling lock debugging due to kernel taint
01-01 08:00:03.432 W/ ( 0): [1 T159 ..] Kernel module BTF mismatch detected, BTF debug info may be unavailable for some modules
01-01 08:00:03.433 E/ ( 0): [1 T159 ..] register_amlogic_afbc_dec_fun
01-01 08:00:03.523 I/ ( 0): [3 T159 ..] cuva alg: 2024-01-17 V-0.3, cuvahdr2sdr proc with sdr path when >200nit init ok
01-01 08:00:03.525 I/[2 T159 ..] hdr10_tmo_alg( 0): hdr10_tmo_alg_driver_init insmod ok. v1.0_2023-2-14
01-01 08:00:03.558 I/ ( 0): [0 T215 ..] aml_crypto_dev fe440400.aml_dma:crypto: Aml crypto device (irq)
01-01 08:00:03.594 I/[0 T215 ..] [wireless]( 0): [wifi_dev_probe] wifi_pwm_tee = 0
01-01 08:00:03.594 I/[0 T215 ..] [wireless]( 0): [wifi_dev_probe] use double channel
01-01 08:00:03.595 I/[0 T215 ..] [wireless]( 0): [wifi_dev_probe] buf_level is :0
01-01 08:00:03.596 E/[0 T215 ..] [wireless]( 0): [dhd] STATIC-MSG) bcmdhd_init_wlan_mem : 101.10.361.31 (wlan=r892223-20230427-1)
01-01 08:00:03.597 E/[0 T215 ..] [wireless]( 0): [dhd] STATIC-MSG) dhd_init_wlan_mem : prealloc ok for index 0: 1583104(1546K)
01-01 08:00:03.606 I/[0 T215 ..] [wireless]( 0): amlogic rfkill init
01-01 08:00:03.607 I/[3 T10 ..] input( 0): input_btrcu as /devices/platform/aml_bt/input/input6
01-01 08:00:03.669 I/[2 T215 ..] zram( 0): Added device: zram0
01-01 08:00:03.680 I/[0 T215 ..] usbcore( 0): registered new interface driver rtl8150
01-01 08:00:03.690 I/[1 T215 ..] usbcore( 0): registered new device driver r8152-cfgselector
01-01 08:00:03.690 I/[1 T215 ..] usbcore( 0): registered new interface driver r8152
01-01 08:00:03.700 I/[0 T215 ..] usbcore( 0): registered new interface driver asix
01-01 08:00:03.703 I/[1 T215 ..] usbcore( 0): registered new interface driver ax88179_178a
01-01 08:00:03.706 I/[1 T215 ..] usbcore( 0): registered new interface driver cdc_ether
01-01 08:00:03.709 I/[1 T215 ..] usbcore( 0): registered new interface driver cdc_eem
01-01 08:00:03.712 I/[1 T215 ..] usbcore( 0): registered new interface driver cdc_ncm
01-01 08:00:03.715 I/[1 T215 ..] usbcore( 0): registered new interface driver aqc111
01-01 08:00:03.718 I/[1 T215 ..] usbcore( 0): registered new interface driver r8153_ecm
01-01 08:00:03.720 I/[1 T215 ..] i2c_dev( 0): i2c /dev entries driver
01-01 08:00:03.729 W/[2 T215 ..] leds-gpio( 0): probe of gpio_leds failed with error -2
01-01 08:00:03.739 W/ ( 0): [3 T215 ..] aml dvb init
01-01 08:00:03.769 I/ ( 0): [3 T215 ..] meson-vrtc fe010288.rtc: registered as rtc0
01-01 08:00:03.769 I/ ( 0): [3 T215 ..] meson-vrtc fe010288.rtc: setting system clock to 1970-01-01T00:00:03 UTC (3)
01-01 08:00:03.802 F/ ( 0): [2 T215 ..] Virtual kernel memory layout:
01-01 08:00:03.802 F/[2 T215 ..] modules( 0): 0xffffffc000000000 - 0xffffffc008000000 ( 128 MB)
01-01 08:00:03.803 F/[2 T215 ..] vmalloc( 0): 0xffffffc008000000 - 0xfffffffdf0000000 ( 247 GB)
01-01 08:00:03.804 F/[2 T215 ..] fixed( 0): 0xfffffffdfdbf9000 - 0xfffffffdfe000000 ( 4124 KB)
01-01 08:00:03.805 F/ ( 0): [2 T215 ..] PCI I/O : 0xfffffffdfe800000 - 0xfffffffdff800000 ( 16 MB)
01-01 08:00:03.806 F/[2 T215 ..] vmemmap( 0): 0xfffffffe00000000 - 0xffffffff00000000 ( 4 GB maximum)
01-01 08:00:03.822 I/ ( 0): [1 T215 ..] request usb_ctl pin: 472 ok !!
01-01 08:00:03.823 I/ ( 0): [1 T215 ..] load gpio drv ok !
01-01 08:00:03.823 I/ ( 0): [1 T215 ..] Shutdown notifier registered successfully
01-01 08:00:03.827 I/ ( 0): [1 T215 ..] [AML_WATERMARK] [ERROR] [Func: aml_watermark_driver_init, Line: 475] vxwm and ngwm both are disabled
01-01 08:00:03.851 I/[2 T215 ..] [led]( 0): aml_ledlight_init!
01-01 08:00:03.851 F/[2 T215 ..] FD650( 0): fd650_driver_init: FD650 Driver init.
01-01 08:00:03.852 F/[2 T215 ..] FD655( 0): fd655_driver_init: FD655 Driver init.
01-01 08:00:03.890 I/ ( 0): [0 T215 ..] meson8b-dwmac fe368000.ethernet: IRQ eth_wake_irq not found
01-01 08:00:03.890 I/ ( 0): [0 T215 ..] meson8b-dwmac fe368000.ethernet: IRQ eth_lpi not found
01-01 08:00:03.891 I/[1 T223 ..] aml_init_mm( 0): ffffffc00a4e9f68
01-01 08:00:03.891 I/ ( 0): [0 T215 ..] meson8b-dwmac fe368000.ethernet: PTP uses main clock
01-01 08:00:03.894 I/ ( 0): [2 T215 ..] meson8b-dwmac fe368000.ethernet: User ID: 0x50, Synopsys ID: 0x53
01-01 08:00:03.895 I/ ( 0): [2 T215 ..] meson8b-dwmac fe368000.ethernet: DWMAC4/5
01-01 08:00:03.895 I/ ( 0): [2 T215 ..] meson8b-dwmac fe368000.ethernet: DMA HW capability register supported
01-01 08:00:03.897 I/ ( 0): [2 T215 ..] meson8b-dwmac fe368000.ethernet: RX Checksum Offload Engine supported
01-01 08:00:03.898 I/ ( 0): [2 T215 ..] meson8b-dwmac fe368000.ethernet: TX Checksum insertion supported
01-01 08:00:03.899 I/ ( 0): [2 T215 ..] meson8b-dwmac fe368000.ethernet: Wake-Up On Lan supported
01-01 08:00:03.900 I/ ( 0): [2 T215 ..] meson8b-dwmac fe368000.ethernet: TSO supported
01-01 08:00:03.900 I/ ( 0): [2 T215 ..] meson8b-dwmac fe368000.ethernet: Enable RX Mitigation via HW Watchdog Timer
01-01 08:00:03.902 I/ ( 0): [2 T215 ..] meson8b-dwmac fe368000.ethernet: device MAC address 20:02:fe:19:c2:49
01-01 08:00:03.903 I/ ( 0): [2 T215 ..] meson8b-dwmac fe368000.ethernet: Enabled L3L4 Flow TC (entries=1)
01-01 08:00:03.904 I/ ( 0): [2 T215 ..] meson8b-dwmac fe368000.ethernet: Enabled RFS Flow TC (entries=8)
01-01 08:00:03.905 I/ ( 0): [2 T215 ..] meson8b-dwmac fe368000.ethernet: Using 32 bits DMA width
01-01 08:00:03.907 I/ ( 0): [2 T215 ..] aml_cust_setting
01-01 08:00:03.907 I/ ( 0): [2 T215 ..] cover mc_val as 0x1621
01-01 08:00:03.907 I/ ( 0): [2 T215 ..] gpio 1
01-01 08:00:03.908 I/[2 T215 ..] input( 0): input_ethrcu as /devices/platform/soc/fe368000.ethernet/input/input7
01-01 08:00:04.000 I/[0 T215 ..] usbcore( 0): registered new interface driver aml_usbcam
01-01 08:00:04.016 I/ ( 0): [1 T86 ..] lcd vlock_en=0, vlock_mode=0x8 i=101
01-01 08:00:04.105 I/ ( 0): [0 T215 ..] audio-ddr-manager fe330000.audiobus:ddr_manager: 0, irqs frddr 37
01-01 08:00:04.105 I/ ( 0): [0 T215 ..] audio-ddr-manager fe330000.audiobus:ddr_manager: 1, irqs frddr 38
01-01 08:00:04.106 I/ ( 0): [0 T215 ..] audio-ddr-manager fe330000.audiobus:ddr_manager: 2, irqs frddr 39
01-01 08:00:04.107 I/ ( 0): [0 T215 ..] audio-ddr-manager fe330000.audiobus:ddr_manager: 3, irqs frddr 40
01-01 08:00:04.110 I/[0 T215 ..] [snd-soc]( 0): extn_platform_probe, register soc platform
01-01 08:00:04.111 W/ ( 0): [0 T215 ..] snd_pdm fe330000.audiobus:pdm: Can't get pdm pinmux
01-01 08:00:04.111 I/ ( 0): [0 T215 ..] snd_pdm fe330000.audiobus:pdm: Can't retrieve xtal_clk clock
01-01 08:00:04.112 W/ ( 0): [0 T215 ..] snd_pdm fe330000.audiobus:pdm: no clk_src_cd clock for 44k case
01-01 08:00:04.114 W/[0 T215 ..] [snd-soc]( 0): failed to get data_lb_ratec
01-01 08:00:04.115 D/[0 T215 ..] [snd-soc]( 0): resample_platform_probe
01-01 08:00:04.115 D/[0 T215 ..] [snd-soc]( 0): resample_platform_probe sys-src clk rate from dts:491520000
01-01 08:00:04.115 W/ ( 0): [0 T215 ..] audioresample fe330000.audiobus:resample@0: no clk_src_cd clock for hifi1 case
01-01 08:00:04.116 I/[0 T215 ..] [snd-soc]( 0): new_resample_init: Start init new resample 0 parameters!
01-01 08:00:04.132 E/ ( 0): [0 T215 ..] Codec io: No support bus type 2 to write.
01-01 08:00:04.133 I/[0 T215 ..] [snd-soc]( 0): resample_clk_set:set hifi pll
01-01 08:00:04.133 I/[0 T215 ..] [snd-soc]( 0): resample_clk_set, resample_pll:491520000, sclk:12288000, clk:12288000
01-01 08:00:04.135 I/[0 T215 ..] [snd-soc]( 0): new_resample_set_ratio(), id = 0, phase_step = 0x10000000, input_sr = 48000, output_sr = 48000
01-01 08:00:04.135 I/[0 T215 ..] [snd-soc]( 0): resample id = 0, new resample = 2, resample_module = 8
01-01 08:00:04.152 I/[0 T215 ..] [snd-soc]( 0): Channel_Mask: lane_ss = 0
01-01 08:00:04.153 I/[0 T215 ..] input( 0): vad_keypad as /devices/platform/soc/fe330000.audiobus/fe330000.audiobus:vad/input/input8
01-01 08:00:04.156 E/ ( 0): [0 T215 ..] asoc-aml-card auge_sound: aml_card_dai_link_of, error dai-link idx:2, error getting codec dai, ret -517
01-01 08:00:04.157 E/[0 T215 ..] [snd-soc]( 0): aml_card_probe error ret:-517
01-01 08:00:04.159 E/ ( 0): [1 T8 ..] asoc-aml-card auge_sound: aml_card_dai_link_of, error dai-link idx:2, error getting codec dai, ret -517
01-01 08:00:04.160 E/[1 T8 ..] [snd-soc]( 0): aml_card_probe error ret:-517
01-01 08:00:04.161 E/ ( 0): [1 T8 ..] asoc-aml-card auge_sound: aml_card_dai_link_of, error dai-link idx:2, error getting codec dai, ret -517
01-01 08:00:04.162 E/[1 T8 ..] [snd-soc]( 0): aml_card_probe error ret:-517
01-01 08:00:04.166 I/ ( 0): [0 T215 ..] aml_codec_T9015 fe01a000.t9015: aml_T9015_audio_codec_probe
01-01 08:00:04.166 I/[0 T215 ..] [snd-codec-t9015]( 0): T9015 acodec tdmout index:2
01-01 08:00:04.168 E/ ( 0): [1 T8 ..] asoc-aml-card auge_sound: IRQ audio_exception64 not found
01-01 08:00:04.169 I/[1 T8 ..] [snd-codec-t9015]( 0): no call standard reset interface
01-01 08:00:04.182 W/ ( 0): [0 T215 ..] es8156_modinit enter
01-01 08:00:04.182 W/ ( 0): [0 T215 ..] es8156_i2c_probe start
01-01 08:00:04.182 E/ ( 0): [0 T215 ..] es8156 2-0008: failed to read i2c at addr 8
01-01 08:00:04.438 D/[0 T8 ..] [snd-soc]( 0): spdifout_play_with_zerodata_free, spdif id:0
01-01 08:00:04.438 D/[0 T8 ..] [snd-soc]( 0): spdifout_play_with_zerodata_free, spdif id:1
01-01 08:00:04.438 I/[0 T8 ..] [snd-soc]( 0):
01-01 08:00:04.438 I/ ( 0): [0 T8 ..] loopback_dai_set_sysclk, 0, 12288000, 0
01-01 08:00:04.439 I/[0 T8 ..] [snd-soc]( 0): asoc loopback_dai_set_fmt, 0x4010, 00000000ce86ea79
01-01 08:00:04.441 W/[0 T8 ..] [snd-soc]( 0): no node audio_effect for eq/drc info!
01-01 08:00:04.504 I/[2 T232 ..] servicemanager( 0): Starting sm instance on /dev/binder
01-01 08:00:04.517 W/[2 T232 ..] SELinux( 0): Multiple same specifications for tv_remote.
01-01 08:00:04.519 I/[2 T232 ..] SELinux( 0): SELinux: Loaded service context from:
01-01 08:00:04.519 I/[2 T232 ..] SELinux( 0): /system/etc/selinux/plat_service_contexts
01-01 08:00:04.520 I/[2 T232 ..] SELinux( 0): /system_ext/etc/selinux/system_ext_service_contexts
01-01 08:00:04.521 I/[2 T232 ..] SELinux( 0): /product/etc/selinux/product_service_contexts
01-01 08:00:04.522 I/[2 T232 ..] SELinux( 0): /vendor/etc/selinux/vendor_service_contexts
01-01 08:00:04.575 I/[0 T159 ..] [efuse-unifykey]( 0): already inited!
01-01 08:00:04.584 I/[2 T229 ..] logd.auditd( 0): start
01-01 08:00:04.600 I/[1 T229 ..] logd( 0): Loaded bug_map file: /system_ext/etc/selinux/bug_map
01-01 08:00:04.601 I/[1 T229 ..] logd( 0): Loaded bug_map file: /vendor/etc/selinux/selinux_denial_metadata
01-01 08:00:04.603 I/[2 T229 ..] logd( 0): Loaded bug_map file: /system/etc/selinux/bug_map
01-01 08:00:04.633 I/ ( 0): [2 T8 ..] mali fd000000.valhall: Kernel DDK version r44p1-01eac0
01-01 08:00:04.634 I/ ( 0): [2 T8 ..] mali fd000000.valhall: GPU metrics tracepoint support enabled
01-01 08:00:04.636 I/ ( 0): [2 T8 ..] mali fd000000.valhall: r0p0 status 1 not found in HW issues table;
01-01 08:00:04.637 I/ ( 0): [2 T8 ..] mali fd000000.valhall: falling back to closest match: r0p0 status 0
01-01 08:00:04.638 I/ ( 0): [2 T8 ..] mali fd000000.valhall: Execution proceeding normally with fallback match
01-01 08:00:04.639 I/ ( 0): [2 T8 ..] mali fd000000.valhall: GPU identified as 0x4 arch 10.12.7 r0p0 status 1
01-01 08:00:04.640 I/ ( 0): [2 T8 ..] mali fd000000.valhall: No priority control manager is configured
01-01 08:00:04.641 I/ ( 0): [2 T8 ..] mali fd000000.valhall: No memory group manager is configured
01-01 08:00:04.642 I/ ( 0): [2 T8 ..] mali fd000000.valhall: Protected memory allocator not available
01-01 08:00:04.643 I/ ( 0): [2 T8 ..] mali fd000000.valhall: Using coherency mode 31 set from dtb
01-01 08:00:04.647 I/ ( 0): [2 T8 ..] mali fd000000.valhall: Probed as mali0
01-01 08:00:04.670 I/[3 T159 ..] init( 0): wait for '/odm/lib/ms12' took 0ms
01-01 08:00:04.784 I/[2 T159 ..] init( 0): wait for '/dev/audio_utils' took 0ms
01-01 08:00:04.785 I/[3 T159 ..] init( 0): wait for '/dev/dolby_fw' took 0ms
01-01 08:00:04.787 E/[1 T232 ..] cutils-trace( 0): Error opening trace file: Permission denied (13)
01-01 08:00:04.854 I/[3 T159 ..] [media_clock]( 0): dos_register_probe, res start fe320000, end fe32ffff, iomap: ffffffc00bfe0000
01-01 08:00:04.855 I/[3 T159 ..] [media_clock]( 0): dos_register_probe, res start fe036000, end fe037fff, iomap: ffffffc00bd3e000
01-01 08:00:04.857 E/[3 T159 ..] [media_clock]( 0): of_address_to_resource failed
01-01 08:00:04.858 I/[3 T159 ..] [media_clock]( 0): initial_dos_device end, chip 71(0)
01-01 08:00:04.859 D/[3 T159 ..] [media_clock]( 0): set_clock_gate get hevc_mux_str
01-01 08:00:04.859 D/[3 T159 ..] [media_clock]( 0): set_clock_gate get hcodec mux
01-01 08:00:04.859 D/[3 T159 ..] [media_clock]( 0): set_clock_gate get vdec mux
01-01 08:00:04.869 I/[1 T159 ..] [firmware]( 0): read format in dts failed, ret = -22
01-01 08:00:04.872 I/ ( 0): [0 T8 ..] [TEE] E/TC:? 00 tee_rpmb_verify_key_sync_counter:1008 Verify key returning 0xffff0008
01-01 08:00:04.873 I/ ( 0): [0 T8 ..] [TEE] E/TA: MM-module-name:VDEC TA,Version:1.0.21-g006fb97(build:6823)
01-01 08:00:04.898 E/ ( 0): [1 T159 ..] vdec vdec: Get pwrc-vdec-2 failed, pm-domain: 0
01-01 08:00:04.899 E/ ( 0): [1 T159 ..] vdec vdec: Get pwrc-hevcb failed, pm-domain: 0
01-01 08:00:04.899 E/ ( 0): [1 T159 ..] vdec vdec: Get pwrc-wave failed, pm-domain: 0
01-01 08:00:04.914 E/ ( 0): [1 T159 ..] Amlogic A/V streaming port init --------- beginning of system
01-01 08:00:04.910 I/vold ( 247): Vold 3.0 (the awakening) firing up
01-01 08:00:04.911 D/vold ( 247): Detected support for: ext4 f2fs vfat
01-01 08:00:04.923 D/vold ( 247): VoldNativeService::start() completed OK
01-01 08:00:05.005 I/[2 T1 ..] tune2fs( 0): tune2fs 1.46.6 (1-Feb-2023)
01-01 08:00:05.010 I/[2 T1 ..] tune2fs( 0): Warning: The journal is dirty. You may wish to replay the journal like:
01-01 08:00:05.011 I/[1 T1 ..] tune2fs( 0):
01-01 08:00:05.011 I/[1 T1 ..] tune2fs( 0): e2fsck -E journal_only /dev/block/by-name/param
01-01 08:00:05.012 I/[1 T1 ..] tune2fs( 0):
01-01 08:00:05.012 I/[1 T1 ..] tune2fs( 0): then rerun this command. Otherwise, any changes made may be overwritten
01-01 08:00:05.013 I/[1 T1 ..] tune2fs( 0): by journal recovery.
01-01 08:00:05.014 I/[1 T1 ..] tune2fs( 0): Cannot enable project quota; inode size too small.
01-01 08:00:05.015 I/[1 T1 ..] tune2fs( 0): tune2fs terminated by exit(1)
01-01 08:00:05.015 I/ ( 0): [1 T1 ..]
01-01 08:00:05.018 W/ ( 0): [1 T1 ..] EXT4-fs (mmcblk0p15): Ignoring removed nomblk_io_submit option
01-01 08:00:05.074 I/[3 T232 ..] servicemanager( 0): getDeviceHalManifest: Reading VINTF information.
01-01 08:00:05.080 I/[3 T232 ..] servicemanager( 0): getDeviceHalManifest: Successfully processed VINTF information
01-01 08:00:05.135 I/ ( 0): [2 T1 ..] EXT4-fs (mmcblk0p15): recovery complete
01-01 08:00:05.136 I/ ( 0): [2 T1 ..] EXT4-fs (mmcblk0p15): mounted filesystem with ordered data mode. Opts: errors=remount-ro,nomblk_io_submit. Quota mode: none.
01-01 08:00:05.196 I/[1 T1 ..] e2fsck( 0): e2fsck 1.46.6 (1-Feb-2023)
01-01 08:00:05.224 W/ ( 0): [1 T1 ..] EXT4-fs (mmcblk0p15): Ignoring removed nomblk_io_submit option
01-01 08:00:05.261 I/ ( 0): [3 T1 ..] EXT4-fs (mmcblk0p15): mounted filesystem with ordered data mode. Opts: nodelalloc,nomblk_io_submit,errors=panic. Quota mode: none.
01-01 08:00:05.264 W/ ( 0): [3 T1 ..] EXT4-fs (mmcblk0p9): Ignoring removed nomblk_io_submit option
01-01 08:00:05.297 I/ ( 0): [2 T1 ..] EXT4-fs (mmcblk0p9): recovery complete
01-01 08:00:05.313 I/ ( 0): [3 T1 ..] EXT4-fs (mmcblk0p9): mounted filesystem with ordered data mode. Opts: errors=remount-ro,nomblk_io_submit. Quota mode: none.
01-01 08:00:05.402 W/ ( 0): [3 T1 ..] EXT4-fs (mmcblk0p9): Ignoring removed nomblk_io_submit option
01-01 08:00:05.411 I/ ( 0): [1 T1 ..] EXT4-fs (mmcblk0p9): mounted filesystem with ordered data mode. Opts: nodelalloc,nomblk_io_submit,errors=panic. Quota mode: none.
01-01 08:00:05.436 W/ ( 0): [1 T1 ..] FAT-fs (mmcblk0p4): Volume was not properly unmounted. Some data may be corrupt. Please run fsck.
01-01 08:00:05.631 I/ ( 0): [2 T277 ..] mali fd000000.valhall: Loading Mali firmware 0x1010000
01-01 08:00:05.633 E/ ( 0): [2 T277 ..] mali fd000000.valhall: Protected memory allocator not found, Firmware protected mode entry will not be supported
01-01 08:00:05.635 I/ ( 0): [2 T277 ..] mali fd000000.valhall: Mali firmware git_sha: 7f8e423cba190d559c9c79e71e47d07beb193793
01-01 08:00:05.785 I/[3 T292 ..] android.hardware.boot-service( 0): boot_ctrl.roll_flag =
01-01 08:00:05.786 I/[3 T292 ..] android.hardware.boot-service( 0): IBootControl AIDL service running...
01-01 08:00:05.787 I/vold ( 247): Using AIDL version of IBootControl
01-01 08:00:05.799 D/[1 T298 ..] vdc( 0): Waited 0ms for vold
01-01 08:00:05.802 I/[1 T292 ..] android.hardware.boot-service( 0): sys.boot_completed:
01-01 08:00:05.801 I/keystore2( 291): system/security/keystore2/src/keystore2_main.rs:61 - Keystore2 is starting.
01-01 08:00:05.801 I/keystore2( 291): system/security/keystore2/src/keystore2_main.rs:67 - Setting up sqlite logging for keystore2
01-01 08:00:05.806 W/keystore2( 291): system/security/keystore2/src/metrics_store.rs:577 - In update_keystore_crash_sysprop: Failed to read the existing system property due to: system/security/keystore2/src/metrics_store.rs:608: Property not set..Therefore, keystore crashes will not be logged.
01-01 08:00:05.811 I/keystore2( 291): system/security/keystore2/src/keystore2_main.rs:97 - Starting thread pool now.
01-01 08:00:05.814 I/keystore2( 291): system/security/keystore2/src/globals.rs:256 - KeyMint device is current version (Some(300)) for security level: r#TRUSTED_ENVIRONMENT
01-01 08:00:05.816 D/vold ( 247): fscrypt_mount_metadata_encrypted: /data encrypt: 0 format: 0 with null block device: /dev/block/by-name/userdata and zoned device:
01-01 08:00:05.817 D/vold ( 247): metadata_key_dir/key: /metadata/vold/metadata_encryption/key
01-01 08:00:05.819 D/vold ( 247): Key exists, using: /metadata/vold/metadata_encryption/key
01-01 08:00:05.829 D/[1 T299 ..] vdc( 0): Waited 0ms for vold
01-01 08:00:05.822 I/keystore2( 291): system/security/keystore2/src/shared_secret_negotiation.rs:47 - Shared secret negotiation concluded successfully.
01-01 08:00:05.825 I/keystore2( 291): system/security/keystore2/src/shared_secret_negotiation.rs:294 - No StrongBox Keymint available, so no RoT transfer
01-01 08:00:05.825 I/keystore2( 291): system/security/keystore2/src/keystore2_main.rs:152 - Successfully registered Keystore 2.0 service.
01-01 08:00:05.826 I/keystore2( 291): system/security/keystore2/src/keystore2_main.rs:154 - Joining thread pool now.
01-01 08:00:05.837 D/vold ( 247): Mounting metadata-encrypted filesystem:/data
01-01 08:00:05.839 I/vold ( 247): [libfs_mgr] Running /system/bin/fsck.f2fs -a -c 10000 --debug-cache /dev/block/dm-50
01-01 08:00:05.867 I/[0 T247 ..] fsck.f2fs( 0): Info: Fix the reported corruption.
01-01 08:00:05.867 I/[0 T247 ..] fsck.f2fs( 0): Info: not exist /proc/version!
01-01 08:00:05.868 I/[0 T247 ..] fsck.f2fs( 0): Info: MKFS version
01-01 08:00:05.868 I/[0 T247 ..] fsck.f2fs( 0): "5.15.170-android14-11-gce7825878084-dirty"
01-01 08:00:05.869 I/[0 T247 ..] fsck.f2fs( 0): Info: FSCK version
01-01 08:00:05.870 I/[0 T247 ..] fsck.f2fs( 0): from "5.15.170-android14-11-gce7825878084-dirty"
01-01 08:00:05.871 I/[0 T247 ..] fsck.f2fs( 0): to "5.15.170-android14-11-gce7825878084-dirty"
01-01 08:00:05.872 I/[0 T247 ..] fsck.f2fs( 0): Info: superblock features = 1499 : encrypt verity extra_attr project_quota quota_ino casefold
01-01 08:00:05.873 I/[0 T247 ..] fsck.f2fs( 0): Info: superblock encrypt level = 0, salt = 00000000000000000000000000000000
01-01 08:00:05.874 I/[0 T247 ..] fsck.f2fs( 0): Info: Segments per section = 1
01-01 08:00:05.896 I/ ( 0): [1 T8 ..] [TEE] M/TA: support scs verify chip. 71
01-01 08:00:05.897 I/ ( 0): [1 T8 ..] [TEE] E/TA: fw_check_pack_version:301 the package has 17 fws totally.
01-01 08:00:05.898 I/ ( 0): [1 T8 ..] [TEE] E/TA: fw_check_pack_version:318 The TA ver is v1.0
01-01 08:00:05.899 I/ ( 0): [1 T8 ..] [TEE] E/TA: fw_check_pack_version:319 The fw ver is v0.4
01-01 08:00:05.900 I/ ( 0): [1 T8 ..] [TEE] E/TA: fw_data_insert:403 the fw with 372 KB will be loaded.
01-01 08:00:05.901 I/ ( 0): [1 T8 ..] [TEE] M/TA: TEE_Video_Load_FW success
01-01 08:00:05.929 I/[3 T297 ..] [hdmitx( 0): ] qms 0 qms_tfr_min/max 0 0 gaming_vrr_min/max 48 120
01-01 08:00:05.930 I/[3 T297 ..] [hdmitx( 0): ] BRR VIC 16 width/height 1920 1080 QMS min/max 0 0 GAME min/max 48 120
01-01 08:00:05.931 I/[3 T297 ..] [hdmitx( 0): ] BRR/VIC group
01-01 08:00:05.931 I/[3 T297 ..] [hdmitx( 0): ] BRR VIC 4 width/height 1280 720 QMS min/max 0 0 GAME min/max 48 120
01-01 08:00:05.933 I/[3 T297 ..] [hdmitx( 0): ] BRR/VIC group
01-01 08:00:05.933 I/[3 T297 ..] [hdmitx( 0): ] BRR VIC 97 width/height 3840 2160 QMS min/max 0 0 GAME min/max 48 120
01-01 08:00:05.934 I/[3 T297 ..] [hdmitx( 0): ] BRR/VIC group
01-01 08:00:05.935 I/[3 T297 ..] [hdmitx( 0): ] BRR VIC 102 width/height 4096 2160 QMS min/max 0 0 GAME min/max 48 120
01-01 08:00:05.936 I/[3 T297 ..] [hdmitx( 0): ] BRR/VIC group
01-01 08:00:05.937 I/[3 T297 ..] [hdmitx( 0): ] qms 0 qms_tfr_min/max 0 0 gaming_vrr_min/max 48 120
01-01 08:00:05.957 I/ ( 0): [3 T247 ..] F2FS-fs (dm-50): Using encoding defined by superblock: utf8-12.1.0 with flags 0x0
01-01 08:00:06.038 I/ ( 0): [3 T247 ..] F2FS-fs (dm-50): recover_inode: ino = 18b8, name = , inline = 21
01-01 08:00:06.039 I/ ( 0): [3 T247 ..] F2FS-fs (dm-50): recover_dentry: ino = 18b8, name = , dir = 7fa, err = 0
01-01 08:00:06.039 I/ ( 0): [3 T247 ..] F2FS-fs (dm-50): recover_data: ino = 18b8 (i_size: recover) recovered = 1, err = 0
01-01 08:00:06.041 I/ ( 0): [3 T247 ..] F2FS-fs (dm-50): recover_inode: ino = 18b9, name = , inline = 21
01-01 08:00:06.042 I/ ( 0): [3 T247 ..] F2FS-fs (dm-50): recover_dentry: ino = 18b9, name = , dir = 90a, err = 0
01-01 08:00:06.043 I/ ( 0): [3 T247 ..] F2FS-fs (dm-50): recover_data: ino = 18b9 (i_size: recover) recovered = 1, err = 0
01-01 08:00:06.044 I/ ( 0): [3 T247 ..] F2FS-fs (dm-50): recover_inode: ino = 18ba, name = , inline = 21
01-01 08:00:06.046 I/ ( 0): [1 T247 ..] F2FS-fs (dm-50): recover_dentry: ino = 18ba, name = , dir = 105, err = 0
01-01 08:00:06.047 I/ ( 0): [1 T247 ..] F2FS-fs (dm-50): recover_data: ino = 18ba (i_size: recover) recovered = 3, err = 0
01-01 08:00:06.048 I/ ( 0): [1 T247 ..] F2FS-fs (dm-50): recover_inode: ino = 18bb, name = , inline = 21
01-01 08:00:06.049 I/ ( 0): [1 T247 ..] F2FS-fs (dm-50): recover_dentry: ino = 18bb, name = , dir = 105, err = 0
01-01 08:00:06.050 I/ ( 0): [1 T247 ..] F2FS-fs (dm-50): recover_data: ino = 18bb (i_size: recover) recovered = 3, err = 0
01-01 08:00:06.051 I/ ( 0): [1 T247 ..] F2FS-fs (dm-50): recover_inode: ino = 18c3, name = , inline = 21
01-01 08:00:06.053 I/ ( 0): [1 T247 ..] F2FS-fs (dm-50): recover_dentry: ino = 18c3, name = , dir = 971, err = 0
01-01 08:00:06.054 I/ ( 0): [1 T247 ..] F2FS-fs (dm-50): recover_data: ino = 18c3 (i_size: recover) recovered = 1, err = 0
01-01 08:00:06.055 I/ ( 0): [1 T247 ..] F2FS-fs (dm-50): recover_inode: ino = 18c5, name = , inline = 21
01-01 08:00:06.056 I/ ( 0): [1 T247 ..] F2FS-fs (dm-50): recover_dentry: ino = 18c5, name = , dir = 96f, err = 0
01-01 08:00:06.057 I/ ( 0): [1 T247 ..] F2FS-fs (dm-50): recover_data: ino = 18c5 (i_size: recover) recovered = 3, err = 0
01-01 08:00:06.058 I/ ( 0): [1 T247 ..] F2FS-fs (dm-50): recover_inode: ino = 18c6, name = , inline = 21
01-01 08:00:06.060 I/ ( 0): [1 T247 ..] F2FS-fs (dm-50): recover_dentry: ino = 18c6, name = , dir = 96f, err = 0
01-01 08:00:06.061 I/ ( 0): [1 T247 ..] F2FS-fs (dm-50): recover_data: ino = 18c6 (i_size: recover) recovered = 1, err = 0
01-01 08:00:06.064 I/ ( 0): [3 T247 ..] F2FS-fs (dm-50): checkpoint: version = 7692883a
01-01 08:00:06.053 I/vold ( 247): [libfs_mgr] __mount(source=/dev/block/dm-50,target=/data,type=f2fs)=0: Success
01-01 08:00:06.054 D/vold ( 247): Mounted /data
01-01 08:00:06.065 I/ ( 0): [0 T247 ..] F2FS-fs (dm-50): Mounted with checkpoint version = 7692883a
01-01 08:00:06.087 I/[3 T1 ..] zram0( 0): detected capacity change from 0 to 2485320
01-01 08:00:06.108 I/ ( 0): [3 T1 ..] Adding 1242656k swap on /dev/block/zram0. Priority:-2 extents:1 across:1242656k SS
01-01 08:00:06.120 I/Checkpoint( 247): cp_prepareCheckpoint called
01-01 08:00:06.142 I/vold ( 247): fscrypt_initialize_systemwide_keys
01-01 08:00:06.155 D/[2 T318 ..] vdc( 0): Waited 0ms for vold
01-01 08:00:06.144 D/vold ( 247): Key exists, using: /data/unencrypted/key
01-01 08:00:06.149 D/vold ( 247): Installed fscrypt key with ref e33eb01ff71fe86355bdc0de3338aaeb to /data
01-01 08:00:06.149 D/vold ( 247): Added fscrypt-provisioning key for e33eb01ff71fe86355bdc0de3338aaeb to session keyring
01-01 08:00:06.150 I/vold ( 247): Wrote system DE key reference to:/data/unencrypted/ref
01-01 08:00:06.151 D/vold ( 247): Generating standard storage key
01-01 08:00:06.151 D/vold ( 247): Installed fscrypt key with ref abb67628a3fb14e1cbf23741e51ca9b8 to /data
01-01 08:00:06.151 D/vold ( 247): Added fscrypt-provisioning key for abb67628a3fb14e1cbf23741e51ca9b8 to session keyring
01-01 08:00:06.152 I/vold ( 247): Wrote per boot key reference to:/data/unencrypted/per_boot_ref
01-01 08:00:06.167 I/[2 T1 ..] fscrypt( 0): AES-256-CTS-CBC using implementation "cts-cbc-aes-ce"
01-01 08:00:06.169 I/[3 T1 ..] fscrypt( 0): AES-256-XTS using blk-crypto-fallback
01-01 08:00:06.197 I/ ( 0): [2 T316 ..] vt session 316-0 create
01-01 08:00:06.192 I/incfs ( 247): Initial API level of the device: 34
01-01 08:00:06.192 I/incfs ( 247): ro.incremental.enable: yes
01-01 08:00:06.193 I/incfs ( 247): isFsAvailable: true
01-01 08:00:06.193 I/incfs ( 247): isFsAvailable: true
01-01 08:00:06.193 I/incfs ( 247): IncFs_Features: v2
01-01 08:00:06.194 I/keystore2( 291): system/security/keystore2/src/maintenance.rs:206 - In early_boot_ended.
01-01 08:00:06.205 I/ ( 0): [2 T316 ..] [DV] module not install
01-01 08:00:06.207 I/keystore2( 291): system/security/keystore2/src/globals.rs:66 - Touching Keystore 2.0 database for this first time since boot.
01-01 08:00:06.207 I/keystore2( 291): system/security/keystore2/src/globals.rs:68 - Calling cleanup leftovers.
01-01 08:00:06.208 I/keystore2( 291): system/security/keystore2/src/boot_level_keys.rs:57 - ro.keystore.boot_level_key.strategy not set, inferring from installed KM instances
01-01 08:00:06.208 I/keystore2( 291): system/security/keystore2/src/boot_level_keys.rs:115 - In get_level_zero_key: security_level=r#SOFTWARE, deny_later_strategy=EarlyBootOnly
01-01 08:00:06.214 I/keystore2( 291): system/security/keystore2/src/super_key.rs:293 - Starting boot level watcher.
01-01 08:00:06.215 I/keystore2( 291): system/security/keystore2/src/super_key.rs:325 - Read keystore.boot_level value 30
01-01 08:00:06.215 I/keystore2( 291): system/security/keystore2/src/maintenance.rs:187 - Call to earlyBootEnded succeeded for security level TRUSTED_ENVIRONMENT.
01-01 08:00:06.215 I/keystore2( 291): system/security/keystore2/src/super_key.rs:325 - Read keystore.boot_level value 30
