05-31 18:42:59.734 V/ActivityManagerTiming( 719): OnBootPhase_1000_com.android.server.oemlock.OemLockService took to complete: 0ms
05-31 18:42:59.734 D/ActivityManagerTiming( 719): OnBootPhase_1000_com.android.server.DeviceIdleController
05-31 18:42:59.734 V/ActivityManagerTiming( 719): OnBootPhase_1000_com.android.server.DeviceIdleController took to complete: 0ms
05-31 18:42:59.734 D/ActivityManagerTiming( 719): OnBootPhase_1000_com.android.server.devicepolicy.DevicePolicyManagerService$Lifecycle
05-31 18:42:59.734 V/ActivityManagerTiming( 719): OnBootPhase_1000_com.android.server.devicepolicy.DevicePolicyManagerService$Lifecycle took to complete: 0ms
05-31 18:42:59.735 D/ActivityManagerTiming( 719): OnBootPhase_1000_com.android.server.texttospeech.TextToSpeechManagerService
05-31 18:42:59.735 V/ActivityManagerTiming( 719): OnBootPhase_1000_com.android.server.texttospeech.TextToSpeechManagerService took to complete: 0ms
05-31 18:42:59.735 D/ActivityManagerTiming( 719): OnBootPhase_1000_com.android.server.ambientcontext.AmbientContextManagerService
05-31 18:42:59.735 V/ActivityManagerTiming( 719): OnBootPhase_1000_com.android.server.ambientcontext.AmbientContextManagerService took to complete: 0ms
05-31 18:42:59.735 D/ActivityManagerTiming( 719): OnBootPhase_1000_com.android.server.wearable.WearableSensingManagerService
05-31 18:42:59.735 V/ActivityManagerTiming( 719): OnBootPhase_1000_com.android.server.wearable.WearableSensingManagerService took to complete: 0ms
05-31 18:42:59.735 D/ActivityManagerTiming( 719): OnBootPhase_1000_com.android.server.speech.SpeechRecognitionManagerService
05-31 18:42:59.735 V/ActivityManagerTiming( 719): OnBootPhase_1000_com.android.server.speech.SpeechRecognitionManagerService took to complete: 0ms
05-31 18:42:59.735 D/ActivityManagerTiming( 719): OnBootPhase_1000_com.android.server.searchui.SearchUiManagerService
05-31 18:42:59.735 V/ActivityManagerTiming( 719): OnBootPhase_1000_com.android.server.searchui.SearchUiManagerService took to complete: 0ms
05-31 18:42:59.735 D/ActivityManagerTiming( 719): OnBootPhase_1000_com.android.server.smartspace.SmartspaceManagerService
05-31 18:42:59.735 V/ActivityManagerTiming( 719): OnBootPhase_1000_com.android.server.smartspace.SmartspaceManagerService took to complete: 0ms
05-31 18:42:59.735 D/ActivityManagerTiming( 719): OnBootPhase_1000_com.android.server.graphics.fonts.FontManagerService$Lifecycle
05-31 18:42:59.735 V/ActivityManagerTiming( 719): OnBootPhase_1000_com.android.server.graphics.fonts.FontManagerService$Lifecycle took to complete: 0ms
05-31 18:42:59.735 D/ActivityManagerTiming( 719): OnBootPhase_1000_com.android.server.textservices.TextServicesManagerService$Lifecycle
05-31 18:42:59.735 V/ActivityManagerTiming( 719): OnBootPhase_1000_com.android.server.textservices.TextServicesManagerService$Lifecycle took to complete: 0ms
05-31 18:42:59.735 D/ActivityManagerTiming( 719): OnBootPhase_1000_com.android.server.textclassifier.TextClassificationManagerService$Lifecycle
05-31 18:42:59.735 V/ActivityManagerTiming( 719): OnBootPhase_1000_com.android.server.textclassifier.TextClassificationManagerService$Lifecycle took to complete: 0ms
05-31 18:42:59.735 D/ActivityManagerTiming( 719): OnBootPhase_1000_com.android.server.NetworkScoreService$Lifecycle
05-31 18:42:59.735 V/ActivityManagerTiming( 719): OnBootPhase_1000_com.android.server.NetworkScoreService$Lifecycle took to complete: 0ms
05-31 18:42:59.735 D/ActivityManagerTiming( 719): OnBootPhase_1000_com.android.server.NetworkStatsServiceInitializer
05-31 18:42:59.735 V/ActivityManagerTiming( 719): OnBootPhase_1000_com.android.server.NetworkStatsServiceInitializer took to complete: 0ms
05-31 18:42:59.735 D/ActivityManagerTiming( 719): OnBootPhase_1000_com.android.server.wifi.WifiService
05-31 18:42:59.735 V/ActivityManagerTiming( 719): OnBootPhase_1000_com.android.server.wifi.WifiService took to complete: 0ms
05-31 18:42:59.735 D/ActivityManagerTiming( 719): OnBootPhase_1000_com.android.server.wifi.scanner.WifiScanningService
05-31 18:42:59.735 V/ActivityManagerTiming( 719): OnBootPhase_1000_com.android.server.wifi.scanner.WifiScanningService took to complete: 0ms
05-31 18:42:59.735 D/ActivityManagerTiming( 719): OnBootPhase_1000_com.android.server.wifi.p2p.WifiP2pService
05-31 18:42:59.736 V/ActivityManagerTiming( 719): OnBootPhase_1000_com.android.server.wifi.p2p.WifiP2pService took to complete: 0ms
05-31 18:42:59.736 D/ActivityManagerTiming( 719): OnBootPhase_1000_com.android.server.ConnectivityServiceInitializer
05-31 18:42:59.736 D/CompatibilityChangeReporter( 719): Compat change id reported: 161145287; UID 1000; state: DISABLED
05-31 18:42:59.736 D/CompatibilityChangeReporter( 719): Compat change id reported: 161145287; UID 1000; state: ENABLED
05-31 18:42:59.738 V/ActivityManagerTiming( 719): OnBootPhase_1000_com.android.server.ConnectivityServiceInitializer took to complete: 2ms
05-31 18:42:59.738 D/ActivityManagerTiming( 719): OnBootPhase_1000_com.android.server.notification.NotificationManagerService
05-31 18:42:59.738 V/ActivityManagerTiming( 719): OnBootPhase_1000_com.android.server.notification.NotificationManagerService took to complete: 0ms
05-31 18:42:59.738 D/ActivityManagerTiming( 719): OnBootPhase_1000_com.android.server.storage.DeviceStorageMonitorService
05-31 18:42:59.738 V/ActivityManagerTiming( 719): OnBootPhase_1000_com.android.server.storage.DeviceStorageMonitorService took to complete: 0ms
05-31 18:42:59.738 D/ActivityManagerTiming( 719): OnBootPhase_1000_com.android.server.timedetector.TimeDetectorService$Lifecycle
05-31 18:42:59.738 V/ActivityManagerTiming( 719): OnBootPhase_1000_com.android.server.timedetector.TimeDetectorService$Lifecycle took to complete: 0ms
05-31 18:42:59.738 D/ActivityManagerTiming( 719): OnBootPhase_1000_com.android.server.location.LocationManagerService$Lifecycle
05-31 18:42:59.738 V/ActivityManagerTiming( 719): OnBootPhase_1000_com.android.server.location.LocationManagerService$Lifecycle took to complete: 0ms
05-31 18:42:59.738 D/ActivityManagerTiming( 719): OnBootPhase_1000_com.android.server.timezonedetector.TimeZoneDetectorService$Lifecycle
05-31 18:42:59.738 V/ActivityManagerTiming( 719): OnBootPhase_1000_com.android.server.timezonedetector.TimeZoneDetectorService$Lifecycle took to complete: 0ms
05-31 18:42:59.738 D/ActivityManagerTiming( 719): OnBootPhase_1000_com.android.server.location.altitude.AltitudeService$Lifecycle
05-31 18:42:59.738 V/ActivityManagerTiming( 719): OnBootPhase_1000_com.android.server.location.altitude.AltitudeService$Lifecycle took to complete: 0ms
05-31 18:42:59.738 D/ActivityManagerTiming( 719): OnBootPhase_1000_com.android.server.timezonedetector.location.LocationTimeZoneManagerService$Lifecycle
05-31 18:42:59.738 V/ActivityManagerTiming( 719): OnBootPhase_1000_com.android.server.timezonedetector.location.LocationTimeZoneManagerService$Lifecycle took to complete: 0ms
05-31 18:42:59.738 D/ActivityManagerTiming( 719): OnBootPhase_1000_com.android.server.search.SearchManagerService$Lifecycle
05-31 18:42:59.738 V/ActivityManagerTiming( 719): OnBootPhase_1000_com.android.server.search.SearchManagerService$Lifecycle took to complete: 0ms
05-31 18:42:59.738 D/ActivityManagerTiming( 719): OnBootPhase_1000_com.android.server.wallpaper.WallpaperManagerService$Lifecycle
05-31 18:42:59.739 V/ActivityManagerTiming( 719): OnBootPhase_1000_com.android.server.wallpaper.WallpaperManagerService$Lifecycle took to complete: 1ms
05-31 18:42:59.739 D/ActivityManagerTiming( 719): OnBootPhase_1000_com.android.server.wallpapereffectsgeneration.WallpaperEffectsGenerationManagerService
05-31 18:42:59.739 V/ActivityManagerTiming( 719): OnBootPhase_1000_com.android.server.wallpapereffectsgeneration.WallpaperEffectsGenerationManagerService took to complete: 0ms
05-31 18:42:59.739 D/ActivityManagerTiming( 719): OnBootPhase_1000_com.android.server.audio.AudioService$Lifecycle
05-31 18:42:59.739 V/ActivityManagerTiming( 719): OnBootPhase_1000_com.android.server.audio.AudioService$Lifecycle took to complete: 0ms
05-31 18:42:59.739 D/ActivityManagerTiming( 719): OnBootPhase_1000_com.android.server.soundtrigger_middleware.SoundTriggerMiddlewareService$Lifecycle
05-31 18:42:59.739 V/ActivityManagerTiming( 719): OnBootPhase_1000_com.android.server.soundtrigger_middleware.SoundTriggerMiddlewareService$Lifecycle took to complete: 0ms
05-31 18:42:59.739 D/ActivityManagerTiming( 719): OnBootPhase_1000_com.android.server.adb.AdbService$Lifecycle
05-31 18:42:59.739 V/ActivityManagerTiming( 719): OnBootPhase_1000_com.android.server.adb.AdbService$Lifecycle took to complete: 0ms
05-31 18:42:59.739 D/ActivityManagerTiming( 719): OnBootPhase_1000_com.android.server.usb.UsbService$Lifecycle
05-31 18:42:59.739 V/ActivityManagerTiming( 719): OnBootPhase_1000_com.android.server.usb.UsbService$Lifecycle took to complete: 0ms
05-31 18:42:59.739 D/ActivityManagerTiming( 719): OnBootPhase_1000_com.android.server.twilight.TwilightService
05-31 18:42:59.742 V/ActivityManagerTiming( 719): OnBootPhase_1000_com.android.server.twilight.TwilightService took to complete: 3ms
05-31 18:42:59.742 D/ActivityManagerTiming( 719): OnBootPhase_1000_com.android.server.display.color.ColorDisplayService
05-31 18:42:59.742 V/ActivityManagerTiming( 719): OnBootPhase_1000_com.android.server.display.color.ColorDisplayService took to complete: 0ms
05-31 18:42:59.742 D/ActivityManagerTiming( 719): OnBootPhase_1000_com.android.server.job.JobSchedulerService
05-31 18:42:59.742 V/ActivityManagerTiming( 719): OnBootPhase_1000_com.android.server.job.JobSchedulerService took to complete: 0ms
05-31 18:42:59.742 D/ActivityManagerTiming( 719): OnBootPhase_1000_com.android.server.soundtrigger.SoundTriggerService
05-31 18:42:59.742 D/SoundTriggerService( 719): onBootPhase: 1000 : false
05-31 18:42:59.743 V/ActivityManagerTiming( 719): OnBootPhase_1000_com.android.server.soundtrigger.SoundTriggerService took to complete: 1ms
05-31 18:42:59.743 D/ActivityManagerTiming( 719): OnBootPhase_1000_com.android.server.trust.TrustManagerService
05-31 18:42:59.743 V/ActivityManagerTiming( 719): OnBootPhase_1000_com.android.server.trust.TrustManagerService took to complete: 0ms
05-31 18:42:59.743 D/ActivityManagerTiming( 719): OnBootPhase_1000_com.android.server.backup.BackupManagerService$Lifecycle
05-31 18:42:59.743 I/UsbDeviceManager( 719): Setting USB config to
05-31 18:42:59.743 D/UsbDeviceManager( 719): setUsbConfig(1) request:1
05-31 18:42:59.744 V/ActivityManagerTiming( 719): OnBootPhase_1000_com.android.server.backup.BackupManagerService$Lifecycle took to complete: 0ms
05-31 18:42:59.744 D/ActivityManagerTiming( 719): OnBootPhase_1000_com.android.server.appwidget.AppWidgetService
05-31 18:42:59.744 V/ActivityManagerTiming( 719): OnBootPhase_1000_com.android.server.appwidget.AppWidgetService took to complete: 0ms
05-31 18:42:59.744 D/ActivityManagerTiming( 719): OnBootPhase_1000_com.android.server.voiceinteraction.VoiceInteractionManagerService
05-31 18:42:59.744 V/ActivityManagerTiming( 719): OnBootPhase_1000_com.android.server.voiceinteraction.VoiceInteractionManagerService took to complete: 0ms
05-31 18:42:59.744 D/ActivityManagerTiming( 719): OnBootPhase_1000_com.android.server.GestureLauncherService
05-31 18:42:59.744 V/ActivityManagerTiming( 719): OnBootPhase_1000_com.android.server.GestureLauncherService took to complete: 0ms
05-31 18:42:59.744 D/ActivityManagerTiming( 719): OnBootPhase_1000_com.android.server.SensorNotificationService
05-31 18:42:59.746 D/CompatibilityChangeReporter( 719): Compat change id reported: 168936375; UID 1000; state: ENABLED
05-31 18:42:59.747 D/CompatibilityChangeReporter( 719): Compat change id reported: 168936375; UID 1000; state: DISABLED
05-31 18:42:59.752 D/CompatibilityChangeReporter( 719): Compat change id reported: 73144566; UID 1000; state: ENABLED
05-31 18:42:59.753 D/CompatibilityChangeReporter( 719): Compat change id reported: 73144566; UID 1000; state: DISABLED
05-31 18:42:59.755 V/ActivityManagerTiming( 719): OnBootPhase_1000_com.android.server.SensorNotificationService took to complete: 11ms
05-31 18:42:59.755 D/ActivityManagerTiming( 719): OnBootPhase_1000_com.android.server.emergency.EmergencyAffordanceService
05-31 18:42:59.755 V/ActivityManagerTiming( 719): OnBootPhase_1000_com.android.server.emergency.EmergencyAffordanceService took to complete: 0ms
05-31 18:42:59.755 D/ActivityManagerTiming( 719): OnBootPhase_1000_com.android.server.blob.BlobStoreManagerService
05-31 18:42:59.758 V/ActivityManagerTiming( 719): OnBootPhase_1000_com.android.server.blob.BlobStoreManagerService took to complete: 3ms
05-31 18:42:59.758 D/ActivityManagerTiming( 719): OnBootPhase_1000_com.android.server.dreams.DreamManagerService
05-31 18:42:59.759 V/ActivityManagerTiming( 719): OnBootPhase_1000_com.android.server.dreams.DreamManagerService took to complete: 0ms
05-31 18:42:59.759 D/ActivityManagerTiming( 719): OnBootPhase_1000_com.android.server.security.AttestationVerificationManagerService
05-31 18:42:59.759 V/ActivityManagerTiming( 719): OnBootPhase_1000_com.android.server.security.AttestationVerificationManagerService took to complete: 0ms
05-31 18:42:59.759 D/ActivityManagerTiming( 719): OnBootPhase_1000_com.android.server.restrictions.RestrictionsManagerService
05-31 18:42:59.759 V/ActivityManagerTiming( 719): OnBootPhase_1000_com.android.server.restrictions.RestrictionsManagerService took to complete: 0ms
05-31 18:42:59.759 D/ActivityManagerTiming( 719): OnBootPhase_1000_com.android.server.media.MediaSessionService
05-31 18:42:59.760 V/ActivityManagerTiming( 719): OnBootPhase_1000_com.android.server.media.MediaSessionService took to complete: 1ms
05-31 18:42:59.760 D/ActivityManagerTiming( 719): OnBootPhase_1000_com.android.server.hdmi.HdmiControlService
05-31 18:42:59.760 V/ActivityManagerTiming( 719): OnBootPhase_1000_com.android.server.hdmi.HdmiControlService took to complete: 0ms
05-31 18:42:59.760 D/ActivityManagerTiming( 719): OnBootPhase_1000_com.android.server.tv.interactive.TvInteractiveAppManagerService
05-31 18:42:59.760 V/ActivityManagerTiming( 719): OnBootPhase_1000_com.android.server.tv.interactive.TvInteractiveAppManagerService took to complete: 0ms
05-31 18:42:59.760 I/HdmiControlService( 719): bootCompleted
05-31 18:42:59.760 D/ActivityManagerTiming( 719): OnBootPhase_1000_com.android.server.tv.TvInputManagerService
05-31 18:42:59.760 V/ActivityManagerTiming( 719): OnBootPhase_1000_com.android.server.tv.TvInputManagerService took to complete: 0ms
05-31 18:42:59.760 D/ActivityManagerTiming( 719): OnBootPhase_1000_com.android.server.media.MediaResourceMonitorService
05-31 18:42:59.760 V/ActivityManagerTiming( 719): OnBootPhase_1000_com.android.server.media.MediaResourceMonitorService took to complete: 0ms
05-31 18:42:59.760 D/ActivityManagerTiming( 719): OnBootPhase_1000_com.android.server.tv.TvRemoteService
05-31 18:42:59.760 V/ActivityManagerTiming( 719): OnBootPhase_1000_com.android.server.tv.TvRemoteService took to complete: 0ms
05-31 18:42:59.760 D/ActivityManagerTiming( 719): OnBootPhase_1000_com.android.server.biometrics.BiometricService
05-31 18:42:59.760 V/ActivityManagerTiming( 719): OnBootPhase_1000_com.android.server.biometrics.BiometricService took to complete: 0ms
05-31 18:42:59.760 D/ActivityManagerTiming( 719): OnBootPhase_1000_com.android.server.biometrics.AuthService
05-31 18:42:59.760 V/ActivityManagerTiming( 719): OnBootPhase_1000_com.android.server.biometrics.AuthService took to complete: 0ms
05-31 18:42:59.760 D/ActivityManagerTiming( 719): OnBootPhase_1000_com.android.server.pm.ShortcutService$Lifecycle
05-31 18:42:59.761 V/ActivityManagerTiming( 719): OnBootPhase_1000_com.android.server.pm.ShortcutService$Lifecycle took to complete: 0ms
05-31 18:42:59.761 D/ActivityManagerTiming( 719): OnBootPhase_1000_com.android.server.pm.LauncherAppsService
05-31 18:42:59.761 V/ActivityManagerTiming( 719): OnBootPhase_1000_com.android.server.pm.LauncherAppsService took to complete: 0ms
05-31 18:42:59.761 D/ActivityManagerTiming( 719): OnBootPhase_1000_com.android.server.pm.CrossProfileAppsService
05-31 18:42:59.761 V/ActivityManagerTiming( 719): OnBootPhase_1000_com.android.server.pm.CrossProfileAppsService took to complete: 0ms
05-31 18:42:59.761 D/ActivityManagerTiming( 719): OnBootPhase_1000_com.android.server.people.PeopleService
05-31 18:42:59.761 V/ActivityManagerTiming( 719): OnBootPhase_1000_com.android.server.people.PeopleService took to complete: 0ms
05-31 18:42:59.761 D/ActivityManagerTiming( 719): OnBootPhase_1000_com.android.server.media.metrics.MediaMetricsManagerService
05-31 18:42:59.761 V/ActivityManagerTiming( 719): OnBootPhase_1000_com.android.server.media.metrics.MediaMetricsManagerService took to complete: 0ms
05-31 18:42:59.761 D/ActivityManagerTiming( 719): OnBootPhase_1000_com.android.server.pm.BackgroundInstallControlService
05-31 18:42:59.761 V/ActivityManagerTiming( 719): OnBootPhase_1000_com.android.server.pm.BackgroundInstallControlService took to complete: 0ms
05-31 18:42:59.761 D/ActivityManagerTiming( 719): OnBootPhase_1000_com.android.server.media.projection.MediaProjectionManagerService
05-31 18:42:59.761 V/ActivityManagerTiming( 719): OnBootPhase_1000_com.android.server.media.projection.MediaProjectionManagerService took to complete: 0ms
05-31 18:42:59.761 D/ActivityManagerTiming( 719): OnBootPhase_1000_com.android.server.slice.SliceManagerService$Lifecycle
05-31 18:42:59.761 V/ActivityManagerTiming( 719): OnBootPhase_1000_com.android.server.slice.SliceManagerService$Lifecycle took to complete: 0ms
05-31 18:42:59.761 D/ActivityManagerTiming( 719): OnBootPhase_1000_com.android.server.stats.StatsCompanion$Lifecycle
05-31 18:42:59.761 V/ActivityManagerTiming( 719): OnBootPhase_1000_com.android.server.stats.StatsCompanion$Lifecycle took to complete: 0ms
05-31 18:42:59.761 D/ActivityManagerTiming( 719): OnBootPhase_1000_com.android.server.scheduling.RebootReadinessManagerService$Lifecycle
05-31 18:42:59.761 V/ActivityManagerTiming( 719): OnBootPhase_1000_com.android.server.scheduling.RebootReadinessManagerService$Lifecycle took to complete: 0ms
05-31 18:42:59.761 D/ActivityManagerTiming( 719): OnBootPhase_1000_com.android.server.stats.pull.StatsPullAtomService
05-31 18:42:59.761 V/ActivityManagerTiming( 719): OnBootPhase_1000_com.android.server.stats.pull.StatsPullAtomService took to complete: 0ms
05-31 18:42:59.761 D/ActivityManagerTiming( 719): OnBootPhase_1000_com.android.server.stats.bootstrap.StatsBootstrapAtomService$Lifecycle
05-31 18:42:59.761 V/ActivityManagerTiming( 719): OnBootPhase_1000_com.android.server.stats.bootstrap.StatsBootstrapAtomService$Lifecycle took to complete: 0ms
05-31 18:42:59.761 D/ActivityManagerTiming( 719): OnBootPhase_1000_com.android.server.incident.IncidentCompanionService
05-31 18:42:59.761 V/ActivityManagerTiming( 719): OnBootPhase_1000_com.android.server.incident.IncidentCompanionService took to complete: 0ms
05-31 18:42:59.761 D/ActivityManagerTiming( 719): OnBootPhase_1000_com.android.server.sdksandbox.SdkSandboxManagerService$Lifecycle
05-31 18:42:59.761 V/ActivityManagerTiming( 719): OnBootPhase_1000_com.android.server.sdksandbox.SdkSandboxManagerService$Lifecycle took to complete: 0ms
05-31 18:42:59.761 D/ActivityManagerTiming( 719): OnBootPhase_1000_com.android.server.adservices.AdServicesManagerService$Lifecycle
05-31 18:42:59.761 V/ActivityManagerTiming( 719): OnBootPhase_1000_com.android.server.adservices.AdServicesManagerService$Lifecycle took to complete: 0ms
05-31 18:42:59.761 D/ActivityManagerTiming( 719): OnBootPhase_1000_com.android.server.ondevicepersonalization.OnDevicePersonalizationSystemService$Lifecycle
05-31 18:42:59.761 V/ActivityManagerTiming( 719): OnBootPhase_1000_com.android.server.ondevicepersonalization.OnDevicePersonalizationSystemService$Lifecycle took to complete: 0ms
05-31 18:42:59.761 D/ActivityManagerTiming( 719): OnBootPhase_1000_com.android.server.autofill.AutofillManagerService
05-31 18:42:59.761 V/ActivityManagerTiming( 719): OnBootPhase_1000_com.android.server.autofill.AutofillManagerService took to complete: 0ms
05-31 18:42:59.761 D/ActivityManagerTiming( 719): OnBootPhase_1000_com.android.server.clipboard.ClipboardService
05-31 18:42:59.761 V/ActivityManagerTiming( 719): OnBootPhase_1000_com.android.server.clipboard.ClipboardService took to complete: 0ms
05-31 18:42:59.761 D/ActivityManagerTiming( 719): OnBootPhase_1000_com.android.server.appbinding.AppBindingService$Lifecycle
05-31 18:42:59.761 V/ActivityManagerTiming( 719): OnBootPhase_1000_com.android.server.appbinding.AppBindingService$Lifecycle took to complete: 0ms
05-31 18:42:59.761 D/ActivityManagerTiming( 719): OnBootPhase_1000_com.android.server.tracing.TracingServiceProxy
05-31 18:42:59.761 V/ActivityManagerTiming( 719): OnBootPhase_1000_com.android.server.tracing.TracingServiceProxy took to complete: 0ms
05-31 18:42:59.761 D/ActivityManagerTiming( 719): OnBootPhase_1000_com.android.server.policy.PermissionPolicyService
05-31 18:42:59.761 V/ActivityManagerTiming( 719): OnBootPhase_1000_com.android.server.policy.PermissionPolicyService took to complete: 0ms
05-31 18:42:59.761 D/ActivityManagerTiming( 719): OnBootPhase_1000_com.android.server.pm.StagingManager$Lifecycle
01-01 08:00:23.005 I/[3 T437 ..] AidlLazyServiceRegistrar( 0): Process has 1 (of 1 available) client(s) in use after notification apexservice has clients: 1
01-01 08:00:23.006 I/[3 T437 ..] AidlLazyServiceRegistrar( 0): Shutdown prevented by forcePersist override flag.
05-31 18:42:59.769 V/ActivityManagerTiming( 719): OnBootPhase_1000_com.android.server.pm.StagingManager$Lifecycle took to complete: 8ms
05-31 18:42:59.769 D/ActivityManagerTiming( 719): OnBootPhase_1000_com.android.server.app.GameManagerService$Lifecycle
05-31 18:42:59.769 D/GameManagerService( 719): onBootCompleted
01-01 08:00:23.009 I/[3 T437 ..] apexd( 0): markBootCompleted() received by ApexService
05-31 18:42:59.770 V/GameManagerService( 719): Game loading power mode OFF (game manager service start/restart)
05-31 18:42:59.770 V/GameManagerService( 719): Game power mode OFF (game manager service start/restart)
05-31 18:42:59.771 V/ActivityManagerTiming( 719): OnBootPhase_1000_com.android.server.app.GameManagerService$Lifecycle took to complete: 2ms
05-31 18:42:59.771 D/ActivityManagerTiming( 719): OnBootPhase_1000_com.android.safetycenter.SafetyCenterService
05-31 18:42:59.771 V/ActivityManagerTiming( 719): OnBootPhase_1000_com.android.safetycenter.SafetyCenterService took to complete: 0ms
05-31 18:42:59.771 D/ActivityManagerTiming( 719): OnBootPhase_1000_com.android.server.appsearch.AppSearchModule$Lifecycle
05-31 18:42:59.771 V/ActivityManagerTiming( 719): OnBootPhase_1000_com.android.server.appsearch.AppSearchModule$Lifecycle took to complete: 0ms
05-31 18:42:59.772 D/ActivityManagerTiming( 719): OnBootPhase_1000_com.android.server.media.MediaCommunicationService
05-31 18:42:59.772 V/ActivityManagerTiming( 719): OnBootPhase_1000_com.android.server.media.MediaCommunicationService took to complete: 0ms
05-31 18:42:59.772 D/ActivityManagerTiming( 719): OnBootPhase_1000_com.android.server.compat.overrides.AppCompatOverridesService$Lifecycle
05-31 18:42:59.772 V/ActivityManagerTiming( 719): OnBootPhase_1000_com.android.server.compat.overrides.AppCompatOverridesService$Lifecycle took to complete: 0ms
05-31 18:42:59.772 D/ActivityManagerTiming( 719): OnBootPhase_1000_com.android.server.healthconnect.HealthConnectManagerService
05-31 18:42:59.772 V/ActivityManagerTiming( 719): OnBootPhase_1000_com.android.server.healthconnect.HealthConnectManagerService took to complete: 0ms
05-31 18:42:59.772 D/ActivityManagerTiming( 719): OnBootPhase_1000_com.android.server.devicelock.DeviceLockService
05-31 18:42:59.772 D/DeviceLockService( 719): onBootPhase: 1000
05-31 18:42:59.772 V/ActivityManagerTiming( 719): OnBootPhase_1000_com.android.server.devicelock.DeviceLockService took to complete: 0ms
05-31 18:42:59.772 V/ActivityManagerTiming( 719): OnBootPhase_1000 took to complete: 77ms
05-31 18:42:59.772 V/ActivityManagerTiming( 719): TotalBootTime took to complete: 10691ms
05-31 18:42:59.772 D/SystemServerInitThreadPool( 719): Shutdown requested
05-31 18:42:59.772 D/SystemServerTiming( 719): WaitInitThreadPoolShutdown
05-31 18:42:59.773 D/SystemServerInitThreadPool( 719): Shutdown successful
05-31 18:42:59.773 V/SystemServerTiming( 719): WaitInitThreadPoolShutdown took to complete: 1ms
05-31 18:42:59.775 I/ActivityManager( 719): User 0 state changed from BOOTING to RUNNING_LOCKED
01-01 08:00:23.016 W/[1 T158 .s] state_detect_cb( 0): stop bus detected state timer
05-31 18:42:59.779 I/LockSettingsService( 719): Unwrapping synthetic password for unsecured user 0
05-31 18:42:59.793 D/vold ( 247): fscrypt_unlock_user_key 0 serial=0
05-31 18:42:59.793 D/vold ( 247): Trying user CE key /data/misc/vold/user_keys/ce/0/current
05-31 18:42:59.795 D/vold ( 247): Successfully retrieved key
05-31 18:42:59.796 D/vold ( 247): Installed fscrypt key with ref 069dfe40b7219eea24f30e20c2268655 to /data
05-31 18:42:59.796 D/vold ( 247): Added fscrypt-provisioning key for 069dfe40b7219eea24f30e20c2268655 to session keyring
05-31 18:42:59.796 D/vold ( 247): Installed ce key for user 0
05-31 18:42:59.798 I/LockSettingsService( 719): Unlocked CE storage for unsecured user 0
05-31 18:42:59.798 D/SystemServerTiming( 719): finishUserUnlocking-0
05-31 18:42:59.798 D/ActivityManager( 719): Started unlocking user 0
05-31 18:42:59.798 D/ActivityManager( 719): Unlocking user 0 progress 0
05-31 18:42:59.798 D/ActivityManager( 719): Unlocking user 0 progress 5
05-31 18:42:59.799 V/SystemServerTiming( 719): finishUserUnlocking-0 took to complete: 1ms
05-31 18:42:59.799 D/SystemServerTiming( 719): UM.onBeforeUnlockUser-0
05-31 18:42:59.799 D/SystemServerTiming( 719): prepareUserData-0
05-31 18:42:59.801 D/vold ( 247): fscrypt_prepare_user_storage for volume null, user 0, serial 0, flags 2
05-31 18:42:59.801 D/vold ( 247): Preparing: /data/system_ce/0
05-31 18:42:59.802 I/vold ( 247): Verified that /data/system_ce/0 has the encryption policy 069dfe40b7219eea24f30e20c2268655 v2 modes 1/4 flags 0xa
05-31 18:42:59.802 D/vold ( 247): Preparing: /data/vendor_ce/0
05-31 18:42:59.804 I/vold ( 247): Verified that /data/vendor_ce/0 has the encryption policy 069dfe40b7219eea24f30e20c2268655 v2 modes 1/4 flags 0xa
05-31 18:42:59.804 D/vold ( 247): Preparing: /data/media/0
05-31 18:42:59.806 V/ActivityManagerTiming( 719): FinishBooting took to complete: 115ms
05-31 18:42:59.806 I/vold ( 247): Verified that /data/media/0 has the encryption policy 069dfe40b7219eea24f30e20c2268655 v2 modes 1/4 flags 0xa
05-31 18:42:59.807 V/WindowManager( 719): app ------------- force_land :0
05-31 18:42:59.807 D/vold ( 247): Preparing: /data/misc_ce/0
05-31 18:42:59.807 I/vold ( 247): Verified that /data/misc_ce/0 has the encryption policy 069dfe40b7219eea24f30e20c2268655 v2 modes 1/4 flags 0xa
05-31 18:42:59.807 D/vold ( 247): Preparing: /data/user/0
05-31 18:42:59.808 V/WindowManager( 719): app ------------- force_land :0
05-31 18:42:59.808 I/vold ( 247): Verified that /data/user/0 has the encryption policy 069dfe40b7219eea24f30e20c2268655 v2 modes 1/4 flags 0xa
05-31 18:42:59.808 D/vold ( 247): Starting restorecon of /data/system_ce/0
05-31 18:42:59.809 D/ColorDisplayService( 719): setUp: currentUser=0
05-31 18:42:59.815 D/vold ( 247): Finished restorecon of /data/system_ce/0
05-31 18:42:59.815 D/vold ( 247): Starting restorecon of /data/vendor_ce/0
01-01 08:00:23.057 I/[1 T1351 ..] selinux( 0): SELinux: Skipping restorecon on directory(/data/system_ce/0)
01-01 08:00:23.057 W/ ( 0): [1 T628 ..] [aml_cfg80211_scan 1812] n_channels:26,iftype:2
01-01 08:00:23.057 W/ ( 0): [1 T628 ..] [aml_send_scanu_req 2532] vif:0
01-01 08:00:23.058 W/ ( 0): [1 T628 ..] [aml_send_scanu_req 2563] len:13 ssid:DB-machines5G
01-01 08:00:23.059 W/ ( 0): [1 T628 ..] >>> aml_send_msg()
05-31 18:42:59.820 D/vold ( 247): Finished restorecon of /data/vendor_ce/0
05-31 18:42:59.820 D/vold ( 247): Starting restorecon of /data/misc_ce/0
01-01 08:00:23.061 W/ ( 0): [1 T1062 ..] ipc_sdio_host_msgack_handler 0000000057c5d62d
01-01 08:00:23.061 I/[2 T1353 ..] selinux( 0): SELinux: Skipping restorecon on directory(/data/vendor_ce/0)
01-01 08:00:23.061 W/ ( 0): [1 T1062 ..] [aml_msgackind 2038] msg ack hostid=0xffffff804d3e5300
01-01 08:00:23.063 W/ ( 0): [1 T1062 ..] [cmd_mgr_llind 329] cmd tkn[21] flags:0008 result: -4 cmd:4096-SCANU_START_REQ - reqcfm( 0-none)
01-01 08:00:23.066 W/ ( 0): [1 T1062 ..] [cmd_complete 65] cmd tkn[21] flags:0000 result: -4 cmd:4096-SCANU_START_REQ - reqcfm( 0-none)
05-31 18:42:59.828 D/vold ( 247): Finished restorecon of /data/misc_ce/0
05-31 18:42:59.829 D/vold ( 247): /system/bin/vold_prepare_subdirs
05-31 18:42:59.829 D/vold ( 247): prepare
05-31 18:42:59.829 D/vold ( 247):
05-31 18:42:59.829 D/vold ( 247): 0
05-31 18:42:59.829 D/vold ( 247): 2
05-31 18:42:59.829 I/ActivityManager( 719): com.android.devicelockcontroller is exempt from freezer
01-01 08:00:23.071 I/[1 T1353 ..] selinux( 0): SELinux: Skipping restorecon on directory(/data/misc_ce/0)
05-31 18:42:59.830 D/CompatibilityChangeReporter( 719): Compat change id reported: 135634846; UID 10069; state: DISABLED
05-31 18:42:59.830 D/CompatibilityChangeReporter( 719): Compat change id reported: 177438394; UID 10069; state: DISABLED
05-31 18:42:59.830 D/CompatibilityChangeReporter( 719): Compat change id reported: 135772972; UID 10069; state: DISABLED
05-31 18:42:59.830 D/CompatibilityChangeReporter( 719): Compat change id reported: 135754954; UID 10069; state: ENABLED
05-31 18:42:59.831 D/CompatibilityChangeReporter( 719): Compat change id reported: 143937733; UID 10069; state: ENABLED
05-31 18:42:59.848 I/ActivityManager( 719): Start proc 1357:com.android.devicelockcontroller/u0a69 for broadcast {com.android.devicelockcontroller/com.android.devicelockcontroller.receivers.LockedBootCompletedReceiver}
01-01 08:00:23.092 E/ ( 0): [1 T159 ..] can't find node dmabuf_manage's config:secure_vdec_def_size_bytes
01-01 08:00:23.093 E/ ( 0): [1 T159 ..] set config failed dmabuf_manage.secure_vdec_def_size_bytes=16777216
05-31 18:42:59.878 D/CompatibilityChangeReporter( 719): Compat change id reported: 168419799; UID 10069; state: DISABLED
05-31 18:42:59.879 D/CompatibilityChangeReporter( 719): Compat change id reported: 273564678; UID 10069; state: DISABLED
05-31 18:42:59.881 D/CompatibilityChangeReporter( 719): Compat change id reported: 265195908; UID 10069; state: ENABLED
05-31 18:42:59.887 W/AdbDebuggingManager( 719): Read failed with count -1
05-31 18:42:59.888 E/AdbDebuggingManager( 719): Caught an exception opening the socket: java.io.IOException: Connection refused
05-31 18:42:59.899 D/CompatibilityChangeReporter( 719): Compat change id reported: 170503758; UID 10069; state: ENABLED
05-31 18:42:59.951 V/UserDataPreparer( 719): Found /data/user/0 with serial number 0
05-31 18:42:59.951 V/UserDataPreparer( 719): Found /data/system_ce/0 with serial number 0
05-31 18:42:59.952 D/UserDataPreparer( 719): Setting property: sys.user.0.ce_available=true
05-31 18:42:59.953 V/SystemServerTiming( 719): prepareUserData-0 took to complete: 154ms
05-31 18:42:59.953 D/SystemServerTiming( 719): reconcileAppsData-0
05-31 18:42:59.953 V/PackageManager( 719): reconcileAppsData for null u0 0x2 migrateAppData=false
05-31 18:42:59.956 W/PackageManager( 719): Skipping preparing app data for com.android.configinfrastructure
05-31 18:42:59.956 W/PackageManager( 719): Skipping preparing app data for com.android.appsearch
05-31 18:42:59.956 W/PackageManager( 719): Skipping preparing app data for com.android.adservices
05-31 18:42:59.956 W/PackageManager( 719): Skipping preparing app data for com.android.scheduling
05-31 18:42:59.956 W/PackageManager( 719): Skipping preparing app data for com.google.android.widevine.nonupdatable
05-31 18:42:59.956 W/PackageManager( 719): Skipping preparing app data for com.android.permission
05-31 18:42:59.956 W/PackageManager( 719): Skipping preparing app data for com.android.art
05-31 18:42:59.956 W/PackageManager( 719): Skipping preparing app data for com.android.uwb
05-31 18:42:59.956 W/PackageManager( 719): Skipping preparing app data for com.android.tethering
05-31 18:42:59.957 W/PackageManager( 719): Skipping preparing app data for com.android.btservices
05-31 18:42:59.957 W/PackageManager( 719): Skipping preparing app data for com.android.media.swcodec
05-31 18:42:59.957 W/PackageManager( 719): Skipping preparing app data for com.android.conscrypt
05-31 18:42:59.957 W/PackageManager( 719): Skipping preparing app data for com.android.adbd
05-31 18:42:59.957 W/PackageManager( 719): Skipping preparing app data for com.android.i18n
05-31 18:42:59.957 W/PackageManager( 719): Skipping preparing app data for com.android.rkpd
05-31 18:42:59.957 W/PackageManager( 719): Skipping preparing app data for com.android.virt
05-31 18:42:59.957 W/PackageManager( 719): Skipping preparing app data for com.android.wifi
05-31 18:42:59.957 W/PackageManager( 719): Skipping preparing app data for com.android.runtime
05-31 18:42:59.957 W/PackageManager( 719): Skipping preparing app data for com.android.devicelock
05-31 18:42:59.957 W/PackageManager( 719): Skipping preparing app data for com.android.apex.cts.shim
05-31 18:42:59.957 W/PackageManager( 719): Skipping preparing app data for com.android.neuralnetworks
05-31 18:42:59.957 W/PackageManager( 719): Skipping preparing app data for com.android.healthfitness
05-31 18:42:59.957 W/PackageManager( 719): Skipping preparing app data for com.android.resolv
05-31 18:42:59.957 W/PackageManager( 719): Skipping preparing app data for com.android.sdkext
05-31 18:42:59.958 W/PackageManager( 719): Skipping preparing app data for com.android.tzdata
05-31 18:42:59.958 W/PackageManager( 719): Skipping preparing app data for com.android.vndk.v34
05-31 18:42:59.958 W/PackageManager( 719): Skipping preparing app data for com.android.os.statsd
05-31 18:42:59.958 W/PackageManager( 719): Skipping preparing app data for com.android.extservices
05-31 18:42:59.958 W/PackageManager( 719): Skipping preparing app data for com.amlogic.mediaextractor
05-31 18:42:59.958 W/PackageManager( 719): Skipping preparing app data for com.android.ipsec
05-31 18:42:59.958 W/PackageManager( 719): Skipping preparing app data for com.android.media
05-31 18:42:59.958 W/PackageManager( 719): Skipping preparing app data for com.android.sdksandbox
05-31 18:42:59.958 W/PackageManager( 719): Skipping preparing app data for com.android.mediaprovider
05-31 18:42:59.958 W/PackageManager( 719): Skipping preparing app data for com.android.ondevicepersonalization
05-31 18:42:59.997 I/DeviceLockControllerApplication( 1357): onCreate
05-31 18:43:00.003 I/DeviceStateControllerImpl( 1357): Starting state is 0
05-31 18:43:00.006 I/UserRestrictionsPolicyHandler( 1357): Build type DEBUG = true
05-31 18:43:00.011 D/DevicePolicyControllerImpl( 1357): onStateChanged (0)
05-31 18:43:00.011 V/UserRestrictionsPolicyHandler( 1357): Setting restrictions for 0
05-31 18:43:00.014 W/NotificationHistory( 719): Attempted to add notif for locked/gone/disabled user 0
05-31 18:43:00.022 D/CompatibilityChangeReporter( 719): Compat change id reported: 261072174; UID 10069; state: ENABLED
05-31 18:43:00.034 I/DlcClient( 1357): Binding com.android.devicelockcontroller/.storage.SetupParametersService
05-31 18:43:00.045 D/SetupParametersService( 1357): onCreate
05-31 18:43:00.047 D/LockedBootCompletedReceiver( 1357): Locked Boot completed
05-31 18:43:00.052 D/PackagePolicyHandler( 1357): Kiosk package is not set for state: 0
05-31 18:43:00.057 I/DeviceLockControllerApplication( 1357): Policies enforced
05-31 18:43:00.101 V/PackageManager( 719): reconcileAppsData finished 142 packages
05-31 18:43:00.101 V/SystemServerTiming( 719): reconcileAppsData-0 took to complete: 148ms
05-31 18:43:00.101 V/SystemServerTiming( 719): UM.onBeforeUnlockUser-0 took to complete: 302ms
05-31 18:43:00.101 I/ActivityManager( 719): User 0 state changed from RUNNING_LOCKED to RUNNING_UNLOCKING
05-31 18:43:00.102 D/ActivityManager( 719): Unlocking user 0 progress 20
05-31 18:43:00.102 W/Looper ( 719): Slow dispatch took 303ms android.fg h=android.os.Handler c=com.android.server.am.UserController$$ExternalSyntheticLambda2@1e2f128 m=0
05-31 18:43:00.102 D/SystemServerTimingAsync( 719): ssm.UnlockingUser-0
05-31 18:43:00.102 I/SystemServiceManager( 719): Calling onUnlockingUser 0
05-31 18:43:00.103 W/Looper ( 719): Slow delivery took 303ms android.fg h=android.os.Handler c=com.android.server.am.UserController$$ExternalSyntheticLambda9@b0e41 m=0
05-31 18:43:00.103 D/SystemServerTimingAsync( 719): ssm.onUnlockingUser-0_com.android.server.security.FileIntegrityService
05-31 18:43:00.103 V/SystemServerTimingAsync( 719): ssm.onUnlockingUser-0_com.android.server.security.FileIntegrityService took to complete: 0ms
05-31 18:43:00.103 D/SystemServerTimingAsync( 719): ssm.onUnlockingUser-0_com.android.server.pm.Installer
05-31 18:43:00.103 V/SystemServerTimingAsync( 719): ssm.onUnlockingUser-0_com.android.server.pm.Installer took to complete: 0ms
05-31 18:43:00.103 D/SystemServerTimingAsync( 719): ssm.onUnlockingUser-0_com.android.server.os.DeviceIdentifiersPolicyService
05-31 18:43:00.103 V/SystemServerTimingAsync( 719): ssm.onUnlockingUser-0_com.android.server.os.DeviceIdentifiersPolicyService took to complete: 0ms
05-31 18:43:00.103 D/SystemServerTimingAsync( 719): ssm.onUnlockingUser-0_com.android.server.flags.FeatureFlagsService
05-31 18:43:00.103 V/SystemServerTimingAsync( 719): ssm.onUnlockingUser-0_com.android.server.flags.FeatureFlagsService took to complete: 0ms
05-31 18:43:00.103 D/SystemServerTimingAsync( 719): ssm.onUnlockingUser-0_com.android.server.uri.UriGrantsManagerService$Lifecycle
05-31 18:43:00.103 V/SystemServerTimingAsync( 719): ssm.onUnlockingUser-0_com.android.server.uri.UriGrantsManagerService$Lifecycle took to complete: 0ms
05-31 18:43:00.103 D/SystemServerTimingAsync( 719): ssm.onUnlockingUser-0_com.android.server.powerstats.PowerStatsService
05-31 18:43:00.103 V/SystemServerTimingAsync( 719): ssm.onUnlockingUser-0_com.android.server.powerstats.PowerStatsService took to complete: 0ms
05-31 18:43:00.103 D/SystemServerTimingAsync( 719): ssm.onUnlockingUser-0_com.android.server.permission.access.AccessCheckingService
05-31 18:43:00.103 V/SystemServerTimingAsync( 719): ssm.onUnlockingUser-0_com.android.server.permission.access.AccessCheckingService took to complete: 0ms
05-31 18:43:00.103 D/SystemServerTimingAsync( 719): ssm.onUnlockingUser-0_com.android.server.wm.ActivityTaskManagerService$Lifecycle
05-31 18:43:00.103 V/SystemServerTimingAsync( 719): ssm.onUnlockingUser-0_com.android.server.wm.ActivityTaskManagerService$Lifecycle took to complete: 0ms
05-31 18:43:00.103 D/SystemServerTimingAsync( 719): ssm.onUnlockingUser-0_com.android.server.am.ActivityManagerService$Lifecycle
05-31 18:43:00.103 V/SystemServerTimingAsync( 719): ssm.onUnlockingUser-0_com.android.server.am.ActivityManagerService$Lifecycle took to complete: 0ms
05-31 18:43:00.103 D/SystemServerTimingAsync( 719): ssm.onUnlockingUser-0_com.android.server.pm.DataLoaderManagerService
05-31 18:43:00.103 V/SystemServerTimingAsync( 719): ssm.onUnlockingUser-0_com.android.server.pm.DataLoaderManagerService took to complete: 0ms
05-31 18:43:00.103 D/SystemServerTimingAsync( 719): ssm.onUnlockingUser-0_com.android.server.power.PowerManagerService
05-31 18:43:00.103 V/SystemServerTimingAsync( 719): ssm.onUnlockingUser-0_com.android.server.power.PowerManagerService took to complete: 0ms
05-31 18:43:00.103 D/SystemServerTimingAsync( 719): ssm.onUnlockingUser-0_com.android.server.power.ThermalManagerService
05-31 18:43:00.103 V/SystemServerTimingAsync( 719): ssm.onUnlockingUser-0_com.android.server.power.ThermalManagerService took to complete: 0ms
05-31 18:43:00.103 D/SystemServerTimingAsync( 719): ssm.onUnlockingUser-0_com.android.server.power.hint.HintManagerService
05-31 18:43:00.103 V/SystemServerTimingAsync( 719): ssm.onUnlockingUser-0_com.android.server.power.hint.HintManagerService took to complete: 0ms
05-31 18:43:00.103 D/SystemServerTimingAsync( 719): ssm.onUnlockingUser-0_com.android.server.recoverysystem.RecoverySystemService$Lifecycle
05-31 18:43:00.103 V/SystemServerTimingAsync( 719): ssm.onUnlockingUser-0_com.android.server.recoverysystem.RecoverySystemService$Lifecycle took to complete: 0ms
05-31 18:43:00.103 D/SystemServerTimingAsync( 719): ssm.onUnlockingUser-0_com.android.server.lights.LightsService
05-31 18:43:00.103 V/SystemServerTimingAsync( 719): ssm.onUnlockingUser-0_com.android.server.lights.LightsService took to complete: 0ms
05-31 18:43:00.103 I/BroadcastQueue( 719): BOOT_COMPLETED_BROADCAST_COMPLETION_LATENCY_REPORTED action:android.intent.action.LOCKED_BOOT_COMPLETED dispatchLatency:22 completeLatency:325 dispatchRealLatency:22 completeRealLatency:325 receiversSize:4 userId:0 userType:android.os.usertype.full.SYSTEM
05-31 18:43:00.103 D/SystemServerTimingAsync( 719): ssm.onUnlockingUser-0_com.android.server.display.DisplayManagerService
05-31 18:43:00.103 V/SystemServerTimingAsync( 719): ssm.onUnlockingUser-0_com.android.server.display.DisplayManagerService took to complete: 0ms
05-31 18:43:00.103 D/SystemServerTimingAsync( 719): ssm.onUnlockingUser-0_com.android.server.pm.verify.domain.DomainVerificationService
05-31 18:43:00.103 V/SystemServerTimingAsync( 719): ssm.onUnlockingUser-0_com.android.server.pm.verify.domain.DomainVerificationService took to complete: 0ms
05-31 18:43:00.103 D/SystemServerTimingAsync( 719): ssm.onUnlockingUser-0_com.android.server.pm.PackageInstallerService$Lifecycle
05-31 18:43:00.103 V/SystemServerTimingAsync( 719): ssm.onUnlockingUser-0_com.android.server.pm.PackageInstallerService$Lifecycle took to complete: 0ms
05-31 18:43:00.103 D/SystemServerTimingAsync( 719): ssm.onUnlockingUser-0_com.android.server.pm.UserManagerService$LifeCycle
05-31 18:43:00.104 V/SystemServerTimingAsync( 719): ssm.onUnlockingUser-0_com.android.server.pm.UserManagerService$LifeCycle took to complete: 0ms
05-31 18:43:00.104 D/SystemServerTimingAsync( 719): ssm.onUnlockingUser-0_com.android.server.om.OverlayManagerService
05-31 18:43:00.104 V/SystemServerTimingAsync( 719): ssm.onUnlockingUser-0_com.android.server.om.OverlayManagerService took to complete: 0ms
05-31 18:43:00.104 D/SystemServerTimingAsync( 719): ssm.onUnlockingUser-0_com.android.server.resources.ResourcesManagerService
05-31 18:43:00.104 V/SystemServerTimingAsync( 719): ssm.onUnlockingUser-0_com.android.server.resources.ResourcesManagerService took to complete: 0ms
05-31 18:43:00.104 D/SystemServerTimingAsync( 719): ssm.onUnlockingUser-0_com.android.server.sensorprivacy.SensorPrivacyService
05-31 18:43:00.104 V/SystemServerTimingAsync( 719): ssm.onUnlockingUser-0_com.android.server.sensorprivacy.SensorPrivacyService took to complete: 0ms
05-31 18:43:00.104 D/SystemServerTimingAsync( 719): ssm.onUnlockingUser-0_com.android.server.sensors.SensorService
05-31 18:43:00.104 V/SystemServerTimingAsync( 719): ssm.onUnlockingUser-0_com.android.server.sensors.SensorService took to complete: 0ms
05-31 18:43:00.104 D/SystemServerTimingAsync( 719): ssm.onUnlockingUser-0_com.android.server.SystemConfigService
05-31 18:43:00.104 V/SystemServerTimingAsync( 719): ssm.onUnlockingUser-0_com.android.server.SystemConfigService took to complete: 0ms
05-31 18:43:00.104 D/SystemServerTimingAsync( 719): ssm.onUnlockingUser-0_com.android.server.BatteryService
05-31 18:43:00.104 V/SystemServerTimingAsync( 719): ssm.onUnlockingUser-0_com.android.server.BatteryService took to complete: 0ms
05-31 18:43:00.104 D/SystemServerTimingAsync( 719): ssm.onUnlockingUser-0_com.android.server.usage.UsageStatsService
05-31 18:43:00.104 V/SystemServerTimingAsync( 719): ssm.onUnlockingUser-0_com.android.server.usage.UsageStatsService took to complete: 0ms
05-31 18:43:00.104 D/SystemServerTimingAsync( 719): ssm.onUnlockingUser-0_com.android.server.webkit.WebViewUpdateService
05-31 18:43:00.104 V/SystemServerTimingAsync( 719): ssm.onUnlockingUser-0_com.android.server.webkit.WebViewUpdateService took to complete: 0ms
05-31 18:43:00.104 D/SystemServerTimingAsync( 719): ssm.onUnlockingUser-0_com.android.server.CachedDeviceStateService
05-31 18:43:00.104 V/SystemServerTimingAsync( 719): ssm.onUnlockingUser-0_com.android.server.CachedDeviceStateService took to complete: 0ms
05-31 18:43:00.104 D/SystemServerTimingAsync( 719): ssm.onUnlockingUser-0_com.android.server.BinderCallsStatsService$LifeCycle
05-31 18:43:00.104 V/SystemServerTimingAsync( 719): ssm.onUnlockingUser-0_com.android.server.BinderCallsStatsService$LifeCycle took to complete: 0ms
05-31 18:43:00.104 D/SystemServerTimingAsync( 719): ssm.onUnlockingUser-0_com.android.server.LooperStatsService$Lifecycle
05-31 18:43:00.104 V/SystemServerTimingAsync( 719): ssm.onUnlockingUser-0_com.android.server.LooperStatsService$Lifecycle took to complete: 0ms
05-31 18:43:00.104 D/SystemServerTimingAsync( 719): ssm.onUnlockingUser-0_com.android.server.rollback.RollbackManagerService
05-31 18:43:00.105 V/SystemServerTimingAsync( 719): ssm.onUnlockingUser-0_com.android.server.rollback.RollbackManagerService took to complete: 1ms
05-31 18:43:00.105 W/Looper ( 719): Drained
05-31 18:43:00.105 D/SystemServerTimingAsync( 719): ssm.onUnlockingUser-0_com.android.server.os.NativeTombstoneManagerService
05-31 18:43:00.105 V/SystemServerTimingAsync( 719): ssm.onUnlockingUser-0_com.android.server.os.NativeTombstoneManagerService took to complete: 0ms
05-31 18:43:00.105 D/SystemServerTimingAsync( 719): ssm.onUnlockingUser-0_com.android.server.os.BugreportManagerService
05-31 18:43:00.105 V/SystemServerTimingAsync( 719): ssm.onUnlockingUser-0_com.android.server.os.BugreportManagerService took to complete: 0ms
05-31 18:43:00.105 D/SystemServerTimingAsync( 719): ssm.onUnlockingUser-0_com.android.server.gpu.GpuService
05-31 18:43:00.105 V/SystemServerTimingAsync( 719): ssm.onUnlockingUser-0_com.android.server.gpu.GpuService took to complete: 0ms
05-31 18:43:00.105 D/SystemServerTimingAsync( 719): ssm.onUnlockingUser-0_com.android.server.security.rkp.RemoteProvisioningService
05-31 18:43:00.105 V/SystemServerTimingAsync( 719): ssm.onUnlockingUser-0_com.android.server.security.rkp.RemoteProvisioningService took to complete: 0ms
05-31 18:43:00.105 D/SystemServerTimingAsync( 719): ssm.onUnlockingUser-0_com.android.server.cpu.CpuMonitorService
05-31 18:43:00.105 V/SystemServerTimingAsync( 719): ssm.onUnlockingUser-0_com.android.server.cpu.CpuMonitorService took to complete: 0ms
05-31 18:43:00.105 D/SystemServerTimingAsync( 719): ssm.onUnlockingUser-0_com.android.server.security.KeyChainSystemService
05-31 18:43:00.105 V/SystemServerTimingAsync( 719): ssm.onUnlockingUser-0_com.android.server.security.KeyChainSystemService took to complete: 0ms
05-31 18:43:00.105 D/SystemServerTimingAsync( 719): ssm.onUnlockingUser-0_com.android.server.BinaryTransparencyService
05-31 18:43:00.105 V/SystemServerTimingAsync( 719): ssm.onUnlockingUser-0_com.android.server.BinaryTransparencyService took to complete: 0ms
05-31 18:43:00.105 D/SystemServerTimingAsync( 719): ssm.onUnlockingUser-0_com.android.server.accounts.AccountManagerService$Lifecycle
05-31 18:43:00.105 V/SystemServerTimingAsync( 719): ssm.onUnlockingUser-0_com.android.server.accounts.AccountManagerService$Lifecycle took to complete: 0ms
05-31 18:43:00.105 D/SystemServerTimingAsync( 719): ssm.onUnlockingUser-0_com.android.server.content.ContentService$Lifecycle
05-31 18:43:00.105 V/SystemServerTimingAsync( 719): ssm.onUnlockingUser-0_com.android.server.content.ContentService$Lifecycle took to complete: 0ms
05-31 18:43:00.106 D/SystemServerTimingAsync( 719): ssm.onUnlockingUser-0_com.android.server.deviceconfig.DeviceConfigInit$Lifecycle
05-31 18:43:00.106 V/SystemServerTimingAsync( 719): ssm.onUnlockingUser-0_com.android.server.deviceconfig.DeviceConfigInit$Lifecycle took to complete: 0ms
05-31 18:43:00.106 D/SystemServerTimingAsync( 719): ssm.onUnlockingUser-0_com.android.server.DropBoxManagerService
05-31 18:43:00.106 V/SystemServerTimingAsync( 719): ssm.onUnlockingUser-0_com.android.server.DropBoxManagerService took to complete: 0ms
05-31 18:43:00.106 D/SystemServerTimingAsync( 719): ssm.onUnlockingUser-0_com.android.role.RoleService
05-31 18:43:00.106 V/SystemServerTimingAsync( 719): ssm.onUnlockingUser-0_com.android.role.RoleService took to complete: 0ms
05-31 18:43:00.106 D/SystemServerTimingAsync( 719): ssm.onUnlockingUser-0_com.android.server.vibrator.VibratorManagerService$Lifecycle
05-31 18:43:00.106 V/SystemServerTimingAsync( 719): ssm.onUnlockingUser-0_com.android.server.vibrator.VibratorManagerService$Lifecycle took to complete: 0ms
05-31 18:43:00.106 D/SystemServerTimingAsync( 719): ssm.onUnlockingUser-0_com.android.server.tare.InternalResourceService
05-31 18:43:00.106 V/SystemServerTimingAsync( 719): ssm.onUnlockingUser-0_com.android.server.tare.InternalResourceService took to complete: 0ms
05-31 18:43:00.106 D/SystemServerTimingAsync( 719): ssm.onUnlockingUser-0_com.android.server.alarm.AlarmManagerService
05-31 18:43:00.106 V/SystemServerTimingAsync( 719): ssm.onUnlockingUser-0_com.android.server.alarm.AlarmManagerService took to complete: 0ms
05-31 18:43:00.106 D/SystemServerTimingAsync( 719): ssm.onUnlockingUser-0_com.android.server.devicestate.DeviceStateManagerService
05-31 18:43:00.106 V/SystemServerTimingAsync( 719): ssm.onUnlockingUser-0_com.android.server.devicestate.DeviceStateManagerService took to complete: 0ms
05-31 18:43:00.106 D/SystemServerTimingAsync( 719): ssm.onUnlockingUser-0_com.android.server.camera.CameraServiceProxy
05-31 18:43:00.106 V/SystemServerTimingAsync( 719): ssm.onUnlockingUser-0_com.android.server.camera.CameraServiceProxy took to complete: 0ms
05-31 18:43:00.106 D/SystemServerTimingAsync( 719): ssm.onUnlockingUser-0_com.android.server.bluetooth.BluetoothService
