05-31 18:43:20.862 D/BluetoothHidHost( 926): at com.android.internal.os.ZygoteInit.main(ZygoteInit.java:978)
05-31 18:43:20.863 V/CachedBluetoothDevice( 1046): Class: 50c
05-31 18:43:20.863 V/CachedBluetoothDevice( 1046): UUID:
05-31 18:43:20.863 V/CachedBluetoothDevice( 1046): 0000180f-0000-1000-8000-00805f9b34fb
05-31 18:43:20.863 V/CachedBluetoothDevice( 1046): 00001812-0000-1000-8000-00805f9b34fb
05-31 18:43:20.863 D/BluetoothAdapter( 1046): getActiveDevices(profile= A2DP)
05-31 18:43:20.865 I/BluetoothAdapterService( 2483): getActiveDevices: A2dp device: null
05-31 18:43:20.865 D/BluetoothAdapter( 1046): getActiveDevices(profile= HEADSET)
05-31 18:43:20.867 D/LocalBluetoothProfileManager( 926): Current Profiles[HID]
05-31 18:43:20.867 D/LocalBluetoothProfileManager( 926): New Profiles[HID]
05-31 18:43:20.867 D/CachedBluetoothDevice( 926): updating profiles for XX:XX:XX:XX:C0:82
05-31 18:43:20.867 I/BluetoothAdapterService( 2483): getActiveDevices: Headset device: null
05-31 18:43:20.868 D/BluetoothAdapter( 1046): getActiveDevices(profile= HEARING_AID)
05-31 18:43:20.869 I/BluetoothAdapterService( 2483): getActiveDevices: Hearing Aid devices: Left[null] - Right[null]
05-31 18:43:20.870 W/BluetoothHearingAid( 1046): Proxy not attached to service
05-31 18:43:20.870 D/BluetoothHearingAid( 1046): java.lang.Throwable
05-31 18:43:20.870 D/BluetoothHearingAid( 1046): at android.bluetooth.BluetoothHearingAid.getHiSyncId(BluetoothHearingAid.java:812)
05-31 18:43:20.870 D/BluetoothHearingAid( 1046): at com.android.settingslib.bluetooth.HearingAidProfile.getHiSyncId(HearingAidProfile.java:271)
05-31 18:43:20.870 D/BluetoothHearingAid( 1046): at com.android.settingslib.bluetooth.HearingAidDeviceManager.getHiSyncId(HearingAidDeviceManager.java:100)
05-31 18:43:20.870 D/BluetoothHearingAid( 1046): at com.android.settingslib.bluetooth.HearingAidDeviceManager.initHearingAidDeviceIfNeeded(HearingAidDeviceManager.java:67)
05-31 18:43:20.870 D/BluetoothHearingAid( 1046): at com.android.settingslib.bluetooth.CachedBluetoothDeviceManager.addDevice(CachedBluetoothDeviceManager.java:141)
05-31 18:43:20.870 D/BluetoothHearingAid( 1046): at com.android.settingslib.bluetooth.CachedBluetoothDeviceManager.addDevice(CachedBluetoothDeviceManager.java:123)
05-31 18:43:20.870 D/BluetoothHearingAid( 1046): at com.android.settingslib.bluetooth.BluetoothEventManager.readPairedDevices(BluetoothEventManager.java:189)
05-31 18:43:20.870 D/BluetoothHearingAid( 1046): at com.android.settingslib.bluetooth.LocalBluetoothProfileManager.setBluetoothStateOn(LocalBluetoothProfileManager.java:319)
05-31 18:43:20.870 D/BluetoothHearingAid( 1046): at com.android.settingslib.bluetooth.LocalBluetoothAdapter.setBluetoothStateInt(LocalBluetoothAdapter.java:220)
05-31 18:43:20.870 D/BluetoothHearingAid( 1046): at com.android.settingslib.bluetooth.BluetoothEventManager$AdapterStateChangedHandler.onReceive(BluetoothEventManager.java:291)
05-31 18:43:20.870 D/BluetoothHearingAid( 1046): at com.android.settingslib.bluetooth.BluetoothEventManager$BluetoothBroadcastReceiver.onReceive(BluetoothEventManager.java:281)
05-31 18:43:20.870 D/BluetoothHearingAid( 1046): at android.app.LoadedApk$ReceiverDispatcher$Args.lambda$getRunnable$0(LoadedApk.java:1811)
05-31 18:43:20.870 D/BluetoothHearingAid( 1046): at android.app.LoadedApk$ReceiverDispatcher$Args.$r8$lambda$gDuJqgxY6Zb-ifyeubKeivTLAwk(Unknown Source:0)
05-31 18:43:20.870 D/BluetoothHearingAid( 1046): at android.app.LoadedApk$ReceiverDispatcher$Args$$ExternalSyntheticLambda0.run(Unknown Source:2)
05-31 18:43:20.870 D/BluetoothHearingAid( 1046): at android.os.Handler.handleCallback(Handler.java:958)
05-31 18:43:20.870 D/BluetoothHearingAid( 1046): at android.os.Handler.dispatchMessage(Handler.java:99)
05-31 18:43:20.870 D/BluetoothHearingAid( 1046): at android.os.Looper.loopOnce(Looper.java:205)
05-31 18:43:20.870 D/BluetoothHearingAid( 1046): at android.os.Looper.loop(Looper.java:294)
05-31 18:43:20.870 D/BluetoothHearingAid( 1046): at android.app.ActivityThread.main(ActivityThread.java:8255)
05-31 18:43:20.870 D/BluetoothHearingAid( 1046): at java.lang.reflect.Method.invoke(Native Method)
05-31 18:43:20.870 D/BluetoothHearingAid( 1046): at com.android.internal.os.RuntimeInit$MethodAndArgsCaller.run(RuntimeInit.java:552)
05-31 18:43:20.870 D/BluetoothHearingAid( 1046): at com.android.internal.os.ZygoteInit.main(ZygoteInit.java:978)
05-31 18:43:20.871 D/CachedBluetoothDevice( 926): onUuidChanged: Time since last connect=44101
05-31 18:43:20.872 W/BluetoothHidHost( 926): Proxy not attached to service
05-31 18:43:20.872 D/BluetoothHidHost( 926): java.lang.Throwable
05-31 18:43:20.872 D/BluetoothHidHost( 926): at android.bluetooth.BluetoothHidHost.getConnectionState(BluetoothHidHost.java:441)
05-31 18:43:20.872 D/BluetoothHidHost( 926): at com.android.settingslib.bluetooth.HidProfile.getConnectionStatus(go/retraceme f158f3204169c587d8a5e31a8a409ff63fc3399b2989042c96d86d2b5b83cf87:7)
05-31 18:43:20.872 D/BluetoothHidHost( 926): at com.android.settingslib.bluetooth.CachedBluetoothDevice.getMaxConnectionState(go/retraceme f158f3204169c587d8a5e31a8a409ff63fc3399b2989042c96d86d2b5b83cf87:33)
05-31 18:43:20.872 D/BluetoothHidHost( 926): at com.android.systemui.statusbar.policy.bluetooth.BluetoothRepositoryImpl$fetchConnectionStatus$2.invokeSuspend(go/retraceme f158f3204169c587d8a5e31a8a409ff63fc3399b2989042c96d86d2b5b83cf87:54)
05-31 18:43:20.872 D/BluetoothHidHost( 926): at kotlin.coroutines.jvm.internal.BaseContinuationImpl.resumeWith(go/retraceme f158f3204169c587d8a5e31a8a409ff63fc3399b2989042c96d86d2b5b83cf87:8)
05-31 18:43:20.872 D/BluetoothHidHost( 926): at kotlinx.coroutines.DispatchedTask.run(go/retraceme f158f3204169c587d8a5e31a8a409ff63fc3399b2989042c96d86d2b5b83cf87:111)
05-31 18:43:20.872 D/BluetoothHidHost( 926): at kotlinx.coroutines.internal.LimitedDispatcher$Worker.run(go/retraceme f158f3204169c587d8a5e31a8a409ff63fc3399b2989042c96d86d2b5b83cf87:4)
05-31 18:43:20.872 D/BluetoothHidHost( 926): at kotlinx.coroutines.scheduling.TaskImpl.run(go/retraceme f158f3204169c587d8a5e31a8a409ff63fc3399b2989042c96d86d2b5b83cf87:3)
05-31 18:43:20.872 D/BluetoothHidHost( 926): at kotlinx.coroutines.scheduling.CoroutineScheduler$Worker.run(go/retraceme f158f3204169c587d8a5e31a8a409ff63fc3399b2989042c96d86d2b5b83cf87:93)
05-31 18:43:20.872 W/BluetoothHidHost( 926): Proxy not attached to service
05-31 18:43:20.872 D/BluetoothHidHost( 926): java.lang.Throwable
05-31 18:43:20.872 D/BluetoothHidHost( 926): at android.bluetooth.BluetoothHidHost.getConnectionState(BluetoothHidHost.java:441)
05-31 18:43:20.872 D/BluetoothHidHost( 926): at com.android.settingslib.bluetooth.HidProfile.getConnectionStatus(go/retraceme f158f3204169c587d8a5e31a8a409ff63fc3399b2989042c96d86d2b5b83cf87:7)
05-31 18:43:20.872 D/BluetoothHidHost( 926): at com.android.settingslib.bluetooth.CachedBluetoothDevice.isConnected(go/retraceme f158f3204169c587d8a5e31a8a409ff63fc3399b2989042c96d86d2b5b83cf87:29)
05-31 18:43:20.872 D/BluetoothHidHost( 926): at com.android.systemui.statusbar.policy.bluetooth.BluetoothRepositoryImpl$fetchConnectionStatus$2.invokeSuspend(go/retraceme f158f3204169c587d8a5e31a8a409ff63fc3399b2989042c96d86d2b5b83cf87:106)
05-31 18:43:20.872 D/BluetoothHidHost( 926): at kotlin.coroutines.jvm.internal.BaseContinuationImpl.resumeWith(go/retraceme f158f3204169c587d8a5e31a8a409ff63fc3399b2989042c96d86d2b5b83cf87:8)
05-31 18:43:20.872 D/BluetoothHidHost( 926): at kotlinx.coroutines.DispatchedTask.run(go/retraceme f158f3204169c587d8a5e31a8a409ff63fc3399b2989042c96d86d2b5b83cf87:111)
05-31 18:43:20.872 D/BluetoothHidHost( 926): at kotlinx.coroutines.internal.LimitedDispatcher$Worker.run(go/retraceme f158f3204169c587d8a5e31a8a409ff63fc3399b2989042c96d86d2b5b83cf87:4)
05-31 18:43:20.872 D/BluetoothHidHost( 926): at kotlinx.coroutines.scheduling.TaskImpl.run(go/retraceme f158f3204169c587d8a5e31a8a409ff63fc3399b2989042c96d86d2b5b83cf87:3)
05-31 18:43:20.872 D/BluetoothHidHost( 926): at kotlinx.coroutines.scheduling.CoroutineScheduler$Worker.run(go/retraceme f158f3204169c587d8a5e31a8a409ff63fc3399b2989042c96d86d2b5b83cf87:93)
05-31 18:43:20.873 W/BluetoothHidHost( 926): Proxy not attached to service
05-31 18:43:20.873 D/BluetoothHidHost( 926): java.lang.Throwable
05-31 18:43:20.873 D/BluetoothHidHost( 926): at android.bluetooth.BluetoothHidHost.getConnectionState(BluetoothHidHost.java:441)
05-31 18:43:20.873 D/BluetoothHidHost( 926): at com.android.settingslib.bluetooth.HidProfile.getConnectionStatus(go/retraceme f158f3204169c587d8a5e31a8a409ff63fc3399b2989042c96d86d2b5b83cf87:7)
05-31 18:43:20.873 D/BluetoothHidHost( 926): at com.android.systemui.statusbar.policy.BluetoothControllerImpl.onConnectionStatusFetched(go/retraceme f158f3204169c587d8a5e31a8a409ff63fc3399b2989042c96d86d2b5b83cf87:91)
05-31 18:43:20.873 D/BluetoothHidHost( 926): at com.android.systemui.statusbar.policy.bluetooth.BluetoothRepositoryImpl$fetchConnectionStatusInBackground$1.invokeSuspend(go/retraceme f158f3204169c587d8a5e31a8a409ff63fc3399b2989042c96d86d2b5b83cf87:57)
05-31 18:43:20.873 D/BluetoothHidHost( 926): at kotlin.coroutines.jvm.internal.BaseContinuationImpl.resumeWith(go/retraceme f158f3204169c587d8a5e31a8a409ff63fc3399b2989042c96d86d2b5b83cf87:8)
05-31 18:43:20.873 D/BluetoothHidHost( 926): at kotlinx.coroutines.DispatchedTask.run(go/retraceme f158f3204169c587d8a5e31a8a409ff63fc3399b2989042c96d86d2b5b83cf87:111)
05-31 18:43:20.873 D/BluetoothHidHost( 926): at android.os.Handler.handleCallback(Handler.java:958)
05-31 18:43:20.873 D/BluetoothHidHost( 926): at android.os.Handler.dispatchMessage(Handler.java:99)
05-31 18:43:20.873 D/BluetoothHidHost( 926): at android.os.Looper.loopOnce(Looper.java:205)
05-31 18:43:20.873 D/BluetoothHidHost( 926): at android.os.Looper.loop(Looper.java:294)
05-31 18:43:20.873 D/BluetoothHidHost( 926): at android.app.ActivityThread.main(ActivityThread.java:8255)
05-31 18:43:20.873 D/BluetoothHidHost( 926): at java.lang.reflect.Method.invoke(Native Method)
05-31 18:43:20.873 D/BluetoothHidHost( 926): at com.android.internal.os.RuntimeInit$MethodAndArgsCaller.run(RuntimeInit.java:552)
05-31 18:43:20.873 D/BluetoothHidHost( 926): at com.android.internal.os.ZygoteInit.main(ZygoteInit.java:978)
05-31 18:43:20.875 D/LocalBluetoothProfileManager( 1046): Current Profiles[HID]
05-31 18:43:20.875 D/LocalBluetoothProfileManager( 1046): New Profiles[HID]
05-31 18:43:20.875 D/CachedBluetoothDevice( 1046): updating profiles for XX:XX:XX:XX:C0:82
05-31 18:43:20.877 V/CachedBluetoothDevice( 1046): Class: 50c
05-31 18:43:20.877 V/CachedBluetoothDevice( 1046): UUID:
05-31 18:43:20.877 V/CachedBluetoothDevice( 1046): 0000180f-0000-1000-8000-00805f9b34fb
05-31 18:43:20.877 V/CachedBluetoothDevice( 1046): 00001812-0000-1000-8000-00805f9b34fb
05-31 18:43:20.878 D/CachedBluetoothDevice( 1046): onUuidChanged: Time since last connect=44108
05-31 18:43:20.898 D/BluetoothA2dp( 719): Proxy object connected
05-31 18:43:20.898 D/BluetoothA2dp( 719): Proxy object connected
05-31 18:43:20.898 D/BluetoothAdapter( 719): getActiveDevices(profile= A2DP)
05-31 18:43:20.900 I/BluetoothAdapterService( 2483): getActiveDevices: A2dp device: null
05-31 18:43:20.903 D/BluetoothHearingAid( 719): Proxy object connected
05-31 18:43:20.903 D/BluetoothAdapter( 719): getActiveDevices(profile= HEARING_AID)
05-31 18:43:20.904 D/BluetoothHidHost( 1046): Proxy object connected
05-31 18:43:20.904 I/BluetoothAdapterService( 2483): getActiveDevices: Hearing Aid devices: Left[null] - Right[null]
05-31 18:43:20.907 D/BluetoothHeadset( 1046): Proxy object connected
05-31 18:43:20.907 D/BluetoothHeadset( 719): Proxy object connected
05-31 18:43:20.907 D/BluetoothHidHost( 926): Proxy object connected
05-31 18:43:20.908 D/BluetoothHeadset( 926): Proxy object connected
05-31 18:43:20.908 D/BluetoothHearingAid( 719): Proxy object connected
05-31 18:43:20.908 D/BluetoothA2dp( 719): Proxy object connected
05-31 18:43:20.908 D/BluetoothHearingAid( 719): Proxy object connected
05-31 18:43:20.908 D/BluetoothHearingAid( 926): Proxy object connected
05-31 18:43:20.909 D/BluetoothAdapter( 719): getActiveDevices(profile= HEADSET)
05-31 18:43:20.910 I/BluetoothAdapterService( 2483): getActiveDevices: Headset device: null
05-31 18:43:20.910 I/AS.BtHelper( 719): onSetBtScoActiveDevice: (null) -> (null)
05-31 18:43:20.911 D/BluetoothHearingAid( 1046): Proxy object connected
05-31 18:43:20.911 D/BluetoothPan( 1046): Proxy object connected
05-31 18:43:20.911 D/BluetoothPan( 926): Proxy object connected
05-31 18:43:20.912 D/BluetoothA2dp( 1046): Proxy object connected
05-31 18:43:20.912 D/BluetoothA2dp( 926): Proxy object connected
05-31 18:43:20.922 W/oid.tv.settings( 1288): Cleared Reference was only reachable from finalizer (only reported once)
05-31 18:43:21.716 I/WifiHAL ( 512): call wifi_get_link_stats handler
05-31 18:43:21.716 I/WifiHAL ( 512): Creating message to get link statistics; iface = 16
05-31 18:43:21.716 D/WifiHAL ( 512): error code -95 mapped to -3
05-31 18:43:21.717 E/WifiStaIfaceAidlImpl( 719): getLinkLayerStats failed with service-specific exception: android.os.ServiceSpecificException: (code 4)
05-31 18:43:22.334 I/ThermalService( 1046): CPU temperatures: [53.000004]
05-31 18:43:22.458 I/audio_hw_hal_alsamgr( 482): alsa format =0x1 delay frames =768 total frames=1689600
05-31 18:43:23.570 W/System ( 1726): A resource failed to call close.
05-31 18:43:23.571 W/bei.lerad.rocky( 1726): ApkAssets: Deleting an ApkAssets object ' and /system/app/dangbei-feedback/dangbei-feedback.apk' with 1 weak references
05-31 18:43:23.571 W/bei.lerad.rocky( 1726): ApkAssets: Deleting an ApkAssets object ' and /apex/com.android.uwb/priv-app/ServiceUwbResources@UD2A.240505.001.W1/ServiceUwbResources.apk' with 1 weak references
05-31 18:43:23.572 W/bei.lerad.rocky( 1726): ApkAssets: Deleting an ApkAssets object ' and /apex/com.android.adservices/priv-app/AdServicesApk@UD2A.240505.001.W1/AdServicesApk.apk' with 1 weak references
05-31 18:43:23.573 W/bei.lerad.rocky( 1726): ApkAssets: Deleting an ApkAssets object ' and /system/priv-app/DynamicSystemInstallationService/DynamicSystemInstallationService.apk' with 1 weak references
05-31 18:43:23.573 W/bei.lerad.rocky( 1726): ApkAssets: Deleting an ApkAssets object ' and /apex/com.android.healthfitness/priv-app/HealthConnectController@UD2A.240505.001.W1/HealthConnectController.apk' with 1 weak references
05-31 18:43:23.573 W/bei.lerad.rocky( 1726): ApkAssets: Deleting an ApkAssets object ' and /system/priv-app/CalendarProvider/CalendarProvider.apk' with 1 weak references
05-31 18:43:23.574 W/bei.lerad.rocky( 1726): ApkAssets: Deleting an ApkAssets object ' and /system_ext/priv-app/TvSettings/TvSettings.apk' with 1 weak references
05-31 18:43:23.574 W/bei.lerad.rocky( 1726): ApkAssets: Deleting an ApkAssets object ' and /system/app/dangbei-steward/dangbei-steward.apk' with 1 weak references
05-31 18:43:23.575 W/bei.lerad.rocky( 1726): ApkAssets: Deleting an ApkAssets object ' and /system/app/com.sohu.inputmethod.sogou.tv/com.sohu.inputmethod.sogou.tv.apk' with 1 weak references
05-31 18:43:23.575 W/bei.lerad.rocky( 1726): ApkAssets: Deleting an ApkAssets object ' and /system/priv-app/ExternalStorageProvider/ExternalStorageProvider.apk' with 1 weak references
05-31 18:43:23.575 W/bei.lerad.rocky( 1726): ApkAssets: Deleting an ApkAssets object ' and /system/app/HTMLViewer/HTMLViewer.apk' with 1 weak references
05-31 18:43:23.576 W/bei.lerad.rocky( 1726): ApkAssets: Deleting an ApkAssets object ' and /system/app/CompanionDeviceManager/CompanionDeviceManager.apk' with 1 weak references
05-31 18:43:23.576 W/bei.lerad.rocky( 1726): ApkAssets: Deleting an ApkAssets object ' and /system/priv-app/DownloadProvider/DownloadProvider.apk' with 1 weak references
05-31 18:43:23.576 W/bei.lerad.rocky( 1726): ApkAssets: Deleting an ApkAssets object ' and /system/priv-app/TvProvider/TvProvider.apk' with 1 weak references
05-31 18:43:23.576 W/bei.lerad.rocky( 1726): ApkAssets: Deleting an ApkAssets object '/product/overlay/TvProviderOverlay.apk' with 1 weak references
05-31 18:43:23.576 W/bei.lerad.rocky( 1726): ApkAssets: Deleting an ApkAssets object ' and /product/app/DLNA/DLNA.apk' with 1 weak references
05-31 18:43:23.577 W/bei.lerad.rocky( 1726): ApkAssets: Deleting an ApkAssets object ' and /system_ext/priv-app/droidlogic-res/droidlogic-res.apk' with 1 weak references
05-31 18:43:23.577 W/bei.lerad.rocky( 1726): ApkAssets: Deleting an ApkAssets object ' and /system_ext/priv-app/DroidTvSettings/DroidTvSettings.apk' with 1 weak references
05-31 18:43:23.578 W/bei.lerad.rocky( 1726): ApkAssets: Deleting an ApkAssets object ' and /system/app/LedCtrl/LedCtrl.apk' with 1 weak references
05-31 18:43:23.579 W/bei.lerad.rocky( 1726): ApkAssets: Deleting an ApkAssets object ' and /system/app/dangbei-media-player/dangbei-media-player.apk' with 1 weak references
05-31 18:43:23.579 W/bei.lerad.rocky( 1726): ApkAssets: Deleting an ApkAssets object ' and /system/app/PacProcessor/PacProcessor.apk' with 1 weak references
05-31 18:43:23.579 W/bei.lerad.rocky( 1726): ApkAssets: Deleting an ApkAssets object ' and /apex/com.android.permission/priv-app/SafetyCenterResources@UD2A.240505.001.W1/SafetyCenterResources.apk' with 1 weak references
05-31 18:43:23.579 W/bei.lerad.rocky( 1726): ApkAssets: Deleting an ApkAssets object ' and /system/priv-app/NetworkStack/NetworkStack.apk' with 1 weak references
05-31 18:43:23.580 W/bei.lerad.rocky( 1726): ApkAssets: Deleting an ApkAssets object '/product/overlay/TvNetworkStackOverlay.apk' with 1 weak references
05-31 18:43:23.580 W/bei.lerad.rocky( 1726): ApkAssets: Deleting an ApkAssets object ' and /apex/com.android.tethering/priv-app/ServiceConnectivityResources@UD2A.240505.001.W1/ServiceConnectivityResources.apk' with 1 weak references
05-31 18:43:23.580 W/bei.lerad.rocky( 1726): ApkAssets: Deleting an ApkAssets object ' and /product/app/ModuleMetadata/ModuleMetadata.apk' with 1 weak references
05-31 18:43:23.580 W/bei.lerad.rocky( 1726): ApkAssets: Deleting an ApkAssets object ' and /system/app/CertInstaller/CertInstaller.apk' with 1 weak references
05-31 18:43:23.581 W/bei.lerad.rocky( 1726): ApkAssets: Deleting an ApkAssets object ' and /system/framework/framework-res.apk' with 1 weak references
05-31 18:43:23.581 W/bei.lerad.rocky( 1726): ApkAssets: Deleting an ApkAssets object ' and /product/app/Camera2/Camera2.apk' with 1 weak references
05-31 18:43:23.582 W/bei.lerad.rocky( 1726): ApkAssets: Deleting an ApkAssets object ' and /system/priv-app/MtpService/MtpService.apk' with 1 weak references
05-31 18:43:23.582 W/bei.lerad.rocky( 1726): ApkAssets: Deleting an ApkAssets object ' and /system/priv-app/StatementService/StatementService.apk' with 1 weak references
05-31 18:43:23.583 W/bei.lerad.rocky( 1726): ApkAssets: Deleting an ApkAssets object ' and /system/app/dangbei-screencast/dangbei-screencast.apk' with 1 weak references
05-31 18:43:23.583 W/bei.lerad.rocky( 1726): ApkAssets: Deleting an ApkAssets object ' and /product/priv-app/SettingsIntelligence/SettingsIntelligence.apk' with 1 weak references
05-31 18:43:23.583 W/bei.lerad.rocky( 1726): ApkAssets: Deleting an ApkAssets object ' and /system/app/dangbei-launcher/dangbei-launcher.apk' with 1 weak references
05-31 18:43:23.584 W/bei.lerad.rocky( 1726): ApkAssets: Deleting an ApkAssets object ' and /system/app/PrintSpooler/PrintSpooler.apk' with 1 weak references
05-31 18:43:23.584 W/bei.lerad.rocky( 1726): ApkAssets: Deleting an ApkAssets object ' and /system/app/BasicDreams/BasicDreams.apk' with 1 weak references
05-31 18:43:23.584 W/bei.lerad.rocky( 1726): ApkAssets: Deleting an ApkAssets object ' and /system/priv-app/InputDevices/InputDevices.apk' with 1 weak references
05-31 18:43:23.584 W/bei.lerad.rocky( 1726): ApkAssets: Deleting an ApkAssets object ' and /apex/com.android.rkpd/priv-app/rkpdapp@UD2A.240505.001.W1/rkpdapp.apk' with 1 weak references
05-31 18:43:23.585 W/bei.lerad.rocky( 1726): ApkAssets: Deleting an ApkAssets object ' and /system/app/InputMacSn/InputMacSn.apk' with 1 weak references
05-31 18:43:23.585 W/bei.lerad.rocky( 1726): ApkAssets: Deleting an ApkAssets object ' and /system/priv-app/MusicFX/MusicFX.apk' with 1 weak references
05-31 18:43:23.585 W/bei.lerad.rocky( 1726): ApkAssets: Deleting an ApkAssets object ' and /system/priv-app/dangbei-boot-guide/dangbei-boot-guide.apk' with 1 weak references
05-31 18:43:23.585 W/bei.lerad.rocky( 1726): ApkAssets: Deleting an ApkAssets object ' and /system/app/ExtShared/ExtShared.apk' with 1 weak references
05-31 18:43:23.586 W/bei.lerad.rocky( 1726): ApkAssets: Deleting an ApkAssets object ' and /system/app/KeyChain/KeyChain.apk' with 1 weak references
05-31 18:43:23.586 W/bei.lerad.rocky( 1726): ApkAssets: Deleting an ApkAssets object ' and /apex/com.android.extservices/priv-app/ExtServices@UD2A.240505.001.W1/ExtServices.apk' with 1 weak references
05-31 18:43:23.586 W/bei.lerad.rocky( 1726): ApkAssets: Deleting an ApkAssets object ' and /apex/com.android.wifi/priv-app/ServiceWifiResources@UD2A.240505.001.W1/ServiceWifiResources.apk' with 1 weak references
05-31 18:43:23.587 W/bei.lerad.rocky( 1726): ApkAssets: Deleting an ApkAssets object '/product/overlay/TvWifiOverlay.apk' with 1 weak references
05-31 18:43:23.587 W/bei.lerad.rocky( 1726): ApkAssets: Deleting an ApkAssets object '/product/overlay/WiFiTetheringOverlay.apk' with 1 weak references
05-31 18:43:23.587 W/bei.lerad.rocky( 1726): ApkAssets: Deleting an ApkAssets object ' and /system/app/CameraExtensionsProxy/CameraExtensionsProxy.apk' with 1 weak references
05-31 18:43:23.587 W/bei.lerad.rocky( 1726): ApkAssets: Deleting an ApkAssets object ' and /system_ext/priv-app/MicToggleProvider/MicToggleProvider.apk' with 1 weak references
05-31 18:43:23.587 W/bei.lerad.rocky( 1726): ApkAssets: Deleting an ApkAssets object ' and /system/priv-app/PackageInstaller_tv/PackageInstaller_tv.apk' with 1 weak references
05-31 18:43:23.587 W/bei.lerad.rocky( 1726): ApkAssets: Deleting an ApkAssets object ' and /system/app/FactoryTest_oranth/FactoryTest_oranth.apk' with 1 weak references
05-31 18:43:23.588 W/bei.lerad.rocky( 1726): ApkAssets: Deleting an ApkAssets object ' and /system/priv-app/ProxyHandler/ProxyHandler.apk' with 1 weak references
05-31 18:43:23.588 W/bei.lerad.rocky( 1726): ApkAssets: Deleting an ApkAssets object ' and /system/priv-app/IntentResolver/IntentResolver.apk' with 1 weak references
05-31 18:43:23.588 W/bei.lerad.rocky( 1726): ApkAssets: Deleting an ApkAssets object ' and /system/priv-app/ManagedProvisioning/ManagedProvisioning.apk' with 1 weak references
05-31 18:43:23.588 W/bei.lerad.rocky( 1726): ApkAssets: Deleting an ApkAssets object ' and /system/app/UsbOpenFT/UsbOpenFT.apk' with 1 weak references
05-31 18:43:23.589 W/bei.lerad.rocky( 1726): ApkAssets: Deleting an ApkAssets object ' and /system/priv-app/SoundPicker/SoundPicker.apk' with 1 weak references
05-31 18:43:23.589 W/bei.lerad.rocky( 1726): ApkAssets: Deleting an ApkAssets object ' and /system/app/dangbei-etna-service/dangbei-etna-service.apk' with 1 weak references
05-31 18:43:23.589 W/bei.lerad.rocky( 1726): ApkAssets: Deleting an ApkAssets object ' and /product/app/Miracast/Miracast.apk' with 1 weak references
05-31 18:43:23.589 W/bei.lerad.rocky( 1726): ApkAssets: Deleting an ApkAssets object ' and /system/app/dangbei-file-manager/dangbei-file-manager.apk' with 1 weak references
05-31 18:43:23.590 W/bei.lerad.rocky( 1726): ApkAssets: Deleting an ApkAssets object ' and /system/app/PowerUI/PowerUI.apk' with 1 weak references
05-31 18:43:23.590 W/bei.lerad.rocky( 1726): ApkAssets: Deleting an ApkAssets object ' and /system/app/dangbei-screensaver/dangbei-screensaver.apk' with 1 weak references
05-31 18:43:23.590 W/bei.lerad.rocky( 1726): ApkAssets: Deleting an ApkAssets object ' and /product/app/Music/Music.apk' with 1 weak references
05-31 18:43:23.591 W/bei.lerad.rocky( 1726): ApkAssets: Deleting an ApkAssets object ' and /system/priv-app/Shell/Shell.apk' with 1 weak references
05-31 18:43:23.591 W/bei.lerad.rocky( 1726): ApkAssets: Deleting an ApkAssets object ' and /system/priv-app/UserDictionaryProvider/UserDictionaryProvider.apk' with 1 weak references
05-31 18:43:23.591 W/bei.lerad.rocky( 1726): ApkAssets: Deleting an ApkAssets object ' and /apex/com.android.mediaprovider/priv-app/MediaProvider@UD2A.240505.001.W1/MediaProvider.apk' with 1 weak references
05-31 18:43:23.591 W/bei.lerad.rocky( 1726): ApkAssets: Deleting an ApkAssets object ' and /system/app/Low_storage_dialog/Low_storage_dialog.apk' with 1 weak references
05-31 18:43:23.591 W/bei.lerad.rocky( 1726): ApkAssets: Deleting an ApkAssets object ' and /apex/com.android.wifi/app/OsuLogin@UD2A.240505.001.W1/OsuLogin.apk' with 1 weak references
05-31 18:43:23.592 W/bei.lerad.rocky( 1726): ApkAssets: Deleting an ApkAssets object ' and /system/priv-app/FusedLocation/FusedLocation.apk' with 1 weak references
05-31 18:43:23.592 W/bei.lerad.rocky( 1726): ApkAssets: Deleting an ApkAssets object ' and /product/app/DeskClock/DeskClock.apk' with 1 weak references
05-31 18:43:23.593 W/bei.lerad.rocky( 1726): ApkAssets: Deleting an ApkAssets object ' and /system_ext/priv-app/TvSystemUI/TvSystemUI.apk' with 1 weak references
05-31 18:43:23.593 W/bei.lerad.rocky( 1726): ApkAssets: Deleting an ApkAssets object '/vendor/overlay/TvSystemUI__auto_generated_rro_vendor.apk' with 1 weak references
05-31 18:43:23.593 W/bei.lerad.rocky( 1726): ApkAssets: Deleting an ApkAssets object '/product/overlay/SystemUIOverlay.apk' with 1 weak references
05-31 18:43:23.594 W/bei.lerad.rocky( 1726): ApkAssets: Deleting an ApkAssets object ' and /system/app/dangbei-setting/dangbei-setting.apk' with 1 weak references
05-31 18:43:23.594 W/bei.lerad.rocky( 1726): ApkAssets: Deleting an ApkAssets object ' and /apex/com.android.permission/priv-app/PermissionController@UD2A.240505.001.W1/PermissionController.apk' with 1 weak references
05-31 18:43:23.595 W/bei.lerad.rocky( 1726): ApkAssets: Deleting an ApkAssets object ' and /vendor/priv-app/AppInstaller/AppInstaller.apk' with 1 weak references
05-31 18:43:23.596 W/bei.lerad.rocky( 1726): ApkAssets: Deleting an ApkAssets object ' and /apex/com.android.btservices/app/Bluetooth@UD2A.240505.001.W1/Bluetooth.apk' with 1 weak references
05-31 18:43:23.596 W/bei.lerad.rocky( 1726): ApkAssets: Deleting an ApkAssets object ' and /system/priv-app/ContactsProvider/ContactsProvider.apk' with 1 weak references
05-31 18:43:23.596 W/bei.lerad.rocky( 1726): ApkAssets: Deleting an ApkAssets object ' and /system/app/CaptivePortalLogin/CaptivePortalLogin.apk' with 1 weak references
05-31 18:43:23.596 W/bei.lerad.rocky( 1726): ApkAssets: Deleting an ApkAssets object ' and /apex/com.android.devicelock/priv-app/DeviceLockController@UD2A.240505.001.W1/DeviceLockController.apk' with 1 weak references
05-31 18:43:23.597 W/bei.lerad.rocky( 1726): ApkAssets: Deleting an ApkAssets object ' and /apex/com.android.extservices/priv-app/AdExtServicesApk@UD2A.240505.001.W1/AdExtServicesApk.apk' with 1 weak references
01-01 08:00:47.330 W/ ( 0): [2 T1063 ..] [SP FRAME RX] arp req,vif_idx:0 sender:[02:fe:15:17:79:f9 192.168.3.136]receiver:[00:00:00:00:00:00 192.168.3.222]
01-01 08:00:47.331 W/ ( 0): [2 T1063 ..] [SP FRAME TX] arp rsp,vif_idx:0 sender:[1c:79:2d:20:62:b5 192.168.3.222]receiver:[02:fe:15:17:79:f9 192.168.3.136]
05-31 18:43:24.210 D/SntpClient( 719): request time failed: java.net.SocketTimeoutException: Poll timed out
05-31 18:43:24.210 D/SntpClient( 719): request time failed
05-31 18:43:24.212 I/resolv ( 469): GetAddrInfoHandler::run: {100 983140 100 983140 1000 1}
05-31 18:43:24.214 I/resolv ( 469): res_nmkquery: (QUERY, IN, A)
05-31 18:43:24.220 I/resolv ( 469): res_nsend: used send_dg 506 terrno: 0
05-31 18:43:24.220 I/resolv ( 469): doQuery: rcode=0, ancount=4, return value=506
05-31 18:43:24.222 D/TrafficStats( 719): tagSocket(392) with statsTag=0xffffff41, statsUid=-1
05-31 18:43:24.239 D/SntpClient( 719): round trip: 15ms, clock offset: 231548697ms
05-31 18:43:24.242 D/SystemClockTime( 719): Setting time of day to sec=1748919752
06-03 11:02:32.940 E/LazyAlarmStore( 719): Removed TIME_TICK alarm
06-03 11:02:32.945 I/JobScheduler( 719): RTC now valid; recalculating persisted job windows
06-03 11:02:32.949 D/OomAdjuster( 719): Not killing cached processes
06-03 11:02:32.954 D/yc_test ( 1467): refreshWeather: null
06-03 11:02:33.012 W/SyncManager( 719): Clock is valid now.
06-03 11:02:33.013 D/ConditionProviders.SCP( 719): onReceive android.intent.action.TIME_SET
06-03 11:02:33.013 E/hq ( 1467): WeatherRefresh:::请求网络地址后,更新的地理位置为:101280601
06-03 11:02:33.025 D/bbb ( 1543): onStartCommand begin !!!!!!! data分区剩余 54612MB
06-03 11:02:33.029 D/CompatibilityChangeReporter( 719): Compat change id reported: 171306433; UID 1000; state: ENABLED
06-03 11:02:33.029 D/ConditionProviders.SCP( 719): evaluateSubscriptionLocked cal=ScheduleCalendar[mDays={1, 2, 3, 4, 5, 6, 7}, mSchedule=ScheduleInfo{days=[1, 2, 3, 4, 5, 6, 7], startHour=22, startMinute=0, endHour=7, endMinute=0, exitAtAlarm=true, nextAlarm=Thu Jan 01 08:00:00 GMT+08:00 1970 (0)}], now=Tue Jun 03 11:02:33 GMT+08:00 2025 (1748919753013), nextUserAlarmTime=Thu Jan 01 08:00:00 GMT+08:00 1970 (0)
06-03 11:02:33.030 D/ConditionProviders.SCP( 719): notifyCondition condition://android/schedule?days=1.2.3.4.5.6.7&start=22.0&end=7.0&exitAtAlarm=true STATE_FALSE reason=!meetsSchedule
06-03 11:02:33.031 D/ConditionProviders.SCP( 719): Scheduling evaluate for Tue Jun 03 22:00:00 GMT+08:00 2025 (1748959200000), in +10h57m26s987ms, now=Tue Jun 03 11:02:33 GMT+08:00 2025 (1748919753013)
06-03 11:02:33.031 D/CompatibilityChangeReporter( 719): Compat change id reported: 218533173; UID 1000; state: ENABLED
06-03 11:02:33.032 D/CompatibilityChangeReporter( 719): Compat change id reported: 218533173; UID 1000; state: ENABLED
06-03 11:02:33.039 I/ThermalService( 1046): CPU temperatures: [53.4]
06-03 11:02:33.045 D/CompatibilityChangeReporter( 719): Compat change id reported: 143231523; UID 1000; state: DISABLED
06-03 11:02:33.051 W/OpenGLRenderer( 719): file_version mismatch! expected 1 got 0
06-03 11:02:33.052 I/UsageStatsService( 719): User[0] Time changed in by 231548 seconds
06-03 11:02:33.052 I/UsageStatsService( 719): User[0] Flushing usage stats to disk
06-03 11:02:33.053 W/OpenGLRenderer( 719): file_version mismatch! expected 1 got 0
06-03 11:02:33.055 D/PermissionStorageTimeChangeReceiver( 1826): Time changed by 231548 seconds
06-03 11:02:33.057 W/OpenGLRenderer( 719): file_version mismatch! expected 1 got 0
06-03 11:02:33.059 W/OpenGLRenderer( 719): file_version mismatch! expected 1 got 0
06-03 11:02:33.066 D/PermissionStorageTimeChangeReceiver( 1826): systemTimeSnapshot set to 1748919753055
06-03 11:02:33.066 D/PermissionStorageTimeChangeReceiver( 1826): realtimeSnapshot set to 47588
06-03 11:02:33.068 E/martin ( 1467): 组件:2025-06-03
06-03 11:02:33.068 E/weatherWidget( 1467): dataChange:Tue Jun 03 11:02:33 GMT+08:00 2025
06-03 11:02:33.070 I/UsageStatsDatabase( 719): Time changed by +2d16h19m8s698ms. files deleted: 0 files moved: 4
06-03 11:02:33.078 I/UsageStatsService( 719): User[0] Rollover scheduled @ 2025-06-04 11:02:08(1749006128559)
06-03 11:02:33.082 D/CompatibilityChangeReporter( 719): Compat change id reported: 218533173; UID 10018; state: ENABLED
06-03 11:02:33.082 D/CompatibilityChangeReporter( 719): Compat change id reported: 262645982; UID 10018; state: ENABLED
06-03 11:02:33.083 D/CompatibilityChangeReporter( 719): Compat change id reported: 218533173; UID 10039; state: DISABLED
06-03 11:02:33.084 D/CompatibilityChangeReporter( 719): Compat change id reported: 262645982; UID 10039; state: DISABLED
06-03 11:02:33.084 D/CompatibilityChangeReporter( 719): Compat change id reported: 218533173; UID 10019; state: ENABLED
06-03 11:02:33.085 D/CompatibilityChangeReporter( 719): Compat change id reported: 262645982; UID 10019; state: ENABLED
06-03 11:02:33.086 D/CompatibilityChangeReporter( 719): Compat change id reported: 218533173; UID 10026; state: ENABLED
06-03 11:02:33.086 D/CompatibilityChangeReporter( 719): Compat change id reported: 262645982; UID 10026; state: ENABLED
06-03 11:02:33.089 D/CompatibilityChangeReporter( 719): Compat change id reported: 218533173; UID 10027; state: DISABLED
06-03 11:02:33.090 D/CompatibilityChangeReporter( 719): Compat change id reported: 262645982; UID 10027; state: DISABLED
06-03 11:02:33.090 D/CompatibilityChangeReporter( 719): Compat change id reported: 218533173; UID 10044; state: DISABLED
06-03 11:02:33.090 D/CompatibilityChangeReporter( 719): Compat change id reported: 262645982; UID 10044; state: DISABLED
06-03 11:02:33.092 D/CompatibilityChangeReporter( 719): Compat change id reported: 218533173; UID 10057; state: ENABLED
06-03 11:02:33.092 D/CompatibilityChangeReporter( 719): Compat change id reported: 262645982; UID 10057; state: ENABLED
06-03 11:02:33.095 D/CompatibilityChangeReporter( 719): Compat change id reported: 218533173; UID 10025; state: ENABLED
06-03 11:02:33.095 D/CompatibilityChangeReporter( 719): Compat change id reported: 262645982; UID 10025; state: ENABLED
06-03 11:02:33.096 D/CompatibilityChangeReporter( 719): Compat change id reported: 218533173; UID 10022; state: ENABLED
06-03 11:02:33.097 D/CompatibilityChangeReporter( 719): Compat change id reported: 262645982; UID 10022; state: ENABLED
06-03 11:02:33.099 D/CompatibilityChangeReporter( 719): Compat change id reported: 218533173; UID 10049; state: DISABLED
06-03 11:02:33.099 D/CompatibilityChangeReporter( 719): Compat change id reported: 262645982; UID 10049; state: DISABLED
06-03 11:02:33.100 D/CompatibilityChangeReporter( 719): Compat change id reported: 218533173; UID 10016; state: ENABLED
06-03 11:02:33.100 D/CompatibilityChangeReporter( 719): Compat change id reported: 262645982; UID 10016; state: ENABLED
06-03 11:02:33.101 D/CompatibilityChangeReporter( 719): Compat change id reported: 218533173; UID 10062; state: ENABLED
06-03 11:02:33.101 D/CompatibilityChangeReporter( 719): Compat change id reported: 262645982; UID 10062; state: ENABLED
06-03 11:02:33.102 D/CompatibilityChangeReporter( 719): Compat change id reported: 218533173; UID 10059; state: ENABLED
06-03 11:02:33.103 D/CompatibilityChangeReporter( 719): Compat change id reported: 262645982; UID 10059; state: ENABLED
06-03 11:02:33.138 I/bluetooth( 2483): packages/modules/Bluetooth/system/gd/metrics/metrics_state.cc:177 AddStateChangedEvent: LEConnectionMetricsRemoteDevice: Transaction State 0x00000002, Connection Type 0x00000001, Origin Type 0x00000001
06-03 11:02:33.138 I/bluetooth( 2483): packages/modules/Bluetooth/system/gd/metrics/metrics_state.cc:58 AddStateChangedEvent: LEConnectionMetricState: Origin Type: 0x00000001, Connection Type: 0x00000001, Transaction State: 0x00000002
06-03 11:02:33.138 I/bluetooth( 2483): packages/modules/Bluetooth/system/gd/metrics/metrics_state.cc:161 UploadLEConnectionSession: LEConnectionMetricsRemoteDevice: The session is uploaded for xx:xx:xx:xx:c0:82
06-03 11:02:33.138 D/bluetooth( 2483): packages/modules/Bluetooth/system/main/shim/acl.cc:1722 OnLeConnectSuccess: Connection address is not rpa addr:e4:bb:d3:57:c0:82[PUBLIC_DEVICE_ADDRESS]
06-03 11:02:33.138 D/bluetooth( 2483): packages/modules/Bluetooth/system/main/shim/acl.cc:1750 OnLeConnectSuccess: Connection successful le remote:e4:bb:d3:57:c0:82[PUBLIC_DEVICE_ADDRESS] handle:16 initiator:local
06-03 11:02:33.138 I/bluetooth( 2483): packages/modules/Bluetooth/system/stack/gatt/connection_manager.cc:438 on_connection_complete: Le connection completed to device:xx:xx:xx:xx:c0:82
06-03 11:02:33.138 D/bluetooth( 2483): packages/modules/Bluetooth/system/stack/gatt/connection_manager.cc:427 remove_all_clients_with_pending_connections: address=xx:xx:xx:xx:c0:82
06-03 11:02:33.138 I/bluetooth( 2483): packages/modules/Bluetooth/system/gd/hci/le_address_manager.cc:265 ack_pause: Client already in paused state
06-03 11:02:33.138 I/bluetooth( 2483): packages/modules/Bluetooth/system/stack/gatt/connection_manager.cc:438 on_connection_complete: Le connection completed to device:xx:xx:xx:xx:c0:82
06-03 11:02:33.138 D/bluetooth( 2483): packages/modules/Bluetooth/system/stack/gatt/connection_manager.cc:427 remove_all_clients_with_pending_connections: address=xx:xx:xx:xx:c0:82
06-03 11:02:33.138 I/bt_btm_ble( 2483): packages/modules/Bluetooth/system/stack/btm/btm_ble.cc:1730 btm_ble_connected: Updating device record timestamp for existing ble connection
06-03 11:02:33.139 I/bt_l2cap( 2483): packages/modules/Bluetooth/system/main/bte_logmsg.cc:112 LogMsg: l2c_ble_link_adjust_allocation num_hipri: 0 num_lowpri: 1 low_quota: 2 round_robin_quota: 0 qq: 2
06-03 11:02:33.139 I/bt_l2cap( 2483): packages/modules/Bluetooth/system/main/bte_logmsg.cc:112 LogMsg: l2c_ble_link_adjust_allocation LCB 0 Priority: 0 XmitQuota: 2
06-03 11:02:33.139 I/bt_l2cap( 2483): packages/modules/Bluetooth/system/main/bte_logmsg.cc:112 LogMsg: SentNotAcked: 0 RRUnacked: 0
06-03 11:02:33.139 D/l2c_utils( 2483): packages/modules/Bluetooth/system/stack/l2cap/l2c_utils.cc:1355 l2cu_allocate_ccb: is_dynamic = 0, cid 0x0000
06-03 11:02:33.139 D/l2c_link( 2483): packages/modules/Bluetooth/system/stack/l2cap/l2c_link.cc:764 l2c_link_adjust_chnl_allocation: CID:0x0040 FCR Mode:0 Priority:2 TxDataRate:1 RxDataRate:1 Quota:200
06-03 11:02:33.139 D/btm_acl ( 2483): packages/modules/Bluetooth/system/stack/acl/btm_acl.cc:463 btm_acl_created: Created new ACL connection peer:xx:xx:xx:xx:c0:82 role:central handle:0x0010 transport:BT_TRANSPORT_LE
06-03 11:02:33.139 I/bt_btm ( 2483): packages/modules/Bluetooth/system/main/bte_logmsg.cc:115 LogMsg: BTM_GetRemoteDeviceName
06-03 11:02:33.139 I/bt_btif ( 2483): packages/modules/Bluetooth/system/main/bte_logmsg.cc:115 LogMsg: BTM_GetRemoteDeviceName, NV name = Dangbei
06-03 11:02:33.139 I/bt_btif ( 2483): packages/modules/Bluetooth/system/main/bte_logmsg.cc:115 LogMsg: btm_iot_save_remote_properties cod retrieved from storage is 0x00050c
06-03 11:02:33.139 D/bt_btm_ble( 2483): packages/modules/Bluetooth/system/stack/btm/btm_ble.cc:544 BTM_ReadDevInfo: Determining device_type:BLE addr_type:public
06-03 11:02:33.139 D/bt_shim_hci( 2483): packages/modules/Bluetooth/system/main/shim/hci_layer.cc:367 transmit_command: Sending command LE_READ_REMOTE_FEATURES
06-03 11:02:33.139 D/bt_btm_ble( 2483): packages/modules/Bluetooth/system/stack/btm/btm_ble_gap.cc:3507 btm_ble_update_mode_operation: gd_acl enabled so skip background connection logic
06-03 11:02:33.139 D/bt_btm_ble( 2483): packages/modules/Bluetooth/system/stack/btm/btm_ble_gap.cc:3518 btm_ble_update_mode_operation: Resuming le background connections
06-03 11:02:33.139 D/bluetooth( 2483): packages/modules/Bluetooth/system/stack/btm/btm_ble_bgconn.cc:155 btm_ble_resume_bg_conn: Gd acl_manager handles sync of background connections
06-03 11:02:33.141 I/bluetooth( 2483): packages/modules/Bluetooth/system/gd/hci/le_address_manager.cc:596 OnCommandComplete: Received command complete with op_code LE_REMOVE_DEVICE_FROM_FILTER_ACCEPT_LIST
06-03 11:02:33.141 I/bluetooth( 2483): packages/modules/Bluetooth/system/gd/hci/le_address_manager.cc:294 resume_registered_clients: Resuming registered clients
06-03 11:02:33.142 D/bt_shim_hci( 2483): packages/modules/Bluetooth/system/main/shim/hci_layer.cc:341 OnTransmitPacketStatus: Received cmd status SUCCESS for LE_READ_REMOTE_FEATURES
06-03 11:02:33.205 I/bluetooth( 2483): packages/modules/Bluetooth/system/gd/hci/acl_manager/le_impl.h:673 on_le_disconnect: re-add device to connect list
06-03 11:02:33.205 E/btm_sco ( 2483): packages/modules/Bluetooth/system/stack/btm/btm_sco.cc:1137 btm_sco_on_disconnected: Unable to find sco connection
06-03 11:02:33.205 I/btm_acl ( 2483): packages/modules/Bluetooth/system/stack/acl/btm_acl.cc:2740 btm_acl_iso_disconnected: ISO disconnection from GD, handle: 0x10, reason: 0x3e
06-03 11:02:33.205 D/bluetooth( 2483): packages/modules/Bluetooth/system/main/shim/acl.cc:1573 OnLeLinkDisconnected: Disconnected le link remote:e4:bb:d3:57:c0:82[PUBLIC_DEVICE_ADDRESS] handle:16 reason:CONNECTION_FAILED_ESTABLISHMENT
06-03 11:02:33.205 I/bt_l2cap( 2483): packages/modules/Bluetooth/system/main/bte_logmsg.cc:115 LogMsg: l2cu_release_ccb: cid 0x0004 in_use: 1
06-03 11:02:33.205 I/bluetooth( 2483): packages/modules/Bluetooth/system/gd/hci/le_address_manager.cc:265 ack_pause: Client already in paused state
06-03 11:02:33.205 D/bt_btm_sec( 2483): packages/modules/Bluetooth/system/stack/btm/btm_sec.cc:5094 btm_sec_is_a_bonded_dev: Device record bonded check peer:xx:xx:xx:xx:c0:82 is_bonded:true
06-03 11:02:33.205 E/gatt_utils( 2483): packages/modules/Bluetooth/system/stack/gatt/gatt_utils.cc:1690 gatt_cleanup_upon_disc: Disconnect for unknown connection bd_addr:xx:xx:xx:xx:c0:82 reason:GATT_CONN_FAILED_ESTABLISHMENT transport:BT_TRANSPORT_LE
06-03 11:02:33.205 D/bluetooth( 2483): packages/modules/Bluetooth/system/stack/smp/smp_l2c.cc:115 smp_connect_callback: SMP Received disconnect callback bd_addr:xx:xx:xx:xx:c0:82 transport:BT_TRANSPORT_LE
06-03 11:02:33.205 W/bt_btm_sec( 2483): packages/modules/Bluetooth/system/stack/btm/btm_sec.cc:3863 btm_sec_disconnected: Got uncommon disconnection reason:HCI_ERR_CONN_FAILED_ESTABLISHMENT handle:0x0010 comment:stack::acl::btm_acl::btm_acl_disconnected
06-03 11:02:33.205 D/bt_btm_sec( 2483): packages/modules/Bluetooth/system/stack/btm/btm_sec.cc:3919 btm_sec_disconnected: Disconnection complete device:xx:xx:xx:xx:c0:82 name: state:IDLE reason:HCI_ERR_CONN_FAILED_ESTABLISHMENT sec_req:0
06-03 11:02:33.205 D/bt_btm_ble( 2483): packages/modules/Bluetooth/system/stack/btm/btm_ble_gap.cc:3507 btm_ble_update_mode_operation: gd_acl enabled so skip background connection logic
06-03 11:02:33.205 D/bt_btm_ble( 2483): packages/modules/Bluetooth/system/stack/btm/btm_ble_gap.cc:3518 btm_ble_update_mode_operation: Resuming le background connections
06-03 11:02:33.205 D/bluetooth( 2483): packages/modules/Bluetooth/system/stack/btm/btm_ble_bgconn.cc:155 btm_ble_resume_bg_conn: Gd acl_manager handles sync of background connections
06-03 11:02:33.207 I/bluetooth( 2483): packages/modules/Bluetooth/system/gd/hci/le_address_manager.cc:596 OnCommandComplete: Received command complete with op_code LE_ADD_DEVICE_TO_FILTER_ACCEPT_LIST
06-03 11:02:33.207 I/bluetooth( 2483): packages/modules/Bluetooth/system/gd/hci/le_address_manager.cc:294 resume_registered_clients: Resuming registered clients
06-03 11:02:33.210 I/bluetooth( 2483): packages/modules/Bluetooth/system/gd/hci/acl_manager/le_impl.h:878 update_connectability_state_after_armed: Le connection state machine armed state:ConnectabilityState::ARMED status:SUCCESS
06-03 11:02:33.401 I/bluetooth( 2483): packages/modules/Bluetooth/system/gd/metrics/metrics_state.cc:177 AddStateChangedEvent: LEConnectionMetricsRemoteDevice: Transaction State 0x00000002, Connection Type 0x00000001, Origin Type 0x00000001
06-03 11:02:33.401 I/bluetooth( 2483): packages/modules/Bluetooth/system/gd/metrics/metrics_state.cc:58 AddStateChangedEvent: LEConnectionMetricState: Origin Type: 0x00000001, Connection Type: 0x00000001, Transaction State: 0x00000002
06-03 11:02:33.401 I/bluetooth( 2483): packages/modules/Bluetooth/system/gd/metrics/metrics_state.cc:161 UploadLEConnectionSession: LEConnectionMetricsRemoteDevice: The session is uploaded for xx:xx:xx:xx:c0:82
06-03 11:02:33.401 D/bluetooth( 2483): packages/modules/Bluetooth/system/main/shim/acl.cc:1722 OnLeConnectSuccess: Connection address is not rpa addr:e4:bb:d3:57:c0:82[PUBLIC_DEVICE_ADDRESS]
06-03 11:02:33.402 W/bluetooth( 2483): packages/modules/Bluetooth/system/main/shim/acl.cc:189 Remove: Unknown device being removed from acceptlist:e4:bb:d3:57:c0:82[PUBLIC_DEVICE_ADDRESS]
06-03 11:02:33.402 D/bluetooth( 2483): packages/modules/Bluetooth/system/main/shim/acl.cc:1750 OnLeConnectSuccess: Connection successful le remote:e4:bb:d3:57:c0:82[PUBLIC_DEVICE_ADDRESS] handle:16 initiator:local
06-03 11:02:33.402 I/bluetooth( 2483): packages/modules/Bluetooth/system/stack/gatt/connection_manager.cc:438 on_connection_complete: Le connection completed to device:xx:xx:xx:xx:c0:82
06-03 11:02:33.402 I/bluetooth( 2483): packages/modules/Bluetooth/system/gd/hci/le_address_manager.cc:265 ack_pause: Client already in paused state
06-03 11:02:33.402 D/bluetooth( 2483): packages/modules/Bluetooth/system/stack/gatt/connection_manager.cc:427 remove_all_clients_with_pending_connections: address=xx:xx:xx:xx:c0:82
06-03 11:02:33.402 I/bluetooth( 2483): packages/modules/Bluetooth/system/stack/gatt/connection_manager.cc:438 on_connection_complete: Le connection completed to device:xx:xx:xx:xx:c0:82
06-03 11:02:33.402 D/bluetooth( 2483): packages/modules/Bluetooth/system/stack/gatt/connection_manager.cc:427 remove_all_clients_with_pending_connections: address=xx:xx:xx:xx:c0:82
06-03 11:02:33.402 I/bt_btm_ble( 2483): packages/modules/Bluetooth/system/stack/btm/btm_ble.cc:1730 btm_ble_connected: Updating device record timestamp for existing ble connection
06-03 11:02:33.402 I/bt_l2cap( 2483): packages/modules/Bluetooth/system/main/bte_logmsg.cc:112 LogMsg: l2c_ble_link_adjust_allocation num_hipri: 0 num_lowpri: 1 low_quota: 2 round_robin_quota: 0 qq: 2
06-03 11:02:33.402 I/bt_l2cap( 2483): packages/modules/Bluetooth/system/main/bte_logmsg.cc:112 LogMsg: l2c_ble_link_adjust_allocation LCB 0 Priority: 0 XmitQuota: 2
06-03 11:02:33.402 I/bt_l2cap( 2483): packages/modules/Bluetooth/system/main/bte_logmsg.cc:112 LogMsg: SentNotAcked: 0 RRUnacked: 0
06-03 11:02:33.402 D/l2c_utils( 2483): packages/modules/Bluetooth/system/stack/l2cap/l2c_utils.cc:1355 l2cu_allocate_ccb: is_dynamic = 0, cid 0x0000
06-03 11:02:33.402 D/l2c_link( 2483): packages/modules/Bluetooth/system/stack/l2cap/l2c_link.cc:764 l2c_link_adjust_chnl_allocation: CID:0x0041 FCR Mode:0 Priority:2 TxDataRate:1 RxDataRate:1 Quota:200
06-03 11:02:33.402 D/btm_acl ( 2483): packages/modules/Bluetooth/system/stack/acl/btm_acl.cc:463 btm_acl_created: Created new ACL connection peer:xx:xx:xx:xx:c0:82 role:central handle:0x0010 transport:BT_TRANSPORT_LE
06-03 11:02:33.403 I/bt_btm ( 2483): packages/modules/Bluetooth/system/main/bte_logmsg.cc:115 LogMsg: BTM_GetRemoteDeviceName
06-03 11:02:33.403 I/bt_btif ( 2483): packages/modules/Bluetooth/system/main/bte_logmsg.cc:115 LogMsg: BTM_GetRemoteDeviceName, NV name = Dangbei
06-03 11:02:33.403 I/bt_btif ( 2483): packages/modules/Bluetooth/system/main/bte_logmsg.cc:115 LogMsg: btm_iot_save_remote_properties cod retrieved from storage is 0x00050c
06-03 11:02:33.403 D/bt_btm_ble( 2483): packages/modules/Bluetooth/system/stack/btm/btm_ble.cc:544 BTM_ReadDevInfo: Determining device_type:BLE addr_type:public
06-03 11:02:33.403 D/bt_shim_hci( 2483): packages/modules/Bluetooth/system/main/shim/hci_layer.cc:367 transmit_command: Sending command LE_READ_REMOTE_FEATURES
06-03 11:02:33.403 D/bt_btm_ble( 2483): packages/modules/Bluetooth/system/stack/btm/btm_ble_gap.cc:3507 btm_ble_update_mode_operation: gd_acl enabled so skip background connection logic
06-03 11:02:33.403 D/bt_btm_ble( 2483): packages/modules/Bluetooth/system/stack/btm/btm_ble_gap.cc:3518 btm_ble_update_mode_operation: Resuming le background connections
06-03 11:02:33.403 D/bluetooth( 2483): packages/modules/Bluetooth/system/stack/btm/btm_ble_bgconn.cc:155 btm_ble_resume_bg_conn: Gd acl_manager handles sync of background connections
06-03 11:02:33.405 I/bluetooth( 2483): packages/modules/Bluetooth/system/gd/hci/le_address_manager.cc:596 OnCommandComplete: Received command complete with op_code LE_REMOVE_DEVICE_FROM_FILTER_ACCEPT_LIST
06-03 11:02:33.405 I/bluetooth( 2483): packages/modules/Bluetooth/system/gd/hci/le_address_manager.cc:294 resume_registered_clients: Resuming registered clients
06-03 11:02:33.407 D/bt_shim_hci( 2483): packages/modules/Bluetooth/system/main/shim/hci_layer.cc:341 OnTransmitPacketStatus: Received cmd status SUCCESS for LE_READ_REMOTE_FEATURES
06-03 11:02:33.420 I/WifiHAL ( 512): call wifi_get_link_stats handler
06-03 11:02:33.420 I/WifiHAL ( 512): Creating message to get link statistics; iface = 16
06-03 11:02:33.420 D/WifiHAL ( 512): error code -95 mapped to -3
06-03 11:02:33.420 E/WifiStaIfaceAidlImpl( 719): getLinkLayerStats failed with service-specific exception: android.os.ServiceSpecificException: (code 4)
06-03 11:02:33.447 D/btm_acl ( 2483): packages/modules/Bluetooth/system/stack/acl/btm_acl.cc:2667 acl_set_peer_le_features_from_handle: Completed le feature read request
06-03 11:02:33.448 D/bt_shim_hci( 2483): packages/modules/Bluetooth/system/main/shim/hci_layer.cc:367 transmit_command: Sending command READ_REMOTE_VERSION_INFORMATION
06-03 11:02:33.450 D/bt_shim_hci( 2483): packages/modules/Bluetooth/system/main/shim/hci_layer.cc:341 OnTransmitPacketStatus: Received cmd status SUCCESS for READ_REMOTE_VERSION_INFORMATION
06-03 11:02:33.499 I/bt_btif ( 2483): packages/modules/Bluetooth/system/main/bte_logmsg.cc:115 LogMsg: Remote device: xx:xx:xx:xx:c0:82 GATT client supported features 0x00
06-03 11:02:33.499 I/bt_stack( 2483): [INFO:gatt_attr.cc(950)] gatt_sr_init_cl_status: bda=xx:xx:xx:xx:c0:82, cl_supp_feat=0000, aware=1
06-03 11:02:33.499 I/bt_btif ( 2483): packages/modules/Bluetooth/system/main/bte_logmsg.cc:115 LogMsg: Remote device: xx:xx:xx:xx:c0:82 GATT server supported features 0x00
06-03 11:02:33.500 D/bluetooth( 2483): packages/modules/Bluetooth/system/stack/gatt/connection_manager.cc:117 get_apps_connecting_to: address=xx:xx:xx:xx:c0:82
06-03 11:02:33.500 I/bluetooth( 2483): packages/modules/Bluetooth/system/stack/gap/gap_ble.cc:304 client_connect_cback: No active GAP service found for peer:xx:xx:xx:xx:c0:82 callback:Connected
06-03 11:02:33.500 I/bt_bta_gattc( 2483): packages/modules/Bluetooth/system/bta/gatt/bta_gattc_act.cc:1304 bta_gattc_conn_cback: Connected client_if:3 addr:xx:xx:xx:xx:c0:82, transport:BT_TRANSPORT_LE reason:GATT_CONN_OK
