06-03 11:02:38.567 D/bluetooth( 2483): packages/modules/Bluetooth/system/gd/hci/le_scanning_reassembler.cc:64 ProcessAdvertisingReport: Dropping repeated legacy advertising data
06-03 11:02:38.568 I/audio_hw_hal_primary( 482): out_update_source_metadata_v7() line 2013 usage:1 content_type:2
06-03 11:02:38.570 D/bluetooth( 2483): packages/modules/Bluetooth/system/gd/hci/le_scanning_reassembler.cc:64 ProcessAdvertisingReport: Dropping repeated legacy advertising data
06-03 11:02:38.571 D/bluetooth( 2483): packages/modules/Bluetooth/system/gd/hci/le_scanning_reassembler.cc:64 ProcessAdvertisingReport: Dropping repeated legacy advertising data
06-03 11:02:38.573 D/audioserver( 528): logFgsApiBegin: FGS Logger Transaction failed, -129
06-03 11:02:38.576 D/bluetooth( 2483): packages/modules/Bluetooth/system/gd/hci/le_scanning_reassembler.cc:64 ProcessAdvertisingReport: Dropping repeated legacy advertising data
06-03 11:02:38.585 D/bluetooth( 2483): packages/modules/Bluetooth/system/gd/hci/le_scanning_reassembler.cc:64 ProcessAdvertisingReport: Dropping repeated legacy advertising data
06-03 11:02:38.604 D/bluetooth( 2483): packages/modules/Bluetooth/system/gd/hci/le_scanning_reassembler.cc:64 ProcessAdvertisingReport: Dropping repeated legacy advertising data
06-03 11:02:38.607 I/audio_hw_hal_primary( 482): out_update_source_metadata_v7() line 2013 usage:1 content_type:2
06-03 11:02:38.615 D/bluetooth( 2483): packages/modules/Bluetooth/system/gd/hci/le_scanning_reassembler.cc:64 ProcessAdvertisingReport: Dropping repeated legacy advertising data
06-03 11:02:38.620 D/bluetooth( 2483): packages/modules/Bluetooth/system/gd/hci/le_scanning_reassembler.cc:64 ProcessAdvertisingReport: Dropping repeated legacy advertising data
06-03 11:02:38.621 D/bluetooth( 2483): packages/modules/Bluetooth/system/gd/hci/le_scanning_reassembler.cc:64 ProcessAdvertisingReport: Dropping repeated legacy advertising data
06-03 11:02:38.623 D/bluetooth( 2483): packages/modules/Bluetooth/system/gd/hci/le_scanning_reassembler.cc:64 ProcessAdvertisingReport: Dropping repeated legacy advertising data
06-03 11:02:38.626 D/bluetooth( 2483): packages/modules/Bluetooth/system/gd/hci/le_scanning_reassembler.cc:64 ProcessAdvertisingReport: Dropping repeated legacy advertising data
06-03 11:02:38.630 D/bluetooth( 2483): packages/modules/Bluetooth/system/stack/arbiter/acl_arbiter.cc:96 InterceptAttPacket: Intercepting ATT packet and forwarding to Rust
06-03 11:02:38.630 D/bluetooth( 2483): packages/modules/Bluetooth/system/stack/gatt/gatt_attr.cc:579 gatt_cl_op_cmpl_cback: Not interested in opcode 6
06-03 11:02:38.630 I/bt_btif ( 2483): packages/modules/Bluetooth/system/main/bte_logmsg.cc:115 LogMsg: bta_hh_gattc_callback event:BTA_GATTC_NOTIF_EVT
06-03 11:02:38.630 I/bt_btif ( 2483): packages/modules/Bluetooth/system/main/bte_logmsg.cc:115 LogMsg: Notification received on report ID: 1
06-03 11:02:38.630 I/bt_btif ( 2483): packages/modules/Bluetooth/system/main/bte_logmsg.cc:115 LogMsg: bta_hh_co_data: dev_handle = 16, subclass = 0x00, mode = 0, ctry_code = 0, app_id = 255
06-03 11:02:38.630 I/bt_btif ( 2483): packages/modules/Bluetooth/system/main/bte_logmsg.cc:115 LogMsg: bta_hh_co_write: UHID write 9
06-03 11:02:38.631 D/XM_HIDREAD( 1921): poll ret=1, event=1
06-03 11:02:38.631 D/XM_HIDREAD( 1921): [9 bytes]:01 00 00 00 00 00 00 00 00
06-03 11:02:38.632 D/bluetooth( 2483): packages/modules/Bluetooth/system/gd/hci/le_scanning_reassembler.cc:64 ProcessAdvertisingReport: Dropping repeated legacy advertising data
06-03 11:02:38.633 D/bluetooth( 2483): packages/modules/Bluetooth/system/gd/hci/le_scanning_reassembler.cc:64 ProcessAdvertisingReport: Dropping repeated legacy advertising data
06-03 11:02:38.634 I/SogouIME( 1436): onKeyUp: keyoCode=21
06-03 11:02:38.634 I/DefaultIMS( 1436): onKeyUp: keyoCode=21
06-03 11:02:38.634 E/SecondScreen( 1467): FirstScreenLayoutView dispatchKeyEvent 21
06-03 11:02:38.644 D/bluetooth( 2483): packages/modules/Bluetooth/system/gd/hci/le_scanning_reassembler.cc:64 ProcessAdvertisingReport: Dropping repeated legacy advertising data
06-03 11:02:38.657 D/bluetooth( 2483): packages/modules/Bluetooth/system/gd/hci/le_scanning_reassembler.cc:64 ProcessAdvertisingReport: Dropping repeated legacy advertising data
06-03 11:02:38.665 D/bluetooth( 2483): packages/modules/Bluetooth/system/gd/hci/le_scanning_reassembler.cc:64 ProcessAdvertisingReport: Dropping repeated legacy advertising data
06-03 11:02:38.676 D/bluetooth( 2483): packages/modules/Bluetooth/system/gd/hci/le_scanning_reassembler.cc:64 ProcessAdvertisingReport: Dropping repeated legacy advertising data
06-03 11:02:38.679 D/bluetooth( 2483): packages/modules/Bluetooth/system/gd/hci/le_scanning_reassembler.cc:64 ProcessAdvertisingReport: Dropping repeated legacy advertising data
06-03 11:02:38.681 D/bluetooth( 2483): packages/modules/Bluetooth/system/gd/hci/le_scanning_reassembler.cc:64 ProcessAdvertisingReport: Dropping repeated legacy advertising data
06-03 11:02:38.689 D/bluetooth( 2483): packages/modules/Bluetooth/system/gd/hci/le_scanning_reassembler.cc:64 ProcessAdvertisingReport: Dropping repeated legacy advertising data
06-03 11:02:38.693 D/bluetooth( 2483): packages/modules/Bluetooth/system/gd/hci/le_scanning_reassembler.cc:64 ProcessAdvertisingReport: Dropping repeated legacy advertising data
06-03 11:02:38.734 I/audio_hw_hal_primary( 482): [audiohal_get_latency:1333] io 13: out:0xe49c5650 frames:1152 rate:48000 whole_latency:24 alsa_latency:24
06-03 11:02:38.735 I/audio_hw_hal_primary( 482): [audiohal_get_latency:1333] io 13: out:0xe49c5650 frames:1152 rate:48000 whole_latency:24 alsa_latency:24
06-03 11:02:38.739 D/bluetooth( 2483): packages/modules/Bluetooth/system/gd/hci/le_scanning_reassembler.cc:64 ProcessAdvertisingReport: Dropping repeated legacy advertising data
06-03 11:02:38.743 D/bluetooth( 2483): packages/modules/Bluetooth/system/gd/hci/le_scanning_reassembler.cc:64 ProcessAdvertisingReport: Dropping repeated legacy advertising data
06-03 11:02:38.756 I/audio_hw_hal_primary( 482): [audiohal_get_latency:1333] io 13: out:0xe49c5650 frames:1152 rate:48000 whole_latency:24 alsa_latency:24
06-03 11:02:38.757 I/audio_hw_hal_primary( 482): [audiohal_get_latency:1333] io 13: out:0xe49c5650 frames:1152 rate:48000 whole_latency:24 alsa_latency:24
06-03 11:02:38.758 D/bluetooth( 2483): packages/modules/Bluetooth/system/gd/hci/le_scanning_reassembler.cc:64 ProcessAdvertisingReport: Dropping repeated legacy advertising data
06-03 11:02:38.765 D/bluetooth( 2483): packages/modules/Bluetooth/system/stack/arbiter/acl_arbiter.cc:96 InterceptAttPacket: Intercepting ATT packet and forwarding to Rust
06-03 11:02:38.765 D/bluetooth( 2483): packages/modules/Bluetooth/system/stack/gatt/gatt_attr.cc:579 gatt_cl_op_cmpl_cback: Not interested in opcode 6
06-03 11:02:38.765 I/bt_btif ( 2483): packages/modules/Bluetooth/system/main/bte_logmsg.cc:115 LogMsg: bta_hh_gattc_callback event:BTA_GATTC_NOTIF_EVT
06-03 11:02:38.765 I/bt_btif ( 2483): packages/modules/Bluetooth/system/main/bte_logmsg.cc:115 LogMsg: Notification received on report ID: 1
06-03 11:02:38.765 I/bt_btif ( 2483): packages/modules/Bluetooth/system/main/bte_logmsg.cc:115 LogMsg: bta_hh_co_data: dev_handle = 16, subclass = 0x00, mode = 0, ctry_code = 0, app_id = 255
06-03 11:02:38.765 I/bt_btif ( 2483): packages/modules/Bluetooth/system/main/bte_logmsg.cc:115 LogMsg: bta_hh_co_write: UHID write 9
06-03 11:02:38.765 D/XM_HIDREAD( 1921): poll ret=1, event=1
06-03 11:02:38.765 D/XM_HIDREAD( 1921): [9 bytes]:01 00 00 50 00 00 00 00 00
06-03 11:02:38.768 D/bluetooth( 2483): packages/modules/Bluetooth/system/gd/hci/le_scanning_reassembler.cc:64 ProcessAdvertisingReport: Dropping repeated legacy advertising data
06-03 11:02:38.769 I/SogouIME( 1436): onKeyDown: keyoCode=21
06-03 11:02:38.769 I/DefaultIMS( 1436): onKeyDown: keyoCode=21
06-03 11:02:38.770 D/bluetooth( 2483): packages/modules/Bluetooth/system/gd/hci/le_scanning_reassembler.cc:64 ProcessAdvertisingReport: Dropping repeated legacy advertising data
06-03 11:02:38.770 E/SecondScreen( 1467): FirstScreenLayoutView dispatchKeyEvent 21
06-03 11:02:38.784 D/bluetooth( 2483): packages/modules/Bluetooth/system/gd/hci/le_scanning_reassembler.cc:64 ProcessAdvertisingReport: Dropping repeated legacy advertising data
06-03 11:02:38.788 D/bluetooth( 2483): packages/modules/Bluetooth/system/gd/hci/le_scanning_reassembler.cc:64 ProcessAdvertisingReport: Dropping repeated legacy advertising data
06-03 11:02:38.836 D/bluetooth( 2483): packages/modules/Bluetooth/system/gd/hci/le_scanning_reassembler.cc:64 ProcessAdvertisingReport: Dropping repeated legacy advertising data
06-03 11:02:38.837 D/bluetooth( 2483): packages/modules/Bluetooth/system/gd/hci/le_scanning_reassembler.cc:64 ProcessAdvertisingReport: Dropping repeated legacy advertising data
06-03 11:02:38.846 D/bluetooth( 2483): packages/modules/Bluetooth/system/gd/hci/le_scanning_reassembler.cc:64 ProcessAdvertisingReport: Dropping repeated legacy advertising data
06-03 11:02:38.851 D/bluetooth( 2483): packages/modules/Bluetooth/system/gd/hci/le_scanning_reassembler.cc:64 ProcessAdvertisingReport: Dropping repeated legacy advertising data
06-03 11:02:38.856 D/bluetooth( 2483): packages/modules/Bluetooth/system/gd/hci/le_scanning_reassembler.cc:64 ProcessAdvertisingReport: Dropping repeated legacy advertising data
06-03 11:02:38.868 D/bluetooth( 2483): packages/modules/Bluetooth/system/gd/hci/le_scanning_reassembler.cc:64 ProcessAdvertisingReport: Dropping repeated legacy advertising data
06-03 11:02:38.883 D/bluetooth( 2483): packages/modules/Bluetooth/system/gd/hci/le_scanning_reassembler.cc:64 ProcessAdvertisingReport: Dropping repeated legacy advertising data
06-03 11:02:38.886 D/bluetooth( 2483): packages/modules/Bluetooth/system/gd/hci/le_scanning_reassembler.cc:64 ProcessAdvertisingReport: Dropping repeated legacy advertising data
06-03 11:02:38.889 D/bluetooth( 2483): packages/modules/Bluetooth/system/gd/hci/le_scanning_reassembler.cc:64 ProcessAdvertisingReport: Dropping repeated legacy advertising data
06-03 11:02:38.891 D/bluetooth( 2483): packages/modules/Bluetooth/system/gd/hci/le_scanning_reassembler.cc:64 ProcessAdvertisingReport: Dropping repeated legacy advertising data
06-03 11:02:38.894 D/bluetooth( 2483): packages/modules/Bluetooth/system/gd/hci/le_scanning_reassembler.cc:64 ProcessAdvertisingReport: Dropping repeated legacy advertising data
06-03 11:02:38.900 D/bluetooth( 2483): packages/modules/Bluetooth/system/stack/arbiter/acl_arbiter.cc:96 InterceptAttPacket: Intercepting ATT packet and forwarding to Rust
06-03 11:02:38.900 D/bluetooth( 2483): packages/modules/Bluetooth/system/stack/gatt/gatt_attr.cc:579 gatt_cl_op_cmpl_cback: Not interested in opcode 6
06-03 11:02:38.900 I/bt_btif ( 2483): packages/modules/Bluetooth/system/main/bte_logmsg.cc:115 LogMsg: bta_hh_gattc_callback event:BTA_GATTC_NOTIF_EVT
06-03 11:02:38.900 I/bt_btif ( 2483): packages/modules/Bluetooth/system/main/bte_logmsg.cc:115 LogMsg: Notification received on report ID: 1
06-03 11:02:38.900 I/bt_btif ( 2483): packages/modules/Bluetooth/system/main/bte_logmsg.cc:115 LogMsg: bta_hh_co_data: dev_handle = 16, subclass = 0x00, mode = 0, ctry_code = 0, app_id = 255
06-03 11:02:38.900 I/bt_btif ( 2483): packages/modules/Bluetooth/system/main/bte_logmsg.cc:115 LogMsg: bta_hh_co_write: UHID write 9
06-03 11:02:38.900 D/XM_HIDREAD( 1921): poll ret=1, event=1
06-03 11:02:38.900 D/XM_HIDREAD( 1921): [9 bytes]:01 00 00 00 00 00 00 00 00
06-03 11:02:38.901 D/bluetooth( 2483): packages/modules/Bluetooth/system/gd/hci/le_scanning_reassembler.cc:64 ProcessAdvertisingReport: Dropping repeated legacy advertising data
06-03 11:02:38.903 I/SogouIME( 1436): onKeyUp: keyoCode=21
06-03 11:02:38.903 I/DefaultIMS( 1436): onKeyUp: keyoCode=21
06-03 11:02:38.903 E/SecondScreen( 1467): FirstScreenLayoutView dispatchKeyEvent 21
06-03 11:02:38.905 I/audio_hw_hal_primary( 482): [audiohal_get_latency:1333] io 13: out:0xe49c5650 frames:1152 rate:48000 whole_latency:24 alsa_latency:24
06-03 11:02:38.912 D/bluetooth( 2483): packages/modules/Bluetooth/system/gd/hci/le_scanning_reassembler.cc:64 ProcessAdvertisingReport: Dropping repeated legacy advertising data
06-03 11:02:38.931 D/bluetooth( 2483): packages/modules/Bluetooth/system/gd/hci/le_scanning_reassembler.cc:64 ProcessAdvertisingReport: Dropping repeated legacy advertising data
06-03 11:02:38.947 D/bluetooth( 2483): packages/modules/Bluetooth/system/gd/hci/le_scanning_reassembler.cc:64 ProcessAdvertisingReport: Dropping repeated legacy advertising data
06-03 11:02:38.948 I/audio_hw_hal_primary( 482): [audiohal_get_latency:1333] io 13: out:0xe49c5650 frames:1152 rate:48000 whole_latency:24 alsa_latency:24
06-03 11:02:38.948 I/audio_hw_hal_primary( 482): [audiohal_get_latency:1333] io 13: out:0xe49c5650 frames:1152 rate:48000 whole_latency:24 alsa_latency:24
06-03 11:02:38.949 D/bluetooth( 2483): packages/modules/Bluetooth/system/gd/hci/le_scanning_reassembler.cc:64 ProcessAdvertisingReport: Dropping repeated legacy advertising data
06-03 11:02:38.959 D/bluetooth( 2483): packages/modules/Bluetooth/system/gd/hci/le_scanning_reassembler.cc:64 ProcessAdvertisingReport: Dropping repeated legacy advertising data
06-03 11:02:38.960 D/bluetooth( 2483): packages/modules/Bluetooth/system/gd/hci/le_scanning_reassembler.cc:64 ProcessAdvertisingReport: Dropping repeated legacy advertising data
06-03 11:02:38.970 I/audio_hw_hal_primary( 482): [audiohal_get_latency:1333] io 13: out:0xe49c5650 frames:1152 rate:48000 whole_latency:24 alsa_latency:24
06-03 11:02:38.970 D/bluetooth( 2483): packages/modules/Bluetooth/system/gd/hci/le_scanning_reassembler.cc:64 ProcessAdvertisingReport: Dropping repeated legacy advertising data
06-03 11:02:38.970 I/audio_hw_hal_primary( 482): [audiohal_get_latency:1333] io 13: out:0xe49c5650 frames:1152 rate:48000 whole_latency:24 alsa_latency:24
06-03 11:02:38.971 D/bluetooth( 2483): packages/modules/Bluetooth/system/gd/hci/le_scanning_reassembler.cc:64 ProcessAdvertisingReport: Dropping repeated legacy advertising data
06-03 11:02:38.981 D/bluetooth( 2483): packages/modules/Bluetooth/system/gd/hci/le_scanning_reassembler.cc:64 ProcessAdvertisingReport: Dropping repeated legacy advertising data
06-03 11:02:38.986 D/bluetooth( 2483): packages/modules/Bluetooth/system/gd/hci/le_scanning_reassembler.cc:64 ProcessAdvertisingReport: Dropping repeated legacy advertising data
06-03 11:02:38.990 D/bluetooth( 2483): packages/modules/Bluetooth/system/stack/arbiter/acl_arbiter.cc:96 InterceptAttPacket: Intercepting ATT packet and forwarding to Rust
06-03 11:02:38.990 D/bluetooth( 2483): packages/modules/Bluetooth/system/stack/gatt/gatt_attr.cc:579 gatt_cl_op_cmpl_cback: Not interested in opcode 6
06-03 11:02:38.990 I/audio_hw_hal_primary( 482): [audiohal_get_latency:1333] io 13: out:0xe49c5650 frames:1152 rate:48000 whole_latency:24 alsa_latency:24
06-03 11:02:38.990 I/audio_hw_hal_primary( 482): [audiohal_get_latency:1333] io 13: out:0xe49c5650 frames:1152 rate:48000 whole_latency:24 alsa_latency:24
06-03 11:02:38.992 D/bluetooth( 2483): packages/modules/Bluetooth/system/gd/hci/le_scanning_reassembler.cc:64 ProcessAdvertisingReport: Dropping repeated legacy advertising data
06-03 11:02:38.996 D/bluetooth( 2483): packages/modules/Bluetooth/system/gd/hci/le_scanning_reassembler.cc:64 ProcessAdvertisingReport: Dropping repeated legacy advertising data
06-03 11:02:39.002 D/bluetooth( 2483): packages/modules/Bluetooth/system/gd/hci/le_scanning_reassembler.cc:64 ProcessAdvertisingReport: Dropping repeated legacy advertising data
06-03 11:02:39.006 D/bluetooth( 2483): packages/modules/Bluetooth/system/gd/hci/le_scanning_reassembler.cc:64 ProcessAdvertisingReport: Dropping repeated legacy advertising data
06-03 11:02:39.012 I/audio_hw_hal_primary( 482): [audiohal_get_latency:1333] io 13: out:0xe49c5650 frames:1152 rate:48000 whole_latency:24 alsa_latency:24
06-03 11:02:39.012 I/audio_hw_hal_primary( 482): [audiohal_get_latency:1333] io 13: out:0xe49c5650 frames:1152 rate:48000 whole_latency:24 alsa_latency:24
06-03 11:02:39.018 D/bluetooth( 2483): packages/modules/Bluetooth/system/gd/hci/le_scanning_reassembler.cc:64 ProcessAdvertisingReport: Dropping repeated legacy advertising data
06-03 11:02:39.019 I/keystore2( 291): system/security/keystore2/src/watchdog.rs:319 - Watchdog thread idle -> terminating. Have a great day.
06-03 11:02:39.033 I/audio_hw_hal_primary( 482): [audiohal_get_latency:1333] io 13: out:0xe49c5650 frames:1152 rate:48000 whole_latency:24 alsa_latency:24
06-03 11:02:39.033 I/audio_hw_hal_primary( 482): [audiohal_get_latency:1333] io 13: out:0xe49c5650 frames:1152 rate:48000 whole_latency:24 alsa_latency:24
06-03 11:02:39.036 D/bluetooth( 2483): packages/modules/Bluetooth/system/gd/hci/le_scanning_reassembler.cc:64 ProcessAdvertisingReport: Dropping repeated legacy advertising data
06-03 11:02:39.041 D/bluetooth( 2483): packages/modules/Bluetooth/system/gd/hci/le_scanning_reassembler.cc:64 ProcessAdvertisingReport: Dropping repeated legacy advertising data
06-03 11:02:39.048 I/ThermalService( 1046): CPU temperatures: [53.2]
06-03 11:02:39.055 I/audio_hw_hal_primary( 482): [audiohal_get_latency:1333] io 13: out:0xe49c5650 frames:1152 rate:48000 whole_latency:24 alsa_latency:24
06-03 11:02:39.055 D/bluetooth( 2483): packages/modules/Bluetooth/system/gd/hci/le_scanning_reassembler.cc:64 ProcessAdvertisingReport: Dropping repeated legacy advertising data
06-03 11:02:39.055 I/audio_hw_hal_primary( 482): [audiohal_get_latency:1333] io 13: out:0xe49c5650 frames:1152 rate:48000 whole_latency:24 alsa_latency:24
06-03 11:02:39.058 D/bluetooth( 2483): packages/modules/Bluetooth/system/gd/hci/le_scanning_reassembler.cc:64 ProcessAdvertisingReport: Dropping repeated legacy advertising data
06-03 11:02:39.061 D/bluetooth( 2483): packages/modules/Bluetooth/system/gd/hci/le_scanning_reassembler.cc:64 ProcessAdvertisingReport: Dropping repeated legacy advertising data
06-03 11:02:39.075 D/bluetooth( 2483): packages/modules/Bluetooth/system/gd/hci/le_scanning_reassembler.cc:64 ProcessAdvertisingReport: Dropping repeated legacy advertising data
06-03 11:02:39.076 I/audio_hw_hal_primary( 482): [audiohal_get_latency:1333] io 13: out:0xe49c5650 frames:1152 rate:48000 whole_latency:24 alsa_latency:24
06-03 11:02:39.076 I/audio_hw_hal_primary( 482): [audiohal_get_latency:1333] io 13: out:0xe49c5650 frames:1152 rate:48000 whole_latency:24 alsa_latency:24
06-03 11:02:39.076 D/audioserver( 528): logFgsApiEnd: FGS Logger Transaction failed, -129
06-03 11:02:39.077 I/audio_hw_hal_primary( 482): out_update_source_metadata_v7() line 2013 usage:1 content_type:2
06-03 11:02:39.086 D/bluetooth( 2483): packages/modules/Bluetooth/system/gd/hci/le_scanning_reassembler.cc:64 ProcessAdvertisingReport: Dropping repeated legacy advertising data
06-03 11:02:39.093 D/bluetooth( 2483): packages/modules/Bluetooth/system/gd/hci/le_scanning_reassembler.cc:64 ProcessAdvertisingReport: Dropping repeated legacy advertising data
06-03 11:02:39.099 D/bluetooth( 2483): packages/modules/Bluetooth/system/gd/hci/le_scanning_reassembler.cc:64 ProcessAdvertisingReport: Dropping repeated legacy advertising data
06-03 11:02:39.099 I/audio_hw_hal_primary( 482): [audiohal_get_latency:1333] io 13: out:0xe49c5650 frames:1024 rate:48000 whole_latency:21 alsa_latency:21
06-03 11:02:39.103 D/bluetooth( 2483): packages/modules/Bluetooth/system/gd/hci/le_scanning_reassembler.cc:64 ProcessAdvertisingReport: Dropping repeated legacy advertising data
06-03 11:02:39.110 D/bluetooth( 2483): packages/modules/Bluetooth/system/gd/hci/le_scanning_reassembler.cc:64 ProcessAdvertisingReport: Dropping repeated legacy advertising data
06-03 11:02:39.118 I/audio_hw_hal_primary( 482): [audiohal_get_latency:1333] io 13: out:0xe49c5650 frames:1152 rate:48000 whole_latency:24 alsa_latency:24
06-03 11:02:39.119 D/bluetooth( 2483): packages/modules/Bluetooth/system/gd/hci/le_scanning_reassembler.cc:64 ProcessAdvertisingReport: Dropping repeated legacy advertising data
06-03 11:02:39.120 D/audioserver( 528): logFgsApiEnd: FGS Logger Transaction failed, -129
06-03 11:02:39.127 D/bluetooth( 2483): packages/modules/Bluetooth/system/gd/hci/le_scanning_reassembler.cc:64 ProcessAdvertisingReport: Dropping repeated legacy advertising data
06-03 11:02:39.130 D/bluetooth( 2483): packages/modules/Bluetooth/system/gd/hci/le_scanning_reassembler.cc:64 ProcessAdvertisingReport: Dropping repeated legacy advertising data
06-03 11:02:39.139 D/bluetooth( 2483): packages/modules/Bluetooth/system/gd/hci/le_scanning_reassembler.cc:64 ProcessAdvertisingReport: Dropping repeated legacy advertising data
06-03 11:02:39.139 D/bluetooth( 2483): packages/modules/Bluetooth/system/gd/hci/le_scanning_reassembler.cc:64 ProcessAdvertisingReport: Dropping repeated legacy advertising data
06-03 11:02:39.141 D/bluetooth( 2483): packages/modules/Bluetooth/system/gd/hci/le_scanning_reassembler.cc:64 ProcessAdvertisingReport: Dropping repeated legacy advertising data
06-03 11:02:39.144 D/bluetooth( 2483): packages/modules/Bluetooth/system/gd/hci/le_scanning_reassembler.cc:64 ProcessAdvertisingReport: Dropping repeated legacy advertising data
06-03 11:02:39.156 D/bluetooth( 2483): packages/modules/Bluetooth/system/gd/hci/le_scanning_reassembler.cc:64 ProcessAdvertisingReport: Dropping repeated legacy advertising data
06-03 11:02:39.159 D/bluetooth( 2483): packages/modules/Bluetooth/system/gd/hci/le_scanning_reassembler.cc:64 ProcessAdvertisingReport: Dropping repeated legacy advertising data
06-03 11:02:39.163 D/bluetooth( 2483): packages/modules/Bluetooth/system/gd/hci/le_scanning_reassembler.cc:64 ProcessAdvertisingReport: Dropping repeated legacy advertising data
06-03 11:02:39.167 D/bluetooth( 2483): packages/modules/Bluetooth/system/gd/hci/le_scanning_reassembler.cc:64 ProcessAdvertisingReport: Dropping repeated legacy advertising data
06-03 11:02:39.171 D/bluetooth( 2483): packages/modules/Bluetooth/system/gd/hci/le_scanning_reassembler.cc:64 ProcessAdvertisingReport: Dropping repeated legacy advertising data
06-03 11:02:39.178 D/bluetooth( 2483): packages/modules/Bluetooth/system/gd/hci/le_scanning_reassembler.cc:64 ProcessAdvertisingReport: Dropping repeated legacy advertising data
06-03 11:02:39.182 D/bluetooth( 2483): packages/modules/Bluetooth/system/gd/hci/le_scanning_reassembler.cc:64 ProcessAdvertisingReport: Dropping repeated legacy advertising data
06-03 11:02:39.189 D/bluetooth( 2483): packages/modules/Bluetooth/system/gd/hci/le_scanning_reassembler.cc:64 ProcessAdvertisingReport: Dropping repeated legacy advertising data
06-03 11:02:39.190 D/bluetooth( 2483): packages/modules/Bluetooth/system/gd/hci/le_scanning_reassembler.cc:64 ProcessAdvertisingReport: Dropping repeated legacy advertising data
06-03 11:02:39.195 D/bluetooth( 2483): packages/modules/Bluetooth/system/gd/hci/le_scanning_reassembler.cc:64 ProcessAdvertisingReport: Dropping repeated legacy advertising data
06-03 11:02:39.208 D/bluetooth( 2483): packages/modules/Bluetooth/system/gd/hci/le_scanning_reassembler.cc:64 ProcessAdvertisingReport: Dropping repeated legacy advertising data
06-03 11:02:39.211 D/bluetooth( 2483): packages/modules/Bluetooth/system/gd/hci/le_scanning_reassembler.cc:64 ProcessAdvertisingReport: Dropping repeated legacy advertising data
06-03 11:02:39.223 D/bluetooth( 2483): packages/modules/Bluetooth/system/gd/hci/le_scanning_reassembler.cc:64 ProcessAdvertisingReport: Dropping repeated legacy advertising data
06-03 11:02:39.227 D/bluetooth( 2483): packages/modules/Bluetooth/system/gd/hci/le_scanning_reassembler.cc:64 ProcessAdvertisingReport: Dropping repeated legacy advertising data
06-03 11:02:39.228 D/bluetooth( 2483): packages/modules/Bluetooth/system/gd/hci/le_scanning_reassembler.cc:64 ProcessAdvertisingReport: Dropping repeated legacy advertising data
06-03 11:02:39.233 D/bluetooth( 2483): packages/modules/Bluetooth/system/gd/hci/le_scanning_reassembler.cc:64 ProcessAdvertisingReport: Dropping repeated legacy advertising data
06-03 11:02:39.238 D/bluetooth( 2483): packages/modules/Bluetooth/system/stack/arbiter/acl_arbiter.cc:96 InterceptAttPacket: Intercepting ATT packet and forwarding to Rust
06-03 11:02:39.238 D/bluetooth( 2483): packages/modules/Bluetooth/system/stack/gatt/gatt_attr.cc:579 gatt_cl_op_cmpl_cback: Not interested in opcode 6
06-03 11:02:39.238 I/bt_btif ( 2483): packages/modules/Bluetooth/system/main/bte_logmsg.cc:115 LogMsg: bta_hh_gattc_callback event:BTA_GATTC_NOTIF_EVT
06-03 11:02:39.238 I/bt_btif ( 2483): packages/modules/Bluetooth/system/main/bte_logmsg.cc:115 LogMsg: Notification received on report ID: 1
06-03 11:02:39.238 I/bt_btif ( 2483): packages/modules/Bluetooth/system/main/bte_logmsg.cc:115 LogMsg: bta_hh_co_data: dev_handle = 16, subclass = 0x00, mode = 0, ctry_code = 0, app_id = 255
06-03 11:02:39.238 I/bt_btif ( 2483): packages/modules/Bluetooth/system/main/bte_logmsg.cc:115 LogMsg: bta_hh_co_write: UHID write 9
06-03 11:02:39.238 D/XM_HIDREAD( 1921): poll ret=1, event=1
06-03 11:02:39.238 D/XM_HIDREAD( 1921): [9 bytes]:01 00 00 4F 00 00 00 00 00
06-03 11:02:39.238 D/bluetooth( 2483): packages/modules/Bluetooth/system/gd/hci/le_scanning_reassembler.cc:64 ProcessAdvertisingReport: Dropping repeated legacy advertising data
06-03 11:02:39.243 D/bluetooth( 2483): packages/modules/Bluetooth/system/gd/hci/le_scanning_reassembler.cc:64 ProcessAdvertisingReport: Dropping repeated legacy advertising data
06-03 11:02:39.254 I/audio_hw_hal_primary( 482): [register_audio_patch:8215] Patch 3:id:3 mix(io:13)->dev_0[OUT_HDMI(id:22)] found, register the same patch, do nothing.
06-03 11:02:39.255 I/audio_hw_hal_primary( 482): [adev_create_audio_patch:8316] Patch 3: MIX->DEVICE, num_src:1 num_sink:1 patch_src:INVAL
06-03 11:02:39.255 I/audio_hw_hal_primary( 482): [adev_create_audio_patch:8320] sink[0]: OUT_HDMI(id:22)
06-03 11:02:39.255 I/audio_hw_hal_primary( 482): [adev_create_audio_patch:8377] Patch 3: mix(io:13) -> dev[OUT_HDMI(id:22)]
06-03 11:02:39.255 D/UEventObserver( 1046): change@/devices/platform/auge_sound/sound/card0/controlC0ACTION=changeDEVPATH=/devices/platform/auge_sound/sound/card0/controlC0SUBSYSTEM=soundAUDIO_FORMAT=0MAJOR=116MINOR=13DEVNAME=snd/controlC0SEQNUM=3535
06-03 11:02:39.255 I/audio_hw_hal_primary( 482): [adev_create_audio_patch:8445] dev=0xe6303dc0 cur_out_device=0x400
06-03 11:02:39.262 D/audioserver( 528): logFgsApiBegin: FGS Logger Transaction failed, -129
06-03 11:02:39.262 D/bluetooth( 2483): packages/modules/Bluetooth/system/gd/hci/le_scanning_reassembler.cc:64 ProcessAdvertisingReport: Dropping repeated legacy advertising data
06-03 11:02:39.265 I/SogouIME( 1436): onKeyDown: keyoCode=22
06-03 11:02:39.265 I/DefaultIMS( 1436): onKeyDown: keyoCode=22
06-03 11:02:39.265 E/SecondScreen( 1467): FirstScreenLayoutView dispatchKeyEvent 22
06-03 11:02:39.266 D/bluetooth( 2483): packages/modules/Bluetooth/system/gd/hci/le_scanning_reassembler.cc:64 ProcessAdvertisingReport: Dropping repeated legacy advertising data
06-03 11:02:39.272 D/bluetooth( 2483): packages/modules/Bluetooth/system/gd/hci/le_scanning_reassembler.cc:64 ProcessAdvertisingReport: Dropping repeated legacy advertising data
06-03 11:02:39.275 D/bluetooth( 2483): packages/modules/Bluetooth/system/gd/hci/le_scanning_reassembler.cc:64 ProcessAdvertisingReport: Dropping repeated legacy advertising data
06-03 11:02:39.290 I/audio_hw_hal_primary( 482): [register_audio_patch:8215] Patch 3:id:3 mix(io:13)->dev_0[OUT_HDMI(id:22)] found, register the same patch, do nothing.
06-03 11:02:39.290 I/audio_hw_hal_primary( 482): [adev_create_audio_patch:8316] Patch 3: MIX->DEVICE, num_src:1 num_sink:1 patch_src:INVAL
06-03 11:02:39.290 I/audio_hw_hal_primary( 482): [adev_create_audio_patch:8320] sink[0]: OUT_HDMI(id:22)
06-03 11:02:39.290 I/audio_hw_hal_primary( 482): [adev_create_audio_patch:8377] Patch 3: mix(io:13) -> dev[OUT_HDMI(id:22)]
06-03 11:02:39.290 D/UEventObserver( 1046): change@/devices/platform/auge_sound/sound/card0/controlC0ACTION=changeDEVPATH=/devices/platform/auge_sound/sound/card0/controlC0SUBSYSTEM=soundAUDIO_FORMAT=0MAJOR=116MINOR=13DEVNAME=snd/controlC0SEQNUM=3536
06-03 11:02:39.290 I/audio_hw_hal_primary( 482): [adev_create_audio_patch:8445] dev=0xe6303dc0 cur_out_device=0x400
06-03 11:02:39.291 D/audioserver( 528): logFgsApiEnd: FGS Logger Transaction failed, -129
06-03 11:02:39.291 D/audioserver( 528): logFgsApiBegin: FGS Logger Transaction failed, -129
06-03 11:02:39.293 I/audio_hw_hal_primary( 482): out_update_source_metadata_v7() line 2013 usage:1 content_type:2
06-03 11:02:39.295 D/bluetooth( 2483): packages/modules/Bluetooth/system/gd/hci/le_scanning_reassembler.cc:64 ProcessAdvertisingReport: Dropping repeated legacy advertising data
06-03 11:02:39.298 D/bluetooth( 2483): packages/modules/Bluetooth/system/gd/hci/le_scanning_reassembler.cc:64 ProcessAdvertisingReport: Dropping repeated legacy advertising data
06-03 11:02:39.299 D/bluetooth( 2483): packages/modules/Bluetooth/system/gd/hci/le_scanning_reassembler.cc:64 ProcessAdvertisingReport: Dropping repeated legacy advertising data
06-03 11:02:39.301 D/audioserver( 528): logFgsApiBegin: FGS Logger Transaction failed, -129
06-03 11:02:39.306 D/bluetooth( 2483): packages/modules/Bluetooth/system/gd/hci/le_scanning_reassembler.cc:64 ProcessAdvertisingReport: Dropping repeated legacy advertising data
06-03 11:02:39.325 D/bluetooth( 2483): packages/modules/Bluetooth/system/gd/hci/le_scanning_reassembler.cc:64 ProcessAdvertisingReport: Dropping repeated legacy advertising data
06-03 11:02:39.330 D/bluetooth( 2483): packages/modules/Bluetooth/system/gd/hci/le_scanning_reassembler.cc:64 ProcessAdvertisingReport: Dropping repeated legacy advertising data
06-03 11:02:39.333 I/audio_hw_hal_primary( 482): out_update_source_metadata_v7() line 2013 usage:1 content_type:2
06-03 11:02:39.333 D/bluetooth( 2483): packages/modules/Bluetooth/system/gd/hci/le_scanning_reassembler.cc:64 ProcessAdvertisingReport: Dropping repeated legacy advertising data
06-03 11:02:39.345 D/bluetooth( 2483): packages/modules/Bluetooth/system/gd/hci/le_scanning_reassembler.cc:64 ProcessAdvertisingReport: Dropping repeated legacy advertising data
06-03 11:02:39.353 D/bluetooth( 2483): packages/modules/Bluetooth/system/gd/hci/le_scanning_reassembler.cc:64 ProcessAdvertisingReport: Dropping repeated legacy advertising data
06-03 11:02:39.361 D/bluetooth( 2483): packages/modules/Bluetooth/system/stack/arbiter/acl_arbiter.cc:96 InterceptAttPacket: Intercepting ATT packet and forwarding to Rust
06-03 11:02:39.361 D/bluetooth( 2483): packages/modules/Bluetooth/system/stack/gatt/gatt_attr.cc:579 gatt_cl_op_cmpl_cback: Not interested in opcode 6
06-03 11:02:39.361 I/bt_btif ( 2483): packages/modules/Bluetooth/system/main/bte_logmsg.cc:115 LogMsg: bta_hh_gattc_callback event:BTA_GATTC_NOTIF_EVT
06-03 11:02:39.362 I/bt_btif ( 2483): packages/modules/Bluetooth/system/main/bte_logmsg.cc:115 LogMsg: Notification received on report ID: 1
06-03 11:02:39.362 I/bt_btif ( 2483): packages/modules/Bluetooth/system/main/bte_logmsg.cc:115 LogMsg: bta_hh_co_data: dev_handle = 16, subclass = 0x00, mode = 0, ctry_code = 0, app_id = 255
06-03 11:02:39.362 I/bt_btif ( 2483): packages/modules/Bluetooth/system/main/bte_logmsg.cc:115 LogMsg: bta_hh_co_write: UHID write 9
06-03 11:02:39.362 D/XM_HIDREAD( 1921): poll ret=1, event=1
06-03 11:02:39.362 D/XM_HIDREAD( 1921): [9 bytes]:01 00 00 00 00 00 00 00 00
06-03 11:02:39.363 D/bluetooth( 2483): packages/modules/Bluetooth/system/gd/hci/le_scanning_reassembler.cc:64 ProcessAdvertisingReport: Dropping repeated legacy advertising data
06-03 11:02:39.365 I/SogouIME( 1436): onKeyUp: keyoCode=22
06-03 11:02:39.365 I/DefaultIMS( 1436): onKeyUp: keyoCode=22
06-03 11:02:39.366 E/SecondScreen( 1467): FirstScreenLayoutView dispatchKeyEvent 22
06-03 11:02:39.368 D/bluetooth( 2483): packages/modules/Bluetooth/system/gd/hci/le_scanning_reassembler.cc:64 ProcessAdvertisingReport: Dropping repeated legacy advertising data
06-03 11:02:39.369 D/bluetooth( 2483): packages/modules/Bluetooth/system/gd/hci/le_scanning_reassembler.cc:64 ProcessAdvertisingReport: Dropping repeated legacy advertising data
06-03 11:02:39.373 D/bluetooth( 2483): packages/modules/Bluetooth/system/gd/hci/le_scanning_reassembler.cc:64 ProcessAdvertisingReport: Dropping repeated legacy advertising data
06-03 11:02:39.375 D/bluetooth( 2483): packages/modules/Bluetooth/system/gd/hci/le_scanning_reassembler.cc:64 ProcessAdvertisingReport: Dropping repeated legacy advertising data
06-03 11:02:39.388 D/bluetooth( 2483): packages/modules/Bluetooth/system/gd/hci/le_scanning_reassembler.cc:64 ProcessAdvertisingReport: Dropping repeated legacy advertising data
06-03 11:02:39.399 D/bluetooth( 2483): packages/modules/Bluetooth/system/gd/hci/le_scanning_reassembler.cc:64 ProcessAdvertisingReport: Dropping repeated legacy advertising data
06-03 11:02:39.402 D/bluetooth( 2483): packages/modules/Bluetooth/system/gd/hci/le_scanning_reassembler.cc:64 ProcessAdvertisingReport: Dropping repeated legacy advertising data
06-03 11:02:39.422 D/bluetooth( 2483): packages/modules/Bluetooth/system/gd/hci/le_scanning_reassembler.cc:64 ProcessAdvertisingReport: Dropping repeated legacy advertising data
06-03 11:02:39.425 D/bluetooth( 2483): packages/modules/Bluetooth/system/gd/hci/le_scanning_reassembler.cc:64 ProcessAdvertisingReport: Dropping repeated legacy advertising data
06-03 11:02:39.432 D/bluetooth( 2483): packages/modules/Bluetooth/system/gd/hci/le_scanning_reassembler.cc:64 ProcessAdvertisingReport: Dropping repeated legacy advertising data
06-03 11:02:39.435 I/WifiHAL ( 512): call wifi_get_link_stats handler
06-03 11:02:39.436 I/WifiHAL ( 512): Creating message to get link statistics; iface = 16
06-03 11:02:39.436 D/WifiHAL ( 512): error code -95 mapped to -3
06-03 11:02:39.436 E/WifiStaIfaceAidlImpl( 719): getLinkLayerStats failed with service-specific exception: android.os.ServiceSpecificException: (code 4)
06-03 11:02:39.439 D/AvrcpBrowsablePlayerConnector( 2483): Received a message: msg.what=2
06-03 11:02:39.439 V/AvrcpBrowsablePlayerConnector( 2483): Timed out waiting for players
06-03 11:02:39.439 I/AvrcpBrowsablePlayerConnector( 2483): Successfully connected to 0 browsable players.
06-03 11:02:39.439 I/MediaPlayerList( 2483): init: Browsable Player list size is 0
06-03 11:02:39.441 D/bluetooth( 2483): packages/modules/Bluetooth/system/gd/hci/le_scanning_reassembler.cc:64 ProcessAdvertisingReport: Dropping repeated legacy advertising data
06-03 11:02:39.443 D/bluetooth( 2483): packages/modules/Bluetooth/system/gd/hci/le_scanning_reassembler.cc:64 ProcessAdvertisingReport: Dropping repeated legacy advertising data
06-03 11:02:39.446 D/bluetooth( 2483): packages/modules/Bluetooth/system/gd/hci/le_scanning_reassembler.cc:64 ProcessAdvertisingReport: Dropping repeated legacy advertising data
06-03 11:02:39.447 D/bluetooth( 2483): packages/modules/Bluetooth/system/gd/hci/le_scanning_reassembler.cc:64 ProcessAdvertisingReport: Dropping repeated legacy advertising data
06-03 11:02:39.451 D/bluetooth( 2483): packages/modules/Bluetooth/system/stack/arbiter/acl_arbiter.cc:96 InterceptAttPacket: Intercepting ATT packet and forwarding to Rust
06-03 11:02:39.451 D/bluetooth( 2483): packages/modules/Bluetooth/system/stack/gatt/gatt_attr.cc:579 gatt_cl_op_cmpl_cback: Not interested in opcode 6
06-03 11:02:39.451 I/bt_btif ( 2483): packages/modules/Bluetooth/system/main/bte_logmsg.cc:115 LogMsg: bta_hh_gattc_callback event:BTA_GATTC_NOTIF_EVT
06-03 11:02:39.452 I/bt_btif ( 2483): packages/modules/Bluetooth/system/main/bte_logmsg.cc:115 LogMsg: Notification received on report ID: 1
06-03 11:02:39.452 I/bt_btif ( 2483): packages/modules/Bluetooth/system/main/bte_logmsg.cc:115 LogMsg: bta_hh_co_data: dev_handle = 16, subclass = 0x00, mode = 0, ctry_code = 0, app_id = 255
06-03 11:02:39.452 I/bt_btif ( 2483): packages/modules/Bluetooth/system/main/bte_logmsg.cc:115 LogMsg: bta_hh_co_write: UHID write 9
06-03 11:02:39.452 D/XM_HIDREAD( 1921): poll ret=1, event=1
06-03 11:02:39.452 D/XM_HIDREAD( 1921): [9 bytes]:01 00 00 4F 00 00 00 00 00
06-03 11:02:39.454 D/bluetooth( 2483): packages/modules/Bluetooth/system/gd/hci/le_scanning_reassembler.cc:64 ProcessAdvertisingReport: Dropping repeated legacy advertising data
06-03 11:02:39.454 I/SogouIME( 1436): onKeyDown: keyoCode=22
06-03 11:02:39.455 I/DefaultIMS( 1436): onKeyDown: keyoCode=22
06-03 11:02:39.455 E/SecondScreen( 1467): FirstScreenLayoutView dispatchKeyEvent 22
06-03 11:02:39.458 D/bluetooth( 2483): packages/modules/Bluetooth/system/gd/hci/le_scanning_reassembler.cc:64 ProcessAdvertisingReport: Dropping repeated legacy advertising data
06-03 11:02:39.459 D/bluetooth( 2483): packages/modules/Bluetooth/system/gd/hci/le_scanning_reassembler.cc:64 ProcessAdvertisingReport: Dropping repeated legacy advertising data
06-03 11:02:39.466 D/bluetooth( 2483): packages/modules/Bluetooth/system/gd/hci/le_scanning_reassembler.cc:64 ProcessAdvertisingReport: Dropping repeated legacy advertising data
06-03 11:02:39.471 D/bluetooth( 2483): packages/modules/Bluetooth/system/gd/hci/le_scanning_reassembler.cc:64 ProcessAdvertisingReport: Dropping repeated legacy advertising data
06-03 11:02:39.477 D/bluetooth( 2483): packages/modules/Bluetooth/system/gd/hci/le_scanning_reassembler.cc:64 ProcessAdvertisingReport: Dropping repeated legacy advertising data
06-03 11:02:39.489 D/bluetooth( 2483): packages/modules/Bluetooth/system/gd/hci/le_scanning_reassembler.cc:64 ProcessAdvertisingReport: Dropping repeated legacy advertising data
06-03 11:02:39.499 D/bluetooth( 2483): packages/modules/Bluetooth/system/gd/hci/le_scanning_reassembler.cc:64 ProcessAdvertisingReport: Dropping repeated legacy advertising data
06-03 11:02:39.502 D/bluetooth( 2483): packages/modules/Bluetooth/system/gd/hci/le_scanning_reassembler.cc:64 ProcessAdvertisingReport: Dropping repeated legacy advertising data
06-03 11:02:39.504 D/bluetooth( 2483): packages/modules/Bluetooth/system/gd/hci/le_scanning_reassembler.cc:64 ProcessAdvertisingReport: Dropping repeated legacy advertising data
06-03 11:02:39.509 D/bluetooth( 2483): packages/modules/Bluetooth/system/gd/hci/le_scanning_reassembler.cc:64 ProcessAdvertisingReport: Dropping repeated legacy advertising data
06-03 11:02:39.514 D/bluetooth( 2483): packages/modules/Bluetooth/system/gd/hci/le_scanning_reassembler.cc:64 ProcessAdvertisingReport: Dropping repeated legacy advertising data
06-03 11:02:39.526 D/bluetooth( 2483): packages/modules/Bluetooth/system/gd/hci/le_scanning_reassembler.cc:64 ProcessAdvertisingReport: Dropping repeated legacy advertising data
06-03 11:02:39.530 D/bluetooth( 2483): packages/modules/Bluetooth/system/gd/hci/le_scanning_reassembler.cc:64 ProcessAdvertisingReport: Dropping repeated legacy advertising data
06-03 11:02:39.536 D/bluetooth( 2483): packages/modules/Bluetooth/system/gd/hci/le_scanning_reassembler.cc:64 ProcessAdvertisingReport: Dropping repeated legacy advertising data
06-03 11:02:39.536 D/bluetooth( 2483): packages/modules/Bluetooth/system/gd/hci/le_scanning_reassembler.cc:64 ProcessAdvertisingReport: Dropping repeated legacy advertising data
06-03 11:02:39.538 D/bluetooth( 2483): packages/modules/Bluetooth/system/gd/hci/le_scanning_reassembler.cc:64 ProcessAdvertisingReport: Dropping repeated legacy advertising data
06-03 11:02:39.545 D/bluetooth( 2483): packages/modules/Bluetooth/system/gd/hci/le_scanning_reassembler.cc:64 ProcessAdvertisingReport: Dropping repeated legacy advertising data
06-03 11:02:39.547 D/bluetooth( 2483): packages/modules/Bluetooth/system/gd/hci/le_scanning_reassembler.cc:64 ProcessAdvertisingReport: Dropping repeated legacy advertising data
06-03 11:02:39.553 D/ActivityManager( 719): freezing 1438 com.android.music
06-03 11:02:39.553 D/bluetooth( 2483): packages/modules/Bluetooth/system/stack/arbiter/acl_arbiter.cc:96 InterceptAttPacket: Intercepting ATT packet and forwarding to Rust
06-03 11:02:39.553 D/bluetooth( 2483): packages/modules/Bluetooth/system/stack/gatt/gatt_attr.cc:579 gatt_cl_op_cmpl_cback: Not interested in opcode 6
06-03 11:02:39.553 I/bt_btif ( 2483): packages/modules/Bluetooth/system/main/bte_logmsg.cc:115 LogMsg: bta_hh_gattc_callback event:BTA_GATTC_NOTIF_EVT
06-03 11:02:39.553 I/bt_btif ( 2483): packages/modules/Bluetooth/system/main/bte_logmsg.cc:115 LogMsg: Notification received on report ID: 1
06-03 11:02:39.553 I/bt_btif ( 2483): packages/modules/Bluetooth/system/main/bte_logmsg.cc:115 LogMsg: bta_hh_co_data: dev_handle = 16, subclass = 0x00, mode = 0, ctry_code = 0, app_id = 255
06-03 11:02:39.553 I/bt_btif ( 2483): packages/modules/Bluetooth/system/main/bte_logmsg.cc:115 LogMsg: bta_hh_co_write: UHID write 9
06-03 11:02:39.553 D/XM_HIDREAD( 1921): poll ret=1, event=1
06-03 11:02:39.553 D/XM_HIDREAD( 1921): [9 bytes]:01 00 00 00 00 00 00 00 00
06-03 11:02:39.556 I/SogouIME( 1436): onKeyUp: keyoCode=22
06-03 11:02:39.556 I/DefaultIMS( 1436): onKeyUp: keyoCode=22
06-03 11:02:39.557 E/SecondScreen( 1467): FirstScreenLayoutView dispatchKeyEvent 22
06-03 11:02:39.558 D/BtGatt.ScanManager( 2483): scanMode upgrade is reverted for [ScanClient scanModeApp 0 scanModeUsed 0 [appScanStats android.uid.system:1000]]
06-03 11:02:39.558 D/BtGatt.ScanManager( 2483): configureRegularScanParams() - queue=1
06-03 11:02:39.562 I/bt_stack( 2483): [INFO:le_scanning_manager.cc(168)] Scan in shim layer stopped
06-03 11:02:39.562 I/bluetooth( 2483): packages/modules/Bluetooth/system/gd/hci/le_address_manager.cc:193 unregister_client: Client unregistered
06-03 11:02:39.562 D/BtGatt.ScanManager( 2483): Start gattClientScanNative with old scanMode 1 new scanMode 0 ( in MS: 1400 / 140, in scan unit: 2240 / 224 ) [ScanClient scanModeApp 0 scanModeUsed 0 [appScanStats android.uid.system:1000]]
06-03 11:02:39.562 I/bt_stack( 2483): [INFO:le_scanning_manager.cc(346)] SetScanParameters in shim layer
06-03 11:02:39.562 I/bt_stack( 2483): [INFO:le_scanning_manager.cc(168)] Scan in shim layer started
06-03 11:02:39.563 I/bluetooth( 2483): packages/modules/Bluetooth/system/gd/hci/le_scanning_manager.cc:588 stop_scan: Scanning already stopped, return!
06-03 11:02:39.563 D/BtGatt.GattService( 2483): onScanParamSetupCompleted : 0
06-03 11:02:39.563 I/bluetooth( 2483): packages/modules/Bluetooth/system/gd/hci/le_address_manager.cc:178 register_client: Client registered
06-03 11:02:39.564 D/bluetooth( 2483): packages/modules/Bluetooth/system/gd/hci/le_scanning_reassembler.cc:64 ProcessAdvertisingReport: Dropping repeated legacy advertising data
06-03 11:02:39.588 I/audio_hw_hal_primary( 482): [audiohal_get_latency:1333] io 13: out:0xe49c5650 frames:1152 rate:48000 whole_latency:24 alsa_latency:24
06-03 11:02:39.591 D/bluetooth( 2483): packages/modules/Bluetooth/system/gd/hci/le_scanning_reassembler.cc:64 ProcessAdvertisingReport: Dropping repeated legacy advertising data
06-03 11:02:39.592 D/bluetooth( 2483): packages/modules/Bluetooth/system/gd/hci/le_scanning_reassembler.cc:64 ProcessAdvertisingReport: Dropping repeated legacy advertising data
06-03 11:02:39.594 D/bluetooth( 2483): packages/modules/Bluetooth/system/gd/hci/le_scanning_reassembler.cc:64 ProcessAdvertisingReport: Dropping repeated legacy advertising data
06-03 11:02:39.595 D/bluetooth( 2483): packages/modules/Bluetooth/system/gd/hci/le_scanning_reassembler.cc:64 ProcessAdvertisingReport: Dropping repeated legacy advertising data
06-03 11:02:39.603 D/bluetooth( 2483): packages/modules/Bluetooth/system/gd/hci/le_scanning_reassembler.cc:64 ProcessAdvertisingReport: Dropping repeated legacy advertising data
06-03 11:02:39.604 D/bluetooth( 2483): packages/modules/Bluetooth/system/gd/hci/le_scanning_reassembler.cc:64 ProcessAdvertisingReport: Dropping repeated legacy advertising data
06-03 11:02:39.630 I/audio_hw_hal_primary( 482): [audiohal_get_latency:1333] io 13: out:0xe49c5650 frames:1152 rate:48000 whole_latency:24 alsa_latency:24
06-03 11:02:39.630 I/audio_hw_hal_primary( 482): [audiohal_get_latency:1333] io 13: out:0xe49c5650 frames:1152 rate:48000 whole_latency:24 alsa_latency:24
06-03 11:02:39.632 D/bluetooth( 2483): packages/modules/Bluetooth/system/gd/hci/le_scanning_reassembler.cc:64 ProcessAdvertisingReport: Dropping repeated legacy advertising data
06-03 11:02:39.637 D/bluetooth( 2483): packages/modules/Bluetooth/system/gd/hci/le_scanning_reassembler.cc:64 ProcessAdvertisingReport: Dropping repeated legacy advertising data
06-03 11:02:39.652 I/audio_hw_hal_primary( 482): [audiohal_get_latency:1333] io 13: out:0xe49c5650 frames:1152 rate:48000 whole_latency:24 alsa_latency:24
06-03 11:02:39.652 I/audio_hw_hal_primary( 482): [audiohal_get_latency:1333] io 13: out:0xe49c5650 frames:1152 rate:48000 whole_latency:24 alsa_latency:24
06-03 11:02:39.666 D/bluetooth( 2483): packages/modules/Bluetooth/system/gd/hci/le_scanning_reassembler.cc:64 ProcessAdvertisingReport: Dropping repeated legacy advertising data
06-03 11:02:39.668 D/bluetooth( 2483): packages/modules/Bluetooth/system/gd/hci/le_scanning_reassembler.cc:64 ProcessAdvertisingReport: Dropping repeated legacy advertising data
06-03 11:02:39.670 D/bluetooth( 2483): packages/modules/Bluetooth/system/gd/hci/le_scanning_reassembler.cc:64 ProcessAdvertisingReport: Dropping repeated legacy advertising data
06-03 11:02:39.673 I/audio_hw_hal_primary( 482): [audiohal_get_latency:1333] io 13: out:0xe49c5650 frames:1152 rate:48000 whole_latency:24 alsa_latency:24
06-03 11:02:39.673 I/audio_hw_hal_primary( 482): [audiohal_get_latency:1333] io 13: out:0xe49c5650 frames:1152 rate:48000 whole_latency:24 alsa_latency:24
06-03 11:02:39.676 D/bluetooth( 2483): packages/modules/Bluetooth/system/stack/arbiter/acl_arbiter.cc:96 InterceptAttPacket: Intercepting ATT packet and forwarding to Rust
06-03 11:02:39.676 D/bluetooth( 2483): packages/modules/Bluetooth/system/stack/gatt/gatt_attr.cc:579 gatt_cl_op_cmpl_cback: Not interested in opcode 6
06-03 11:02:39.676 I/bt_btif ( 2483): packages/modules/Bluetooth/system/main/bte_logmsg.cc:115 LogMsg: bta_hh_gattc_callback event:BTA_GATTC_NOTIF_EVT
06-03 11:02:39.676 I/bt_btif ( 2483): packages/modules/Bluetooth/system/main/bte_logmsg.cc:115 LogMsg: Notification received on report ID: 1
06-03 11:02:39.676 I/bt_btif ( 2483): packages/modules/Bluetooth/system/main/bte_logmsg.cc:115 LogMsg: bta_hh_co_data: dev_handle = 16, subclass = 0x00, mode = 0, ctry_code = 0, app_id = 255
06-03 11:02:39.677 I/bt_btif ( 2483): packages/modules/Bluetooth/system/main/bte_logmsg.cc:115 LogMsg: bta_hh_co_write: UHID write 9
06-03 11:02:39.677 D/XM_HIDREAD( 1921): poll ret=1, event=1
06-03 11:02:39.677 D/XM_HIDREAD( 1921): [9 bytes]:01 00 00 4F 00 00 00 00 00
06-03 11:02:39.678 D/bluetooth( 2483): packages/modules/Bluetooth/system/gd/hci/le_scanning_reassembler.cc:64 ProcessAdvertisingReport: Dropping repeated legacy advertising data
06-03 11:02:39.681 D/bluetooth( 2483): packages/modules/Bluetooth/system/gd/hci/le_scanning_reassembler.cc:64 ProcessAdvertisingReport: Dropping repeated legacy advertising data
06-03 11:02:39.681 I/audio_hw_hal_primary( 482): [audiohal_get_latency:1333] io 13: out:0xe49c5650 frames:1024 rate:48000 whole_latency:21 alsa_latency:21
06-03 11:02:39.683 I/SogouIME( 1436): onKeyDown: keyoCode=22
06-03 11:02:39.683 I/DefaultIMS( 1436): onKeyDown: keyoCode=22
06-03 11:02:39.684 E/SecondScreen( 1467): FirstScreenLayoutView dispatchKeyEvent 22
06-03 11:02:39.699 D/bluetooth( 2483): packages/modules/Bluetooth/system/gd/hci/le_scanning_reassembler.cc:64 ProcessAdvertisingReport: Dropping repeated legacy advertising data
06-03 11:02:39.703 D/bluetooth( 2483): packages/modules/Bluetooth/system/gd/hci/le_scanning_reassembler.cc:64 ProcessAdvertisingReport: Dropping repeated legacy advertising data
06-03 11:02:39.704 D/bluetooth( 2483): packages/modules/Bluetooth/system/gd/hci/le_scanning_reassembler.cc:64 ProcessAdvertisingReport: Dropping repeated legacy advertising data
06-03 11:02:39.706 D/bluetooth( 2483): packages/modules/Bluetooth/system/gd/hci/le_scanning_reassembler.cc:64 ProcessAdvertisingReport: Dropping repeated legacy advertising data
06-03 11:02:39.722 D/bluetooth( 2483): packages/modules/Bluetooth/system/gd/hci/le_scanning_reassembler.cc:64 ProcessAdvertisingReport: Dropping repeated legacy advertising data
06-03 11:02:39.725 D/bluetooth( 2483): packages/modules/Bluetooth/system/gd/hci/le_scanning_reassembler.cc:64 ProcessAdvertisingReport: Dropping repeated legacy advertising data
06-03 11:02:39.734 D/bluetooth( 2483): packages/modules/Bluetooth/system/gd/hci/le_scanning_reassembler.cc:64 ProcessAdvertisingReport: Dropping repeated legacy advertising data
06-03 11:02:39.736 D/bluetooth( 2483): packages/modules/Bluetooth/system/gd/hci/le_scanning_reassembler.cc:64 ProcessAdvertisingReport: Dropping repeated legacy advertising data
06-03 11:02:39.750 D/bluetooth( 2483): packages/modules/Bluetooth/system/gd/hci/le_scanning_reassembler.cc:64 ProcessAdvertisingReport: Dropping repeated legacy advertising data
06-03 11:02:39.769 D/bluetooth( 2483): packages/modules/Bluetooth/system/gd/hci/le_scanning_reassembler.cc:64 ProcessAdvertisingReport: Dropping repeated legacy advertising data
06-03 11:02:39.772 D/bluetooth( 2483): packages/modules/Bluetooth/system/gd/hci/le_scanning_reassembler.cc:64 ProcessAdvertisingReport: Dropping repeated legacy advertising data
06-03 11:02:39.773 D/bluetooth( 2483): packages/modules/Bluetooth/system/gd/hci/le_scanning_reassembler.cc:64 ProcessAdvertisingReport: Dropping repeated legacy advertising data
06-03 11:02:39.778 D/bluetooth( 2483): packages/modules/Bluetooth/system/stack/arbiter/acl_arbiter.cc:96 InterceptAttPacket: Intercepting ATT packet and forwarding to Rust
06-03 11:02:39.778 D/bluetooth( 2483): packages/modules/Bluetooth/system/stack/gatt/gatt_attr.cc:579 gatt_cl_op_cmpl_cback: Not interested in opcode 6
