05-31 18:43:20.660 I/bt_bte ( 2483): packages/modules/Bluetooth/system/btif/src/profile_log_levels.cc:142 load_levels_from_config: Enable logging for TRC_AVCT because all debug logs are enabled
05-31 18:43:20.660 I/bt_bte ( 2483): packages/modules/Bluetooth/system/btif/src/profile_log_levels.cc:146 load_levels_from_config: BTE_InitTraceLevels -- TRC_AVCT : Level 6
05-31 18:43:20.660 I/bt_bte ( 2483): packages/modules/Bluetooth/system/btif/src/profile_log_levels.cc:142 load_levels_from_config: Enable logging for TRC_AVDT because all debug logs are enabled
05-31 18:43:20.660 I/bt_bte ( 2483): packages/modules/Bluetooth/system/btif/src/profile_log_levels.cc:146 load_levels_from_config: BTE_InitTraceLevels -- TRC_AVDT : Level 6
05-31 18:43:20.660 I/bt_bte ( 2483): packages/modules/Bluetooth/system/btif/src/profile_log_levels.cc:142 load_levels_from_config: Enable logging for TRC_AVRC because all debug logs are enabled
05-31 18:43:20.660 I/bt_bte ( 2483): packages/modules/Bluetooth/system/btif/src/profile_log_levels.cc:146 load_levels_from_config: BTE_InitTraceLevels -- TRC_AVRC : Level 6
05-31 18:43:20.660 I/bt_bte ( 2483): packages/modules/Bluetooth/system/btif/src/profile_log_levels.cc:142 load_levels_from_config: Enable logging for TRC_A2D because all debug logs are enabled
05-31 18:43:20.660 I/bt_bte ( 2483): packages/modules/Bluetooth/system/btif/src/profile_log_levels.cc:146 load_levels_from_config: BTE_InitTraceLevels -- TRC_A2D : Level 6
05-31 18:43:20.660 I/bt_bte ( 2483): packages/modules/Bluetooth/system/btif/src/profile_log_levels.cc:142 load_levels_from_config: Enable logging for TRC_BNEP because all debug logs are enabled
05-31 18:43:20.660 I/bt_bte ( 2483): packages/modules/Bluetooth/system/btif/src/profile_log_levels.cc:146 load_levels_from_config: BTE_InitTraceLevels -- TRC_BNEP : Level 6
05-31 18:43:20.661 I/bt_bte ( 2483): packages/modules/Bluetooth/system/btif/src/profile_log_levels.cc:142 load_levels_from_config: Enable logging for TRC_BTM because all debug logs are enabled
05-31 18:43:20.661 I/bt_bte ( 2483): packages/modules/Bluetooth/system/btif/src/profile_log_levels.cc:146 load_levels_from_config: BTE_InitTraceLevels -- TRC_BTM : Level 6
05-31 18:43:20.661 I/bt_bte ( 2483): packages/modules/Bluetooth/system/btif/src/profile_log_levels.cc:142 load_levels_from_config: Enable logging for TRC_HID_HOST because all debug logs are enabled
05-31 18:43:20.661 I/bt_bte ( 2483): packages/modules/Bluetooth/system/btif/src/profile_log_levels.cc:146 load_levels_from_config: BTE_InitTraceLevels -- TRC_HID_HOST : Level 6
05-31 18:43:20.661 I/bt_bte ( 2483): packages/modules/Bluetooth/system/btif/src/profile_log_levels.cc:142 load_levels_from_config: Enable logging for TRC_PAN because all debug logs are enabled
05-31 18:43:20.661 I/bt_bte ( 2483): packages/modules/Bluetooth/system/btif/src/profile_log_levels.cc:146 load_levels_from_config: BTE_InitTraceLevels -- TRC_PAN : Level 6
05-31 18:43:20.661 I/bt_bte ( 2483): packages/modules/Bluetooth/system/btif/src/profile_log_levels.cc:142 load_levels_from_config: Enable logging for TRC_SDP because all debug logs are enabled
05-31 18:43:20.661 I/bt_bte ( 2483): packages/modules/Bluetooth/system/btif/src/profile_log_levels.cc:146 load_levels_from_config: BTE_InitTraceLevels -- TRC_SDP : Level 6
05-31 18:43:20.661 I/bt_bte ( 2483): packages/modules/Bluetooth/system/btif/src/profile_log_levels.cc:142 load_levels_from_config: Enable logging for TRC_SMP because all debug logs are enabled
05-31 18:43:20.661 I/bt_bte ( 2483): packages/modules/Bluetooth/system/btif/src/profile_log_levels.cc:146 load_levels_from_config: BTE_InitTraceLevels -- TRC_SMP : Level 6
05-31 18:43:20.661 I/bt_bte ( 2483): packages/modules/Bluetooth/system/btif/src/profile_log_levels.cc:142 load_levels_from_config: Enable logging for TRC_HID_DEV because all debug logs are enabled
05-31 18:43:20.661 I/bt_bte ( 2483): packages/modules/Bluetooth/system/btif/src/profile_log_levels.cc:146 load_levels_from_config: BTE_InitTraceLevels -- TRC_HID_DEV : Level 6
05-31 18:43:20.661 I/bt_bte ( 2483): packages/modules/Bluetooth/system/btif/src/profile_log_levels.cc:142 load_levels_from_config: Enable logging for TRC_BTAPP because all debug logs are enabled
05-31 18:43:20.661 I/bt_bte ( 2483): packages/modules/Bluetooth/system/btif/src/profile_log_levels.cc:146 load_levels_from_config: BTE_InitTraceLevels -- TRC_BTAPP : Level 6
05-31 18:43:20.661 I/bt_bte ( 2483): packages/modules/Bluetooth/system/btif/src/profile_log_levels.cc:142 load_levels_from_config: Enable logging for TRC_BTIF because all debug logs are enabled
05-31 18:43:20.661 I/bt_bte ( 2483): packages/modules/Bluetooth/system/btif/src/profile_log_levels.cc:146 load_levels_from_config: BTE_InitTraceLevels -- TRC_BTIF : Level 6
05-31 18:43:20.661 I/bt_btif ( 2483): packages/modules/Bluetooth/system/main/bte_logmsg.cc:115 LogMsg: btif_dm_load_ble_local_keys BLE ER key loaded
05-31 18:43:20.661 I/bt_btif ( 2483): packages/modules/Bluetooth/system/main/bte_logmsg.cc:115 LogMsg: btif_dm_load_ble_local_keys BLE ID keys loaded
05-31 18:43:20.661 I/bt_btif ( 2483): packages/modules/Bluetooth/system/main/bte_logmsg.cc:112 LogMsg: btif_dm_get_adapter_property: type=0xe
05-31 18:43:20.661 D/bluetooth( 2483): packages/modules/Bluetooth/system/stack/btm/btm_inq.cc:898 btm_inq_db_reset: Resetting inquiry database
05-31 18:43:20.661 W/bluetooth( 2483): packages/modules/Bluetooth/system/stack/btm/btm_inq.cc:1073 btm_clr_inq_result_flt: Memory being reset multiple times
05-31 18:43:20.661 I/bt_core_module( 2483): packages/modules/Bluetooth/system/btcore/src/module.cc:86 module_start_up: module_start_up Starting module "gd_controller_module"
05-31 18:43:20.661 I/bt_shim_controller( 2483): packages/modules/Bluetooth/system/main/shim/controller.cc:65 start_up: start_up Starting up
05-31 18:43:20.661 I/bt_shim_controller( 2483): packages/modules/Bluetooth/system/main/shim/controller.cc:84 start_up: Mac address:xx:xx:xx:xx:62:b6
05-31 18:43:20.661 I/bt_core_module( 2483): packages/modules/Bluetooth/system/btcore/src/module.cc:91 module_start_up: module_start_up Started module "gd_controller_module"
05-31 18:43:20.661 I/bt_btm_pm( 2483): packages/modules/Bluetooth/system/stack/acl/btm_pm.cc:381 btm_pm_reset: reset pm
05-31 18:43:20.661 I/bt_btm ( 2483): packages/modules/Bluetooth/system/main/bte_logmsg.cc:115 LogMsg: btm_ble_resolving_list_init max_irk_list_sz = 8
05-31 18:43:20.661 D/bt_shim_controller( 2483): packages/modules/Bluetooth/system/main/shim/controller.cc:265 set_ble_resolving_list_max_size: UNSUPPORTED
05-31 18:43:20.661 D/bt_shim_hci( 2483): packages/modules/Bluetooth/system/main/shim/hci_layer.cc:367 transmit_command: Sending command LE_SET_RESOLVABLE_PRIVATE_ADDRESS_TIMEOUT
05-31 18:43:20.661 I/bt_btm ( 2483): packages/modules/Bluetooth/system/main/bte_logmsg.cc:112 LogMsg: BTM_SetPinType: pin type 0 [variable-0, fixed-1], code , length 0
05-31 18:43:20.661 I/bt_btm ( 2483): packages/modules/Bluetooth/system/main/bte_logmsg.cc:115 LogMsg: Local supported SCO packet types: 0x003f
05-31 18:43:20.661 D/bt_shim_hci( 2483): packages/modules/Bluetooth/system/main/shim/hci_layer.cc:367 transmit_command: Sending command WRITE_DEFAULT_LINK_POLICY_SETTINGS
05-31 18:43:20.661 I/bt_btif ( 2483): packages/modules/Bluetooth/system/main/bte_logmsg.cc:112 LogMsg: btif_dm_get_adapter_property: type=0xe
05-31 18:43:20.661 I/bt_btm ( 2483): packages/modules/Bluetooth/system/main/bte_logmsg.cc:112 LogMsg: BTM_SetSecurityLevel : sec: 0x0
05-31 18:43:20.661 D/bt_btm_sec( 2483): packages/modules/Bluetooth/system/stack/btm/btm_sec.cc:557 BTM_SetSecurityLevel: [3]: id:42, is_orig:false psm:0x0003 proto_id:3 chan_id:0 : sec:0x80 service_name:[RFC_MUX] (up to 21 chars saved)
05-31 18:43:20.661 I/bt_btm ( 2483): packages/modules/Bluetooth/system/main/bte_logmsg.cc:112 LogMsg: BTM_SetSecurityLevel : sec: 0x0
05-31 18:43:20.661 D/bt_btm_sec( 2483): packages/modules/Bluetooth/system/stack/btm/btm_sec.cc:557 BTM_SetSecurityLevel: [3]: id:42, is_orig:true psm:0x0003 proto_id:3 chan_id:0 : sec:0x80 service_name:[RFC_MUX] (up to 21 chars saved)
05-31 18:43:20.661 I/bt_btm ( 2483): packages/modules/Bluetooth/system/main/bte_logmsg.cc:115 LogMsg: btm_sec_dev_reset sec mode: 4
05-31 18:43:20.661 I/bt_btm ( 2483): packages/modules/Bluetooth/system/main/bte_logmsg.cc:112 LogMsg: BTM_SetInquiryMode
05-31 18:43:20.661 D/bt_shim_hci( 2483): packages/modules/Bluetooth/system/main/shim/hci_layer.cc:367 transmit_command: Sending command WRITE_INQUIRY_MODE
05-31 18:43:20.661 I/bt_btm ( 2483): packages/modules/Bluetooth/system/main/bte_logmsg.cc:112 LogMsg: BTM_EnableInterlacedPageScan
05-31 18:43:20.661 D/bt_shim_hci( 2483): packages/modules/Bluetooth/system/main/shim/hci_layer.cc:367 transmit_command: Sending command WRITE_PAGE_SCAN_TYPE
05-31 18:43:20.661 I/bt_btm ( 2483): packages/modules/Bluetooth/system/main/bte_logmsg.cc:112 LogMsg: BTM_EnableInterlacedInquiryScan
05-31 18:43:20.661 D/bt_shim_hci( 2483): packages/modules/Bluetooth/system/main/shim/hci_layer.cc:367 transmit_command: Sending command WRITE_INQUIRY_SCAN_TYPE
05-31 18:43:20.662 D/bt_btif_dm( 2483): packages/modules/Bluetooth/system/btif/src/btif_dm.cc:2899 btif_dm_get_local_class_of_device: btif_dm_get_local_class_of_device: Using class of device '0x2c, 0x4, 0x20'
05-31 18:43:20.662 I/bt_bta_dm( 2483): packages/modules/Bluetooth/system/bta/dm/bta_dm_act.cc:393 BTA_dm_on_hw_on: BTA_dm_on_hw_on: Read default class of device {0x2c, 0x4, 0x20}
05-31 18:43:20.662 D/bt_shim_hci( 2483): packages/modules/Bluetooth/system/main/shim/hci_layer.cc:367 transmit_command: Sending command WRITE_CLASS_OF_DEVICE
05-31 18:43:20.662 I/bt_btif ( 2483): packages/modules/Bluetooth/system/main/bte_logmsg.cc:115 LogMsg: btif_dm_get_ble_local_keys *p_key_mask=0x03
05-31 18:43:20.662 I/bt_btm ( 2483): packages/modules/Bluetooth/system/main/bte_logmsg.cc:115 LogMsg: BTM_BleLoadLocalKeys
05-31 18:43:20.662 I/bt_btm ( 2483): packages/modules/Bluetooth/system/main/bte_logmsg.cc:115 LogMsg: BTM_BleLoadLocalKeys
05-31 18:43:20.662 I/bt_btm ( 2483): packages/modules/Bluetooth/system/main/bte_logmsg.cc:112 LogMsg: BTM_SecRegister application registered
05-31 18:43:20.662 I/bt_btm_sec( 2483): packages/modules/Bluetooth/system/stack/btm/btm_sec.cc:268 BTM_SecRegister: BTM_SecRegister p_cb_info->p_le_callback == 0x0xc5b8db11
05-31 18:43:20.662 I/bt_btm ( 2483): packages/modules/Bluetooth/system/main/bte_logmsg.cc:112 LogMsg: BTM_SecRegister SMP_Register( btm_proc_smp_cback )
05-31 18:43:20.662 I/bt_smp ( 2483): packages/modules/Bluetooth/system/main/bte_logmsg.cc:112 LogMsg: SMP_Register state=0
05-31 18:43:20.662 I/bt_btm_sec( 2483): packages/modules/Bluetooth/system/stack/btm/btm_sec.cc:283 BTM_SecRegister: BTM_SecRegister btm_cb.api.p_le_callback = 0x0xc5b8db11
05-31 18:43:20.662 I/bt_btm ( 2483): packages/modules/Bluetooth/system/main/bte_logmsg.cc:112 LogMsg: BTM_SecRegister application registered
05-31 18:43:20.662 I/bt_btm ( 2483): packages/modules/Bluetooth/system/main/bte_logmsg.cc:112 LogMsg: BTM: BTM_WritePageTimeout: Timeout: 8192.
05-31 18:43:20.662 D/bt_shim_hci( 2483): packages/modules/Bluetooth/system/main/shim/hci_layer.cc:367 transmit_command: Sending command WRITE_PAGE_TIMEOUT
05-31 18:43:20.662 I/bt_btm ( 2483): packages/modules/Bluetooth/system/main/bte_logmsg.cc:115 LogMsg: BTM_BleReadControllerFeatures
05-31 18:43:20.662 I/bt_btm ( 2483): packages/modules/Bluetooth/system/main/bte_logmsg.cc:112 LogMsg: BTM: BTM_VendorSpecificCommand: Opcode: 0xFD53, ParamLen: 0.
05-31 18:43:20.662 D/bt_shim_hci( 2483): packages/modules/Bluetooth/system/main/shim/hci_layer.cc:367 transmit_command: Sending command LE_GET_VENDOR_CAPABILITIES
05-31 18:43:20.662 I/bt_stack( 2483): [INFO:ble_scanner_hci_interface.cc(329)] Advertiser list in controller can be used
05-31 18:43:20.662 I/bt_stack( 2483): [INFO:ble_scanner_hci_interface.cc(330)] Periodic Adv Sync Transfer Sender role is supported
05-31 18:43:20.662 D/bt_shim_hci( 2483): packages/modules/Bluetooth/system/main/shim/hci_layer.cc:367 transmit_command: Sending command READ_LOCAL_NAME
05-31 18:43:20.662 D/bta_gattc_api( 2483): packages/modules/Bluetooth/system/bta/gatt/bta_gattc_api.cc:83 BTA_GATTC_AppRegister: eatt_support=0
05-31 18:43:20.662 D/bta_gattc_api( 2483): packages/modules/Bluetooth/system/bta/gatt/bta_gattc_api.cc:85 BTA_GATTC_AppRegister: BTA_ID_GATTC not registered in BTA, registering it
05-31 18:43:20.662 D/bt_bta_gattc( 2483): packages/modules/Bluetooth/system/bta/gatt/bta_gattc_act.cc:177 bta_gattc_register: state: 0, uuid=2c4bf525-0577-3441-a23d-d219816a80b8
05-31 18:43:20.662 D/bt_bta_gattc( 2483): packages/modules/Bluetooth/system/bta/gatt/bta_gattc_act.cc:181 bta_gattc_register: GATTC module not enabled, enabling it
05-31 18:43:20.663 I/bluetooth( 2483): packages/modules/Bluetooth/system/stack/gatt/gatt_api.cc:1257 GATT_Register: Allocated name:GattClient uuid:2c4bf525-0577-3441-a23d-d219816a80b8 gatt_if:3 eatt_support:0
05-31 18:43:20.663 D/bt_bta_gattc( 2483): packages/modules/Bluetooth/system/bta/gatt/bta_gattc_act.cc:205 bta_gattc_register: Registered GATT client interface 3 with uuid=2c4bf525-0577-3441-a23d-d219816a80b8, starting it on main thread
05-31 18:43:20.663 D/bt_bta_gattc( 2483): packages/modules/Bluetooth/system/bta/gatt/bta_gattc_act.cc:162 bta_gattc_start_if: client_if=3
05-31 18:43:20.663 D/bluetooth( 2483): packages/modules/Bluetooth/system/stack/gatt/gatt_api.cc:1362 GATT_StartIf: Starting GATT interface gatt_if_:3
05-31 18:43:20.663 D/gatt_utils( 2483): packages/modules/Bluetooth/system/stack/gatt/gatt_utils.cc:264 gatt_find_the_connected_bda: start_idx=0
05-31 18:43:20.663 D/gatt_utils( 2483): packages/modules/Bluetooth/system/stack/gatt/gatt_utils.cc:276 gatt_find_the_connected_bda: found=0 found_idx=7
05-31 18:43:20.664 D/bt_shim_hci( 2483): packages/modules/Bluetooth/system/main/shim/hci_layer.cc:331 OnTransmitPacketCommandComplete: Received cmd complete for LE_SET_RESOLVABLE_PRIVATE_ADDRESS_TIMEOUT
05-31 18:43:20.666 D/bt_shim_hci( 2483): packages/modules/Bluetooth/system/main/shim/hci_layer.cc:331 OnTransmitPacketCommandComplete: Received cmd complete for WRITE_DEFAULT_LINK_POLICY_SETTINGS
05-31 18:43:20.668 D/bt_shim_hci( 2483): packages/modules/Bluetooth/system/main/shim/hci_layer.cc:331 OnTransmitPacketCommandComplete: Received cmd complete for WRITE_INQUIRY_MODE
05-31 18:43:20.669 D/bt_shim_hci( 2483): packages/modules/Bluetooth/system/main/shim/hci_layer.cc:331 OnTransmitPacketCommandComplete: Received cmd complete for WRITE_PAGE_SCAN_TYPE
05-31 18:43:20.671 D/bt_shim_hci( 2483): packages/modules/Bluetooth/system/main/shim/hci_layer.cc:331 OnTransmitPacketCommandComplete: Received cmd complete for WRITE_INQUIRY_SCAN_TYPE
05-31 18:43:20.673 D/bt_shim_hci( 2483): packages/modules/Bluetooth/system/main/shim/hci_layer.cc:331 OnTransmitPacketCommandComplete: Received cmd complete for WRITE_CLASS_OF_DEVICE
05-31 18:43:20.675 D/bt_shim_hci( 2483): packages/modules/Bluetooth/system/main/shim/hci_layer.cc:331 OnTransmitPacketCommandComplete: Received cmd complete for WRITE_PAGE_TIMEOUT
05-31 18:43:20.677 D/bt_shim_hci( 2483): packages/modules/Bluetooth/system/main/shim/hci_layer.cc:331 OnTransmitPacketCommandComplete: Received cmd complete for LE_GET_VENDOR_CAPABILITIES
05-31 18:43:20.677 I/bt_btm ( 2483): packages/modules/Bluetooth/system/main/bte_logmsg.cc:115 LogMsg: btm_ble_vendor_capability_vsc_cmpl_cback
05-31 18:43:20.677 I/bt_btm ( 2483): packages/modules/Bluetooth/system/main/bte_logmsg.cc:115 LogMsg: btm_ble_vendor_capability_vsc_cmpl_cback: stat=0, irk=8, ADV ins:9, rpa=1, ener=0, ext_scan=1
05-31 18:43:20.677 I/bt_stack( 2483): [INFO:ble_advertiser_hci_interface.cc(775)] Extended advertising will be in use
05-31 18:43:20.677 I/bt_btm ( 2483): packages/modules/Bluetooth/system/main/bte_logmsg.cc:112 LogMsg: btm_ble_batchscan_init
05-31 18:43:20.677 I/bt_btm ( 2483): packages/modules/Bluetooth/system/main/bte_logmsg.cc:112 LogMsg: BTM Register For VSEvents is successfully
05-31 18:43:20.677 I/bt_btif ( 2483): packages/modules/Bluetooth/system/main/bte_logmsg.cc:115 LogMsg: bta_dm_ctrl_features_rd_cmpl_cback status = 0
05-31 18:43:20.677 I/bt_btif ( 2483): packages/modules/Bluetooth/system/main/bte_logmsg.cc:112 LogMsg: btif_dm_upstreams_evt: ev: UNKNOWN DM EVENT
05-31 18:43:20.677 I/bt_btif ( 2483): packages/modules/Bluetooth/system/main/bte_logmsg.cc:112 LogMsg: btif_get_adapter_property 13
05-31 18:43:20.677 I/bt_btif ( 2483): packages/modules/Bluetooth/system/main/bte_logmsg.cc:112 LogMsg: operator(): HAL bt_hal_cbacks->adapter_properties_cb
05-31 18:43:20.678 D/AdapterProperties( 2483): BT_PROPERTY_LOCAL_LE_FEATURES: update from BT controller mNumOfAdvertisementInstancesSupported = 5 mRpaOffloadSupported = true mNumOfOffloadedIrkSupported = 8 mNumOfOffloadedScanFilterSupported = 0 mOffloadedScanResultStorageBytes= 256 mIsActivityAndEnergyReporting = false mVersSupported = 96 mTotNumOfTrackableAdv = 0 mIsExtendedScanSupported = true mIsDebugLogSupported = false mIsLe2MPhySupported = false mIsLeCodedPhySupported = true mIsLeExtendedAdvertisingSupported = true mIsLePeriodicAdvertisingSupported = true mLeMaximumAdvertisingDataLength = 1650 mDynamicAudioBufferSizeSupportedCodecsGroup1 = 0 mDynamicAudioBufferSizeSupportedCodecsGroup2 = 0 mIsLePeriodicAdvertisingSyncTransferSenderSupported = true mIsLeConnectedIsochronousStreamCentralSupported = false mIsLeIsochronousBroadcasterSupported = false mIsLePeriodicAdvertisingSyncTransferRecipientSupported = true mIsOffloadedTransportDiscoveryDataScanSupported = false
05-31 18:43:20.679 D/bt_shim_hci( 2483): packages/modules/Bluetooth/system/main/shim/hci_layer.cc:331 OnTransmitPacketCommandComplete: Received cmd complete for READ_LOCAL_NAME
05-31 18:43:20.680 I/bt_btif ( 2483): packages/modules/Bluetooth/system/main/bte_logmsg.cc:112 LogMsg: btif_dm_get_adapter_property: type=0x1
05-31 18:43:20.680 I/bt_btif_dm( 2483): packages/modules/Bluetooth/system/btif/src/btif_dm.cc:2090 BTIF_dm_enable: BTIF_dm_enable BLE Privacy: 0
05-31 18:43:20.680 I/bt_btif ( 2483): packages/modules/Bluetooth/system/main/bte_logmsg.cc:115 LogMsg: btif_in_execute_service_request service_id: 29
05-31 18:43:20.680 I/bt_btif ( 2483): packages/modules/Bluetooth/system/main/bte_logmsg.cc:115 LogMsg: btif_sdp_execute_service enable:1
05-31 18:43:20.680 I/bt_btif ( 2483): packages/modules/Bluetooth/system/main/bte_logmsg.cc:115 LogMsg: Remote device:xx:xx:xx:xx:c0:82
05-31 18:43:20.680 I/bt_btif ( 2483): packages/modules/Bluetooth/system/main/bte_logmsg.cc:115 LogMsg: btif_in_fetch_bonded_ble_device Found a LE device: e4:bb:d3:57:c0:82
05-31 18:43:20.680 I/bt_btif ( 2483): packages/modules/Bluetooth/system/main/bte_logmsg.cc:115 LogMsg: btif_read_le_key() Adding key type 1 for xx:xx:xx:xx:c0:82
05-31 18:43:20.680 I/bt_btif ( 2483): packages/modules/Bluetooth/system/main/bte_logmsg.cc:115 LogMsg: btif_read_le_key() Adding key type 32 for xx:xx:xx:xx:c0:82
05-31 18:43:20.680 I/bt_btif ( 2483): packages/modules/Bluetooth/system/main/bte_logmsg.cc:115 LogMsg: Remote device:xx:xx:xx:xx:c0:82
05-31 18:43:20.680 I/bt_btif ( 2483): packages/modules/Bluetooth/system/main/bte_logmsg.cc:115 LogMsg: btif_in_fetch_bonded_ble_device Found a LE device: e4:bb:d3:57:c0:82
05-31 18:43:20.680 I/bt_btif ( 2483): packages/modules/Bluetooth/system/main/bte_logmsg.cc:115 LogMsg: btif_read_le_key() Adding key type 1 for xx:xx:xx:xx:c0:82
05-31 18:43:20.680 I/bt_btif ( 2483): packages/modules/Bluetooth/system/main/bte_logmsg.cc:115 LogMsg: btif_read_le_key() Adding key type 32 for xx:xx:xx:xx:c0:82
05-31 18:43:20.680 E/bt_btif_storage( 2483): packages/modules/Bluetooth/system/btif/src/btif_storage.cc:626 btif_storage_get_adapter_property: btif_storage_get_adapter_property: Controller ready!
05-31 18:43:20.680 I/bt_btif ( 2483): packages/modules/Bluetooth/system/main/bte_logmsg.cc:112 LogMsg: btif_dm_get_adapter_property: type=0x1
05-31 18:43:20.680 I/bt_btif_storage( 2483): packages/modules/Bluetooth/system/btif/src/btif_storage.cc:653 btif_storage_get_adapter_property: btif_storage_get_adapter_property service_mask:0x20000000
05-31 18:43:20.680 I/bt_btif ( 2483): packages/modules/Bluetooth/system/main/bte_logmsg.cc:112 LogMsg: btif_storage_load_bonded_devices: 1 bonded devices found
05-31 18:43:20.680 I/bt_stack( 2483): [INFO:btif_bqr.cc(292)] EnableBtQualityReport: is_enable: true
05-31 18:43:20.680 W/bt_stack( 2483): [WARNING:btif_bqr.cc(304)] EnableBtQualityReport: Bluetooth Quality Report is disabled. bqr_prop_evtmask: , bqr_prop_interval_ms:
05-31 18:43:20.680 D/bt_btif_dm( 2483): packages/modules/Bluetooth/system/btif/src/btif_dm.cc:2015 btif_dm_update_allowlisted_media_players: btif_dm_update_allowlisted_media_players
05-31 18:43:20.681 I/bt_osi_thread( 2483): packages/modules/Bluetooth/system/osi/src/thread.cc:210 run_thread: run_thread: thread id 2534, thread name btif_sock started
05-31 18:43:20.681 D/btm_sco ( 2483): packages/modules/Bluetooth/system/stack/btm/btm_sco.cc:1266 BTM_SetEScoMode: Setting eSCO mode parameters txbw:0x00001f40 rxbw:0x00001f40 max_lat:0xffff pkt:0x0007 rtx_effort:0x00
05-31 18:43:20.681 I/bt_btif ( 2483): packages/modules/Bluetooth/system/main/bte_logmsg.cc:115 LogMsg: jni_initialized = 0, btpan_cb.enabled:0
05-31 18:43:20.681 I/bt_bte_conf( 2483): packages/modules/Bluetooth/system/main/bte_conf.cc:83 bte_load_did_conf: Device ID record 1 : primary
05-31 18:43:20.681 I/bt_bte_conf( 2483): packages/modules/Bluetooth/system/main/bte_conf.cc:84 bte_load_did_conf: vendorId = 00e0
05-31 18:43:20.681 I/bt_bte_conf( 2483): packages/modules/Bluetooth/system/main/bte_conf.cc:85 bte_load_did_conf: vendorIdSource = 0001
05-31 18:43:20.681 I/bt_bte_conf( 2483): packages/modules/Bluetooth/system/main/bte_conf.cc:86 bte_load_did_conf: product = 1200
05-31 18:43:20.681 I/bt_bte_conf( 2483): packages/modules/Bluetooth/system/main/bte_conf.cc:87 bte_load_did_conf: version = 1436
05-31 18:43:20.681 I/bt_bte_conf( 2483): packages/modules/Bluetooth/system/main/bte_conf.cc:88 bte_load_did_conf: clientExecutableURL =
05-31 18:43:20.681 I/bt_bte_conf( 2483): packages/modules/Bluetooth/system/main/bte_conf.cc:89 bte_load_did_conf: serviceDescription =
05-31 18:43:20.681 I/bt_bte_conf( 2483): packages/modules/Bluetooth/system/main/bte_conf.cc:90 bte_load_did_conf: documentationURL =
05-31 18:43:20.682 I/bt_sdp ( 2483): packages/modules/Bluetooth/system/main/bte_logmsg.cc:115 LogMsg: SDP_CreateRecord ok, num_records:3
05-31 18:43:20.682 I/bt_sdp ( 2483): packages/modules/Bluetooth/system/main/bte_logmsg.cc:115 LogMsg: SDP_AddAttribute: handle:10002, id:0000, type:1, len:4, p_val:0xc4da95e4, *p_val:00010002
05-31 18:43:20.682 I/bt_sdp ( 2483): packages/modules/Bluetooth/system/main/bte_logmsg.cc:115 LogMsg: SDP_AddAttribute: handle:10002, id:0001, type:6, len:3, p_val:0xcb7a2cf8, *p_val:191200
05-31 18:43:20.682 I/bt_sdp ( 2483): packages/modules/Bluetooth/system/main/bte_logmsg.cc:115 LogMsg: SDP_AddAttribute: handle:10002, id:0200, type:1, len:2, p_val:0xc4da960a, *p_val:0103
05-31 18:43:20.682 I/bt_sdp ( 2483): packages/modules/Bluetooth/system/main/bte_logmsg.cc:115 LogMsg: SDP_AddAttribute: handle:10002, id:0201, type:1, len:2, p_val:0xc4da960a, *p_val:00E0
05-31 18:43:20.682 I/bt_sdp ( 2483): packages/modules/Bluetooth/system/main/bte_logmsg.cc:115 LogMsg: SDP_AddAttribute: handle:10002, id:0202, type:1, len:2, p_val:0xc4da960a, *p_val:1200
05-31 18:43:20.682 I/bt_sdp ( 2483): packages/modules/Bluetooth/system/main/bte_logmsg.cc:115 LogMsg: SDP_AddAttribute: handle:10002, id:0203, type:1, len:2, p_val:0xc4da960a, *p_val:1436
05-31 18:43:20.682 I/bt_sdp ( 2483): packages/modules/Bluetooth/system/main/bte_logmsg.cc:115 LogMsg: SDP_AddAttribute: handle:10002, id:0204, type:5, len:1, p_val:0xc4da9607, *p_val:1
05-31 18:43:20.682 I/bt_sdp ( 2483): packages/modules/Bluetooth/system/main/bte_logmsg.cc:115 LogMsg: SDP_AddAttribute: handle:10002, id:0205, type:1, len:2, p_val:0xc4da960a, *p_val:0001
05-31 18:43:20.682 I/bt_bta_dm( 2483): packages/modules/Bluetooth/system/bta/dm/bta_dm_act.cc:3456 bta_dm_eir_update_uuid: EIR Adding UUID=0x1200 into extended inquiry response
05-31 18:43:20.682 I/bt_bta_dm( 2483): packages/modules/Bluetooth/system/bta/dm/bta_dm_act.cc:3155 bta_dm_set_eir: Generating extended inquiry response packet EIR
05-31 18:43:20.682 I/bt_btm ( 2483): packages/modules/Bluetooth/system/main/bte_logmsg.cc:112 LogMsg: Write Extended Inquiry Response to controller
05-31 18:43:20.682 D/bt_shim_hci( 2483): packages/modules/Bluetooth/system/main/shim/hci_layer.cc:367 transmit_command: Sending command WRITE_EXTENDED_INQUIRY_RESPONSE
05-31 18:43:20.682 I/bt_bte_conf( 2483): packages/modules/Bluetooth/system/main/bte_conf.cc:46 bte_load_did_conf: bte_load_did_conf no section named DID2.
05-31 18:43:20.682 I/bt_btif ( 2483): packages/modules/Bluetooth/system/main/bte_logmsg.cc:115 LogMsg: btif_dm_load_local_oob: prop_oob = 3
05-31 18:43:20.682 I/bt_btif_core( 2483): packages/modules/Bluetooth/system/btif/src/btif_core.cc:294 btif_enable_bluetooth_evt: Bluetooth enable event completed
05-31 18:43:20.682 I/bt_core_module( 2483): packages/modules/Bluetooth/system/btcore/src/module.cc:86 module_start_up: module_start_up Starting module "rust_module"
05-31 18:43:20.682 D/bt_shim_hci( 2483): packages/modules/Bluetooth/system/main/shim/hci_layer.cc:367 transmit_command: Sending command WRITE_LOCAL_NAME
05-31 18:43:20.682 I/bt_bta_dm( 2483): packages/modules/Bluetooth/system/bta/dm/bta_dm_act.cc:3155 bta_dm_set_eir: Generating extended inquiry response packet EIR
05-31 18:43:20.682 I/bt_btm ( 2483): packages/modules/Bluetooth/system/main/bte_logmsg.cc:112 LogMsg: Write Extended Inquiry Response to controller
05-31 18:43:20.682 D/bt_shim_hci( 2483): packages/modules/Bluetooth/system/main/shim/hci_layer.cc:367 transmit_command: Sending command WRITE_EXTENDED_INQUIRY_RESPONSE
05-31 18:43:20.682 W/bt_btm ( 2483): packages/modules/Bluetooth/system/main/bte_logmsg.cc:108 LogMsg: BTM_BleConfigPrivacy 0
05-31 18:43:20.682 I/bt_btif ( 2483): packages/modules/Bluetooth/system/main/bte_logmsg.cc:115 LogMsg: bta_sdp_enable in, sdp_active:0
05-31 18:43:20.682 D/bt_btm_ble( 2483): packages/modules/Bluetooth/system/stack/btm/btm_ble.cc:95 BTM_SecAddBleDevice: dev_type=0x2
05-31 18:43:20.682 D/bt_btm_ble( 2483): packages/modules/Bluetooth/system/stack/btm/btm_ble.cc:112 BTM_SecAddBleDevice: Device added, handle=0xffff, p_dev_rec=0xf4680018, bd_addr=xx:xx:xx:xx:c0:82
05-31 18:43:20.682 I/bluetooth( 2483): packages/modules/Bluetooth/system/gd/hci/le_address_manager.cc:72 SetPrivacyPolicyForInitiatorAddress: SetPrivacyPolicyForInitiatorAddress with policy 1
05-31 18:43:20.682 D/bt_btm_ble( 2483): packages/modules/Bluetooth/system/stack/btm/btm_ble.cc:192 BTM_SecAddBleKey: Adding BLE key device:xx:xx:xx:xx:c0:82 key_type:1
05-31 18:43:20.682 I/bluetooth( 2483): packages/modules/Bluetooth/system/gd/hci/le_address_manager.cc:294 resume_registered_clients: Resuming registered clients
05-31 18:43:20.683 I/bt_btm ( 2483): packages/modules/Bluetooth/system/main/bte_logmsg.cc:115 LogMsg: btm_sec_save_le_key key_type=0x1 pass_to_application=0
05-31 18:43:20.683 I/bt_btm ( 2483): packages/modules/Bluetooth/system/main/bte_logmsg.cc:115 LogMsg: BTM_LE_KEY_PENC key_type=0x1 sec_flags=0x1080 sec_leve=0x1
05-31 18:43:20.683 I/bt ( 2483): bluetooth_core: starting Rust modules
05-31 18:43:20.683 D/bt_btm_ble( 2483): packages/modules/Bluetooth/system/stack/btm/btm_ble.cc:192 BTM_SecAddBleKey: Adding BLE key device:xx:xx:xx:xx:c0:82 key_type:32
05-31 18:43:20.683 I/bt_btm ( 2483): packages/modules/Bluetooth/system/main/bte_logmsg.cc:115 LogMsg: btm_sec_save_le_key key_type=0x20 pass_to_application=0
05-31 18:43:20.683 D/bt_btm_ble( 2483): packages/modules/Bluetooth/system/stack/btm/btm_ble.cc:95 BTM_SecAddBleDevice: dev_type=0x2
05-31 18:43:20.683 D/bt_btm_ble( 2483): packages/modules/Bluetooth/system/stack/btm/btm_ble.cc:192 BTM_SecAddBleKey: Adding BLE key device:xx:xx:xx:xx:c0:82 key_type:1
05-31 18:43:20.683 I/bt_btm ( 2483): packages/modules/Bluetooth/system/main/bte_logmsg.cc:115 LogMsg: btm_sec_save_le_key key_type=0x1 pass_to_application=0
05-31 18:43:20.683 I/bt_btm ( 2483): packages/modules/Bluetooth/system/main/bte_logmsg.cc:115 LogMsg: BTM_LE_KEY_PENC key_type=0x21 sec_flags=0x1080 sec_leve=0x1
05-31 18:43:20.683 D/bt_btm_ble( 2483): packages/modules/Bluetooth/system/stack/btm/btm_ble.cc:192 BTM_SecAddBleKey: Adding BLE key device:xx:xx:xx:xx:c0:82 key_type:32
05-31 18:43:20.683 I/bt_btm ( 2483): packages/modules/Bluetooth/system/main/bte_logmsg.cc:115 LogMsg: btm_sec_save_le_key key_type=0x20 pass_to_application=0
05-31 18:43:20.683 I/bluetooth( 2483): packages/modules/Bluetooth/system/stack/arbiter/acl_arbiter.cc:153 StoreCallbacksFromRust: Received callbacks from Rust, registering in Arbiter
05-31 18:43:20.683 I/bt_btif ( 2483): packages/modules/Bluetooth/system/main/bte_logmsg.cc:115 LogMsg: unhandled event:0, slot id:0
05-31 18:43:20.683 I/bt ( 2483): bluetooth_core: starting Tokio event loop
05-31 18:43:20.683 I/bt_core_module( 2483): packages/modules/Bluetooth/system/btcore/src/module.cc:91 module_start_up: module_start_up Started module "rust_module"
05-31 18:43:20.683 I/bt_stack_manager( 2483): packages/modules/Bluetooth/system/btif/src/stack_manager.cc:354 event_start_up_stack: event_start_up_stack finished
05-31 18:43:20.683 V/AdapterServiceConfig( 2483): Remove McpService from supported list.
05-31 18:43:20.684 I/bt_btif ( 2483): packages/modules/Bluetooth/system/main/bte_logmsg.cc:112 LogMsg: operator(): HAL bt_hal_cbacks->adapter_properties_cb
05-31 18:43:20.684 I/bt_btif ( 2483): packages/modules/Bluetooth/system/main/bte_logmsg.cc:112 LogMsg: operator(): HAL bt_hal_cbacks->adapter_properties_cb
05-31 18:43:20.685 D/bt_shim_hci( 2483): packages/modules/Bluetooth/system/main/shim/hci_layer.cc:331 OnTransmitPacketCommandComplete: Received cmd complete for WRITE_EXTENDED_INQUIRY_RESPONSE
05-31 18:43:20.687 D/BluetoothManagerService( 719): Bluetooth Adapter address changed to 1C:79:2D:20:62:B6
05-31 18:43:20.688 D/BluetoothManagerService( 719): Stored Bluetoothaddress: 1C:79:2D:20:62:B6
05-31 18:43:20.688 D/bt_shim_hci( 2483): packages/modules/Bluetooth/system/main/shim/hci_layer.cc:331 OnTransmitPacketCommandComplete: Received cmd complete for WRITE_LOCAL_NAME
05-31 18:43:20.689 D/AdapterProperties( 2483): Name is: DBBOX-A3 62b6
05-31 18:43:20.689 D/BluetoothManagerService( 719): Bluetooth Adapter name changed to DBBOX-A3 62b6 by android
05-31 18:43:20.690 D/BluetoothManagerService( 719): Stored Bluetooth name: DBBOX-A3 62b6
05-31 18:43:20.690 D/bt_shim_hci( 2483): packages/modules/Bluetooth/system/main/shim/hci_layer.cc:331 OnTransmitPacketCommandComplete: Received cmd complete for WRITE_EXTENDED_INQUIRY_RESPONSE
05-31 18:43:20.690 D/AdapterProperties( 2483): Scan Mode:20
05-31 18:43:20.691 D/AdapterProperties( 2483): Discoverable Timeout:120
05-31 18:43:20.691 D/CompatibilityChangeReporter( 2483): Compat change id reported: 265103382; UID 1002; state: ENABLED
05-31 18:43:20.692 D/AdapterProperties( 2483): Adding bonded device:XX:XX:XX:XX:C0:82
05-31 18:43:20.692 D/AdapterProperties( 2483): cleanupPrevBondRecordsFor: XX:XX:XX:XX:C0:82
05-31 18:43:20.692 I/bt_btif ( 2483): packages/modules/Bluetooth/system/main/bte_logmsg.cc:112 LogMsg: operator(): HAL bt_hal_cbacks->remote_device_properties_cb
05-31 18:43:20.697 I/bt_btif ( 2483): packages/modules/Bluetooth/system/main/bte_logmsg.cc:112 LogMsg: operator(): HAL bt_hal_cbacks->adapter_properties_cb
05-31 18:43:20.697 D/AdapterProperties( 2483): player_name: com.google.android.apps.youtube.music
05-31 18:43:20.697 D/AdapterProperties( 2483): updateAllowlistedMediaPlayers
05-31 18:43:20.697 D/AdapterProperties( 2483): Adding to Allowlisted Players list:com.google.android.apps.youtube.music
05-31 18:43:20.697 D/AdapterProperties( 2483): player_name: com.gaana
05-31 18:43:20.697 D/AdapterProperties( 2483): updateAllowlistedMediaPlayers
05-31 18:43:20.697 D/AdapterProperties( 2483): Adding to Allowlisted Players list:com.gaana
05-31 18:43:20.697 I/bt_btif ( 2483): packages/modules/Bluetooth/system/main/bte_logmsg.cc:112 LogMsg: operator(): HAL bt_hal_cbacks->adapter_state_changed_cb
05-31 18:43:20.698 I/AdapterState( 2483): BLE_ON : entered
05-31 18:43:20.698 D/AdapterProperties( 2483): Setting state to BLE_ON
05-31 18:43:20.699 D/BluetoothAdapterService( 2483): updateAdapterState() - Broadcasting state BLE_ON to 1 receivers.
05-31 18:43:20.699 D/BluetoothManagerService( 719): MESSAGE_BLUETOOTH_STATE_CHANGE: BLE_TURNING_ON > BLE_ON
05-31 18:43:20.699 D/BluetoothManagerService( 719): Bluetooth is in LE only mode
05-31 18:43:20.699 D/BluetoothManagerService( 719): continueFromBleOnState()
05-31 18:43:20.701 I/AdapterState( 2483): TURNING_ON : entered
05-31 18:43:20.701 D/AdapterProperties( 2483): Setting state to TURNING_ON
05-31 18:43:20.701 D/BluetoothManagerService( 719): Persisting Bluetooth Setting: 1
05-31 18:43:20.701 D/BluetoothManagerService( 719): Sending BLE State Change: BLE_TURNING_ON > BLE_ON
05-31 18:43:20.701 W/BluetoothManagerService( 719): bluetooth is recovered from error
05-31 18:43:20.702 D/BluetoothAdapterService( 2483): updateAdapterState() - Broadcasting state TURNING_ON to 1 receivers.
05-31 18:43:20.702 D/BluetoothManagerService( 719): MESSAGE_BLUETOOTH_STATE_CHANGE: BLE_ON > TURNING_ON
05-31 18:43:20.702 D/BluetoothManagerService( 719): Sending BLE State Change: BLE_ON > TURNING_ON
05-31 18:43:20.702 D/BluetoothAdapterService( 2483): startCoreServices()
05-31 18:43:20.702 D/BluetoothManagerService( 719): Sending State Change: OFF > TURNING_ON
05-31 18:43:20.705 I/A2dpService( 2483): create()
05-31 18:43:20.706 I/wpa_supplicant( 1140): wpa_driver_nl80211_driver_cmd: wifi vendor: aml_w2_s
05-31 18:43:20.706 I/wpa_supplicant( 1140): wpa_driver_nl80211_driver_cmd: wlan0: private command: BTCOEXSCAN-STOP
05-31 18:43:20.707 I/BLE_Service( 1046): ACTION STATE CHANGED was 11
05-31 18:43:20.712 I/A2dpService( 2483): start()
05-31 18:43:20.712 I/BluetoothA2dpServiceJni( 2483): classInitNative: succeeds
05-31 18:43:20.713 I/A2dpService( 2483): Max connected audio devices set to 5
05-31 18:43:20.714 I/bt_btif ( 2483): packages/modules/Bluetooth/system/btif/src/bluetooth.cc:829 get_profile_interface: get_profile_interface: id = a2dp
05-31 18:43:20.714 I/bt_btif ( 2483): packages/modules/Bluetooth/system/main/bte_logmsg.cc:112 LogMsg: btif_av_get_src_interface
05-31 18:43:20.714 I/bt_btif ( 2483): packages/modules/Bluetooth/system/main/bte_logmsg.cc:112 LogMsg: init_src
05-31 18:43:20.714 I/btif_av ( 2483): packages/modules/Bluetooth/system/btif/src/btif_av.cc:1012 Init: bt_status_t BtifAvSource::Init(btav_source_callbacks_t *, int, const std::vector &, const std::vector &): max_connected_audio_devices=5
05-31 18:43:20.714 I/bt_btif ( 2483): packages/modules/Bluetooth/system/main/bte_logmsg.cc:115 LogMsg: a2dp_offload.enable = 0
05-31 18:43:20.714 I/bt_btif ( 2483): packages/modules/Bluetooth/system/main/bte_logmsg.cc:115 LogMsg: a2dp_offload.enable = 0
05-31 18:43:20.714 I/bt_btif ( 2483): packages/modules/Bluetooth/system/main/bte_logmsg.cc:115 LogMsg: Init
05-31 18:43:20.715 I/a2dp_codec( 2483): packages/modules/Bluetooth/system/stack/a2dp/a2dp_codec_config.cc:601 init: init
05-31 18:43:20.715 I/a2dp_codec( 2483): packages/modules/Bluetooth/system/stack/a2dp/a2dp_codec_config.cc:116 createCodec: SBC
05-31 18:43:20.715 I/a2dp_codec( 2483): packages/modules/Bluetooth/system/stack/a2dp/a2dp_codec_config.cc:642 init: init: updated SBC codec priority to 1001
05-31 18:43:20.715 I/a2dp_codec( 2483): packages/modules/Bluetooth/system/stack/a2dp/a2dp_codec_config.cc:116 createCodec: AAC
05-31 18:43:20.715 I/a2dp_codec( 2483): packages/modules/Bluetooth/system/stack/a2dp/a2dp_codec_config.cc:642 init: init: updated AAC codec priority to 2001
05-31 18:43:20.715 I/a2dp_codec( 2483): packages/modules/Bluetooth/system/stack/a2dp/a2dp_codec_config.cc:116 createCodec: aptX
05-31 18:43:20.715 I/a2dp_codec( 2483): packages/modules/Bluetooth/system/stack/a2dp/a2dp_codec_config.cc:642 init: init: updated aptX codec priority to 3001
05-31 18:43:20.715 I/a2dp_codec( 2483): packages/modules/Bluetooth/system/stack/a2dp/a2dp_codec_config.cc:116 createCodec: aptX-HD
05-31 18:43:20.715 I/a2dp_codec( 2483): packages/modules/Bluetooth/system/stack/a2dp/a2dp_codec_config.cc:642 init: init: updated aptX-HD codec priority to 4001
05-31 18:43:20.715 I/a2dp_codec( 2483): packages/modules/Bluetooth/system/stack/a2dp/a2dp_codec_config.cc:116 createCodec: LDAC
05-31 18:43:20.715 I/a2dp_codec( 2483): packages/modules/Bluetooth/system/stack/a2dp/a2dp_codec_config.cc:642 init: init: updated LDAC codec priority to 5001
05-31 18:43:20.715 I/a2dp_codec( 2483): packages/modules/Bluetooth/system/stack/a2dp/a2dp_codec_config.cc:116 createCodec: LC3 not implemented
05-31 18:43:20.715 I/a2dp_codec( 2483): packages/modules/Bluetooth/system/stack/a2dp/a2dp_codec_config.cc:633 init: init: OPUS codec disabled, updated priority to -1
05-31 18:43:20.715 I/a2dp_codec( 2483): packages/modules/Bluetooth/system/stack/a2dp/a2dp_codec_config.cc:116 createCodec: Opus
05-31 18:43:20.715 I/a2dp_codec( 2483): packages/modules/Bluetooth/system/stack/a2dp/a2dp_codec_config.cc:642 init: init: updated Opus codec priority to -1
05-31 18:43:20.715 I/a2dp_codec( 2483): packages/modules/Bluetooth/system/stack/a2dp/a2dp_codec_config.cc:116 createCodec: SBC SINK
05-31 18:43:20.715 I/a2dp_codec( 2483): packages/modules/Bluetooth/system/stack/a2dp/a2dp_codec_config.cc:116 createCodec: AAC SINK
05-31 18:43:20.715 I/a2dp_codec( 2483): packages/modules/Bluetooth/system/stack/a2dp/a2dp_codec_config.cc:116 createCodec: LDAC SINK
05-31 18:43:20.715 I/a2dp_vendor_ldac_decoder( 2483): packages/modules/Bluetooth/system/stack/a2dp/a2dp_vendor_ldac_decoder.cc:130 A2DP_VendorLoadDecoderLdac: A2DP_VendorLoadDecoderLdac: cannot open LDAC decoder library libldacBT_bco.so: dlopen failed: library "libldacBT_bco.so" not found
05-31 18:43:20.715 E/a2dp_vendor_ldac( 2483): packages/modules/Bluetooth/system/stack/a2dp/a2dp_vendor_ldac.cc:1422 init: init: cannot load the decoder
05-31 18:43:20.715 I/a2dp_codec( 2483): packages/modules/Bluetooth/system/stack/a2dp/a2dp_codec_config.cc:116 createCodec: Opus SINK
05-31 18:43:20.716 I/a2dp_codec( 2483): packages/modules/Bluetooth/system/stack/a2dp/a2dp_codec_config.cc:667 init: init: initialized Source codec LDAC
05-31 18:43:20.716 I/a2dp_codec( 2483): packages/modules/Bluetooth/system/stack/a2dp/a2dp_codec_config.cc:667 init: init: initialized Source codec aptX-HD
05-31 18:43:20.716 I/a2dp_codec( 2483): packages/modules/Bluetooth/system/stack/a2dp/a2dp_codec_config.cc:667 init: init: initialized Source codec aptX
05-31 18:43:20.716 I/a2dp_codec( 2483): packages/modules/Bluetooth/system/stack/a2dp/a2dp_codec_config.cc:667 init: init: initialized Source codec AAC
05-31 18:43:20.716 I/a2dp_codec( 2483): packages/modules/Bluetooth/system/stack/a2dp/a2dp_codec_config.cc:667 init: init: initialized Source codec SBC
05-31 18:43:20.716 I/a2dp_codec( 2483): packages/modules/Bluetooth/system/stack/a2dp/a2dp_codec_config.cc:674 init: init: initialized Sink codec Opus SINK
05-31 18:43:20.716 I/a2dp_codec( 2483): packages/modules/Bluetooth/system/stack/a2dp/a2dp_codec_config.cc:674 init: init: initialized Sink codec AAC SINK
05-31 18:43:20.716 I/a2dp_codec( 2483): packages/modules/Bluetooth/system/stack/a2dp/a2dp_codec_config.cc:674 init: init: initialized Sink codec SBC SINK
05-31 18:43:20.716 I/a2dp_codec( 2483): packages/modules/Bluetooth/system/stack/a2dp/a2dp_codec_config.cc:601 init: init
05-31 18:43:20.716 I/a2dp_codec( 2483): packages/modules/Bluetooth/system/stack/a2dp/a2dp_codec_config.cc:116 createCodec: SBC
05-31 18:43:20.716 I/a2dp_codec( 2483): packages/modules/Bluetooth/system/stack/a2dp/a2dp_codec_config.cc:642 init: init: updated SBC codec priority to 1001
05-31 18:43:20.716 I/a2dp_codec( 2483): packages/modules/Bluetooth/system/stack/a2dp/a2dp_codec_config.cc:116 createCodec: AAC
05-31 18:43:20.716 I/a2dp_codec( 2483): packages/modules/Bluetooth/system/stack/a2dp/a2dp_codec_config.cc:642 init: init: updated AAC codec priority to 2001
05-31 18:43:20.716 I/a2dp_codec( 2483): packages/modules/Bluetooth/system/stack/a2dp/a2dp_codec_config.cc:116 createCodec: aptX
05-31 18:43:20.716 I/a2dp_codec( 2483): packages/modules/Bluetooth/system/stack/a2dp/a2dp_codec_config.cc:642 init: init: updated aptX codec priority to 3001
05-31 18:43:20.716 I/a2dp_codec( 2483): packages/modules/Bluetooth/system/stack/a2dp/a2dp_codec_config.cc:116 createCodec: aptX-HD
05-31 18:43:20.716 I/a2dp_codec( 2483): packages/modules/Bluetooth/system/stack/a2dp/a2dp_codec_config.cc:642 init: init: updated aptX-HD codec priority to 4001
05-31 18:43:20.716 I/a2dp_codec( 2483): packages/modules/Bluetooth/system/stack/a2dp/a2dp_codec_config.cc:116 createCodec: LDAC
05-31 18:43:20.716 I/a2dp_codec( 2483): packages/modules/Bluetooth/system/stack/a2dp/a2dp_codec_config.cc:642 init: init: updated LDAC codec priority to 5001
05-31 18:43:20.716 I/a2dp_codec( 2483): packages/modules/Bluetooth/system/stack/a2dp/a2dp_codec_config.cc:116 createCodec: LC3 not implemented
05-31 18:43:20.716 I/a2dp_codec( 2483): packages/modules/Bluetooth/system/stack/a2dp/a2dp_codec_config.cc:633 init: init: OPUS codec disabled, updated priority to -1
05-31 18:43:20.716 I/a2dp_codec( 2483): packages/modules/Bluetooth/system/stack/a2dp/a2dp_codec_config.cc:116 createCodec: Opus
05-31 18:43:20.716 I/a2dp_codec( 2483): packages/modules/Bluetooth/system/stack/a2dp/a2dp_codec_config.cc:642 init: init: updated Opus codec priority to -1
05-31 18:43:20.716 I/a2dp_codec( 2483): packages/modules/Bluetooth/system/stack/a2dp/a2dp_codec_config.cc:116 createCodec: SBC SINK
05-31 18:43:20.716 I/a2dp_codec( 2483): packages/modules/Bluetooth/system/stack/a2dp/a2dp_codec_config.cc:116 createCodec: AAC SINK
05-31 18:43:20.716 I/a2dp_codec( 2483): packages/modules/Bluetooth/system/stack/a2dp/a2dp_codec_config.cc:116 createCodec: LDAC SINK
05-31 18:43:20.716 I/a2dp_vendor_ldac_decoder( 2483): packages/modules/Bluetooth/system/stack/a2dp/a2dp_vendor_ldac_decoder.cc:130 A2DP_VendorLoadDecoderLdac: A2DP_VendorLoadDecoderLdac: cannot open LDAC decoder library libldacBT_bco.so: dlopen failed: library "libldacBT_bco.so" not found
05-31 18:43:20.716 E/a2dp_vendor_ldac( 2483): packages/modules/Bluetooth/system/stack/a2dp/a2dp_vendor_ldac.cc:1422 init: init: cannot load the decoder
05-31 18:43:20.716 I/a2dp_codec( 2483): packages/modules/Bluetooth/system/stack/a2dp/a2dp_codec_config.cc:116 createCodec: Opus SINK
05-31 18:43:20.716 I/a2dp_codec( 2483): packages/modules/Bluetooth/system/stack/a2dp/a2dp_codec_config.cc:667 init: init: initialized Source codec LDAC
05-31 18:43:20.716 I/a2dp_codec( 2483): packages/modules/Bluetooth/system/stack/a2dp/a2dp_codec_config.cc:667 init: init: initialized Source codec aptX-HD
05-31 18:43:20.717 I/a2dp_codec( 2483): packages/modules/Bluetooth/system/stack/a2dp/a2dp_codec_config.cc:667 init: init: initialized Source codec aptX
05-31 18:43:20.717 I/a2dp_codec( 2483): packages/modules/Bluetooth/system/stack/a2dp/a2dp_codec_config.cc:667 init: init: initialized Source codec AAC
05-31 18:43:20.717 I/a2dp_codec( 2483): packages/modules/Bluetooth/system/stack/a2dp/a2dp_codec_config.cc:667 init: init: initialized Source codec SBC
05-31 18:43:20.717 I/a2dp_codec( 2483): packages/modules/Bluetooth/system/stack/a2dp/a2dp_codec_config.cc:674 init: init: initialized Sink codec Opus SINK
05-31 18:43:20.717 I/a2dp_codec( 2483): packages/modules/Bluetooth/system/stack/a2dp/a2dp_codec_config.cc:674 init: init: initialized Sink codec AAC SINK
05-31 18:43:20.717 I/a2dp_codec( 2483): packages/modules/Bluetooth/system/stack/a2dp/a2dp_codec_config.cc:674 init: init: initialized Sink codec SBC SINK
05-31 18:43:20.717 I/a2dp_codec( 2483): packages/modules/Bluetooth/system/stack/a2dp/a2dp_codec_config.cc:601 init: init
05-31 18:43:20.717 I/a2dp_codec( 2483): packages/modules/Bluetooth/system/stack/a2dp/a2dp_codec_config.cc:116 createCodec: SBC
05-31 18:43:20.717 I/a2dp_codec( 2483): packages/modules/Bluetooth/system/stack/a2dp/a2dp_codec_config.cc:642 init: init: updated SBC codec priority to 1001
05-31 18:43:20.717 I/a2dp_codec( 2483): packages/modules/Bluetooth/system/stack/a2dp/a2dp_codec_config.cc:116 createCodec: AAC
05-31 18:43:20.717 I/a2dp_codec( 2483): packages/modules/Bluetooth/system/stack/a2dp/a2dp_codec_config.cc:642 init: init: updated AAC codec priority to 2001
05-31 18:43:20.717 I/a2dp_codec( 2483): packages/modules/Bluetooth/system/stack/a2dp/a2dp_codec_config.cc:116 createCodec: aptX
05-31 18:43:20.717 I/a2dp_codec( 2483): packages/modules/Bluetooth/system/stack/a2dp/a2dp_codec_config.cc:642 init: init: updated aptX codec priority to 3001
05-31 18:43:20.717 I/a2dp_codec( 2483): packages/modules/Bluetooth/system/stack/a2dp/a2dp_codec_config.cc:116 createCodec: aptX-HD
05-31 18:43:20.717 I/a2dp_codec( 2483): packages/modules/Bluetooth/system/stack/a2dp/a2dp_codec_config.cc:642 init: init: updated aptX-HD codec priority to 4001
05-31 18:43:20.717 I/a2dp_codec( 2483): packages/modules/Bluetooth/system/stack/a2dp/a2dp_codec_config.cc:116 createCodec: LDAC
05-31 18:43:20.717 I/a2dp_codec( 2483): packages/modules/Bluetooth/system/stack/a2dp/a2dp_codec_config.cc:642 init: init: updated LDAC codec priority to 5001
05-31 18:43:20.717 I/a2dp_codec( 2483): packages/modules/Bluetooth/system/stack/a2dp/a2dp_codec_config.cc:116 createCodec: LC3 not implemented
05-31 18:43:20.717 I/a2dp_codec( 2483): packages/modules/Bluetooth/system/stack/a2dp/a2dp_codec_config.cc:633 init: init: OPUS codec disabled, updated priority to -1
05-31 18:43:20.717 I/a2dp_codec( 2483): packages/modules/Bluetooth/system/stack/a2dp/a2dp_codec_config.cc:116 createCodec: Opus
05-31 18:43:20.717 I/a2dp_codec( 2483): packages/modules/Bluetooth/system/stack/a2dp/a2dp_codec_config.cc:642 init: init: updated Opus codec priority to -1
05-31 18:43:20.717 I/a2dp_codec( 2483): packages/modules/Bluetooth/system/stack/a2dp/a2dp_codec_config.cc:116 createCodec: SBC SINK
05-31 18:43:20.717 I/a2dp_codec( 2483): packages/modules/Bluetooth/system/stack/a2dp/a2dp_codec_config.cc:116 createCodec: AAC SINK
05-31 18:43:20.717 I/a2dp_codec( 2483): packages/modules/Bluetooth/system/stack/a2dp/a2dp_codec_config.cc:116 createCodec: LDAC SINK
05-31 18:43:20.718 I/a2dp_vendor_ldac_decoder( 2483): packages/modules/Bluetooth/system/stack/a2dp/a2dp_vendor_ldac_decoder.cc:130 A2DP_VendorLoadDecoderLdac: A2DP_VendorLoadDecoderLdac: cannot open LDAC decoder library libldacBT_bco.so: dlopen failed: library "libldacBT_bco.so" not found
05-31 18:43:20.718 E/a2dp_vendor_ldac( 2483): packages/modules/Bluetooth/system/stack/a2dp/a2dp_vendor_ldac.cc:1422 init: init: cannot load the decoder
05-31 18:43:20.718 I/a2dp_codec( 2483): packages/modules/Bluetooth/system/stack/a2dp/a2dp_codec_config.cc:116 createCodec: Opus SINK
05-31 18:43:20.718 I/a2dp_codec( 2483): packages/modules/Bluetooth/system/stack/a2dp/a2dp_codec_config.cc:667 init: init: initialized Source codec LDAC
05-31 18:43:20.718 I/a2dp_codec( 2483): packages/modules/Bluetooth/system/stack/a2dp/a2dp_codec_config.cc:667 init: init: initialized Source codec aptX-HD
05-31 18:43:20.718 I/a2dp_codec( 2483): packages/modules/Bluetooth/system/stack/a2dp/a2dp_codec_config.cc:667 init: init: initialized Source codec aptX
05-31 18:43:20.718 I/a2dp_codec( 2483): packages/modules/Bluetooth/system/stack/a2dp/a2dp_codec_config.cc:667 init: init: initialized Source codec AAC
05-31 18:43:20.718 I/a2dp_codec( 2483): packages/modules/Bluetooth/system/stack/a2dp/a2dp_codec_config.cc:667 init: init: initialized Source codec SBC
05-31 18:43:20.718 I/a2dp_codec( 2483): packages/modules/Bluetooth/system/stack/a2dp/a2dp_codec_config.cc:674 init: init: initialized Sink codec Opus SINK
05-31 18:43:20.718 I/a2dp_codec( 2483): packages/modules/Bluetooth/system/stack/a2dp/a2dp_codec_config.cc:674 init: init: initialized Sink codec AAC SINK
05-31 18:43:20.718 I/a2dp_codec( 2483): packages/modules/Bluetooth/system/stack/a2dp/a2dp_codec_config.cc:674 init: init: initialized Sink codec SBC SINK
05-31 18:43:20.718 I/a2dp_codec( 2483): packages/modules/Bluetooth/system/stack/a2dp/a2dp_codec_config.cc:601 init: init
05-31 18:43:20.718 I/a2dp_codec( 2483): packages/modules/Bluetooth/system/stack/a2dp/a2dp_codec_config.cc:116 createCodec: SBC
05-31 18:43:20.718 I/a2dp_codec( 2483): packages/modules/Bluetooth/system/stack/a2dp/a2dp_codec_config.cc:642 init: init: updated SBC codec priority to 1001
05-31 18:43:20.718 I/a2dp_codec( 2483): packages/modules/Bluetooth/system/stack/a2dp/a2dp_codec_config.cc:116 createCodec: AAC
05-31 18:43:20.718 I/a2dp_codec( 2483): packages/modules/Bluetooth/system/stack/a2dp/a2dp_codec_config.cc:642 init: init: updated AAC codec priority to 2001
05-31 18:43:20.718 I/a2dp_codec( 2483): packages/modules/Bluetooth/system/stack/a2dp/a2dp_codec_config.cc:116 createCodec: aptX
05-31 18:43:20.718 I/a2dp_codec( 2483): packages/modules/Bluetooth/system/stack/a2dp/a2dp_codec_config.cc:642 init: init: updated aptX codec priority to 3001
05-31 18:43:20.718 I/a2dp_codec( 2483): packages/modules/Bluetooth/system/stack/a2dp/a2dp_codec_config.cc:116 createCodec: aptX-HD
05-31 18:43:20.718 I/a2dp_codec( 2483): packages/modules/Bluetooth/system/stack/a2dp/a2dp_codec_config.cc:642 init: init: updated aptX-HD codec priority to 4001
05-31 18:43:20.718 I/a2dp_codec( 2483): packages/modules/Bluetooth/system/stack/a2dp/a2dp_codec_config.cc:116 createCodec: LDAC
05-31 18:43:20.718 I/a2dp_codec( 2483): packages/modules/Bluetooth/system/stack/a2dp/a2dp_codec_config.cc:642 init: init: updated LDAC codec priority to 5001
05-31 18:43:20.718 I/a2dp_codec( 2483): packages/modules/Bluetooth/system/stack/a2dp/a2dp_codec_config.cc:116 createCodec: LC3 not implemented
