05-31 18:43:20.748 I/bluetooth( 2483): packages/modules/Bluetooth/system/bta/ag/bta_ag_sdp.cc:146 bta_ag_add_record: features: 135023
05-31 18:43:20.748 I/bt_sdp ( 2483): packages/modules/Bluetooth/system/main/bte_logmsg.cc:115 LogMsg: SDP_AddAttribute: handle:10007, id:0004, type:6, len:12, p_val:0xcb7ab678, *p_val:350319010035051900030803
05-31 18:43:20.748 I/bt_sdp ( 2483): packages/modules/Bluetooth/system/main/bte_logmsg.cc:115 LogMsg: SDP_AddAttribute: handle:10007, id:0001, type:6, len:6, p_val:0xcb7ab678, *p_val:19111F191203
05-31 18:43:20.748 I/bt_sdp ( 2483): packages/modules/Bluetooth/system/main/bte_logmsg.cc:115 LogMsg: SDP_AddAttribute: handle:10007, id:0009, type:6, len:8, p_val:0xf47c89d8, *p_val:350619111E090106
05-31 18:43:20.748 I/bt_sdp ( 2483): packages/modules/Bluetooth/system/main/bte_logmsg.cc:115 LogMsg: SDP_AddAttribute: handle:10007, id:0100, type:4, len:18, p_val:0xc4da9c84, *p_val:Handsfree Gateway
05-31 18:43:20.748 I/bt_sdp ( 2483): packages/modules/Bluetooth/system/main/bte_logmsg.cc:115 LogMsg: SDP_AddAttribute: handle:10007, id:0301, type:1, len:1, p_val:0xc4da9b57, *p_val:01
05-31 18:43:20.748 I/bt_sdp ( 2483): packages/modules/Bluetooth/system/main/bte_logmsg.cc:115 LogMsg: SDP_AddAttribute: handle:10007, id:0311, type:1, len:2, p_val:0xc4da9b58, *p_val:012F
05-31 18:43:20.748 I/bt_sdp ( 2483): packages/modules/Bluetooth/system/main/bte_logmsg.cc:115 LogMsg: SDP_AddAttribute: handle:10007, id:0005, type:6, len:3, p_val:0xcb7ab678, *p_val:191002
05-31 18:43:20.748 I/bt_bta_dm( 2483): packages/modules/Bluetooth/system/bta/dm/bta_dm_act.cc:3456 bta_dm_eir_update_uuid: EIR Adding UUID=0x111F into extended inquiry response
05-31 18:43:20.748 I/bt_bta_dm( 2483): packages/modules/Bluetooth/system/bta/dm/bta_dm_act.cc:3155 bta_dm_set_eir: Generating extended inquiry response packet EIR
05-31 18:43:20.748 I/bt_btm ( 2483): packages/modules/Bluetooth/system/main/bte_logmsg.cc:112 LogMsg: Write Extended Inquiry Response to controller
05-31 18:43:20.748 D/bt_shim_hci( 2483): packages/modules/Bluetooth/system/main/shim/hci_layer.cc:367 transmit_command: Sending command WRITE_EXTENDED_INQUIRY_RESPONSE
05-31 18:43:20.748 I/bt_rfcomm( 2483): packages/modules/Bluetooth/system/main/bte_logmsg.cc:115 LogMsg: port_allocate_port: rfc_cb.port.port[1]:0xc62365f0 chosen, last_port_index:1, bd_addr=ff:ff:ff:ff:ff:ff
05-31 18:43:20.748 I/bt_stack( 2483): [INFO:port_api.cc(220)] RFCOMM_CreateConnectionWithSecurity: bd_addr=ff:ff:ff:ff:ff:ff, scn=2, is_server=1, mtu=256, uuid=0x1112, dlci=4, signal_state=0x0b, p_port=0xc62365f0
05-31 18:43:20.748 I/bt_rfcomm( 2483): packages/modules/Bluetooth/system/main/bte_logmsg.cc:112 LogMsg: PORT_SetEventMask() handle:2 mask:0x1
05-31 18:43:20.748 I/bt_rfcomm( 2483): packages/modules/Bluetooth/system/main/bte_logmsg.cc:112 LogMsg: PORT_SetEventCallback() handle:2
05-31 18:43:20.748 I/bt_btif ( 2483): packages/modules/Bluetooth/system/main/bte_logmsg.cc:115 LogMsg: bta_ag_start_servers: p_scb=0xc62015e8, services=0x0003, mgmt_cback_index=0
05-31 18:43:20.748 I/bt_rfcomm( 2483): packages/modules/Bluetooth/system/main/bte_logmsg.cc:115 LogMsg: port_allocate_port: rfc_cb.port.port[2]:0xc6236678 chosen, last_port_index:2, bd_addr=ff:ff:ff:ff:ff:ff
05-31 18:43:20.748 I/bt_stack( 2483): [INFO:port_api.cc(220)] RFCOMM_CreateConnectionWithSecurity: bd_addr=ff:ff:ff:ff:ff:ff, scn=3, is_server=1, mtu=256, uuid=0x111f, dlci=6, signal_state=0x0b, p_port=0xc6236678
05-31 18:43:20.748 I/bt_rfcomm( 2483): packages/modules/Bluetooth/system/main/bte_logmsg.cc:112 LogMsg: PORT_SetEventMask() handle:3 mask:0x1
05-31 18:43:20.748 I/bt_rfcomm( 2483): packages/modules/Bluetooth/system/main/bte_logmsg.cc:112 LogMsg: PORT_SetEventCallback() handle:3
05-31 18:43:20.748 I/bt_btif ( 2483): packages/modules/Bluetooth/system/main/bte_logmsg.cc:115 LogMsg: bta_ag_start_servers: p_scb=0xc62015e8, services=0x0001, mgmt_cback_index=0
05-31 18:43:20.748 I/bt_btif ( 2483): packages/modules/Bluetooth/system/main/bte_logmsg.cc:115 LogMsg: btif_transfer_context event 1, len 6
05-31 18:43:20.749 I/bt_btif ( 2483): packages/modules/Bluetooth/system/main/bte_logmsg.cc:115 LogMsg: bta_ag_scb_alloc 2
05-31 18:43:20.749 D/bluetooth( 2483): packages/modules/Bluetooth/system/bta/ag/bta_ag_main.cc:479 bta_ag_api_register: bta_ag_api_register: p_scb allocation success
05-31 18:43:20.749 D/bt_btif_hf( 2483): packages/modules/Bluetooth/system/btif/src/btif_hf.cc:328 btif_hf_upstreams_evt: HF Upstream event:BTA_AG_REGISTER_EVT
05-31 18:43:20.749 D/bt_btif_hf( 2483): packages/modules/Bluetooth/system/btif/src/btif_hf.cc:343 btif_hf_upstreams_evt: BTA_AG_REGISTER_EVT idx:0 btif_hf_cb.handle = 1
05-31 18:43:20.749 D/bluetooth( 2483): packages/modules/Bluetooth/system/bta/ag/bta_ag_main.cc:740 bta_ag_sm_execute: Execute AG event handle:0x0002 bd_addr:00:00:00:00:00:00 state:BTA_AG_INIT_ST[0x00] event:BTA_AG_API_REGISTER_EVT[0x0500] result:Unknown AG Result[0x48]
05-31 18:43:20.749 D/ActivityAttributionService( 2483): notifyActivityAttributionInfo UID=1002 packageName=com.android.bluetooth deviceAddress=no_active_device_address
05-31 18:43:20.749 I/bt_btif ( 2483): packages/modules/Bluetooth/system/btif/src/bluetooth.cc:829 get_profile_interface: get_profile_interface: id = activity_attribution
05-31 18:43:20.749 I/bt_rfcomm( 2483): packages/modules/Bluetooth/system/main/bte_logmsg.cc:115 LogMsg: port_allocate_port: rfc_cb.port.port[3]:0xc6236700 chosen, last_port_index:3, bd_addr=ff:ff:ff:ff:ff:ff
05-31 18:43:20.749 I/bt_stack( 2483): [INFO:port_api.cc(220)] RFCOMM_CreateConnectionWithSecurity: bd_addr=ff:ff:ff:ff:ff:ff, scn=2, is_server=1, mtu=256, uuid=0x1112, dlci=4, signal_state=0x0b, p_port=0xc6236700
05-31 18:43:20.749 I/bt_rfcomm( 2483): packages/modules/Bluetooth/system/main/bte_logmsg.cc:112 LogMsg: PORT_SetEventMask() handle:4 mask:0x1
05-31 18:43:20.749 I/bt_rfcomm( 2483): packages/modules/Bluetooth/system/main/bte_logmsg.cc:112 LogMsg: PORT_SetEventCallback() handle:4
05-31 18:43:20.749 I/bt_btif ( 2483): packages/modules/Bluetooth/system/main/bte_logmsg.cc:115 LogMsg: bta_ag_start_servers: p_scb=0xc6201994, services=0x0003, mgmt_cback_index=1
05-31 18:43:20.749 I/bt_rfcomm( 2483): packages/modules/Bluetooth/system/main/bte_logmsg.cc:115 LogMsg: port_allocate_port: rfc_cb.port.port[4]:0xc6236788 chosen, last_port_index:4, bd_addr=ff:ff:ff:ff:ff:ff
05-31 18:43:20.749 I/bt_stack( 2483): [INFO:port_api.cc(220)] RFCOMM_CreateConnectionWithSecurity: bd_addr=ff:ff:ff:ff:ff:ff, scn=3, is_server=1, mtu=256, uuid=0x111f, dlci=6, signal_state=0x0b, p_port=0xc6236788
05-31 18:43:20.749 I/bt_rfcomm( 2483): packages/modules/Bluetooth/system/main/bte_logmsg.cc:112 LogMsg: PORT_SetEventMask() handle:5 mask:0x1
05-31 18:43:20.749 I/bt_rfcomm( 2483): packages/modules/Bluetooth/system/main/bte_logmsg.cc:112 LogMsg: PORT_SetEventCallback() handle:5
05-31 18:43:20.749 I/bt_btif ( 2483): packages/modules/Bluetooth/system/main/bte_logmsg.cc:115 LogMsg: bta_ag_start_servers: p_scb=0xc6201994, services=0x0001, mgmt_cback_index=1
05-31 18:43:20.749 I/bt_btif ( 2483): packages/modules/Bluetooth/system/main/bte_logmsg.cc:115 LogMsg: btif_transfer_context event 1, len 6
05-31 18:43:20.749 I/bt_btif ( 2483): packages/modules/Bluetooth/system/main/bte_logmsg.cc:115 LogMsg: bta_ag_scb_alloc 3
05-31 18:43:20.749 D/bluetooth( 2483): packages/modules/Bluetooth/system/bta/ag/bta_ag_main.cc:479 bta_ag_api_register: bta_ag_api_register: p_scb allocation success
05-31 18:43:20.749 D/bt_btif_hf( 2483): packages/modules/Bluetooth/system/btif/src/btif_hf.cc:328 btif_hf_upstreams_evt: HF Upstream event:BTA_AG_REGISTER_EVT
05-31 18:43:20.749 D/bt_btif_hf( 2483): packages/modules/Bluetooth/system/btif/src/btif_hf.cc:343 btif_hf_upstreams_evt: BTA_AG_REGISTER_EVT idx:1 btif_hf_cb.handle = 2
05-31 18:43:20.749 D/bluetooth( 2483): packages/modules/Bluetooth/system/bta/ag/bta_ag_main.cc:740 bta_ag_sm_execute: Execute AG event handle:0x0003 bd_addr:00:00:00:00:00:00 state:BTA_AG_INIT_ST[0x00] event:BTA_AG_API_REGISTER_EVT[0x0500] result:Unknown AG Result[0x48]
05-31 18:43:20.750 I/bt_rfcomm( 2483): packages/modules/Bluetooth/system/main/bte_logmsg.cc:115 LogMsg: port_allocate_port: rfc_cb.port.port[5]:0xc6236810 chosen, last_port_index:5, bd_addr=ff:ff:ff:ff:ff:ff
05-31 18:43:20.750 D/HearingAidService( 2483): create()
05-31 18:43:20.750 I/bt_stack( 2483): [INFO:port_api.cc(220)] RFCOMM_CreateConnectionWithSecurity: bd_addr=ff:ff:ff:ff:ff:ff, scn=2, is_server=1, mtu=256, uuid=0x1112, dlci=4, signal_state=0x0b, p_port=0xc6236810
05-31 18:43:20.750 I/bt_rfcomm( 2483): packages/modules/Bluetooth/system/main/bte_logmsg.cc:112 LogMsg: PORT_SetEventMask() handle:6 mask:0x1
05-31 18:43:20.750 I/bt_rfcomm( 2483): packages/modules/Bluetooth/system/main/bte_logmsg.cc:112 LogMsg: PORT_SetEventCallback() handle:6
05-31 18:43:20.750 I/bt_btif ( 2483): packages/modules/Bluetooth/system/main/bte_logmsg.cc:115 LogMsg: bta_ag_start_servers: p_scb=0xc6201d40, services=0x0003, mgmt_cback_index=2
05-31 18:43:20.750 I/bt_rfcomm( 2483): packages/modules/Bluetooth/system/main/bte_logmsg.cc:115 LogMsg: port_allocate_port: rfc_cb.port.port[6]:0xc6236898 chosen, last_port_index:6, bd_addr=ff:ff:ff:ff:ff:ff
05-31 18:43:20.750 I/bt_stack( 2483): [INFO:port_api.cc(220)] RFCOMM_CreateConnectionWithSecurity: bd_addr=ff:ff:ff:ff:ff:ff, scn=3, is_server=1, mtu=256, uuid=0x111f, dlci=6, signal_state=0x0b, p_port=0xc6236898
05-31 18:43:20.750 I/bt_rfcomm( 2483): packages/modules/Bluetooth/system/main/bte_logmsg.cc:112 LogMsg: PORT_SetEventMask() handle:7 mask:0x1
05-31 18:43:20.750 I/bt_rfcomm( 2483): packages/modules/Bluetooth/system/main/bte_logmsg.cc:112 LogMsg: PORT_SetEventCallback() handle:7
05-31 18:43:20.750 I/bt_btif ( 2483): packages/modules/Bluetooth/system/main/bte_logmsg.cc:115 LogMsg: bta_ag_start_servers: p_scb=0xc6201d40, services=0x0001, mgmt_cback_index=2
05-31 18:43:20.750 I/bt_btif ( 2483): packages/modules/Bluetooth/system/main/bte_logmsg.cc:115 LogMsg: btif_transfer_context event 1, len 6
05-31 18:43:20.750 D/bt_btif_hf( 2483): packages/modules/Bluetooth/system/btif/src/btif_hf.cc:328 btif_hf_upstreams_evt: HF Upstream event:BTA_AG_REGISTER_EVT
05-31 18:43:20.750 D/bt_btif_hf( 2483): packages/modules/Bluetooth/system/btif/src/btif_hf.cc:343 btif_hf_upstreams_evt: BTA_AG_REGISTER_EVT idx:2 btif_hf_cb.handle = 3
05-31 18:43:20.750 I/bt_btif ( 2483): packages/modules/Bluetooth/system/main/bte_logmsg.cc:115 LogMsg: bta_ag_scb_alloc 4
05-31 18:43:20.750 D/bluetooth( 2483): packages/modules/Bluetooth/system/bta/ag/bta_ag_main.cc:479 bta_ag_api_register: bta_ag_api_register: p_scb allocation success
05-31 18:43:20.750 D/bluetooth( 2483): packages/modules/Bluetooth/system/bta/ag/bta_ag_main.cc:740 bta_ag_sm_execute: Execute AG event handle:0x0004 bd_addr:00:00:00:00:00:00 state:BTA_AG_INIT_ST[0x00] event:BTA_AG_API_REGISTER_EVT[0x0500] result:Unknown AG Result[0x48]
05-31 18:43:20.750 I/bt_rfcomm( 2483): packages/modules/Bluetooth/system/main/bte_logmsg.cc:115 LogMsg: port_allocate_port: rfc_cb.port.port[7]:0xc6236920 chosen, last_port_index:7, bd_addr=ff:ff:ff:ff:ff:ff
05-31 18:43:20.750 I/bt_stack( 2483): [INFO:port_api.cc(220)] RFCOMM_CreateConnectionWithSecurity: bd_addr=ff:ff:ff:ff:ff:ff, scn=2, is_server=1, mtu=256, uuid=0x1112, dlci=4, signal_state=0x0b, p_port=0xc6236920
05-31 18:43:20.750 I/bt_rfcomm( 2483): packages/modules/Bluetooth/system/main/bte_logmsg.cc:112 LogMsg: PORT_SetEventMask() handle:8 mask:0x1
05-31 18:43:20.750 I/bt_rfcomm( 2483): packages/modules/Bluetooth/system/main/bte_logmsg.cc:112 LogMsg: PORT_SetEventCallback() handle:8
05-31 18:43:20.750 I/bt_btif ( 2483): packages/modules/Bluetooth/system/main/bte_logmsg.cc:115 LogMsg: bta_ag_start_servers: p_scb=0xc62020ec, services=0x0003, mgmt_cback_index=3
05-31 18:43:20.750 I/bt_rfcomm( 2483): packages/modules/Bluetooth/system/main/bte_logmsg.cc:115 LogMsg: port_allocate_port: rfc_cb.port.port[8]:0xc62369a8 chosen, last_port_index:8, bd_addr=ff:ff:ff:ff:ff:ff
05-31 18:43:20.750 I/bt_stack( 2483): [INFO:port_api.cc(220)] RFCOMM_CreateConnectionWithSecurity: bd_addr=ff:ff:ff:ff:ff:ff, scn=3, is_server=1, mtu=256, uuid=0x111f, dlci=6, signal_state=0x0b, p_port=0xc62369a8
05-31 18:43:20.750 I/bt_rfcomm( 2483): packages/modules/Bluetooth/system/main/bte_logmsg.cc:112 LogMsg: PORT_SetEventMask() handle:9 mask:0x1
05-31 18:43:20.750 I/bt_rfcomm( 2483): packages/modules/Bluetooth/system/main/bte_logmsg.cc:112 LogMsg: PORT_SetEventCallback() handle:9
05-31 18:43:20.750 I/bt_btif ( 2483): packages/modules/Bluetooth/system/main/bte_logmsg.cc:115 LogMsg: bta_ag_start_servers: p_scb=0xc62020ec, services=0x0001, mgmt_cback_index=3
05-31 18:43:20.751 I/bt_btif ( 2483): packages/modules/Bluetooth/system/main/bte_logmsg.cc:115 LogMsg: btif_transfer_context event 1, len 6
05-31 18:43:20.751 I/bt_btif ( 2483): packages/modules/Bluetooth/system/main/bte_logmsg.cc:115 LogMsg: bta_ag_scb_alloc 5
05-31 18:43:20.751 D/bluetooth( 2483): packages/modules/Bluetooth/system/bta/ag/bta_ag_main.cc:479 bta_ag_api_register: bta_ag_api_register: p_scb allocation success
05-31 18:43:20.751 D/bt_btif_hf( 2483): packages/modules/Bluetooth/system/btif/src/btif_hf.cc:328 btif_hf_upstreams_evt: HF Upstream event:BTA_AG_REGISTER_EVT
05-31 18:43:20.751 D/bt_btif_hf( 2483): packages/modules/Bluetooth/system/btif/src/btif_hf.cc:343 btif_hf_upstreams_evt: BTA_AG_REGISTER_EVT idx:3 btif_hf_cb.handle = 4
05-31 18:43:20.751 D/bluetooth( 2483): packages/modules/Bluetooth/system/bta/ag/bta_ag_main.cc:740 bta_ag_sm_execute: Execute AG event handle:0x0005 bd_addr:00:00:00:00:00:00 state:BTA_AG_INIT_ST[0x00] event:BTA_AG_API_REGISTER_EVT[0x0500] result:Unknown AG Result[0x48]
05-31 18:43:20.751 I/bt_rfcomm( 2483): packages/modules/Bluetooth/system/main/bte_logmsg.cc:115 LogMsg: port_allocate_port: rfc_cb.port.port[9]:0xc6236a30 chosen, last_port_index:9, bd_addr=ff:ff:ff:ff:ff:ff
05-31 18:43:20.751 I/bt_stack( 2483): [INFO:port_api.cc(220)] RFCOMM_CreateConnectionWithSecurity: bd_addr=ff:ff:ff:ff:ff:ff, scn=2, is_server=1, mtu=256, uuid=0x1112, dlci=4, signal_state=0x0b, p_port=0xc6236a30
05-31 18:43:20.751 I/bt_rfcomm( 2483): packages/modules/Bluetooth/system/main/bte_logmsg.cc:112 LogMsg: PORT_SetEventMask() handle:10 mask:0x1
05-31 18:43:20.751 I/bt_rfcomm( 2483): packages/modules/Bluetooth/system/main/bte_logmsg.cc:112 LogMsg: PORT_SetEventCallback() handle:10
05-31 18:43:20.751 I/bt_btif ( 2483): packages/modules/Bluetooth/system/main/bte_logmsg.cc:115 LogMsg: bta_ag_start_servers: p_scb=0xc6202498, services=0x0003, mgmt_cback_index=4
05-31 18:43:20.751 I/bt_rfcomm( 2483): packages/modules/Bluetooth/system/main/bte_logmsg.cc:115 LogMsg: port_allocate_port: rfc_cb.port.port[10]:0xc6236ab8 chosen, last_port_index:10, bd_addr=ff:ff:ff:ff:ff:ff
05-31 18:43:20.751 I/bt_stack( 2483): [INFO:port_api.cc(220)] RFCOMM_CreateConnectionWithSecurity: bd_addr=ff:ff:ff:ff:ff:ff, scn=3, is_server=1, mtu=256, uuid=0x111f, dlci=6, signal_state=0x0b, p_port=0xc6236ab8
05-31 18:43:20.751 I/bt_rfcomm( 2483): packages/modules/Bluetooth/system/main/bte_logmsg.cc:112 LogMsg: PORT_SetEventMask() handle:11 mask:0x1
05-31 18:43:20.751 I/bt_rfcomm( 2483): packages/modules/Bluetooth/system/main/bte_logmsg.cc:112 LogMsg: PORT_SetEventCallback() handle:11
05-31 18:43:20.751 I/bt_btif ( 2483): packages/modules/Bluetooth/system/main/bte_logmsg.cc:115 LogMsg: bta_ag_start_servers: p_scb=0xc6202498, services=0x0001, mgmt_cback_index=4
05-31 18:43:20.751 I/bt_btif ( 2483): packages/modules/Bluetooth/system/main/bte_logmsg.cc:115 LogMsg: btif_transfer_context event 1, len 6
05-31 18:43:20.751 D/bt_btif_hf( 2483): packages/modules/Bluetooth/system/btif/src/btif_hf.cc:328 btif_hf_upstreams_evt: HF Upstream event:BTA_AG_REGISTER_EVT
05-31 18:43:20.751 D/bt_btif_hf( 2483): packages/modules/Bluetooth/system/btif/src/btif_hf.cc:343 btif_hf_upstreams_evt: BTA_AG_REGISTER_EVT idx:4 btif_hf_cb.handle = 5
05-31 18:43:20.751 I/bt_btif ( 2483): packages/modules/Bluetooth/system/main/bte_logmsg.cc:115 LogMsg: bta_ag_scb_alloc 6
05-31 18:43:20.751 D/bluetooth( 2483): packages/modules/Bluetooth/system/bta/ag/bta_ag_main.cc:479 bta_ag_api_register: bta_ag_api_register: p_scb allocation success
05-31 18:43:20.751 D/bluetooth( 2483): packages/modules/Bluetooth/system/bta/ag/bta_ag_main.cc:740 bta_ag_sm_execute: Execute AG event handle:0x0006 bd_addr:00:00:00:00:00:00 state:BTA_AG_INIT_ST[0x00] event:BTA_AG_API_REGISTER_EVT[0x0500] result:Unknown AG Result[0x48]
05-31 18:43:20.751 I/bt_rfcomm( 2483): packages/modules/Bluetooth/system/main/bte_logmsg.cc:115 LogMsg: port_allocate_port: rfc_cb.port.port[11]:0xc6236b40 chosen, last_port_index:11, bd_addr=ff:ff:ff:ff:ff:ff
05-31 18:43:20.751 I/bt_stack( 2483): [INFO:port_api.cc(220)] RFCOMM_CreateConnectionWithSecurity: bd_addr=ff:ff:ff:ff:ff:ff, scn=2, is_server=1, mtu=256, uuid=0x1112, dlci=4, signal_state=0x0b, p_port=0xc6236b40
05-31 18:43:20.751 I/bt_rfcomm( 2483): packages/modules/Bluetooth/system/main/bte_logmsg.cc:112 LogMsg: PORT_SetEventMask() handle:12 mask:0x1
05-31 18:43:20.751 I/bt_rfcomm( 2483): packages/modules/Bluetooth/system/main/bte_logmsg.cc:112 LogMsg: PORT_SetEventCallback() handle:12
05-31 18:43:20.751 I/bt_btif ( 2483): packages/modules/Bluetooth/system/main/bte_logmsg.cc:115 LogMsg: bta_ag_start_servers: p_scb=0xc6202844, services=0x0003, mgmt_cback_index=5
05-31 18:43:20.751 I/bt_rfcomm( 2483): packages/modules/Bluetooth/system/main/bte_logmsg.cc:115 LogMsg: port_allocate_port: rfc_cb.port.port[12]:0xc6236bc8 chosen, last_port_index:12, bd_addr=ff:ff:ff:ff:ff:ff
05-31 18:43:20.751 I/bt_stack( 2483): [INFO:port_api.cc(220)] RFCOMM_CreateConnectionWithSecurity: bd_addr=ff:ff:ff:ff:ff:ff, scn=3, is_server=1, mtu=256, uuid=0x111f, dlci=6, signal_state=0x0b, p_port=0xc6236bc8
05-31 18:43:20.752 I/bt_rfcomm( 2483): packages/modules/Bluetooth/system/main/bte_logmsg.cc:112 LogMsg: PORT_SetEventMask() handle:13 mask:0x1
05-31 18:43:20.752 I/bt_rfcomm( 2483): packages/modules/Bluetooth/system/main/bte_logmsg.cc:112 LogMsg: PORT_SetEventCallback() handle:13
05-31 18:43:20.752 I/bt_btif ( 2483): packages/modules/Bluetooth/system/main/bte_logmsg.cc:115 LogMsg: bta_ag_start_servers: p_scb=0xc6202844, services=0x0001, mgmt_cback_index=5
05-31 18:43:20.752 I/bt_btif ( 2483): packages/modules/Bluetooth/system/main/bte_logmsg.cc:115 LogMsg: btif_transfer_context event 1, len 6
05-31 18:43:20.752 D/bt_btif_hf( 2483): packages/modules/Bluetooth/system/btif/src/btif_hf.cc:328 btif_hf_upstreams_evt: HF Upstream event:BTA_AG_REGISTER_EVT
05-31 18:43:20.752 D/bt_btif_hf( 2483): packages/modules/Bluetooth/system/btif/src/btif_hf.cc:343 btif_hf_upstreams_evt: BTA_AG_REGISTER_EVT idx:5 btif_hf_cb.handle = 6
05-31 18:43:20.753 D/bt_shim_hci( 2483): packages/modules/Bluetooth/system/main/shim/hci_layer.cc:331 OnTransmitPacketCommandComplete: Received cmd complete for WRITE_VOICE_SETTING
05-31 18:43:20.754 D/HearingAidService( 2483): start()
05-31 18:43:20.754 I/bt_stack( 2483): [INFO:com_android_bluetooth_hearing_aid.cpp(97)] classInitNative: succeeds
05-31 18:43:20.755 D/HearingAidService( 2483): setHearingAidService(): set to: com.android.bluetooth.hearingaid.HearingAidService@6bd952d
05-31 18:43:20.756 I/bt_btif ( 2483): packages/modules/Bluetooth/system/btif/src/bluetooth.cc:829 get_profile_interface: get_profile_interface: id = hearing_aid
05-31 18:43:20.756 D/bt_shim_hci( 2483): packages/modules/Bluetooth/system/main/shim/hci_layer.cc:331 OnTransmitPacketCommandComplete: Received cmd complete for WRITE_EXTENDED_INQUIRY_RESPONSE
05-31 18:43:20.756 D/bluetooth( 2483): packages/modules/Bluetooth/system/bta/hearing_aid/hearing_aid.cc:291 HearingAidImpl: default_data_interval_ms=20
05-31 18:43:20.756 D/ActivityAttributionService( 2483): notifyActivityAttributionInfo UID=1002 packageName=com.android.bluetooth deviceAddress=no_active_device_address
05-31 18:43:20.756 D/bta_gattc_api( 2483): packages/modules/Bluetooth/system/bta/gatt/bta_gattc_api.cc:83 BTA_GATTC_AppRegister: eatt_support=0
05-31 18:43:20.756 I/bt_btif ( 2483): packages/modules/Bluetooth/system/btif/src/bluetooth.cc:829 get_profile_interface: get_profile_interface: id = activity_attribution
05-31 18:43:20.756 I/bt_stack( 2483): [INFO:hearing_aid_software_encoding_aidl.cc(182)] init
01-01 08:00:43.999 I/[2 T232 ..] servicemanager( 0): Found android.hardware.bluetooth.audio.IBluetoothAudioProviderFactory/default in device VINTF manifest.
05-31 18:43:20.758 D/bt_shim_hci( 2483): packages/modules/Bluetooth/system/main/shim/hci_layer.cc:331 OnTransmitPacketCommandComplete: Received cmd complete for WRITE_EXTENDED_INQUIRY_RESPONSE
05-31 18:43:20.758 I/bt_btif ( 2483): packages/modules/Bluetooth/system/btif/src/bluetooth.cc:829 get_profile_interface: get_profile_interface: id = hidhost
05-31 18:43:20.758 I/bt_btif ( 2483): packages/modules/Bluetooth/system/main/bte_logmsg.cc:112 LogMsg: btif_hh_get_interface
05-31 18:43:20.758 I/bt_btif ( 2483): packages/modules/Bluetooth/system/main/bte_logmsg.cc:112 LogMsg: init
05-31 18:43:20.758 I/bt_btif ( 2483): packages/modules/Bluetooth/system/main/bte_logmsg.cc:115 LogMsg: btif_enable_service: current services:0x20100048
05-31 18:43:20.758 I/bt_btif ( 2483): packages/modules/Bluetooth/system/main/bte_logmsg.cc:115 LogMsg: btif_in_execute_service_request service_id: 20
05-31 18:43:20.759 I/bt_btif_storage( 2483): packages/modules/Bluetooth/system/btif/src/btif_storage.cc:653 btif_storage_get_adapter_property: btif_storage_get_adapter_property service_mask:0x20100048
05-31 18:43:20.759 I/bt_btif ( 2483): packages/modules/Bluetooth/system/main/bte_logmsg.cc:112 LogMsg: operator(): HAL bt_hal_cbacks->adapter_properties_cb
05-31 18:43:20.760 I/BTAudioProviderFactoryAIDL( 482): getProviderCapabilities - SessionType=HEARING_AID_SOFTWARE_ENCODING_DATAPATH supports 1 codecs
05-31 18:43:20.760 I/bt_stack( 2483): [INFO:client_interface_aidl.cc(124)] FetchAudioProvider: BluetoothAudioHal SessionType=HEARING_AID_SOFTWARE_ENCODING_DATAPATH has 1 AudioCapabilities
05-31 18:43:20.760 I/BTAudioProviderFactoryAIDL( 482): openProvider - SessionType=HEARING_AID_SOFTWARE_ENCODING_DATAPATH
05-31 18:43:20.760 I/BTAudioProviderHearingAid( 482): HearingAidAudioProvider - size of audio buffer 3584 byte(s)
05-31 18:43:20.761 I/bt_stack( 2483): [INFO:client_interface_aidl.cc(143)] IBluetoothAudioProvidersFactory::openProvider() returned 0xf4ba6310 (remote)
05-31 18:43:20.761 D/bt_bta_gattc( 2483): packages/modules/Bluetooth/system/bta/gatt/bta_gattc_act.cc:177 bta_gattc_register: state: 2, uuid=ca6e0873-18f2-4bc2-4daf-6e6a8fc07e50
05-31 18:43:20.761 I/bluetooth( 2483): packages/modules/Bluetooth/system/stack/gatt/gatt_api.cc:1257 GATT_Register: Allocated name:GattClient uuid:ca6e0873-18f2-4bc2-4daf-6e6a8fc07e50 gatt_if:4 eatt_support:0
05-31 18:43:20.761 D/bt_bta_gattc( 2483): packages/modules/Bluetooth/system/bta/gatt/bta_gattc_act.cc:205 bta_gattc_register: Registered GATT client interface 4 with uuid=ca6e0873-18f2-4bc2-4daf-6e6a8fc07e50, starting it on main thread
05-31 18:43:20.761 I/bt_l2cap( 2483): packages/modules/Bluetooth/system/stack/l2cap/l2c_api.cc:172 L2CA_Register: L2CAP Registered service classic PSM: 0x0011
05-31 18:43:20.761 I/bt_btm ( 2483): packages/modules/Bluetooth/system/main/bte_logmsg.cc:112 LogMsg: BTM_SetSecurityLevel : sec: 0x36
05-31 18:43:20.761 D/bt_btm_sec( 2483): packages/modules/Bluetooth/system/stack/btm/btm_sec.cc:557 BTM_SetSecurityLevel: [7]: id:0, is_orig:false psm:0x0011 proto_id:0 chan_id:0 : sec:0x1086 service_name:[] (up to 21 chars saved)
05-31 18:43:20.761 I/bt_l2cap( 2483): packages/modules/Bluetooth/system/stack/l2cap/l2c_api.cc:172 L2CA_Register: L2CAP Registered service classic PSM: 0x0013
05-31 18:43:20.761 I/bt_btm ( 2483): packages/modules/Bluetooth/system/main/bte_logmsg.cc:112 LogMsg: BTM_SetSecurityLevel : sec: 0x36
05-31 18:43:20.761 D/bt_btm_sec( 2483): packages/modules/Bluetooth/system/stack/btm/btm_sec.cc:557 BTM_SetSecurityLevel: [8]: id:0, is_orig:false psm:0x0013 proto_id:0 chan_id:0 : sec:0x1086 service_name:[] (up to 21 chars saved)
05-31 18:43:20.761 D/bta_gattc_api( 2483): packages/modules/Bluetooth/system/bta/gatt/bta_gattc_api.cc:83 BTA_GATTC_AppRegister: eatt_support=0
05-31 18:43:20.761 D/bt_bta_gattc( 2483): packages/modules/Bluetooth/system/bta/gatt/bta_gattc_act.cc:162 bta_gattc_start_if: client_if=4
05-31 18:43:20.761 D/bluetooth( 2483): packages/modules/Bluetooth/system/stack/gatt/gatt_api.cc:1362 GATT_StartIf: Starting GATT interface gatt_if_:4
01-01 08:00:44.001 I/[3 T232 ..] servicemanager( 0): Found android.hardware.bluetooth.audio.IBluetoothAudioProviderFactory/default in device VINTF manifest.
05-31 18:43:20.761 D/gatt_utils( 2483): packages/modules/Bluetooth/system/stack/gatt/gatt_utils.cc:264 gatt_find_the_connected_bda: start_idx=0
05-31 18:43:20.761 D/gatt_utils( 2483): packages/modules/Bluetooth/system/stack/gatt/gatt_utils.cc:276 gatt_find_the_connected_bda: found=0 found_idx=7
05-31 18:43:20.761 D/bt_bta_gattc( 2483): packages/modules/Bluetooth/system/bta/gatt/bta_gattc_act.cc:177 bta_gattc_register: state: 2, uuid=b7bee5a6-8383-a0cf-9f18-37d2c47bceb8
05-31 18:43:20.762 I/bluetooth( 2483): packages/modules/Bluetooth/system/stack/gatt/gatt_api.cc:1257 GATT_Register: Allocated name:GattClient uuid:b7bee5a6-8383-a0cf-9f18-37d2c47bceb8 gatt_if:5 eatt_support:0
05-31 18:43:20.762 D/bt_bta_gattc( 2483): packages/modules/Bluetooth/system/bta/gatt/bta_gattc_act.cc:205 bta_gattc_register: Registered GATT client interface 5 with uuid=b7bee5a6-8383-a0cf-9f18-37d2c47bceb8, starting it on main thread
05-31 18:43:20.762 I/bt_btif ( 2483): packages/modules/Bluetooth/system/main/bte_logmsg.cc:115 LogMsg: btif_transfer_context event 0, len 1
05-31 18:43:20.762 D/bt_bta_gattc( 2483): packages/modules/Bluetooth/system/bta/gatt/bta_gattc_act.cc:162 bta_gattc_start_if: client_if=5
05-31 18:43:20.762 D/bluetooth( 2483): packages/modules/Bluetooth/system/stack/gatt/gatt_api.cc:1362 GATT_StartIf: Starting GATT interface gatt_if_:5
05-31 18:43:20.762 D/gatt_utils( 2483): packages/modules/Bluetooth/system/stack/gatt/gatt_utils.cc:264 gatt_find_the_connected_bda: start_idx=0
05-31 18:43:20.762 D/gatt_utils( 2483): packages/modules/Bluetooth/system/stack/gatt/gatt_utils.cc:276 gatt_find_the_connected_bda: found=0 found_idx=7
05-31 18:43:20.762 I/bt_btif ( 2483): packages/modules/Bluetooth/system/main/bte_logmsg.cc:115 LogMsg: btif_hh_upstreams_evt: event=BTA_HH_ENABLE_EVT dereg = 0
05-31 18:43:20.762 I/bt_btif ( 2483): packages/modules/Bluetooth/system/main/bte_logmsg.cc:115 LogMsg: btif_hh_upstreams_evt: BTA_HH_ENABLE_EVT: status =0
05-31 18:43:20.762 I/bt_btif ( 2483): packages/modules/Bluetooth/system/main/bte_logmsg.cc:115 LogMsg: btif_hh_upstreams_evt--Loading added devices
05-31 18:43:20.762 I/bt_btif ( 2483): packages/modules/Bluetooth/system/main/bte_logmsg.cc:115 LogMsg: Remote device:xx:xx:xx:xx:c0:82
05-31 18:43:20.762 I/bt_btif ( 2483): packages/modules/Bluetooth/system/main/bte_logmsg.cc:115 LogMsg: btif_in_fetch_bonded_ble_device Found a LE device: e4:bb:d3:57:c0:82
05-31 18:43:20.762 W/bt_stack( 2483): [WARNING:btif_hh.cc(467)] Added device xx:xx:xx:xx:c0:82
05-31 18:43:20.762 I/bt_btif ( 2483): packages/modules/Bluetooth/system/main/bte_logmsg.cc:112 LogMsg: bta_sys_event: Event 0x170a
05-31 18:43:20.762 I/bt_btif ( 2483): packages/modules/Bluetooth/system/main/bte_logmsg.cc:115 LogMsg: in_use ? [0] kdev[0].hid_handle = 255 state = [1]
05-31 18:43:20.762 I/bt_btif ( 2483): packages/modules/Bluetooth/system/main/bte_logmsg.cc:115 LogMsg: in_use ? [0] kdev[1].hid_handle = 255 state = [1]
05-31 18:43:20.762 I/bt_btif ( 2483): packages/modules/Bluetooth/system/main/bte_logmsg.cc:115 LogMsg: in_use ? [0] kdev[2].hid_handle = 255 state = [1]
05-31 18:43:20.762 I/bt_btif ( 2483): packages/modules/Bluetooth/system/main/bte_logmsg.cc:115 LogMsg: in_use ? [0] kdev[3].hid_handle = 255 state = [1]
05-31 18:43:20.762 I/bt_btif ( 2483): packages/modules/Bluetooth/system/main/bte_logmsg.cc:115 LogMsg: in_use ? [0] kdev[4].hid_handle = 255 state = [1]
05-31 18:43:20.762 I/bt_btif ( 2483): packages/modules/Bluetooth/system/main/bte_logmsg.cc:115 LogMsg: in_use ? [0] kdev[5].hid_handle = 255 state = [1]
05-31 18:43:20.762 I/bt_btif ( 2483): packages/modules/Bluetooth/system/main/bte_logmsg.cc:115 LogMsg: in_use ? [0] kdev[6].hid_handle = 255 state = [1]
05-31 18:43:20.762 I/bt_btif ( 2483): packages/modules/Bluetooth/system/main/bte_logmsg.cc:115 LogMsg: in_use ? [0] kdev[7].hid_handle = 255 state = [1]
05-31 18:43:20.762 I/bt_btif ( 2483): packages/modules/Bluetooth/system/main/bte_logmsg.cc:115 LogMsg: in_use ? [0] kdev[8].hid_handle = 255 state = [1]
05-31 18:43:20.762 I/bt_btif ( 2483): packages/modules/Bluetooth/system/main/bte_logmsg.cc:115 LogMsg: in_use ? [0] kdev[9].hid_handle = 255 state = [1]
05-31 18:43:20.763 I/bt_btif ( 2483): packages/modules/Bluetooth/system/main/bte_logmsg.cc:115 LogMsg: in_use ? [0] kdev[10].hid_handle = 255 state = [1]
05-31 18:43:20.763 I/bt_btif ( 2483): packages/modules/Bluetooth/system/main/bte_logmsg.cc:115 LogMsg: in_use ? [0] kdev[11].hid_handle = 255 state = [1]
05-31 18:43:20.763 I/bt_btif ( 2483): packages/modules/Bluetooth/system/main/bte_logmsg.cc:115 LogMsg: in_use ? [0] kdev[12].hid_handle = 255 state = [1]
05-31 18:43:20.763 I/bt_btif ( 2483): packages/modules/Bluetooth/system/main/bte_logmsg.cc:115 LogMsg: in_use ? [0] kdev[13].hid_handle = 255 state = [1]
05-31 18:43:20.763 I/bt_btif ( 2483): packages/modules/Bluetooth/system/main/bte_logmsg.cc:115 LogMsg: bta_hh_find_cb:: index = 0 while max = 14
05-31 18:43:20.763 I/bt_btif ( 2483): packages/modules/Bluetooth/system/main/bte_logmsg.cc:115 LogMsg: bta_hh_hdl_event:: handle = 255 dev_cb[0]
05-31 18:43:20.763 I/bt_btif ( 2483): packages/modules/Bluetooth/system/main/bte_logmsg.cc:112 LogMsg: bta_hh_sm_execute: State 0x01 [BTA_HH_IDLE_ST], Event [BTA_HH_API_MAINT_DEV_EVT]
05-31 18:43:20.763 D/bt_btm_ble( 2483): packages/modules/Bluetooth/system/stack/btm/btm_ble.cc:544 BTM_ReadDevInfo: Determining device_type:BLE addr_type:public
05-31 18:43:20.763 I/bt_btif ( 2483): packages/modules/Bluetooth/system/main/bte_logmsg.cc:115 LogMsg: vendor_id = 0x d product_id = 0x3838 version = 0x 0
05-31 18:43:20.763 I/bt_btif ( 2483): packages/modules/Bluetooth/system/main/bte_logmsg.cc:115 LogMsg: subclass = 0x 0
05-31 18:43:20.763 I/bt_btif ( 2483): packages/modules/Bluetooth/system/main/bte_logmsg.cc:115 LogMsg: bta_hh_trace_dev_db:: Device DB list********************
05-31 18:43:20.763 I/bt_btif ( 2483): packages/modules/Bluetooth/system/main/bte_logmsg.cc:115 LogMsg: kdev[0] in_use[1] handle[16]
05-31 18:43:20.763 I/bt_btif ( 2483): packages/modules/Bluetooth/system/main/bte_logmsg.cc:115 LogMsg: attr_mask[0000] state [1] sub_class[00] index = 0
05-31 18:43:20.763 I/bt_btif ( 2483): packages/modules/Bluetooth/system/main/bte_logmsg.cc:115 LogMsg: kdev[1] in_use[0] handle[255]
05-31 18:43:20.763 I/bt_btif ( 2483): packages/modules/Bluetooth/system/main/bte_logmsg.cc:115 LogMsg: attr_mask[0000] state [1] sub_class[00] index = 1
05-31 18:43:20.763 I/bt_btif ( 2483): packages/modules/Bluetooth/system/main/bte_logmsg.cc:115 LogMsg: kdev[2] in_use[0] handle[255]
05-31 18:43:20.763 I/bt_btif ( 2483): packages/modules/Bluetooth/system/main/bte_logmsg.cc:115 LogMsg: attr_mask[0000] state [1] sub_class[00] index = 2
05-31 18:43:20.763 I/bt_btif ( 2483): packages/modules/Bluetooth/system/main/bte_logmsg.cc:115 LogMsg: kdev[3] in_use[0] handle[255]
05-31 18:43:20.763 I/bt_btif ( 2483): packages/modules/Bluetooth/system/main/bte_logmsg.cc:115 LogMsg: attr_mask[0000] state [1] sub_class[00] index = 3
05-31 18:43:20.763 I/bt_btif ( 2483): packages/modules/Bluetooth/system/main/bte_logmsg.cc:115 LogMsg: kdev[4] in_use[0] handle[255]
05-31 18:43:20.763 I/bt_btif ( 2483): packages/modules/Bluetooth/system/main/bte_logmsg.cc:115 LogMsg: attr_mask[0000] state [1] sub_class[00] index = 4
05-31 18:43:20.763 I/bt_btif ( 2483): packages/modules/Bluetooth/system/main/bte_logmsg.cc:115 LogMsg: kdev[5] in_use[0] handle[255]
05-31 18:43:20.763 I/bt_btif ( 2483): packages/modules/Bluetooth/system/main/bte_logmsg.cc:115 LogMsg: attr_mask[0000] state [1] sub_class[00] index = 5
05-31 18:43:20.763 I/bt_btif ( 2483): packages/modules/Bluetooth/system/main/bte_logmsg.cc:115 LogMsg: kdev[6] in_use[0] handle[255]
05-31 18:43:20.763 I/bt_btif ( 2483): packages/modules/Bluetooth/system/main/bte_logmsg.cc:115 LogMsg: attr_mask[0000] state [1] sub_class[00] index = 6
05-31 18:43:20.763 I/bt_btif ( 2483): packages/modules/Bluetooth/system/main/bte_logmsg.cc:115 LogMsg: kdev[7] in_use[0] handle[255]
05-31 18:43:20.763 I/bt_btif ( 2483): packages/modules/Bluetooth/system/main/bte_logmsg.cc:115 LogMsg: attr_mask[0000] state [1] sub_class[00] index = 7
05-31 18:43:20.763 I/bt_btif ( 2483): packages/modules/Bluetooth/system/main/bte_logmsg.cc:115 LogMsg: kdev[8] in_use[0] handle[255]
05-31 18:43:20.763 I/bt_btif ( 2483): packages/modules/Bluetooth/system/main/bte_logmsg.cc:115 LogMsg: attr_mask[0000] state [1] sub_class[00] index = 8
05-31 18:43:20.763 I/bt_btif ( 2483): packages/modules/Bluetooth/system/main/bte_logmsg.cc:115 LogMsg: kdev[9] in_use[0] handle[255]
05-31 18:43:20.763 I/bt_btif ( 2483): packages/modules/Bluetooth/system/main/bte_logmsg.cc:115 LogMsg: attr_mask[0000] state [1] sub_class[00] index = 9
05-31 18:43:20.763 I/bt_btif ( 2483): packages/modules/Bluetooth/system/main/bte_logmsg.cc:115 LogMsg: kdev[10] in_use[0] handle[255]
05-31 18:43:20.763 I/bt_btif ( 2483): packages/modules/Bluetooth/system/main/bte_logmsg.cc:115 LogMsg: attr_mask[0000] state [1] sub_class[00] index = 10
05-31 18:43:20.763 I/bt_btif ( 2483): packages/modules/Bluetooth/system/main/bte_logmsg.cc:115 LogMsg: kdev[11] in_use[0] handle[255]
05-31 18:43:20.763 I/bt_btif ( 2483): packages/modules/Bluetooth/system/main/bte_logmsg.cc:115 LogMsg: attr_mask[0000] state [1] sub_class[00] index = 11
05-31 18:43:20.763 I/bt_btif ( 2483): packages/modules/Bluetooth/system/main/bte_logmsg.cc:115 LogMsg: kdev[12] in_use[0] handle[255]
05-31 18:43:20.763 I/bt_btif ( 2483): packages/modules/Bluetooth/system/main/bte_logmsg.cc:115 LogMsg: attr_mask[0000] state [1] sub_class[00] index = 12
05-31 18:43:20.763 I/bt_btif ( 2483): packages/modules/Bluetooth/system/main/bte_logmsg.cc:115 LogMsg: kdev[13] in_use[0] handle[255]
05-31 18:43:20.763 I/bt_btif ( 2483): packages/modules/Bluetooth/system/main/bte_logmsg.cc:115 LogMsg: attr_mask[0000] state [1] sub_class[00] index = 13
05-31 18:43:20.763 I/bt_btif ( 2483): packages/modules/Bluetooth/system/main/bte_logmsg.cc:115 LogMsg: *********************************************************
05-31 18:43:20.763 I/bt_btif ( 2483): packages/modules/Bluetooth/system/main/bte_logmsg.cc:115 LogMsg: btif_transfer_context event 11, len 16
05-31 18:43:20.763 D/bluetooth( 2483): packages/modules/Bluetooth/system/stack/gatt/gatt_api.cc:1441 GATT_Connect: Starting background connect gatt_if=5 address=xx:xx:xx:xx:c0:82
05-31 18:43:20.763 D/bluetooth( 2483): packages/modules/Bluetooth/system/stack/gatt/gatt_api.cc:1451 GATT_Connect: Adding to background connect to device:xx:xx:xx:xx:c0:82
05-31 18:43:20.763 D/bluetooth( 2483): packages/modules/Bluetooth/system/stack/gatt/connection_manager.cc:272 background_connect_add: app_id=5, address=xx:xx:xx:xx:c0:82
05-31 18:43:20.763 D/bluetooth( 2483): packages/modules/Bluetooth/system/main/shim/acl.cc:1491 AcceptLeConnectionFrom: AcceptLeConnectionFrom xx:xx:xx:xx:c0:82
05-31 18:43:20.763 D/bluetooth( 2483): packages/modules/Bluetooth/system/stack/gatt/gatt_api.cc:1480 GATT_Connect: p_tcb is null
05-31 18:43:20.763 D/bluetooth( 2483): packages/modules/Bluetooth/system/main/shim/acl.cc:1095 accept_le_connection_from: Allow Le connection from remote:e4:bb:d3:57:c0:82[PUBLIC_DEVICE_ADDRESS]
05-31 18:43:20.763 D/bluetooth( 2483): packages/modules/Bluetooth/system/stack/gatt/gatt_api.cc:1649 GATT_GetConnIdIfConnected: status=0
05-31 18:43:20.763 I/bt_bta_gattc( 2483): packages/modules/Bluetooth/system/bta/gatt/bta_gattc_act.cc:429 bta_gattc_init_bk_conn: Not a connected remote device yet
05-31 18:43:20.764 I/bluetooth( 2483): packages/modules/Bluetooth/system/gd/hci/le_address_manager.cc:178 register_client: Client registered
05-31 18:43:20.764 I/bt_btif ( 2483): packages/modules/Bluetooth/system/main/bte_logmsg.cc:115 LogMsg: btif_hh_upstreams_evt: event=BTA_HH_ADD_DEV_EVT dereg = 0
05-31 18:43:20.764 W/bt_btif ( 2483): packages/modules/Bluetooth/system/main/bte_logmsg.cc:108 LogMsg: BTA_HH_ADD_DEV_EVT: status = 0, handle = 16
05-31 18:43:20.764 I/bluetooth( 2483): packages/modules/Bluetooth/system/gd/hci/le_address_manager.cc:265 ack_pause: Client already in paused state
05-31 18:43:20.766 I/bluetooth( 2483): packages/modules/Bluetooth/system/gd/hci/le_address_manager.cc:596 OnCommandComplete: Received command complete with op_code LE_ADD_DEVICE_TO_FILTER_ACCEPT_LIST
05-31 18:43:20.766 I/bluetooth( 2483): packages/modules/Bluetooth/system/gd/hci/le_address_manager.cc:294 resume_registered_clients: Resuming registered clients
05-31 18:43:20.768 D/BtOppService( 2483): setBluetoothOppService(): set to: com.android.bluetooth.opp.BluetoothOppService@b0b5729
05-31 18:43:20.768 D/ActivityAttributionService( 2483): notifyActivityAttributionInfo UID=1002 packageName=com.android.bluetooth deviceAddress=no_active_device_address
05-31 18:43:20.768 I/bt_btif ( 2483): packages/modules/Bluetooth/system/btif/src/bluetooth.cc:829 get_profile_interface: get_profile_interface: id = activity_attribution
05-31 18:43:20.769 I/bluetooth( 2483): packages/modules/Bluetooth/system/gd/hci/acl_manager/le_impl.h:878 update_connectability_state_after_armed: Le connection state machine armed state:ConnectabilityState::ARMED status:SUCCESS
05-31 18:43:20.770 D/BluetoothPanServiceJni( 2483): initializeNative(L113): pan
05-31 18:43:20.770 I/bt_btif ( 2483): packages/modules/Bluetooth/system/btif/src/bluetooth.cc:829 get_profile_interface: get_profile_interface: id = pan
05-31 18:43:20.771 I/bt_btif ( 2483): packages/modules/Bluetooth/system/main/bte_logmsg.cc:115 LogMsg: stack_initialized = 1, btpan_cb.enabled:0
05-31 18:43:20.771 I/bt_btif ( 2483): packages/modules/Bluetooth/system/main/bte_logmsg.cc:115 LogMsg: jni_initialized = 1, btpan_cb.enabled:0
05-31 18:43:20.771 I/bt_btif ( 2483): packages/modules/Bluetooth/system/main/bte_logmsg.cc:115 LogMsg: Enabling PAN....
05-31 18:43:20.771 I/bt_btif ( 2483): packages/modules/Bluetooth/system/main/bte_logmsg.cc:112 LogMsg: bta_sys_event: Event 0xe0a
05-31 18:43:20.771 I/bt_l2cap( 2483): packages/modules/Bluetooth/system/stack/l2cap/l2c_api.cc:172 L2CA_Register: L2CAP Registered service classic PSM: 0x000f
05-31 18:43:20.771 I/bt_btm ( 2483): packages/modules/Bluetooth/system/main/bte_logmsg.cc:112 LogMsg: BTM_SetSecurityLevel : sec: 0x36
05-31 18:43:20.771 D/bt_btm_sec( 2483): packages/modules/Bluetooth/system/stack/btm/btm_sec.cc:557 BTM_SetSecurityLevel: [9]: id:0, is_orig:false psm:0x000f proto_id:0 chan_id:0 : sec:0x1086 service_name:[] (up to 21 chars saved)
05-31 18:43:20.771 I/bt_btif ( 2483): packages/modules/Bluetooth/system/main/bte_logmsg.cc:112 LogMsg: bta_pan_co_init
05-31 18:43:20.771 I/bt_btif ( 2483): packages/modules/Bluetooth/system/main/bte_logmsg.cc:115 LogMsg: btif_transfer_context event 0, len 12
05-31 18:43:20.771 I/bt_btif ( 2483): packages/modules/Bluetooth/system/main/bte_logmsg.cc:115 LogMsg: BTA_PAN_ENABLE_EVT
05-31 18:43:20.771 I/bt_pan ( 2483): packages/modules/Bluetooth/system/main/bte_logmsg.cc:112 LogMsg: PAN_SetRole() called with role 0x5
05-31 18:43:20.771 I/bt_sdp ( 2483): packages/modules/Bluetooth/system/main/bte_logmsg.cc:115 LogMsg: SDP_CreateRecord ok, num_records:9
05-31 18:43:20.771 I/bt_sdp ( 2483): packages/modules/Bluetooth/system/main/bte_logmsg.cc:115 LogMsg: SDP_AddAttribute: handle:10008, id:0000, type:1, len:4, p_val:0xc4da9cfc, *p_val:00010008
05-31 18:43:20.771 I/bt_sdp ( 2483): packages/modules/Bluetooth/system/main/bte_logmsg.cc:115 LogMsg: SDP_AddAttribute: handle:10008, id:0001, type:6, len:3, p_val:0xcb7a33d8, *p_val:191116
05-31 18:43:20.771 I/bt_sdp ( 2483): packages/modules/Bluetooth/system/main/bte_logmsg.cc:115 LogMsg: SDP_AddAttribute: handle:10008, id:0004, type:6, len:24, p_val:0xc5ac03f6, *p_val:350619010009000F350E19000F0901003506090800090806
05-31 18:43:20.771 I/bt_sdp ( 2483): packages/modules/Bluetooth/system/main/bte_logmsg.cc:115 LogMsg: SDP_AddAttribute: handle:10008, id:0006, type:6, len:9, p_val:0xf47c27f8, *p_val:09656E09006A090100
05-31 18:43:20.771 I/bt_sdp ( 2483): packages/modules/Bluetooth/system/main/bte_logmsg.cc:115 LogMsg: SDP_AddAttribute: handle:10008, id:0009, type:6, len:8, p_val:0xf47c27f8, *p_val:3506191116090100
05-31 18:43:20.771 I/bt_sdp ( 2483): packages/modules/Bluetooth/system/main/bte_logmsg.cc:115 LogMsg: SDP_AddAttribute: handle:10008, id:0100, type:4, len:29, p_val:0xd613d360, *p_val:Android Network Access Point
05-31 18:43:20.771 I/bt_sdp ( 2483): packages/modules/Bluetooth/system/main/bte_logmsg.cc:115 LogMsg: SDP_AddAttribute: handle:10008, id:0101, type:4, len:4, p_val:0xc5a1212f, *p_val:NAP
05-31 18:43:20.771 I/bt_sdp ( 2483): packages/modules/Bluetooth/system/main/bte_logmsg.cc:115 LogMsg: SDP_AddAttribute: handle:10008, id:030A, type:1, len:2, p_val:0xc4da9d22, *p_val:0001
05-31 18:43:20.771 I/bt_sdp ( 2483): packages/modules/Bluetooth/system/main/bte_logmsg.cc:115 LogMsg: SDP_AddAttribute: handle:10008, id:030B, type:1, len:2, p_val:0xc4da9d28, *p_val:0005
05-31 18:43:20.771 I/bt_sdp ( 2483): packages/modules/Bluetooth/system/main/bte_logmsg.cc:115 LogMsg: SDP_AddAttribute: handle:10008, id:030C, type:1, len:4, p_val:0xc4da9d28, *p_val:001312D0
05-31 18:43:20.771 I/bt_sdp ( 2483): packages/modules/Bluetooth/system/main/bte_logmsg.cc:115 LogMsg: SDP_AddAttribute: handle:10008, id:0005, type:6, len:3, p_val:0xcb7a33d8, *p_val:191002
05-31 18:43:20.771 I/bt_bta_dm( 2483): packages/modules/Bluetooth/system/bta/dm/bta_dm_act.cc:3456 bta_dm_eir_update_uuid: EIR Adding UUID=0x1116 into extended inquiry response
05-31 18:43:20.771 I/bt_bta_dm( 2483): packages/modules/Bluetooth/system/bta/dm/bta_dm_act.cc:3155 bta_dm_set_eir: Generating extended inquiry response packet EIR
05-31 18:43:20.771 I/bt_btm ( 2483): packages/modules/Bluetooth/system/main/bte_logmsg.cc:112 LogMsg: Write Extended Inquiry Response to controller
05-31 18:43:20.771 D/bt_shim_hci( 2483): packages/modules/Bluetooth/system/main/shim/hci_layer.cc:367 transmit_command: Sending command WRITE_EXTENDED_INQUIRY_RESPONSE
05-31 18:43:20.771 I/bt_sdp ( 2483): packages/modules/Bluetooth/system/main/bte_logmsg.cc:115 LogMsg: SDP_CreateRecord ok, num_records:10
05-31 18:43:20.771 I/bt_sdp ( 2483): packages/modules/Bluetooth/system/main/bte_logmsg.cc:115 LogMsg: SDP_AddAttribute: handle:10009, id:0000, type:1, len:4, p_val:0xc4da9cfc, *p_val:00010009
05-31 18:43:20.772 I/bt_sdp ( 2483): packages/modules/Bluetooth/system/main/bte_logmsg.cc:115 LogMsg: SDP_AddAttribute: handle:10009, id:0001, type:6, len:3, p_val:0xcb7a33d8, *p_val:191115
05-31 18:43:20.772 I/bt_sdp ( 2483): packages/modules/Bluetooth/system/main/bte_logmsg.cc:115 LogMsg: SDP_AddAttribute: handle:10009, id:0004, type:6, len:24, p_val:0xc5ac03f6, *p_val:350619010009000F350E19000F0901003506090800090806
05-31 18:43:20.772 I/bt_sdp ( 2483): packages/modules/Bluetooth/system/main/bte_logmsg.cc:115 LogMsg: SDP_AddAttribute: handle:10009, id:0006, type:6, len:9, p_val:0xf47c27f8, *p_val:09656E09006A090100
05-31 18:43:20.772 I/bt_sdp ( 2483): packages/modules/Bluetooth/system/main/bte_logmsg.cc:115 LogMsg: SDP_AddAttribute: handle:10009, id:0009, type:6, len:8, p_val:0xf47c27f8, *p_val:3506191115090100
05-31 18:43:20.772 I/bt_sdp ( 2483): packages/modules/Bluetooth/system/main/bte_logmsg.cc:115 LogMsg: SDP_AddAttribute: handle:10009, id:0100, type:4, len:21, p_val:0xd613d300, *p_val:Android Network User
05-31 18:43:20.772 I/bt_sdp ( 2483): packages/modules/Bluetooth/system/main/bte_logmsg.cc:115 LogMsg: SDP_AddAttribute: handle:10009, id:0101, type:4, len:5, p_val:0xc5a879c9, *p_val:PANU
05-31 18:43:20.772 I/bt_sdp ( 2483): packages/modules/Bluetooth/system/main/bte_logmsg.cc:115 LogMsg: SDP_AddAttribute: handle:10009, id:030A, type:1, len:2, p_val:0xc4da9d22, *p_val:0001
05-31 18:43:20.772 I/bt_sdp ( 2483): packages/modules/Bluetooth/system/main/bte_logmsg.cc:115 LogMsg: SDP_AddAttribute: handle:10009, id:0005, type:6, len:3, p_val:0xcb7a33d8, *p_val:191002
05-31 18:43:20.772 I/bt_bta_dm( 2483): packages/modules/Bluetooth/system/bta/dm/bta_dm_act.cc:3456 bta_dm_eir_update_uuid: EIR Adding UUID=0x1115 into extended inquiry response
05-31 18:43:20.772 I/bt_bta_dm( 2483): packages/modules/Bluetooth/system/bta/dm/bta_dm_act.cc:3155 bta_dm_set_eir: Generating extended inquiry response packet EIR
05-31 18:43:20.772 I/bt_btm ( 2483): packages/modules/Bluetooth/system/main/bte_logmsg.cc:112 LogMsg: Write Extended Inquiry Response to controller
05-31 18:43:20.772 D/bt_shim_hci( 2483): packages/modules/Bluetooth/system/main/shim/hci_layer.cc:367 transmit_command: Sending command WRITE_EXTENDED_INQUIRY_RESPONSE
05-31 18:43:20.772 I/bt_pan ( 2483): packages/modules/Bluetooth/system/main/bte_logmsg.cc:112 LogMsg: PAN role set to: 5
05-31 18:43:20.772 I/bt_bta_dm( 2483): packages/modules/Bluetooth/system/bta/dm/bta_dm_act.cc:3456 bta_dm_eir_update_uuid: EIR Adding UUID=0x1116 into extended inquiry response
05-31 18:43:20.772 I/bt_bta_dm( 2483): packages/modules/Bluetooth/system/bta/dm/bta_dm_act.cc:3155 bta_dm_set_eir: Generating extended inquiry response packet EIR
05-31 18:43:20.772 I/bt_btm ( 2483): packages/modules/Bluetooth/system/main/bte_logmsg.cc:112 LogMsg: Write Extended Inquiry Response to controller
05-31 18:43:20.772 D/bt_shim_hci( 2483): packages/modules/Bluetooth/system/main/shim/hci_layer.cc:367 transmit_command: Sending command WRITE_EXTENDED_INQUIRY_RESPONSE
05-31 18:43:20.772 I/bt_bta_dm( 2483): packages/modules/Bluetooth/system/bta/dm/bta_dm_act.cc:3456 bta_dm_eir_update_uuid: EIR Adding UUID=0x1115 into extended inquiry response
05-31 18:43:20.772 I/bt_bta_dm( 2483): packages/modules/Bluetooth/system/bta/dm/bta_dm_act.cc:3155 bta_dm_set_eir: Generating extended inquiry response packet EIR
05-31 18:43:20.772 I/bt_btm ( 2483): packages/modules/Bluetooth/system/main/bte_logmsg.cc:112 LogMsg: Write Extended Inquiry Response to controller
05-31 18:43:20.772 D/bt_shim_hci( 2483): packages/modules/Bluetooth/system/main/shim/hci_layer.cc:367 transmit_command: Sending command WRITE_EXTENDED_INQUIRY_RESPONSE
05-31 18:43:20.772 I/bt_btif ( 2483): packages/modules/Bluetooth/system/main/bte_logmsg.cc:115 LogMsg: btif_transfer_context event 1, len 12
05-31 18:43:20.772 D/BluetoothPanServiceJni( 2483): control_state_callback(L60): state:0, local_role:3, ifname:bt-pan
05-31 18:43:20.773 I/TetheringManager( 2483): registerTetheringEventCallback:com.android.bluetooth
05-31 18:43:20.774 I/TetheringManager( 2483): registerTetheringEventCallback caller:com.android.bluetooth
05-31 18:43:20.775 D/bt_shim_hci( 2483): packages/modules/Bluetooth/system/main/shim/hci_layer.cc:331 OnTransmitPacketCommandComplete: Received cmd complete for WRITE_EXTENDED_INQUIRY_RESPONSE
05-31 18:43:20.775 D/AvrcpVolumeManager( 2483): onAudioDevicesAdded: Not expecting device changed
05-31 18:43:20.777 D/bt_shim_hci( 2483): packages/modules/Bluetooth/system/main/shim/hci_layer.cc:331 OnTransmitPacketCommandComplete: Received cmd complete for WRITE_EXTENDED_INQUIRY_RESPONSE
05-31 18:43:20.778 D/CompatibilityChangeReporter( 719): Compat change id reported: 261072174; UID 1002; state: ENABLED
05-31 18:43:20.779 D/CompatibilityChangeReporter( 719): Compat change id reported: 161252188; UID 10049; state: DISABLED
05-31 18:43:20.780 D/bt_shim_hci( 2483): packages/modules/Bluetooth/system/main/shim/hci_layer.cc:331 OnTransmitPacketCommandComplete: Received cmd complete for WRITE_EXTENDED_INQUIRY_RESPONSE
05-31 18:43:20.781 D/ActivityManager( 719): sync unfroze 1438 com.android.music for 6
05-31 18:43:20.783 D/bt_shim_hci( 2483): packages/modules/Bluetooth/system/main/shim/hci_layer.cc:331 OnTransmitPacketCommandComplete: Received cmd complete for WRITE_EXTENDED_INQUIRY_RESPONSE
05-31 18:43:20.784 W/ProcessStats( 719): Tracking association SourceState{f395efe com.android.bluetooth/1002 ImpFg #400} whose proc state 5 is better than process ProcessState{d2645fe com.android.music/10049 pkg=com.android.music} proc state 15 (0 skipped)
05-31 18:43:20.785 D/HeadsetPhoneState( 2483): sendDeviceStateChanged. mService=0 mSignal=0 mRoam=0 mBatteryCharge=3
05-31 18:43:20.786 D/CompatibilityChangeReporter( 2483): Compat change id reported: 150939131; UID 1002; state: ENABLED
05-31 18:43:20.787 D/AdapterProperties( 2483): onBluetoothReady, state=TURNING_ON, ScanMode=20
05-31 18:43:20.789 D/BluetoothAdapterService( 2483): updateUuids() - Updating UUIDs for bonded devices
05-31 18:43:20.789 I/bt_btif ( 2483): packages/modules/Bluetooth/system/main/bte_logmsg.cc:112 LogMsg: btif_set_adapter_property type: 7, len 4, 0xd613c954
05-31 18:43:20.789 I/bt_btif ( 2483): packages/modules/Bluetooth/system/main/bte_logmsg.cc:112 LogMsg: set property scan mode : 1
05-31 18:43:20.789 I/bt_btm ( 2483): packages/modules/Bluetooth/system/main/bte_logmsg.cc:112 LogMsg: BTM_SetDiscoverability
05-31 18:43:20.789 I/bt_btm ( 2483): packages/modules/Bluetooth/system/main/bte_logmsg.cc:112 LogMsg: btm_ble_set_discoverability mode=0x0 combined_mode=0x0
05-31 18:43:20.789 I/BluetoothAdapterService( 2483): initProfileServices: Initializing all bluetooth profile services
05-31 18:43:20.789 I/bt_btm ( 2483): packages/modules/Bluetooth/system/main/bte_logmsg.cc:112 LogMsg: evt_type=0x3 p-cb->evt_type=0x3
05-31 18:43:20.790 I/bt_btm ( 2483): packages/modules/Bluetooth/system/main/bte_logmsg.cc:112 LogMsg: BTM_SetDiscoverability: mode 0 [NonDisc-0, Lim-1, Gen-2]
