05-31 18:43:15.817 V/NFC ( 2346): this device does not have NFC support
01-01 08:00:39.137 W/ ( 0): [1 T1063 ..] [SP FRAME RX] arp req,vif_idx:0 sender:[02:f6:af:b4:c7:ea 192.168.3.2]receiver:[00:00:00:00:00:00 192.168.3.222]
01-01 08:00:39.138 W/ ( 0): [1 T1063 ..] [SP FRAME TX] arp rsp,vif_idx:0 sender:[1c:79:2d:20:62:b5 192.168.3.222]receiver:[02:f6:af:b4:c7:ea 192.168.3.2]
01-01 08:00:39.139 W/ ( 0): [1 T1063 ..] [SP FRAME RX] arp req,vif_idx:0 sender:[3a:ab:bc:1d:33:23 192.168.3.10]receiver:[00:00:00:00:00:00 192.168.3.222]
01-01 08:00:39.141 W/ ( 0): [1 T1063 ..] [SP FRAME TX] arp rsp,vif_idx:0 sender:[1c:79:2d:20:62:b5 192.168.3.222]receiver:[3a:ab:bc:1d:33:23 192.168.3.10]
01-01 08:00:39.144 W/ ( 0): [3 T2261 .s] [SP FRAME TX] arp req,vif_idx:0 sender:[1c:79:2d:20:62:b5 192.168.3.222]receiver:[00:00:00:00:00:00 192.168.3.58]
01-01 08:00:39.179 W/ ( 0): [1 T1063 ..] [SP FRAME RX] arp rsp,vif_idx:0 sender:[ee:78:83:8f:63:7e 192.168.3.58]receiver:[1c:79:2d:20:62:b5 192.168.3.222]
05-31 18:43:15.965 D/bluetooth( 1032): packages/modules/Bluetooth/system/stack/arbiter/acl_arbiter.cc:96 InterceptAttPacket: Intercepting ATT packet and forwarding to Rust
05-31 18:43:15.965 D/bluetooth( 1032): packages/modules/Bluetooth/system/stack/gatt/gatt_attr.cc:579 gatt_cl_op_cmpl_cback: Not interested in opcode 6
05-31 18:43:15.997 I/efs.base( 2105): wa upload succ, HttpResponse {succ=true, code=200, data='暂不支持该服务', extra={req_url=https://errlog.umeng.com/api/crashsdk/logcollect}}
05-31 18:43:16.000 D/TrafficStats( 2105): tagSocket(226) with statsTag=0xffffffff, statsUid=-1
05-31 18:43:16.001 I/efs.base( 2105): wa upload succ, HttpResponse {succ=true, code=200, data='暂不支持该服务', extra={req_url=https://errlog.umeng.com/api/crashsdk/logcollect}}
05-31 18:43:16.035 D/CompatibilityChangeReporter( 719): Compat change id reported: 161145287; UID 10044; state: DISABLED
05-31 18:43:16.066 D/bluetooth( 1032): packages/modules/Bluetooth/system/stack/arbiter/acl_arbiter.cc:96 InterceptAttPacket: Intercepting ATT packet and forwarding to Rust
05-31 18:43:16.066 D/bluetooth( 1032): packages/modules/Bluetooth/system/stack/gatt/gatt_attr.cc:579 gatt_cl_op_cmpl_cback: Not interested in opcode 6
01-01 08:00:39.313 W/ ( 0): [1 T1063 ..] [SP FRAME RX] arp req,vif_idx:0 sender:[ee:83:49:f2:75:3d 192.168.3.28]receiver:[00:00:00:00:00:00 192.168.3.222]
01-01 08:00:39.314 W/ ( 0): [1 T1063 ..] [SP FRAME TX] arp rsp,vif_idx:0 sender:[1c:79:2d:20:62:b5 192.168.3.222]receiver:[ee:83:49:f2:75:3d 192.168.3.28]
05-31 18:43:16.080 I/ip ( 2457): type=1400 audit(0.0:893): avc: denied { nlmsg_readpriv } for scontext=u:r:untrusted_app_27:s0:c44,c256,c512,c768 tcontext=u:r:untrusted_app_27:s0:c44,c256,c512,c768 tclass=netlink_route_socket permissive=1 app=com.dangbei.screencast
05-31 18:43:16.080 W/ip ( 2457): type=1400 audit(0.0:894): avc: granted { nlmsg_getneigh } for scontext=u:r:untrusted_app_27:s0:c44,c256,c512,c768 tcontext=u:r:untrusted_app_27:s0:c44,c256,c512,c768 tclass=netlink_route_socket app=com.dangbei.screencast
05-31 18:43:16.092 I/ActivityManager( 719): Waited long enough for: ServiceRecord{af458c5 u0 com.oranth.storage/.MainService}
01-01 08:00:39.404 W/ ( 0): [3 T0 .s] [SP FRAME TX] arp req,vif_idx:0 sender:[1c:79:2d:20:62:b5 192.168.3.222]receiver:[00:00:00:00:00:00 192.168.3.76]
01-01 08:00:39.418 W/ ( 0): [1 T1063 ..] [SP FRAME RX] arp req,vif_idx:0 sender:[c8:5e:a9:78:cd:2d 192.168.3.198]receiver:[1c:79:2d:20:62:b5 192.168.3.222]
01-01 08:00:39.419 W/ ( 0): [1 T1063 ..] [SP FRAME TX] arp rsp,vif_idx:0 sender:[1c:79:2d:20:62:b5 192.168.3.222]receiver:[c8:5e:a9:78:cd:2d 192.168.3.198]
05-31 18:43:16.185 D/bluetooth( 1032): packages/modules/Bluetooth/system/stack/arbiter/acl_arbiter.cc:96 InterceptAttPacket: Intercepting ATT packet and forwarding to Rust
05-31 18:43:16.185 D/bluetooth( 1032): packages/modules/Bluetooth/system/stack/gatt/gatt_attr.cc:579 gatt_cl_op_cmpl_cback: Not interested in opcode 6
05-31 18:43:16.210 I/resolv ( 469): GetAddrInfoHandler::run: {100 100 100 983140 10044 0}
05-31 18:43:16.211 I/resolv ( 469): res_nmkquery: (QUERY, IN, A)
05-31 18:43:16.211 I/resolv ( 469): resolv_cache_lookup: FOUND IN CACHE entry=0xead817b0
05-31 18:43:16.211 I/resolv ( 469): doQuery: rcode=0, ancount=27, return value=507
05-31 18:43:16.214 D/TrafficStats( 2346): tagSocket(161) with statsTag=0xffffffff, statsUid=-1
05-31 18:43:16.216 I/efs.base( 2105): wa upload succ, HttpResponse {succ=true, code=200, data='暂不支持该服务', extra={req_url=https://errlog.umeng.com/api/crashsdk/logcollect}}
01-01 08:00:39.505 W/ ( 0): [2 T1063 ..] [SP FRAME RX] arp req,vif_idx:0 sender:[b6:b0:0e:25:f7:84 192.168.3.34]receiver:[00:00:00:00:00:00 192.168.3.222]
01-01 08:00:39.506 W/ ( 0): [2 T1063 ..] [SP FRAME TX] arp rsp,vif_idx:0 sender:[1c:79:2d:20:62:b5 192.168.3.222]receiver:[b6:b0:0e:25:f7:84 192.168.3.34]
01-01 08:00:39.544 W/ ( 0): [2 T1063 ..] [SP FRAME RX] arp req,vif_idx:0 sender:[c6:b2:e7:6e:a6:49 192.168.3.3]receiver:[00:00:00:00:00:00 192.168.3.222]
01-01 08:00:39.545 W/ ( 0): [2 T1063 ..] [SP FRAME TX] arp rsp,vif_idx:0 sender:[1c:79:2d:20:62:b5 192.168.3.222]receiver:[c6:b2:e7:6e:a6:49 192.168.3.3]
05-31 18:43:16.325 D/bluetooth( 1032): packages/modules/Bluetooth/system/stack/arbiter/acl_arbiter.cc:96 InterceptAttPacket: Intercepting ATT packet and forwarding to Rust
05-31 18:43:16.325 D/bluetooth( 1032): packages/modules/Bluetooth/system/stack/gatt/gatt_attr.cc:579 gatt_cl_op_cmpl_cback: Not interested in opcode 6
05-31 18:43:16.326 I/ThermalService( 1046): CPU temperatures: [53.9]
01-01 08:00:39.666 W/ ( 0): [2 T1063 ..] [SP FRAME RX] arp rsp,vif_idx:0 sender:[fa:ff:42:eb:c0:04 192.168.3.76]receiver:[1c:79:2d:20:62:b5 192.168.3.222]
01-01 08:00:39.668 W/ ( 0): [2 T1063 ..] [SP FRAME RX] arp req,vif_idx:0 sender:[e6:9c:e0:bd:0c:56 192.168.3.40]receiver:[00:00:00:00:00:00 192.168.3.222]
01-01 08:00:39.669 W/ ( 0): [2 T1063 ..] [SP FRAME TX] arp rsp,vif_idx:0 sender:[1c:79:2d:20:62:b5 192.168.3.222]receiver:[e6:9c:e0:bd:0c:56 192.168.3.40]
01-01 08:00:39.671 W/ ( 0): [2 T1063 ..] [SP FRAME RX] arp req,vif_idx:0 sender:[0c:91:60:12:cd:fc 192.168.3.171]receiver:[00:00:00:00:00:00 192.168.3.222]
01-01 08:00:39.672 W/ ( 0): [2 T1063 ..] [SP FRAME TX] arp rsp,vif_idx:0 sender:[1c:79:2d:20:62:b5 192.168.3.222]receiver:[0c:91:60:12:cd:fc 192.168.3.171]
01-01 08:00:39.694 W/ ( 0): [2 T1063 ..] [SP FRAME RX] arp req,vif_idx:0 sender:[28:7b:11:70:51:1f 192.168.3.61]receiver:[00:00:00:00:00:00 192.168.3.222]
01-01 08:00:39.695 W/ ( 0): [2 T1063 ..] [SP FRAME TX] arp rsp,vif_idx:0 sender:[1c:79:2d:20:62:b5 192.168.3.222]receiver:[28:7b:11:70:51:1f 192.168.3.61]
05-31 18:43:16.485 D/bluetooth( 1032): packages/modules/Bluetooth/system/stack/arbiter/acl_arbiter.cc:96 InterceptAttPacket: Intercepting ATT packet and forwarding to Rust
05-31 18:43:16.485 D/bluetooth( 1032): packages/modules/Bluetooth/system/stack/gatt/gatt_attr.cc:579 gatt_cl_op_cmpl_cback: Not interested in opcode 6
01-01 08:00:39.748 W/ ( 0): [2 T1063 ..] [SP FRAME RX] arp req,vif_idx:0 sender:[28:48:e7:f0:76:bd 192.168.3.210]receiver:[00:00:00:00:00:00 192.168.3.222]
01-01 08:00:39.749 W/ ( 0): [2 T1063 ..] [SP FRAME TX] arp rsp,vif_idx:0 sender:[1c:79:2d:20:62:b5 192.168.3.222]receiver:[28:48:e7:f0:76:bd 192.168.3.210]
01-01 08:00:39.750 W/ ( 0): [2 T1063 ..] [SP FRAME RX] arp req,vif_idx:0 sender:[9a:2c:95:3c:db:cc 192.168.3.62]receiver:[00:00:00:00:00:00 192.168.3.222]
01-01 08:00:39.752 W/ ( 0): [2 T1063 ..] [SP FRAME TX] arp rsp,vif_idx:0 sender:[1c:79:2d:20:62:b5 192.168.3.222]receiver:[9a:2c:95:3c:db:cc 192.168.3.62]
01-01 08:00:39.754 W/ ( 0): [2 T1063 ..] [SP FRAME RX] arp req,vif_idx:0 sender:[4a:e8:f1:a5:0c:a0 192.168.3.199]receiver:[00:00:00:00:00:00 192.168.3.222]
01-01 08:00:39.755 W/ ( 0): [2 T1063 ..] [SP FRAME TX] arp rsp,vif_idx:0 sender:[1c:79:2d:20:62:b5 192.168.3.222]receiver:[4a:e8:f1:a5:0c:a0 192.168.3.199]
01-01 08:00:39.762 W/ ( 0): [2 T1063 ..] [SP FRAME RX] arp req,vif_idx:0 sender:[72:d4:c0:63:af:45 192.168.3.93]receiver:[00:00:00:00:00:00 192.168.3.222]
01-01 08:00:39.763 W/ ( 0): [2 T1063 ..] [SP FRAME TX] arp rsp,vif_idx:0 sender:[1c:79:2d:20:62:b5 192.168.3.222]receiver:[72:d4:c0:63:af:45 192.168.3.93]
05-31 18:43:16.536 I/ActivityManager( 719): Waited long enough for: ServiceRecord{92257f2 u0 com.droidlogic.mictoggle/.AssistantMicMuteService}
01-01 08:00:39.797 W/ ( 0): [2 T1063 ..] [SP FRAME RX] arp req,vif_idx:0 sender:[e0:ba:ad:3a:be:9a 192.168.3.66]receiver:[00:00:00:00:00:00 192.168.3.222]
01-01 08:00:39.798 W/ ( 0): [2 T1063 ..] [SP FRAME TX] arp rsp,vif_idx:0 sender:[1c:79:2d:20:62:b5 192.168.3.222]receiver:[e0:ba:ad:3a:be:9a 192.168.3.66]
01-01 08:00:39.800 W/ ( 0): [2 T1063 ..] [SP FRAME RX] arp req,vif_idx:0 sender:[0e:92:25:31:c7:6a 192.168.3.97]receiver:[00:00:00:00:00:00 192.168.3.222]
01-01 08:00:39.801 W/ ( 0): [2 T1063 ..] [SP FRAME TX] arp rsp,vif_idx:0 sender:[1c:79:2d:20:62:b5 192.168.3.222]receiver:[0e:92:25:31:c7:6a 192.168.3.97]
01-01 08:00:39.810 W/ ( 0): [2 T1063 ..] [SP FRAME RX] arp req,vif_idx:0 sender:[b4:2f:03:16:18:c0 192.168.3.141]receiver:[00:00:00:00:00:00 192.168.3.222]
01-01 08:00:39.811 W/ ( 0): [2 T1063 ..] [SP FRAME TX] arp rsp,vif_idx:0 sender:[1c:79:2d:20:62:b5 192.168.3.222]receiver:[b4:2f:03:16:18:c0 192.168.3.141]
01-01 08:00:39.813 W/ ( 0): [2 T1063 ..] [SP FRAME RX] arp req,vif_idx:0 sender:[0c:91:60:12:cd:8c 192.168.3.70]receiver:[00:00:00:00:00:00 192.168.3.222]
01-01 08:00:39.814 W/ ( 0): [2 T1063 ..] [SP FRAME TX] arp rsp,vif_idx:0 sender:[1c:79:2d:20:62:b5 192.168.3.222]receiver:[0c:91:60:12:cd:8c 192.168.3.70]
01-01 08:00:39.820 W/ ( 0): [2 T1063 ..] [SP FRAME RX] arp req,vif_idx:0 sender:[c2:07:3d:a6:ee:3e 192.168.3.206]receiver:[00:00:00:00:00:00 192.168.3.222]
01-01 08:00:39.821 W/ ( 0): [2 T1063 ..] [SP FRAME TX] arp rsp,vif_idx:0 sender:[1c:79:2d:20:62:b5 192.168.3.222]receiver:[c2:07:3d:a6:ee:3e 192.168.3.206]
01-01 08:00:39.837 W/ ( 0): [2 T1063 ..] [SP FRAME RX] arp req,vif_idx:0 sender:[e6:6e:3e:02:16:7f 192.168.3.180]receiver:[00:00:00:00:00:00 192.168.3.222]
01-01 08:00:39.838 W/ ( 0): [2 T1063 ..] [SP FRAME TX] arp rsp,vif_idx:0 sender:[1c:79:2d:20:62:b5 192.168.3.222]receiver:[e6:6e:3e:02:16:7f 192.168.3.180]
05-31 18:43:16.605 D/bluetooth( 1032): packages/modules/Bluetooth/system/stack/arbiter/acl_arbiter.cc:96 InterceptAttPacket: Intercepting ATT packet and forwarding to Rust
05-31 18:43:16.605 D/bluetooth( 1032): packages/modules/Bluetooth/system/stack/gatt/gatt_attr.cc:579 gatt_cl_op_cmpl_cback: Not interested in opcode 6
01-01 08:00:39.860 W/ ( 0): [2 T1063 ..] [SP FRAME RX] arp req,vif_idx:0 sender:[22:53:1b:e9:95:aa 192.168.3.54]receiver:[00:00:00:00:00:00 192.168.3.222]
01-01 08:00:39.861 W/ ( 0): [2 T1063 ..] [SP FRAME TX] arp rsp,vif_idx:0 sender:[1c:79:2d:20:62:b5 192.168.3.222]receiver:[22:53:1b:e9:95:aa 192.168.3.54]
01-01 08:00:39.875 W/ ( 0): [2 T1063 ..] [SP FRAME RX] arp req,vif_idx:0 sender:[2e:6a:3b:b3:ad:e6 192.168.3.175]receiver:[00:00:00:00:00:00 192.168.3.222]
01-01 08:00:39.876 W/ ( 0): [2 T1063 ..] [SP FRAME TX] arp rsp,vif_idx:0 sender:[1c:79:2d:20:62:b5 192.168.3.222]receiver:[2e:6a:3b:b3:ad:e6 192.168.3.175]
01-01 08:00:39.908 W/ ( 0): [2 T1063 ..] [SP FRAME RX] arp req,vif_idx:0 sender:[72:88:cd:46:44:3d 192.168.3.246]receiver:[00:00:00:00:00:00 192.168.3.222]
01-01 08:00:39.909 W/ ( 0): [2 T1063 ..] [SP FRAME TX] arp rsp,vif_idx:0 sender:[1c:79:2d:20:62:b5 192.168.3.222]receiver:[72:88:cd:46:44:3d 192.168.3.246]
01-01 08:00:39.910 W/ ( 0): [2 T1063 ..] [SP FRAME RX] arp req,vif_idx:0 sender:[28:7b:11:70:77:1b 192.168.3.203]receiver:[00:00:00:00:00:00 192.168.3.222]
01-01 08:00:39.912 W/ ( 0): [2 T1063 ..] [SP FRAME TX] arp rsp,vif_idx:0 sender:[1c:79:2d:20:62:b5 192.168.3.222]receiver:[28:7b:11:70:77:1b 192.168.3.203]
01-01 08:00:39.913 W/ ( 0): [2 T1063 ..] [SP FRAME RX] arp req,vif_idx:0 sender:[16:8e:6e:17:dc:41 192.168.3.176]receiver:[00:00:00:00:00:00 192.168.3.222]
01-01 08:00:39.915 W/ ( 0): [2 T1063 ..] [SP FRAME TX] arp rsp,vif_idx:0 sender:[1c:79:2d:20:62:b5 192.168.3.222]receiver:[16:8e:6e:17:dc:41 192.168.3.176]
01-01 08:00:39.916 W/ ( 0): [2 T1063 ..] [SP FRAME RX] arp req,vif_idx:0 sender:[12:f0:2d:d7:03:70 192.168.3.57]receiver:[00:00:00:00:00:00 192.168.3.222]
01-01 08:00:39.918 W/ ( 0): [2 T1063 ..] [SP FRAME TX] arp rsp,vif_idx:0 sender:[1c:79:2d:20:62:b5 192.168.3.222]receiver:[12:f0:2d:d7:03:70 192.168.3.57]
01-01 08:00:39.927 W/ ( 0): [2 T1063 ..] [SP FRAME RX] arp req,vif_idx:0 sender:[1a:01:08:c1:b7:a5 192.168.3.117]receiver:[00:00:00:00:00:00 192.168.3.222]
01-01 08:00:39.928 W/ ( 0): [2 T1063 ..] [SP FRAME TX] arp rsp,vif_idx:0 sender:[1c:79:2d:20:62:b5 192.168.3.222]receiver:[1a:01:08:c1:b7:a5 192.168.3.117]
01-01 08:00:39.929 W/ ( 0): [2 T1063 ..] [SP FRAME RX] arp req,vif_idx:0 sender:[7e:a5:2c:90:c9:f0 192.168.3.131]receiver:[00:00:00:00:00:00 192.168.3.222]
01-01 08:00:39.931 W/ ( 0): [2 T1063 ..] [SP FRAME TX] arp rsp,vif_idx:0 sender:[1c:79:2d:20:62:b5 192.168.3.222]receiver:[7e:a5:2c:90:c9:f0 192.168.3.131]
01-01 08:00:39.940 W/ ( 0): [2 T1063 ..] [SP FRAME RX] arp req,vif_idx:0 sender:[44:37:0b:0d:07:cd 192.168.3.234]receiver:[00:00:00:00:00:00 192.168.3.222]
01-01 08:00:39.941 W/ ( 0): [2 T1063 ..] [SP FRAME TX] arp rsp,vif_idx:0 sender:[1c:79:2d:20:62:b5 192.168.3.222]receiver:[44:37:0b:0d:07:cd 192.168.3.234]
01-01 08:00:39.948 W/ ( 0): [2 T1063 ..] [SP FRAME RX] arp req,vif_idx:0 sender:[68:39:43:80:0a:5c 192.168.3.45]receiver:[00:00:00:00:00:00 192.168.3.222]
01-01 08:00:39.949 W/ ( 0): [2 T1063 ..] [SP FRAME TX] arp rsp,vif_idx:0 sender:[1c:79:2d:20:62:b5 192.168.3.222]receiver:[68:39:43:80:0a:5c 192.168.3.45]
01-01 08:00:39.951 W/ ( 0): [2 T1063 ..] [SP FRAME RX] arp req,vif_idx:0 sender:[52:f1:78:5e:2c:3c 192.168.3.225]receiver:[00:00:00:00:00:00 192.168.3.222]
01-01 08:00:39.952 W/ ( 0): [2 T1063 ..] [SP FRAME TX] arp rsp,vif_idx:0 sender:[1c:79:2d:20:62:b5 192.168.3.222]receiver:[52:f1:78:5e:2c:3c 192.168.3.225]
01-01 08:00:39.954 W/ ( 0): [2 T1063 ..] [SP FRAME RX] arp req,vif_idx:0 sender:[7a:b3:5c:41:db:f6 192.168.3.247]receiver:[00:00:00:00:00:00 192.168.3.222]
01-01 08:00:39.955 W/ ( 0): [2 T1063 ..] [SP FRAME TX] arp rsp,vif_idx:0 sender:[1c:79:2d:20:62:b5 192.168.3.222]receiver:[7a:b3:5c:41:db:f6 192.168.3.247]
01-01 08:00:40.014 W/ ( 0): [2 T1063 ..] [SP FRAME RX] arp req,vif_idx:0 sender:[a6:8b:d2:cd:fe:9a 192.168.3.236]receiver:[00:00:00:00:00:00 192.168.3.222]
01-01 08:00:40.014 W/ ( 0): [2 T1063 ..] [SP FRAME TX] arp rsp,vif_idx:0 sender:[1c:79:2d:20:62:b5 192.168.3.222]receiver:[a6:8b:d2:cd:fe:9a 192.168.3.236]
01-01 08:00:40.018 W/ ( 0): [2 T1063 ..] [SP FRAME RX] arp req,vif_idx:0 sender:[42:87:91:b7:6d:20 192.168.3.224]receiver:[00:00:00:00:00:00 192.168.3.222]
01-01 08:00:40.019 W/ ( 0): [2 T1063 ..] [SP FRAME TX] arp rsp,vif_idx:0 sender:[1c:79:2d:20:62:b5 192.168.3.222]receiver:[42:87:91:b7:6d:20 192.168.3.224]
01-01 08:00:40.068 W/ ( 0): [2 T1063 ..] [SP FRAME RX] arp req,vif_idx:0 sender:[02:91:37:fc:9e:f6 192.168.3.249]receiver:[00:00:00:00:00:00 192.168.3.222]
01-01 08:00:40.069 W/ ( 0): [2 T1063 ..] [SP FRAME TX] arp rsp,vif_idx:0 sender:[1c:79:2d:20:62:b5 192.168.3.222]receiver:[02:91:37:fc:9e:f6 192.168.3.249]
05-31 18:43:17.005 D/bluetooth( 1032): packages/modules/Bluetooth/system/stack/arbiter/acl_arbiter.cc:96 InterceptAttPacket: Intercepting ATT packet and forwarding to Rust
05-31 18:43:17.005 D/bluetooth( 1032): packages/modules/Bluetooth/system/stack/gatt/gatt_attr.cc:579 gatt_cl_op_cmpl_cback: Not interested in opcode 6
01-01 08:00:40.270 W/ ( 0): [2 T1063 ..] [SP FRAME RX] arp req,vif_idx:0 sender:[54:92:09:3f:ed:bb 192.168.3.172]receiver:[00:00:00:00:00:00 192.168.3.222]
01-01 08:00:40.271 W/ ( 0): [2 T1063 ..] [SP FRAME TX] arp rsp,vif_idx:0 sender:[1c:79:2d:20:62:b5 192.168.3.222]receiver:[54:92:09:3f:ed:bb 192.168.3.172]
01-01 08:00:40.357 W/ ( 0): [2 T1063 ..] [SP FRAME RX] arp req,vif_idx:0 sender:[1a:c7:63:a3:06:ca 192.168.3.184]receiver:[00:00:00:00:00:00 192.168.3.222]
01-01 08:00:40.358 W/ ( 0): [2 T1063 ..] [SP FRAME TX] arp rsp,vif_idx:0 sender:[1c:79:2d:20:62:b5 192.168.3.222]receiver:[1a:c7:63:a3:06:ca 192.168.3.184]
05-31 18:43:17.118 D/BtGatt.ScanManager( 1032): scanMode upgrade is reverted for [ScanClient scanModeApp 0 scanModeUsed 0 [appScanStats android.uid.system:1000]]
05-31 18:43:17.118 D/BtGatt.ScanManager( 1032): configureRegularScanParams() - queue=1
05-31 18:43:17.122 I/bt_stack( 1032): [INFO:le_scanning_manager.cc(168)] Scan in shim layer stopped
05-31 18:43:17.122 I/bluetooth( 1032): packages/modules/Bluetooth/system/gd/hci/le_address_manager.cc:193 unregister_client: Client unregistered
05-31 18:43:17.122 D/BtGatt.ScanManager( 1032): Start gattClientScanNative with old scanMode 1 new scanMode 0 ( in MS: 1400 / 140, in scan unit: 2240 / 224 ) [ScanClient scanModeApp 0 scanModeUsed 0 [appScanStats android.uid.system:1000]]
05-31 18:43:17.122 I/bt_stack( 1032): [INFO:le_scanning_manager.cc(346)] SetScanParameters in shim layer
05-31 18:43:17.122 I/bt_stack( 1032): [INFO:le_scanning_manager.cc(168)] Scan in shim layer started
05-31 18:43:17.122 W/bluetooth( 1032): packages/modules/Bluetooth/system/gd/hci/hci_layer.cc:284 send_next_command: LE_SET_EXTENDED_SCAN_ENABLE sent without an hci-timeout timer
05-31 18:43:17.122 I/bluetooth( 1032): packages/modules/Bluetooth/system/gd/hci/le_scanning_manager.cc:588 stop_scan: Scanning already stopped, return!
05-31 18:43:17.122 I/bluetooth( 1032): packages/modules/Bluetooth/system/gd/hci/le_address_manager.cc:178 register_client: Client registered
05-31 18:43:17.123 D/BtGatt.GattService( 1032): onScanParamSetupCompleted : 0
05-31 18:43:17.165 D/bluetooth( 1032): packages/modules/Bluetooth/system/stack/arbiter/acl_arbiter.cc:96 InterceptAttPacket: Intercepting ATT packet and forwarding to Rust
05-31 18:43:17.165 D/bluetooth( 1032): packages/modules/Bluetooth/system/stack/gatt/gatt_attr.cc:579 gatt_cl_op_cmpl_cback: Not interested in opcode 6
05-31 18:43:17.265 D/bluetooth( 1032): packages/modules/Bluetooth/system/stack/arbiter/acl_arbiter.cc:96 InterceptAttPacket: Intercepting ATT packet and forwarding to Rust
05-31 18:43:17.265 D/bluetooth( 1032): packages/modules/Bluetooth/system/stack/gatt/gatt_attr.cc:579 gatt_cl_op_cmpl_cback: Not interested in opcode 6
05-31 18:43:17.273 I/ActivityManager( 719): Waited long enough for: ServiceRecord{1ea1dfa u0 com.dangbei.lerad.rocky/com.dangbei.phrike.core.PhrikeDownloadService}
01-01 08:00:40.585 W/ ( 0): [2 T1063 ..] [SP FRAME RX] arp req,vif_idx:0 sender:[2a:7f:53:39:7b:19 192.168.3.88]receiver:[00:00:00:00:00:00 192.168.3.222]
01-01 08:00:40.586 W/ ( 0): [2 T1063 ..] [SP FRAME TX] arp rsp,vif_idx:0 sender:[1c:79:2d:20:62:b5 192.168.3.222]receiver:[2a:7f:53:39:7b:19 192.168.3.88]
05-31 18:43:17.475 D/bluetooth( 1032): packages/modules/Bluetooth/system/stack/arbiter/acl_arbiter.cc:96 InterceptAttPacket: Intercepting ATT packet and forwarding to Rust
05-31 18:43:17.475 D/bluetooth( 1032): packages/modules/Bluetooth/system/stack/gatt/gatt_attr.cc:579 gatt_cl_op_cmpl_cback: Not interested in opcode 6
05-31 18:43:17.605 D/bluetooth( 1032): packages/modules/Bluetooth/system/stack/arbiter/acl_arbiter.cc:96 InterceptAttPacket: Intercepting ATT packet and forwarding to Rust
05-31 18:43:17.605 D/bluetooth( 1032): packages/modules/Bluetooth/system/stack/gatt/gatt_attr.cc:579 gatt_cl_op_cmpl_cback: Not interested in opcode 6
05-31 18:43:18.147 F/bluetooth( 1032): assertion 'false' failed - Done waiting for debug information after HCI timeout (LE_SET_EXTENDED_SCAN_PARAMETERS) --------- beginning of crash
05-31 18:43:18.148 F/libc ( 1032): Fatal signal 6 (SIGABRT), code -1 (SI_QUEUE) in tid 1192 (bt_stack_manage), pid 1032 (droid.bluetooth)
05-31 18:43:18.272 I/crash_dump32( 2470): obtaining output fd from tombstoned, type: kDebuggerdTombstoneProto
05-31 18:43:18.273 I/tombstoned( 322): received crash request for pid 1192
05-31 18:43:18.273 I/crash_dump32( 2470): performing dump of process 1032 (target tid = 1192)
05-31 18:43:18.301 E/DEBUG ( 2470): failed to read process info: failed to open /proc/1032: No such file or directory
05-31 18:43:18.328 I/ThermalService( 1046): CPU temperatures: [53.600002]
01-01 08:00:41.878 W/ ( 0): [2 T1063 ..] [SP FRAME RX] arp req,vif_idx:0 sender:[ca:0f:e5:bf:3b:95 192.168.3.173]receiver:[00:00:00:00:00:00 192.168.3.222]
01-01 08:00:41.879 W/ ( 0): [2 T1063 ..] [SP FRAME TX] arp rsp,vif_idx:0 sender:[1c:79:2d:20:62:b5 192.168.3.222]receiver:[ca:0f:e5:bf:3b:95 192.168.3.173]
05-31 18:43:18.710 I/WifiHAL ( 512): call wifi_get_link_stats handler
05-31 18:43:18.710 I/WifiHAL ( 512): Creating message to get link statistics; iface = 16
05-31 18:43:18.711 D/WifiHAL ( 512): error code -95 mapped to -3
05-31 18:43:18.711 E/WifiStaIfaceAidlImpl( 719): getLinkLayerStats failed with service-specific exception: android.os.ServiceSpecificException: (code 4)
05-31 18:43:18.792 I/crash_dump32( 2470): type=1400 audit(0.0:895): avc: denied { read } for name="bluetooth_db-shm" dev="dm-50" ino=1347 scontext=u:r:crash_dump:s0 tcontext=u:object_r:bluetooth_data_file:s0 tclass=file permissive=1
05-31 18:43:18.792 I/crash_dump32( 2470): type=1400 audit(0.0:896): avc: denied { open } for path="/data/user_de/0/com.android.bluetooth/databases/bluetooth_db-shm" dev="dm-50" ino=1347 scontext=u:r:crash_dump:s0 tcontext=u:object_r:bluetooth_data_file:s0 tclass=file permissive=1
05-31 18:43:18.792 I/crash_dump32( 2470): type=1400 audit(0.0:897): avc: denied { getattr } for path="/data/user_de/0/com.android.bluetooth/databases/bluetooth_db-shm" dev="dm-50" ino=1347 scontext=u:r:crash_dump:s0 tcontext=u:object_r:bluetooth_data_file:s0 tclass=file permissive=1
05-31 18:43:18.792 I/crash_dump32( 2470): type=1400 audit(0.0:898): avc: denied { map } for path="/data/user_de/0/com.android.bluetooth/databases/bluetooth_db-shm" dev="dm-50" ino=1347 scontext=u:r:crash_dump:s0 tcontext=u:object_r:bluetooth_data_file:s0 tclass=file permissive=1
01-01 08:00:42.147 W/[0 T2470 ..] audit( 0): audit_lost=149 audit_rate_limit=5 audit_backlog_limit=64
01-01 08:00:42.147 E/[0 T2470 ..] audit( 0): rate limit exceeded
05-31 18:43:18.900 I/crash_dump32( 2470): type=1400 audit(0.0:899): avc: denied { read } for name="data@resource-cache@com.android.systemui-dynamic-fXEw.frro@idmap" dev="dm-50" ino=1336 scontext=u:r:crash_dump:s0 tcontext=u:object_r:resourcecache_data_file:s0 tclass=file permissive=1
05-31 18:43:18.900 I/crash_dump32( 2470): type=1400 audit(0.0:900): avc: denied { open } for path="/data/resource-cache/data@resource-cache@com.android.systemui-dynamic-fXEw.frro@idmap" dev="dm-50" ino=1336 scontext=u:r:crash_dump:s0 tcontext=u:object_r:resourcecache_data_file:s0 tclass=file permissive=1
01-01 08:00:42.245 I/[0 T239 ..] logd( 0): logdr: UID=1002 GID=1002 PID=2470 n tail=500 logMask=8 pid=1032 start=0ns deadline=0ns
05-31 18:43:19.012 D/DhcpClient( 997): Received packet: 7e:77:3d:13:73:75 ACK: your new IP /192.168.3.211, netmask /255.255.254.0, gateways [/192.168.3.1] DNS servers: /202.96.134.133 /202.96.128.166 , lease time 3600
01-01 08:00:42.253 W/ ( 0): [2 T1063 ..] [SP FRAME RX] DHCP[1 0], vif_idx:0
01-01 08:00:42.261 I/[2 T239 ..] logd( 0): logdr: UID=1002 GID=1002 PID=2470 n tail=500 logMask=1 pid=1032 start=0ns deadline=0ns
05-31 18:43:19.063 F/DEBUG ( 2470): *** *** *** *** *** *** *** *** *** *** *** *** *** *** *** ***
05-31 18:43:19.063 F/DEBUG ( 2470): Build fingerprint: 'Amlogic/ross/Dangbei:14/UD2A.240505.001.W1/eng.server.20250531.184807:userdebug/release-keys'
05-31 18:43:19.063 F/DEBUG ( 2470): Revision: '0'
05-31 18:43:19.063 F/DEBUG ( 2470): ABI: 'arm'
05-31 18:43:19.064 F/DEBUG ( 2470): Timestamp: 2025-05-31 18:43:18.300640679+0800
05-31 18:43:19.064 F/DEBUG ( 2470): Process uptime: 0s
05-31 18:43:19.064 F/DEBUG ( 2470): Cmdline: com.android.bluetooth
05-31 18:43:19.064 F/DEBUG ( 2470): pid: 1032, tid: 1192, name: bt_stack_manage >>> com.android.bluetooth <<<
05-31 18:43:19.064 F/DEBUG ( 2470): uid: 1002
05-31 18:43:19.064 F/DEBUG ( 2470): signal 6 (SIGABRT), code -1 (SI_QUEUE), fault addr --------
05-31 18:43:19.064 F/DEBUG ( 2470): Abort message: 'assertion 'false' failed - Done waiting for debug information after HCI timeout (LE_SET_EXTENDED_SCAN_PARAMETERS)'
05-31 18:43:19.064 F/DEBUG ( 2470): r0 00000000 r1 000004a8 r2 00000006 r3 c49517a8
05-31 18:43:19.064 F/DEBUG ( 2470): r4 c49517b8 r5 c49517a0 r6 00000408 r7 0000016b
05-31 18:43:19.064 F/DEBUG ( 2470): r8 00000000 r9 ffffffff r10 c49517a8 r11 00000000
05-31 18:43:19.064 F/DEBUG ( 2470): ip 000004a8 sp c4951788 lr f11ca603 pc f11ca616
05-31 18:43:19.064 F/DEBUG ( 2470): 11 total frames
05-31 18:43:19.064 F/DEBUG ( 2470): backtrace:
05-31 18:43:19.064 F/DEBUG ( 2470): #00 pc 0004a616 /apex/com.android.runtime/lib/bionic/libc.so (abort+138) (BuildId: 8e93a972dad1c40fabed7c4c768acf47)
05-31 18:43:19.064 F/DEBUG ( 2470): #01 pc 0040ea21 /apex/com.android.art/lib/libart.so (art::Runtime::Abort(char const*)+980) (BuildId: 0fd2607c7ac03dcf8c16f24317775f7c)
05-31 18:43:19.064 F/DEBUG ( 2470): #02 pc 000328d3 /apex/com.android.art/lib/libbase.so (android::base::SetAborter(std::__1::function&&)::$_0::__invoke(char const*)+46) (BuildId: 23a0e855011591eb7971e416736e2c69)
05-31 18:43:19.064 F/DEBUG ( 2470): #03 pc 000141c1 /system/lib/liblog.so (__android_log_assert+168) (BuildId: b0362a4b0182c09c635ad5ea35568744)
05-31 18:43:19.065 F/DEBUG ( 2470): #04 pc 00745eb3 /apex/com.android.btservices/lib/libbluetooth_jni.so (bluetooth::hci::abort_after_time_out(bluetooth::hci::OpCode)+46) (BuildId: 74669df6f64f9e437a5dacef5200f0bd)
05-31 18:43:19.065 F/DEBUG ( 2470): #05 pc 0083c085 /apex/com.android.btservices/lib/libbluetooth_jni.so (bluetooth::os::Alarm::on_fire()+64) (BuildId: 74669df6f64f9e437a5dacef5200f0bd)
05-31 18:43:19.065 F/DEBUG ( 2470): #06 pc 0083d2fd /apex/com.android.btservices/lib/libbluetooth_jni.so (bluetooth::os::Reactor::Run()+456) (BuildId: 74669df6f64f9e437a5dacef5200f0bd)
05-31 18:43:19.065 F/DEBUG ( 2470): #07 pc 0083daf5 /apex/com.android.btservices/lib/libbluetooth_jni.so (bluetooth::os::Thread::run(bluetooth::os::Thread::Priority)+104) (BuildId: 74669df6f64f9e437a5dacef5200f0bd)
05-31 18:43:19.065 F/DEBUG ( 2470): #08 pc 0083dbe7 /apex/com.android.btservices/lib/libbluetooth_jni.so (void* std::__1::__thread_proxy >, void (bluetooth::os::Thread::*)(bluetooth::os::Thread::Priority), bluetooth::os::Thread*, bluetooth::os::Thread::Priority> >(void*)+40) (BuildId: 74669df6f64f9e437a5dacef5200f0bd)
05-31 18:43:19.065 F/DEBUG ( 2470): #09 pc 00094b4f /apex/com.android.runtime/lib/bionic/libc.so (__pthread_start(void*)+40) (BuildId: 8e93a972dad1c40fabed7c4c768acf47)
05-31 18:43:19.065 F/DEBUG ( 2470): #10 pc 0004b613 /apex/com.android.runtime/lib/bionic/libc.so (__start_thread+30) (BuildId: 8e93a972dad1c40fabed7c4c768acf47)
05-31 18:43:19.167 E/tombstoned( 322): Tombstone written to: tombstone_02
05-31 18:43:19.171 E/NativeTombstoneManager( 719): Tombstone's UID (1002) not an app, ignoring
05-31 18:43:19.179 I/BootReceiver( 719): Copying /data/tombstones/tombstone_02 to DropBox (SYSTEM_TOMBSTONE)
05-31 18:43:19.179 I/DropBoxManagerService( 719): add tag=SYSTEM_TOMBSTONE isTagEnabled=true flags=0x6
05-31 18:43:19.182 I/DropBoxManagerService( 719): add tag=system_app_native_crash isTagEnabled=true flags=0x2
05-31 18:43:19.199 E/NativeTombstoneManager( 719): Tombstone's UID (1002) not an app, ignoring
05-31 18:43:19.203 D/SntpClient( 719): request time failed: java.net.SocketTimeoutException: Poll timed out
05-31 18:43:19.204 D/TrafficStats( 719): tagSocket(415) with statsTag=0xffffff41, statsUid=-1
05-31 18:43:19.207 I/DropBoxManagerService( 719): add tag=SYSTEM_TOMBSTONE_PROTO_WITH_HEADERS isTagEnabled=true flags=0x4
05-31 18:43:19.215 E/android.hardware.bluetooth@1.1-impl( 483): BluetoothDeathRecipient::serviceDied - Bluetooth service died
05-31 18:43:19.215 I/android.hardware.bluetooth@1.1-impl( 483): BluetoothHci::close()
05-31 18:43:19.215 I/android.hardware.bluetooth@1.1-impl( 483): Skipping unlink call, service died.
05-31 18:43:19.215 D/bt_vendor( 483): op for 6
05-31 18:43:19.215 D/bt_upio ( 483): upio_set : pio 2 action 1, polarity 0
05-31 18:43:19.215 E/bt_upio ( 483): upio_set : open(/proc/bluetooth/sleep/lpm) for write failed: No such file or directory (2)
05-31 18:43:19.215 E/bt_hwcfg( 483): LPM disabled!!
05-31 18:43:19.216 D/bt_vendor( 483): op for 4
05-31 18:43:19.217 W/BluetoothManagerService( 719): Profile service for profile: ComponentInfo{com.android.bluetooth/com.android.bluetooth.a2dp.A2dpService} died.
05-31 18:43:19.217 W/BluetoothManagerService( 719): Profile service for profile: ComponentInfo{com.android.bluetooth/com.android.bluetooth.hid.HidHostService} died.
05-31 18:43:19.217 I/MediaSessionStack( 719): removeSession | record: com.android.bluetooth/BluetoothMediaBrowserService (userId=0)
05-31 18:43:19.218 I/ActivityManager( 719): Process com.android.bluetooth (pid 1032) has died: psvc PER
05-31 18:43:19.218 D/BluetoothHearingAid( 719): Proxy object disconnected
05-31 18:43:19.218 D/BluetoothHearingAid( 719): Unbinding service...
05-31 18:43:19.218 D/BluetoothHearingAid( 719): Proxy object disconnected
05-31 18:43:19.218 D/BluetoothHearingAid( 719): Unbinding service...
05-31 18:43:19.218 D/BluetoothHearingAid( 719): Proxy object disconnected
05-31 18:43:19.218 D/BluetoothHearingAid( 719): Unbinding service...
05-31 18:43:19.218 D/BluetoothHearingAid( 719): Proxy object disconnected
05-31 18:43:19.218 D/BluetoothHearingAid( 719): Unbinding service...
05-31 18:43:19.218 D/BluetoothHearingAid( 719): Proxy object disconnected
05-31 18:43:19.218 D/BluetoothHearingAid( 719): Unbinding service...
05-31 18:43:19.218 D/BluetoothHearingAid( 719): Proxy object disconnected
05-31 18:43:19.218 D/BluetoothHearingAid( 719): Unbinding service...
05-31 18:43:19.219 D/CompatibilityChangeReporter( 719): Compat change id reported: 261072174; UID 1000; state: ENABLED
05-31 18:43:19.219 W/ActivityManager( 719): pid 719 system sent binder code 1 with flags 1 to frozen apps and got error -32
05-31 18:43:19.220 D/BluetoothHearingAid( 1046): Proxy object disconnected
05-31 18:43:19.220 D/BluetoothHearingAid( 1046): Unbinding service...
05-31 18:43:19.220 W/MediaSessionService( 719): Dead ActiveSessionsListener in pushSessionsChanged, removing
05-31 18:43:19.220 W/MediaSessionService( 719): android.os.DeadObjectException
05-31 18:43:19.220 W/MediaSessionService( 719): at android.os.BinderProxy.transactNative(Native Method)
05-31 18:43:19.220 W/MediaSessionService( 719): at android.os.BinderProxy.transact(BinderProxy.java:584)
05-31 18:43:19.220 W/MediaSessionService( 719): at android.media.session.IActiveSessionsListener$Stub$Proxy.onActiveSessionsChanged(IActiveSessionsListener.java:121)
05-31 18:43:19.220 W/MediaSessionService( 719): at com.android.server.media.MediaSessionService.pushSession1Changed(MediaSessionService.java:733)
05-31 18:43:19.220 W/MediaSessionService( 719): at com.android.server.media.MediaSessionService.-$$Nest$mpushSession1Changed(MediaSessionService.java:0)
05-31 18:43:19.220 W/MediaSessionService( 719): at com.android.server.media.MediaSessionService$MessageHandler.handleMessage(MediaSessionService.java:2858)
05-31 18:43:19.220 W/MediaSessionService( 719): at android.os.Handler.dispatchMessage(Handler.java:106)
05-31 18:43:19.220 W/MediaSessionService( 719): at android.os.Looper.loopOnce(Looper.java:205)
05-31 18:43:19.220 W/MediaSessionService( 719): at android.os.Looper.loop(Looper.java:294)
05-31 18:43:19.220 W/MediaSessionService( 719): at com.android.server.SystemServer.run(SystemServer.java:982)
05-31 18:43:19.220 W/MediaSessionService( 719): at com.android.server.SystemServer.main(SystemServer.java:668)
05-31 18:43:19.220 W/MediaSessionService( 719): at java.lang.reflect.Method.invoke(Native Method)
05-31 18:43:19.220 W/MediaSessionService( 719): at com.android.internal.os.RuntimeInit$MethodAndArgsCaller.run(RuntimeInit.java:552)
05-31 18:43:19.220 W/MediaSessionService( 719): at com.android.internal.os.ZygoteInit.main(ZygoteInit.java:956)
05-31 18:43:19.220 W/ActivityManager( 719): Scheduling restart of crashed service com.android.bluetooth/.btservice.AdapterService in 1000ms for connection
05-31 18:43:19.220 D/BluetoothManagerService( 719): BluetoothServiceConnection, disconnected: com.android.bluetooth.btservice.AdapterService
05-31 18:43:19.220 D/BluetoothHearingAid( 926): Proxy object disconnected
05-31 18:43:19.220 D/BluetoothManagerService( 719): BluetoothServiceConnection, disconnected: com.android.bluetooth.gatt.GattService
05-31 18:43:19.220 D/BluetoothHearingAid( 926): Unbinding service...
05-31 18:43:19.221 W/ActivityManager( 719): Scheduling restart of crashed service com.android.bluetooth/.gatt.GattService in 11000ms for connection
05-31 18:43:19.221 D/BluetoothHeadset( 719): Proxy object disconnected
05-31 18:43:19.221 D/BluetoothHeadset( 719): Unbinding service...
05-31 18:43:19.221 D/BluetoothHeadset( 719): Proxy object disconnected
05-31 18:43:19.221 D/BluetoothHeadset( 719): Unbinding service...
05-31 18:43:19.222 W/BluetoothManagerService( 719): Profile service for profile: ComponentInfo{com.android.bluetooth/com.android.bluetooth.hearingaid.HearingAidService} died.
05-31 18:43:19.222 D/DisplayManagerService( 719): Drop pending events for gone uid 1002
05-31 18:43:19.222 W/BluetoothManagerService( 719): Profile service for profile: null died.
05-31 18:43:19.222 D/OomAdjuster( 719): Not killing cached processes
05-31 18:43:19.223 D/BluetoothPan( 1046): Proxy object disconnected
05-31 18:43:19.223 D/BluetoothPan( 1046): Unbinding service...
05-31 18:43:19.223 D/BluetoothHeadset( 1046): Proxy object disconnected
05-31 18:43:19.223 D/BluetoothPan( 926): Proxy object disconnected
05-31 18:43:19.223 D/BluetoothPan( 926): Unbinding service...
05-31 18:43:19.223 D/BluetoothHeadset( 1046): Unbinding service...
05-31 18:43:19.223 I/MediaSessionStack( 719): removeSession | record: com.android.bluetooth/BluetoothMediaBrowserService (userId=0)
05-31 18:43:19.224 W/AS.PlaybackActivityMon( 719): client died
05-31 18:43:19.224 D/BluetoothHidHost( 1046): Proxy object disconnected
05-31 18:43:19.224 D/BluetoothHidHost( 1046): Unbinding service...
05-31 18:43:19.224 E/BluetoothManagerService( 719): MESSAGE_BLUETOOTH_SERVICE_DISCONNECTED(1)
05-31 18:43:19.225 D/bt_vendor( 483): property_set_state: HW_STATE_SUCCESS
05-31 18:43:19.225 D/bt_vendor( 483): op: shutdwon_status =
05-31 18:43:19.225 D/BluetoothHidHost( 926): Proxy object disconnected
05-31 18:43:19.225 D/bt_vendor( 483): hw_reg_pum_power_cfg_clear start
05-31 18:43:19.225 D/BluetoothHidHost( 926): Unbinding service...
05-31 18:43:19.226 W/BluetoothManagerService( 719): Profile service for profile: null died.
05-31 18:43:19.226 D/BluetoothHeadset( 926): Proxy object disconnected
05-31 18:43:19.226 D/BluetoothHeadset( 926): Unbinding service...
05-31 18:43:19.226 D/BluetoothManagerService( 719): Broadcasting onBluetoothServiceDown() to 6 receivers.
05-31 18:43:19.226 D/BluetoothAdapter( 719): onBluetoothServiceDown
05-31 18:43:19.226 D/BluetoothAdapter( 1421): onBluetoothServiceDown
05-31 18:43:19.226 D/BluetoothManagerService( 719): Sending BLE State Change: ON > TURNING_OFF
05-31 18:43:19.226 D/BluetoothAdapter( 1726): onBluetoothServiceDown
05-31 18:43:19.226 D/BluetoothAdapter( 1467): onBluetoothServiceDown
05-31 18:43:19.227 D/BluetoothAdapter( 926): onBluetoothServiceDown
05-31 18:43:19.227 I/libprocessgroup( 719): Successfully killed process cgroup uid 1002 pid 1032 in 0ms
05-31 18:43:19.227 D/BluetoothA2dp( 719): Proxy object disconnected
05-31 18:43:19.227 D/BluetoothA2dp( 719): Unbinding service...
05-31 18:43:19.227 D/BluetoothAdapter( 1046): onBluetoothServiceDown
05-31 18:43:19.228 D/BluetoothManagerService( 719): Sending State Change: ON > TURNING_OFF
05-31 18:43:19.228 D/BluetoothHidHost( 1046): Proxy object disconnected
05-31 18:43:19.228 D/BluetoothHearingAid( 926): Proxy object disconnected
05-31 18:43:19.228 D/BluetoothPan( 926): Proxy object disconnected
05-31 18:43:19.228 D/BluetoothHeadset( 1046): Proxy object disconnected
05-31 18:43:19.228 D/BluetoothPan( 1046): Proxy object disconnected
05-31 18:43:19.228 D/BluetoothHearingAid( 1046): Proxy object disconnected
05-31 18:43:19.229 D/BluetoothManagerService( 719): Bluetooth is complete send Service Down
05-31 18:43:19.229 D/BluetoothManagerService( 719): Broadcasting onBluetoothServiceDown() to 6 receivers.
05-31 18:43:19.229 D/BluetoothAdapter( 719): onBluetoothServiceDown
05-31 18:43:19.229 D/BluetoothHidHost( 926): Proxy object disconnected
05-31 18:43:19.230 D/BluetoothA2dp( 719): Proxy object disconnected
05-31 18:43:19.230 D/BluetoothA2dp( 719): Unbinding service...
05-31 18:43:19.230 D/BluetoothAdapter( 1421): onBluetoothServiceDown
05-31 18:43:19.230 D/BluetoothA2dp( 719): Proxy object disconnected
05-31 18:43:19.230 D/BluetoothA2dp( 719): Unbinding service...
05-31 18:43:19.230 D/BluetoothA2dp( 719): Proxy object disconnected
05-31 18:43:19.230 D/BluetoothA2dp( 719): Unbinding service...
05-31 18:43:19.230 D/BluetoothAdapter( 1467): onBluetoothServiceDown
05-31 18:43:19.230 D/BluetoothAdapter( 1726): onBluetoothServiceDown
05-31 18:43:19.230 D/BluetoothA2dp( 719): Proxy object disconnected
05-31 18:43:19.230 D/BluetoothA2dp( 719): Unbinding service...
05-31 18:43:19.230 D/BluetoothA2dp( 926): Proxy object disconnected
05-31 18:43:19.230 D/BluetoothAdapter( 1046): onBluetoothServiceDown
05-31 18:43:19.231 D/BluetoothA2dp( 926): Unbinding service...
05-31 18:43:19.231 D/BluetoothAdapter( 926): onBluetoothServiceDown
05-31 18:43:19.231 D/BluetoothManagerService( 719): unbindAndFinish(): null mBinding = false mUnbinding = false
05-31 18:43:19.231 D/BluetoothManagerService( 719): Sending BLE State Change: TURNING_OFF > OFF
05-31 18:43:19.231 D/BluetoothA2dp( 1046): Proxy object disconnected
05-31 18:43:19.231 D/BluetoothA2dp( 1046): Unbinding service...
05-31 18:43:19.231 I/wpa_supplicant( 1140): wpa_driver_nl80211_driver_cmd: wifi vendor: aml_w2_s
05-31 18:43:19.231 I/wpa_supplicant( 1140): wpa_driver_nl80211_driver_cmd: wlan0: private command: BTCOEXSCAN-STOP
05-31 18:43:19.232 I/BLE_Service( 1046): ACTION STATE CHANGED was 13
05-31 18:43:19.232 I/Zygote ( 470): Process 1032 exited due to signal 6 (Aborted)
05-31 18:43:19.233 D/BluetoothManagerService( 719): Sending State Change: TURNING_OFF > OFF
05-31 18:43:19.234 E/BluetoothDevice( 1046): BT not enabled. Cannot get bond state
05-31 18:43:19.235 E/BluetoothManagerService( 719): MESSAGE_BLUETOOTH_SERVICE_DISCONNECTED(2)
05-31 18:43:19.236 D/BluetoothA2dp( 719): Proxy object disconnected
05-31 18:43:19.236 D/BluetoothA2dp( 719): Unbinding service...
05-31 18:43:19.236 D/BluetoothHeadset( 926): Proxy object disconnected
05-31 18:43:19.236 D/BluetoothA2dp( 926): Proxy object disconnected
05-31 18:43:19.239 D/BluetoothA2dp( 1046): Proxy object disconnected
05-31 18:43:19.240 E/BluetoothDevice( 926): BT not enabled. Cannot get bond state
05-31 18:43:19.240 W/BluetoothHidHost( 926): Proxy not attached to service
05-31 18:43:19.241 I/BLE_Service( 1046): ACTION STATE CHANGED was 10
05-31 18:43:19.241 D/BluetoothHidHost( 926): java.lang.Throwable
05-31 18:43:19.241 D/BluetoothHidHost( 926): at android.bluetooth.BluetoothHidHost.getConnectionState(BluetoothHidHost.java:441)
05-31 18:43:19.241 D/BluetoothHidHost( 926): at com.android.settingslib.bluetooth.HidProfile.getConnectionStatus(go/retraceme f158f3204169c587d8a5e31a8a409ff63fc3399b2989042c96d86d2b5b83cf87:7)
05-31 18:43:19.241 D/BluetoothHidHost( 926): at com.android.settingslib.bluetooth.CachedBluetoothDevice.getMaxConnectionState(go/retraceme f158f3204169c587d8a5e31a8a409ff63fc3399b2989042c96d86d2b5b83cf87:33)
05-31 18:43:19.241 D/BluetoothHidHost( 926): at com.android.systemui.statusbar.policy.bluetooth.BluetoothRepositoryImpl$fetchConnectionStatus$2.invokeSuspend(go/retraceme f158f3204169c587d8a5e31a8a409ff63fc3399b2989042c96d86d2b5b83cf87:54)
05-31 18:43:19.241 D/BluetoothHidHost( 926): at kotlin.coroutines.jvm.internal.BaseContinuationImpl.resumeWith(go/retraceme f158f3204169c587d8a5e31a8a409ff63fc3399b2989042c96d86d2b5b83cf87:8)
05-31 18:43:19.241 D/BluetoothHidHost( 926): at kotlinx.coroutines.DispatchedTask.run(go/retraceme f158f3204169c587d8a5e31a8a409ff63fc3399b2989042c96d86d2b5b83cf87:111)
05-31 18:43:19.241 D/BluetoothHidHost( 926): at kotlinx.coroutines.internal.LimitedDispatcher$Worker.run(go/retraceme f158f3204169c587d8a5e31a8a409ff63fc3399b2989042c96d86d2b5b83cf87:4)
05-31 18:43:19.241 D/BluetoothHidHost( 926): at kotlinx.coroutines.scheduling.TaskImpl.run(go/retraceme f158f3204169c587d8a5e31a8a409ff63fc3399b2989042c96d86d2b5b83cf87:3)
05-31 18:43:19.241 D/BluetoothHidHost( 926): at kotlinx.coroutines.scheduling.CoroutineScheduler$Worker.run(go/retraceme f158f3204169c587d8a5e31a8a409ff63fc3399b2989042c96d86d2b5b83cf87:93)
05-31 18:43:19.241 W/BluetoothHidHost( 926): Proxy not attached to service
05-31 18:43:19.241 D/BluetoothHidHost( 926): java.lang.Throwable
05-31 18:43:19.241 D/BluetoothHidHost( 926): at android.bluetooth.BluetoothHidHost.getConnectionState(BluetoothHidHost.java:441)
05-31 18:43:19.241 D/BluetoothHidHost( 926): at com.android.settingslib.bluetooth.HidProfile.getConnectionStatus(go/retraceme f158f3204169c587d8a5e31a8a409ff63fc3399b2989042c96d86d2b5b83cf87:7)
05-31 18:43:19.241 D/BluetoothHidHost( 926): at com.android.settingslib.bluetooth.CachedBluetoothDevice.isConnected(go/retraceme f158f3204169c587d8a5e31a8a409ff63fc3399b2989042c96d86d2b5b83cf87:29)
05-31 18:43:19.241 D/BluetoothHidHost( 926): at com.android.systemui.statusbar.policy.bluetooth.BluetoothRepositoryImpl$fetchConnectionStatus$2.invokeSuspend(go/retraceme f158f3204169c587d8a5e31a8a409ff63fc3399b2989042c96d86d2b5b83cf87:106)
05-31 18:43:19.241 D/BluetoothHidHost( 926): at kotlin.coroutines.jvm.internal.BaseContinuationImpl.resumeWith(go/retraceme f158f3204169c587d8a5e31a8a409ff63fc3399b2989042c96d86d2b5b83cf87:8)
05-31 18:43:19.241 D/BluetoothHidHost( 926): at kotlinx.coroutines.DispatchedTask.run(go/retraceme f158f3204169c587d8a5e31a8a409ff63fc3399b2989042c96d86d2b5b83cf87:111)
05-31 18:43:19.241 D/BluetoothHidHost( 926): at kotlinx.coroutines.internal.LimitedDispatcher$Worker.run(go/retraceme f158f3204169c587d8a5e31a8a409ff63fc3399b2989042c96d86d2b5b83cf87:4)
05-31 18:43:19.241 D/BluetoothHidHost( 926): at kotlinx.coroutines.scheduling.TaskImpl.run(go/retraceme f158f3204169c587d8a5e31a8a409ff63fc3399b2989042c96d86d2b5b83cf87:3)
05-31 18:43:19.241 D/BluetoothHidHost( 926): at kotlinx.coroutines.scheduling.CoroutineScheduler$Worker.run(go/retraceme f158f3204169c587d8a5e31a8a409ff63fc3399b2989042c96d86d2b5b83cf87:93)
05-31 18:43:19.241 I/wpa_supplicant( 1140): wpa_driver_nl80211_driver_cmd: wifi vendor: aml_w2_s
05-31 18:43:19.241 I/wpa_supplicant( 1140): wpa_driver_nl80211_driver_cmd: wlan0: private command: BTCOEXSCAN-STOP
05-31 18:43:19.246 D/bt_vendor( 483): hw_reg_pum_power_cfg_clear end
05-31 18:43:19.346 D/bt_vendor( 483): aml_reset_bt
05-31 18:43:19.397 D/bt_vendor( 483): aml_reset_bt end
05-31 18:43:19.518 D/bt_vendor( 483): aml_disbt_configure read rsp [0x4, 0xe, 0x8, 0x1, 0xf0, 0xfc, 0, 0, 0, 0, 0, 0]
05-31 18:43:19.533 D/bt_vendor( 483): aml_disbt_configure end
05-31 18:43:19.533 D/bt_userial_vendor( 483): SJD userial_vendor_close 10
05-31 18:43:19.533 D/bt_userial_vendor( 483): device fd = 10 close
05-31 18:43:19.533 D/bt_userial_vendor( 483): SJD userial_vendor_closed
05-31 18:43:19.533 D/bt_vendor( 483): op for 0
05-31 18:43:19.533 D/bt_vendor( 483): === power off BT ===
05-31 18:43:19.533 D/bt_upio ( 483): is_emulator_context : 0
05-31 18:43:19.533 D/bt_upio ( 483): is_rfkill_disabled ? [0]
01-01 08:00:42.777 I/[0 T483 ..] [wireless]( 0): BT_RADIO going: off
01-01 08:00:42.777 I/[0 T483 ..] [wireless]( 0): AML_BT: going OFF,btpower_evt=0
01-01 08:00:42.777 I/[0 T483 ..] [mmc]( 0): sdio vendor is 0x1b8e
05-31 18:43:19.627 D/BluetoothManagerService( 719): MESSAGE_RESTART_BLUETOOTH_SERVICE: retry count=1
05-31 18:43:19.627 D/BluetoothManagerService( 719): binding Bluetooth service
05-31 18:43:19.630 D/CompatibilityChangeReporter( 719): Compat change id reported: 135634846; UID 1002; state: DISABLED
05-31 18:43:19.651 D/Zygote ( 470): Forked child process 2483
05-31 18:43:19.653 I/ActivityManager( 719): Start proc 2483:com.android.bluetooth/1002 for service {com.android.bluetooth/com.android.bluetooth.btservice.AdapterService}
05-31 18:43:19.657 I/Zygote ( 2483): seccomp disabled by setenforce 0
05-31 18:43:19.664 I/droid.bluetooth( 2483): Using CollectorTypeCC GC.
05-31 18:43:19.672 E/droid.bluetooth( 2483): Not starting debugger since process cannot load the jdwp agent.
05-31 18:43:19.683 D/CompatibilityChangeReporter( 719): Compat change id reported: 168419799; UID 1002; state: DISABLED
05-31 18:43:19.684 D/CompatibilityChangeReporter( 719): Compat change id reported: 273564678; UID 1002; state: DISABLED
05-31 18:43:19.686 D/CompatibilityChangeReporter( 719): Compat change id reported: 265195908; UID 1002; state: ENABLED
05-31 18:43:19.711 D/CompatibilityChangeReporter( 2483): Compat change id reported: 171979766; UID 1002; state: ENABLED
05-31 18:43:19.711 D/CompatibilityChangeReporter( 2483): Compat change id reported: 242716250; UID 1002; state: ENABLED
05-31 18:43:19.724 D/nativeloader( 2483): Configuring clns-shared-4 for other apk /apex/com.android.btservices/app/Bluetooth@UD2A.240505.001.W1/Bluetooth.apk. target_sdk_version=34, uses_libraries=, library_path=/apex/com.android.btservices/app/Bluetooth@UD2A.240505.001.W1/lib/arm:/system/lib:/system_ext/lib, permitted_path=/data:/mnt/expand:/data/user_de/0/com.android.bluetooth:/apex/com.android.btservices/app/Bluetooth@UD2A.240505.001.W1:/system/lib:/system_ext/lib
05-31 18:43:19.726 D/nativeloader( 2483): InitApexLibraries:
05-31 18:43:19.726 D/nativeloader( 2483): com_android_adservices: libhpke_jni.so:libtflite_support_classifiers_native.so
05-31 18:43:19.726 D/nativeloader( 2483): com_android_appsearch: libicing.so
05-31 18:43:19.726 D/nativeloader( 2483): com_android_art: libartservice.so
05-31 18:43:19.726 D/nativeloader( 2483): com_android_btservices: libbluetooth_jni.so
05-31 18:43:19.726 D/nativeloader( 2483): com_android_conscrypt: libjavacrypto.so
05-31 18:43:19.726 D/nativeloader( 2483): com_android_extservices: libhpke_jni.so:libtflite_support_classifiers_native.so
05-31 18:43:19.726 D/nativeloader( 2483): com_android_os_statsd: libstats_jni.so
05-31 18:43:19.726 D/nativeloader( 2483): com_android_tethering: libandroid_net_connectivity_com_android_net_module_util_jni.so:libcronet.114.0.5735.84.so:libframework-connectivity-jni.so:libframework-connectivity-tiramisu-jni.so:libservice-connectivity.so
05-31 18:43:19.726 D/nativeloader( 2483): com_android_uwb: libuwb_uci_jni_rust.so
05-31 18:43:19.726 D/nativeloader( 2483): com_android_virt: libvirtualizationservice_jni.so:libvirtualmachine_jni.so
05-31 18:43:19.735 V/GraphicsEnvironment( 2483): Currently set values for:
05-31 18:43:19.735 V/GraphicsEnvironment( 2483): angle_gl_driver_selection_pkgs=[]
05-31 18:43:19.735 V/GraphicsEnvironment( 2483): angle_gl_driver_selection_values=[]
05-31 18:43:19.736 V/GraphicsEnvironment( 2483): ANGLE GameManagerService for com.android.bluetooth: false
05-31 18:43:19.736 V/GraphicsEnvironment( 2483): com.android.bluetooth is not listed in per-application setting
05-31 18:43:19.736 V/GraphicsEnvironment( 2483): Neither updatable production driver nor prerelease driver is supported.
05-31 18:43:19.763 I/bt_stack_config( 2483): packages/modules/Bluetooth/system/main/stack_config.cc:199 get_pts_broadcast_audio_config_options: Config isn't ready, use default option
05-31 18:43:19.766 I/droid.bluetooth( 2483): [0531/184319.766032:INFO:btif_config_cache.cc(67)] BtifConfigCache, capacity: 10000
05-31 18:43:19.770 D/bt_upio ( 483): in upio_set_bluetooth_power(), write 0 to rfkill state.
05-31 18:43:19.770 D/bt_vendor( 483): bt_power 0
05-31 18:43:19.771 E/android.hardware.bluetooth@1.0-impl( 483): bt_vendor_release_wake_lock call in
05-31 18:43:19.771 E/android.hardware.bluetooth@1.0-impl( 483): bt_vendor_release_wake_lock wakelock unacquired
05-31 18:43:19.777 E/ActivityThread( 2483): Failed to find provider info for bluetooth_legacy.provider
05-31 18:43:19.777 D/DataMigration( 2483): Legacy migration skiped: no migration app installed
05-31 18:43:19.779 I/BluetoothAvrcpControllerJni( 2483): classInitNative: succeeds
05-31 18:43:19.780 D/CompatibilityChangeReporter( 2483): Compat change id reported: 263076149; UID 1002; state: ENABLED
05-31 18:43:19.781 I/BluetoothHidHostServiceJni( 2483): classInitNative: succeeds
05-31 18:43:19.782 I/BluetoothPanServiceJni( 2483): classInitNative(L108): succeeds
05-31 18:43:19.783 I/AdapterServiceConfig( 2483): init: profile=A2dpService, enabled=true
05-31 18:43:19.783 I/AdapterServiceConfig( 2483): init: profile=A2dpSinkService, enabled=false
05-31 18:43:19.783 I/AdapterServiceConfig( 2483): init: profile=AvrcpTargetService, enabled=true
05-31 18:43:19.783 I/AdapterServiceConfig( 2483): init: profile=AvrcpControllerService, enabled=false
05-31 18:43:19.783 I/AdapterServiceConfig( 2483): init: profile=BassClientService, enabled=false
05-31 18:43:19.783 I/AdapterServiceConfig( 2483): init: profile=BatteryService, enabled=false
05-31 18:43:19.783 I/AdapterServiceConfig( 2483): init: profile=CsipSetCoordinatorService, enabled=false
05-31 18:43:19.783 I/AdapterServiceConfig( 2483): init: profile=HapClientService, enabled=false
05-31 18:43:19.783 I/AdapterServiceConfig( 2483): init: profile=HeadsetService, enabled=true
05-31 18:43:19.783 I/AdapterServiceConfig( 2483): init: profile=HeadsetClientService, enabled=false
05-31 18:43:19.783 I/AdapterServiceConfig( 2483): init: profile=HearingAidService, enabled=true
05-31 18:43:19.783 I/AdapterServiceConfig( 2483): init: profile=HidDeviceService, enabled=false
05-31 18:43:19.784 I/AdapterServiceConfig( 2483): init: profile=HidHostService, enabled=true
