05-31 18:42:57.850 W/WindowManager( 719): [addWindow] title:com.android.systemui.wallpapers.ImageWallpaper
05-31 18:42:57.851 D/CompatibilityChangeReporter( 719): Compat change id reported: 168419799; UID 10052; state: DISABLED
05-31 18:42:57.852 D/CompatibilityChangeReporter( 719): Compat change id reported: 273564678; UID 10052; state: DISABLED
01-01 08:00:21.109 I/[2 T677 ..] [hdmitx( 0): ] hdmitx_audio_notify_callback[804] type:1 rate:0 size:0 chs:0 i2s_ch_mask:0 aud_src_if:0
01-01 08:00:21.110 E/[2 T677 ..] [hdmitx( 0): ] *HDMITX_ERROR* audio chn setting, must be 2, 4, 6 or 8, Rst as def
01-01 08:00:21.111 I/[2 T677 ..] [hdmitx( 0): ] aout notify format CT_PCM
01-01 08:00:21.112 I/[2 T677 ..] [hdmitx( 0): ] set audio
01-01 08:00:21.113 I/[2 T677 ..] [hdmitx( 0): ] audio_param->chs = -1
01-01 08:00:21.113 I/[2 T677 ..] [hdmitx( 0): ] aud_src_if = 0
01-01 08:00:21.114 I/[2 T677 ..] [hdmitx( 0): ] aud_n_para = 5120
01-01 08:00:21.114 I/[2 T677 ..] [hdmitx( 0): ] set audio param
01-01 08:00:21.115 I/[2 T677 ..] audio_ddr_mngr( 0): frddrs[1] released by device fe330000.audiobus:spdif@0
01-01 08:00:21.117 D/[2 T677 ..] [snd-soc]( 0): spdif_a is set to disable
01-01 08:00:21.117 I/[2 T677 ..] [snd-soc]( 0): aml_audio_reset, reg 0xa, shift 9, use_vadtop 0
01-01 08:00:21.117 I/[2 T677 ..] [snd-soc]( 0): aml_audio_reset, reg 0xa, shift 14, use_vadtop 0
01-01 08:00:21.118 I/[2 T677 ..] [snd-soc]( 0): hdmitx src switch to spdif 0
01-01 08:00:21.119 I/[2 T677 ..] [snd-soc]( 0): sharebuffer_spdifout_prepare get_hdmitx_audio_src(rtd->card):0 spdif_id:0
01-01 08:00:21.120 I/[2 T677 ..] [hdmitx( 0): ] hdmitx_audio_notify_callback[804] type:1 rate:0 size:0 chs:0 i2s_ch_mask:0 aud_src_if:0
01-01 08:00:21.122 E/[2 T677 ..] [hdmitx( 0): ] *HDMITX_ERROR* audio chn setting, must be 2, 4, 6 or 8, Rst as def
01-01 08:00:21.123 I/[2 T677 ..] [hdmitx( 0): ] aout notify format CT_PCM
01-01 08:00:21.123 I/[2 T677 ..] [hdmitx( 0): ] set audio
01-01 08:00:21.124 I/[2 T677 ..] [hdmitx( 0): ] audio_param->chs = -1
01-01 08:00:21.125 I/[2 T677 ..] [hdmitx( 0): ] aud_src_if = 0
01-01 08:00:21.125 I/[2 T677 ..] [hdmitx( 0): ] aud_n_para = 5120
05-31 18:42:57.884 D/SystemServerTiming( 719): ManagedServices.unbindOtherUserServices_current0
05-31 18:42:57.884 V/SystemServerTiming( 719): ManagedServices.unbindOtherUserServices_current0 took to complete: 0ms
05-31 18:42:57.885 D/SystemServerTiming( 719): ManagedServices.unbindOtherUserServices_current0
05-31 18:42:57.885 V/SystemServerTiming( 719): ManagedServices.unbindOtherUserServices_current0 took to complete: 0ms
05-31 18:42:57.885 D/SystemServerTiming( 719): ManagedServices.unbindOtherUserServices_current0
05-31 18:42:57.885 V/SystemServerTiming( 719): ManagedServices.unbindOtherUserServices_current0 took to complete: 0ms
05-31 18:42:57.885 V/NotificationAssistants( 719): enabling notification assistant for 0: ComponentInfo{android.ext.services/android.ext.services.notification.Assistant}
01-01 08:00:21.126 I/[2 T677 ..] [hdmitx( 0): ] set audio param
01-01 08:00:21.126 D/[2 T677 ..] [snd-soc]( 0): spdif_a fifo ctrl, frddr:0 type:1, 16 bits, chmask 0x3, swap 0x10
01-01 08:00:21.126 I/[2 T677 ..] [hdmitx( 0): ] hdmitx_audio_notify_callback[804] type:1 rate:3 size:1 chs:2 i2s_ch_mask:1 aud_src_if:0
01-01 08:00:21.128 I/[2 T677 ..] [hdmitx( 0): ] aout notify format CT_PCM
01-01 08:00:21.129 I/[2 T677 ..] [hdmitx( 0): ] set audio
05-31 18:42:57.886 V/NotificationAssistants( 719): binding: Intent { act=android.service.notification.NotificationAssistantService cmp=android.ext.services/.notification.Assistant (has extras) }
05-31 18:42:57.889 D/OomAdjuster( 719): Not killing cached processes
01-01 08:00:21.129 I/[2 T677 ..] [hdmitx( 0): ] audio_param->chs = 1
01-01 08:00:21.130 I/[2 T677 ..] [hdmitx( 0): ] aud_src_if = 0
01-01 08:00:21.130 I/[2 T677 ..] [hdmitx( 0): ] aud_n_para = 5120
01-01 08:00:21.131 I/[2 T677 ..] [hdmitx( 0): ] set audio param
01-01 08:00:21.135 D/[2 T677 ..] [snd-soc]( 0): spdif_a is set to enable
01-01 08:00:21.137 I/[2 T677 ..] [snd-soc]( 0): release_spdif_same_src(), 1039 src sel 3
01-01 08:00:21.137 I/[2 T677 ..] [snd-soc]( 0): ss_free() samesrc 3, lvl 1
01-01 08:00:21.139 I/[3 T677 ..] audio_ddr_mngr( 0): frddrs[1] registered by device fe330000.audiobus:spdif@0
01-01 08:00:21.139 I/[3 T677 ..] [hdmitx( 0): ] hdmitx_audio_notify_callback[804] type:1 rate:0 size:0 chs:0 i2s_ch_mask:0 aud_src_if:0
01-01 08:00:21.140 E/[3 T677 ..] [hdmitx( 0): ] *HDMITX_ERROR* audio chn setting, must be 2, 4, 6 or 8, Rst as def
01-01 08:00:21.142 I/[3 T677 ..] [hdmitx( 0): ] aout notify format CT_PCM
01-01 08:00:21.142 I/[3 T677 ..] [hdmitx( 0): ] set audio
01-01 08:00:21.143 I/[2 T677 ..] [hdmitx( 0): ] audio_param->chs = -1
01-01 08:00:21.143 I/[2 T677 ..] [hdmitx( 0): ] aud_src_if = 0
01-01 08:00:21.144 I/[2 T677 ..] [hdmitx( 0): ] aud_n_para = 5120
01-01 08:00:21.145 I/[2 T677 ..] [hdmitx( 0): ] set audio param
01-01 08:00:21.146 I/[2 T677 ..] [hdmitx( 0): ] hdmitx_audio_notify_callback[804] type:1 rate:0 size:0 chs:0 i2s_ch_mask:0 aud_src_if:0
01-01 08:00:21.147 E/[2 T677 ..] [hdmitx( 0): ] *HDMITX_ERROR* audio chn setting, must be 2, 4, 6 or 8, Rst as def
01-01 08:00:21.148 I/[2 T677 ..] [hdmitx( 0): ] aout notify format CT_PCM
01-01 08:00:21.148 I/[2 T677 ..] [hdmitx( 0): ] set audio
01-01 08:00:21.149 I/[2 T677 ..] [hdmitx( 0): ] audio_param->chs = -1
01-01 08:00:21.150 I/[2 T677 ..] [hdmitx( 0): ] aud_src_if = 0
01-01 08:00:21.150 I/[2 T677 ..] [hdmitx( 0): ] aud_n_para = 5120
01-01 08:00:21.151 I/[2 T677 ..] [hdmitx( 0): ] set audio param
01-01 08:00:21.151 I/[2 T677 ..] [hdmitx( 0): ] hdmitx_audio_notify_callback[804] type:2 rate:3 size:1 chs:2 i2s_ch_mask:1 aud_src_if:0
01-01 08:00:21.153 I/[2 T677 ..] [hdmitx( 0): ] aout notify format CT_AC_3
01-01 08:00:21.154 I/[2 T677 ..] [hdmitx( 0): ] set audio
01-01 08:00:21.154 I/[2 T677 ..] [hdmitx( 0): ] audio_param->chs = 1
01-01 08:00:21.155 I/[2 T677 ..] [hdmitx( 0): ] aud_src_if = 0
01-01 08:00:21.155 I/[2 T677 ..] [hdmitx( 0): ] aud_n_para = 5120
01-01 08:00:21.156 I/[2 T677 ..] [hdmitx( 0): ] set audio param
01-01 08:00:21.157 D/[2 T677 ..] [snd-soc]( 0): aml_spdif_fifo_ctrl, bit depth:16, frddr type:1, toddr:type:1
05-31 18:42:57.957 D/CompatibilityChangeReporter( 719): Compat change id reported: 161145287; UID 10060; state: ENABLED
01-01 08:00:21.249 W/ ( 0): [2 T1140 ..] [aml_android_priv_ioctl 128] vif idx=0 cmd=SETSUSPENDMODE 1
01-01 08:00:21.250 W/ ( 0): [2 T1140 ..] [aml_android_set_suspend_mode 77] set google_cast 1
05-31 18:42:58.056 V/SystemUIBootTiming( 926): StartServices com.android.systemui.keyguard.domain.interactor.KeyguardTransitionCoreStartable took to complete: 312ms
01-01 08:00:21.298 W/ ( 0): [2 T1140 ..] [aml_android_priv_ioctl 128] vif idx=0 cmd=SETSUSPENDMODE 0
01-01 08:00:21.298 W/ ( 0): [2 T1140 ..] [aml_android_set_suspend_mode 77] set google_cast 0
05-31 18:42:58.059 V/SystemUIBootTiming( 926): StartServices com.android.systemui.keyguard.domain.interactor.SystemUIKeyguardFaceAuthInteractor took to complete: 3ms
05-31 18:42:58.066 V/SystemUIBootTiming( 926): StartServices com.android.systemui.media.RingtonePlayer took to complete: 7ms
05-31 18:42:58.071 V/SystemUIBootTiming( 926): StartServices com.android.systemui.media.systemsounds.HomeSoundEffectController took to complete: 4ms
05-31 18:42:58.078 V/SystemUIBootTiming( 926): StartServices com.android.systemui.motiontool.MotionToolStartable took to complete: 6ms
05-31 18:42:58.150 V/SystemUIBootTiming( 926): StartServices com.android.systemui.power.PowerUI took to complete: 72ms
05-31 18:42:58.174 V/SystemUIBootTiming( 926): StartServices com.android.systemui.privacy.television.TvPrivacyChipsController took to complete: 24ms
05-31 18:42:58.176 V/SystemUIBootTiming( 926): StartServices com.android.systemui.qs.QSFragmentStartable took to complete: 2ms
01-01 08:00:21.428 I/[3 T483 ..] [wireless]( 0): [usb_power_control] Set BT power on !
01-01 08:00:21.467 I/[1 T1239 ..] BTI( 0): amlbt_sdio_fops_open bt opened rf num:0xffffffff
01-01 08:00:21.468 I/[1 T1239 ..] BTI( 0): amlbt_sdio_fops_open, 0x20240820
01-01 08:00:21.468 I/[1 T1239 ..] BTI( 0): iccm start dw_state 0x0
01-01 08:00:21.469 I/[1 T1239 ..] BTI( 0): amlbt_sdio_char_write BT_fwICCM 0xf1d5000, BT_fwDCCM 0xf216000
01-01 08:00:21.473 I/[1 T1239 ..] BTI( 0): dccm start
01-01 08:00:21.499 I/[1 T1239 ..] BTI( 0): download finished!
01-01 08:00:21.499 I/[1 T1239 ..] BTI( 0): W E 0x40000,0x20000
01-01 08:00:21.500 I/[1 T1239 ..] BTI( 0): amlbt_sdio_char_read end
01-01 08:00:21.502 I/[1 T1239 ..] BTI( 0): BT set rf succeed!
01-01 08:00:21.502 I/[1 T1239 ..] BTI( 0): amlbt_sdio_char_write set rf num 0x2
01-01 08:00:21.502 I/[1 T1239 ..] BTI( 0): amlbt_sdio_fops_close BT closed
05-31 18:42:58.310 V/SystemUIBootTiming( 926): StartServices com.android.systemui.qs.pipeline.domain.startable.QSPipelineCoreStartable took to complete: 134ms
05-31 18:42:58.345 V/SystemUIBootTiming( 926): StartServices com.android.systemui.scene.domain.startable.SceneContainerStartable took to complete: 35ms
05-31 18:42:58.347 V/SystemUIBootTiming( 926): StartServices com.android.systemui.settings.UserFileManagerImpl took to complete: 2ms
05-31 18:42:58.351 V/SystemUIBootTiming( 926): StartServices com.android.systemui.shortcut.ShortcutKeyDispatcher took to complete: 4ms
05-31 18:42:58.353 V/SystemUIBootTiming( 926): StartServices com.android.systemui.statusbar.notification.InstantAppNotifier took to complete: 1ms
05-31 18:42:58.360 V/SystemUIBootTiming( 926): StartServices com.android.systemui.statusbar.notification.interruption.KeyguardNotificationVisibilityProviderImpl took to complete: 7ms
05-31 18:42:58.364 V/SystemUIBootTiming( 926): StartServices com.android.systemui.statusbar.notification.logging.NotificationMemoryMonitor took to complete: 4ms
05-31 18:42:58.365 V/SystemUIBootTiming( 926): StartServices com.android.systemui.statusbar.phone.LetterboxBackgroundProvider took to complete: 1ms
05-31 18:42:58.371 V/SystemUIBootTiming( 926): StartServices com.android.systemui.statusbar.pipeline.mobile.data.repository.CarrierConfigCoreStartable took to complete: 6ms
01-01 08:00:21.636 I/[3 T914 ..] [snd-soc]( 0): drc high cut scale set to 0%
01-01 08:00:21.636 I/[3 T914 ..] [snd-soc]( 0): drc low boost scale set to 0%
01-01 08:00:21.637 I/[3 T914 ..] [snd-soc]( 0): drc mode set to RF
05-31 18:42:58.405 I/AS.AudioDeviceInventory( 719): sendDeviceConnectionIntent(dev:0x400 state:0x1 address: name:);
05-31 18:42:58.514 W/WindowManager( 719): Keyguard drawn timeout. Setting mKeyguardDrawComplete
05-31 18:42:58.601 D/CompatibilityChangeReporter( 719): Compat change id reported: 182478738; UID 10052; state: ENABLED
05-31 18:42:58.650 V/SystemUIBootTiming( 926): StartServices com.android.systemui.statusbar.pipeline.mobile.ui.MobileUiAdapter took to complete: 279ms
05-31 18:42:58.668 V/SystemUIBootTiming( 926): StartServices com.android.systemui.statusbar.pipeline.wifi.data.repository.WifiRepositoryDagger took to complete: 18ms
05-31 18:42:58.670 I/StatusBarManagerService( 719): registerStatusBar bar=com.android.internal.statusbar.IStatusBar$Stub$Proxy@ed6eac
05-31 18:42:58.671 V/SystemUIBootTiming( 926): StartServices com.android.systemui.statusbar.tv.TvStatusBar took to complete: 3ms
05-31 18:42:58.682 V/SystemUIBootTiming( 926): StartServices com.android.systemui.statusbar.tv.VpnStatusObserver took to complete: 11ms
05-31 18:42:58.685 V/SystemUIBootTiming( 926): StartServices com.android.systemui.statusbar.tv.notifications.TvNotificationHandler took to complete: 2ms
05-31 18:42:58.685 V/SystemUIBootTiming( 926): StartServices com.android.systemui.statusbar.tv.notifications.TvNotificationPanel took to complete: 0ms
01-01 08:00:21.954 I/[0 T914 ..] [snd-soc]( 0): dts_dec_control/0x0
05-31 18:42:58.721 V/SystemUIBootTiming( 926): StartServices com.android.systemui.theme.ThemeOverlayController took to complete: 36ms
05-31 18:42:58.722 W/Looper ( 1046): Slow dispatch took 3208ms main h=android.app.ActivityThread$H c=null m=110
05-31 18:42:58.723 V/SystemUIBootTiming( 926): StartServices com.android.systemui.toast.ToastUI took to complete: 1ms
05-31 18:42:58.724 W/ContextImpl( 1046): Calling a method in the system process without a qualified user: android.app.ContextImpl.startService:1899 android.content.ContextWrapper.startService:825 com.droidlogic.DroidlogicApplication$1.handleMessage:93 android.os.Handler.dispatchMessage:106 android.os.Looper.loopOnce:205
05-31 18:42:58.733 V/SystemUIBootTiming( 926): StartServices com.android.systemui.usb.StorageNotification took to complete: 10ms
05-31 18:42:58.752 V/SystemUIBootTiming( 926): StartServices com.android.systemui.user.ui.dialog.UserSwitcherDialogCoordinator took to complete: 19ms
05-31 18:42:58.757 V/SystemUIBootTiming( 926): StartServices com.android.systemui.util.NotificationChannels took to complete: 5ms
05-31 18:42:58.760 V/SystemUIBootTiming( 926): StartServices com.android.systemui.util.leak.GarbageMonitor took to complete: 3ms
05-31 18:42:58.843 V/SystemUIBootTiming( 926): StartServices com.android.systemui.volume.VolumeUI took to complete: 83ms
05-31 18:42:58.855 V/SystemUIBootTiming( 926): StartServices com.android.systemui.wmshell.WMShell took to complete: 12ms
05-31 18:42:58.855 V/SystemUIBootTiming( 926): StartServices com.android.systemui.VendorServices took to complete: 0ms
05-31 18:42:58.856 V/SystemUIBootTiming( 926): StartServices took to complete: 2494ms
05-31 18:42:58.860 W/Looper ( 926): Slow dispatch took 2509ms main h=android.app.ActivityThread$H c=null m=114
05-31 18:42:58.860 W/Looper ( 926): Slow delivery took 3030ms main h=android.app.ActivityThread$H c=null m=115
05-31 18:42:58.868 D/WindowManager( 719): ThemeHomeDelay: Home launch was deferred.
01-01 08:00:22.128 I/[3 T708 ..] [hdmitx( 0): ] hdmitx21_audio_mute_op: AUD_UNMUTE path=0x8000000
01-01 08:00:22.128 I/[3 T708 ..] [hdmitx( 0): ] hdmitx21_ext_set_audio_output enable:1
01-01 08:00:22.128 I/[2 T677 ..] [hdmitx( 0): ] hdmitx_audio_notify_callback[804] type:1 rate:0 size:0 chs:0 i2s_ch_mask:0 aud_src_if:0
01-01 08:00:22.130 E/[2 T677 ..] [hdmitx( 0): ] *HDMITX_ERROR* audio chn setting, must be 2, 4, 6 or 8, Rst as def
01-01 08:00:22.131 I/[2 T677 ..] [hdmitx( 0): ] aout notify format CT_PCM
01-01 08:00:22.132 I/[2 T677 ..] [hdmitx( 0): ] set audio
01-01 08:00:22.133 I/[2 T677 ..] [hdmitx( 0): ] audio_param->chs = -1
01-01 08:00:22.133 I/[2 T677 ..] [hdmitx( 0): ] aud_src_if = 0
01-01 08:00:22.134 I/[2 T677 ..] [hdmitx( 0): ] aud_n_para = 5120
01-01 08:00:22.134 I/[2 T677 ..] [hdmitx( 0): ] set audio param
01-01 08:00:22.135 I/[2 T677 ..] [hdmitx( 0): ] hdmitx_audio_notify_callback[804] type:2 rate:3 size:1 chs:2 i2s_ch_mask:1 aud_src_if:0
01-01 08:00:22.136 I/[2 T677 ..] [hdmitx( 0): ] aout notify format CT_AC_3
01-01 08:00:22.137 I/[2 T677 ..] [hdmitx( 0): ] set audio
01-01 08:00:22.138 I/[2 T677 ..] [hdmitx( 0): ] audio_param->chs = 1
01-01 08:00:22.138 I/[2 T677 ..] [hdmitx( 0): ] aud_src_if = 0
01-01 08:00:22.139 I/[2 T677 ..] [hdmitx( 0): ] aud_n_para = 5120
01-01 08:00:22.139 I/[2 T677 ..] [hdmitx( 0): ] set audio param
01-01 08:00:22.140 D/[2 T677 ..] [snd-soc]( 0): aml_spdif_fifo_ctrl, bit depth:16, frddr type:1, toddr:type:1
01-01 08:00:22.143 I/[2 T677 ..] [hdmitx( 0): ] hdmitx_audio_notify_callback[804] type:1 rate:0 size:0 chs:0 i2s_ch_mask:0 aud_src_if:0
01-01 08:00:22.144 E/[2 T677 ..] [hdmitx( 0): ] *HDMITX_ERROR* audio chn setting, must be 2, 4, 6 or 8, Rst as def
01-01 08:00:22.145 I/[2 T677 ..] [hdmitx( 0): ] aout notify format CT_PCM
01-01 08:00:22.145 I/[2 T677 ..] [hdmitx( 0): ] set audio
01-01 08:00:22.146 I/[2 T677 ..] [hdmitx( 0): ] audio_param->chs = -1
01-01 08:00:22.147 I/[2 T677 ..] [hdmitx( 0): ] aud_src_if = 0
01-01 08:00:22.147 I/[2 T677 ..] [hdmitx( 0): ] aud_n_para = 5120
01-01 08:00:22.148 I/[2 T677 ..] [hdmitx( 0): ] set audio param
01-01 08:00:22.149 I/[2 T677 ..] audio_ddr_mngr( 0): frddrs[1] released by device fe330000.audiobus:spdif@0
01-01 08:00:22.150 D/[2 T677 ..] [snd-soc]( 0): spdif_a is set to disable
01-01 08:00:22.150 I/[2 T677 ..] [snd-soc]( 0): aml_audio_reset, reg 0xa, shift 9, use_vadtop 0
01-01 08:00:22.150 I/[2 T677 ..] [snd-soc]( 0): aml_audio_reset, reg 0xa, shift 14, use_vadtop 0
01-01 08:00:22.151 I/[2 T677 ..] [snd-soc]( 0): hdmitx src switch to spdif 0
01-01 08:00:22.152 I/[2 T677 ..] [snd-soc]( 0): sharebuffer_spdifout_prepare get_hdmitx_audio_src(rtd->card):0 spdif_id:0
01-01 08:00:22.153 I/[2 T677 ..] [hdmitx( 0): ] hdmitx_audio_notify_callback[804] type:1 rate:0 size:0 chs:0 i2s_ch_mask:0 aud_src_if:0
01-01 08:00:22.155 E/[2 T677 ..] [hdmitx( 0): ] *HDMITX_ERROR* audio chn setting, must be 2, 4, 6 or 8, Rst as def
01-01 08:00:22.156 I/[2 T677 ..] [hdmitx( 0): ] aout notify format CT_PCM
01-01 08:00:22.157 I/[2 T677 ..] [hdmitx( 0): ] set audio
01-01 08:00:22.157 I/[2 T677 ..] [hdmitx( 0): ] audio_param->chs = -1
01-01 08:00:22.158 I/[2 T677 ..] [hdmitx( 0): ] aud_src_if = 0
01-01 08:00:22.158 I/[2 T677 ..] [hdmitx( 0): ] aud_n_para = 5120
01-01 08:00:22.159 I/[2 T677 ..] [hdmitx( 0): ] set audio param
01-01 08:00:22.160 D/[2 T677 ..] [snd-soc]( 0): spdif_a fifo ctrl, frddr:0 type:1, 16 bits, chmask 0x3, swap 0x10
01-01 08:00:22.160 I/[2 T677 ..] [hdmitx( 0): ] hdmitx_audio_notify_callback[804] type:1 rate:3 size:1 chs:2 i2s_ch_mask:1 aud_src_if:0
01-01 08:00:22.161 I/[2 T677 ..] [hdmitx( 0): ] aout notify format CT_PCM
01-01 08:00:22.162 I/[2 T677 ..] [hdmitx( 0): ] set audio
01-01 08:00:22.162 I/[2 T677 ..] [hdmitx( 0): ] audio_param->chs = 1
01-01 08:00:22.163 I/[2 T677 ..] [hdmitx( 0): ] aud_src_if = 0
01-01 08:00:22.163 I/[2 T677 ..] [hdmitx( 0): ] aud_n_para = 5120
01-01 08:00:22.164 I/[2 T677 ..] [hdmitx( 0): ] set audio param
01-01 08:00:22.168 D/[2 T677 ..] [snd-soc]( 0): spdif_a is set to enable
05-31 18:42:59.052 D/CompatibilityChangeReporter( 719): Compat change id reported: 265464455; UID 1000; state: DISABLED
05-31 18:42:59.053 D/CompatibilityChangeReporter( 719): Compat change id reported: 265452344; UID 1000; state: DISABLED
05-31 18:42:59.053 D/CompatibilityChangeReporter( 719): Compat change id reported: 266124927; UID 1000; state: DISABLED
05-31 18:42:59.053 D/CompatibilityChangeReporter( 719): Compat change id reported: 265451093; UID 1000; state: DISABLED
05-31 18:42:59.053 D/CompatibilityChangeReporter( 719): Compat change id reported: 265456536; UID 1000; state: DISABLED
05-31 18:42:59.055 D/CompatibilityChangeReporter( 719): Compat change id reported: 255940284; UID 1000; state: DISABLED
05-31 18:42:59.055 D/CompatibilityChangeReporter( 719): Compat change id reported: 236283604; UID 1000; state: DISABLED
05-31 18:42:59.056 D/CompatibilityChangeReporter( 719): Compat change id reported: 263959004; UID 1000; state: DISABLED
05-31 18:42:59.056 D/CompatibilityChangeReporter( 719): Compat change id reported: 264304459; UID 1000; state: DISABLED
05-31 18:42:59.056 D/CompatibilityChangeReporter( 719): Compat change id reported: 264301586; UID 1000; state: DISABLED
05-31 18:42:59.056 D/CompatibilityChangeReporter( 719): Compat change id reported: 254631730; UID 1000; state: DISABLED
05-31 18:42:59.056 D/CompatibilityChangeReporter( 719): Compat change id reported: 273509367; UID 1000; state: DISABLED
05-31 18:42:59.056 D/CompatibilityChangeReporter( 719): Compat change id reported: 263259275; UID 1000; state: DISABLED
05-31 18:42:59.057 D/CompatibilityChangeReporter( 719): Compat change id reported: 174042980; UID 1000; state: DISABLED
05-31 18:42:59.057 D/CompatibilityChangeReporter( 719): Compat change id reported: 174042936; UID 1000; state: DISABLED
05-31 18:42:59.057 D/CompatibilityChangeReporter( 719): Compat change id reported: 181136395; UID 1000; state: DISABLED
05-31 18:42:59.067 W/Looper ( 719): Slow dispatch took 1176ms main h=android.app.ActivityThread$H c=android.app.LoadedApk$ReceiverDispatcher$Args$$ExternalSyntheticLambda0@3827663 m=0
05-31 18:42:59.071 I/PackageWatchdog( 719): Syncing health check requests for packages: {}
05-31 18:42:59.072 D/ExplicitHealthCheckController( 719): Getting health check supported packages
05-31 18:42:59.072 D/AutofillManagerService( 719): Restriction did not change for user 0
05-31 18:42:59.075 I/ExplicitHealthCheckController( 719): Explicit health check supported packages [PackageConfig{com.android.networkstack, 86400000}]
05-31 18:42:59.076 D/PackageWatchdog( 719): Received supported packages [PackageConfig{com.android.networkstack, 86400000}]
05-31 18:42:59.076 V/NotificationAssistants( 719): 0 notification assistant service connected: ComponentInfo{android.ext.services/android.ext.services.notification.Assistant}
05-31 18:42:59.076 D/ExplicitHealthCheckController( 719): Getting health check requested packages
05-31 18:42:59.081 I/ExplicitHealthCheckController( 719): Explicit health check requested packages []
05-31 18:42:59.083 I/ExplicitHealthCheckController( 719): No more health check requests, unbinding...
05-31 18:42:59.085 I/ExplicitHealthCheckController( 719): Explicit health check service is unbound
05-31 18:42:59.119 D/CompatibilityChangeReporter( 719): Compat change id reported: 194480991; UID 1000; state: ENABLED
05-31 18:42:59.128 D/CompatibilityChangeReporter( 719): Compat change id reported: 197654537; UID 1000; state: ENABLED
05-31 18:42:59.131 I/ActivityTaskManager( 719): START u0 {act=android.intent.action.MAIN cat=[android.intent.category.HOME] flg=0x10000100 cmp=com.android.tv.settings/.system.FallbackHome (has extras)} with LAUNCH_MULTIPLE from uid 0 (BAL_ALLOW_ALLOWLISTED_UID) result code=0
05-31 18:42:59.135 I/ActivityManager( 719): com.android.tv.settings is exempt from freezer
05-31 18:42:59.136 D/CompatibilityChangeReporter( 719): Compat change id reported: 135634846; UID 1000; state: DISABLED
05-31 18:42:59.138 D/SystemServerTiming( 719): getUserSwitchability-0
05-31 18:42:59.139 D/SystemServerTiming( 719): TM.isInCall
05-31 18:42:59.141 V/SystemServerTiming( 719): TM.isInCall took to complete: 3ms
05-31 18:42:59.141 D/SystemServerTiming( 719): hasUserRestriction-DISALLOW_USER_SWITCH
05-31 18:42:59.141 V/SystemServerTiming( 719): hasUserRestriction-DISALLOW_USER_SWITCH took to complete: 0ms
05-31 18:42:59.141 D/SystemServerTiming( 719): getInt-ALLOW_USER_SWITCHING_WHEN_SYSTEM_USER_LOCKED
05-31 18:42:59.141 V/SystemServerTiming( 719): getInt-ALLOW_USER_SWITCHING_WHEN_SYSTEM_USER_LOCKED took to complete: 0ms
05-31 18:42:59.141 D/SystemServerTiming( 719): isUserUnlocked-USER_SYSTEM
05-31 18:42:59.141 V/SystemServerTiming( 719): isUserUnlocked-USER_SYSTEM took to complete: 0ms
05-31 18:42:59.141 V/SystemServerTiming( 719): getUserSwitchability-0 took to complete: 3ms
05-31 18:42:59.152 I/ActivityManager( 719): Start proc 1288:com.android.tv.settings/1000 for top-activity {com.android.tv.settings/com.android.tv.settings.system.FallbackHome}
05-31 18:42:59.195 D/CompatibilityChangeReporter( 719): Compat change id reported: 168419799; UID 1000; state: DISABLED
05-31 18:42:59.196 D/CompatibilityChangeReporter( 719): Compat change id reported: 273564678; UID 1000; state: DISABLED
05-31 18:42:59.213 D/SystemServerTiming( 719): getUserSwitchability-0
05-31 18:42:59.213 D/SystemServerTiming( 719): TM.isInCall
05-31 18:42:59.214 V/SystemServerTiming( 719): TM.isInCall took to complete: 1ms
05-31 18:42:59.214 D/SystemServerTiming( 719): hasUserRestriction-DISALLOW_USER_SWITCH
05-31 18:42:59.214 V/SystemServerTiming( 719): hasUserRestriction-DISALLOW_USER_SWITCH took to complete: 0ms
05-31 18:42:59.214 D/SystemServerTiming( 719): getInt-ALLOW_USER_SWITCHING_WHEN_SYSTEM_USER_LOCKED
05-31 18:42:59.214 W/Looper ( 926): Drained
05-31 18:42:59.214 V/SystemServerTiming( 719): getInt-ALLOW_USER_SWITCHING_WHEN_SYSTEM_USER_LOCKED took to complete: 0ms
05-31 18:42:59.214 D/SystemServerTiming( 719): isUserUnlocked-USER_SYSTEM
05-31 18:42:59.214 V/SystemServerTiming( 719): isUserUnlocked-USER_SYSTEM took to complete: 0ms
05-31 18:42:59.214 V/SystemServerTiming( 719): getUserSwitchability-0 took to complete: 1ms
05-31 18:42:59.216 W/Looper ( 719): Slow dispatch took 133ms main h=android.app.ActivityThread$H c=android.app.LoadedApk$ReceiverDispatcher$Args$$ExternalSyntheticLambda0@744f249 m=0
05-31 18:42:59.222 W/Looper ( 719): Drained
05-31 18:42:59.228 D/SystemServerTiming( 719): getUserSwitchability-0
05-31 18:42:59.228 D/SystemServerTiming( 719): TM.isInCall
05-31 18:42:59.229 V/SystemServerTiming( 719): TM.isInCall took to complete: 1ms
05-31 18:42:59.229 D/SystemServerTiming( 719): hasUserRestriction-DISALLOW_USER_SWITCH
05-31 18:42:59.229 V/SystemServerTiming( 719): hasUserRestriction-DISALLOW_USER_SWITCH took to complete: 0ms
05-31 18:42:59.229 D/SystemServerTiming( 719): getInt-ALLOW_USER_SWITCHING_WHEN_SYSTEM_USER_LOCKED
05-31 18:42:59.229 V/SystemServerTiming( 719): getInt-ALLOW_USER_SWITCHING_WHEN_SYSTEM_USER_LOCKED took to complete: 0ms
05-31 18:42:59.229 D/SystemServerTiming( 719): isUserUnlocked-USER_SYSTEM
05-31 18:42:59.229 V/SystemServerTiming( 719): isUserUnlocked-USER_SYSTEM took to complete: 0ms
05-31 18:42:59.229 V/SystemServerTiming( 719): getUserSwitchability-0 took to complete: 1ms
05-31 18:42:59.233 D/SystemServerTiming( 719): getUserSwitchability-0
05-31 18:42:59.233 D/SystemServerTiming( 719): TM.isInCall
05-31 18:42:59.234 V/SystemServerTiming( 719): TM.isInCall took to complete: 1ms
05-31 18:42:59.234 D/SystemServerTiming( 719): hasUserRestriction-DISALLOW_USER_SWITCH
05-31 18:42:59.234 V/SystemServerTiming( 719): hasUserRestriction-DISALLOW_USER_SWITCH took to complete: 0ms
05-31 18:42:59.234 D/SystemServerTiming( 719): getInt-ALLOW_USER_SWITCHING_WHEN_SYSTEM_USER_LOCKED
05-31 18:42:59.234 V/SystemServerTiming( 719): getInt-ALLOW_USER_SWITCHING_WHEN_SYSTEM_USER_LOCKED took to complete: 0ms
05-31 18:42:59.234 D/SystemServerTiming( 719): isUserUnlocked-USER_SYSTEM
05-31 18:42:59.234 V/SystemServerTiming( 719): isUserUnlocked-USER_SYSTEM took to complete: 0ms
05-31 18:42:59.234 V/SystemServerTiming( 719): getUserSwitchability-0 took to complete: 1ms
05-31 18:42:59.237 D/SystemServerTiming( 719): getUserSwitchability-0
05-31 18:42:59.237 D/SystemServerTiming( 719): TM.isInCall
05-31 18:42:59.237 V/SystemServerTiming( 719): TM.isInCall took to complete: 0ms
05-31 18:42:59.237 D/SystemServerTiming( 719): hasUserRestriction-DISALLOW_USER_SWITCH
05-31 18:42:59.237 V/SystemServerTiming( 719): hasUserRestriction-DISALLOW_USER_SWITCH took to complete: 0ms
05-31 18:42:59.237 D/SystemServerTiming( 719): getInt-ALLOW_USER_SWITCHING_WHEN_SYSTEM_USER_LOCKED
05-31 18:42:59.237 V/SystemServerTiming( 719): getInt-ALLOW_USER_SWITCHING_WHEN_SYSTEM_USER_LOCKED took to complete: 0ms
05-31 18:42:59.237 D/SystemServerTiming( 719): isUserUnlocked-USER_SYSTEM
05-31 18:42:59.237 V/SystemServerTiming( 719): isUserUnlocked-USER_SYSTEM took to complete: 0ms
05-31 18:42:59.237 V/SystemServerTiming( 719): getUserSwitchability-0 took to complete: 0ms
05-31 18:42:59.244 W/BroadcastLoopers( 719): Found previously unknown looper Thread[BluetoothManagerService,5,main]
05-31 18:42:59.332 V/WindowManager( 719): app ------------- force_land :0
05-31 18:42:59.332 V/WindowManager( 719): app ------------- force_land :0
05-31 18:42:59.429 W/WindowManager( 719): [addWindow] title:com.android.tv.settings/com.android.tv.settings.system.FallbackHome
05-31 18:42:59.436 D/CoreBackPreview( 719): Window{b84e69c u0 com.android.tv.settings/com.android.tv.settings.system.FallbackHome}: Setting back callback OnBackInvokedCallbackInfo{mCallback=android.window.IOnBackInvokedCallback$Stub$Proxy@94d6a21, mPriority=0, mIsAnimationCallback=false}
05-31 18:42:59.542 W/ContextImpl( 719): Calling a method in the system process without a qualified user: android.app.ContextImpl.startService:1899 com.android.server.wm.DisplayPolicy.lambda$focusChangedLw$5:2126 com.android.server.wm.DisplayPolicy.$r8$lambda$Znxk63oh-WzVnzo_WQefN7uxV48:0 com.android.server.wm.DisplayPolicy$$ExternalSyntheticLambda13.run:0 android.os.Handler.handleCallback:958
05-31 18:42:59.543 W/ActivityManager( 719): Unable to start service Intent { cmp=com.oranth.ledstatus/.LedStatusService } U=0: not found
05-31 18:42:59.544 D/ActivityManagerTiming( 719): FinishBooting
05-31 18:42:59.548 D/WindowManager( 719): updateCecScreenStatus 0
05-31 18:42:59.548 D/HDMI ( 719): setCecSettingIntValue name:cec_screen_state, value:0
05-31 18:42:59.549 I/HDMI ( 719): screen state is changing to 0
05-31 18:42:59.558 V/WindowManager( 719): Sent Transition #0 createdAt=05-31 18:42:55.037
05-31 18:42:59.558 V/WindowManager( 719): startWCT=WindowContainerTransaction { changes = {} hops = [] errorCallbackToken=null taskFragmentOrganizer=null }
05-31 18:42:59.558 V/WindowManager( 719): info=null
05-31 18:42:59.563 V/WindowManager( 719): Finish Transition #0: created at
05-31 18:42:55.037 collect-started=0.359ms request-sent=19.63ms started=36.181ms ready=4297.876ms sent=4520.16ms finished=4525.774ms
01-01 08:00:22.917 I/[0 T21 ..] binder( 0): undelivered transaction 27388, process died.
05-31 18:42:59.691 D/ActivityManagerTiming( 719): FinishBooting
05-31 18:42:59.694 I/ActivityManager( 719): About to commit checkpoint
05-31 18:42:59.695 I/SystemServiceManager( 719): Starting phase 1000
05-31 18:42:59.695 D/ActivityManagerTiming( 719): OnBootPhase_1000
05-31 18:42:59.695 D/ActivityManagerTiming( 719): OnBootPhase_1000_com.android.server.security.FileIntegrityService
05-31 18:42:59.695 V/ActivityManagerTiming( 719): OnBootPhase_1000_com.android.server.security.FileIntegrityService took to complete: 0ms
05-31 18:42:59.695 D/ActivityManagerTiming( 719): OnBootPhase_1000_com.android.server.pm.Installer
05-31 18:42:59.695 V/ActivityManagerTiming( 719): OnBootPhase_1000_com.android.server.pm.Installer took to complete: 0ms
05-31 18:42:59.695 D/ActivityManagerTiming( 719): OnBootPhase_1000_com.android.server.os.DeviceIdentifiersPolicyService
05-31 18:42:59.695 V/ActivityManagerTiming( 719): OnBootPhase_1000_com.android.server.os.DeviceIdentifiersPolicyService took to complete: 0ms
05-31 18:42:59.695 D/ActivityManagerTiming( 719): OnBootPhase_1000_com.android.server.flags.FeatureFlagsService
05-31 18:42:59.695 V/ActivityManagerTiming( 719): OnBootPhase_1000_com.android.server.flags.FeatureFlagsService took to complete: 0ms
05-31 18:42:59.695 D/ActivityManagerTiming( 719): OnBootPhase_1000_com.android.server.uri.UriGrantsManagerService$Lifecycle
05-31 18:42:59.695 V/ActivityManagerTiming( 719): OnBootPhase_1000_com.android.server.uri.UriGrantsManagerService$Lifecycle took to complete: 0ms
05-31 18:42:59.695 D/ActivityManagerTiming( 719): OnBootPhase_1000_com.android.server.powerstats.PowerStatsService
05-31 18:42:59.695 E/PowerStatsService( 719): Failed to start PowerStatsService loggers
05-31 18:42:59.695 V/ActivityManagerTiming( 719): OnBootPhase_1000_com.android.server.powerstats.PowerStatsService took to complete: 0ms
05-31 18:42:59.695 D/ActivityManagerTiming( 719): OnBootPhase_1000_com.android.server.permission.access.AccessCheckingService
05-31 18:42:59.695 V/ActivityManagerTiming( 719): OnBootPhase_1000_com.android.server.permission.access.AccessCheckingService took to complete: 0ms
05-31 18:42:59.695 D/ActivityManagerTiming( 719): OnBootPhase_1000_com.android.server.wm.ActivityTaskManagerService$Lifecycle
05-31 18:42:59.695 V/ActivityManagerTiming( 719): OnBootPhase_1000_com.android.server.wm.ActivityTaskManagerService$Lifecycle took to complete: 0ms
05-31 18:42:59.695 D/ActivityManagerTiming( 719): OnBootPhase_1000_com.android.server.am.ActivityManagerService$Lifecycle
05-31 18:42:59.695 V/ActivityManagerTiming( 719): OnBootPhase_1000_com.android.server.am.ActivityManagerService$Lifecycle took to complete: 0ms
05-31 18:42:59.695 D/ActivityManagerTiming( 719): OnBootPhase_1000_com.android.server.pm.DataLoaderManagerService
05-31 18:42:59.695 V/ActivityManagerTiming( 719): OnBootPhase_1000_com.android.server.pm.DataLoaderManagerService took to complete: 0ms
05-31 18:42:59.695 D/ActivityManagerTiming( 719): OnBootPhase_1000_com.android.server.power.PowerManagerService
05-31 18:42:59.697 I/DisplayBrightnessStrategySelector( 719): Changing the DisplayBrightnessStrategy from OverrideBrightnessStrategy toInvalidBrightnessStrategy for display 0
05-31 18:42:59.697 V/ActivityManagerTiming( 719): OnBootPhase_1000_com.android.server.power.PowerManagerService took to complete: 2ms
05-31 18:42:59.697 D/ActivityManagerTiming( 719): OnBootPhase_1000_com.android.server.power.ThermalManagerService
05-31 18:42:59.697 V/ActivityManagerTiming( 719): OnBootPhase_1000_com.android.server.power.ThermalManagerService took to complete: 0ms
05-31 18:42:59.697 D/ActivityManagerTiming( 719): OnBootPhase_1000_com.android.server.power.hint.HintManagerService
05-31 18:42:59.697 V/DisplayPowerController2[0]( 719): Brightness [0.39763778] reason changing to: 'manual', previous reason: 'override'.
05-31 18:42:59.697 I/DisplayPowerController2[0]( 719): BrightnessEvent: disp=0, physDisp=local:4616277992360486155, brt=0.39763778, initBrt=0.39763778, rcmdBrt=NaN, preBrt=NaN, lux=0.0, preLux=0.0, hbmMax=1.0, hbmMode=off, rbcStrength=0, thrmMax=1.0, powerFactor=1.0, wasShortTermModelActive=false, flags=, reason=manual, autoBrightness=false, strategy=InvalidBrightnessStrategy
05-31 18:42:59.697 V/ActivityManagerTiming( 719): OnBootPhase_1000_com.android.server.power.hint.HintManagerService took to complete: 0ms
05-31 18:42:59.697 D/ActivityManagerTiming( 719): OnBootPhase_1000_com.android.server.recoverysystem.RecoverySystemService$Lifecycle
05-31 18:42:59.697 V/ActivityManagerTiming( 719): OnBootPhase_1000_com.android.server.recoverysystem.RecoverySystemService$Lifecycle took to complete: 0ms
05-31 18:42:59.697 D/ActivityManagerTiming( 719): OnBootPhase_1000_com.android.server.lights.LightsService
05-31 18:42:59.697 V/ActivityManagerTiming( 719): OnBootPhase_1000_com.android.server.lights.LightsService took to complete: 0ms
05-31 18:42:59.697 D/ActivityManagerTiming( 719): OnBootPhase_1000_com.android.server.display.DisplayManagerService
05-31 18:42:59.698 I/LogicalDisplayMapper( 719): Requesting Transition to state: 0, from state=-1, interactive=true, mBootCompleted=true
05-31 18:42:59.699 I/LogicalDisplayMapper( 719): Applying layout: [{dispId: 0(ON), displayGroupName: , addr: {port=11, model=0x401050603f19a5}, mThermalBrightnessThrottlingMapId: null, mRefreshRateZoneId: null, mLeadDisplayId: -1, mLeadDisplayAddress: null, mThermalRefreshRateThrottlingMapId: null}], Previous layout: [{dispId: 0(ON), displayGroupName: , addr: {port=11, model=0x401050603f19a5}, mThermalBrightnessThrottlingMapId: null, mRefreshRateZoneId: null, mLeadDisplayId: -1, mLeadDisplayAddress: null, mThermalRefreshRateThrottlingMapId: null}]
05-31 18:42:59.699 V/ActivityManagerTiming( 719): OnBootPhase_1000_com.android.server.display.DisplayManagerService took to complete: 2ms
05-31 18:42:59.699 D/ActivityManagerTiming( 719): OnBootPhase_1000_com.android.server.pm.verify.domain.DomainVerificationService
05-31 18:42:59.699 V/ActivityManagerTiming( 719): OnBootPhase_1000_com.android.server.pm.verify.domain.DomainVerificationService took to complete: 0ms
05-31 18:42:59.699 D/ActivityManagerTiming( 719): OnBootPhase_1000_com.android.server.pm.PackageInstallerService$Lifecycle
05-31 18:42:59.699 V/ActivityManagerTiming( 719): OnBootPhase_1000_com.android.server.pm.PackageInstallerService$Lifecycle took to complete: 0ms
05-31 18:42:59.699 D/ActivityManagerTiming( 719): OnBootPhase_1000_com.android.server.pm.UserManagerService$LifeCycle
05-31 18:42:59.699 V/ActivityManagerTiming( 719): OnBootPhase_1000_com.android.server.pm.UserManagerService$LifeCycle took to complete: 0ms
05-31 18:42:59.699 D/ActivityManagerTiming( 719): OnBootPhase_1000_com.android.server.om.OverlayManagerService
05-31 18:42:59.699 V/ActivityManagerTiming( 719): OnBootPhase_1000_com.android.server.om.OverlayManagerService took to complete: 0ms
05-31 18:42:59.699 D/ActivityManagerTiming( 719): OnBootPhase_1000_com.android.server.resources.ResourcesManagerService
05-31 18:42:59.699 V/ActivityManagerTiming( 719): OnBootPhase_1000_com.android.server.resources.ResourcesManagerService took to complete: 0ms
05-31 18:42:59.699 D/ActivityManagerTiming( 719): OnBootPhase_1000_com.android.server.sensorprivacy.SensorPrivacyService
05-31 18:42:59.699 V/ActivityManagerTiming( 719): OnBootPhase_1000_com.android.server.sensorprivacy.SensorPrivacyService took to complete: 0ms
05-31 18:42:59.699 D/ActivityManagerTiming( 719): OnBootPhase_1000_com.android.server.sensors.SensorService
05-31 18:42:59.699 V/ActivityManagerTiming( 719): OnBootPhase_1000_com.android.server.sensors.SensorService took to complete: 0ms
05-31 18:42:59.699 D/ActivityManagerTiming( 719): OnBootPhase_1000_com.android.server.SystemConfigService
05-31 18:42:59.699 V/ActivityManagerTiming( 719): OnBootPhase_1000_com.android.server.SystemConfigService took to complete: 0ms
05-31 18:42:59.699 D/ActivityManagerTiming( 719): OnBootPhase_1000_com.android.server.BatteryService
05-31 18:42:59.699 V/ActivityManagerTiming( 719): OnBootPhase_1000_com.android.server.BatteryService took to complete: 0ms
05-31 18:42:59.699 D/ActivityManagerTiming( 719): OnBootPhase_1000_com.android.server.usage.UsageStatsService
05-31 18:42:59.700 V/ActivityManagerTiming( 719): OnBootPhase_1000_com.android.server.usage.UsageStatsService took to complete: 1ms
05-31 18:42:59.700 D/ActivityManagerTiming( 719): OnBootPhase_1000_com.android.server.webkit.WebViewUpdateService
05-31 18:42:59.700 V/ActivityManagerTiming( 719): OnBootPhase_1000_com.android.server.webkit.WebViewUpdateService took to complete: 0ms
05-31 18:42:59.700 D/ActivityManagerTiming( 719): OnBootPhase_1000_com.android.server.CachedDeviceStateService
05-31 18:42:59.700 V/ActivityManagerTiming( 719): OnBootPhase_1000_com.android.server.CachedDeviceStateService took to complete: 0ms
05-31 18:42:59.700 D/ActivityManagerTiming( 719): OnBootPhase_1000_com.android.server.BinderCallsStatsService$LifeCycle
05-31 18:42:59.700 V/ActivityManagerTiming( 719): OnBootPhase_1000_com.android.server.BinderCallsStatsService$LifeCycle took to complete: 0ms
05-31 18:42:59.700 D/ActivityManagerTiming( 719): OnBootPhase_1000_com.android.server.LooperStatsService$Lifecycle
05-31 18:42:59.700 V/ActivityManagerTiming( 719): OnBootPhase_1000_com.android.server.LooperStatsService$Lifecycle took to complete: 0ms
05-31 18:42:59.700 D/ActivityManagerTiming( 719): OnBootPhase_1000_com.android.server.rollback.RollbackManagerService
05-31 18:42:59.701 V/ActivityManagerTiming( 719): OnBootPhase_1000_com.android.server.rollback.RollbackManagerService took to complete: 1ms
05-31 18:42:59.701 D/ActivityManagerTiming( 719): OnBootPhase_1000_com.android.server.os.NativeTombstoneManagerService
05-31 18:42:59.701 V/ActivityManagerTiming( 719): OnBootPhase_1000_com.android.server.os.NativeTombstoneManagerService took to complete: 0ms
05-31 18:42:59.701 D/ActivityManagerTiming( 719): OnBootPhase_1000_com.android.server.os.BugreportManagerService
05-31 18:42:59.701 V/ActivityManagerTiming( 719): OnBootPhase_1000_com.android.server.os.BugreportManagerService took to complete: 0ms
05-31 18:42:59.701 D/ActivityManagerTiming( 719): OnBootPhase_1000_com.android.server.gpu.GpuService
05-31 18:42:59.701 V/ActivityManagerTiming( 719): OnBootPhase_1000_com.android.server.gpu.GpuService took to complete: 0ms
05-31 18:42:59.701 D/ActivityManagerTiming( 719): OnBootPhase_1000_com.android.server.security.rkp.RemoteProvisioningService
05-31 18:42:59.701 V/ActivityManagerTiming( 719): OnBootPhase_1000_com.android.server.security.rkp.RemoteProvisioningService took to complete: 0ms
05-31 18:42:59.701 D/ActivityManagerTiming( 719): OnBootPhase_1000_com.android.server.cpu.CpuMonitorService
05-31 18:42:59.701 V/ActivityManagerTiming( 719): OnBootPhase_1000_com.android.server.cpu.CpuMonitorService took to complete: 0ms
05-31 18:42:59.701 D/ActivityManagerTiming( 719): OnBootPhase_1000_com.android.server.security.KeyChainSystemService
05-31 18:42:59.701 V/ActivityManagerTiming( 719): OnBootPhase_1000_com.android.server.security.KeyChainSystemService took to complete: 0ms
05-31 18:42:59.701 D/ActivityManagerTiming( 719): OnBootPhase_1000_com.android.server.BinaryTransparencyService
05-31 18:42:59.701 I/TransparencyService( 719): Boot completed. Getting VBMeta Digest.
05-31 18:42:59.701 D/TransparencyService( 719): VBMeta Digest: 8fe8663e32d72968a4c5433443d6addf9833317225b43c0fcad0193d7a181328
05-31 18:42:59.701 D/RollbackManager( 719): mRollbackLifetimeDurationInMillis=1209600000
05-31 18:42:59.701 I/TransparencyService( 719): Boot completed. Collecting biometric system properties.
05-31 18:42:59.702 I/TransparencyService( 719): Scheduling measurements to be taken.
05-31 18:42:59.702 I/TransparencyService( 719): Scheduling binary content-digest computation job
05-31 18:42:59.703 D/CompatibilityChangeReporter( 719): Compat change id reported: 253665015; UID 1000; state: DISABLED
05-31 18:42:59.703 D/CompatibilityChangeReporter( 719): Compat change id reported: 253665015; UID 1000; state: ENABLED
05-31 18:42:59.704 D/CompatibilityChangeReporter( 719): Compat change id reported: 194532703; UID 1000; state: DISABLED
05-31 18:42:59.705 D/AppStandbyController( 719): Loaded headless system app cache in 3 ms: appIdleEnabled=true
05-31 18:42:59.705 D/CompatibilityChangeReporter( 719): Compat change id reported: 194532703; UID 1000; state: ENABLED
05-31 18:42:59.707 D/TransparencyService( 719): Job 1740526926 to measure binaries was scheduled successfully.
05-31 18:42:59.707 D/TransparencyService( 719): Registering APK & Non-Staged APEX updates...
05-31 18:42:59.707 D/TransparencyService( 719): Registering APEX updates...
05-31 18:42:59.708 V/ActivityManagerTiming( 719): OnBootPhase_1000_com.android.server.BinaryTransparencyService took to complete: 7ms
05-31 18:42:59.708 D/ActivityManagerTiming( 719): OnBootPhase_1000_com.android.server.accounts.AccountManagerService$Lifecycle
05-31 18:42:59.708 V/ActivityManagerTiming( 719): OnBootPhase_1000_com.android.server.accounts.AccountManagerService$Lifecycle took to complete: 0ms
05-31 18:42:59.708 D/ActivityManagerTiming( 719): OnBootPhase_1000_com.android.server.content.ContentService$Lifecycle
05-31 18:42:59.708 V/ActivityManagerTiming( 719): OnBootPhase_1000_com.android.server.content.ContentService$Lifecycle took to complete: 0ms
05-31 18:42:59.708 D/ActivityManagerTiming( 719): OnBootPhase_1000_com.android.server.deviceconfig.DeviceConfigInit$Lifecycle
05-31 18:42:59.708 V/ActivityManagerTiming( 719): OnBootPhase_1000_com.android.server.deviceconfig.DeviceConfigInit$Lifecycle took to complete: 0ms
05-31 18:42:59.708 D/ActivityManagerTiming( 719): OnBootPhase_1000_com.android.server.DropBoxManagerService
05-31 18:42:59.708 V/ActivityManagerTiming( 719): OnBootPhase_1000_com.android.server.DropBoxManagerService took to complete: 0ms
05-31 18:42:59.709 D/ActivityManagerTiming( 719): OnBootPhase_1000_com.android.role.RoleService
05-31 18:42:59.709 V/ActivityManagerTiming( 719): OnBootPhase_1000_com.android.role.RoleService took to complete: 0ms
05-31 18:42:59.709 D/ActivityManagerTiming( 719): OnBootPhase_1000_com.android.server.vibrator.VibratorManagerService$Lifecycle
05-31 18:42:59.709 V/ActivityManagerTiming( 719): OnBootPhase_1000_com.android.server.vibrator.VibratorManagerService$Lifecycle took to complete: 0ms
05-31 18:42:59.709 D/ActivityManagerTiming( 719): OnBootPhase_1000_com.android.server.tare.InternalResourceService
05-31 18:42:59.709 V/ActivityManagerTiming( 719): OnBootPhase_1000_com.android.server.tare.InternalResourceService took to complete: 0ms
05-31 18:42:59.709 D/ActivityManagerTiming( 719): OnBootPhase_1000_com.android.server.alarm.AlarmManagerService
05-31 18:42:59.709 V/ActivityManagerTiming( 719): OnBootPhase_1000_com.android.server.alarm.AlarmManagerService took to complete: 0ms
05-31 18:42:59.709 D/ActivityManagerTiming( 719): OnBootPhase_1000_com.android.server.devicestate.DeviceStateManagerService
05-31 18:42:59.709 V/ActivityManagerTiming( 719): OnBootPhase_1000_com.android.server.devicestate.DeviceStateManagerService took to complete: 0ms
05-31 18:42:59.709 D/ActivityManagerTiming( 719): OnBootPhase_1000_com.android.server.camera.CameraServiceProxy
05-31 18:42:59.710 V/ActivityManagerTiming( 719): OnBootPhase_1000_com.android.server.camera.CameraServiceProxy took to complete: 1ms
05-31 18:42:59.711 D/ActivityManagerTiming( 719): OnBootPhase_1000_com.android.server.bluetooth.BluetoothService
05-31 18:42:59.711 V/ActivityManagerTiming( 719): OnBootPhase_1000_com.android.server.bluetooth.BluetoothService took to complete: 0ms
05-31 18:42:59.711 D/ActivityManagerTiming( 719): OnBootPhase_1000_com.android.server.connectivity.IpConnectivityMetrics
05-31 18:42:59.711 V/ActivityManagerTiming( 719): OnBootPhase_1000_com.android.server.connectivity.IpConnectivityMetrics took to complete: 0ms
05-31 18:42:59.711 D/ActivityManagerTiming( 719): OnBootPhase_1000_com.android.server.net.watchlist.NetworkWatchlistService$Lifecycle
05-31 18:42:59.711 V/ActivityManagerTiming( 719): OnBootPhase_1000_com.android.server.net.watchlist.NetworkWatchlistService$Lifecycle took to complete: 0ms
05-31 18:42:59.711 D/ActivityManagerTiming( 719): OnBootPhase_1000_com.android.server.PinnerService
05-31 18:42:59.711 V/ActivityManagerTiming( 719): OnBootPhase_1000_com.android.server.PinnerService took to complete: 0ms
05-31 18:42:59.711 D/ActivityManagerTiming( 719): OnBootPhase_1000_com.android.server.integrity.AppIntegrityManagerService
05-31 18:42:59.711 V/ActivityManagerTiming( 719): OnBootPhase_1000_com.android.server.integrity.AppIntegrityManagerService took to complete: 0ms
05-31 18:42:59.711 D/ActivityManagerTiming( 719): OnBootPhase_1000_com.android.server.logcat.LogcatManagerService
05-31 18:42:59.711 V/ActivityManagerTiming( 719): OnBootPhase_1000_com.android.server.logcat.LogcatManagerService took to complete: 0ms
05-31 18:42:59.711 D/ActivityManagerTiming( 719): OnBootPhase_1000_com.android.server.inputmethod.InputMethodManagerService$Lifecycle
05-31 18:42:59.711 V/ActivityManagerTiming( 719): OnBootPhase_1000_com.android.server.inputmethod.InputMethodManagerService$Lifecycle took to complete: 0ms
05-31 18:42:59.711 D/ActivityManagerTiming( 719): OnBootPhase_1000_com.android.server.accessibility.AccessibilityManagerService$Lifecycle
05-31 18:42:59.711 V/ActivityManagerTiming( 719): OnBootPhase_1000_com.android.server.accessibility.AccessibilityManagerService$Lifecycle took to complete: 0ms
05-31 18:42:59.711 D/ActivityManagerTiming( 719): OnBootPhase_1000_com.android.server.StorageManagerService$Lifecycle
05-31 18:42:59.711 V/ActivityManagerTiming( 719): OnBootPhase_1000_com.android.server.StorageManagerService$Lifecycle took to complete: 0ms
05-31 18:42:59.711 D/ActivityManagerTiming( 719): OnBootPhase_1000_com.android.server.usage.StorageStatsService$Lifecycle
05-31 18:42:59.711 V/ActivityManagerTiming( 719): OnBootPhase_1000_com.android.server.usage.StorageStatsService$Lifecycle took to complete: 0ms
05-31 18:42:59.711 D/ActivityManagerTiming( 719): OnBootPhase_1000_com.android.server.UiModeManagerService
05-31 18:42:59.711 V/ActivityManagerTiming( 719): OnBootPhase_1000_com.android.server.UiModeManagerService took to complete: 0ms
05-31 18:42:59.711 D/StorageManagerService( 719): Thinking about reset, mBootCompleted=true, mDaemonConnected=true
05-31 18:42:59.711 D/ActivityManagerTiming( 719): OnBootPhase_1000_com.android.server.locales.LocaleManagerService
05-31 18:42:59.711 V/ActivityManagerTiming( 719): OnBootPhase_1000_com.android.server.locales.LocaleManagerService took to complete: 0ms
05-31 18:42:59.711 D/ActivityManagerTiming( 719): OnBootPhase_1000_com.android.server.grammaticalinflection.GrammaticalInflectionService
05-31 18:42:59.711 V/ActivityManagerTiming( 719): OnBootPhase_1000_com.android.server.grammaticalinflection.GrammaticalInflectionService took to complete: 0ms
05-31 18:42:59.711 D/ActivityManagerTiming( 719): OnBootPhase_1000_com.android.server.apphibernation.AppHibernationService
05-31 18:42:59.711 I/StorageSessionController( 719): Started resetting external storage service...
05-31 18:42:59.711 I/StorageSessionController( 719): Finished resetting external storage service
05-31 18:42:59.712 I/StorageManagerService( 719): Resetting vold...
05-31 18:42:59.712 V/ActivityManagerTiming( 719): OnBootPhase_1000_com.android.server.apphibernation.AppHibernationService took to complete: 1ms
05-31 18:42:59.712 D/ActivityManagerTiming( 719): OnBootPhase_1000_com.android.server.locksettings.LockSettingsService$Lifecycle
05-31 18:42:59.712 V/ActivityManagerTiming( 719): OnBootPhase_1000_com.android.server.locksettings.LockSettingsService$Lifecycle took to complete: 0ms
05-31 18:42:59.712 D/ActivityManagerTiming( 719): OnBootPhase_1000_com.android.server.PersistentDataBlockService
05-31 18:42:59.712 V/ActivityManagerTiming( 719): OnBootPhase_1000_com.android.server.PersistentDataBlockService took to complete: 0ms
05-31 18:42:59.712 D/ActivityManagerTiming( 719): OnBootPhase_1000_com.android.server.testharness.TestHarnessModeService
05-31 18:42:59.712 D/TestHarnessModeService( 719): Completing Test Harness Mode setup.
05-31 18:42:59.712 I/HibernationStateDiskStore( 719): No hibernation file on disk for file /data/system/hibernation/states
05-31 18:42:59.712 I/StorageManagerService( 719): Reset vold
05-31 18:42:59.713 I/vold ( 247): onUserAdded: 0
05-31 18:42:59.717 D/CompatibilityChangeReporter( 719): Compat change id reported: 218533173; UID 10060; state: ENABLED
05-31 18:42:59.717 D/CompatibilityChangeReporter( 719): Compat change id reported: 262645982; UID 10060; state: ENABLED
05-31 18:42:59.734 V/ActivityManagerTiming( 719): OnBootPhase_1000_com.android.server.testharness.TestHarnessModeService took to complete: 22ms
05-31 18:42:59.734 D/ActivityManagerTiming( 719): OnBootPhase_1000_com.android.server.oemlock.OemLockService
