05-31 18:43:10.746 I/TDLog ( 2346): TalkingData SDK init...
05-31 18:43:10.746 I/TDLog ( 2346): SDK_VERSION is: Android+TD+V5.0.7 gp Type:Native Build_Num:2141
05-31 18:43:10.746 I/TDLog ( 2346): App ID is: B9D7815EC975466AB1332111FCE62DF5
05-31 18:43:10.746 I/TDLog ( 2346): App Channel is: os
05-31 18:43:10.746 I/TDLog ( 2346): App Custom is:
05-31 18:43:10.746 I/TDLog ( 2346): SDK_OVC is: TDOVC+a3bb7754719798526508b6caad480dd7+SaaS
05-31 18:43:10.746 D/HiSight-Discovery( 2105): nearFieldStartListen deviceType 46
05-31 18:43:10.747 D/TrafficStats( 2346): tagSocket(133) with statsTag=0xffffffff, statsUid=-1
05-31 18:43:10.747 I/NearFieldManagerImpl( 2346): setDeviceInfo, sDeviceId changes
05-31 18:43:10.748 I/NearFieldManagerImpl( 2346): setDeviceInfo, sDeviceName changes
01-01 08:00:33.990 W/ ( 0): [2 T2393 ..] [SP FRAME TX] arp req,vif_idx:0 sender:[1c:79:2d:20:62:b5 192.168.3.222]receiver:[00:00:00:00:00:00 192.168.3.2]
01-01 08:00:33.993 W/ ( 0): [2 T2393 ..] [SP FRAME TX] arp req,vif_idx:0 sender:[1c:79:2d:20:62:b5 192.168.3.222]receiver:[00:00:00:00:00:00 192.168.3.3]
05-31 18:43:10.751 D/NearFieldManagerImpl( 2346): setServiceData, sServiceData=[], serviceData=[32]
05-31 18:43:10.752 E/NearFieldManager( 2105): setIdnNetworkPriority: networkPortPriority is empty
05-31 18:43:10.752 D/NearFieldManager( 2105): StartListen moduleId: CastPlusDiscoveryModule
05-31 18:43:10.753 D/NearFieldManagerImpl( 2346): startListen: moduleId: CastPlusDiscoveryModule
05-31 18:43:10.753 D/NearFieldUtils( 2346): getPreferredIpAddress exec
05-31 18:43:10.753 D/NearFieldUtils( 2346): getPreferredIpAddress by custom priority
05-31 18:43:10.753 D/NearFieldUtils( 2346): getIpByInterfaceSetting customIdnNetworkPriority:[]
05-31 18:43:10.753 D/NearFieldUtils( 2346): getPreferredIpAddress by default priority
01-01 08:00:33.999 W/ ( 0): [2 T2393 ..] [SP FRAME TX] arp req,vif_idx:0 sender:[1c:79:2d:20:62:b5 192.168.3.222]receiver:[00:00:00:00:00:00 192.168.3.4]
01-01 08:00:34.000 W/ ( 0): [2 T2393 ..] [SP FRAME TX] arp req,vif_idx:0 sender:[1c:79:2d:20:62:b5 192.168.3.222]receiver:[00:00:00:00:00:00 192.168.3.5]
01-01 08:00:34.002 W/ ( 0): [2 T2393 ..] [SP FRAME TX] arp req,vif_idx:0 sender:[1c:79:2d:20:62:b5 192.168.3.222]receiver:[00:00:00:00:00:00 192.168.3.6]
05-31 18:43:10.761 D/NearFieldUtils( 2346): to get wlan0 ip address
05-31 18:43:10.761 D/NearFieldUtils( 2346): get wlan0 IP succeed.
05-31 18:43:10.764 I/resolv ( 469): GetAddrInfoHandler::run: {100 100 100 983140 10044 0}
05-31 18:43:10.766 I/resolv ( 469): res_nmkquery: (QUERY, IN, A)
05-31 18:43:10.775 D/NearFieldManagerImpl( 2346): sDeviceType: 46
05-31 18:43:10.775 D/NearFieldManagerImpl( 2346): registerDevice() is called.
05-31 18:43:10.776 E/NearFieldManagerUtilsNative( 2346): Begin System.loadLibrary()
01-01 08:00:34.018 W/ ( 0): [3 T2393 ..] [SP FRAME TX] arp req,vif_idx:0 sender:[1c:79:2d:20:62:b5 192.168.3.222]receiver:[00:00:00:00:00:00 192.168.3.7]
01-01 08:00:34.019 W/ ( 0): [3 T2393 ..] [SP FRAME TX] arp req,vif_idx:0 sender:[1c:79:2d:20:62:b5 192.168.3.222]receiver:[00:00:00:00:00:00 192.168.3.8]
01-01 08:00:34.021 W/ ( 0): [3 T2393 ..] [SP FRAME TX] arp req,vif_idx:0 sender:[1c:79:2d:20:62:b5 192.168.3.222]receiver:[00:00:00:00:00:00 192.168.3.9]
01-01 08:00:34.023 W/ ( 0): [3 T2393 ..] [SP FRAME TX] arp req,vif_idx:0 sender:[1c:79:2d:20:62:b5 192.168.3.222]receiver:[00:00:00:00:00:00 192.168.3.10]
01-01 08:00:34.024 W/ ( 0): [3 T2393 ..] [SP FRAME TX] arp req,vif_idx:0 sender:[1c:79:2d:20:62:b5 192.168.3.222]receiver:[00:00:00:00:00:00 192.168.3.11]
01-01 08:00:34.026 W/ ( 0): [3 T2393 ..] [SP FRAME TX] arp req,vif_idx:0 sender:[1c:79:2d:20:62:b5 192.168.3.222]receiver:[00:00:00:00:00:00 192.168.3.12]
01-01 08:00:34.027 W/ ( 0): [3 T2393 ..] [SP FRAME TX] arp req,vif_idx:0 sender:[1c:79:2d:20:62:b5 192.168.3.222]receiver:[00:00:00:00:00:00 192.168.3.13]
01-01 08:00:34.029 W/ ( 0): [3 T2393 ..] [SP FRAME TX] arp req,vif_idx:0 sender:[1c:79:2d:20:62:b5 192.168.3.222]receiver:[00:00:00:00:00:00 192.168.3.14]
01-01 08:00:34.031 W/ ( 0): [3 T2393 ..] [SP FRAME TX] arp req,vif_idx:0 sender:[1c:79:2d:20:62:b5 192.168.3.222]receiver:[00:00:00:00:00:00 192.168.3.15]
01-01 08:00:34.031 W/ ( 0): [2 T1063 ..] [SP FRAME RX] arp rsp,vif_idx:0 sender:[02:f6:af:b4:c7:ea 192.168.3.2]receiver:[1c:79:2d:20:62:b5 192.168.3.222]
01-01 08:00:34.032 W/ ( 0): [3 T2393 ..] [SP FRAME TX] arp req,vif_idx:0 sender:[1c:79:2d:20:62:b5 192.168.3.222]receiver:[00:00:00:00:00:00 192.168.3.16]
01-01 08:00:34.035 W/ ( 0): [2 T1063 ..] [SP FRAME RX] arp rsp,vif_idx:0 sender:[b0:dc:ef:39:56:8e 192.168.3.5]receiver:[1c:79:2d:20:62:b5 192.168.3.222]
01-01 08:00:34.036 W/ ( 0): [3 T2393 ..] [SP FRAME TX] arp req,vif_idx:0 sender:[1c:79:2d:20:62:b5 192.168.3.222]receiver:[00:00:00:00:00:00 192.168.3.17]
01-01 08:00:34.036 W/ ( 0): [2 T1063 ..] [SP FRAME RX] arp rsp,vif_idx:0 sender:[c6:b2:e7:6e:a6:49 192.168.3.3]receiver:[1c:79:2d:20:62:b5 192.168.3.222]
01-01 08:00:34.039 W/ ( 0): [2 T1063 ..] [SP FRAME RX] arp rsp,vif_idx:0 sender:[a2:b9:6c:f3:6f:db 192.168.3.8]receiver:[1c:79:2d:20:62:b5 192.168.3.222]
01-01 08:00:34.040 W/ ( 0): [3 T2393 ..] [SP FRAME TX] arp req,vif_idx:0 sender:[1c:79:2d:20:62:b5 192.168.3.222]receiver:[00:00:00:00:00:00 192.168.3.18]
05-31 18:43:10.798 I/resolv ( 469): res_nsend: used send_dg 507 terrno: 0
05-31 18:43:10.799 I/resolv ( 469): doQuery: rcode=0, ancount=27, return value=507
01-01 08:00:34.041 W/ ( 0): [2 T1063 ..] [SP FRAME RX] arp rsp,vif_idx:0 sender:[6c:b7:49:92:e8:7f 192.168.3.9]receiver:[1c:79:2d:20:62:b5 192.168.3.222]
01-01 08:00:34.044 W/ ( 0): [2 T1063 ..] [SP FRAME RX] arp rsp,vif_idx:0 sender:[3a:ab:bc:1d:33:23 192.168.3.10]receiver:[1c:79:2d:20:62:b5 192.168.3.222]
05-31 18:43:10.803 I/HicomNfTimerManager( 2346): epoll fd:136 create success
05-31 18:43:10.803 I/HicomNfTimerManager( 2346): epoll add fd:137--->136 success
05-31 18:43:10.803 I/HicomNfTimerManager( 2346): time fd:137 add to epoll success
01-01 08:00:34.046 W/ ( 0): [2 T1063 ..] [SP FRAME RX] arp rsp,vif_idx:0 sender:[3c:0a:f3:3b:21:a7 192.168.3.11]receiver:[1c:79:2d:20:62:b5 192.168.3.222]
01-01 08:00:34.046 W/ ( 0): [3 T2393 ..] [SP FRAME TX] arp req,vif_idx:0 sender:[1c:79:2d:20:62:b5 192.168.3.222]receiver:[00:00:00:00:00:00 192.168.3.19]
01-01 08:00:34.047 W/ ( 0): [2 T1063 ..] [SP FRAME RX] arp rsp,vif_idx:0 sender:[64:6c:80:34:4c:fd 192.168.3.12]receiver:[1c:79:2d:20:62:b5 192.168.3.222]
01-01 08:00:34.049 W/ ( 0): [3 T2393 ..] [SP FRAME TX] arp req,vif_idx:0 sender:[1c:79:2d:20:62:b5 192.168.3.222]receiver:[00:00:00:00:00:00 192.168.3.20]
01-01 08:00:34.050 W/ ( 0): [2 T1063 ..] [SP FRAME RX] arp rsp,vif_idx:0 sender:[7a:1a:76:77:9d:74 192.168.3.13]receiver:[1c:79:2d:20:62:b5 192.168.3.222]
05-31 18:43:10.810 D/TrafficStats( 2105): tagSocket(167) with statsTag=0xffffffff, statsUid=-1
01-01 08:00:34.055 W/ ( 0): [3 T2393 ..] [SP FRAME TX] arp req,vif_idx:0 sender:[1c:79:2d:20:62:b5 192.168.3.222]receiver:[00:00:00:00:00:00 192.168.3.21]
01-01 08:00:34.056 W/ ( 0): [3 T2393 ..] [SP FRAME TX] arp req,vif_idx:0 sender:[1c:79:2d:20:62:b5 192.168.3.222]receiver:[00:00:00:00:00:00 192.168.3.22]
05-31 18:43:10.818 D/nStackXDFinder( 2346): NSTACKX_Init:[146] :nstack ctrl creat epollfd 139
05-31 18:43:10.819 I/nStackXDFinder( 2346): InitDefaultInterfaceName:[779] :InitDefaultInterfaceName exec
05-31 18:43:10.819 D/nStackXCoAP( 2346): CoapServerInit:[174] :CoapServerInit is called
05-31 18:43:10.819 E/nStackXDFinder( 2346): GetLocalIp:[401] :GetLocalIp exec
05-31 18:43:10.819 E/nStackXDFinder( 2346): GetLocalIp:[407] :GetLocalIp, ifInfo is null
05-31 18:43:10.819 I/HicomNfMainCtrlManager( 2346): NSTACKX_RegisterDevice is called
05-31 18:43:10.819 D/NearFieldManagerImpl( 2346): Register device success.
05-31 18:43:10.819 I/NearFieldManagerImpl( 2346): serviceName is castPlus
05-31 18:43:10.819 I/nStackXDFinder( 2346): UpdateLocalNetworkInterface:[472] :UpdateLocalNetworkInterface exec,initerfaceName:wlan0
05-31 18:43:10.819 E/nStackXDFinder( 2346): GetLocalIp:[401] :GetLocalIp exec
05-31 18:43:10.819 E/nStackXDFinder( 2346): GetLocalIp:[407] :GetLocalIp, ifInfo is null
05-31 18:43:10.819 I/nStackXDFinder( 2346): UpdateLocalNetworkInterface:[498] :UpdateLocalNetworkInterface copy ip value in default process
05-31 18:43:10.819 E/nStackXDFinder( 2346): GetLocalIp:[401] :GetLocalIp exec
05-31 18:43:10.819 D/nStackXCoAP( 2346): CoapServerInit:[174] :CoapServerInit is called
05-31 18:43:10.819 D/NearFieldManagerImpl( 2346): registerCapability() called with: capabilityBitmapNum = 1, capabilityBitmap = [8]
05-31 18:43:10.819 E/nStackXDFinder( 2346): GetLocalIp:[401] :GetLocalIp exec
05-31 18:43:10.820 I/HicomNf_java_to_c( 2346): registerCapability, capabilityBitmapNum: 1
05-31 18:43:10.820 I/HicomNfMainCtrlManager( 2346): RegisterCapability: 1, 8
05-31 18:43:10.820 D/NearFieldManagerImpl( 2346): Register capability succeed with capabilityBitmapNum = 1, capabilityBitmap = [8]
05-31 18:43:10.820 D/NearFieldManagerImpl( 2346): registerServiceData() called with: serviceData = 32
05-31 18:43:10.820 D/NearFieldManagerImpl( 2346): registerModule() called with: packageModuleName = com.huawei.connection+CastPlusDiscoveryModule
05-31 18:43:10.820 I/nStackXUtil( 2346): BindToDevice:[352] :BindToDevice exec
05-31 18:43:10.820 I/HicomNf_java_to_c( 2346): registerModule, moduleName: com.huawei.connection+CastPlusDiscoveryModule
05-31 18:43:10.820 I/HicomNfMainCtrlManager( 2346): Enter RegisterModule
05-31 18:43:10.820 I/HicomNfRegManager( 2346): RegisterModule OK, add module name com.huawei.connection+CastPlusDiscoveryModule
05-31 18:43:10.820 I/nStackXUtil( 2346): GetInterfaceByPriority:[279] :GetInterfaceByPriority exec
05-31 18:43:10.820 I/nStackXUtil( 2346): GetInterfaceByDefault:[309] :GetInterfaceByDefault exec
05-31 18:43:10.820 I/nStackXUtil( 2346): GetInterfaceByDefault:[316] :GetInterfaceByDefault, ndevice name: lo
05-31 18:43:10.820 I/nStackXUtil( 2346): GetInterfaceByDefault:[316] :GetInterfaceByDefault, ndevice name: wlan0
05-31 18:43:10.821 I/nStackXUtil( 2346): BindToDevice:[374] :BindToDevice, Bind localAddr name: wlan0
05-31 18:43:10.821 I/nStackXUtil( 2346): BindToDeviceInner:[191] :binding interface wlan0 success
05-31 18:43:10.821 D/nStackXCoAP( 2346): CoapInitResources:[744] :CoapInitResources g_wlanOrEthContext update
05-31 18:43:10.821 I/nStackXDFinder( 2346): RegisterServiceData:[728] :RegisterServiceData, serviceData=[32]
05-31 18:43:10.822 I/Hisight-DeviceListManager( 2105): init DeviceListManager.
01-01 08:00:34.061 W/ ( 0): [3 T2393 ..] [SP FRAME TX] arp req,vif_idx:0 sender:[1c:79:2d:20:62:b5 192.168.3.222]receiver:[00:00:00:00:00:00 192.168.3.23]
01-01 08:00:34.064 W/ ( 0): [3 T2393 ..] [SP FRAME TX] arp req,vif_idx:0 sender:[1c:79:2d:20:62:b5 192.168.3.222]receiver:[00:00:00:00:00:00 192.168.3.24]
05-31 18:43:10.826 D/Hisight-DeviceListManager( 2105): get old secret key
01-01 08:00:34.066 W/ ( 0): [3 T2393 ..] [SP FRAME TX] arp req,vif_idx:0 sender:[1c:79:2d:20:62:b5 192.168.3.222]receiver:[00:00:00:00:00:00 192.168.3.25]
01-01 08:00:34.068 W/ ( 0): [3 T2393 ..] [SP FRAME TX] arp req,vif_idx:0 sender:[1c:79:2d:20:62:b5 192.168.3.222]receiver:[00:00:00:00:00:00 192.168.3.26]
05-31 18:43:10.829 D/HiSight-SinkService( 2105): setDiscoverable true
05-31 18:43:10.829 D/HiSight-Discovery( 2105): set deviceInfo type:46
05-31 18:43:10.829 D/HiSight-Discovery( 2105): startAdvertise 3
05-31 18:43:10.829 D/HiSight-Discovery( 2105): stopAdvertise.
01-01 08:00:34.071 W/ ( 0): [3 T2393 ..] [SP FRAME TX] arp req,vif_idx:0 sender:[1c:79:2d:20:62:b5 192.168.3.222]receiver:[00:00:00:00:00:00 192.168.3.27]
05-31 18:43:10.831 E/Hisight-ConnectAuthCallBack( 2105): readSecureFile failed, no such file
05-31 18:43:10.831 D/NearFieldManager( 2105): StopListen moduleId: CastPlusDiscoveryModule
05-31 18:43:10.831 W/Hisight-DeviceListManager( 2105): deviceRecords is empty
05-31 18:43:10.831 W/Hisight-DeviceListManager( 2105): occur error, clear all the list
05-31 18:43:10.831 D/NearFieldManagerImpl( 2346): stopListen: moduleId: CastPlusDiscoveryModule
05-31 18:43:10.831 D/NearFieldManagerImpl( 2346): registerCapability() called with: capabilityBitmapNum = 1, capabilityBitmap = [0]
05-31 18:43:10.831 I/HicomNf_java_to_c( 2346): registerCapability, capabilityBitmapNum: 1
05-31 18:43:10.831 I/HicomNfMainCtrlManager( 2346): RegisterCapability: 1, 0
05-31 18:43:10.831 D/NearFieldManagerImpl( 2346): Register capability succeed with capabilityBitmapNum = 1, capabilityBitmap = [0]
05-31 18:43:10.832 D/Hisight-HiChainAuthControl( 2105): start HiChainAuthControl
05-31 18:43:10.832 D/wenhc ( 1467): getScreenInfo uri = content://com.dangbei.screencast.parts.info/screen_cast
05-31 18:43:10.834 D/HiSight-Discovery( 2105): nearFieldStartListen deviceType 46
05-31 18:43:10.835 D/NearFieldManagerImpl( 2346): setServiceData, sServiceData=[32], serviceData=[32]
05-31 18:43:10.835 E/NearFieldManagerImpl( 2346): setServiceData, serviceData exists
05-31 18:43:10.835 E/NearFieldManager( 2105): setIdnNetworkPriority: networkPortPriority is empty
05-31 18:43:10.835 D/NearFieldManager( 2105): StartListen moduleId: CastPlusDiscoveryModule
01-01 08:00:34.075 W/ ( 0): [3 T2393 ..] [SP FRAME TX] arp req,vif_idx:0 sender:[1c:79:2d:20:62:b5 192.168.3.222]receiver:[00:00:00:00:00:00 192.168.3.28]
01-01 08:00:34.079 W/ ( 0): [3 T2393 ..] [SP FRAME TX] arp req,vif_idx:0 sender:[1c:79:2d:20:62:b5 192.168.3.222]receiver:[00:00:00:00:00:00 192.168.3.29]
05-31 18:43:10.836 D/NearFieldManagerImpl( 2346): startListen: moduleId: CastPlusDiscoveryModule
05-31 18:43:10.836 D/NearFieldUtils( 2346): getPreferredIpAddress exec
05-31 18:43:10.836 D/NearFieldUtils( 2346): getPreferredIpAddress by custom priority
05-31 18:43:10.836 D/NearFieldUtils( 2346): getIpByInterfaceSetting customIdnNetworkPriority:[]
05-31 18:43:10.836 D/NearFieldUtils( 2346): getPreferredIpAddress by default priority
01-01 08:00:34.082 W/ ( 0): [3 T2393 ..] [SP FRAME TX] arp req,vif_idx:0 sender:[1c:79:2d:20:62:b5 192.168.3.222]receiver:[00:00:00:00:00:00 192.168.3.30]
01-01 08:00:34.084 W/ ( 0): [3 T2393 ..] [SP FRAME TX] arp req,vif_idx:0 sender:[1c:79:2d:20:62:b5 192.168.3.222]receiver:[00:00:00:00:00:00 192.168.3.31]
05-31 18:43:10.842 I/resolv ( 469): GetAddrInfoHandler::run: {100 100 100 983140 10044 0}
05-31 18:43:10.843 I/resolv ( 469): res_nmkquery: (QUERY, IN, A)
05-31 18:43:10.843 I/resolv ( 469): resolv_cache_lookup: FOUND IN CACHE entry=0xec600e80
05-31 18:43:10.844 I/resolv ( 469): doQuery: rcode=0, ancount=3, return value=436
01-01 08:00:34.086 W/ ( 0): [3 T2393 ..] [SP FRAME TX] arp req,vif_idx:0 sender:[1c:79:2d:20:62:b5 192.168.3.222]receiver:[00:00:00:00:00:00 192.168.3.32]
01-01 08:00:34.088 W/ ( 0): [3 T2393 ..] [SP FRAME TX] arp req,vif_idx:0 sender:[1c:79:2d:20:62:b5 192.168.3.222]receiver:[00:00:00:00:00:00 192.168.3.33]
05-31 18:43:10.847 I/ConnectAuthJNI( 2105): JNI_OnLoad begin load
05-31 18:43:10.847 D/NearFieldUtils( 2346): to get wlan0 ip address
05-31 18:43:10.848 I/ConnectAuthJNI( 2105): RegisterNativeMethod begin
05-31 18:43:10.848 D/NearFieldUtils( 2346): get wlan0 IP succeed.
05-31 18:43:10.848 D/NearFieldManagerImpl( 2346): sDeviceType: 46
05-31 18:43:10.848 D/NearFieldManagerImpl( 2346): registerDevice() is called.
01-01 08:00:34.089 W/ ( 0): [3 T2393 ..] [SP FRAME TX] arp req,vif_idx:0 sender:[1c:79:2d:20:62:b5 192.168.3.222]receiver:[00:00:00:00:00:00 192.168.3.34]
01-01 08:00:34.093 W/ ( 0): [3 T2393 ..] [SP FRAME TX] arp req,vif_idx:0 sender:[1c:79:2d:20:62:b5 192.168.3.222]receiver:[00:00:00:00:00:00 192.168.3.35]
05-31 18:43:10.848 I/HicomNfMainCtrlManager( 2346): NSTACKX_RegisterDevice is called
05-31 18:43:10.848 I/ConnectAuthJNI( 2105): RegisterNativeMethod end
05-31 18:43:10.848 I/ConnectAuthJNI( 2105): RegisterNativeMethod 1004 methodLen=10
05-31 18:43:10.848 D/NearFieldManagerImpl( 2346): Register device success.
05-31 18:43:10.848 I/ConnectAuthJNI( 2105): RegisterNativeMethod 1007 RegisterNatives=0
05-31 18:43:10.848 I/ConnectAuthJNI( 2105): InitArraylist 1013
05-31 18:43:10.848 I/NearFieldManagerImpl( 2346): serviceName is castPlus
05-31 18:43:10.848 D/NearFieldManagerImpl( 2346): registerCapability() called with: capabilityBitmapNum = 1, capabilityBitmap = [8]
05-31 18:43:10.848 I/ConnectAuthJNI( 2105): InitConnectAuthStaticJNIMethod 1114 methodRet=0
05-31 18:43:10.848 E/ConnectAuthJNI( 2105): JNI_OnLoad finish....1138
05-31 18:43:10.848 I/HicomNf_java_to_c( 2346): registerCapability, capabilityBitmapNum: 1
05-31 18:43:10.848 I/HicomNfMainCtrlManager( 2346): RegisterCapability: 1, 8
05-31 18:43:10.848 D/NearFieldManagerImpl( 2346): Register capability succeed with capabilityBitmapNum = 1, capabilityBitmap = [8]
05-31 18:43:10.848 D/NearFieldManagerImpl( 2346): registerServiceData() called with: serviceData = 32
05-31 18:43:10.848 D/Hisight-HiChainAuthControl( 2105): setupAuthIfNeeded, HiChainInstance hasn't been initialized
05-31 18:43:10.848 D/NearFieldManagerImpl( 2346): registerModule() called with: packageModuleName = com.huawei.connection+CastPlusDiscoveryModule
05-31 18:43:10.848 I/ConnectAuthJNI( 2105): Java_com_huawei_hisight_security_ConnectAuthNative_nativeSetup 795 call HiChainNativeSetup
05-31 18:43:10.848 I/ConnectAuthJNI( 2105): HiChainNativeSetup 565 registe_log
05-31 18:43:10.848 I/ConnectAuthJNI( 2105): HksStorageRegisterFileCallbacks 245 register hks file callback status =0
05-31 18:43:10.848 I/ConnectAuthJNI( 2105): HksRegisterGetDeviceIdCallback 268 register hks get hardware udid callback status =0
05-31 18:43:10.848 D/NearFieldManagerImpl( 2346): registerModule, registered before
05-31 18:43:10.848 I/HicomNf_java_to_c( 2346): registerModule, moduleName: com.huawei.connection+CastPlusDiscoveryModule
05-31 18:43:10.848 I/HicomNfMainCtrlManager( 2346): Enter RegisterModule
05-31 18:43:10.848 I/HicomNfRegManager( 2346): RegisterModule OK, already registered com.huawei.connection+CastPlusDiscoveryModule
05-31 18:43:10.849 I/nStackXDFinder( 2346): UpdateLocalNetworkInterface:[472] :UpdateLocalNetworkInterface exec,initerfaceName:wlan0
05-31 18:43:10.849 E/nStackXDFinder( 2346): GetLocalIp:[401] :GetLocalIp exec
05-31 18:43:10.849 I/nStackXDFinder( 2346): UpdateLocalNetworkInterface:[498] :UpdateLocalNetworkInterface copy ip value in default process
05-31 18:43:10.849 E/nStackXDFinder( 2346): GetLocalIp:[401] :GetLocalIp exec
05-31 18:43:10.849 I/nStackXDFinder( 2346): UpdateLocalNetworkInterface:[505] :UpdateLocalNetworkInterface: ip not change
05-31 18:43:10.849 I/nStackXDFinder( 2346): RegisterServiceData:[728] :RegisterServiceData, serviceData=[32]
05-31 18:43:10.851 D/TrafficStats( 2346): tagSocket(151) with statsTag=0xffffffff, statsUid=-1
05-31 18:43:10.854 D/ConnectAuthJNI( 2105): [HiChain] get_instance Begin get instance
05-31 18:43:10.854 I/ConnectAuthJNI( 2105): [HKS] hks_service_key_info_init hks init : begin
05-31 18:43:10.854 I/ConnectAuthJNI( 2105): FileRead 113 FileRead
05-31 18:43:10.854 I/ConnectAuthJNI( 2105): FileRead 122 FileRead call readSecureFile begin
05-31 18:43:10.855 E/Hisight-ConnectAuthCallBack( 2105): readSecureFile failed, no such file
05-31 18:43:10.855 W/ConnectAuthJNI( 2105): FileRead 132 FileRead call readSecureFile byteArray is null
05-31 18:43:10.855 I/ConnectAuthJNI( 2105): [HKS] hks_rkc_init RKC init:begin, is_key_info_exist=0
05-31 18:43:10.855 I/ConnectAuthJNI( 2105): [HKS] hks_rkc_init_entropy the entropy is empty
05-31 18:43:10.855 I/ConnectAuthJNI( 2105): FileSize 214 FileSize
05-31 18:43:10.857 I/ConnectAuthJNI( 2105): FileSize 230 fileSize=258
05-31 18:43:10.857 I/ConnectAuthJNI( 2105): FileRead 113 FileRead
05-31 18:43:10.857 I/ConnectAuthJNI( 2105): FileRead 122 FileRead call readSecureFile begin
01-01 08:00:34.096 W/ ( 0): [3 T2393 ..] [SP FRAME TX] arp req,vif_idx:0 sender:[1c:79:2d:20:62:b5 192.168.3.222]receiver:[00:00:00:00:00:00 192.168.3.36]
01-01 08:00:34.098 W/ ( 0): [3 T2393 ..] [SP FRAME TX] arp req,vif_idx:0 sender:[1c:79:2d:20:62:b5 192.168.3.222]receiver:[00:00:00:00:00:00 192.168.3.37]
01-01 08:00:34.100 W/ ( 0): [3 T2393 ..] [SP FRAME TX] arp req,vif_idx:0 sender:[1c:79:2d:20:62:b5 192.168.3.222]receiver:[00:00:00:00:00:00 192.168.3.38]
05-31 18:43:10.859 I/ConnectAuthJNI( 2105): FileRead 135 FileRead call readSecureFile end
05-31 18:43:10.859 I/ConnectAuthJNI( 2105): FileRead 150 fileBuff size 258, buf len 258
05-31 18:43:10.859 I/ConnectAuthJNI( 2105): FileSize 214 FileSize
05-31 18:43:10.861 I/ConnectAuthJNI( 2105): FileSize 230 fileSize=258
05-31 18:43:10.861 I/ConnectAuthJNI( 2105): FileRead 113 FileRead
05-31 18:43:10.861 I/ConnectAuthJNI( 2105): FileRead 122 FileRead call readSecureFile begin
01-01 08:00:34.102 W/ ( 0): [3 T2393 ..] [SP FRAME TX] arp req,vif_idx:0 sender:[1c:79:2d:20:62:b5 192.168.3.222]receiver:[00:00:00:00:00:00 192.168.3.39]
01-01 08:00:34.104 W/ ( 0): [3 T2393 ..] [SP FRAME TX] arp req,vif_idx:0 sender:[1c:79:2d:20:62:b5 192.168.3.222]receiver:[00:00:00:00:00:00 192.168.3.40]
05-31 18:43:10.864 I/ConnectAuthJNI( 2105): FileRead 135 FileRead call readSecureFile end
05-31 18:43:10.864 I/ConnectAuthJNI( 2105): FileRead 150 fileBuff size 258, buf len 258
05-31 18:43:10.864 I/ConnectAuthJNI( 2105): [HKS] hks_rkc_load_ksf load ksf success
05-31 18:43:10.864 I/ConnectAuthJNI( 2105): [HKS] hks_rkc_init root key component init success
05-31 18:43:10.864 I/ConnectAuthJNI( 2105): [HKS] hks_rkc_init RKC init:end,rc=0
05-31 18:43:10.864 I/ConnectAuthJNI( 2105): [HKS] hks_service_key_info_init hks init : end
05-31 18:43:10.864 I/ConnectAuthJNI( 2105): GetHiChainProtocolParamsCallback 371 GetHiChainProtocolParamsCallback operation_code= 99
05-31 18:43:10.864 I/ConnectAuthJNI( 2105): paramLen is ,=0
05-31 18:43:10.864 I/ConnectAuthJNI( 2105): paramLen is ,=0
05-31 18:43:10.864 I/ConnectAuthJNI( 2105): GetHiChainProtocolParamsCallback 402 GetHiChainProtocolParamsCallback end
05-31 18:43:10.864 I/ConnectAuthJNI( 2105): [HiChain] get_instance Get instance success
05-31 18:43:10.864 I/ConnectAuthJNI( 2105): Java_com_huawei_hisight_security_ConnectAuthNative_nativeGetHiChainInstance 598 get instance success
05-31 18:43:10.864 D/Hisight-HiChainAuthControl( 2105): destroyAuth
05-31 18:43:10.864 I/ConnectAuthJNI( 2105): Java_com_huawei_hisight_security_ConnectAuthNative_nativeDestroy 603 destroy
05-31 18:43:10.864 D/Hisight-HiChainAuthControl( 2105): setupAuthIfNeeded, HiChainInstance hasn't been initialized
05-31 18:43:10.864 I/ConnectAuthJNI( 2105): Java_com_huawei_hisight_security_ConnectAuthNative_nativeSetup 795 call HiChainNativeSetup
05-31 18:43:10.864 I/ConnectAuthJNI( 2105): HiChainNativeSetup 565 registe_log
05-31 18:43:10.864 I/ConnectAuthJNI( 2105): HksStorageRegisterFileCallbacks 245 register hks file callback status =0
05-31 18:43:10.864 I/ConnectAuthJNI( 2105): HksRegisterGetDeviceIdCallback 268 register hks get hardware udid callback status =0
05-31 18:43:10.865 D/ConnectAuthJNI( 2105): [HiChain] get_instance Begin get instance
05-31 18:43:10.865 I/ConnectAuthJNI( 2105): [HKS] hks_service_key_info_init hks init : begin
05-31 18:43:10.865 I/ConnectAuthJNI( 2105): [HKS] hks_service_key_info_init hks init : end
05-31 18:43:10.865 I/ConnectAuthJNI( 2105): GetHiChainProtocolParamsCallback 371 GetHiChainProtocolParamsCallback operation_code= 99
05-31 18:43:10.865 I/ConnectAuthJNI( 2105): paramLen is ,=0
05-31 18:43:10.865 I/ConnectAuthJNI( 2105): paramLen is ,=0
05-31 18:43:10.865 I/ConnectAuthJNI( 2105): GetHiChainProtocolParamsCallback 402 GetHiChainProtocolParamsCallback end
05-31 18:43:10.865 I/ConnectAuthJNI( 2105): [HiChain] get_instance Get instance success
01-01 08:00:34.107 W/ ( 0): [3 T2393 ..] [SP FRAME TX] arp req,vif_idx:0 sender:[1c:79:2d:20:62:b5 192.168.3.222]receiver:[00:00:00:00:00:00 192.168.3.41]
05-31 18:43:10.865 I/ConnectAuthJNI( 2105): Java_com_huawei_hisight_security_ConnectAuthNative_nativeGetHiChainInstance 598 get instance success
05-31 18:43:10.865 W/ConnectAuthJNI( 2105): GetListTrustPeers 899 trustPeerSize=0
05-31 18:43:10.865 D/Hisight-HiChainAuthControl( 2105): destroyAuth
05-31 18:43:10.865 I/ConnectAuthJNI( 2105): Java_com_huawei_hisight_security_ConnectAuthNative_nativeDestroy 603 destroy
05-31 18:43:10.865 D/Hisight-HiChainAuthControl( 2105): setupAuthIfNeeded, HiChainInstance hasn't been initialized
05-31 18:43:10.865 I/ConnectAuthJNI( 2105): Java_com_huawei_hisight_security_ConnectAuthNative_nativeSetup 795 call HiChainNativeSetup
05-31 18:43:10.865 I/ConnectAuthJNI( 2105): HiChainNativeSetup 565 registe_log
05-31 18:43:10.865 I/ConnectAuthJNI( 2105): HksStorageRegisterFileCallbacks 245 register hks file callback status =0
05-31 18:43:10.865 I/ConnectAuthJNI( 2105): HksRegisterGetDeviceIdCallback 268 register hks get hardware udid callback status =0
05-31 18:43:10.865 D/ConnectAuthJNI( 2105): [HiChain] get_instance Begin get instance
05-31 18:43:10.865 I/ConnectAuthJNI( 2105): [HKS] hks_service_key_info_init hks init : begin
05-31 18:43:10.865 I/ConnectAuthJNI( 2105): [HKS] hks_service_key_info_init hks init : end
05-31 18:43:10.865 I/ConnectAuthJNI( 2105): GetHiChainProtocolParamsCallback 371 GetHiChainProtocolParamsCallback operation_code= 99
05-31 18:43:10.865 I/ConnectAuthJNI( 2105): paramLen is ,=0
05-31 18:43:10.865 I/ConnectAuthJNI( 2105): paramLen is ,=0
05-31 18:43:10.865 I/ConnectAuthJNI( 2105): GetHiChainProtocolParamsCallback 402 GetHiChainProtocolParamsCallback end
05-31 18:43:10.865 I/ConnectAuthJNI( 2105): [HiChain] get_instance Get instance success
05-31 18:43:10.865 I/ConnectAuthJNI( 2105): Java_com_huawei_hisight_security_ConnectAuthNative_nativeGetHiChainInstance 598 get instance success
05-31 18:43:10.865 W/ConnectAuthJNI( 2105): GetListTrustPeers 899 trustPeerSize=0
05-31 18:43:10.867 D/Hisight-DeviceListManager( 2105): init trusted list size: 0
01-01 08:00:34.109 W/ ( 0): [3 T2393 ..] [SP FRAME TX] arp req,vif_idx:0 sender:[1c:79:2d:20:62:b5 192.168.3.222]receiver:[00:00:00:00:00:00 192.168.3.42]
01-01 08:00:34.111 W/ ( 0): [3 T2393 ..] [SP FRAME TX] arp req,vif_idx:0 sender:[1c:79:2d:20:62:b5 192.168.3.222]receiver:[00:00:00:00:00:00 192.168.3.43]
05-31 18:43:10.870 D/HiSight-ConnectionManager( 2105): setAuthInfo, authMode: 1
05-31 18:43:10.871 D/HiSight-SinkService( 2105): setDiscoverable true
05-31 18:43:10.871 D/HiSight-Discovery( 2105): set deviceInfo type:46
05-31 18:43:10.871 D/HiSight-Discovery( 2105): startAdvertise 3
05-31 18:43:10.871 D/HiSight-Discovery( 2105): stopAdvertise.
05-31 18:43:10.871 D/NearFieldManager( 2105): StopListen moduleId: CastPlusDiscoveryModule
05-31 18:43:10.872 D/NearFieldManagerImpl( 2346): stopListen: moduleId: CastPlusDiscoveryModule
05-31 18:43:10.872 D/NearFieldManagerImpl( 2346): registerCapability() called with: capabilityBitmapNum = 1, capabilityBitmap = [0]
05-31 18:43:10.872 I/HicomNf_java_to_c( 2346): registerCapability, capabilityBitmapNum: 1
05-31 18:43:10.872 I/HicomNfMainCtrlManager( 2346): RegisterCapability: 1, 0
05-31 18:43:10.872 D/NearFieldManagerImpl( 2346): Register capability succeed with capabilityBitmapNum = 1, capabilityBitmap = [0]
05-31 18:43:10.872 D/wenhc ( 1467): getScreenInfo uri = content://com.dangbei.screencast.parts.info/screen_cast
05-31 18:43:10.873 D/HiSight-Discovery( 2105): nearFieldStartListen deviceType 46
01-01 08:00:34.113 W/ ( 0): [3 T2393 ..] [SP FRAME TX] arp req,vif_idx:0 sender:[1c:79:2d:20:62:b5 192.168.3.222]receiver:[00:00:00:00:00:00 192.168.3.44]
01-01 08:00:34.116 W/ ( 0): [3 T2393 ..] [SP FRAME TX] arp req,vif_idx:0 sender:[1c:79:2d:20:62:b5 192.168.3.222]receiver:[00:00:00:00:00:00 192.168.3.45]
05-31 18:43:10.875 D/NearFieldManagerImpl( 2346): setServiceData, sServiceData=[32], serviceData=[32]
05-31 18:43:10.875 E/NearFieldManagerImpl( 2346): setServiceData, serviceData exists
05-31 18:43:10.875 E/NearFieldManager( 2105): setIdnNetworkPriority: networkPortPriority is empty
05-31 18:43:10.875 D/NearFieldManager( 2105): StartListen moduleId: CastPlusDiscoveryModule
05-31 18:43:10.875 D/NearFieldManagerImpl( 2346): startListen: moduleId: CastPlusDiscoveryModule
05-31 18:43:10.875 D/NearFieldUtils( 2346): getPreferredIpAddress exec
05-31 18:43:10.875 D/NearFieldUtils( 2346): getPreferredIpAddress by custom priority
05-31 18:43:10.875 D/NearFieldUtils( 2346): getIpByInterfaceSetting customIdnNetworkPriority:[]
05-31 18:43:10.875 D/NearFieldUtils( 2346): getPreferredIpAddress by default priority
01-01 08:00:34.118 W/ ( 0): [3 T2393 ..] [SP FRAME TX] arp req,vif_idx:0 sender:[1c:79:2d:20:62:b5 192.168.3.222]receiver:[00:00:00:00:00:00 192.168.3.46]
01-01 08:00:34.119 W/ ( 0): [3 T2393 ..] [SP FRAME TX] arp req,vif_idx:0 sender:[1c:79:2d:20:62:b5 192.168.3.222]receiver:[00:00:00:00:00:00 192.168.3.47]
01-01 08:00:34.121 W/ ( 0): [3 T2393 ..] [SP FRAME TX] arp req,vif_idx:0 sender:[1c:79:2d:20:62:b5 192.168.3.222]receiver:[00:00:00:00:00:00 192.168.3.48]
01-01 08:00:34.122 W/ ( 0): [3 T2393 ..] [SP FRAME TX] arp req,vif_idx:0 sender:[1c:79:2d:20:62:b5 192.168.3.222]receiver:[00:00:00:00:00:00 192.168.3.49]
01-01 08:00:34.124 W/ ( 0): [3 T2393 ..] [SP FRAME TX] arp req,vif_idx:0 sender:[1c:79:2d:20:62:b5 192.168.3.222]receiver:[00:00:00:00:00:00 192.168.3.50]
05-31 18:43:10.885 D/NearFieldUtils( 2346): to get wlan0 ip address
05-31 18:43:10.885 D/NearFieldUtils( 2346): get wlan0 IP succeed.
05-31 18:43:10.885 D/NearFieldManagerImpl( 2346): sDeviceType: 46
05-31 18:43:10.885 D/NearFieldManagerImpl( 2346): registerDevice() is called.
05-31 18:43:10.885 I/HicomNfMainCtrlManager( 2346): NSTACKX_RegisterDevice is called
05-31 18:43:10.885 D/NearFieldManagerImpl( 2346): Register device success.
05-31 18:43:10.885 I/NearFieldManagerImpl( 2346): serviceName is castPlus
05-31 18:43:10.885 I/nStackXDFinder( 2346): UpdateLocalNetworkInterface:[472] :UpdateLocalNetworkInterface exec,initerfaceName:wlan0
05-31 18:43:10.885 E/nStackXDFinder( 2346): GetLocalIp:[401] :GetLocalIp exec
05-31 18:43:10.885 I/nStackXDFinder( 2346): UpdateLocalNetworkInterface:[498] :UpdateLocalNetworkInterface copy ip value in default process
05-31 18:43:10.885 E/nStackXDFinder( 2346): GetLocalIp:[401] :GetLocalIp exec
05-31 18:43:10.885 I/nStackXDFinder( 2346): UpdateLocalNetworkInterface:[505] :UpdateLocalNetworkInterface: ip not change
05-31 18:43:10.885 D/NearFieldManagerImpl( 2346): registerCapability() called with: capabilityBitmapNum = 1, capabilityBitmap = [8]
05-31 18:43:10.885 I/HicomNf_java_to_c( 2346): registerCapability, capabilityBitmapNum: 1
05-31 18:43:10.886 I/HicomNfMainCtrlManager( 2346): RegisterCapability: 1, 8
05-31 18:43:10.886 D/NearFieldManagerImpl( 2346): Register capability succeed with capabilityBitmapNum = 1, capabilityBitmap = [8]
05-31 18:43:10.886 D/NearFieldManagerImpl( 2346): registerServiceData() called with: serviceData = 32
05-31 18:43:10.886 I/nStackXDFinder( 2346): RegisterServiceData:[728] :RegisterServiceData, serviceData=[32]
05-31 18:43:10.886 D/NearFieldManagerImpl( 2346): registerModule() called with: packageModuleName = com.huawei.connection+CastPlusDiscoveryModule
05-31 18:43:10.886 D/NearFieldManagerImpl( 2346): registerModule, registered before
05-31 18:43:10.886 I/HicomNf_java_to_c( 2346): registerModule, moduleName: com.huawei.connection+CastPlusDiscoveryModule
05-31 18:43:10.886 I/HicomNfMainCtrlManager( 2346): Enter RegisterModule
05-31 18:43:10.886 I/HicomNfRegManager( 2346): RegisterModule OK, already registered com.huawei.connection+CastPlusDiscoveryModule
01-01 08:00:34.127 W/ ( 0): [3 T2393 ..] [SP FRAME TX] arp req,vif_idx:0 sender:[1c:79:2d:20:62:b5 192.168.3.222]receiver:[00:00:00:00:00:00 192.168.3.51]
01-01 08:00:34.128 W/ ( 0): [3 T2393 ..] [SP FRAME TX] arp req,vif_idx:0 sender:[1c:79:2d:20:62:b5 192.168.3.222]receiver:[00:00:00:00:00:00 192.168.3.52]
05-31 18:43:10.887 E/HuaweiCastService( 2105): onStartCommand in 0
01-01 08:00:34.130 W/ ( 0): [2 T1063 ..] [SP FRAME RX] arp rsp,vif_idx:0 sender:[92:14:95:52:48:be 192.168.3.14]receiver:[1c:79:2d:20:62:b5 192.168.3.222]
01-01 08:00:34.130 W/ ( 0): [3 T2393 ..] [SP FRAME TX] arp req,vif_idx:0 sender:[1c:79:2d:20:62:b5 192.168.3.222]receiver:[00:00:00:00:00:00 192.168.3.53]
01-01 08:00:34.133 W/ ( 0): [3 T2393 ..] [SP FRAME TX] arp req,vif_idx:0 sender:[1c:79:2d:20:62:b5 192.168.3.222]receiver:[00:00:00:00:00:00 192.168.3.54]
01-01 08:00:34.135 W/ ( 0): [3 T2393 ..] [SP FRAME TX] arp req,vif_idx:0 sender:[1c:79:2d:20:62:b5 192.168.3.222]receiver:[00:00:00:00:00:00 192.168.3.55]
01-01 08:00:34.136 W/ ( 0): [3 T2393 ..] [SP FRAME TX] arp req,vif_idx:0 sender:[1c:79:2d:20:62:b5 192.168.3.222]receiver:[00:00:00:00:00:00 192.168.3.56]
01-01 08:00:34.137 W/ ( 0): [2 T1063 ..] [SP FRAME RX] arp rsp,vif_idx:0 sender:[9c:2f:9d:aa:ca:c3 192.168.3.15]receiver:[1c:79:2d:20:62:b5 192.168.3.222]
01-01 08:00:34.138 W/ ( 0): [3 T2393 ..] [SP FRAME TX] arp req,vif_idx:0 sender:[1c:79:2d:20:62:b5 192.168.3.222]receiver:[00:00:00:00:00:00 192.168.3.57]
01-01 08:00:34.141 W/ ( 0): [3 T2393 ..] [SP FRAME TX] arp req,vif_idx:0 sender:[1c:79:2d:20:62:b5 192.168.3.222]receiver:[00:00:00:00:00:00 192.168.3.59]
01-01 08:00:34.142 W/ ( 0): [3 T2393 ..] [SP FRAME TX] arp req,vif_idx:0 sender:[1c:79:2d:20:62:b5 192.168.3.222]receiver:[00:00:00:00:00:00 192.168.3.60]
01-01 08:00:34.144 W/ ( 0): [3 T2393 ..] [SP FRAME TX] arp req,vif_idx:0 sender:[1c:79:2d:20:62:b5 192.168.3.222]receiver:[00:00:00:00:00:00 192.168.3.61]
01-01 08:00:34.146 W/ ( 0): [3 T2393 ..] [SP FRAME TX] arp req,vif_idx:0 sender:[1c:79:2d:20:62:b5 192.168.3.222]receiver:[00:00:00:00:00:00 192.168.3.62]
01-01 08:00:34.147 W/ ( 0): [2 T1063 ..] [SP FRAME RX] arp rsp,vif_idx:0 sender:[82:c8:b8:a5:a3:3e 192.168.3.19]receiver:[1c:79:2d:20:62:b5 192.168.3.222]
01-01 08:00:34.147 W/ ( 0): [3 T2393 ..] [SP FRAME TX] arp req,vif_idx:0 sender:[1c:79:2d:20:62:b5 192.168.3.222]receiver:[00:00:00:00:00:00 192.168.3.63]
01-01 08:00:34.150 W/ ( 0): [2 T1063 ..] [SP FRAME RX] arp rsp,vif_idx:0 sender:[be:a5:e7:f2:9c:e1 192.168.3.20]receiver:[1c:79:2d:20:62:b5 192.168.3.222]
01-01 08:00:34.150 W/ ( 0): [3 T2393 ..] [SP FRAME TX] arp req,vif_idx:0 sender:[1c:79:2d:20:62:b5 192.168.3.222]receiver:[00:00:00:00:00:00 192.168.3.64]
01-01 08:00:34.153 W/ ( 0): [3 T2393 ..] [SP FRAME TX] arp req,vif_idx:0 sender:[1c:79:2d:20:62:b5 192.168.3.222]receiver:[00:00:00:00:00:00 192.168.3.65]
01-01 08:00:34.155 W/ ( 0): [3 T2393 ..] [SP FRAME TX] arp req,vif_idx:0 sender:[1c:79:2d:20:62:b5 192.168.3.222]receiver:[00:00:00:00:00:00 192.168.3.66]
01-01 08:00:34.156 W/ ( 0): [3 T2393 ..] [SP FRAME TX] arp req,vif_idx:0 sender:[1c:79:2d:20:62:b5 192.168.3.222]receiver:[00:00:00:00:00:00 192.168.3.67]
01-01 08:00:34.158 W/ ( 0): [3 T2393 ..] [SP FRAME TX] arp req,vif_idx:0 sender:[1c:79:2d:20:62:b5 192.168.3.222]receiver:[00:00:00:00:00:00 192.168.3.68]
01-01 08:00:34.160 W/ ( 0): [3 T2393 ..] [SP FRAME TX] arp req,vif_idx:0 sender:[1c:79:2d:20:62:b5 192.168.3.222]receiver:[00:00:00:00:00:00 192.168.3.69]
05-31 18:43:10.918 I/bluetooth( 1032): packages/modules/Bluetooth/system/gd/metrics/metrics_state.cc:177 AddStateChangedEvent: LEConnectionMetricsRemoteDevice: Transaction State 0x00000002, Connection Type 0x00000001, Origin Type 0x00000001
05-31 18:43:10.919 I/bluetooth( 1032): packages/modules/Bluetooth/system/gd/metrics/metrics_state.cc:58 AddStateChangedEvent: LEConnectionMetricState: Origin Type: 0x00000001, Connection Type: 0x00000001, Transaction State: 0x00000002
05-31 18:43:10.919 I/bluetooth( 1032): packages/modules/Bluetooth/system/gd/metrics/metrics_state.cc:161 UploadLEConnectionSession: LEConnectionMetricsRemoteDevice: The session is uploaded for xx:xx:xx:xx:c0:82
05-31 18:43:10.919 D/bluetooth( 1032): packages/modules/Bluetooth/system/main/shim/acl.cc:1722 OnLeConnectSuccess: Connection address is not rpa addr:e4:bb:d3:57:c0:82[PUBLIC_DEVICE_ADDRESS]
05-31 18:43:10.919 D/bluetooth( 1032): packages/modules/Bluetooth/system/main/shim/acl.cc:1750 OnLeConnectSuccess: Connection successful le remote:e4:bb:d3:57:c0:82[PUBLIC_DEVICE_ADDRESS] handle:16 initiator:local
05-31 18:43:10.919 I/bluetooth( 1032): packages/modules/Bluetooth/system/stack/gatt/connection_manager.cc:438 on_connection_complete: Le connection completed to device:xx:xx:xx:xx:c0:82
05-31 18:43:10.919 I/bluetooth( 1032): packages/modules/Bluetooth/system/gd/hci/le_address_manager.cc:265 ack_pause: Client already in paused state
05-31 18:43:10.919 D/bluetooth( 1032): packages/modules/Bluetooth/system/stack/gatt/connection_manager.cc:427 remove_all_clients_with_pending_connections: address=xx:xx:xx:xx:c0:82
05-31 18:43:10.919 I/bluetooth( 1032): packages/modules/Bluetooth/system/stack/gatt/connection_manager.cc:438 on_connection_complete: Le connection completed to device:xx:xx:xx:xx:c0:82
05-31 18:43:10.919 D/bluetooth( 1032): packages/modules/Bluetooth/system/stack/gatt/connection_manager.cc:427 remove_all_clients_with_pending_connections: address=xx:xx:xx:xx:c0:82
05-31 18:43:10.919 I/bt_btm_ble( 1032): packages/modules/Bluetooth/system/stack/btm/btm_ble.cc:1730 btm_ble_connected: Updating device record timestamp for existing ble connection
05-31 18:43:10.919 I/bt_l2cap( 1032): packages/modules/Bluetooth/system/main/bte_logmsg.cc:112 LogMsg: l2c_ble_link_adjust_allocation num_hipri: 0 num_lowpri: 1 low_quota: 2 round_robin_quota: 0 qq: 2
05-31 18:43:10.919 I/bt_l2cap( 1032): packages/modules/Bluetooth/system/main/bte_logmsg.cc:112 LogMsg: l2c_ble_link_adjust_allocation LCB 0 Priority: 0 XmitQuota: 2
05-31 18:43:10.919 I/bt_l2cap( 1032): packages/modules/Bluetooth/system/main/bte_logmsg.cc:112 LogMsg: SentNotAcked: 0 RRUnacked: 0
05-31 18:43:10.919 D/l2c_utils( 1032): packages/modules/Bluetooth/system/stack/l2cap/l2c_utils.cc:1355 l2cu_allocate_ccb: is_dynamic = 0, cid 0x0000
05-31 18:43:10.919 D/l2c_link( 1032): packages/modules/Bluetooth/system/stack/l2cap/l2c_link.cc:764 l2c_link_adjust_chnl_allocation: CID:0x0040 FCR Mode:0 Priority:2 TxDataRate:1 RxDataRate:1 Quota:200
05-31 18:43:10.919 D/btm_acl ( 1032): packages/modules/Bluetooth/system/stack/acl/btm_acl.cc:463 btm_acl_created: Created new ACL connection peer:xx:xx:xx:xx:c0:82 role:central handle:0x0010 transport:BT_TRANSPORT_LE
05-31 18:43:10.919 I/bt_btm ( 1032): packages/modules/Bluetooth/system/main/bte_logmsg.cc:115 LogMsg: BTM_GetRemoteDeviceName
05-31 18:43:10.919 I/bt_btif ( 1032): packages/modules/Bluetooth/system/main/bte_logmsg.cc:115 LogMsg: BTM_GetRemoteDeviceName, NV name = Dangbei
05-31 18:43:10.919 I/bt_btif ( 1032): packages/modules/Bluetooth/system/main/bte_logmsg.cc:115 LogMsg: btm_iot_save_remote_properties cod retrieved from storage is 0x00050c
05-31 18:43:10.919 D/bt_btm_ble( 1032): packages/modules/Bluetooth/system/stack/btm/btm_ble.cc:544 BTM_ReadDevInfo: Determining device_type:BLE addr_type:public
05-31 18:43:10.919 D/bt_shim_hci( 1032): packages/modules/Bluetooth/system/main/shim/hci_layer.cc:367 transmit_command: Sending command LE_READ_REMOTE_FEATURES
05-31 18:43:10.919 D/bt_btm_ble( 1032): packages/modules/Bluetooth/system/stack/btm/btm_ble_gap.cc:3507 btm_ble_update_mode_operation: gd_acl enabled so skip background connection logic
05-31 18:43:10.919 D/bt_btm_ble( 1032): packages/modules/Bluetooth/system/stack/btm/btm_ble_gap.cc:3518 btm_ble_update_mode_operation: Resuming le background connections
05-31 18:43:10.920 D/bluetooth( 1032): packages/modules/Bluetooth/system/stack/btm/btm_ble_bgconn.cc:155 btm_ble_resume_bg_conn: Gd acl_manager handles sync of background connections
05-31 18:43:10.922 I/bluetooth( 1032): packages/modules/Bluetooth/system/gd/hci/le_address_manager.cc:596 OnCommandComplete: Received command complete with op_code LE_REMOVE_DEVICE_FROM_FILTER_ACCEPT_LIST
05-31 18:43:10.922 I/bluetooth( 1032): packages/modules/Bluetooth/system/gd/hci/le_address_manager.cc:294 resume_registered_clients: Resuming registered clients
01-01 08:00:34.161 W/ ( 0): [3 T2393 ..] [SP FRAME TX] arp req,vif_idx:0 sender:[1c:79:2d:20:62:b5 192.168.3.222]receiver:[00:00:00:00:00:00 192.168.3.70]
01-01 08:00:34.163 W/ ( 0): [3 T2393 ..] [SP FRAME TX] arp req,vif_idx:0 sender:[1c:79:2d:20:62:b5 192.168.3.222]receiver:[00:00:00:00:00:00 192.168.3.71]
01-01 08:00:34.164 W/ ( 0): [3 T2393 ..] [SP FRAME TX] arp req,vif_idx:0 sender:[1c:79:2d:20:62:b5 192.168.3.222]receiver:[00:00:00:00:00:00 192.168.3.72]
05-31 18:43:10.925 D/bt_shim_hci( 1032): packages/modules/Bluetooth/system/main/shim/hci_layer.cc:341 OnTransmitPacketStatus: Received cmd status SUCCESS for LE_READ_REMOTE_FEATURES
01-01 08:00:34.166 W/ ( 0): [3 T2393 ..] [SP FRAME TX] arp req,vif_idx:0 sender:[1c:79:2d:20:62:b5 192.168.3.222]receiver:[00:00:00:00:00:00 192.168.3.73]
01-01 08:00:34.167 W/ ( 0): [3 T2393 ..] [SP FRAME TX] arp req,vif_idx:0 sender:[1c:79:2d:20:62:b5 192.168.3.222]receiver:[00:00:00:00:00:00 192.168.3.74]
01-01 08:00:34.169 W/ ( 0): [3 T2393 ..] [SP FRAME TX] arp req,vif_idx:0 sender:[1c:79:2d:20:62:b5 192.168.3.222]receiver:[00:00:00:00:00:00 192.168.3.75]
01-01 08:00:34.170 W/ ( 0): [3 T2393 ..] [SP FRAME TX] arp req,vif_idx:0 sender:[1c:79:2d:20:62:b5 192.168.3.222]receiver:[00:00:00:00:00:00 192.168.3.77]
01-01 08:00:34.172 W/ ( 0): [3 T2393 ..] [SP FRAME TX] arp req,vif_idx:0 sender:[1c:79:2d:20:62:b5 192.168.3.222]receiver:[00:00:00:00:00:00 192.168.3.78]
01-01 08:00:34.173 W/ ( 0): [3 T2393 ..] [SP FRAME TX] arp req,vif_idx:0 sender:[1c:79:2d:20:62:b5 192.168.3.222]receiver:[00:00:00:00:00:00 192.168.3.79]
01-01 08:00:34.175 W/ ( 0): [3 T2393 ..] [SP FRAME TX] arp req,vif_idx:0 sender:[1c:79:2d:20:62:b5 192.168.3.222]receiver:[00:00:00:00:00:00 192.168.3.80]
01-01 08:00:34.177 W/ ( 0): [3 T2393 ..] [SP FRAME TX] arp req,vif_idx:0 sender:[1c:79:2d:20:62:b5 192.168.3.222]receiver:[00:00:00:00:00:00 192.168.3.81]
01-01 08:00:34.178 W/ ( 0): [3 T2393 ..] [SP FRAME TX] arp req,vif_idx:0 sender:[1c:79:2d:20:62:b5 192.168.3.222]receiver:[00:00:00:00:00:00 192.168.3.82]
01-01 08:00:34.180 W/ ( 0): [3 T2393 ..] [SP FRAME TX] arp req,vif_idx:0 sender:[1c:79:2d:20:62:b5 192.168.3.222]receiver:[00:00:00:00:00:00 192.168.3.83]
01-01 08:00:34.181 W/ ( 0): [3 T2393 ..] [SP FRAME TX] arp req,vif_idx:0 sender:[1c:79:2d:20:62:b5 192.168.3.222]receiver:[00:00:00:00:00:00 192.168.3.84]
01-01 08:00:34.183 W/ ( 0): [3 T2393 ..] [SP FRAME TX] arp req,vif_idx:0 sender:[1c:79:2d:20:62:b5 192.168.3.222]receiver:[00:00:00:00:00:00 192.168.3.85]
01-01 08:00:34.184 W/ ( 0): [3 T2393 ..] [SP FRAME TX] arp req,vif_idx:0 sender:[1c:79:2d:20:62:b5 192.168.3.222]receiver:[00:00:00:00:00:00 192.168.3.86]
05-31 18:43:10.945 D/btm_acl ( 1032): packages/modules/Bluetooth/system/stack/acl/btm_acl.cc:2667 acl_set_peer_le_features_from_handle: Completed le feature read request
05-31 18:43:10.945 D/bt_shim_hci( 1032): packages/modules/Bluetooth/system/main/shim/hci_layer.cc:367 transmit_command: Sending command READ_REMOTE_VERSION_INFORMATION
01-01 08:00:34.186 W/ ( 0): [3 T2393 ..] [SP FRAME TX] arp req,vif_idx:0 sender:[1c:79:2d:20:62:b5 192.168.3.222]receiver:[00:00:00:00:00:00 192.168.3.87]
01-01 08:00:34.187 W/ ( 0): [3 T2393 ..] [SP FRAME TX] arp req,vif_idx:0 sender:[1c:79:2d:20:62:b5 192.168.3.222]receiver:[00:00:00:00:00:00 192.168.3.88]
05-31 18:43:10.947 D/bt_shim_hci( 1032): packages/modules/Bluetooth/system/main/shim/hci_layer.cc:341 OnTransmitPacketStatus: Received cmd status SUCCESS for READ_REMOTE_VERSION_INFORMATION
01-01 08:00:34.189 W/ ( 0): [3 T2393 ..] [SP FRAME TX] arp req,vif_idx:0 sender:[1c:79:2d:20:62:b5 192.168.3.222]receiver:[00:00:00:00:00:00 192.168.3.89]
01-01 08:00:34.190 W/ ( 0): [3 T2393 ..] [SP FRAME TX] arp req,vif_idx:0 sender:[1c:79:2d:20:62:b5 192.168.3.222]receiver:[00:00:00:00:00:00 192.168.3.90]
01-01 08:00:34.192 W/ ( 0): [3 T2393 ..] [SP FRAME TX] arp req,vif_idx:0 sender:[1c:79:2d:20:62:b5 192.168.3.222]receiver:[00:00:00:00:00:00 192.168.3.91]
01-01 08:00:34.194 W/ ( 0): [3 T2393 ..] [SP FRAME TX] arp req,vif_idx:0 sender:[1c:79:2d:20:62:b5 192.168.3.222]receiver:[00:00:00:00:00:00 192.168.3.92]
01-01 08:00:34.195 W/ ( 0): [3 T2393 ..] [SP FRAME TX] arp req,vif_idx:0 sender:[1c:79:2d:20:62:b5 192.168.3.222]receiver:[00:00:00:00:00:00 192.168.3.93]
01-01 08:00:34.197 W/ ( 0): [3 T2393 ..] [SP FRAME TX] arp req,vif_idx:0 sender:[1c:79:2d:20:62:b5 192.168.3.222]receiver:[00:00:00:00:00:00 192.168.3.94]
01-01 08:00:34.198 W/ ( 0): [3 T2393 ..] [SP FRAME TX] arp req,vif_idx:0 sender:[1c:79:2d:20:62:b5 192.168.3.222]receiver:[00:00:00:00:00:00 192.168.3.95]
01-01 08:00:34.200 W/ ( 0): [3 T2393 ..] [SP FRAME TX] arp req,vif_idx:0 sender:[1c:79:2d:20:62:b5 192.168.3.222]receiver:[00:00:00:00:00:00 192.168.3.96]
01-01 08:00:34.201 W/ ( 0): [3 T2393 ..] [SP FRAME TX] arp req,vif_idx:0 sender:[1c:79:2d:20:62:b5 192.168.3.222]receiver:[00:00:00:00:00:00 192.168.3.97]
01-01 08:00:34.203 W/ ( 0): [3 T2393 ..] [SP FRAME TX] arp req,vif_idx:0 sender:[1c:79:2d:20:62:b5 192.168.3.222]receiver:[00:00:00:00:00:00 192.168.3.98]
05-31 18:43:10.965 D/bt_btm_sec( 1032): packages/modules/Bluetooth/system/stack/btm/btm_sec.cc:5094 btm_sec_is_a_bonded_dev: Device record bonded check peer:xx:xx:xx:xx:c0:82 is_bonded:true
01-01 08:00:34.204 W/ ( 0): [3 T2393 ..] [SP FRAME TX] arp req,vif_idx:0 sender:[1c:79:2d:20:62:b5 192.168.3.222]receiver:[00:00:00:00:00:00 192.168.3.99]
01-01 08:00:34.206 W/ ( 0): [3 T2393 ..] [SP FRAME TX] arp req,vif_idx:0 sender:[1c:79:2d:20:62:b5 192.168.3.222]receiver:[00:00:00:00:00:00 192.168.3.100]
01-01 08:00:34.208 W/ ( 0): [3 T2393 ..] [SP FRAME TX] arp req,vif_idx:0 sender:[1c:79:2d:20:62:b5 192.168.3.222]receiver:[00:00:00:00:00:00 192.168.3.101]
01-01 08:00:34.209 W/ ( 0): [3 T2393 ..] [SP FRAME TX] arp req,vif_idx:0 sender:[1c:79:2d:20:62:b5 192.168.3.222]receiver:[00:00:00:00:00:00 192.168.3.102]
01-01 08:00:34.211 W/ ( 0): [3 T2393 ..] [SP FRAME TX] arp req,vif_idx:0 sender:[1c:79:2d:20:62:b5 192.168.3.222]receiver:[00:00:00:00:00:00 192.168.3.103]
01-01 08:00:34.212 W/ ( 0): [3 T2393 ..] [SP FRAME TX] arp req,vif_idx:0 sender:[1c:79:2d:20:62:b5 192.168.3.222]receiver:[00:00:00:00:00:00 192.168.3.104]
01-01 08:00:34.214 W/ ( 0): [3 T2393 ..] [SP FRAME TX] arp req,vif_idx:0 sender:[1c:79:2d:20:62:b5 192.168.3.222]receiver:[00:00:00:00:00:00 192.168.3.105]
01-01 08:00:34.215 W/ ( 0): [3 T2393 ..] [SP FRAME TX] arp req,vif_idx:0 sender:[1c:79:2d:20:62:b5 192.168.3.222]receiver:[00:00:00:00:00:00 192.168.3.106]
01-01 08:00:34.217 W/ ( 0): [3 T2393 ..] [SP FRAME TX] arp req,vif_idx:0 sender:[1c:79:2d:20:62:b5 192.168.3.222]receiver:[00:00:00:00:00:00 192.168.3.107]
01-01 08:00:34.218 W/ ( 0): [3 T2393 ..] [SP FRAME TX] arp req,vif_idx:0 sender:[1c:79:2d:20:62:b5 192.168.3.222]receiver:[00:00:00:00:00:00 192.168.3.108]
01-01 08:00:34.220 W/ ( 0): [3 T2393 ..] [SP FRAME TX] arp req,vif_idx:0 sender:[1c:79:2d:20:62:b5 192.168.3.222]receiver:[00:00:00:00:00:00 192.168.3.109]
01-01 08:00:34.222 W/ ( 0): [3 T2393 ..] [SP FRAME TX] arp req,vif_idx:0 sender:[1c:79:2d:20:62:b5 192.168.3.222]receiver:[00:00:00:00:00:00 192.168.3.110]
01-01 08:00:34.223 W/ ( 0): [3 T2393 ..] [SP FRAME TX] arp req,vif_idx:0 sender:[1c:79:2d:20:62:b5 192.168.3.222]receiver:[00:00:00:00:00:00 192.168.3.111]
05-31 18:43:10.986 I/bt_btif ( 1032): packages/modules/Bluetooth/system/main/bte_logmsg.cc:115 LogMsg: Remote device: xx:xx:xx:xx:c0:82 GATT client supported features 0x00
05-31 18:43:10.986 I/bt_stack( 1032): [INFO:gatt_attr.cc(950)] gatt_sr_init_cl_status: bda=xx:xx:xx:xx:c0:82, cl_supp_feat=0000, aware=1
05-31 18:43:10.986 I/bt_btif ( 1032): packages/modules/Bluetooth/system/main/bte_logmsg.cc:115 LogMsg: Remote device: xx:xx:xx:xx:c0:82 GATT server supported features 0x00
05-31 18:43:10.986 D/bluetooth( 1032): packages/modules/Bluetooth/system/stack/gatt/connection_manager.cc:117 get_apps_connecting_to: address=xx:xx:xx:xx:c0:82
05-31 18:43:10.986 I/bluetooth( 1032): packages/modules/Bluetooth/system/stack/gap/gap_ble.cc:304 client_connect_cback: No active GAP service found for peer:xx:xx:xx:xx:c0:82 callback:Connected
05-31 18:43:10.986 I/bt_bta_gattc( 1032): packages/modules/Bluetooth/system/bta/gatt/bta_gattc_act.cc:1304 bta_gattc_conn_cback: Connected client_if:3 addr:xx:xx:xx:xx:c0:82, transport:BT_TRANSPORT_LE reason:GATT_CONN_OK
01-01 08:00:34.225 W/ ( 0): [3 T2393 ..] [SP FRAME TX] arp req,vif_idx:0 sender:[1c:79:2d:20:62:b5 192.168.3.222]receiver:[00:00:00:00:00:00 192.168.3.112]
01-01 08:00:34.226 W/ ( 0): [3 T2393 ..] [SP FRAME TX] arp req,vif_idx:0 sender:[1c:79:2d:20:62:b5 192.168.3.222]receiver:[00:00:00:00:00:00 192.168.3.113]
01-01 08:00:34.228 W/ ( 0): [3 T2393 ..] [SP FRAME TX] arp req,vif_idx:0 sender:[1c:79:2d:20:62:b5 192.168.3.222]receiver:[00:00:00:00:00:00 192.168.3.114]
05-31 18:43:10.986 I/bt_bta_gattc( 1032): packages/modules/Bluetooth/system/bta/gatt/bta_gattc_act.cc:1304 bta_gattc_conn_cback: Connected client_if:4 addr:xx:xx:xx:xx:c0:82, transport:BT_TRANSPORT_LE reason:GATT_CONN_OK
05-31 18:43:10.986 D/bluetooth( 1032): packages/modules/Bluetooth/system/stack/gatt/gatt_main.cc:379 gatt_update_app_use_link_flag: gatt_if=5, is_add=1 chk_link=1
05-31 18:43:10.986 D/bluetooth( 1032): packages/modules/Bluetooth/system/stack/gatt/gatt_main.cc:342 gatt_update_app_hold_link_status: gatt_if=5, is_add=1, peer_bda=xx:xx:xx:xx:c0:82
05-31 18:43:10.986 D/bluetooth( 1032): packages/modules/Bluetooth/system/stack/gatt/gatt_main.cc:348 gatt_update_app_hold_link_status: added gatt_if=5
05-31 18:43:10.986 I/bluetooth( 1032): packages/modules/Bluetooth/system/stack/gatt/gatt_main.cc:405 gatt_update_app_use_link_flag: disable link idle timer for xx:xx:xx:xx:c0:82
05-31 18:43:10.986 I/bt_l2cap( 1032): packages/modules/Bluetooth/system/main/bte_logmsg.cc:115 LogMsg: l2cu_no_dynamic_ccbs NO IDLE timeout set for fixed cid 0x0004
05-31 18:43:10.986 I/bt_l2cap( 1032): packages/modules/Bluetooth/system/main/bte_logmsg.cc:115 LogMsg: l2cu_no_dynamic_ccbs() with_active_local_clients=0
05-31 18:43:10.986 I/bt_stack( 1032): [INFO:l2c_api.cc(1607)] L2CA_MarkLeLinkAsActivesetting link to e4:bb:d3:57:c0:82 as active
