05-31 18:43:19.784 I/AdapterServiceConfig( 2483): init: profile=GattService, enabled=true
05-31 18:43:19.784 I/AdapterServiceConfig( 2483): init: profile=LeAudioService, enabled=false
05-31 18:43:19.784 I/AdapterServiceConfig( 2483): init: profile=TbsService, enabled=false
05-31 18:43:19.784 I/AdapterServiceConfig( 2483): init: profile=BluetoothMapService, enabled=false
05-31 18:43:19.784 I/AdapterServiceConfig( 2483): init: profile=MapClientService, enabled=false
05-31 18:43:19.784 I/AdapterServiceConfig( 2483): init: profile=McpService, enabled=true
05-31 18:43:19.784 I/AdapterServiceConfig( 2483): init: profile=BluetoothOppService, enabled=true
05-31 18:43:19.784 I/AdapterServiceConfig( 2483): init: profile=PanService, enabled=true
05-31 18:43:19.784 I/AdapterServiceConfig( 2483): init: profile=BluetoothPbapService, enabled=false
05-31 18:43:19.784 I/AdapterServiceConfig( 2483): init: profile=PbapClientService, enabled=false
05-31 18:43:19.784 I/AdapterServiceConfig( 2483): init: profile=SapService, enabled=false
05-31 18:43:19.784 I/AdapterServiceConfig( 2483): init: profile=VolumeControlService, enabled=false
05-31 18:43:19.793 I/BluetoothMetricsLogger( 2483): setCounterMetricsAlarm()
05-31 18:43:19.801 D/BluetoothAdapterService( 2483): onCreate()
05-31 18:43:19.810 D/CompatibilityChangeReporter( 719): Compat change id reported: 161145287; UID 1002; state: ENABLED
05-31 18:43:19.817 D/AdapterState( 2483): make() - Creating AdapterState
05-31 18:43:19.818 I/AdapterState( 2483): OFF : entered
05-31 18:43:19.818 D/AdapterProperties( 2483): Setting state to OFF
05-31 18:43:19.820 D/BluetoothKeystoreService( 2483): new BluetoothKeystoreService isCommonCriteriaMode: false
05-31 18:43:19.820 D/BluetoothKeystoreService( 2483): start
05-31 18:43:19.821 I/droid.bluetooth( 2483): [0531/184319.821203:INFO:com_android_bluetooth_btservice_BluetoothKeystore.cpp(97)] classInitNative: succeeds
05-31 18:43:19.821 D/BluetoothKeystoreService( 2483): setBluetoothKeystoreService(): set to: com.android.bluetooth.btservice.bluetoothkeystore.BluetoothKeystoreService@a1410fd
05-31 18:43:19.822 D/BluetoothKeystoreService( 2483): loadConfigData
05-31 18:43:19.824 D/BluetoothKeystoreService( 2483): getCompareResult: 0
05-31 18:43:19.827 D/CompatibilityChangeReporter( 2483): Compat change id reported: 183155436; UID 1002; state: ENABLED
05-31 18:43:19.828 I/bt_btif ( 2483): packages/modules/Bluetooth/system/btif/src/bluetooth.cc:386 init: init: start restricted = 0 ; common criteria mode = 0, config compare result = 0
05-31 18:43:19.828 E/bt ( 2483): bt_common::init_flags: DEPRECATED flag used: INIT_logging_debug_enabled_for_all. Use INIT_default_log_level_str=LOG_VERBOSE instead.
05-31 18:43:19.828 I/bt ( 2483): bt_common::init_flags: Flags loaded: asha_packet_drop_frequency_threshold=60asha_phy_update_retry_limit=5always_send_services_if_gatt_disc_done=truealways_use_private_gatt_for_debugging=falseasynchronously_start_l2cap_coc=truebtaa_hci=truebta_dm_clear_conn_id_on_client_close=truebtm_dm_flush_discovery_queue_on_search_cancel=falseclassic_discovery_only=falseclear_hidd_interrupt_cid_on_disconnect=truedelay_hidh_cleanup_until_hidh_ready_start=truedevice_iot_config_logging=falsedynamic_avrcp_version_enhancement=truefinite_att_timeout=truegatt_robust_caching_client=truegatt_robust_caching_server=falsegd_core=falsegd_hal_snoop_logger_socket=truegd_hal_snoop_logger_filtering=truegd_l2cap=falsegd_link_policy=falsegd_remote_name_request=falsegd_rust=falsehci_adapter=0hfp_dynamic_version=trueirk_rotation=falseleaudio_targeted_announcement_reconnection_mode=truepass_phy_update_callback=truepbap_pse_dynamic_version_upgrade=falseperiodic_advertising_adi=trueprivate_gatt=truequeue_l2cap_coc_while_encrypting=trueread_encryption_key_size=trueredact_log=truerust_event_loop=truesco_codec_select_lc3=falsesco_codec_timeout_clear=falsesdp_serialization=truesdp_skip_rnr_if_known=truebluetooth_quality_report_callback=trueset_min_encryption=truesubrating=truetrigger_advertising_callbacks_on_first_resume_after_pause=trueuse_unified_connection_manager=falsesdp_return_classic_services_when_le_discovery_fails=truedefault_log_level=6logging_explicit_tag_settings={}
05-31 18:43:19.828 I/bt_osi_allocation_tracker( 2483): packages/modules/Bluetooth/system/osi/src/allocation_tracker.cc:60 allocation_tracker_init: canary initialized
05-31 18:43:19.828 I/droid.bluetooth( 2483): [0531/184319.828930:INFO:message_loop_thread.cc(184)] Run: message loop starting for thread bt_stack_manager_thread
05-31 18:43:19.829 I/bt_stack_manager( 2483): packages/modules/Bluetooth/system/btif/src/stack_manager.cc:277 event_init_stack: is initializing the stack
05-31 18:43:19.829 I/droid.bluetooth( 2483): [0531/184319.829413:INFO:message_loop_thread.cc(184)] Run: message loop starting for thread bt_main_thread
05-31 18:43:19.829 I/device_iot_config( 2483): packages/modules/Bluetooth/system/device/src/device_iot_config_int.cc:68 device_iot_config_module_init:
05-31 18:43:19.829 E/droid.bluetooth( 2483): [0531/184319.829791:ERROR:config.cc(106)] config_new: unable to open file '/data/misc/bluedroid/bt_remote_dev_info.conf': No such file or directory
05-31 18:43:19.829 W/device_iot_config( 2483): packages/modules/Bluetooth/system/device/src/device_iot_config_int.cc:83 device_iot_config_module_init: Unable to load config file: /data/misc/bluedroid/bt_remote_dev_info.conf; using backup.
05-31 18:43:19.829 E/droid.bluetooth( 2483): [0531/184319.829932:ERROR:config.cc(106)] config_new: unable to open file '/data/misc/bluedroid/bt_remote_dev_info.bak': No such file or directory
05-31 18:43:19.829 E/device_iot_config( 2483): packages/modules/Bluetooth/system/device/src/device_iot_config_int.cc:89 device_iot_config_module_init: Unable to load bak file; creating empty config.
05-31 18:43:19.830 I/device_iot_config( 2483): packages/modules/Bluetooth/system/device/src/device_iot_config_int.cc:130 device_iot_config_module_init: Devices loaded 0
05-31 18:43:19.830 I/bt_osi_thread( 2483): packages/modules/Bluetooth/system/osi/src/thread.cc:210 run_thread: run_thread: thread id 2513, thread name alarm_default_ca started
05-31 18:43:19.831 I/bt_osi_thread( 2483): packages/modules/Bluetooth/system/osi/src/thread.cc:210 run_thread: run_thread: thread id 2514, thread name alarm_dispatcher started
05-31 18:43:19.831 I/bt_core_module( 2483): packages/modules/Bluetooth/system/btcore/src/module.cc:86 module_start_up: module_start_up Starting module "gd_shim_module"
05-31 18:43:19.831 I/bt_gd_shim( 2483): packages/modules/Bluetooth/system/main/shim/stack.cc:81 StartEverything: StartEverything Starting Gd stack
05-31 18:43:19.831 I/bt_gd_shim( 2483): packages/modules/Bluetooth/system/main/shim/stack.cc:160 Start: Start Starting Gd stack
05-31 18:43:19.832 I/BtGdWakelockNative( 2483): packages/modules/Bluetooth/system/gd/os/android/wakelock_native.cc:79 Initialize: Initializing native wake locks
05-31 18:43:19.833 I/BtGdModule( 2483): packages/modules/Bluetooth/system/gd/module.cc:85 Start: Constructing next module
05-31 18:43:19.833 I/BtGdModule( 2483): packages/modules/Bluetooth/system/gd/module.cc:89 Start: Starting dependencies of BluetoothCounterMetrics
05-31 18:43:19.833 I/BtGdModule( 2483): packages/modules/Bluetooth/system/gd/module.cc:93 Start: Finished starting dependencies and calling Start() of BluetoothCounterMetrics
05-31 18:43:19.833 I/BluetoothCounterMetrics( 2483): packages/modules/Bluetooth/system/gd/metrics/counter_metrics.cc:40 Start: Counter metrics initialized
05-31 18:43:19.833 I/BtGdModule( 2483): packages/modules/Bluetooth/system/gd/module.cc:99 Start: Started BluetoothCounterMetrics
05-31 18:43:19.833 I/BtGdModule( 2483): packages/modules/Bluetooth/system/gd/module.cc:85 Start: Constructing next module
05-31 18:43:19.833 I/BtGdModule( 2483): packages/modules/Bluetooth/system/gd/module.cc:89 Start: Starting dependencies of HciHalHidl
05-31 18:43:19.833 I/BtGdModule( 2483): packages/modules/Bluetooth/system/gd/module.cc:85 Start: Constructing next module
05-31 18:43:19.833 I/bluetooth( 2483): packages/modules/Bluetooth/system/gd/common/strings.cc:153 Uint64FromString: cannot parse whole string '0xfffffff'
05-31 18:43:19.833 I/bluetooth( 2483): packages/modules/Bluetooth/system/gd/hal/snoop_logger.cc:1432 GetBtSnoopMode: btsnoop_mode_empty: 1
05-31 18:43:19.833 I/bluetooth( 2483): packages/modules/Bluetooth/system/gd/hal/snoop_logger.cc:512 SnoopLogger: Snoop Logs full mode enabled
05-31 18:43:19.833 I/bluetooth( 2483): packages/modules/Bluetooth/system/gd/hal/snoop_logger.cc:334 delete_btsnoop_files: Deleting logs if they exist
05-31 18:43:19.833 I/bluetooth( 2483): packages/modules/Bluetooth/system/gd/hal/snoop_logger.cc:340 delete_btsnoop_files: Main log file does not exist at "/data/misc/bluetooth/logs/btsnoop_hci.log.filtered"
05-31 18:43:19.834 I/bluetooth( 2483): packages/modules/Bluetooth/system/gd/hal/snoop_logger.cc:348 delete_btsnoop_files: Last log file does not exist at "/data/misc/bluetooth/logs/btsnoop_hci.log.filtered"
05-31 18:43:19.834 I/bluetooth( 2483): packages/modules/Bluetooth/system/gd/hal/snoop_logger.cc:334 delete_btsnoop_files: Deleting logs if they exist
05-31 18:43:19.834 I/bluetooth( 2483): packages/modules/Bluetooth/system/gd/hal/snoop_logger.cc:340 delete_btsnoop_files: Main log file does not exist at "/data/misc/bluetooth/logs/btsnooz_hci.log"
05-31 18:43:19.834 I/bluetooth( 2483): packages/modules/Bluetooth/system/gd/hal/snoop_logger.cc:348 delete_btsnoop_files: Last log file does not exist at "/data/misc/bluetooth/logs/btsnooz_hci.log"
05-31 18:43:19.834 I/BtGdModule( 2483): packages/modules/Bluetooth/system/gd/module.cc:89 Start: Starting dependencies of SnoopLogger
05-31 18:43:19.834 I/BtGdModule( 2483): packages/modules/Bluetooth/system/gd/module.cc:93 Start: Finished starting dependencies and calling Start() of SnoopLogger
05-31 18:43:19.834 I/bluetooth( 2483): packages/modules/Bluetooth/system/gd/hal/snoop_logger_socket.cc:63 SnoopLoggerSocket: address 2130706433 port 8872
05-31 18:43:19.834 D/bluetooth( 2483): packages/modules/Bluetooth/system/gd/hal/snoop_logger_socket_thread.cc:59 Start:
05-31 18:43:19.835 D/bluetooth( 2483): packages/modules/Bluetooth/system/gd/hal/snoop_logger_socket_thread.cc:92 Run:
05-31 18:43:19.835 D/bluetooth( 2483): packages/modules/Bluetooth/system/gd/hal/snoop_logger_socket.cc:212 CreateSocket:
05-31 18:43:19.835 I/BtGdModule( 2483): packages/modules/Bluetooth/system/gd/module.cc:99 Start: Started SnoopLogger
05-31 18:43:19.835 I/BtGdModule( 2483): packages/modules/Bluetooth/system/gd/module.cc:85 Start: Constructing next module
05-31 18:43:19.835 I/BtGdModule( 2483): packages/modules/Bluetooth/system/gd/module.cc:89 Start: Starting dependencies of Btaa Module
05-31 18:43:19.835 I/BtGdModule( 2483): packages/modules/Bluetooth/system/gd/module.cc:93 Start: Finished starting dependencies and calling Start() of Btaa Module
05-31 18:43:19.837 E/btaa ( 2483): packages/modules/Bluetooth/system/gd/btaa/android/activity_attribution.cc:107 impl: No suspend control service available.
05-31 18:43:19.837 I/BtGdModule( 2483): packages/modules/Bluetooth/system/gd/module.cc:99 Start: Started Btaa Module
05-31 18:43:19.837 I/BtGdModule( 2483): packages/modules/Bluetooth/system/gd/module.cc:93 Start: Finished starting dependencies and calling Start() of HciHalHidl
01-01 08:00:43.078 E/[2 T232 ..] servicemanager( 0): VINTF HALs require names in the format type/instance (e.g. some.package.foo.IFoo/default) but got: suspend_control
01-01 08:00:43.080 I/[3 T232 ..] servicemanager( 0): Could not find android.hardware.bluetooth.IBluetoothHci/default in the VINTF manifest.
05-31 18:43:19.838 I/bluetooth( 2483): packages/modules/Bluetooth/system/gd/hal/hci_hal_android_hidl.cc:439 start_hidl: Trying to find a HIDL interface
05-31 18:43:19.840 I/android.hardware.bluetooth@1.1-impl( 483): BluetoothHci::initialize_1_1()
05-31 18:43:19.840 E/android.hardware.bluetooth@1.0-impl( 483): bt_vendor_acquire_wake_lock call in
05-31 18:43:19.840 E/android.hardware.bluetooth@1.0-impl( 483): bt_vendor_acquire_wake_lock get lock
05-31 18:43:19.840 E/fwlog_bt( 483): updateLogFile
05-31 18:43:19.841 E/fwlog_bt( 483): updateLogFile: to open /data/vendor/fw_log.txt
05-31 18:43:19.841 I/android.hardware.bluetooth@1.0-impl( 483): [Open-284]: ro.vendor.btmodule:multibt
05-31 18:43:19.841 E/Multi_BT( 483): [get_config_param-707]: debug config file not exist
05-31 18:43:19.841 I/Multi_BT( 483): [get_bt_prop-353]: bt_prop_val dev_name:aml_w2_s, mod_name:, vnd_lib_name:libbt-vendor_amlMulti.so, wifi_bt_name:,
05-31 18:43:19.841 I/android.hardware.bluetooth@1.0-impl( 483): [Open-290]: cur dev_name:aml_w2_s, wifi_bt_name:, libbt_vendor:libbt-vendor_amlMulti.so,
05-31 18:43:19.841 I/Multi_BT( 483): [mailbox_qca_bt_name-280]: bt_name:aml_w2_s, not qca6174
05-31 18:43:19.841 I/Multi_BT( 483): [get_aml_bt_module-445]: get aml bt module: aml_w2_s
05-31 18:43:19.841 I/Multi_BT( 483): [aml_special_handle-658]: aml modules need rmmod wifi_comm
05-31 18:43:19.841 E/Multi_BT( 483): [rmmod-641]: Unable to unload driver module wifi_comm
05-31 18:43:19.841 I/Multi_BT( 483): [matching_dev_name-418]: matched dev_name:aml_w2_s, cnt:9
05-31 18:43:19.841 I/Multi_BT( 483): [clr_bt_power_bit-798]: aml w2_s needn't clr bt power bit
05-31 18:43:19.841 I/android.hardware.bluetooth@1.0-impl( 483): [Open-310]: open vnd_lib_name:libbt-vendor_aml.so
05-31 18:43:19.847 I/bt_vendor( 483): amlbt release init 0x2024-0821-1954
05-31 18:43:19.847 I/bt_vendor( 483): I1b034743deac6dfde92346a715774f36b96e2c4b
05-31 18:43:19.847 I/bt_vendor( 483): release base commit:bb2e79fb184ca4ddf6686f77cdb0bf91f6a6fe67
05-31 18:43:19.847 E/bt_vnd_conf( 483): load_aml_stack_conf success to open file '/vendor/firmware/aml_bt.conf'
05-31 18:43:19.847 E/bt_vnd_conf( 483): load_aml_stack_conf BtChip 2
05-31 18:43:19.847 E/bt_vnd_conf( 483): load_aml_stack_conf amlbt_chiptype '2'
05-31 18:43:19.847 E/bt_vnd_conf( 483): load_aml_stack_conf BtPowerOn 2
05-31 18:43:19.847 E/bt_vnd_conf( 483): load_aml_stack_conf amlbt_poweron '2'
05-31 18:43:19.847 E/bt_vnd_conf( 483): load_aml_stack_conf RomCheck 0
05-31 18:43:19.847 E/bt_vnd_conf( 483): load_aml_stack_conf BtRecovery 0
05-31 18:43:19.847 E/bt_vnd_conf( 483): load_aml_stack_conf amlbt_btrecovery '0'
05-31 18:43:19.847 E/bt_vnd_conf( 483): load_aml_stack_conf BtSink 0
05-31 18:43:19.847 E/bt_vnd_conf( 483): load_aml_stack_conf amlbt_btsink '0'
05-31 18:43:19.847 E/bt_vnd_conf( 483): load_aml_stack_conf BtAntenna 2
05-31 18:43:19.847 E/bt_vnd_conf( 483): load_aml_stack_conf amlbt_rftype '2'
05-31 18:43:19.847 E/bt_vnd_conf( 483): load_aml_stack_conf FirmwareMode 1
05-31 18:43:19.847 E/bt_vnd_conf( 483): load_aml_stack_conf amlbt_fw_mode '1'
05-31 18:43:19.847 E/bt_vnd_conf( 483): load_aml_stack_conf ChangePinMux 0
05-31 18:43:19.847 E/bt_vnd_conf( 483): load_aml_stack_conf amlbt_pin_mux '0'
05-31 18:43:19.847 E/bt_vnd_conf( 483): load_aml_stack_conf BrDigitGain 66
05-31 18:43:19.847 E/bt_vnd_conf( 483): load_aml_stack_conf amlbt_br_digit_gain '0x42'
05-31 18:43:19.847 E/bt_vnd_conf( 483): load_aml_stack_conf EdrDigitGain 98
05-31 18:43:19.847 E/bt_vnd_conf( 483): load_aml_stack_conf amlbt_edr_digit_gain '0x62'
05-31 18:43:19.847 E/bt_vnd_conf( 483): load_aml_stack_conf Btfwlog 1
05-31 18:43:19.847 E/bt_vnd_conf( 483): load_aml_stack_conf amlbt_edr_digit_gain '0x1'
05-31 18:43:19.847 E/bt_vnd_conf( 483): load_aml_stack_conf ManfData 0519ff010a0b 051316010406
05-31 18:43:19.847 E/bt_vnd_conf( 483): load_aml_stack_conf manfdata '0519ff010a0b 051316010406' len 25
05-31 18:43:19.847 E/bt_vnd_conf( 483): load_aml_stack_conf manfdata cnt 2 strlen 12
05-31 18:43:19.847 E/bt_vnd_conf( 483): load_aml_stack_conf Btlog 3
05-31 18:43:19.847 E/bt_vnd_conf( 483): load_aml_stack_conf Btfactory 0
05-31 18:43:19.847 E/bt_vnd_conf( 483): load_aml_stack_conf Btsystem 1
05-31 18:43:19.847 D/bt_vendor( 483): [AML_BT] amlbt_transtype_check_by_persist aml_w2_s
05-31 18:43:19.847 D/bt_vendor( 483): [AML_BT] W2S Chip type(3:0:0)
05-31 18:43:19.847 D/bt_vendor( 483): property_get_state: value HW_STATE_SUCCESS
05-31 18:43:19.847 I/bt_vnd_conf( 483): Attempt to load conf from /vendor/etc/bluetooth/bt_vendor.conf
05-31 18:43:19.848 D/android.hardware.bluetooth@1.0-impl( 483): Open vendor library loaded
05-31 18:43:19.848 D/bt_vendor( 483): op for 0
05-31 18:43:19.848 D/bt_vendor( 483): === power on BT ===
05-31 18:43:19.848 D/bt_vendor( 483): bt_power 0
05-31 18:43:19.848 D/bt_upio ( 483): is_rfkill_disabled ? [0]
05-31 18:43:19.848 E/bt_upio ( 483): break
05-31 18:43:19.848 D/bt_upio ( 483): rfkill_state_path : /sys/class/rfkill/rfkill0/state
05-31 18:43:19.848 D/bt_upio ( 483): upio_power_get read 1
05-31 18:43:19.848 D/bt_upio ( 483): upio_power_get buffer 0 , ret 0
05-31 18:43:19.848 D/bt_vendor( 483): first, set bt power
05-31 18:43:19.848 D/bt_upio ( 483): is_emulator_context : 0
05-31 18:43:19.848 D/bt_upio ( 483): is_rfkill_disabled ? [0]
01-01 08:00:43.084 I/[0 T483 ..] [wireless]( 0): [wifi_power_ioctl] aml module chip is aml_w2_s
01-01 08:00:43.091 I/[0 T483 ..] [wireless]( 0): BT_RADIO going: on
01-01 08:00:43.092 I/[0 T483 ..] [wireless]( 0): AML_BT: going ON,btpower_evt=0
05-31 18:43:19.928 I/cling--ap-3( 2105): type=1400 audit(0.0:908): avc: denied { search } for name="net" dev="sysfs" ino=12344 scontext=u:r:untrusted_app_27:s0:c44,c256,c512,c768 tcontext=u:object_r:sysfs_net:s0 tclass=dir permissive=1 app=com.dangbei.screencast
05-31 18:43:19.928 I/cling--ap-3( 2105): type=1400 audit(0.0:909): avc: denied { read } for name="address" dev="sysfs" ino=22126 scontext=u:r:untrusted_app_27:s0:c44,c256,c512,c768 tcontext=u:object_r:sysfs_net:s0 tclass=file permissive=1 app=com.dangbei.screencast
05-31 18:43:19.928 I/cling--ap-3( 2105): type=1400 audit(0.0:910): avc: denied { open } for path="/sys/devices/virtual/net/dummy0/address" dev="sysfs" ino=22126 scontext=u:r:untrusted_app_27:s0:c44,c256,c512,c768 tcontext=u:object_r:sysfs_net:s0 tclass=file permissive=1 app=com.dangbei.screencast
05-31 18:43:19.928 I/cling--ap-3( 2105): type=1400 audit(0.0:911): avc: denied { getattr } for path="/sys/devices/virtual/net/dummy0/address" dev="sysfs" ino=22126 scontext=u:r:untrusted_app_27:s0:c44,c256,c512,c768 tcontext=u:object_r:sysfs_net:s0 tclass=file permissive=1 app=com.dangbei.screencast
05-31 18:43:20.150 I/SdkSandboxManager( 719): Reconciling sdk data package directories for 0
05-31 18:43:20.266 D/bt_upio ( 483): in upio_set_bluetooth_power(), write 1 to rfkill state.
05-31 18:43:20.267 D/bt_vendor( 483): end, set bt power
05-31 18:43:20.267 W/bt_vendor( 483): driver wifi_comm is not detected! count=1, usleep(20ms)...
01-01 08:00:43.508 I/[2 T483 ..] [wireless]( 0): [usb_power_control] Set BT power on !
05-31 18:43:20.288 D/bt_vendor( 483): op amlbt_if_type=1536
05-31 18:43:20.288 D/bt_vendor( 483): [insmod]driver: /vendor/lib/modules/w2_comm.ko
05-31 18:43:20.289 E/bt_vendor( 483): [insmod]finit_module failed! File exists
05-31 18:43:20.290 W/bt_vendor( 483): driver w2_comm is detected! count=1
05-31 18:43:20.290 D/bt_vendor( 483): [insmod]driver: /vendor/lib/modules/aml_bt.ko
05-31 18:43:20.291 E/bt_vendor( 483): [insmod]finit_module failed! File exists
05-31 18:43:20.292 W/bt_vendor( 483): driver aml_bt is detected! count=1
05-31 18:43:20.292 D/bt_vendor( 483): op for 3
05-31 18:43:20.292 I/bt_userial_vendor( 483): userial vendor open: opening /dev/ttyS1
05-31 18:43:20.292 E/bt_userial_vendor( 483): userial vendor open success!!
05-31 18:43:20.292 I/bt_userial_vendor( 483): device fd = 10 open
05-31 18:43:20.292 D/bt_vendor( 483): op for 1
05-31 18:43:20.292 D/bt_hwcfg( 483): hw_config_start-------------
05-31 18:43:20.292 D/bt_hwcfg( 483): hw_config_start uart-------------
05-31 18:43:20.292 E/bt_hwcfg( 483): userial vendor: set baud speed 115200
05-31 18:43:20.293 D/bt_vendor( 483): op for 7
05-31 18:43:20.293 D/bt_upio ( 483): upio_set : pio 0 action 2, polarity 1
05-31 18:43:20.293 D/bt_upio ( 483): begin open btwrite.
05-31 18:43:20.293 E/bt_upio ( 483): upio_set : open(/proc/bluetooth/sleep/btwrite) for write failed: No such file or directory (2)
05-31 18:43:20.295 E/bt_hwcfg( 483): userial vendor: set baud speed 4000000
05-31 18:43:20.295 D/bt_hwcfg( 483): hw_config_get_iccm_size chip(3:0:0)
05-31 18:43:20.295 D/bt_hwcfg( 483): open file: /vendor/firmware/w2_bt_fw_uart.bin
05-31 18:43:20.295 D/bt_hwcfg( 483): open file: /vendor/firmware/w2_bt_fw_uart.bin successful!
05-31 18:43:20.295 D/bt_hwcfg( 483): ---------hw_config_get_iccm_size iccm_size 524288---------
05-31 18:43:20.295 D/bt_hwcfg( 483): hw_config_get_dccm_size chip(3:0:0)
05-31 18:43:20.295 D/bt_hwcfg( 483): open file: /vendor/firmware/w2_bt_fw_uart.bin
05-31 18:43:20.295 D/bt_hwcfg( 483): open file: /vendor/firmware/w2_bt_fw_uart.bin successful!
05-31 18:43:20.295 D/bt_hwcfg( 483): ---------hw_config_get_dccm_size dccm_size 131072---------
05-31 18:43:20.295 D/bt_hwcfg( 483): uart_target_baud_rate = 4000000
05-31 18:43:20.295 D/bt_hwcfg( 483): open file: /vendor/firmware/w2_bt_fw_uart.bin
05-31 18:43:20.295 D/bt_hwcfg( 483): open file: /vendor/firmware/w2_bt_fw_uart.bin successful!
05-31 18:43:20.301 D/bt_userial_vendor( 483): userial_vendor_devchar_open, device name = /dev/stpbt
05-31 18:43:20.301 D/bt_userial_vendor( 483): device fd = 14 open
01-01 08:00:43.543 I/[0 T2519 ..] BTI( 0): amlbt_sdio_fops_open bt opened rf num:0x2
01-01 08:00:43.543 I/[0 T2519 ..] BTI( 0): amlbt_sdio_fops_open, 0x20240820
01-01 08:00:43.544 I/[2 T2519 ..] BTI( 0): iccm start dw_state 0x1
01-01 08:00:43.545 I/[2 T2519 ..] BTI( 0): amlbt_sdio_char_write BT_fwICCM 0x13444000, BT_fwDCCM 0x12fdd000
05-31 18:43:20.308 D/bt_hwcfg( 483): iccm write over successfully 0x423
01-01 08:00:43.551 I/[1 T2519 ..] BTI( 0): dccm start
05-31 18:43:20.331 I/ThermalService( 1046): CPU temperatures: [53.500004]
01-01 08:00:43.580 I/[0 T2519 ..] BTI( 0): download finished!
01-01 08:00:43.580 I/[0 T2519 ..] BTI( 0): W E 0x40000,0x20000
01-01 08:00:43.580 I/[0 T2519 ..] BTI( 0): amlbt_sdio_char_read end
05-31 18:43:20.338 D/bt_hwcfg( 483): dccm write over successfully 0x211
05-31 18:43:20.339 D/bt_hwcfg( 483): HW_CFG_AML_DOWNLOAD_FIRMWARE_CLOSE_EVENT
05-31 18:43:20.340 D/bt_hwcfg( 483): antenna number=2 sink mode=0
05-31 18:43:20.341 D/bt_hwcfg( 483): amlbt_pin_mux=0 amlbt_br_digit_gain=0x42 amlbt_edr_digit_gain=0x62
01-01 08:00:43.583 I/[0 T2519 ..] BTI( 0): BT set rf succeed!
01-01 08:00:43.583 I/[0 T2519 ..] BTI( 0): amlbt_sdio_char_write set rf num 0x2
01-01 08:00:43.583 I/[0 T2519 ..] BTI( 0): amlbt_sdio_fops_close BT closed
05-31 18:43:20.343 D/bt_hwcfg( 483): amlbt_fwlog_config=1
05-31 18:43:20.344 D/bt_hwcfg( 483): HW_CFG_AML_DOWNLOAD_FIRMWARE_STRAT_CPU_UART_BEFORE
05-31 18:43:20.345 D/bt_hwcfg( 483): 0x70000
05-31 18:43:20.345 D/bt_hwcfg( 483): HW_CFG_AML_DOWNLOAD_FIRMWARE_STRAT_CPU_UART
05-31 18:43:20.347 D/bt_hwcfg( 483): Setting local bd addr to 22:22:A2:5E:B1:6F
05-31 18:43:20.370 I/crashsdk( 2105): crashsdk uploading logs
05-31 18:43:20.371 D/bt_hwcfg( 483): BT Controller model=aml_w2_s,version = 2025.05.31,number = 0x1c65
05-31 18:43:20.373 D/bt_hwcfg( 483): vendor lib fwcfg completed
05-31 18:43:20.373 D/bt_hwcfg( 483): vendor lib config manf data
05-31 18:43:20.374 D/android.hardware.bluetooth@1.0-impl( 483): OnFirmwareConfigured result: 0
05-31 18:43:20.374 I/android.hardware.bluetooth@1.0-impl( 483): Firmware configured in 0.082s
05-31 18:43:20.375 I/bluetooth( 2483): packages/modules/Bluetooth/system/gd/hal/hci_hal_android_hidl.cc:107 initializationComplete: initialization complete with status: 0
05-31 18:43:20.375 I/BtGdModule( 2483): packages/modules/Bluetooth/system/gd/module.cc:99 Start: Started HciHalHidl
05-31 18:43:20.375 I/BtGdModule( 2483): packages/modules/Bluetooth/system/gd/module.cc:85 Start: Constructing next module
05-31 18:43:20.375 D/bt_vendor( 483): op for 5
05-31 18:43:20.375 I/android.hardware.bluetooth@1.0-impl( 483): OnFirmwareConfigured: lpm_timeout_ms 3000
05-31 18:43:20.375 I/BtGdModule( 2483): packages/modules/Bluetooth/system/gd/module.cc:89 Start: Starting dependencies of Hci Layer
05-31 18:43:20.375 D/bt_vendor( 483): op for 6
05-31 18:43:20.375 I/BtGdModule( 2483): packages/modules/Bluetooth/system/gd/module.cc:85 Start: Constructing next module
05-31 18:43:20.375 D/bt_upio ( 483): upio_set : pio 2 action 2, polarity 0
05-31 18:43:20.375 I/BtGdModule( 2483): packages/modules/Bluetooth/system/gd/module.cc:89 Start: Starting dependencies of Storage Module
05-31 18:43:20.375 I/BtGdModule( 2483): packages/modules/Bluetooth/system/gd/module.cc:93 Start: Finished starting dependencies and calling Start() of Storage Module
05-31 18:43:20.375 E/bt_upio ( 483): upio_set : open(/proc/bluetooth/sleep/lpm) for write failed: No such file or directory (2)
05-31 18:43:20.375 D/bt_hwcfg( 483): LPM enabled!!
05-31 18:43:20.375 D/android.hardware.bluetooth@1.0-impl( 483): OnFirmwareConfigured Calling StartLowPowerWatchdog()
05-31 18:43:20.375 E/android.hardware.bluetooth@1.0-impl( 483): bt_vendor_release_wake_lock call in
05-31 18:43:20.376 E/android.hardware.bluetooth@1.0-impl( 483): bt_vendor_release_wake_lock release lock
05-31 18:43:20.376 I/droid.bluetooth( 2483): [0531/184320.376605:INFO:btif_keystore.cc(61)] ConvertEncryptOrDecryptKeyIfNeeded callback isn't ready.
05-31 18:43:20.376 I/BtGdModule( 2483): packages/modules/Bluetooth/system/gd/module.cc:99 Start: Started Storage Module
05-31 18:43:20.376 I/BtGdModule( 2483): packages/modules/Bluetooth/system/gd/module.cc:93 Start: Finished starting dependencies and calling Start() of Hci Layer
05-31 18:43:20.377 I/BtGdModule( 2483): packages/modules/Bluetooth/system/gd/module.cc:99 Start: Started Hci Layer
05-31 18:43:20.377 I/BtGdModule( 2483): packages/modules/Bluetooth/system/gd/module.cc:85 Start: Constructing next module
05-31 18:43:20.377 I/BtGdModule( 2483): packages/modules/Bluetooth/system/gd/module.cc:89 Start: Starting dependencies of shim::Dumpsys
05-31 18:43:20.377 I/BtGdModule( 2483): packages/modules/Bluetooth/system/gd/module.cc:93 Start: Finished starting dependencies and calling Start() of shim::Dumpsys
05-31 18:43:20.377 I/BtGdModule( 2483): packages/modules/Bluetooth/system/gd/module.cc:99 Start: Started shim::Dumpsys
05-31 18:43:20.377 I/BtGdModule( 2483): packages/modules/Bluetooth/system/gd/module.cc:85 Start: Constructing next module
05-31 18:43:20.377 I/BtGdModule( 2483): packages/modules/Bluetooth/system/gd/module.cc:89 Start: Starting dependencies of Vendor Specific Event Manager
05-31 18:43:20.377 I/BtGdModule( 2483): packages/modules/Bluetooth/system/gd/module.cc:85 Start: Constructing next module
05-31 18:43:20.377 I/BtGdModule( 2483): packages/modules/Bluetooth/system/gd/module.cc:89 Start: Starting dependencies of Controller
05-31 18:43:20.377 I/BtGdModule( 2483): packages/modules/Bluetooth/system/gd/module.cc:85 Start: Constructing next module
05-31 18:43:20.377 I/BtGdModule( 2483): packages/modules/Bluetooth/system/gd/module.cc:89 Start: Starting dependencies of Sysprops Module
05-31 18:43:20.377 I/BtGdModule( 2483): packages/modules/Bluetooth/system/gd/module.cc:93 Start: Finished starting dependencies and calling Start() of Sysprops Module
05-31 18:43:20.377 I/BtGdModule( 2483): packages/modules/Bluetooth/system/gd/module.cc:99 Start: Started Sysprops Module
05-31 18:43:20.377 I/BtGdModule( 2483): packages/modules/Bluetooth/system/gd/module.cc:93 Start: Finished starting dependencies and calling Start() of Controller
05-31 18:43:20.381 D/bluetooth( 2483): packages/modules/Bluetooth/system/gd/hci/hci_layer.cc:52 fail_if_reset_complete_not_success: Reset completed with status: SUCCESS
05-31 18:43:20.403 D/bluetooth( 2483): packages/modules/Bluetooth/system/gd/hci/controller.cc:856 is_supported: unsupported command opcode: 0x0c84
05-31 18:43:20.404 D/bluetooth( 2483): packages/modules/Bluetooth/system/gd/hci/controller.cc:976 is_supported: unsupported command opcode: 0x2060
05-31 18:43:20.404 D/bluetooth( 2483): packages/modules/Bluetooth/system/gd/hci/controller.cc:996 is_supported: unsupported command opcode: 0x2074
05-31 18:43:20.404 D/bluetooth( 2483): packages/modules/Bluetooth/system/gd/hci/controller.cc:996 is_supported: unsupported command opcode: 0x2074
05-31 18:43:20.553 I/bluetooth( 2483): packages/modules/Bluetooth/system/gd/hci/controller.cc:412 read_default_erroneous_data_reporting_handler: erroneous data reporting: 0
05-31 18:43:20.555 E/bluetooth( 2483): packages/modules/Bluetooth/system/gd/hci/controller.cc:574 le_get_vendor_capabilities_handler: invalid data for hci requirements v0.96
05-31 18:43:20.557 I/BtGdModule( 2483): packages/modules/Bluetooth/system/gd/module.cc:99 Start: Started Controller
05-31 18:43:20.557 I/BtGdModule( 2483): packages/modules/Bluetooth/system/gd/module.cc:93 Start: Finished starting dependencies and calling Start() of Vendor Specific Event Manager
05-31 18:43:20.557 I/BtGdModule( 2483): packages/modules/Bluetooth/system/gd/module.cc:99 Start: Started Vendor Specific Event Manager
05-31 18:43:20.557 I/BtGdModule( 2483): packages/modules/Bluetooth/system/gd/module.cc:85 Start: Constructing next module
05-31 18:43:20.558 I/BtGdModule( 2483): packages/modules/Bluetooth/system/gd/module.cc:89 Start: Starting dependencies of AclSchedulerModule
05-31 18:43:20.558 I/BtGdModule( 2483): packages/modules/Bluetooth/system/gd/module.cc:93 Start: Finished starting dependencies and calling Start() of AclSchedulerModule
05-31 18:43:20.558 I/BtGdModule( 2483): packages/modules/Bluetooth/system/gd/module.cc:99 Start: Started AclSchedulerModule
05-31 18:43:20.558 I/BtGdModule( 2483): packages/modules/Bluetooth/system/gd/module.cc:85 Start: Constructing next module
05-31 18:43:20.558 I/BtGdModule( 2483): packages/modules/Bluetooth/system/gd/module.cc:89 Start: Starting dependencies of Acl Manager
05-31 18:43:20.558 I/BtGdModule( 2483): packages/modules/Bluetooth/system/gd/module.cc:93 Start: Finished starting dependencies and calling Start() of Acl Manager
05-31 18:43:20.558 I/BtGdModule( 2483): packages/modules/Bluetooth/system/gd/module.cc:99 Start: Started Acl Manager
05-31 18:43:20.558 I/BtGdModule( 2483): packages/modules/Bluetooth/system/gd/module.cc:85 Start: Constructing next module
05-31 18:43:20.558 I/BtGdModule( 2483): packages/modules/Bluetooth/system/gd/module.cc:89 Start: Starting dependencies of Le Advertising Manager
05-31 18:43:20.558 I/BtGdModule( 2483): packages/modules/Bluetooth/system/gd/module.cc:93 Start: Finished starting dependencies and calling Start() of Le Advertising Manager
05-31 18:43:20.558 I/bluetooth( 2483): packages/modules/Bluetooth/system/gd/hci/le_advertising_manager.cc:177 get_tx_path_loss_compensation: Tx path loss compensation: 0
05-31 18:43:20.558 I/BtGdModule( 2483): packages/modules/Bluetooth/system/gd/module.cc:99 Start: Started Le Advertising Manager
05-31 18:43:20.558 I/BtGdModule( 2483): packages/modules/Bluetooth/system/gd/module.cc:85 Start: Constructing next module
05-31 18:43:20.558 I/bluetooth( 2483): packages/modules/Bluetooth/system/gd/hci/msft.cc:305 MsftExtensionManager: MsftExtensionManager()
05-31 18:43:20.558 I/BtGdModule( 2483): packages/modules/Bluetooth/system/gd/module.cc:89 Start: Starting dependencies of Microsoft Extension Manager
05-31 18:43:20.559 I/BtGdModule( 2483): packages/modules/Bluetooth/system/gd/module.cc:93 Start: Finished starting dependencies and calling Start() of Microsoft Extension Manager
05-31 18:43:20.559 I/bluetooth( 2483): packages/modules/Bluetooth/system/gd/hci/msft.cc:51 start: MsftExtensionManager start()
05-31 18:43:20.559 I/bluetooth( 2483): packages/modules/Bluetooth/system/gd/hci/msft.cc:63 start: MSFT extension is not supported.
05-31 18:43:20.559 I/BtGdModule( 2483): packages/modules/Bluetooth/system/gd/module.cc:99 Start: Started Microsoft Extension Manager
05-31 18:43:20.559 I/BtGdModule( 2483): packages/modules/Bluetooth/system/gd/module.cc:85 Start: Constructing next module
05-31 18:43:20.570 I/BtGdModule( 2483): packages/modules/Bluetooth/system/gd/module.cc:89 Start: Starting dependencies of Le Scanning Manager
05-31 18:43:20.570 I/BtGdModule( 2483): packages/modules/Bluetooth/system/gd/module.cc:93 Start: Finished starting dependencies and calling Start() of Le Scanning Manager
05-31 18:43:20.571 I/bluetooth( 2483): packages/modules/Bluetooth/system/gd/hci/le_scanning_manager.cc:304 get_rx_path_loss_compensation: Rx path loss compensation: 0
05-31 18:43:20.571 I/BtGdModule( 2483): packages/modules/Bluetooth/system/gd/module.cc:99 Start: Started Le Scanning Manager
05-31 18:43:20.571 I/BtGdModule( 2483): packages/modules/Bluetooth/system/gd/module.cc:85 Start: Constructing next module
05-31 18:43:20.571 I/BtGdModule( 2483): packages/modules/Bluetooth/system/gd/module.cc:89 Start: Starting dependencies of Distance Measurement Manager
05-31 18:43:20.571 I/BtGdModule( 2483): packages/modules/Bluetooth/system/gd/module.cc:93 Start: Finished starting dependencies and calling Start() of Distance Measurement Manager
05-31 18:43:20.571 I/BtGdModule( 2483): packages/modules/Bluetooth/system/gd/module.cc:99 Start: Started Distance Measurement Manager
05-31 18:43:20.571 I/bluetooth( 2483): packages/modules/Bluetooth/system/gd/stack_manager.cc:52 StartUp: init_status == 0
05-31 18:43:20.571 I/bluetooth( 2483): packages/modules/Bluetooth/system/gd/stack_manager.cc:59 StartUp: init complete
05-31 18:43:20.572 I/bt_gd_shim( 2483): packages/modules/Bluetooth/system/main/shim/stack.cc:168 Start: Start Successfully toggled Gd stack
05-31 18:43:20.572 I/bt_shim_scanner( 2483): packages/modules/Bluetooth/system/main/shim/le_scanning_manager.cc:144 Init: init BleScannerInterfaceImpl
05-31 18:43:20.573 I/bt_core_module( 2483): packages/modules/Bluetooth/system/btcore/src/module.cc:91 module_start_up: module_start_up Started module "gd_shim_module"
05-31 18:43:20.573 I/bt_btif_core( 2483): packages/modules/Bluetooth/system/btif/src/btif_core.cc:228 btif_init_bluetooth: btif_init_bluetooth entered
05-31 18:43:20.573 I/droid.bluetooth( 2483): [0531/184320.573777:INFO:message_loop_thread.cc(184)] Run: message loop starting for thread bt_jni_thread
05-31 18:43:20.574 I/bt_btif_core( 2483): packages/modules/Bluetooth/system/btif/src/btif_core.cc:232 btif_init_bluetooth: btif_init_bluetooth finished
05-31 18:43:20.574 D/bt_device_interop( 2483): packages/modules/Bluetooth/system/device/src/interop.cc:270 interop_init_feature_name_id_map:
05-31 18:43:20.578 D/bt_device_interop( 2483): packages/modules/Bluetooth/system/device/src/interop.cc:613 interop_database_add_: Entry is already present in the list
05-31 18:43:20.578 D/bt_device_interop( 2483): packages/modules/Bluetooth/system/device/src/interop.cc:613 interop_database_add_: Entry is already present in the list
05-31 18:43:20.581 D/bt_device_interop( 2483): packages/modules/Bluetooth/system/device/src/interop.cc:613 interop_database_add_: Entry is already present in the list
05-31 18:43:20.586 W/bt_device_interop( 2483): packages/modules/Bluetooth/system/device/src/interop.cc:1676 interop_database_save_allowlisted_media_players_list: found feature - INTEROP_BROWSE_PLAYER_ALLOW_LIST
05-31 18:43:20.586 I/bt_stack_config( 2483): packages/modules/Bluetooth/system/main/stack_config.cc:72 init: init attempt to load stack conf from /apex/com.android.btservices/etc/bluetooth/bt_stack.conf
05-31 18:43:20.587 I/bt_stack_manager( 2483): packages/modules/Bluetooth/system/btif/src/stack_manager.cc:285 event_init_stack: finished
05-31 18:43:20.587 I/bt_osi_wakelock( 2483): packages/modules/Bluetooth/system/osi/src/wakelock.cc:99 wakelock_set_os_callouts: wakelock_set_os_callouts set to non-native
05-31 18:43:20.587 I/bt_btif ( 2483): packages/modules/Bluetooth/system/btif/src/bluetooth.cc:829 get_profile_interface: get_profile_interface: id = socket
05-31 18:43:20.587 E/bt_btif_storage( 2483): packages/modules/Bluetooth/system/btif/src/btif_storage.cc:622 btif_storage_get_adapter_property: btif_storage_get_adapter_property: Controller not ready! Unable to return Bluetooth Address
05-31 18:43:20.587 E/BluetoothServiceJni( 2483): adapter_properties_callback: Status 1 is incorrect
05-31 18:43:20.584 I/bt_main_thread( 2483): type=1400 audit(0.0:912): avc: denied { open } for path="/dev/__properties__/u:object_r:vendor_default_prop:s0" dev="tmpfs" ino=378 scontext=u:r:bluetooth:s0 tcontext=u:object_r:vendor_default_prop:s0 tclass=file permissive=1
05-31 18:43:20.588 D/BluetoothKeystoreService( 2483): initJni()
05-31 18:43:20.589 I/bt_btif ( 2483): packages/modules/Bluetooth/system/btif/src/bluetooth.cc:829 get_profile_interface: get_profile_interface: id = bluetooth_keystore
01-01 08:00:43.830 W/[3 T2510 ..] audit( 0): audit_lost=156 audit_rate_limit=5 audit_backlog_limit=64
01-01 08:00:43.831 E/[3 T2510 ..] audit( 0): rate limit exceeded
05-31 18:43:20.590 I/droid.bluetooth( 2483): [0531/184320.589988:INFO:com_android_bluetooth_BluetoothQualityReport.cpp(88)] classInitNative: succeeds
05-31 18:43:20.590 I/bt_btif ( 2483): packages/modules/Bluetooth/system/btif/src/bluetooth.cc:829 get_profile_interface: get_profile_interface: id = bqr
05-31 18:43:20.590 I/bluetooth( 2483): packages/modules/Bluetooth/system/btif/src/btif_bqr.cc:739 init: BluetoothQualityReportInterfaceImpl
05-31 18:43:20.590 I/bt_btif ( 2483): packages/modules/Bluetooth/system/btif/src/bluetooth.cc:829 get_profile_interface: get_profile_interface: id = sdp
05-31 18:43:20.592 D/AdapterProperties( 2483): Name is: DBBOX-A3 62b6
05-31 18:43:20.592 I/bluetooth( 2483): packages/modules/Bluetooth/system/gd/storage/config_cache.cc:289 ConvertEncryptOrDecryptKeyIfNeeded: ConvertEncryptOrDecryptKeyIfNeeded
05-31 18:43:20.592 D/BluetoothManagerService( 719): Bluetooth Adapter name changed to DBBOX-A3 62b6 by android
05-31 18:43:20.592 D/BluetoothManagerService( 719): Stored Bluetooth name: DBBOX-A3 62b6
05-31 18:43:20.593 I/BluetoothAdapterService( 2483): loadLeAudioAllowDevices
05-31 18:43:20.593 I/BluetoothAdapterService( 2483): LE Audio allow list is disabled.
05-31 18:43:20.594 D/BluetoothDatabase( 2483): start()
05-31 18:43:20.596 D/BluetoothDatabase( 2483): Load Database
05-31 18:43:20.596 I/BluetoothAdapterService( 2483): Phone policy enabled
05-31 18:43:20.598 D/ActiveDeviceManager( 2483): start()
05-31 18:43:20.610 D/ActiveDeviceManager( 2483): onAudioDevicesAdded
05-31 18:43:20.611 D/ActiveDeviceManager( 2483): Audio device added: DBBOX-A3 type: 2
05-31 18:43:20.611 D/ActiveDeviceManager( 2483): Audio device added: DBBOX-A3 type: 9
05-31 18:43:20.611 D/ActiveDeviceManager( 2483): Audio device added: DBBOX-A3 type: 14
05-31 18:43:20.611 D/ActiveDeviceManager( 2483): Audio device added: DBBOX-A3 type: 15
05-31 18:43:20.611 D/ActiveDeviceManager( 2483): Audio device added: DBBOX-A3 type: 25
05-31 18:43:20.611 D/ActiveDeviceManager( 2483): Audio device added: DBBOX-A3 type: 17
05-31 18:43:20.611 D/ActiveDeviceManager( 2483): Audio device added: DBBOX-A3 type: 28
05-31 18:43:20.611 D/BluetoothDatabase( 2483): compactLastConnectionTime: Compacting metadata after load
05-31 18:43:20.611 I/BluetoothDatabase( 2483): cacheMetadata
05-31 18:43:20.612 V/BluetoothDatabase( 2483): cacheMetadata: found device null
05-31 18:43:20.612 V/BluetoothDatabase( 2483): cacheMetadata: found device XX:XX:XX:XX:41:A0
05-31 18:43:20.612 V/BluetoothDatabase( 2483): cacheMetadata: found device XX:XX:XX:XX:41:E9
05-31 18:43:20.612 V/BluetoothDatabase( 2483): cacheMetadata: found device XX:XX:XX:XX:C0:82
05-31 18:43:20.612 I/BluetoothDatabase( 2483): cacheMetadata: Database is ready
05-31 18:43:20.612 I/droid.bluetooth( 2483): [0531/184320.612401:INFO:com_android_bluetooth_btservice_ActivityAttribution.cpp(96)] classInitNative: succeeds
05-31 18:43:20.612 D/BluetoothAdapterService( 2483): setAdapterService() - trying to set service to com.android.bluetooth.btservice.AdapterService@fc36cdb
05-31 18:43:20.617 D/BluetoothAdapterService( 2483): onBind()
05-31 18:43:20.618 D/BluetoothManagerService( 719): BluetoothServiceConnection: com.android.bluetooth.btservice.AdapterService
05-31 18:43:20.618 D/BluetoothManagerService( 719): MESSAGE_BLUETOOTH_SERVICE_CONNECTED: 1
05-31 18:43:20.619 D/BluetoothManagerService( 719): BluetoothServiceConnection: com.android.bluetooth.gatt.GattService
05-31 18:43:20.622 D/BluetoothManagerService( 719): Broadcasting onBluetoothServiceUp() to 7 receivers.
05-31 18:43:20.622 D/BluetoothAdapter( 719): onBluetoothServiceUp: android.bluetooth.IBluetooth$Stub$Proxy@d356024
05-31 18:43:20.622 D/BluetoothAdapter( 1421): onBluetoothServiceUp: android.bluetooth.IBluetooth$Stub$Proxy@95d8817
05-31 18:43:20.622 D/BluetoothAdapter( 1046): onBluetoothServiceUp: android.bluetooth.IBluetooth$Stub$Proxy@374305a
05-31 18:43:20.622 D/BluetoothAdapter( 1726): onBluetoothServiceUp: android.bluetooth.IBluetooth$Stub$Proxy@e311d35
05-31 18:43:20.623 D/BluetoothAdapter( 1467): onBluetoothServiceUp: android.bluetooth.IBluetooth$Stub$Proxy@6fe3c76
05-31 18:43:20.623 D/BluetoothAdapter( 926): onBluetoothServiceUp: android.bluetooth.IBluetooth$Stub$Proxy@9664aec
05-31 18:43:20.623 D/BluetoothAdapter( 2483): onBluetoothServiceUp: com.android.bluetooth.btservice.AdapterService$AdapterServiceBinder@5ae1e87
05-31 18:43:20.625 D/BluetoothAdapterService( 2483): enable() - Enable called with quiet mode status = false
05-31 18:43:20.626 I/AdapterState( 2483): BLE_TURNING_ON : entered
05-31 18:43:20.626 D/BluetoothManagerService( 719): MESSAGE_BLUETOOTH_SERVICE_CONNECTED: 2
05-31 18:43:20.626 D/BluetoothManagerService( 719): continueFromBleOnState()
05-31 18:43:20.626 D/AdapterProperties( 2483): Setting state to BLE_TURNING_ON
05-31 18:43:20.627 D/BluetoothAdapterService( 2483): updateAdapterState() - Broadcasting state BLE_TURNING_ON to 1 receivers.
05-31 18:43:20.627 D/BluetoothManagerService( 719): Persisting Bluetooth Setting: 1
05-31 18:43:20.628 D/BluetoothManagerService( 719): MESSAGE_BLUETOOTH_STATE_CHANGE: OFF > BLE_TURNING_ON
05-31 18:43:20.628 D/BluetoothManagerService( 719): Sending BLE State Change: OFF > BLE_TURNING_ON
05-31 18:43:20.638 D/AdapterState( 2483): Start Timeout Delay: 4000
05-31 18:43:20.638 D/BluetoothAdapterService( 2483): bleOnProcessStart()
05-31 18:43:20.638 I/AdapterProperties( 2483): init(), maxConnectedAudioDevices, default=5, propertyOverlayed=5, finalValue=5
05-31 18:43:20.642 D/BluetoothAdapterService( 2483): bleOnProcessStart() - Make Bond State Machine
05-31 18:43:20.642 D/BluetoothBondStateMachine( 2483): make
05-31 18:43:20.643 I/BluetoothBondStateMachine( 2483): StableState(): Entering Off State
05-31 18:43:20.646 I/AdapterState( 2483): BLE_TURNING_ON : Unhandled message - USER_TURN_ON
05-31 18:43:20.648 D/BtGatt.GattService( 2483): start()
05-31 18:43:20.649 I/BtGatt.JNI( 2483): classInitNative(L1347): classInitNative: Success!
05-31 18:43:20.649 I/bt_btif ( 2483): packages/modules/Bluetooth/system/btif/src/bluetooth.cc:829 get_profile_interface: get_profile_interface: id = gatt
05-31 18:43:20.649 I/droid.bluetooth( 2483): [0531/184320.649304:INFO:btif_ble_advertiser.cc(271)] get_ble_advertiser_instance use gd le advertiser
05-31 18:43:20.649 I/droid.bluetooth( 2483): [0531/184320.649399:INFO:bta_gatts_api.cc(379)] BTA_GATTS_InitBonded
05-31 18:43:20.649 I/bt_bta_sys_main( 2483): packages/modules/Bluetooth/system/bta/sys/bta_sys_main.cc:101 bta_sys_event: Ignoring receipt of unregistered event id:GATT server
05-31 18:43:20.649 I/droid.bluetooth( 2483): [0531/184320.649640:INFO:le_scanning_manager.cc(483)] RegisterCallbacks in shim layer
05-31 18:43:20.649 D/BtGatt.AdvertiseManager( 2483): advertise manager created
05-31 18:43:20.651 D/CompatibilityChangeReporter( 2483): Compat change id reported: 160794467; UID 1002; state: ENABLED
05-31 18:43:20.658 D/BtGatt.SyncManager( 2483): advertise manager created
05-31 18:43:20.659 D/BtGatt.GattService( 2483): setGattService(): set to: com.android.bluetooth.gatt.GattService@29eec9b
05-31 18:43:20.659 I/bt_stack_manager( 2483): packages/modules/Bluetooth/system/btif/src/stack_manager.cc:310 event_start_up_stack: event_start_up_stack is bringing up the stack
05-31 18:43:20.659 I/bt_stack_manager( 2483): packages/modules/Bluetooth/system/btif/src/stack_manager.cc:314 event_start_up_stack: event_start_up_stack Gd shim module enabled
05-31 18:43:20.659 I/bt_core_module( 2483): packages/modules/Bluetooth/system/btcore/src/module.cc:86 module_start_up: module_start_up Starting module "btif_config_module"
05-31 18:43:20.659 I/bt_core_module( 2483): packages/modules/Bluetooth/system/btcore/src/module.cc:91 module_start_up: module_start_up Started module "btif_config_module"
05-31 18:43:20.659 I/bt_l2cap( 2483): packages/modules/Bluetooth/system/stack/l2cap/l2c_api.cc:172 L2CA_Register: L2CAP Registered service classic PSM: 0x0001
05-31 18:43:20.660 D/bt_btm_sec( 2483): packages/modules/Bluetooth/system/stack/btm/btm_sec.cc:557 BTM_SetSecurityLevel: [0]: id:0, is_orig:false psm:0x0001 proto_id:0 chan_id:0 : sec:0x80 service_name:[] (up to 21 chars saved)
05-31 18:43:20.660 D/bt_l2cap( 2483): packages/modules/Bluetooth/system/stack/l2cap/l2c_api.cc:1256 L2CA_RegisterFixedChannel: Registered fixed channel:att
05-31 18:43:20.660 I/bt_l2cap( 2483): packages/modules/Bluetooth/system/stack/l2cap/l2c_api.cc:172 L2CA_Register: L2CAP Registered service classic PSM: 0x001f
05-31 18:43:20.660 D/bt_btm_sec( 2483): packages/modules/Bluetooth/system/stack/btm/btm_sec.cc:557 BTM_SetSecurityLevel: [1]: id:0, is_orig:false psm:0x001f proto_id:0 chan_id:0 : sec:0x80 service_name:[] (up to 21 chars saved)
05-31 18:43:20.660 I/bluetooth( 2483): packages/modules/Bluetooth/system/stack/gatt/gatt_api.cc:1257 GATT_Register: Allocated name:GattProfileDb uuid:81818181-8181-8181-8181-818181818181 gatt_if:1 eatt_support:0
05-31 18:43:20.660 D/bluetooth( 2483): packages/modules/Bluetooth/system/stack/gatt/gatt_api.cc:1362 GATT_StartIf: Starting GATT interface gatt_if_:1
05-31 18:43:20.660 D/gatt_utils( 2483): packages/modules/Bluetooth/system/stack/gatt/gatt_utils.cc:264 gatt_find_the_connected_bda: start_idx=0
05-31 18:43:20.660 D/gatt_utils( 2483): packages/modules/Bluetooth/system/stack/gatt/gatt_utils.cc:276 gatt_find_the_connected_bda: found=0 found_idx=7
05-31 18:43:20.660 I/droid.bluetooth( 2483): [0531/184320.660236:INFO:gatt_api.cc(174)] GATTS_AddService
05-31 18:43:20.660 I/droid.bluetooth( 2483): [0531/184320.660303:INFO:gatt_api.cc(289)] GATTS_AddService: service parsed correctly, now starting
05-31 18:43:20.660 I/droid.bluetooth( 2483): [0531/184320.660371:INFO:gatt_sr_hash.cc(127)] gatts_calculate_database_hash: hash=80AEB10BC70DCCEFA207489DCED98FED
05-31 18:43:20.660 D/bt_btm_sec( 2483): packages/modules/Bluetooth/system/stack/btm/btm_sec.cc:557 BTM_SetSecurityLevel: [2]: id:0, is_orig:false psm:0x0027 proto_id:0 chan_id:0 : sec:0x80 service_name:[] (up to 21 chars saved)
05-31 18:43:20.660 D/bt_l2cap( 2483): packages/modules/Bluetooth/system/stack/l2cap/l2c_api.cc:464 L2CA_RegisterLECoc: Allocate rcp for Virtual PSM: 0x0027
05-31 18:43:20.660 I/bt_l2cap( 2483): packages/modules/Bluetooth/system/stack/l2cap/l2c_api.cc:472 L2CA_RegisterLECoc: Registered service LE COC PSM: 0x0027
05-31 18:43:20.660 D/bt_l2cap( 2483): packages/modules/Bluetooth/system/stack/l2cap/l2c_api.cc:1256 L2CA_RegisterFixedChannel: Registered fixed channel:smp
05-31 18:43:20.660 D/bt_l2cap( 2483): packages/modules/Bluetooth/system/stack/l2cap/l2c_api.cc:1256 L2CA_RegisterFixedChannel: Registered fixed channel:br_edr smp
05-31 18:43:20.660 I/bt_l2cap( 2483): packages/modules/Bluetooth/system/stack/l2cap/l2c_api.cc:172 L2CA_Register: L2CAP Registered service classic PSM: 0x0003
05-31 18:43:20.660 I/bluetooth( 2483): packages/modules/Bluetooth/system/stack/gatt/gatt_api.cc:1257 GATT_Register: Allocated name:Gap uuid:82828282-8282-8282-8282-828282828282 gatt_if:2 eatt_support:0
05-31 18:43:20.660 D/bluetooth( 2483): packages/modules/Bluetooth/system/stack/gatt/gatt_api.cc:1362 GATT_StartIf: Starting GATT interface gatt_if_:2
05-31 18:43:20.660 D/gatt_utils( 2483): packages/modules/Bluetooth/system/stack/gatt/gatt_utils.cc:264 gatt_find_the_connected_bda: start_idx=0
05-31 18:43:20.660 D/gatt_utils( 2483): packages/modules/Bluetooth/system/stack/gatt/gatt_utils.cc:276 gatt_find_the_connected_bda: found=0 found_idx=7
05-31 18:43:20.660 I/droid.bluetooth( 2483): [0531/184320.660657:INFO:gatt_api.cc(174)] GATTS_AddService
05-31 18:43:20.660 I/droid.bluetooth( 2483): [0531/184320.660696:INFO:gatt_api.cc(289)] GATTS_AddService: service parsed correctly, now starting
05-31 18:43:20.660 I/droid.bluetooth( 2483): [0531/184320.660755:INFO:gatt_sr_hash.cc(127)] gatts_calculate_database_hash: hash=8991C462EBE9D90B9EA0DA3E16D0F513
05-31 18:43:20.660 I/bt_bte ( 2483): packages/modules/Bluetooth/system/btif/src/profile_log_levels.cc:142 load_levels_from_config: Enable logging for TRC_HCI because all debug logs are enabled
05-31 18:43:20.660 I/bt_bte ( 2483): packages/modules/Bluetooth/system/btif/src/profile_log_levels.cc:146 load_levels_from_config: BTE_InitTraceLevels -- TRC_HCI : Level 6
05-31 18:43:20.660 I/bt_bte ( 2483): packages/modules/Bluetooth/system/btif/src/profile_log_levels.cc:142 load_levels_from_config: Enable logging for TRC_L2CAP because all debug logs are enabled
05-31 18:43:20.660 I/bt_bte ( 2483): packages/modules/Bluetooth/system/btif/src/profile_log_levels.cc:146 load_levels_from_config: BTE_InitTraceLevels -- TRC_L2CAP : Level 6
05-31 18:43:20.660 I/bt_bte ( 2483): packages/modules/Bluetooth/system/btif/src/profile_log_levels.cc:142 load_levels_from_config: Enable logging for TRC_RFCOMM because all debug logs are enabled
05-31 18:43:20.660 I/bt_bte ( 2483): packages/modules/Bluetooth/system/btif/src/profile_log_levels.cc:146 load_levels_from_config: BTE_InitTraceLevels -- TRC_RFCOMM : Level 6
