05-31 18:43:02.971 D/CompatibilityChangeReporter( 719): Compat change id reported: 265195908; UID 10017; state: ENABLED
05-31 18:43:02.988 D/CompatibilityChangeReporter( 719): Compat change id reported: 170503758; UID 10017; state: ENABLED
05-31 18:43:03.039 D/OomAdjuster( 719): Not killing cached processes
01-01 08:00:26.286 W/ ( 0): [3 T1916 ..] [aml_recv_netlink 1147] kernel rcv msg type: 0, pid: 1916, len: 24, flag: 1, seq: 0
01-01 08:00:26.287 W/ ( 0): [3 T1916 ..] [aml_recv_netlink 1148] receive data from user process: 
01-01 08:00:26.287 W/ ( 0): [3 T1916 ..] [aml_recv_netlink 1155] user space process (pid: 1916) start recv fw log !!!!
01-01 08:00:26.292 W/ ( 0): [3 T1916 ..] [aml_recv_netlink 1147] kernel rcv msg type: 0, pid: 1916, len: 24, flag: 1, seq: 0
01-01 08:00:26.292 W/ ( 0): [3 T1916 ..] [aml_recv_netlink 1148] receive data from user process: 
01-01 08:00:26.292 W/ ( 0): [3 T1916 ..] [aml_recv_netlink 1163] unknown msg (0xff06) from user space process (pid: 1916), ignore !!!!
01-01 08:00:26.304 I/[2 T1 ..] selinux( 0): SELinux: Skipping restorecon on directory(/data/misc_ce/0/apexdata/com.android.wifi)
05-31 18:43:03.066 D/CompatibilityChangeReporter( 719): Compat change id reported: 161145287; UID 10017; state: ENABLED
05-31 18:43:03.076 D/CompatibilityChangeReporter( 719): Compat change id reported: 135634846; UID 10026; state: DISABLED
05-31 18:43:03.076 D/CompatibilityChangeReporter( 719): Compat change id reported: 177438394; UID 10026; state: DISABLED
05-31 18:43:03.076 D/CompatibilityChangeReporter( 719): Compat change id reported: 135772972; UID 10026; state: DISABLED
05-31 18:43:03.076 D/CompatibilityChangeReporter( 719): Compat change id reported: 135754954; UID 10026; state: ENABLED
05-31 18:43:03.077 D/CompatibilityChangeReporter( 719): Compat change id reported: 143937733; UID 10026; state: ENABLED
05-31 18:43:03.104 D/CompatibilityChangeReporter( 719): Compat change id reported: 171306433; UID 10017; state: ENABLED
05-31 18:43:03.104 D/CompatibilityChangeReporter( 719): Compat change id reported: 218533173; UID 10017; state: ENABLED
05-31 18:43:03.111 I/ActivityManager( 719): Start proc 1929:com.android.providers.tv/u0a26 for broadcast {com.android.providers.tv/com.android.providers.tv.BootCompletedReceiver}
05-31 18:43:03.118 D/CompatibilityChangeReporter( 719): Compat change id reported: 143231523; UID 10017; state: DISABLED
05-31 18:43:03.159 D/CompatibilityChangeReporter( 719): Compat change id reported: 168419799; UID 10026; state: DISABLED
05-31 18:43:03.159 D/CompatibilityChangeReporter( 719): Compat change id reported: 273564678; UID 10026; state: DISABLED
05-31 18:43:03.164 D/CompatibilityChangeReporter( 719): Compat change id reported: 265195908; UID 10026; state: ENABLED
01-01 08:00:26.425 W/ ( 0): [2 T1062 ..] [aml_rx_sm_connect_ind 1282] vif_idx:0, status_code:0, sta_idx:0,center_freq:5745, center_freq1:5775, roamed:0, mac:58:c7:ac:78:f0:10
01-01 08:00:26.425 W/ ( 0): [2 T1062 ..] set_scan_hang, flag:0, [aml_rx_sm_connect_ind 1283]
01-01 08:00:26.427 W/ ( 0): [2 T1062 ..] [aml_chanctx_link 658] vif index:0 ch idx:0
01-01 08:00:26.427 W/ ( 0): [2 T1062 ..] [aml_chanctx_link 668] band:1, bw:3 cfreq:5745, cfreq1:5775, cfreq2:0
01-01 08:00:26.428 W/ ( 0): [2 T1062 ..] [aml_rx_sm_connect_ind 1439] ssid:DB-machines5G, bss_freq:5745
01-01 08:00:26.430 W/ ( 0): [2 T1062 ..] [aml_rx_sm_connect_ind_ex 1198] freq[5745 5775 0], bw:BW_80 max_mcs:11 format_mode:HE_SU no_ss:2ss short_gi:1
01-01 08:00:26.441 I/ ( 0): [1 T10 ..] [TEE] E/TC:? 00 tee_rpmb_verify_key_sync_counter:1008 Verify key returning 0xffff0008
01-01 08:00:26.441 I/ ( 0): [1 T10 ..] [TEE] E/TC:? 00 tee_mkl_status:195 tee_mkl_status bad state, status = 0x0
01-01 08:00:26.442 I/ ( 0): [1 T10 ..] [TEE] E/TC:? 00 tee_provision_get_pfpk_enc:351 PFPK key table bad status, res = 0xffff0007
01-01 08:00:26.452 I/ ( 0): [1 T10 ..] [TEE] E/TA: read_pfid_from_property:765 [PROVISION-TA] PFID is not provisioned
01-01 08:00:26.453 I/ ( 0): [1 T10 ..] [TEE] E/TA: pfid_query:877 [PROVISION-TA] pfid_query read pfid property error, return 0xFFFF0008
01-01 08:00:26.454 I/ ( 0): [1 T10 ..] [TEE] E/TC:? 00 tee_rpmb_verify_key_sync_counter:1008 Verify key returning 0xffff0008
05-31 18:43:03.210 D/CompatibilityChangeReporter( 719): Compat change id reported: 170503758; UID 10026; state: ENABLED
01-01 08:00:26.482 I/ ( 0): [1 T10 ..] [TEE] E/TC:? 00 tee_mkl_status:195 tee_mkl_status bad state, status = 0x0
01-01 08:00:26.482 I/ ( 0): [1 T10 ..] [TEE] E/TC:? 00 tee_provision_get_pfpk_enc:351 PFPK key table bad status, res = 0xffff0007
01-01 08:00:26.483 I/ ( 0): [1 T10 ..] [TEE] E/TC:? 00 tee_mkl_status:195 tee_mkl_status bad state, status = 0x0
01-01 08:00:26.487 I/ ( 0): [1 T10 ..] [TEE] E/TC:? 00 tee_provision_get_pfpk_enc:351 PFPK key table bad status, res = 0xffff0007
01-01 08:00:26.489 I/ ( 0): [1 T10 ..] [TEE] E/TA: get_pfpk_enc:786 [PROVISION-TA] TEE_Provision_Get_PFPK_ENC() failed, return 0xFFFF0007
01-01 08:00:26.490 I/ ( 0): [1 T10 ..] [TEE] E/TA: pfpk_query:851 [PROVISION-TA] get_pfpk_enc return 0xFFFF0007
01-01 08:00:26.490 E/[2 T232 ..] SELinux( 0): avc: denied { find } for pid=1946 uid=0 name=device_config scontext=u:r:init:s0 tcontext=u:object_r:device_config_service:s0 tclass=service_manager permissive=1
05-31 18:43:03.285 D/CompatibilityChangeReporter( 719): Compat change id reported: 135634846; UID 10057; state: DISABLED
05-31 18:43:03.285 D/CompatibilityChangeReporter( 719): Compat change id reported: 177438394; UID 10057; state: DISABLED
05-31 18:43:03.285 D/CompatibilityChangeReporter( 719): Compat change id reported: 135772972; UID 10057; state: DISABLED
05-31 18:43:03.285 D/CompatibilityChangeReporter( 719): Compat change id reported: 135754954; UID 10057; state: ENABLED
05-31 18:43:03.287 D/CompatibilityChangeReporter( 719): Compat change id reported: 143937733; UID 10057; state: ENABLED
05-31 18:43:03.327 I/ActivityManager( 719): Start proc 1974:com.android.rkpdapp/u0a57 for broadcast {com.android.rkpdapp/com.android.rkpdapp.BootReceiver}
05-31 18:43:03.366 D/CompatibilityChangeReporter( 719): Compat change id reported: 168419799; UID 10057; state: DISABLED
05-31 18:43:03.366 D/CompatibilityChangeReporter( 719): Compat change id reported: 273564678; UID 10057; state: DISABLED
05-31 18:43:03.369 D/CompatibilityChangeReporter( 719): Compat change id reported: 265195908; UID 10057; state: ENABLED
05-31 18:43:03.407 D/CompatibilityChangeReporter( 719): Compat change id reported: 170503758; UID 10057; state: ENABLED
05-31 18:43:03.424 I/ActivityManager( 719): com.android.localtransport is exempt from freezer
05-31 18:43:03.424 D/CompatibilityChangeReporter( 719): Compat change id reported: 135634846; UID 1000; state: DISABLED
05-31 18:43:03.465 I/ActivityManager( 719): Start proc 1997:com.android.localtransport/1000 for service {com.android.localtransport/com.android.localtransport.LocalTransportService}
01-01 08:00:26.764 W/ ( 0): [3 T1063 ..] [SP FRAME RX] eapol,vif_idx:0
05-31 18:43:03.524 I/ActivityManager( 719): com.android.shell is exempt from freezer
05-31 18:43:03.525 D/CompatibilityChangeReporter( 719): Compat change id reported: 135634846; UID 2000; state: DISABLED
05-31 18:43:03.525 D/CompatibilityChangeReporter( 719): Compat change id reported: 177438394; UID 2000; state: DISABLED
05-31 18:43:03.525 D/CompatibilityChangeReporter( 719): Compat change id reported: 135772972; UID 2000; state: DISABLED
05-31 18:43:03.525 D/CompatibilityChangeReporter( 719): Compat change id reported: 135754954; UID 2000; state: ENABLED
01-01 08:00:26.769 I/[0 T334 ..] apexd( 0): Deleting unused dm device com.amlogic.mediaextractor
01-01 08:00:26.773 W/[2 T1140 ..] aml_select_txq( 0): set eap frame to vo
01-01 08:00:26.773 W/ ( 0): [2 T1140 ..] [SP FRAME TX] eapol,vif_idx:0
01-01 08:00:26.777 W/ ( 0): [3 T1063 ..] [SP FRAME RX] eapol,vif_idx:0
01-01 08:00:26.777 W/[3 T1140 ..] aml_select_txq( 0): set eap frame to vo
05-31 18:43:03.535 W/ContextImpl( 719): Calling a method in the system process without a qualified user: android.app.ContextImpl.sendStickyBroadcast:1626 com.android.server.wifi.ClientModeImpl.sendNetworkChangeBroadcast:3008 com.android.server.wifi.ClientModeImpl.lambda$sendNetworkChangeBroadcastWithCurrentState$14:2985 com.android.server.wifi.ClientModeImpl.$r8$lambda$q-j88Pjw4gROgoJFr8wBlBVbuJI:0 com.android.server.wifi.ClientModeImpl$$ExternalSyntheticLambda4.send:0
01-01 08:00:26.777 W/ ( 0): [3 T1140 ..] [SP FRAME TX] eapol,vif_idx:0
01-01 08:00:26.779 W/ ( 0): [3 T1140 ..] [aml_cfg80211_add_key 1907] vif_idx:0 add PTK for index:0,sta_idx:0
01-01 08:00:26.780 W/ ( 0): [3 T1140 ..] >>> aml_send_key_add()
01-01 08:00:26.781 W/[3 T1140 ..] aml_send_key_add( 0): sta_idx:0 key_idx:0 inst_nbr:0 cipher:2 key_len:16
01-01 08:00:26.783 W/ ( 0): [3 T1140 ..] >>> aml_send_msg()
01-01 08:00:26.783 W/ ( 0): [2 T1062 ..] ipc_sdio_host_msgack_handler 000000004ed20cfa
01-01 08:00:26.784 W/ ( 0): [2 T1062 ..] [aml_msgackind 2038] msg ack hostid=0xffffff807309b100
01-01 08:00:26.785 E/[0 T334 ..] apexd( 0): Didn't generate uevent for [com.amlogic.mediaextractor] removal
01-01 08:00:26.785 W/ ( 0): [2 T1062 ..] [cmd_mgr_llind 329] cmd tkn[23] flags:001a result: -4 cmd: 36-MM_KEY_ADD_REQ - reqcfm( 37-MM_KEY_ADD_CFM)
01-01 08:00:26.786 W/[0 T334 ..] apexd( 0): Failed to delete dm-device com.amlogic.mediaextractor
01-01 08:00:26.789 W/ ( 0): [2 T1062 ..] [cmd_mgr_msgind 409] cmd tkn[23] flags:0012 result: -4 cmd: 36-MM_KEY_ADD_REQ - reqcfm( 37-MM_KEY_ADD_CFM)
01-01 08:00:26.789 I/[0 T334 ..] apexd( 0): Deleting unused dm device com.android.apex.cts.shim
01-01 08:00:26.790 W/ ( 0): [2 T1062 ..] [cmd_complete 65] cmd tkn[23] flags:0002 result: -4 cmd: 36-MM_KEY_ADD_REQ - reqcfm( 37-MM_KEY_ADD_CFM)
01-01 08:00:26.795 W/ ( 0): [0 T1140 ..] [aml_cfg80211_add_key 1907] vif_idx:0 add GTK for index:1,sta_idx:255
01-01 08:00:26.795 W/ ( 0): [0 T1140 ..] >>> aml_send_key_add()
01-01 08:00:26.796 W/[0 T1140 ..] aml_send_key_add( 0): sta_idx:255 key_idx:1 inst_nbr:0 cipher:1 key_len:32
01-01 08:00:26.800 W/ ( 0): [0 T1140 ..] >>> aml_send_msg()
01-01 08:00:26.800 W/ ( 0): [2 T1062 ..] ipc_sdio_host_msgack_handler 000000009fcbf6e5
01-01 08:00:26.801 W/ ( 0): [2 T1062 ..] [aml_msgackind 2038] msg ack hostid=0xffffff807235ed00
01-01 08:00:26.801 W/ ( 0): [2 T1062 ..] [cmd_mgr_llind 329] cmd tkn[24] flags:001a result: -4 cmd: 36-MM_KEY_ADD_REQ - reqcfm( 37-MM_KEY_ADD_CFM)
05-31 18:43:03.574 D/CompatibilityChangeReporter( 719): Compat change id reported: 168419799; UID 1000; state: DISABLED
05-31 18:43:03.575 D/CompatibilityChangeReporter( 719): Compat change id reported: 273564678; UID 1000; state: DISABLED
01-01 08:00:26.804 W/ ( 0): [2 T1062 ..] [cmd_mgr_msgind 409] cmd tkn[24] flags:0012 result: -4 cmd: 36-MM_KEY_ADD_REQ - reqcfm( 37-MM_KEY_ADD_CFM)
01-01 08:00:26.805 W/ ( 0): [2 T1062 ..] [cmd_complete 65] cmd tkn[24] flags:0002 result: -4 cmd: 36-MM_KEY_ADD_REQ - reqcfm( 37-MM_KEY_ADD_CFM)
01-01 08:00:26.807 E/[3 T334 ..] apexd( 0): Didn't generate uevent for [com.android.apex.cts.shim] removal
01-01 08:00:26.808 W/[3 T334 ..] apexd( 0): Failed to delete dm-device com.android.apex.cts.shim
01-01 08:00:26.808 W/ ( 0): [2 T1140 ..] >>> aml_send_me_set_control_port_req()
01-01 08:00:26.810 W/ ( 0): [2 T1140 ..] >>> aml_send_msg()
01-01 08:00:26.810 W/ ( 0): [2 T1062 ..] ipc_sdio_host_msgack_handler 00000000cb23850f
01-01 08:00:26.811 W/ ( 0): [2 T1062 ..] [aml_msgackind 2038] msg ack hostid=0xffffff80733d9b00
01-01 08:00:26.812 W/ ( 0): [2 T1062 ..] [cmd_mgr_llind 329] cmd tkn[25] flags:001a result: -4 cmd:5124-ME_SET_CONTROL_PORT_REQ - reqcfm(5125-ME_SET_CONTROL_PORT_CFM)
01-01 08:00:26.814 W/ ( 0): [1 T1062 ..] [cmd_mgr_msgind 409] cmd tkn[25] flags:0012 result: -4 cmd:5124-ME_SET_CONTROL_PORT_REQ - reqcfm(5125-ME_SET_CONTROL_PORT_CFM)
01-01 08:00:26.815 W/ ( 0): [1 T1062 ..] [cmd_complete 65] cmd tkn[25] flags:0002 result: -4 cmd:5124-ME_SET_CONTROL_PORT_REQ - reqcfm(5125-ME_SET_CONTROL_PORT_CFM)
01-01 08:00:26.820 W/ ( 0): [2 T1140 ..] >>> aml_send_msg()
01-01 08:00:26.821 I/[3 T334 ..] apexd( 0): Deleting unused dm device com.android.btservices
01-01 08:00:26.822 W/ ( 0): [1 T1062 ..] ipc_sdio_host_msgack_handler 0000000000bca184
01-01 08:00:26.822 W/ ( 0): [1 T1062 ..] [aml_msgackind 2038] msg ack hostid=0xffffff80733d9200
01-01 08:00:26.822 E/[3 T334 ..] apexd( 0): Didn't generate uevent for [com.android.btservices] removal
01-01 08:00:26.823 W/ ( 0): [1 T1062 ..] [cmd_mgr_llind 329] cmd tkn[26] flags:0008 result: -4 cmd: 105-MM_SUB_SET_REKEY_DATA - reqcfm( 0-none)
01-01 08:00:26.823 W/ ( 0): [1 T1062 ..] [cmd_complete 65] cmd tkn[26] flags:0000 result: -4 cmd: 105-MM_SUB_SET_REKEY_DATA - reqcfm( 0-none)
05-31 18:43:03.584 W/ContextImpl( 719): Calling a method in the system process without a qualified user: android.app.ContextImpl.sendStickyBroadcast:1626 com.android.server.wifi.ClientModeImpl.sendNetworkChangeBroadcast:3008 com.android.server.wifi.ClientModeImpl.lambda$sendNetworkChangeBroadcastWithCurrentState$14:2985 com.android.server.wifi.ClientModeImpl.$r8$lambda$q-j88Pjw4gROgoJFr8wBlBVbuJI:0 com.android.server.wifi.ClientModeImpl$$ExternalSyntheticLambda4.send:0
01-01 08:00:26.828 W/[3 T334 ..] apexd( 0): Failed to delete dm-device com.android.btservices
05-31 18:43:03.610 W/ActivityManager( 719): Slow operation: 86ms so far, now at startProcess: returned from zygote!
05-31 18:43:03.610 W/ActivityManager( 719): Slow operation: 86ms so far, now at startProcess: done updating battery stats
05-31 18:43:03.610 W/ActivityManager( 719): Slow operation: 86ms so far, now at startProcess: building log message
05-31 18:43:03.610 I/ActivityManager( 719): Start proc 2018:com.android.shell/2000 for broadcast {com.android.shell/com.android.shell.HeapDumpReceiver}
05-31 18:43:03.610 W/ActivityManager( 719): Slow operation: 86ms so far, now at startProcess: starting to update pids map
05-31 18:43:03.610 W/ActivityManager( 719): Slow operation: 86ms so far, now at startProcess: done updating pids map
05-31 18:43:03.625 W/ContextImpl( 719): Calling a method in the system process without a qualified user: android.app.ContextImpl.sendStickyBroadcast:1626 com.android.server.wifi.ClientModeImpl.sendNetworkChangeBroadcast:3008 com.android.server.wifi.ClientModeImpl.lambda$sendNetworkChangeBroadcastWithCurrentState$14:2985 com.android.server.wifi.ClientModeImpl.$r8$lambda$q-j88Pjw4gROgoJFr8wBlBVbuJI:0 com.android.server.wifi.ClientModeImpl$$ExternalSyntheticLambda4.send:0
05-31 18:43:03.647 D/CompatibilityChangeReporter( 719): Compat change id reported: 168419799; UID 2000; state: DISABLED
05-31 18:43:03.647 D/CompatibilityChangeReporter( 719): Compat change id reported: 273564678; UID 2000; state: DISABLED
05-31 18:43:03.649 D/CompatibilityChangeReporter( 719): Compat change id reported: 171306433; UID 1073; state: ENABLED
05-31 18:43:03.655 D/CompatibilityChangeReporter( 719): Compat change id reported: 265195908; UID 2000; state: ENABLED
05-31 18:43:03.731 I/TransportConnection( 719): LocalTransportService#0: Notifying [TransportManager.registerTransport()] transport = BackupTransportClient
05-31 18:43:03.770 D/BackupTransportManager( 719): [UserID:0] Transport com.android.localtransport/.LocalTransportService registered
05-31 18:43:03.770 D/BackupManagerService( 719): [UserID:0] Transport com.android.localtransport/.LocalTransport registered 3368ms after first request (delay = 3000ms)
01-01 08:00:27.022 E/[2 T232 ..] SELinux( 0): avc: denied { find } for pid=2015 uid=0 name=settings scontext=u:r:init:s0 tcontext=u:object_r:settings_service:s0 tclass=service_manager permissive=1
01-01 08:00:27.064 W/ ( 0): [3 T579 ..] [aml_inetaddr6_event 6186] dev wlan0 is up, comm:binder:469_4, pid:579 vif:0, ipv6:fe80:0000:0000:0000:0e0e:e8b3:0ea3:abf9
01-01 08:00:27.064 W/ ( 0): [2 T327 ..] >>> aml_send_msg()
01-01 08:00:27.064 W/ ( 0): [1 T1062 ..] ipc_sdio_host_msgack_handler 0000000094f675be
01-01 08:00:27.067 W/ ( 0): [1 T1062 ..] [aml_msgackind 2038] msg ack hostid=0xffffff80733d9e80
01-01 08:00:27.067 W/ ( 0): [1 T1062 ..] [cmd_mgr_llind 329] cmd tkn[27] flags:0008 result: -4 cmd: 105-MM_SUB_NOTIFY_IP - reqcfm( 0-none)
01-01 08:00:27.069 W/ ( 0): [1 T1062 ..] [cmd_complete 65] cmd tkn[27] flags:0000 result: -4 cmd: 105-MM_SUB_NOTIFY_IP - reqcfm( 0-none)
05-31 18:43:03.831 I/BackupManagerService( 719): [UserID:0] Found 48 stale backup journal(s), scheduling.
05-31 18:43:03.841 D/CompatibilityChangeReporter( 719): Compat change id reported: 135634846; UID 10027; state: DISABLED
05-31 18:43:03.842 D/CompatibilityChangeReporter( 719): Compat change id reported: 177438394; UID 10027; state: DISABLED
05-31 18:43:03.842 D/CompatibilityChangeReporter( 719): Compat change id reported: 135772972; UID 10027; state: DISABLED
05-31 18:43:03.842 D/CompatibilityChangeReporter( 719): Compat change id reported: 135754954; UID 10027; state: DISABLED
05-31 18:43:03.843 D/CompatibilityChangeReporter( 719): Compat change id reported: 143937733; UID 10027; state: DISABLED
01-01 08:00:27.120 W/ ( 0): [1 T1140 ..] [aml_android_priv_ioctl 128] vif idx=0 cmd=SETSUSPENDMODE 0
01-01 08:00:27.121 W/ ( 0): [1 T1140 ..] [aml_android_set_suspend_mode 77] set google_cast 0
05-31 18:43:03.884 D/CompatibilityChangeReporter( 719): Compat change id reported: 271850009; UID 10057; state: ENABLED
05-31 18:43:03.885 D/CompatibilityChangeReporter( 719): Compat change id reported: 253665015; UID 10057; state: ENABLED
05-31 18:43:03.885 D/CompatibilityChangeReporter( 719): Compat change id reported: 194532703; UID 10057; state: ENABLED
01-01 08:00:27.130 W/ ( 0): [1 T1140 ..] >>> aml_cfg80211_set_power_mgmt()
01-01 08:00:27.130 W/ ( 0): [1 T1140 ..] [aml_send_me_set_ps_mode 2111] set power save mode:0
01-01 08:00:27.130 W/ ( 0): [1 T1140 ..] >>> aml_send_msg()
01-01 08:00:27.137 W/ ( 0): [1 T1062 ..] ipc_sdio_host_msgack_handler 00000000416e2921
01-01 08:00:27.137 W/ ( 0): [1 T1062 ..] [aml_msgackind 2038] msg ack hostid=0xffffff806f9f7d80
01-01 08:00:27.138 W/ ( 0): [1 T1062 ..] [cmd_mgr_llind 329] cmd tkn[28] flags:001a result: -4 cmd:5139-ME_SET_PS_MODE_REQ - reqcfm(5140-ME_SET_PS_MODE_CFM)
01-01 08:00:27.140 W/ ( 0): [1 T1062 ..] [cmd_mgr_msgind 409] cmd tkn[28] flags:0012 result: -4 cmd:5139-ME_SET_PS_MODE_REQ - reqcfm(5140-ME_SET_PS_MODE_CFM)
01-01 08:00:27.142 W/ ( 0): [1 T1062 ..] [cmd_complete 65] cmd tkn[28] flags:0002 result: -4 cmd:5139-ME_SET_PS_MODE_REQ - reqcfm(5140-ME_SET_PS_MODE_CFM)
05-31 18:43:03.905 W/ActivityManager( 719): Slow operation: 64ms so far, now at startProcess: returned from zygote!
05-31 18:43:03.906 W/ActivityManager( 719): Slow operation: 65ms so far, now at startProcess: done updating battery stats
05-31 18:43:03.906 W/ActivityManager( 719): Slow operation: 65ms so far, now at startProcess: building log message
05-31 18:43:03.906 I/ActivityManager( 719): Start proc 2056:com.android.statementservice/u0a27 for broadcast {com.android.statementservice/com.android.statementservice.domain.BootCompletedReceiver}
05-31 18:43:03.906 W/ActivityManager( 719): Slow operation: 65ms so far, now at startProcess: starting to update pids map
05-31 18:43:03.906 W/ActivityManager( 719): Slow operation: 65ms so far, now at startProcess: done updating pids map
01-01 08:00:27.159 W/ ( 0): [1 T1208 ..] [SP FRAME TX] DHCP[1 0], vif_idx:0
01-01 08:00:27.190 W/ ( 0): [3 T1063 ..] [SP FRAME RX] DHCP[1 0], vif_idx:0
01-01 08:00:27.198 W/ ( 0): [2 T1140 ..] >>> aml_cfg80211_set_power_mgmt()
01-01 08:00:27.198 W/ ( 0): [2 T1140 ..] [aml_send_me_set_ps_mode 2111] set power save mode:0
01-01 08:00:27.198 W/ ( 0): [2 T1140 ..] >>> aml_send_msg()
01-01 08:00:27.200 W/ ( 0): [1 T1062 ..] ipc_sdio_host_msgack_handler 000000006861a718
01-01 08:00:27.200 W/ ( 0): [1 T1062 ..] [aml_msgackind 2038] msg ack hostid=0xffffff8074e86480
01-01 08:00:27.201 W/ ( 0): [1 T1062 ..] [cmd_mgr_llind 329] cmd tkn[29] flags:001a result: -4 cmd:5139-ME_SET_PS_MODE_REQ - reqcfm(5140-ME_SET_PS_MODE_CFM)
05-31 18:43:03.959 D/CompatibilityChangeReporter( 719): Compat change id reported: 168419799; UID 10027; state: DISABLED
05-31 18:43:03.959 D/CompatibilityChangeReporter( 719): Compat change id reported: 273564678; UID 10027; state: DISABLED
01-01 08:00:27.203 W/ ( 0): [1 T1062 ..] [cmd_mgr_msgind 409] cmd tkn[29] flags:0012 result: -4 cmd:5139-ME_SET_PS_MODE_REQ - reqcfm(5140-ME_SET_PS_MODE_CFM)
01-01 08:00:27.205 W/[2 T2057 ..] audit( 0): audit_lost=70 audit_rate_limit=5 audit_backlog_limit=64
01-01 08:00:27.205 W/ ( 0): [1 T1062 ..] [cmd_complete 65] cmd tkn[29] flags:0002 result: -4 cmd:5139-ME_SET_PS_MODE_REQ - reqcfm(5140-ME_SET_PS_MODE_CFM)
01-01 08:00:27.206 E/[2 T2057 ..] audit( 0): rate limit exceeded
05-31 18:43:03.966 D/CompatibilityChangeReporter( 719): Compat change id reported: 265195908; UID 10027; state: ENABLED
05-31 18:43:03.970 W/ContextImpl( 719): Calling a method in the system process without a qualified user: android.app.ContextImpl.sendStickyBroadcast:1626 com.android.server.wifi.ClientModeImpl.sendNetworkChangeBroadcast:3008 com.android.server.wifi.ClientModeImpl.lambda$sendNetworkChangeBroadcastWithCurrentState$14:2985 com.android.server.wifi.ClientModeImpl.$r8$lambda$q-j88Pjw4gROgoJFr8wBlBVbuJI:0 com.android.server.wifi.ClientModeImpl$$ExternalSyntheticLambda4.send:0
01-01 08:00:27.214 W/ ( 0): [1 T578 ..] >>> aml_send_msg()
01-01 08:00:27.216 W/ ( 0): [0 T1062 ..] ipc_sdio_host_msgack_handler 00000000b8730b3e
01-01 08:00:27.216 W/ ( 0): [0 T1062 ..] [aml_msgackind 2038] msg ack hostid=0xffffff806d90b700
01-01 08:00:27.217 W/ ( 0): [0 T1062 ..] [cmd_mgr_llind 329] cmd tkn[30] flags:0008 result: -4 cmd: 105-MM_SUB_NOTIFY_IP - reqcfm( 0-none)
01-01 08:00:27.218 W/ ( 0): [0 T1062 ..] [cmd_complete 65] cmd tkn[30] flags:0000 result: -4 cmd: 105-MM_SUB_NOTIFY_IP - reqcfm( 0-none)
05-31 18:43:03.992 D/CompatibilityChangeReporter( 719): Compat change id reported: 170503758; UID 10027; state: DISABLED
05-31 18:43:04.007 W/ContextImpl( 719): Calling a method in the system process without a qualified user: android.app.ContextImpl.sendStickyBroadcast:1626 com.android.server.wifi.ClientModeImpl.sendNetworkChangeBroadcast:3008 com.android.server.wifi.ClientModeImpl.lambda$sendNetworkChangeBroadcastWithCurrentState$14:2985 com.android.server.wifi.ClientModeImpl.$r8$lambda$q-j88Pjw4gROgoJFr8wBlBVbuJI:0 com.android.server.wifi.ClientModeImpl$$ExternalSyntheticLambda4.send:0
05-31 18:43:04.007 W/BroadcastLoopers( 719): Found previously unknown looper Thread[ConnectivityServiceThread,5,main]
01-01 08:00:27.220 W/ ( 0): [3 T578 ..] [aml_inetaddr_event 6139] dev wlan0 is up, comm:binder:469_3, pid:578, vif:0, ipv4:192.168.3.222
01-01 08:00:27.291 W/ ( 0): [1 T2079 ..] [SP FRAME TX] arp req,vif_idx:0 sender:[1c:79:2d:20:62:b5 192.168.3.222]receiver:[00:00:00:00:00:00 192.168.3.1]
01-01 08:00:27.294 W/ ( 0): [3 T1063 ..] [SP FRAME RX] arp req,vif_idx:0 sender:[ee:78:83:8f:63:7e 192.168.3.58]receiver:[00:00:00:00:00:00 192.168.3.222]
01-01 08:00:27.295 W/ ( 0): [3 T1063 ..] [SP FRAME TX] arp rsp,vif_idx:0 sender:[1c:79:2d:20:62:b5 192.168.3.222]receiver:[ee:78:83:8f:63:7e 192.168.3.58]
01-01 08:00:27.298 W/ ( 0): [3 T1063 ..] [SP FRAME RX] arp rsp,vif_idx:0 sender:[70:3a:a6:36:a8:d7 192.168.3.1]receiver:[1c:79:2d:20:62:b5 192.168.3.222]
01-01 08:00:27.300 W/ ( 0): [1 T1062 ..] >>> aml_rx_me_tx_credits_update_ind()
05-31 18:43:04.073 I/BackupManagerService( 719): [UserID:0] Stale backup journals: Scheduled 5 package(s) total
05-31 18:43:04.106 E/NetlinkEvent( 469): NetlinkEvent::FindParam(): Parameter 'INTERFACE' not found
05-31 18:43:04.106 E/NetlinkEvent( 469): NetlinkEvent::FindParam(): Parameter 'STATE' not found
05-31 18:43:04.106 E/NetlinkEvent( 469): NetlinkEvent::FindParam(): Parameter 'TIME_NS' not found
05-31 18:43:04.106 E/NetlinkEvent( 469): NetlinkEvent::FindParam(): Parameter 'UID' not found
05-31 18:43:04.169 D/CompatibilityChangeReporter( 719): Compat change id reported: 135634846; UID 10044; state: DISABLED
05-31 18:43:04.170 D/CompatibilityChangeReporter( 719): Compat change id reported: 143937733; UID 10044; state: DISABLED
05-31 18:43:04.172 W/ContextImpl( 719): Calling a method in the system process without a qualified user: android.app.ContextImpl.sendStickyBroadcast:1626 android.net.connectivity.com.android.server.ConnectivityService.sendStickyBroadcast:3280 android.net.connectivity.com.android.server.ConnectivityService.sendGeneralBroadcast:3250 android.net.connectivity.com.android.server.ConnectivityService.sendConnectedBroadcast:3223 android.net.connectivity.com.android.server.ConnectivityService.sendLegacyNetworkBroadcast:10138
01-01 08:00:27.300 W/ ( 0): [1 T1062 ..] [aml_txq_credit_update 2514] sta_idx=0 vif_idx=0 tid=0 update=120 pkt pushed=1 credits=123 old_credits=3
01-01 08:00:27.420 E/[3 T232 ..] SELinux( 0): avc: denied { find } for pid=2084 uid=0 name=activity scontext=u:r:init:s0 tcontext=u:object_r:activity_service:s0 tclass=service_manager permissive=1
05-31 18:43:04.236 W/ActivityManager( 719): Slow operation: 68ms so far, now at startProcess: returned from zygote!
05-31 18:43:04.242 W/ActivityManager( 719): Slow operation: 74ms so far, now at startProcess: done updating battery stats
05-31 18:43:04.243 W/ActivityManager( 719): Slow operation: 75ms so far, now at startProcess: building log message
05-31 18:43:04.243 I/ActivityManager( 719): Start proc 2105:com.dangbei.screencast/u0a44 for broadcast {com.dangbei.screencast/com.dangbei.screencast.startup.BootReceiver}
05-31 18:43:04.243 W/ActivityManager( 719): Slow operation: 75ms so far, now at startProcess: starting to update pids map
05-31 18:43:04.243 W/ActivityManager( 719): Slow operation: 75ms so far, now at startProcess: done updating pids map
05-31 18:43:04.433 W/Looper ( 719): Slow dispatch took 113ms main h=android.app.ActivityThread$H c=android.app.LoadedApk$ServiceDispatcher$RunConnection@d8e88c0 m=0
05-31 18:43:04.485 E/TaskWorkerFactory( 1357): Cannot create worker: com.android.devicelockcontroller.provision.worker.DeviceCheckInWorker
05-31 18:43:04.485 E/TaskWorkerFactory( 1357): java.lang.NoSuchMethodException: com.android.devicelockcontroller.provision.worker.DeviceCheckInWorker. [class android.content.Context, class androidx.work.WorkerParameters, interface com.google.common.util.concurrent.ListeningExecutorService]
05-31 18:43:04.485 E/TaskWorkerFactory( 1357): at java.lang.Class.getConstructor0(Class.java:3325)
05-31 18:43:04.485 E/TaskWorkerFactory( 1357): at java.lang.Class.getDeclaredConstructor(Class.java:3063)
05-31 18:43:04.485 E/TaskWorkerFactory( 1357): at com.android.devicelockcontroller.policy.TaskWorkerFactory.createWorker(TaskWorkerFactory.java:53)
05-31 18:43:04.485 E/TaskWorkerFactory( 1357): at androidx.work.DelegatingWorkerFactory.createWorker(DelegatingWorkerFactory.java:71)
05-31 18:43:04.485 E/TaskWorkerFactory( 1357): at androidx.work.WorkerFactory.createWorkerWithDefaultFallback(WorkerFactory.java:82)
05-31 18:43:04.485 E/TaskWorkerFactory( 1357): at androidx.work.impl.WorkerWrapper.runWorker(WorkerWrapper.java:240)
05-31 18:43:04.485 E/TaskWorkerFactory( 1357): at androidx.work.impl.WorkerWrapper.run(WorkerWrapper.java:142)
05-31 18:43:04.485 E/TaskWorkerFactory( 1357): at androidx.work.impl.utils.SerialExecutorImpl$Task.run(SerialExecutorImpl.java:96)
05-31 18:43:04.485 E/TaskWorkerFactory( 1357): at java.util.concurrent.ThreadPoolExecutor.runWorker(ThreadPoolExecutor.java:1145)
05-31 18:43:04.485 E/TaskWorkerFactory( 1357): at java.util.concurrent.ThreadPoolExecutor$Worker.run(ThreadPoolExecutor.java:644)
05-31 18:43:04.485 E/TaskWorkerFactory( 1357): at java.lang.Thread.run(Thread.java:1012)
05-31 18:43:04.495 W/ContextImpl( 719): Calling a method in the system process without a qualified user: android.app.ContextImpl.sendStickyBroadcast:1626 android.net.connectivity.com.android.server.ConnectivityService.sendStickyBroadcast:3280 android.net.connectivity.com.android.server.ConnectivityService.sendGeneralBroadcast:3250 android.net.connectivity.com.android.server.ConnectivityService.sendInetConditionBroadcast:3227 android.net.connectivity.com.android.server.ConnectivityService.updateInetCondition:9819
05-31 18:43:04.501 D/CompatibilityChangeReporter( 719): Compat change id reported: 168419799; UID 10044; state: DISABLED
05-31 18:43:04.501 D/CompatibilityChangeReporter( 719): Compat change id reported: 273564678; UID 10044; state: DISABLED
05-31 18:43:04.508 D/CompatibilityChangeReporter( 719): Compat change id reported: 265195908; UID 10044; state: ENABLED
05-31 18:43:04.558 D/CompatibilityChangeReporter( 719): Compat change id reported: 170503758; UID 10044; state: DISABLED
05-31 18:43:04.633 D/DeviceCheckInClient( 1357): Creating instance for com.android.devicelockcontroller.debug.DeviceCheckInClientDebug
05-31 18:43:04.946 I/CheckInWorker( 1357): perform check-in request
05-31 18:43:04.979 W/OverlayManager( 719): service 'idmap' died
05-31 18:43:04.982 W/CheckInWorker( 1357): CheckIn failed. No device identifier available!
05-31 18:43:04.992 D/PackageManager( 719): Instant App installer not found with android.intent.action.INSTALL_INSTANT_APP_PACKAGE
05-31 18:43:04.992 D/PackageManager( 719): Clear ephemeral installer activity
05-31 18:43:05.026 W/ActivityManager( 719): Background start not allowed: service Intent { act=com.dangbei.screencast.STARTUP pkg=com.dangbei.screencast } to com.dangbei.screencast/.startup.StartupService from pid=2105 uid=10044 pkg=com.dangbei.screencast startFg?=false
05-31 18:43:05.035 W/ActivityManager( 719): Background start not allowed: service Intent { act=com.dangbei.screencast.STARTUP pkg=com.dangbei.screencast } to com.dangbei.screencast/.startup.StartupService from pid=2105 uid=10044 pkg=com.dangbei.screencast startFg?=false
05-31 18:43:05.100 D/CompatibilityChangeReporter( 719): Compat change id reported: 271850009; UID 10027; state: DISABLED
05-31 18:43:05.102 D/CompatibilityChangeReporter( 719): Compat change id reported: 253665015; UID 10027; state: DISABLED
05-31 18:43:05.103 D/CompatibilityChangeReporter( 719): Compat change id reported: 194532703; UID 10027; state: DISABLED
05-31 18:43:05.129 D/CompatibilityChangeReporter( 719): Compat change id reported: 149924527; UID 10044; state: ENABLED
05-31 18:43:05.134 D/CompatibilityChangeReporter( 719): Compat change id reported: 132649864; UID 10044; state: DISABLED
01-01 08:00:28.384 W/[1 T1421 ..] audit( 0): audit_lost=118 audit_rate_limit=5 audit_backlog_limit=64
01-01 08:00:28.384 E/[1 T1421 ..] audit( 0): rate limit exceeded
05-31 18:43:05.173 D/CompatibilityChangeReporter( 719): Compat change id reported: 161145287; UID 10044; state: DISABLED
05-31 18:43:05.186 I/ActivityManager( 719): reportOnUserCompletedEvent(0): stored=10, eligible=111
05-31 18:43:05.186 D/SystemServerTimingAsync( 719): ssm.CompletedEventUser-0
05-31 18:43:05.186 I/SystemServiceManager( 719): Calling onCompletedEventUser 0
05-31 18:43:05.194 D/SystemServerTimingAsync( 719): ssm.onCompletedEventUser-0_{|Unlocked|}_com.android.server.security.FileIntegrityService
05-31 18:43:05.194 V/SystemServerTimingAsync( 719): ssm.onCompletedEventUser-0_{|Unlocked|}_com.android.server.security.FileIntegrityService took to complete: 0ms
05-31 18:43:05.194 D/SystemServerTimingAsync( 719): ssm.onCompletedEventUser-0_{|Unlocked|}_com.android.server.flags.FeatureFlagsService
05-31 18:43:05.194 V/SystemServerTimingAsync( 719): ssm.onCompletedEventUser-0_{|Unlocked|}_com.android.server.flags.FeatureFlagsService took to complete: 0ms
05-31 18:43:05.194 D/SystemServerTimingAsync( 719): ssm.onCompletedEventUser-0_{|Unlocked|}_com.android.server.uri.UriGrantsManagerService$Lifecycle
05-31 18:43:05.194 V/SystemServerTimingAsync( 719): ssm.onCompletedEventUser-0_{|Unlocked|}_com.android.server.uri.UriGrantsManagerService$Lifecycle took to complete: 0ms
05-31 18:43:05.194 D/SystemServerTimingAsync( 719): ssm.onCompletedEventUser-0_{|Unlocked|}_com.android.server.powerstats.PowerStatsService
05-31 18:43:05.194 V/SystemServerTimingAsync( 719): ssm.onCompletedEventUser-0_{|Unlocked|}_com.android.server.powerstats.PowerStatsService took to complete: 0ms
05-31 18:43:05.194 D/SystemServerTimingAsync( 719): ssm.onCompletedEventUser-0_{|Unlocked|}_com.android.server.permission.access.AccessCheckingService
05-31 18:43:05.194 V/SystemServerTimingAsync( 719): ssm.onCompletedEventUser-0_{|Unlocked|}_com.android.server.permission.access.AccessCheckingService took to complete: 0ms
05-31 18:43:05.194 D/SystemServerTimingAsync( 719): ssm.onCompletedEventUser-0_{|Unlocked|}_com.android.server.wm.ActivityTaskManagerService$Lifecycle
05-31 18:43:05.195 V/SystemServerTimingAsync( 719): ssm.onCompletedEventUser-0_{|Unlocked|}_com.android.server.wm.ActivityTaskManagerService$Lifecycle took to complete: 0ms
05-31 18:43:05.195 D/SystemServerTimingAsync( 719): ssm.onCompletedEventUser-0_{|Unlocked|}_com.android.server.am.ActivityManagerService$Lifecycle
05-31 18:43:05.195 V/SystemServerTimingAsync( 719): ssm.onCompletedEventUser-0_{|Unlocked|}_com.android.server.am.ActivityManagerService$Lifecycle took to complete: 0ms
05-31 18:43:05.195 D/SystemServerTimingAsync( 719): ssm.onCompletedEventUser-0_{|Unlocked|}_com.android.server.pm.DataLoaderManagerService
05-31 18:43:05.195 V/SystemServerTimingAsync( 719): ssm.onCompletedEventUser-0_{|Unlocked|}_com.android.server.pm.DataLoaderManagerService took to complete: 0ms
05-31 18:43:05.195 D/SystemServerTimingAsync( 719): ssm.onCompletedEventUser-0_{|Unlocked|}_com.android.server.power.PowerManagerService
05-31 18:43:05.195 V/SystemServerTimingAsync( 719): ssm.onCompletedEventUser-0_{|Unlocked|}_com.android.server.power.PowerManagerService took to complete: 0ms
05-31 18:43:05.195 D/SystemServerTimingAsync( 719): ssm.onCompletedEventUser-0_{|Unlocked|}_com.android.server.power.ThermalManagerService
05-31 18:43:05.195 V/SystemServerTimingAsync( 719): ssm.onCompletedEventUser-0_{|Unlocked|}_com.android.server.power.ThermalManagerService took to complete: 0ms
05-31 18:43:05.195 D/SystemServerTimingAsync( 719): ssm.onCompletedEventUser-0_{|Unlocked|}_com.android.server.power.hint.HintManagerService
05-31 18:43:05.195 V/SystemServerTimingAsync( 719): ssm.onCompletedEventUser-0_{|Unlocked|}_com.android.server.power.hint.HintManagerService took to complete: 0ms
05-31 18:43:05.195 D/SystemServerTimingAsync( 719): ssm.onCompletedEventUser-0_{|Unlocked|}_com.android.server.recoverysystem.RecoverySystemService$Lifecycle
05-31 18:43:05.195 V/SystemServerTimingAsync( 719): ssm.onCompletedEventUser-0_{|Unlocked|}_com.android.server.recoverysystem.RecoverySystemService$Lifecycle took to complete: 0ms
05-31 18:43:05.195 D/SystemServerTimingAsync( 719): ssm.onCompletedEventUser-0_{|Unlocked|}_com.android.server.lights.LightsService
05-31 18:43:05.195 V/SystemServerTimingAsync( 719): ssm.onCompletedEventUser-0_{|Unlocked|}_com.android.server.lights.LightsService took to complete: 0ms
05-31 18:43:05.195 D/SystemServerTimingAsync( 719): ssm.onCompletedEventUser-0_{|Unlocked|}_com.android.server.display.DisplayManagerService
05-31 18:43:05.195 V/SystemServerTimingAsync( 719): ssm.onCompletedEventUser-0_{|Unlocked|}_com.android.server.display.DisplayManagerService took to complete: 0ms
05-31 18:43:05.195 D/SystemServerTimingAsync( 719): ssm.onCompletedEventUser-0_{|Unlocked|}_com.android.server.pm.verify.domain.DomainVerificationService
05-31 18:43:05.195 V/SystemServerTimingAsync( 719): ssm.onCompletedEventUser-0_{|Unlocked|}_com.android.server.pm.verify.domain.DomainVerificationService took to complete: 0ms
05-31 18:43:05.195 D/SystemServerTimingAsync( 719): ssm.onCompletedEventUser-0_{|Unlocked|}_com.android.server.pm.PackageInstallerService$Lifecycle
05-31 18:43:05.195 V/SystemServerTimingAsync( 719): ssm.onCompletedEventUser-0_{|Unlocked|}_com.android.server.pm.PackageInstallerService$Lifecycle took to complete: 0ms
05-31 18:43:05.195 D/SystemServerTimingAsync( 719): ssm.onCompletedEventUser-0_{|Unlocked|}_com.android.server.pm.UserManagerService$LifeCycle
05-31 18:43:05.195 V/SystemServerTimingAsync( 719): ssm.onCompletedEventUser-0_{|Unlocked|}_com.android.server.pm.UserManagerService$LifeCycle took to complete: 0ms
05-31 18:43:05.195 D/SystemServerTimingAsync( 719): ssm.onCompletedEventUser-0_{|Unlocked|}_com.android.server.om.OverlayManagerService
05-31 18:43:05.195 V/SystemServerTimingAsync( 719): ssm.onCompletedEventUser-0_{|Unlocked|}_com.android.server.om.OverlayManagerService took to complete: 0ms
05-31 18:43:05.195 D/SystemServerTimingAsync( 719): ssm.onCompletedEventUser-0_{|Unlocked|}_com.android.server.resources.ResourcesManagerService
05-31 18:43:05.195 V/SystemServerTimingAsync( 719): ssm.onCompletedEventUser-0_{|Unlocked|}_com.android.server.resources.ResourcesManagerService took to complete: 0ms
05-31 18:43:05.195 D/SystemServerTimingAsync( 719): ssm.onCompletedEventUser-0_{|Unlocked|}_com.android.server.sensorprivacy.SensorPrivacyService
05-31 18:43:05.195 V/SystemServerTimingAsync( 719): ssm.onCompletedEventUser-0_{|Unlocked|}_com.android.server.sensorprivacy.SensorPrivacyService took to complete: 0ms
05-31 18:43:05.195 D/SystemServerTimingAsync( 719): ssm.onCompletedEventUser-0_{|Unlocked|}_com.android.server.sensors.SensorService
05-31 18:43:05.195 V/SystemServerTimingAsync( 719): ssm.onCompletedEventUser-0_{|Unlocked|}_com.android.server.sensors.SensorService took to complete: 0ms
05-31 18:43:05.195 D/SystemServerTimingAsync( 719): ssm.onCompletedEventUser-0_{|Unlocked|}_com.android.server.SystemConfigService
05-31 18:43:05.195 V/SystemServerTimingAsync( 719): ssm.onCompletedEventUser-0_{|Unlocked|}_com.android.server.SystemConfigService took to complete: 0ms
05-31 18:43:05.195 D/SystemServerTimingAsync( 719): ssm.onCompletedEventUser-0_{|Unlocked|}_com.android.server.BatteryService
05-31 18:43:05.195 V/SystemServerTimingAsync( 719): ssm.onCompletedEventUser-0_{|Unlocked|}_com.android.server.BatteryService took to complete: 0ms
05-31 18:43:05.195 D/SystemServerTimingAsync( 719): ssm.onCompletedEventUser-0_{|Unlocked|}_com.android.server.usage.UsageStatsService
05-31 18:43:05.195 V/SystemServerTimingAsync( 719): ssm.onCompletedEventUser-0_{|Unlocked|}_com.android.server.usage.UsageStatsService took to complete: 0ms
05-31 18:43:05.196 D/SystemServerTimingAsync( 719): ssm.onCompletedEventUser-0_{|Unlocked|}_com.android.server.webkit.WebViewUpdateService
05-31 18:43:05.196 V/SystemServerTimingAsync( 719): ssm.onCompletedEventUser-0_{|Unlocked|}_com.android.server.webkit.WebViewUpdateService took to complete: 0ms
05-31 18:43:05.196 D/SystemServerTimingAsync( 719): ssm.onCompletedEventUser-0_{|Unlocked|}_com.android.server.CachedDeviceStateService
05-31 18:43:05.196 V/SystemServerTimingAsync( 719): ssm.onCompletedEventUser-0_{|Unlocked|}_com.android.server.CachedDeviceStateService took to complete: 0ms
05-31 18:43:05.196 D/SystemServerTimingAsync( 719): ssm.onCompletedEventUser-0_{|Unlocked|}_com.android.server.BinderCallsStatsService$LifeCycle
05-31 18:43:05.196 V/SystemServerTimingAsync( 719): ssm.onCompletedEventUser-0_{|Unlocked|}_com.android.server.BinderCallsStatsService$LifeCycle took to complete: 0ms
05-31 18:43:05.196 D/SystemServerTimingAsync( 719): ssm.onCompletedEventUser-0_{|Unlocked|}_com.android.server.LooperStatsService$Lifecycle
05-31 18:43:05.196 V/SystemServerTimingAsync( 719): ssm.onCompletedEventUser-0_{|Unlocked|}_com.android.server.LooperStatsService$Lifecycle took to complete: 0ms
05-31 18:43:05.196 D/SystemServerTimingAsync( 719): ssm.onCompletedEventUser-0_{|Unlocked|}_com.android.server.rollback.RollbackManagerService
05-31 18:43:05.196 V/SystemServerTimingAsync( 719): ssm.onCompletedEventUser-0_{|Unlocked|}_com.android.server.rollback.RollbackManagerService took to complete: 0ms
05-31 18:43:05.196 D/SystemServerTimingAsync( 719): ssm.onCompletedEventUser-0_{|Unlocked|}_com.android.server.os.NativeTombstoneManagerService
05-31 18:43:05.196 V/SystemServerTimingAsync( 719): ssm.onCompletedEventUser-0_{|Unlocked|}_com.android.server.os.NativeTombstoneManagerService took to complete: 0ms
05-31 18:43:05.196 D/SystemServerTimingAsync( 719): ssm.onCompletedEventUser-0_{|Unlocked|}_com.android.server.os.BugreportManagerService
05-31 18:43:05.196 V/SystemServerTimingAsync( 719): ssm.onCompletedEventUser-0_{|Unlocked|}_com.android.server.os.BugreportManagerService took to complete: 0ms
05-31 18:43:05.196 D/SystemServerTimingAsync( 719): ssm.onCompletedEventUser-0_{|Unlocked|}_com.android.server.gpu.GpuService
05-31 18:43:05.196 V/SystemServerTimingAsync( 719): ssm.onCompletedEventUser-0_{|Unlocked|}_com.android.server.gpu.GpuService took to complete: 0ms
05-31 18:43:05.196 D/SystemServerTimingAsync( 719): ssm.onCompletedEventUser-0_{|Unlocked|}_com.android.server.security.rkp.RemoteProvisioningService
05-31 18:43:05.196 V/SystemServerTimingAsync( 719): ssm.onCompletedEventUser-0_{|Unlocked|}_com.android.server.security.rkp.RemoteProvisioningService took to complete: 0ms
05-31 18:43:05.196 D/SystemServerTimingAsync( 719): ssm.onCompletedEventUser-0_{|Unlocked|}_com.android.server.cpu.CpuMonitorService
05-31 18:43:05.196 V/SystemServerTimingAsync( 719): ssm.onCompletedEventUser-0_{|Unlocked|}_com.android.server.cpu.CpuMonitorService took to complete: 0ms
05-31 18:43:05.196 D/SystemServerTimingAsync( 719): ssm.onCompletedEventUser-0_{|Unlocked|}_com.android.server.security.KeyChainSystemService
05-31 18:43:05.196 V/SystemServerTimingAsync( 719): ssm.onCompletedEventUser-0_{|Unlocked|}_com.android.server.security.KeyChainSystemService took to complete: 0ms
05-31 18:43:05.196 D/SystemServerTimingAsync( 719): ssm.onCompletedEventUser-0_{|Unlocked|}_com.android.server.BinaryTransparencyService
05-31 18:43:05.196 V/SystemServerTimingAsync( 719): ssm.onCompletedEventUser-0_{|Unlocked|}_com.android.server.BinaryTransparencyService took to complete: 0ms
05-31 18:43:05.196 D/SystemServerTimingAsync( 719): ssm.onCompletedEventUser-0_{|Unlocked|}_com.android.server.accounts.AccountManagerService$Lifecycle
05-31 18:43:05.196 V/SystemServerTimingAsync( 719): ssm.onCompletedEventUser-0_{|Unlocked|}_com.android.server.accounts.AccountManagerService$Lifecycle took to complete: 0ms
05-31 18:43:05.196 D/SystemServerTimingAsync( 719): ssm.onCompletedEventUser-0_{|Unlocked|}_com.android.server.content.ContentService$Lifecycle
05-31 18:43:05.196 V/SystemServerTimingAsync( 719): ssm.onCompletedEventUser-0_{|Unlocked|}_com.android.server.content.ContentService$Lifecycle took to complete: 0ms
05-31 18:43:05.196 D/SystemServerTimingAsync( 719): ssm.onCompletedEventUser-0_{|Unlocked|}_com.android.server.deviceconfig.DeviceConfigInit$Lifecycle
05-31 18:43:05.196 V/SystemServerTimingAsync( 719): ssm.onCompletedEventUser-0_{|Unlocked|}_com.android.server.deviceconfig.DeviceConfigInit$Lifecycle took to complete: 0ms
05-31 18:43:05.196 D/SystemServerTimingAsync( 719): ssm.onCompletedEventUser-0_{|Unlocked|}_com.android.server.DropBoxManagerService
05-31 18:43:05.196 V/SystemServerTimingAsync( 719): ssm.onCompletedEventUser-0_{|Unlocked|}_com.android.server.DropBoxManagerService took to complete: 0ms
05-31 18:43:05.196 D/SystemServerTimingAsync( 719): ssm.onCompletedEventUser-0_{|Unlocked|}_com.android.role.RoleService
05-31 18:43:05.196 V/SystemServerTimingAsync( 719): ssm.onCompletedEventUser-0_{|Unlocked|}_com.android.role.RoleService took to complete: 0ms
05-31 18:43:05.196 D/SystemServerTimingAsync( 719): ssm.onCompletedEventUser-0_{|Unlocked|}_com.android.server.vibrator.VibratorManagerService$Lifecycle
05-31 18:43:05.196 V/SystemServerTimingAsync( 719): ssm.onCompletedEventUser-0_{|Unlocked|}_com.android.server.vibrator.VibratorManagerService$Lifecycle took to complete: 0ms
05-31 18:43:05.196 D/SystemServerTimingAsync( 719): ssm.onCompletedEventUser-0_{|Unlocked|}_com.android.server.tare.InternalResourceService
05-31 18:43:05.196 V/SystemServerTimingAsync( 719): ssm.onCompletedEventUser-0_{|Unlocked|}_com.android.server.tare.InternalResourceService took to complete: 0ms
05-31 18:43:05.196 D/SystemServerTimingAsync( 719): ssm.onCompletedEventUser-0_{|Unlocked|}_com.android.server.alarm.AlarmManagerService
05-31 18:43:05.196 V/SystemServerTimingAsync( 719): ssm.onCompletedEventUser-0_{|Unlocked|}_com.android.server.alarm.AlarmManagerService took to complete: 0ms
05-31 18:43:05.196 D/SystemServerTimingAsync( 719): ssm.onCompletedEventUser-0_{|Unlocked|}_com.android.server.devicestate.DeviceStateManagerService
05-31 18:43:05.197 V/SystemServerTimingAsync( 719): ssm.onCompletedEventUser-0_{|Unlocked|}_com.android.server.devicestate.DeviceStateManagerService took to complete: 0ms
05-31 18:43:05.197 D/SystemServerTimingAsync( 719): ssm.onCompletedEventUser-0_{|Unlocked|}_com.android.server.camera.CameraServiceProxy
05-31 18:43:05.197 V/SystemServerTimingAsync( 719): ssm.onCompletedEventUser-0_{|Unlocked|}_com.android.server.camera.CameraServiceProxy took to complete: 0ms
05-31 18:43:05.197 D/SystemServerTimingAsync( 719): ssm.onCompletedEventUser-0_{|Unlocked|}_com.android.server.bluetooth.BluetoothService
05-31 18:43:05.197 V/SystemServerTimingAsync( 719): ssm.onCompletedEventUser-0_{|Unlocked|}_com.android.server.bluetooth.BluetoothService took to complete: 0ms
05-31 18:43:05.197 D/SystemServerTimingAsync( 719): ssm.onCompletedEventUser-0_{|Unlocked|}_com.android.server.connectivity.IpConnectivityMetrics
05-31 18:43:05.197 V/SystemServerTimingAsync( 719): ssm.onCompletedEventUser-0_{|Unlocked|}_com.android.server.connectivity.IpConnectivityMetrics took to complete: 0ms
05-31 18:43:05.197 D/SystemServerTimingAsync( 719): ssm.onCompletedEventUser-0_{|Unlocked|}_com.android.server.net.watchlist.NetworkWatchlistService$Lifecycle
05-31 18:43:05.197 V/SystemServerTimingAsync( 719): ssm.onCompletedEventUser-0_{|Unlocked|}_com.android.server.net.watchlist.NetworkWatchlistService$Lifecycle took to complete: 0ms
05-31 18:43:05.197 D/SystemServerTimingAsync( 719): ssm.onCompletedEventUser-0_{|Unlocked|}_com.android.server.PinnerService
05-31 18:43:05.197 V/SystemServerTimingAsync( 719): ssm.onCompletedEventUser-0_{|Unlocked|}_com.android.server.PinnerService took to complete: 0ms
05-31 18:43:05.197 D/SystemServerTimingAsync( 719): ssm.onCompletedEventUser-0_{|Unlocked|}_com.android.server.integrity.AppIntegrityManagerService
05-31 18:43:05.197 V/SystemServerTimingAsync( 719): ssm.onCompletedEventUser-0_{|Unlocked|}_com.android.server.integrity.AppIntegrityManagerService took to complete: 0ms
05-31 18:43:05.197 D/SystemServerTimingAsync( 719): ssm.onCompletedEventUser-0_{|Unlocked|}_com.android.server.logcat.LogcatManagerService
05-31 18:43:05.197 V/SystemServerTimingAsync( 719): ssm.onCompletedEventUser-0_{|Unlocked|}_com.android.server.logcat.LogcatManagerService took to complete: 0ms
05-31 18:43:05.197 D/SystemServerTimingAsync( 719): ssm.onCompletedEventUser-0_{|Unlocked|}_com.android.server.inputmethod.InputMethodManagerService$Lifecycle
05-31 18:43:05.197 V/SystemServerTimingAsync( 719): ssm.onCompletedEventUser-0_{|Unlocked|}_com.android.server.inputmethod.InputMethodManagerService$Lifecycle took to complete: 0ms
05-31 18:43:05.197 D/SystemServerTimingAsync( 719): ssm.onCompletedEventUser-0_{|Unlocked|}_com.android.server.accessibility.AccessibilityManagerService$Lifecycle
05-31 18:43:05.197 V/SystemServerTimingAsync( 719): ssm.onCompletedEventUser-0_{|Unlocked|}_com.android.server.accessibility.AccessibilityManagerService$Lifecycle took to complete: 0ms
05-31 18:43:05.197 D/SystemServerTimingAsync( 719): ssm.onCompletedEventUser-0_{|Unlocked|}_com.android.server.StorageManagerService$Lifecycle
05-31 18:43:05.197 V/SystemServerTimingAsync( 719): ssm.onCompletedEventUser-0_{|Unlocked|}_com.android.server.StorageManagerService$Lifecycle took to complete: 0ms
05-31 18:43:05.197 D/SystemServerTimingAsync( 719): ssm.onCompletedEventUser-0_{|Unlocked|}_com.android.server.usage.StorageStatsService$Lifecycle
05-31 18:43:05.197 V/SystemServerTimingAsync( 719): ssm.onCompletedEventUser-0_{|Unlocked|}_com.android.server.usage.StorageStatsService$Lifecycle took to complete: 0ms
05-31 18:43:05.197 D/SystemServerTimingAsync( 719): ssm.onCompletedEventUser-0_{|Unlocked|}_com.android.server.UiModeManagerService
05-31 18:43:05.197 V/SystemServerTimingAsync( 719): ssm.onCompletedEventUser-0_{|Unlocked|}_com.android.server.UiModeManagerService took to complete: 0ms
05-31 18:43:05.197 D/SystemServerTimingAsync( 719): ssm.onCompletedEventUser-0_{|Unlocked|}_com.android.server.locales.LocaleManagerService
05-31 18:43:05.197 V/SystemServerTimingAsync( 719): ssm.onCompletedEventUser-0_{|Unlocked|}_com.android.server.locales.LocaleManagerService took to complete: 0ms
05-31 18:43:05.197 D/SystemServerTimingAsync( 719): ssm.onCompletedEventUser-0_{|Unlocked|}_com.android.server.grammaticalinflection.GrammaticalInflectionService
05-31 18:43:05.197 V/SystemServerTimingAsync( 719): ssm.onCompletedEventUser-0_{|Unlocked|}_com.android.server.grammaticalinflection.GrammaticalInflectionService took to complete: 0ms
05-31 18:43:05.197 D/SystemServerTimingAsync( 719): ssm.onCompletedEventUser-0_{|Unlocked|}_com.android.server.apphibernation.AppHibernationService
05-31 18:43:05.197 V/SystemServerTimingAsync( 719): ssm.onCompletedEventUser-0_{|Unlocked|}_com.android.server.apphibernation.AppHibernationService took to complete: 0ms
05-31 18:43:05.197 D/SystemServerTimingAsync( 719): ssm.onCompletedEventUser-0_{|Unlocked|}_com.android.server.locksettings.LockSettingsService$Lifecycle
05-31 18:43:05.197 V/SystemServerTimingAsync( 719): ssm.onCompletedEventUser-0_{|Unlocked|}_com.android.server.locksettings.LockSettingsService$Lifecycle took to complete: 0ms
05-31 18:43:05.198 D/SystemServerTimingAsync( 719): ssm.onCompletedEventUser-0_{|Unlocked|}_com.android.server.PersistentDataBlockService
05-31 18:43:05.198 V/SystemServerTimingAsync( 719): ssm.onCompletedEventUser-0_{|Unlocked|}_com.android.server.PersistentDataBlockService took to complete: 0ms
