06-03 11:02:39.778 I/bt_btif ( 2483): packages/modules/Bluetooth/system/main/bte_logmsg.cc:115 LogMsg: bta_hh_gattc_callback event:BTA_GATTC_NOTIF_EVT
06-03 11:02:39.778 I/bt_btif ( 2483): packages/modules/Bluetooth/system/main/bte_logmsg.cc:115 LogMsg: Notification received on report ID: 1
06-03 11:02:39.778 I/bt_btif ( 2483): packages/modules/Bluetooth/system/main/bte_logmsg.cc:115 LogMsg: bta_hh_co_data: dev_handle = 16, subclass = 0x00, mode = 0, ctry_code = 0, app_id = 255
06-03 11:02:39.778 I/bt_btif ( 2483): packages/modules/Bluetooth/system/main/bte_logmsg.cc:115 LogMsg: bta_hh_co_write: UHID write 9
06-03 11:02:39.778 D/XM_HIDREAD( 1921): poll ret=1, event=1
06-03 11:02:39.778 D/XM_HIDREAD( 1921): [9 bytes]:01 00 00 00 00 00 00 00 00
06-03 11:02:39.781 I/SogouIME( 1436): onKeyUp: keyoCode=22
06-03 11:02:39.781 I/DefaultIMS( 1436): onKeyUp: keyoCode=22
06-03 11:02:39.782 D/bluetooth( 2483): packages/modules/Bluetooth/system/gd/hci/le_scanning_reassembler.cc:64 ProcessAdvertisingReport: Dropping repeated legacy advertising data
06-03 11:02:39.782 E/SecondScreen( 1467): FirstScreenLayoutView dispatchKeyEvent 22
06-03 11:02:39.784 D/bluetooth( 2483): packages/modules/Bluetooth/system/gd/hci/le_scanning_reassembler.cc:64 ProcessAdvertisingReport: Dropping repeated legacy advertising data
06-03 11:02:39.786 D/bluetooth( 2483): packages/modules/Bluetooth/system/gd/hci/le_scanning_reassembler.cc:64 ProcessAdvertisingReport: Dropping repeated legacy advertising data
06-03 11:02:39.787 I/bt_btif ( 2483): packages/modules/Bluetooth/system/main/bte_logmsg.cc:112 LogMsg: operator(): HAL bt_hal_cbacks->remote_device_properties_cb
06-03 11:02:39.792 D/bluetooth( 2483): packages/modules/Bluetooth/system/gd/hci/le_scanning_reassembler.cc:64 ProcessAdvertisingReport: Dropping repeated legacy advertising data
06-03 11:02:39.794 D/bluetooth( 2483): packages/modules/Bluetooth/system/gd/hci/le_scanning_reassembler.cc:64 ProcessAdvertisingReport: Dropping repeated legacy advertising data
06-03 11:02:39.822 W/id.ext.services( 1097): ApkAssets: Deleting an ApkAssets object ' and /system/app/dangbei-screencast/dangbei-screencast.apk' with 1 weak references
06-03 11:02:39.844 I/audio_hw_hal_primary( 482): [audiohal_get_latency:1333] io 13: out:0xe49c5650 frames:1152 rate:48000 whole_latency:24 alsa_latency:24
06-03 11:02:39.844 I/audio_hw_hal_primary( 482): [audiohal_get_latency:1333] io 13: out:0xe49c5650 frames:1152 rate:48000 whole_latency:24 alsa_latency:24
06-03 11:02:39.866 I/audio_hw_hal_primary( 482): [audiohal_get_latency:1333] io 13: out:0xe49c5650 frames:1152 rate:48000 whole_latency:24 alsa_latency:24
06-03 11:02:39.866 I/audio_hw_hal_primary( 482): [audiohal_get_latency:1333] io 13: out:0xe49c5650 frames:1152 rate:48000 whole_latency:24 alsa_latency:24
06-03 11:02:39.872 D/bluetooth( 2483): packages/modules/Bluetooth/system/gd/hci/le_scanning_reassembler.cc:64 ProcessAdvertisingReport: Dropping repeated legacy advertising data
06-03 11:02:39.874 D/bluetooth( 2483): packages/modules/Bluetooth/system/gd/hci/le_scanning_reassembler.cc:64 ProcessAdvertisingReport: Dropping repeated legacy advertising data
06-03 11:02:39.879 D/bluetooth( 2483): packages/modules/Bluetooth/system/stack/arbiter/acl_arbiter.cc:96 InterceptAttPacket: Intercepting ATT packet and forwarding to Rust
06-03 11:02:39.879 D/bluetooth( 2483): packages/modules/Bluetooth/system/stack/gatt/gatt_attr.cc:579 gatt_cl_op_cmpl_cback: Not interested in opcode 6
06-03 11:02:39.882 D/bluetooth( 2483): packages/modules/Bluetooth/system/gd/hci/le_scanning_reassembler.cc:64 ProcessAdvertisingReport: Dropping repeated legacy advertising data
06-03 11:02:39.886 D/bluetooth( 2483): packages/modules/Bluetooth/system/gd/hci/le_scanning_reassembler.cc:64 ProcessAdvertisingReport: Dropping repeated legacy advertising data
06-03 11:02:39.886 I/audio_hw_hal_primary( 482): [audiohal_get_latency:1333] io 13: out:0xe49c5650 frames:1152 rate:48000 whole_latency:24 alsa_latency:24
06-03 11:02:39.887 I/audio_hw_hal_primary( 482): [audiohal_get_latency:1333] io 13: out:0xe49c5650 frames:1152 rate:48000 whole_latency:24 alsa_latency:24
06-03 11:02:39.892 D/bluetooth( 2483): packages/modules/Bluetooth/system/gd/hci/le_scanning_reassembler.cc:64 ProcessAdvertisingReport: Dropping repeated legacy advertising data
06-03 11:02:39.908 I/audio_hw_hal_primary( 482): [audiohal_get_latency:1333] io 13: out:0xe49c5650 frames:1152 rate:48000 whole_latency:24 alsa_latency:24
06-03 11:02:39.908 I/audio_hw_hal_primary( 482): [audiohal_get_latency:1333] io 13: out:0xe49c5650 frames:1152 rate:48000 whole_latency:24 alsa_latency:24
06-03 11:02:39.919 D/bluetooth( 2483): packages/modules/Bluetooth/system/gd/hci/le_scanning_reassembler.cc:64 ProcessAdvertisingReport: Dropping repeated legacy advertising data
06-03 11:02:39.921 D/bluetooth( 2483): packages/modules/Bluetooth/system/gd/hci/le_scanning_reassembler.cc:64 ProcessAdvertisingReport: Dropping repeated legacy advertising data
06-03 11:02:39.930 I/audio_hw_hal_primary( 482): [audiohal_get_latency:1333] io 13: out:0xe49c5650 frames:1152 rate:48000 whole_latency:24 alsa_latency:24
06-03 11:02:39.930 I/audio_hw_hal_primary( 482): [audiohal_get_latency:1333] io 13: out:0xe49c5650 frames:1152 rate:48000 whole_latency:24 alsa_latency:24
06-03 11:02:39.939 D/bluetooth( 2483): packages/modules/Bluetooth/system/gd/hci/le_scanning_reassembler.cc:64 ProcessAdvertisingReport: Dropping repeated legacy advertising data
06-03 11:02:39.942 D/bluetooth( 2483): packages/modules/Bluetooth/system/gd/hci/le_scanning_reassembler.cc:64 ProcessAdvertisingReport: Dropping repeated legacy advertising data
06-03 11:02:39.947 D/bluetooth( 2483): packages/modules/Bluetooth/system/gd/hci/le_scanning_reassembler.cc:64 ProcessAdvertisingReport: Dropping repeated legacy advertising data
06-03 11:02:39.952 D/bluetooth( 2483): packages/modules/Bluetooth/system/gd/hci/le_scanning_reassembler.cc:64 ProcessAdvertisingReport: Dropping repeated legacy advertising data
06-03 11:02:39.952 I/audio_hw_hal_primary( 482): [audiohal_get_latency:1333] io 13: out:0xe49c5650 frames:1152 rate:48000 whole_latency:24 alsa_latency:24
06-03 11:02:39.952 I/audio_hw_hal_primary( 482): [audiohal_get_latency:1333] io 13: out:0xe49c5650 frames:1024 rate:48000 whole_latency:21 alsa_latency:21
06-03 11:02:39.964 D/bluetooth( 2483): packages/modules/Bluetooth/system/gd/hci/le_scanning_reassembler.cc:64 ProcessAdvertisingReport: Dropping repeated legacy advertising data
06-03 11:02:39.972 I/audio_hw_hal_primary( 482): [audiohal_get_latency:1333] io 13: out:0xe49c5650 frames:1152 rate:48000 whole_latency:24 alsa_latency:24
06-03 11:02:39.972 I/audio_hw_hal_primary( 482): [audiohal_get_latency:1333] io 13: out:0xe49c5650 frames:1152 rate:48000 whole_latency:24 alsa_latency:24
06-03 11:02:39.982 D/bluetooth( 2483): packages/modules/Bluetooth/system/gd/hci/le_scanning_reassembler.cc:64 ProcessAdvertisingReport: Dropping repeated legacy advertising data
06-03 11:02:39.983 D/bluetooth( 2483): packages/modules/Bluetooth/system/gd/hci/le_scanning_reassembler.cc:64 ProcessAdvertisingReport: Dropping repeated legacy advertising data
06-03 11:02:39.989 D/bluetooth( 2483): packages/modules/Bluetooth/system/gd/hci/le_scanning_reassembler.cc:64 ProcessAdvertisingReport: Dropping repeated legacy advertising data
06-03 11:02:39.992 D/bluetooth( 2483): packages/modules/Bluetooth/system/gd/hci/le_scanning_reassembler.cc:64 ProcessAdvertisingReport: Dropping repeated legacy advertising data
06-03 11:02:39.993 I/audio_hw_hal_primary( 482): [audiohal_get_latency:1333] io 13: out:0xe49c5650 frames:1152 rate:48000 whole_latency:24 alsa_latency:24
06-03 11:02:39.994 I/audio_hw_hal_primary( 482): [audiohal_get_latency:1333] io 13: out:0xe49c5650 frames:1152 rate:48000 whole_latency:24 alsa_latency:24
06-03 11:02:39.998 D/bluetooth( 2483): packages/modules/Bluetooth/system/gd/hci/le_scanning_reassembler.cc:64 ProcessAdvertisingReport: Dropping repeated legacy advertising data
06-03 11:02:40.007 D/bluetooth( 2483): packages/modules/Bluetooth/system/gd/hci/le_scanning_reassembler.cc:64 ProcessAdvertisingReport: Dropping repeated legacy advertising data
06-03 11:02:40.010 D/bluetooth( 2483): packages/modules/Bluetooth/system/gd/hci/le_scanning_reassembler.cc:64 ProcessAdvertisingReport: Dropping repeated legacy advertising data
06-03 11:02:40.014 I/audio_hw_hal_primary( 482): [audiohal_get_latency:1333] io 13: out:0xe49c5650 frames:1152 rate:48000 whole_latency:24 alsa_latency:24
06-03 11:02:40.014 I/audio_hw_hal_primary( 482): [audiohal_get_latency:1333] io 13: out:0xe49c5650 frames:1152 rate:48000 whole_latency:24 alsa_latency:24
06-03 11:02:40.015 D/audioserver( 528): logFgsApiEnd: FGS Logger Transaction failed, -129
06-03 11:02:40.015 D/bluetooth( 2483): packages/modules/Bluetooth/system/gd/hci/le_scanning_reassembler.cc:64 ProcessAdvertisingReport: Dropping repeated legacy advertising data
06-03 11:02:40.017 D/audioserver( 528): logFgsApiEnd: FGS Logger Transaction failed, -129
06-03 11:02:40.025 D/bluetooth( 2483): packages/modules/Bluetooth/system/gd/hci/le_scanning_reassembler.cc:64 ProcessAdvertisingReport: Dropping repeated legacy advertising data
06-03 11:02:40.030 D/bluetooth( 2483): packages/modules/Bluetooth/system/gd/hci/le_scanning_reassembler.cc:64 ProcessAdvertisingReport: Dropping repeated legacy advertising data
06-03 11:02:40.065 D/bluetooth( 2483): packages/modules/Bluetooth/system/gd/hci/le_scanning_reassembler.cc:64 ProcessAdvertisingReport: Dropping repeated legacy advertising data
06-03 11:02:40.066 D/bluetooth( 2483): packages/modules/Bluetooth/system/gd/hci/le_scanning_reassembler.cc:64 ProcessAdvertisingReport: Dropping repeated legacy advertising data
06-03 11:02:40.087 D/bluetooth( 2483): packages/modules/Bluetooth/system/gd/hci/le_scanning_reassembler.cc:64 ProcessAdvertisingReport: Dropping repeated legacy advertising data
06-03 11:02:40.093 D/bluetooth( 2483): packages/modules/Bluetooth/system/gd/hci/le_scanning_reassembler.cc:64 ProcessAdvertisingReport: Dropping repeated legacy advertising data
06-03 11:02:40.094 D/bluetooth( 2483): packages/modules/Bluetooth/system/gd/hci/le_scanning_reassembler.cc:64 ProcessAdvertisingReport: Dropping repeated legacy advertising data
06-03 11:02:40.107 D/bluetooth( 2483): packages/modules/Bluetooth/system/gd/hci/le_scanning_reassembler.cc:64 ProcessAdvertisingReport: Dropping repeated legacy advertising data
06-03 11:02:40.111 D/bluetooth( 2483): packages/modules/Bluetooth/system/gd/hci/le_scanning_reassembler.cc:64 ProcessAdvertisingReport: Dropping repeated legacy advertising data
06-03 11:02:40.122 D/bluetooth( 2483): packages/modules/Bluetooth/system/gd/hci/le_scanning_reassembler.cc:64 ProcessAdvertisingReport: Dropping repeated legacy advertising data
06-03 11:02:40.127 D/bluetooth( 2483): packages/modules/Bluetooth/system/gd/hci/le_scanning_reassembler.cc:64 ProcessAdvertisingReport: Dropping repeated legacy advertising data
06-03 11:02:40.131 D/bluetooth( 2483): packages/modules/Bluetooth/system/gd/hci/le_scanning_reassembler.cc:64 ProcessAdvertisingReport: Dropping repeated legacy advertising data
06-03 11:02:40.133 D/bluetooth( 2483): packages/modules/Bluetooth/system/gd/hci/le_scanning_reassembler.cc:64 ProcessAdvertisingReport: Dropping repeated legacy advertising data
06-03 11:02:40.139 D/bluetooth( 2483): packages/modules/Bluetooth/system/gd/hci/le_scanning_reassembler.cc:64 ProcessAdvertisingReport: Dropping repeated legacy advertising data
06-03 11:02:40.152 D/bluetooth( 2483): packages/modules/Bluetooth/system/gd/hci/le_scanning_reassembler.cc:64 ProcessAdvertisingReport: Dropping repeated legacy advertising data
06-03 11:02:40.171 D/bluetooth( 2483): packages/modules/Bluetooth/system/stack/arbiter/acl_arbiter.cc:96 InterceptAttPacket: Intercepting ATT packet and forwarding to Rust
06-03 11:02:40.171 D/bluetooth( 2483): packages/modules/Bluetooth/system/stack/gatt/gatt_attr.cc:579 gatt_cl_op_cmpl_cback: Not interested in opcode 6
06-03 11:02:40.172 I/bt_btif ( 2483): packages/modules/Bluetooth/system/main/bte_logmsg.cc:115 LogMsg: bta_hh_gattc_callback event:BTA_GATTC_NOTIF_EVT
06-03 11:02:40.172 I/bt_btif ( 2483): packages/modules/Bluetooth/system/main/bte_logmsg.cc:115 LogMsg: Notification received on report ID: 1
06-03 11:02:40.172 I/bt_btif ( 2483): packages/modules/Bluetooth/system/main/bte_logmsg.cc:115 LogMsg: bta_hh_co_data: dev_handle = 16, subclass = 0x00, mode = 0, ctry_code = 0, app_id = 255
06-03 11:02:40.172 I/bt_btif ( 2483): packages/modules/Bluetooth/system/main/bte_logmsg.cc:115 LogMsg: bta_hh_co_write: UHID write 9
06-03 11:02:40.172 D/XM_HIDREAD( 1921): poll ret=1, event=1
06-03 11:02:40.172 D/XM_HIDREAD( 1921): [9 bytes]:01 00 00 52 00 00 00 00 00
06-03 11:02:40.183 D/bluetooth( 2483): packages/modules/Bluetooth/system/gd/hci/le_scanning_reassembler.cc:64 ProcessAdvertisingReport: Dropping repeated legacy advertising data
06-03 11:02:40.191 I/audio_hw_hal_primary( 482): [register_audio_patch:8215] Patch 3:id:3 mix(io:13)->dev_0[OUT_HDMI(id:22)] found, register the same patch, do nothing.
06-03 11:02:40.191 I/audio_hw_hal_primary( 482): [adev_create_audio_patch:8316] Patch 3: MIX->DEVICE, num_src:1 num_sink:1 patch_src:INVAL
06-03 11:02:40.191 I/audio_hw_hal_primary( 482): [adev_create_audio_patch:8320] sink[0]: OUT_HDMI(id:22)
06-03 11:02:40.191 I/audio_hw_hal_primary( 482): [adev_create_audio_patch:8377] Patch 3: mix(io:13) -> dev[OUT_HDMI(id:22)]
06-03 11:02:40.192 I/audio_hw_hal_primary( 482): [adev_create_audio_patch:8445] dev=0xe6303dc0 cur_out_device=0x400
06-03 11:02:40.192 D/UEventObserver( 1046): change@/devices/platform/auge_sound/sound/card0/controlC0ACTION=changeDEVPATH=/devices/platform/auge_sound/sound/card0/controlC0SUBSYSTEM=soundAUDIO_FORMAT=0MAJOR=116MINOR=13DEVNAME=snd/controlC0SEQNUM=3537
06-03 11:02:40.193 I/resolv ( 469): GetAddrInfoHandler::run: {100 786532 100 983140 1000 0}
06-03 11:02:40.196 I/resolv ( 469): res_nmkquery: (QUERY, IN, A)
06-03 11:02:40.196 I/resolv ( 469): resolv_cache_lookup: FOUND IN CACHE entry=0xead86910
06-03 11:02:40.196 I/resolv ( 469): doQuery: rcode=0, ancount=17, return value=504
06-03 11:02:40.197 I/resolv ( 469): GetAddrInfoHandler::run: {100 786532 100 983140 1000 0}
06-03 11:02:40.202 I/resolv ( 469): res_nmkquery: (QUERY, IN, A)
06-03 11:02:40.202 I/resolv ( 469): resolv_cache_lookup: FOUND IN CACHE entry=0xead86910
06-03 11:02:40.202 I/resolv ( 469): doQuery: rcode=0, ancount=17, return value=504
06-03 11:02:40.204 D/TrafficStats( 1467): tagSocket(77) with statsTag=0xffffffff, statsUid=-1
06-03 11:02:40.208 D/audioserver( 528): logFgsApiBegin: FGS Logger Transaction failed, -129
06-03 11:02:40.209 I/SogouIME( 1436): onKeyDown: keyoCode=19
06-03 11:02:40.209 I/DefaultIMS( 1436): onKeyDown: keyoCode=19
06-03 11:02:40.214 D/TrafficStats( 1467): tagSocket(136) with statsTag=0xffffffff, statsUid=-1
06-03 11:02:40.215 E/SecondScreen( 1467): FirstScreenLayoutView dispatchKeyEvent 19
06-03 11:02:40.230 I/audio_hw_hal_primary( 482): out_update_source_metadata_v7() line 2013 usage:1 content_type:2
06-03 11:02:40.232 D/bluetooth( 2483): packages/modules/Bluetooth/system/gd/hci/le_scanning_reassembler.cc:64 ProcessAdvertisingReport: Dropping repeated legacy advertising data
06-03 11:02:40.234 D/bluetooth( 2483): packages/modules/Bluetooth/system/gd/hci/le_scanning_reassembler.cc:64 ProcessAdvertisingReport: Dropping repeated legacy advertising data
06-03 11:02:40.236 D/bluetooth( 2483): packages/modules/Bluetooth/system/gd/hci/le_scanning_reassembler.cc:64 ProcessAdvertisingReport: Dropping repeated legacy advertising data
06-03 11:02:40.266 D/bluetooth( 2483): packages/modules/Bluetooth/system/gd/hci/le_scanning_reassembler.cc:64 ProcessAdvertisingReport: Dropping repeated legacy advertising data
06-03 11:02:40.288 D/bluetooth( 2483): packages/modules/Bluetooth/system/gd/hci/le_scanning_reassembler.cc:64 ProcessAdvertisingReport: Dropping repeated legacy advertising data
06-03 11:02:40.289 D/bluetooth( 2483): packages/modules/Bluetooth/system/gd/hci/le_scanning_reassembler.cc:64 ProcessAdvertisingReport: Dropping repeated legacy advertising data
06-03 11:02:40.296 D/bluetooth( 2483): packages/modules/Bluetooth/system/stack/arbiter/acl_arbiter.cc:96 InterceptAttPacket: Intercepting ATT packet and forwarding to Rust
06-03 11:02:40.296 I/audio_hw_hal_alsamgr( 482): alsa format =0x1 delay frames =1024 total frames=2127360
06-03 11:02:40.296 D/bluetooth( 2483): packages/modules/Bluetooth/system/stack/gatt/gatt_attr.cc:579 gatt_cl_op_cmpl_cback: Not interested in opcode 6
06-03 11:02:40.296 I/bt_btif ( 2483): packages/modules/Bluetooth/system/main/bte_logmsg.cc:115 LogMsg: bta_hh_gattc_callback event:BTA_GATTC_NOTIF_EVT
06-03 11:02:40.296 I/bt_btif ( 2483): packages/modules/Bluetooth/system/main/bte_logmsg.cc:115 LogMsg: Notification received on report ID: 1
06-03 11:02:40.296 I/bt_btif ( 2483): packages/modules/Bluetooth/system/main/bte_logmsg.cc:115 LogMsg: bta_hh_co_data: dev_handle = 16, subclass = 0x00, mode = 0, ctry_code = 0, app_id = 255
06-03 11:02:40.296 I/bt_btif ( 2483): packages/modules/Bluetooth/system/main/bte_logmsg.cc:115 LogMsg: bta_hh_co_write: UHID write 9
06-03 11:02:40.296 D/XM_HIDREAD( 1921): poll ret=1, event=1
06-03 11:02:40.296 D/XM_HIDREAD( 1921): [9 bytes]:01 00 00 00 00 00 00 00 00
06-03 11:02:40.299 D/bluetooth( 2483): packages/modules/Bluetooth/system/gd/hci/le_scanning_reassembler.cc:64 ProcessAdvertisingReport: Dropping repeated legacy advertising data
06-03 11:02:40.302 D/bluetooth( 2483): packages/modules/Bluetooth/system/gd/hci/le_scanning_reassembler.cc:64 ProcessAdvertisingReport: Dropping repeated legacy advertising data
06-03 11:02:40.322 D/bluetooth( 2483): packages/modules/Bluetooth/system/gd/hci/le_scanning_reassembler.cc:64 ProcessAdvertisingReport: Dropping repeated legacy advertising data
06-03 11:02:40.323 D/bluetooth( 2483): packages/modules/Bluetooth/system/gd/hci/le_scanning_reassembler.cc:64 ProcessAdvertisingReport: Dropping repeated legacy advertising data
06-03 11:02:40.326 D/TrafficStats( 1467): tagSocket(77) with statsTag=0xffffffff, statsUid=-1
06-03 11:02:40.329 D/TrafficStats( 1467): tagSocket(134) with statsTag=0xffffffff, statsUid=-1
06-03 11:02:40.331 I/SogouIME( 1436): onKeyUp: keyoCode=19
06-03 11:02:40.331 I/DefaultIMS( 1436): onKeyUp: keyoCode=19
06-03 11:02:40.335 D/bluetooth( 2483): packages/modules/Bluetooth/system/gd/hci/le_scanning_reassembler.cc:64 ProcessAdvertisingReport: Dropping repeated legacy advertising data
06-03 11:02:40.336 D/TrafficStats( 1467): tagSocket(136) with statsTag=0xffffffff, statsUid=-1
06-03 11:02:40.340 E/SecondScreen( 1467): FirstScreenLayoutView dispatchKeyEvent 19
06-03 11:02:40.343 D/TrafficStats( 1467): tagSocket(133) with statsTag=0xffffffff, statsUid=-1
06-03 11:02:40.355 D/bluetooth( 2483): packages/modules/Bluetooth/system/gd/hci/le_scanning_reassembler.cc:64 ProcessAdvertisingReport: Dropping repeated legacy advertising data
06-03 11:02:40.367 D/bluetooth( 2483): packages/modules/Bluetooth/system/gd/hci/le_scanning_reassembler.cc:64 ProcessAdvertisingReport: Dropping repeated legacy advertising data
06-03 11:02:40.377 D/bluetooth( 2483): packages/modules/Bluetooth/system/gd/hci/le_scanning_reassembler.cc:64 ProcessAdvertisingReport: Dropping repeated legacy advertising data
06-03 11:02:40.389 D/bluetooth( 2483): packages/modules/Bluetooth/system/gd/hci/le_scanning_reassembler.cc:64 ProcessAdvertisingReport: Dropping repeated legacy advertising data
06-03 11:02:40.390 D/bluetooth( 2483): packages/modules/Bluetooth/system/gd/hci/le_scanning_reassembler.cc:64 ProcessAdvertisingReport: Dropping repeated legacy advertising data
06-03 11:02:40.397 D/bluetooth( 2483): packages/modules/Bluetooth/system/gd/hci/le_scanning_reassembler.cc:64 ProcessAdvertisingReport: Dropping repeated legacy advertising data
06-03 11:02:40.398 I/audio_hw_hal_primary( 482): [audiohal_get_latency:1333] io 13: out:0xe49c5650 frames:1152 rate:48000 whole_latency:24 alsa_latency:24
06-03 11:02:40.400 D/bluetooth( 2483): packages/modules/Bluetooth/system/gd/hci/le_scanning_reassembler.cc:64 ProcessAdvertisingReport: Dropping repeated legacy advertising data
06-03 11:02:40.410 D/bluetooth( 2483): packages/modules/Bluetooth/system/gd/hci/le_scanning_reassembler.cc:64 ProcessAdvertisingReport: Dropping repeated legacy advertising data
06-03 11:02:40.413 D/bluetooth( 2483): packages/modules/Bluetooth/system/gd/hci/le_scanning_reassembler.cc:64 ProcessAdvertisingReport: Dropping repeated legacy advertising data
06-03 11:02:40.415 D/bluetooth( 2483): packages/modules/Bluetooth/system/gd/hci/le_scanning_reassembler.cc:64 ProcessAdvertisingReport: Dropping repeated legacy advertising data
06-03 11:02:40.420 I/audio_hw_hal_primary( 482): [audiohal_get_latency:1333] io 13: out:0xe49c5650 frames:1152 rate:48000 whole_latency:24 alsa_latency:24
06-03 11:02:40.422 D/bluetooth( 2483): packages/modules/Bluetooth/system/gd/hci/le_scanning_reassembler.cc:64 ProcessAdvertisingReport: Dropping repeated legacy advertising data
06-03 11:02:40.436 D/bluetooth( 2483): packages/modules/Bluetooth/system/gd/hci/le_scanning_reassembler.cc:64 ProcessAdvertisingReport: Dropping repeated legacy advertising data
06-03 11:02:40.441 I/audio_hw_hal_primary( 482): [audiohal_get_latency:1333] io 13: out:0xe49c5650 frames:1152 rate:48000 whole_latency:24 alsa_latency:24
06-03 11:02:40.444 D/bluetooth( 2483): packages/modules/Bluetooth/system/gd/hci/le_scanning_reassembler.cc:64 ProcessAdvertisingReport: Dropping repeated legacy advertising data
06-03 11:02:40.446 D/bluetooth( 2483): packages/modules/Bluetooth/system/gd/hci/le_scanning_reassembler.cc:64 ProcessAdvertisingReport: Dropping repeated legacy advertising data
06-03 11:02:40.448 D/bluetooth( 2483): packages/modules/Bluetooth/system/gd/hci/le_scanning_reassembler.cc:64 ProcessAdvertisingReport: Dropping repeated legacy advertising data
06-03 11:02:40.456 D/bluetooth( 2483): packages/modules/Bluetooth/system/gd/hci/le_scanning_reassembler.cc:64 ProcessAdvertisingReport: Dropping repeated legacy advertising data
06-03 11:02:40.457 D/bluetooth( 2483): packages/modules/Bluetooth/system/gd/hci/le_scanning_reassembler.cc:64 ProcessAdvertisingReport: Dropping repeated legacy advertising data
06-03 11:02:40.463 I/audio_hw_hal_primary( 482): [audiohal_get_latency:1333] io 13: out:0xe49c5650 frames:1152 rate:48000 whole_latency:24 alsa_latency:24
06-03 11:02:40.471 D/bluetooth( 2483): packages/modules/Bluetooth/system/gd/hci/le_scanning_reassembler.cc:64 ProcessAdvertisingReport: Dropping repeated legacy advertising data
06-03 11:02:40.483 I/audio_hw_hal_primary( 482): [audiohal_get_latency:1333] io 13: out:0xe49c5650 frames:1152 rate:48000 whole_latency:24 alsa_latency:24
06-03 11:02:40.486 D/bluetooth( 2483): packages/modules/Bluetooth/system/stack/arbiter/acl_arbiter.cc:96 InterceptAttPacket: Intercepting ATT packet and forwarding to Rust
06-03 11:02:40.486 D/bluetooth( 2483): packages/modules/Bluetooth/system/stack/gatt/gatt_attr.cc:579 gatt_cl_op_cmpl_cback: Not interested in opcode 6
06-03 11:02:40.486 I/bt_btif ( 2483): packages/modules/Bluetooth/system/main/bte_logmsg.cc:115 LogMsg: bta_hh_gattc_callback event:BTA_GATTC_NOTIF_EVT
06-03 11:02:40.486 I/bt_btif ( 2483): packages/modules/Bluetooth/system/main/bte_logmsg.cc:115 LogMsg: Notification received on report ID: 1
06-03 11:02:40.486 I/bt_btif ( 2483): packages/modules/Bluetooth/system/main/bte_logmsg.cc:115 LogMsg: bta_hh_co_data: dev_handle = 16, subclass = 0x00, mode = 0, ctry_code = 0, app_id = 255
06-03 11:02:40.486 I/bt_btif ( 2483): packages/modules/Bluetooth/system/main/bte_logmsg.cc:115 LogMsg: bta_hh_co_write: UHID write 9
06-03 11:02:40.486 D/XM_HIDREAD( 1921): poll ret=1, event=1
06-03 11:02:40.486 D/XM_HIDREAD( 1921): [9 bytes]:01 00 00 52 00 00 00 00 00
06-03 11:02:40.489 D/bluetooth( 2483): packages/modules/Bluetooth/system/gd/hci/le_scanning_reassembler.cc:64 ProcessAdvertisingReport: Dropping repeated legacy advertising data
06-03 11:02:40.490 I/SogouIME( 1436): onKeyDown: keyoCode=19
06-03 11:02:40.490 I/DefaultIMS( 1436): onKeyDown: keyoCode=19
06-03 11:02:40.491 E/SecondScreen( 1467): FirstScreenLayoutView dispatchKeyEvent 19
06-03 11:02:40.493 D/bluetooth( 2483): packages/modules/Bluetooth/system/gd/hci/le_scanning_reassembler.cc:64 ProcessAdvertisingReport: Dropping repeated legacy advertising data
06-03 11:02:40.511 D/bluetooth( 2483): packages/modules/Bluetooth/system/gd/hci/le_scanning_reassembler.cc:64 ProcessAdvertisingReport: Dropping repeated legacy advertising data
06-03 11:02:40.544 D/bluetooth( 2483): packages/modules/Bluetooth/system/gd/hci/le_scanning_reassembler.cc:64 ProcessAdvertisingReport: Dropping repeated legacy advertising data
06-03 11:02:40.562 D/bluetooth( 2483): packages/modules/Bluetooth/system/gd/hci/le_scanning_reassembler.cc:64 ProcessAdvertisingReport: Dropping repeated legacy advertising data
06-03 11:02:40.565 D/bluetooth( 2483): packages/modules/Bluetooth/system/gd/hci/le_scanning_reassembler.cc:64 ProcessAdvertisingReport: Dropping repeated legacy advertising data
06-03 11:02:40.569 D/bluetooth( 2483): packages/modules/Bluetooth/system/gd/hci/le_scanning_reassembler.cc:64 ProcessAdvertisingReport: Dropping repeated legacy advertising data
06-03 11:02:40.599 D/bluetooth( 2483): packages/modules/Bluetooth/system/stack/arbiter/acl_arbiter.cc:96 InterceptAttPacket: Intercepting ATT packet and forwarding to Rust
06-03 11:02:40.599 D/bluetooth( 2483): packages/modules/Bluetooth/system/stack/gatt/gatt_attr.cc:579 gatt_cl_op_cmpl_cback: Not interested in opcode 6
06-03 11:02:40.599 I/bt_btif ( 2483): packages/modules/Bluetooth/system/main/bte_logmsg.cc:115 LogMsg: bta_hh_gattc_callback event:BTA_GATTC_NOTIF_EVT
06-03 11:02:40.599 I/bt_btif ( 2483): packages/modules/Bluetooth/system/main/bte_logmsg.cc:115 LogMsg: Notification received on report ID: 1
06-03 11:02:40.599 I/bt_btif ( 2483): packages/modules/Bluetooth/system/main/bte_logmsg.cc:115 LogMsg: bta_hh_co_data: dev_handle = 16, subclass = 0x00, mode = 0, ctry_code = 0, app_id = 255
06-03 11:02:40.599 I/bt_btif ( 2483): packages/modules/Bluetooth/system/main/bte_logmsg.cc:115 LogMsg: bta_hh_co_write: UHID write 9
06-03 11:02:40.599 D/XM_HIDREAD( 1921): poll ret=1, event=1
06-03 11:02:40.599 D/XM_HIDREAD( 1921): [9 bytes]:01 00 00 00 00 00 00 00 00
06-03 11:02:40.599 D/bluetooth( 2483): packages/modules/Bluetooth/system/gd/hci/le_scanning_reassembler.cc:64 ProcessAdvertisingReport: Dropping repeated legacy advertising data
06-03 11:02:40.601 D/bluetooth( 2483): packages/modules/Bluetooth/system/gd/hci/le_scanning_reassembler.cc:64 ProcessAdvertisingReport: Dropping repeated legacy advertising data
06-03 11:02:40.602 I/SogouIME( 1436): onKeyUp: keyoCode=19
06-03 11:02:40.602 I/DefaultIMS( 1436): onKeyUp: keyoCode=19
06-03 11:02:40.602 E/SecondScreen( 1467): FirstScreenLayoutView dispatchKeyEvent 19
06-03 11:02:40.614 D/bluetooth( 2483): packages/modules/Bluetooth/system/gd/hci/le_scanning_reassembler.cc:64 ProcessAdvertisingReport: Dropping repeated legacy advertising data
06-03 11:02:40.617 D/bluetooth( 2483): packages/modules/Bluetooth/system/gd/hci/le_scanning_reassembler.cc:64 ProcessAdvertisingReport: Dropping repeated legacy advertising data
06-03 11:02:40.623 D/bluetooth( 2483): packages/modules/Bluetooth/system/gd/hci/le_scanning_reassembler.cc:64 ProcessAdvertisingReport: Dropping repeated legacy advertising data
06-03 11:02:40.624 D/bluetooth( 2483): packages/modules/Bluetooth/system/gd/hci/le_scanning_reassembler.cc:64 ProcessAdvertisingReport: Dropping repeated legacy advertising data
06-03 11:02:40.633 D/bluetooth( 2483): packages/modules/Bluetooth/system/gd/hci/le_scanning_reassembler.cc:64 ProcessAdvertisingReport: Dropping repeated legacy advertising data
06-03 11:02:40.646 D/bluetooth( 2483): packages/modules/Bluetooth/system/gd/hci/le_scanning_reassembler.cc:64 ProcessAdvertisingReport: Dropping repeated legacy advertising data
06-03 11:02:40.649 D/bluetooth( 2483): packages/modules/Bluetooth/system/gd/hci/le_scanning_reassembler.cc:64 ProcessAdvertisingReport: Dropping repeated legacy advertising data
06-03 11:02:40.654 I/audio_hw_hal_primary( 482): [audiohal_get_latency:1333] io 13: out:0xe49c5650 frames:1152 rate:48000 whole_latency:24 alsa_latency:24
06-03 11:02:40.656 D/bluetooth( 2483): packages/modules/Bluetooth/system/gd/hci/le_scanning_reassembler.cc:64 ProcessAdvertisingReport: Dropping repeated legacy advertising data
06-03 11:02:40.659 D/bluetooth( 2483): packages/modules/Bluetooth/system/gd/hci/le_scanning_reassembler.cc:64 ProcessAdvertisingReport: Dropping repeated legacy advertising data
06-03 11:02:40.660 D/bluetooth( 2483): packages/modules/Bluetooth/system/gd/hci/le_scanning_reassembler.cc:64 ProcessAdvertisingReport: Dropping repeated legacy advertising data
06-03 11:02:40.667 D/bluetooth( 2483): packages/modules/Bluetooth/system/gd/hci/le_scanning_reassembler.cc:64 ProcessAdvertisingReport: Dropping repeated legacy advertising data
06-03 11:02:40.671 D/bluetooth( 2483): packages/modules/Bluetooth/system/gd/hci/le_scanning_reassembler.cc:64 ProcessAdvertisingReport: Dropping repeated legacy advertising data
06-03 11:02:40.673 D/bluetooth( 2483): packages/modules/Bluetooth/system/gd/hci/le_scanning_reassembler.cc:64 ProcessAdvertisingReport: Dropping repeated legacy advertising data
06-03 11:02:40.676 I/audio_hw_hal_primary( 482): [audiohal_get_latency:1333] io 13: out:0xe49c5650 frames:1152 rate:48000 whole_latency:24 alsa_latency:24
06-03 11:02:40.692 D/bluetooth( 2483): packages/modules/Bluetooth/system/gd/hci/le_scanning_reassembler.cc:64 ProcessAdvertisingReport: Dropping repeated legacy advertising data
06-03 11:02:40.694 D/bluetooth( 2483): packages/modules/Bluetooth/system/gd/hci/le_scanning_reassembler.cc:64 ProcessAdvertisingReport: Dropping repeated legacy advertising data
06-03 11:02:40.697 I/audio_hw_hal_primary( 482): [audiohal_get_latency:1333] io 13: out:0xe49c5650 frames:1152 rate:48000 whole_latency:24 alsa_latency:24
06-03 11:02:40.714 D/BufferPoolAccessor2.0( 719): bufferpool2 0xdf841a08 : 0(0 size) total buffers - 0(0 size) used buffers - 1/7 (recycle/alloc) - 6/42 (fetch/transfer)
06-03 11:02:40.714 D/BufferPoolAccessor2.0( 719): evictor expired: 1, evicted: 1
06-03 11:02:40.715 D/BufferPoolAccessor2.0( 632): evictor expired: 1, evicted: 0
06-03 11:02:40.715 D/bluetooth( 2483): packages/modules/Bluetooth/system/gd/hci/le_scanning_reassembler.cc:64 ProcessAdvertisingReport: Dropping repeated legacy advertising data
06-03 11:02:40.719 I/audio_hw_hal_primary( 482): [audiohal_get_latency:1333] io 13: out:0xe49c5650 frames:1152 rate:48000 whole_latency:24 alsa_latency:24
06-03 11:02:40.728 D/bluetooth( 2483): packages/modules/Bluetooth/system/gd/hci/le_scanning_reassembler.cc:64 ProcessAdvertisingReport: Dropping repeated legacy advertising data
06-03 11:02:40.731 D/bluetooth( 2483): packages/modules/Bluetooth/system/gd/hci/le_scanning_reassembler.cc:64 ProcessAdvertisingReport: Dropping repeated legacy advertising data
06-03 11:02:40.737 D/bluetooth( 2483): packages/modules/Bluetooth/system/gd/hci/le_scanning_reassembler.cc:64 ProcessAdvertisingReport: Dropping repeated legacy advertising data
06-03 11:02:40.740 I/audio_hw_hal_primary( 482): [audiohal_get_latency:1333] io 13: out:0xe49c5650 frames:1152 rate:48000 whole_latency:24 alsa_latency:24
06-03 11:02:40.747 D/bluetooth( 2483): packages/modules/Bluetooth/system/gd/hci/le_scanning_reassembler.cc:64 ProcessAdvertisingReport: Dropping repeated legacy advertising data
06-03 11:02:40.753 D/bluetooth( 2483): packages/modules/Bluetooth/system/gd/hci/le_scanning_reassembler.cc:64 ProcessAdvertisingReport: Dropping repeated legacy advertising data
06-03 11:02:40.759 D/bluetooth( 2483): packages/modules/Bluetooth/system/gd/hci/le_scanning_reassembler.cc:64 ProcessAdvertisingReport: Dropping repeated legacy advertising data
06-03 11:02:40.761 I/audio_hw_hal_primary( 482): [audiohal_get_latency:1333] io 13: out:0xe49c5650 frames:1152 rate:48000 whole_latency:24 alsa_latency:24
06-03 11:02:40.762 D/bluetooth( 2483): packages/modules/Bluetooth/system/gd/hci/le_scanning_reassembler.cc:64 ProcessAdvertisingReport: Dropping repeated legacy advertising data
06-03 11:02:40.763 D/bluetooth( 2483): packages/modules/Bluetooth/system/gd/hci/le_scanning_reassembler.cc:64 ProcessAdvertisingReport: Dropping repeated legacy advertising data
06-03 11:02:40.779 D/bluetooth( 2483): packages/modules/Bluetooth/system/gd/hci/le_scanning_reassembler.cc:64 ProcessAdvertisingReport: Dropping repeated legacy advertising data
06-03 11:02:40.782 I/audio_hw_hal_stream( 482): aml_stream_out_info_print: out:0xe49c5650, stream_type:pcm, sync_mode:non tunnel, input_size:1662976 bytes
06-03 11:02:40.782 I/audio_hw_hal_stream( 482): aml_stream_out_info_print: last_time:55293 ms (sec:55, nsec:293231066), last_position:8481 ms (407120), cur_time:55314 ms (sec:55, nsec:314294900), cur_position:8503 ms (408144)
06-03 11:02:40.782 I/audio_hw_hal_stream( 482): aml_stream_out_info_print: time_gap:21 ms (thr:100 ms), position_gap:21 ms, delay:158 ms, jitter: Position gap is ahead of system time gap by 0 ms (thr:100 ms)
06-03 11:02:40.782 I/audio_hw_hal_primary( 482): [audiohal_get_latency:1333] io 13: out:0xe49c5650 frames:1152 rate:48000 whole_latency:24 alsa_latency:24
06-03 11:02:40.791 D/bluetooth( 2483): packages/modules/Bluetooth/system/gd/hci/le_scanning_reassembler.cc:64 ProcessAdvertisingReport: Dropping repeated legacy advertising data
06-03 11:02:40.791 D/bluetooth( 2483): packages/modules/Bluetooth/system/gd/hci/le_scanning_reassembler.cc:64 ProcessAdvertisingReport: Dropping repeated legacy advertising data
06-03 11:02:40.804 D/bluetooth( 2483): packages/modules/Bluetooth/system/gd/hci/le_scanning_reassembler.cc:64 ProcessAdvertisingReport: Dropping repeated legacy advertising data
06-03 11:02:40.804 I/audio_hw_hal_primary( 482): [audiohal_get_latency:1333] io 13: out:0xe49c5650 frames:1152 rate:48000 whole_latency:24 alsa_latency:24
06-03 11:02:40.805 D/bluetooth( 2483): packages/modules/Bluetooth/system/gd/hci/le_scanning_reassembler.cc:64 ProcessAdvertisingReport: Dropping repeated legacy advertising data
06-03 11:02:40.814 D/bluetooth( 2483): packages/modules/Bluetooth/system/gd/hci/le_scanning_reassembler.cc:64 ProcessAdvertisingReport: Dropping repeated legacy advertising data
06-03 11:02:40.818 D/bluetooth( 2483): packages/modules/Bluetooth/system/gd/hci/le_scanning_reassembler.cc:64 ProcessAdvertisingReport: Dropping repeated legacy advertising data
06-03 11:02:40.826 D/bluetooth( 2483): packages/modules/Bluetooth/system/gd/hci/le_scanning_reassembler.cc:64 ProcessAdvertisingReport: Dropping repeated legacy advertising data
06-03 11:02:40.826 I/audio_hw_hal_primary( 482): [audiohal_get_latency:1333] io 13: out:0xe49c5650 frames:1152 rate:48000 whole_latency:24 alsa_latency:24
06-03 11:02:40.827 D/audioserver( 528): logFgsApiEnd: FGS Logger Transaction failed, -129
06-03 11:02:40.827 D/bluetooth( 2483): packages/modules/Bluetooth/system/gd/hci/le_scanning_reassembler.cc:64 ProcessAdvertisingReport: Dropping repeated legacy advertising data
06-03 11:02:40.831 D/bluetooth( 2483): packages/modules/Bluetooth/system/gd/hci/le_scanning_reassembler.cc:64 ProcessAdvertisingReport: Dropping repeated legacy advertising data
06-03 11:02:40.832 D/bluetooth( 2483): packages/modules/Bluetooth/system/gd/hci/le_scanning_reassembler.cc:64 ProcessAdvertisingReport: Dropping repeated legacy advertising data
06-03 11:02:40.835 D/bluetooth( 2483): packages/modules/Bluetooth/system/gd/hci/le_scanning_reassembler.cc:64 ProcessAdvertisingReport: Dropping repeated legacy advertising data
06-03 11:02:40.836 D/bluetooth( 2483): packages/modules/Bluetooth/system/gd/hci/le_scanning_reassembler.cc:64 ProcessAdvertisingReport: Dropping repeated legacy advertising data
06-03 11:02:40.842 D/bluetooth( 2483): packages/modules/Bluetooth/system/gd/hci/le_scanning_reassembler.cc:64 ProcessAdvertisingReport: Dropping repeated legacy advertising data
06-03 11:02:40.860 D/bluetooth( 2483): packages/modules/Bluetooth/system/gd/hci/le_scanning_reassembler.cc:64 ProcessAdvertisingReport: Dropping repeated legacy advertising data
06-03 11:02:40.863 D/bluetooth( 2483): packages/modules/Bluetooth/system/gd/hci/le_scanning_reassembler.cc:64 ProcessAdvertisingReport: Dropping repeated legacy advertising data
06-03 11:02:40.864 D/bluetooth( 2483): packages/modules/Bluetooth/system/gd/hci/le_scanning_reassembler.cc:64 ProcessAdvertisingReport: Dropping repeated legacy advertising data
06-03 11:02:40.871 D/bluetooth( 2483): packages/modules/Bluetooth/system/gd/hci/le_scanning_reassembler.cc:64 ProcessAdvertisingReport: Dropping repeated legacy advertising data
06-03 11:02:40.873 D/bluetooth( 2483): packages/modules/Bluetooth/system/gd/hci/le_scanning_reassembler.cc:64 ProcessAdvertisingReport: Dropping repeated legacy advertising data
06-03 11:02:40.876 D/bluetooth( 2483): packages/modules/Bluetooth/system/gd/hci/le_scanning_reassembler.cc:64 ProcessAdvertisingReport: Dropping repeated legacy advertising data
06-03 11:02:40.881 D/bluetooth( 2483): packages/modules/Bluetooth/system/gd/hci/le_scanning_reassembler.cc:64 ProcessAdvertisingReport: Dropping repeated legacy advertising data
06-03 11:02:40.889 D/bluetooth( 2483): packages/modules/Bluetooth/system/gd/hci/le_scanning_reassembler.cc:64 ProcessAdvertisingReport: Dropping repeated legacy advertising data
06-03 11:02:40.898 D/bluetooth( 2483): packages/modules/Bluetooth/system/gd/hci/le_scanning_reassembler.cc:64 ProcessAdvertisingReport: Dropping repeated legacy advertising data
06-03 11:02:40.908 D/bluetooth( 2483): packages/modules/Bluetooth/system/gd/hci/le_scanning_reassembler.cc:64 ProcessAdvertisingReport: Dropping repeated legacy advertising data
06-03 11:02:40.926 D/bluetooth( 2483): packages/modules/Bluetooth/system/gd/hci/le_scanning_reassembler.cc:64 ProcessAdvertisingReport: Dropping repeated legacy advertising data
06-03 11:02:40.930 D/bluetooth( 2483): packages/modules/Bluetooth/system/gd/hci/le_scanning_reassembler.cc:64 ProcessAdvertisingReport: Dropping repeated legacy advertising data
06-03 11:02:40.933 D/bluetooth( 2483): packages/modules/Bluetooth/system/gd/hci/le_scanning_reassembler.cc:64 ProcessAdvertisingReport: Dropping repeated legacy advertising data
06-03 11:02:40.937 D/bluetooth( 2483): packages/modules/Bluetooth/system/gd/hci/le_scanning_reassembler.cc:64 ProcessAdvertisingReport: Dropping repeated legacy advertising data
06-03 11:02:40.939 D/bluetooth( 2483): packages/modules/Bluetooth/system/gd/hci/le_scanning_reassembler.cc:64 ProcessAdvertisingReport: Dropping repeated legacy advertising data
06-03 11:02:40.940 D/bluetooth( 2483): packages/modules/Bluetooth/system/gd/hci/le_scanning_reassembler.cc:64 ProcessAdvertisingReport: Dropping repeated legacy advertising data
06-03 11:02:40.983 D/bluetooth( 2483): packages/modules/Bluetooth/system/gd/hci/le_scanning_reassembler.cc:64 ProcessAdvertisingReport: Dropping repeated legacy advertising data
06-03 11:02:40.986 D/bluetooth( 2483): packages/modules/Bluetooth/system/gd/hci/le_scanning_reassembler.cc:64 ProcessAdvertisingReport: Dropping repeated legacy advertising data
06-03 11:02:40.988 D/bluetooth( 2483): packages/modules/Bluetooth/system/gd/hci/le_scanning_reassembler.cc:64 ProcessAdvertisingReport: Dropping repeated legacy advertising data
06-03 11:02:40.997 D/bluetooth( 2483): packages/modules/Bluetooth/system/gd/hci/le_scanning_reassembler.cc:64 ProcessAdvertisingReport: Dropping repeated legacy advertising data
06-03 11:02:40.999 D/bluetooth( 2483): packages/modules/Bluetooth/system/gd/hci/le_scanning_reassembler.cc:64 ProcessAdvertisingReport: Dropping repeated legacy advertising data
06-03 11:02:41.007 D/bluetooth( 2483): packages/modules/Bluetooth/system/gd/hci/le_scanning_reassembler.cc:64 ProcessAdvertisingReport: Dropping repeated legacy advertising data
06-03 11:02:41.009 D/bluetooth( 2483): packages/modules/Bluetooth/system/gd/hci/le_scanning_reassembler.cc:64 ProcessAdvertisingReport: Dropping repeated legacy advertising data
06-03 11:02:41.011 D/bluetooth( 2483): packages/modules/Bluetooth/system/gd/hci/le_scanning_reassembler.cc:64 ProcessAdvertisingReport: Dropping repeated legacy advertising data
06-03 11:02:41.016 D/bluetooth( 2483): packages/modules/Bluetooth/system/gd/hci/le_scanning_reassembler.cc:64 ProcessAdvertisingReport: Dropping repeated legacy advertising data
06-03 11:02:41.032 D/bluetooth( 2483): packages/modules/Bluetooth/system/gd/hci/le_scanning_reassembler.cc:64 ProcessAdvertisingReport: Dropping repeated legacy advertising data
06-03 11:02:41.039 D/bluetooth( 2483): packages/modules/Bluetooth/system/gd/hci/le_scanning_reassembler.cc:64 ProcessAdvertisingReport: Dropping repeated legacy advertising data
06-03 11:02:41.045 D/bluetooth( 2483): packages/modules/Bluetooth/system/gd/hci/le_scanning_reassembler.cc:64 ProcessAdvertisingReport: Dropping repeated legacy advertising data
06-03 11:02:41.051 I/ThermalService( 1046): CPU temperatures: [53.600002]
06-03 11:02:41.065 D/bluetooth( 2483): packages/modules/Bluetooth/system/gd/hci/le_scanning_reassembler.cc:64 ProcessAdvertisingReport: Dropping repeated legacy advertising data
06-03 11:02:41.069 D/bluetooth( 2483): packages/modules/Bluetooth/system/gd/hci/le_scanning_reassembler.cc:64 ProcessAdvertisingReport: Dropping repeated legacy advertising data
06-03 11:02:41.088 D/bluetooth( 2483): packages/modules/Bluetooth/system/gd/hci/le_scanning_reassembler.cc:64 ProcessAdvertisingReport: Dropping repeated legacy advertising data
06-03 11:02:41.105 D/bluetooth( 2483): packages/modules/Bluetooth/system/stack/arbiter/acl_arbiter.cc:96 InterceptAttPacket: Intercepting ATT packet and forwarding to Rust
06-03 11:02:41.105 D/bluetooth( 2483): packages/modules/Bluetooth/system/stack/gatt/gatt_attr.cc:579 gatt_cl_op_cmpl_cback: Not interested in opcode 6
06-03 11:02:41.105 I/bt_btif ( 2483): packages/modules/Bluetooth/system/main/bte_logmsg.cc:115 LogMsg: bta_hh_gattc_callback event:BTA_GATTC_NOTIF_EVT
06-03 11:02:41.105 I/bt_btif ( 2483): packages/modules/Bluetooth/system/main/bte_logmsg.cc:115 LogMsg: Notification received on report ID: 1
06-03 11:02:41.105 I/bt_btif ( 2483): packages/modules/Bluetooth/system/main/bte_logmsg.cc:115 LogMsg: bta_hh_co_data: dev_handle = 16, subclass = 0x00, mode = 0, ctry_code = 0, app_id = 255
06-03 11:02:41.106 I/bt_btif ( 2483): packages/modules/Bluetooth/system/main/bte_logmsg.cc:115 LogMsg: bta_hh_co_write: UHID write 9
06-03 11:02:41.106 D/XM_HIDREAD( 1921): poll ret=1, event=1
06-03 11:02:41.106 D/XM_HIDREAD( 1921): [9 bytes]:01 00 00 4F 00 00 00 00 00
06-03 11:02:41.108 D/bluetooth( 2483): packages/modules/Bluetooth/system/gd/hci/le_scanning_reassembler.cc:64 ProcessAdvertisingReport: Dropping repeated legacy advertising data
06-03 11:02:41.121 D/bluetooth( 2483): packages/modules/Bluetooth/system/gd/hci/le_scanning_reassembler.cc:64 ProcessAdvertisingReport: Dropping repeated legacy advertising data
06-03 11:02:41.124 D/bluetooth( 2483): packages/modules/Bluetooth/system/gd/hci/le_scanning_reassembler.cc:64 ProcessAdvertisingReport: Dropping repeated legacy advertising data
06-03 11:02:41.124 I/audio_hw_hal_primary( 482): [register_audio_patch:8215] Patch 3:id:3 mix(io:13)->dev_0[OUT_HDMI(id:22)] found, register the same patch, do nothing.
06-03 11:02:41.124 I/audio_hw_hal_primary( 482): [adev_create_audio_patch:8316] Patch 3: MIX->DEVICE, num_src:1 num_sink:1 patch_src:INVAL
06-03 11:02:41.124 I/audio_hw_hal_primary( 482): [adev_create_audio_patch:8320] sink[0]: OUT_HDMI(id:22)
06-03 11:02:41.124 I/audio_hw_hal_primary( 482): [adev_create_audio_patch:8377] Patch 3: mix(io:13) -> dev[OUT_HDMI(id:22)]
06-03 11:02:41.124 D/UEventObserver( 1046): change@/devices/platform/auge_sound/sound/card0/controlC0ACTION=changeDEVPATH=/devices/platform/auge_sound/sound/card0/controlC0SUBSYSTEM=soundAUDIO_FORMAT=0MAJOR=116MINOR=13DEVNAME=snd/controlC0SEQNUM=3538
06-03 11:02:41.124 I/audio_hw_hal_primary( 482): [adev_create_audio_patch:8445] dev=0xe6303dc0 cur_out_device=0x400
06-03 11:02:41.132 D/bluetooth( 2483): packages/modules/Bluetooth/system/gd/hci/le_scanning_reassembler.cc:64 ProcessAdvertisingReport: Dropping repeated legacy advertising data
06-03 11:02:41.133 D/audioserver( 528): logFgsApiBegin: FGS Logger Transaction failed, -129
06-03 11:02:41.135 I/audio_hw_hal_primary( 482): out_update_source_metadata_v7() line 2013 usage:1 content_type:2
06-03 11:02:41.136 I/SogouIME( 1436): onKeyDown: keyoCode=22
06-03 11:02:41.136 I/DefaultIMS( 1436): onKeyDown: keyoCode=22
06-03 11:02:41.137 E/SecondScreen( 1467): FirstScreenLayoutView dispatchKeyEvent 22
06-03 11:02:41.146 D/bluetooth( 2483): packages/modules/Bluetooth/system/gd/hci/le_scanning_reassembler.cc:64 ProcessAdvertisingReport: Dropping repeated legacy advertising data
06-03 11:02:41.153 D/bluetooth( 2483): packages/modules/Bluetooth/system/gd/hci/le_scanning_reassembler.cc:64 ProcessAdvertisingReport: Dropping repeated legacy advertising data
06-03 11:02:41.155 D/bluetooth( 2483): packages/modules/Bluetooth/system/gd/hci/le_scanning_reassembler.cc:64 ProcessAdvertisingReport: Dropping repeated legacy advertising data
06-03 11:02:41.167 I/audio_hw_hal_primary( 482): [register_audio_patch:8215] Patch 3:id:3 mix(io:13)->dev_0[OUT_HDMI(id:22)] found, register the same patch, do nothing.
06-03 11:02:41.167 I/audio_hw_hal_primary( 482): [adev_create_audio_patch:8316] Patch 3: MIX->DEVICE, num_src:1 num_sink:1 patch_src:INVAL
06-03 11:02:41.167 I/audio_hw_hal_primary( 482): [adev_create_audio_patch:8320] sink[0]: OUT_HDMI(id:22)
06-03 11:02:41.167 I/audio_hw_hal_primary( 482): [adev_create_audio_patch:8377] Patch 3: mix(io:13) -> dev[OUT_HDMI(id:22)]
06-03 11:02:41.167 D/UEventObserver( 1046): change@/devices/platform/auge_sound/sound/card0/controlC0ACTION=changeDEVPATH=/devices/platform/auge_sound/sound/card0/controlC0SUBSYSTEM=soundAUDIO_FORMAT=0MAJOR=116MINOR=13DEVNAME=snd/controlC0SEQNUM=3539
06-03 11:02:41.167 I/audio_hw_hal_primary( 482): [adev_create_audio_patch:8445] dev=0xe6303dc0 cur_out_device=0x400
06-03 11:02:41.168 D/audioserver( 528): logFgsApiEnd: FGS Logger Transaction failed, -129
06-03 11:02:41.168 D/audioserver( 528): logFgsApiBegin: FGS Logger Transaction failed, -129
06-03 11:02:41.169 D/bluetooth( 2483): packages/modules/Bluetooth/system/gd/hci/le_scanning_reassembler.cc:64 ProcessAdvertisingReport: Dropping repeated legacy advertising data
06-03 11:02:41.170 I/audio_hw_hal_primary( 482): out_update_source_metadata_v7() line 2013 usage:1 content_type:2
06-03 11:02:41.173 D/audioserver( 528): logFgsApiBegin: FGS Logger Transaction failed, -129
06-03 11:02:41.179 D/bluetooth( 2483): packages/modules/Bluetooth/system/gd/hci/le_scanning_reassembler.cc:64 ProcessAdvertisingReport: Dropping repeated legacy advertising data
06-03 11:02:41.197 D/bluetooth( 2483): packages/modules/Bluetooth/system/gd/hci/le_scanning_reassembler.cc:64 ProcessAdvertisingReport: Dropping repeated legacy advertising data
06-03 11:02:41.199 D/bluetooth( 2483): packages/modules/Bluetooth/system/gd/hci/le_scanning_reassembler.cc:64 ProcessAdvertisingReport: Dropping repeated legacy advertising data
06-03 11:02:41.200 D/bluetooth( 2483): packages/modules/Bluetooth/system/gd/hci/le_scanning_reassembler.cc:64 ProcessAdvertisingReport: Dropping repeated legacy advertising data
06-03 11:02:41.210 I/audio_hw_hal_primary( 482): out_update_source_metadata_v7() line 2013 usage:1 content_type:2
06-03 11:02:41.225 D/bluetooth( 2483): packages/modules/Bluetooth/system/gd/hci/le_scanning_reassembler.cc:64 ProcessAdvertisingReport: Dropping repeated legacy advertising data
06-03 11:02:41.229 D/bluetooth( 2483): packages/modules/Bluetooth/system/stack/arbiter/acl_arbiter.cc:96 InterceptAttPacket: Intercepting ATT packet and forwarding to Rust
06-03 11:02:41.229 D/bluetooth( 2483): packages/modules/Bluetooth/system/stack/gatt/gatt_attr.cc:579 gatt_cl_op_cmpl_cback: Not interested in opcode 6
06-03 11:02:41.229 I/bt_btif ( 2483): packages/modules/Bluetooth/system/main/bte_logmsg.cc:115 LogMsg: bta_hh_gattc_callback event:BTA_GATTC_NOTIF_EVT
06-03 11:02:41.229 I/bt_btif ( 2483): packages/modules/Bluetooth/system/main/bte_logmsg.cc:115 LogMsg: Notification received on report ID: 1
06-03 11:02:41.229 I/bt_btif ( 2483): packages/modules/Bluetooth/system/main/bte_logmsg.cc:115 LogMsg: bta_hh_co_data: dev_handle = 16, subclass = 0x00, mode = 0, ctry_code = 0, app_id = 255
06-03 11:02:41.229 I/bt_btif ( 2483): packages/modules/Bluetooth/system/main/bte_logmsg.cc:115 LogMsg: bta_hh_co_write: UHID write 9
06-03 11:02:41.229 D/XM_HIDREAD( 1921): poll ret=1, event=1
06-03 11:02:41.229 D/XM_HIDREAD( 1921): [9 bytes]:01 00 00 00 00 00 00 00 00
06-03 11:02:41.231 I/SogouIME( 1436): onKeyUp: keyoCode=22
06-03 11:02:41.231 I/DefaultIMS( 1436): onKeyUp: keyoCode=22
06-03 11:02:41.232 E/SecondScreen( 1467): FirstScreenLayoutView dispatchKeyEvent 22
06-03 11:02:41.243 D/bluetooth( 2483): packages/modules/Bluetooth/system/gd/hci/le_scanning_reassembler.cc:64 ProcessAdvertisingReport: Dropping repeated legacy advertising data
06-03 11:02:41.245 D/bluetooth( 2483): packages/modules/Bluetooth/system/gd/hci/le_scanning_reassembler.cc:64 ProcessAdvertisingReport: Dropping repeated legacy advertising data
06-03 11:02:41.247 D/bluetooth( 2483): packages/modules/Bluetooth/system/gd/hci/le_scanning_reassembler.cc:64 ProcessAdvertisingReport: Dropping repeated legacy advertising data
06-03 11:02:41.257 D/bluetooth( 2483): packages/modules/Bluetooth/system/gd/hci/le_scanning_reassembler.cc:64 ProcessAdvertisingReport: Dropping repeated legacy advertising data
