05-31 18:43:05.198 D/SystemServerTimingAsync( 719): ssm.onCompletedEventUser-0_{|Unlocked|}_com.android.server.testharness.TestHarnessModeService
05-31 18:43:05.198 V/SystemServerTimingAsync( 719): ssm.onCompletedEventUser-0_{|Unlocked|}_com.android.server.testharness.TestHarnessModeService took to complete: 0ms
05-31 18:43:05.198 D/SystemServerTimingAsync( 719): ssm.onCompletedEventUser-0_{|Unlocked|}_com.android.server.oemlock.OemLockService
05-31 18:43:05.198 V/SystemServerTimingAsync( 719): ssm.onCompletedEventUser-0_{|Unlocked|}_com.android.server.oemlock.OemLockService took to complete: 0ms
05-31 18:43:05.198 D/SystemServerTimingAsync( 719): ssm.onCompletedEventUser-0_{|Unlocked|}_com.android.server.DeviceIdleController
05-31 18:43:05.198 V/SystemServerTimingAsync( 719): ssm.onCompletedEventUser-0_{|Unlocked|}_com.android.server.DeviceIdleController took to complete: 0ms
05-31 18:43:05.198 D/SystemServerTimingAsync( 719): ssm.onCompletedEventUser-0_{|Unlocked|}_com.android.server.devicepolicy.DevicePolicyManagerService$Lifecycle
05-31 18:43:05.198 V/SystemServerTimingAsync( 719): ssm.onCompletedEventUser-0_{|Unlocked|}_com.android.server.devicepolicy.DevicePolicyManagerService$Lifecycle took to complete: 0ms
05-31 18:43:05.198 D/SystemServerTimingAsync( 719): ssm.onCompletedEventUser-0_{|Unlocked|}_com.android.server.texttospeech.TextToSpeechManagerService
05-31 18:43:05.198 V/SystemServerTimingAsync( 719): ssm.onCompletedEventUser-0_{|Unlocked|}_com.android.server.texttospeech.TextToSpeechManagerService took to complete: 0ms
05-31 18:43:05.198 D/SystemServerTimingAsync( 719): ssm.onCompletedEventUser-0_{|Unlocked|}_com.android.server.ambientcontext.AmbientContextManagerService
05-31 18:43:05.198 V/SystemServerTimingAsync( 719): ssm.onCompletedEventUser-0_{|Unlocked|}_com.android.server.ambientcontext.AmbientContextManagerService took to complete: 0ms
05-31 18:43:05.198 D/SystemServerTimingAsync( 719): ssm.onCompletedEventUser-0_{|Unlocked|}_com.android.server.wearable.WearableSensingManagerService
05-31 18:43:05.198 V/SystemServerTimingAsync( 719): ssm.onCompletedEventUser-0_{|Unlocked|}_com.android.server.wearable.WearableSensingManagerService took to complete: 0ms
05-31 18:43:05.199 D/SystemServerTimingAsync( 719): ssm.onCompletedEventUser-0_{|Unlocked|}_com.android.server.speech.SpeechRecognitionManagerService
05-31 18:43:05.199 V/SystemServerTimingAsync( 719): ssm.onCompletedEventUser-0_{|Unlocked|}_com.android.server.speech.SpeechRecognitionManagerService took to complete: 0ms
05-31 18:43:05.199 D/SystemServerTimingAsync( 719): ssm.onCompletedEventUser-0_{|Unlocked|}_com.android.server.searchui.SearchUiManagerService
05-31 18:43:05.199 V/SystemServerTimingAsync( 719): ssm.onCompletedEventUser-0_{|Unlocked|}_com.android.server.searchui.SearchUiManagerService took to complete: 0ms
05-31 18:43:05.199 D/SystemServerTimingAsync( 719): ssm.onCompletedEventUser-0_{|Unlocked|}_com.android.server.smartspace.SmartspaceManagerService
05-31 18:43:05.199 V/SystemServerTimingAsync( 719): ssm.onCompletedEventUser-0_{|Unlocked|}_com.android.server.smartspace.SmartspaceManagerService took to complete: 0ms
05-31 18:43:05.199 D/SystemServerTimingAsync( 719): ssm.onCompletedEventUser-0_{|Unlocked|}_com.android.server.graphics.fonts.FontManagerService$Lifecycle
05-31 18:43:05.199 V/SystemServerTimingAsync( 719): ssm.onCompletedEventUser-0_{|Unlocked|}_com.android.server.graphics.fonts.FontManagerService$Lifecycle took to complete: 0ms
05-31 18:43:05.199 D/SystemServerTimingAsync( 719): ssm.onCompletedEventUser-0_{|Unlocked|}_com.android.server.textservices.TextServicesManagerService$Lifecycle
05-31 18:43:05.199 V/SystemServerTimingAsync( 719): ssm.onCompletedEventUser-0_{|Unlocked|}_com.android.server.textservices.TextServicesManagerService$Lifecycle took to complete: 0ms
05-31 18:43:05.199 D/SystemServerTimingAsync( 719): ssm.onCompletedEventUser-0_{|Unlocked|}_com.android.server.textclassifier.TextClassificationManagerService$Lifecycle
05-31 18:43:05.199 V/SystemServerTimingAsync( 719): ssm.onCompletedEventUser-0_{|Unlocked|}_com.android.server.textclassifier.TextClassificationManagerService$Lifecycle took to complete: 0ms
05-31 18:43:05.199 D/SystemServerTimingAsync( 719): ssm.onCompletedEventUser-0_{|Unlocked|}_com.android.server.NetworkScoreService$Lifecycle
05-31 18:43:05.199 V/SystemServerTimingAsync( 719): ssm.onCompletedEventUser-0_{|Unlocked|}_com.android.server.NetworkScoreService$Lifecycle took to complete: 0ms
05-31 18:43:05.199 D/SystemServerTimingAsync( 719): ssm.onCompletedEventUser-0_{|Unlocked|}_com.android.server.NetworkStatsServiceInitializer
05-31 18:43:05.199 V/SystemServerTimingAsync( 719): ssm.onCompletedEventUser-0_{|Unlocked|}_com.android.server.NetworkStatsServiceInitializer took to complete: 0ms
05-31 18:43:05.199 D/SystemServerTimingAsync( 719): ssm.onCompletedEventUser-0_{|Unlocked|}_com.android.server.wifi.WifiService
05-31 18:43:05.199 V/SystemServerTimingAsync( 719): ssm.onCompletedEventUser-0_{|Unlocked|}_com.android.server.wifi.WifiService took to complete: 0ms
05-31 18:43:05.199 D/SystemServerTimingAsync( 719): ssm.onCompletedEventUser-0_{|Unlocked|}_com.android.server.wifi.scanner.WifiScanningService
05-31 18:43:05.199 V/SystemServerTimingAsync( 719): ssm.onCompletedEventUser-0_{|Unlocked|}_com.android.server.wifi.scanner.WifiScanningService took to complete: 0ms
05-31 18:43:05.199 D/SystemServerTimingAsync( 719): ssm.onCompletedEventUser-0_{|Unlocked|}_com.android.server.wifi.p2p.WifiP2pService
05-31 18:43:05.199 V/SystemServerTimingAsync( 719): ssm.onCompletedEventUser-0_{|Unlocked|}_com.android.server.wifi.p2p.WifiP2pService took to complete: 0ms
05-31 18:43:05.199 D/SystemServerTimingAsync( 719): ssm.onCompletedEventUser-0_{|Unlocked|}_com.android.server.ConnectivityServiceInitializer
05-31 18:43:05.199 V/SystemServerTimingAsync( 719): ssm.onCompletedEventUser-0_{|Unlocked|}_com.android.server.ConnectivityServiceInitializer took to complete: 0ms
05-31 18:43:05.199 D/SystemServerTimingAsync( 719): ssm.onCompletedEventUser-0_{|Unlocked|}_com.android.server.notification.NotificationManagerService
05-31 18:43:05.199 V/SystemServerTimingAsync( 719): ssm.onCompletedEventUser-0_{|Unlocked|}_com.android.server.notification.NotificationManagerService took to complete: 0ms
05-31 18:43:05.199 D/SystemServerTimingAsync( 719): ssm.onCompletedEventUser-0_{|Unlocked|}_com.android.server.storage.DeviceStorageMonitorService
05-31 18:43:05.199 V/SystemServerTimingAsync( 719): ssm.onCompletedEventUser-0_{|Unlocked|}_com.android.server.storage.DeviceStorageMonitorService took to complete: 0ms
05-31 18:43:05.199 D/SystemServerTimingAsync( 719): ssm.onCompletedEventUser-0_{|Unlocked|}_com.android.server.timedetector.TimeDetectorService$Lifecycle
05-31 18:43:05.200 V/SystemServerTimingAsync( 719): ssm.onCompletedEventUser-0_{|Unlocked|}_com.android.server.timedetector.TimeDetectorService$Lifecycle took to complete: 0ms
05-31 18:43:05.200 D/SystemServerTimingAsync( 719): ssm.onCompletedEventUser-0_{|Unlocked|}_com.android.server.location.LocationManagerService$Lifecycle
05-31 18:43:05.200 V/SystemServerTimingAsync( 719): ssm.onCompletedEventUser-0_{|Unlocked|}_com.android.server.location.LocationManagerService$Lifecycle took to complete: 0ms
05-31 18:43:05.200 D/SystemServerTimingAsync( 719): ssm.onCompletedEventUser-0_{|Unlocked|}_com.android.server.timezonedetector.TimeZoneDetectorService$Lifecycle
05-31 18:43:05.200 V/SystemServerTimingAsync( 719): ssm.onCompletedEventUser-0_{|Unlocked|}_com.android.server.timezonedetector.TimeZoneDetectorService$Lifecycle took to complete: 0ms
05-31 18:43:05.200 D/SystemServerTimingAsync( 719): ssm.onCompletedEventUser-0_{|Unlocked|}_com.android.server.location.altitude.AltitudeService$Lifecycle
05-31 18:43:05.200 V/SystemServerTimingAsync( 719): ssm.onCompletedEventUser-0_{|Unlocked|}_com.android.server.location.altitude.AltitudeService$Lifecycle took to complete: 0ms
05-31 18:43:05.200 D/SystemServerTimingAsync( 719): ssm.onCompletedEventUser-0_{|Unlocked|}_com.android.server.timezonedetector.location.LocationTimeZoneManagerService$Lifecycle
05-31 18:43:05.200 V/SystemServerTimingAsync( 719): ssm.onCompletedEventUser-0_{|Unlocked|}_com.android.server.timezonedetector.location.LocationTimeZoneManagerService$Lifecycle took to complete: 0ms
05-31 18:43:05.200 D/SystemServerTimingAsync( 719): ssm.onCompletedEventUser-0_{|Unlocked|}_com.android.server.search.SearchManagerService$Lifecycle
05-31 18:43:05.200 V/SystemServerTimingAsync( 719): ssm.onCompletedEventUser-0_{|Unlocked|}_com.android.server.search.SearchManagerService$Lifecycle took to complete: 0ms
05-31 18:43:05.200 D/SystemServerTimingAsync( 719): ssm.onCompletedEventUser-0_{|Unlocked|}_com.android.server.wallpaper.WallpaperManagerService$Lifecycle
05-31 18:43:05.200 V/SystemServerTimingAsync( 719): ssm.onCompletedEventUser-0_{|Unlocked|}_com.android.server.wallpaper.WallpaperManagerService$Lifecycle took to complete: 0ms
05-31 18:43:05.200 D/SystemServerTimingAsync( 719): ssm.onCompletedEventUser-0_{|Unlocked|}_com.android.server.wallpapereffectsgeneration.WallpaperEffectsGenerationManagerService
05-31 18:43:05.200 V/SystemServerTimingAsync( 719): ssm.onCompletedEventUser-0_{|Unlocked|}_com.android.server.wallpapereffectsgeneration.WallpaperEffectsGenerationManagerService took to complete: 0ms
05-31 18:43:05.200 D/SystemServerTimingAsync( 719): ssm.onCompletedEventUser-0_{|Unlocked|}_com.android.server.audio.AudioService$Lifecycle
05-31 18:43:05.200 V/SystemServerTimingAsync( 719): ssm.onCompletedEventUser-0_{|Unlocked|}_com.android.server.audio.AudioService$Lifecycle took to complete: 0ms
05-31 18:43:05.200 D/SystemServerTimingAsync( 719): ssm.onCompletedEventUser-0_{|Unlocked|}_com.android.server.soundtrigger_middleware.SoundTriggerMiddlewareService$Lifecycle
05-31 18:43:05.200 V/SystemServerTimingAsync( 719): ssm.onCompletedEventUser-0_{|Unlocked|}_com.android.server.soundtrigger_middleware.SoundTriggerMiddlewareService$Lifecycle took to complete: 0ms
05-31 18:43:05.200 D/SystemServerTimingAsync( 719): ssm.onCompletedEventUser-0_{|Unlocked|}_com.android.server.adb.AdbService$Lifecycle
05-31 18:43:05.200 V/SystemServerTimingAsync( 719): ssm.onCompletedEventUser-0_{|Unlocked|}_com.android.server.adb.AdbService$Lifecycle took to complete: 0ms
05-31 18:43:05.200 D/SystemServerTimingAsync( 719): ssm.onCompletedEventUser-0_{|Unlocked|}_com.android.server.usb.UsbService$Lifecycle
05-31 18:43:05.200 V/SystemServerTimingAsync( 719): ssm.onCompletedEventUser-0_{|Unlocked|}_com.android.server.usb.UsbService$Lifecycle took to complete: 0ms
05-31 18:43:05.200 D/SystemServerTimingAsync( 719): ssm.onCompletedEventUser-0_{|Unlocked|}_com.android.server.twilight.TwilightService
05-31 18:43:05.200 V/SystemServerTimingAsync( 719): ssm.onCompletedEventUser-0_{|Unlocked|}_com.android.server.twilight.TwilightService took to complete: 0ms
05-31 18:43:05.200 D/SystemServerTimingAsync( 719): ssm.onCompletedEventUser-0_{|Unlocked|}_com.android.server.display.color.ColorDisplayService
05-31 18:43:05.200 V/SystemServerTimingAsync( 719): ssm.onCompletedEventUser-0_{|Unlocked|}_com.android.server.display.color.ColorDisplayService took to complete: 0ms
05-31 18:43:05.200 D/SystemServerTimingAsync( 719): ssm.onCompletedEventUser-0_{|Unlocked|}_com.android.server.job.JobSchedulerService
05-31 18:43:05.200 V/SystemServerTimingAsync( 719): ssm.onCompletedEventUser-0_{|Unlocked|}_com.android.server.job.JobSchedulerService took to complete: 0ms
05-31 18:43:05.200 D/SystemServerTimingAsync( 719): ssm.onCompletedEventUser-0_{|Unlocked|}_com.android.server.soundtrigger.SoundTriggerService
05-31 18:43:05.200 V/SystemServerTimingAsync( 719): ssm.onCompletedEventUser-0_{|Unlocked|}_com.android.server.soundtrigger.SoundTriggerService took to complete: 0ms
05-31 18:43:05.201 D/SystemServerTimingAsync( 719): ssm.onCompletedEventUser-0_{|Unlocked|}_com.android.server.trust.TrustManagerService
05-31 18:43:05.201 D/SystemServerTimingAsync( 719): ssm.onCompletedEventUser-0_{|Unlocked|}_com.android.server.pm.Installer
05-31 18:43:05.201 V/SystemServerTimingAsync( 719): ssm.onCompletedEventUser-0_{|Unlocked|}_com.android.server.pm.Installer took to complete: 0ms
05-31 18:43:05.201 D/SystemServerTimingAsync( 719): ssm.onCompletedEventUser-0_{|Unlocked|}_com.android.server.backup.BackupManagerService$Lifecycle
05-31 18:43:05.201 V/SystemServerTimingAsync( 719): ssm.onCompletedEventUser-0_{|Unlocked|}_com.android.server.backup.BackupManagerService$Lifecycle took to complete: 0ms
05-31 18:43:05.201 D/SystemServerTimingAsync( 719): ssm.onCompletedEventUser-0_{|Unlocked|}_com.android.server.appwidget.AppWidgetService
05-31 18:43:05.201 V/SystemServerTimingAsync( 719): ssm.onCompletedEventUser-0_{|Unlocked|}_com.android.server.appwidget.AppWidgetService took to complete: 0ms
05-31 18:43:05.201 D/SystemServerTimingAsync( 719): ssm.onCompletedEventUser-0_{|Unlocked|}_com.android.server.voiceinteraction.VoiceInteractionManagerService
05-31 18:43:05.201 V/SystemServerTimingAsync( 719): ssm.onCompletedEventUser-0_{|Unlocked|}_com.android.server.voiceinteraction.VoiceInteractionManagerService took to complete: 0ms
05-31 18:43:05.201 D/SystemServerTimingAsync( 719): ssm.onCompletedEventUser-0_{|Unlocked|}_com.android.server.GestureLauncherService
05-31 18:43:05.201 V/SystemServerTimingAsync( 719): ssm.onCompletedEventUser-0_{|Unlocked|}_com.android.server.GestureLauncherService took to complete: 0ms
05-31 18:43:05.201 D/SystemServerTimingAsync( 719): ssm.onCompletedEventUser-0_{|Unlocked|}_com.android.server.SensorNotificationService
05-31 18:43:05.201 V/SystemServerTimingAsync( 719): ssm.onCompletedEventUser-0_{|Unlocked|}_com.android.server.SensorNotificationService took to complete: 0ms
05-31 18:43:05.201 D/SystemServerTimingAsync( 719): ssm.onCompletedEventUser-0_{|Unlocked|}_com.android.server.emergency.EmergencyAffordanceService
05-31 18:43:05.201 V/SystemServerTimingAsync( 719): ssm.onCompletedEventUser-0_{|Unlocked|}_com.android.server.emergency.EmergencyAffordanceService took to complete: 0ms
05-31 18:43:05.201 D/SystemServerTimingAsync( 719): ssm.onCompletedEventUser-0_{|Unlocked|}_com.android.server.blob.BlobStoreManagerService
05-31 18:43:05.201 V/SystemServerTimingAsync( 719): ssm.onCompletedEventUser-0_{|Unlocked|}_com.android.server.blob.BlobStoreManagerService took to complete: 0ms
05-31 18:43:05.201 D/SystemServerTimingAsync( 719): ssm.onCompletedEventUser-0_{|Unlocked|}_com.android.server.dreams.DreamManagerService
05-31 18:43:05.201 V/SystemServerTimingAsync( 719): ssm.onCompletedEventUser-0_{|Unlocked|}_com.android.server.dreams.DreamManagerService took to complete: 0ms
05-31 18:43:05.201 D/SystemServerTimingAsync( 719): ssm.onCompletedEventUser-0_{|Unlocked|}_com.android.server.security.AttestationVerificationManagerService
05-31 18:43:05.201 V/SystemServerTimingAsync( 719): ssm.onCompletedEventUser-0_{|Unlocked|}_com.android.server.security.AttestationVerificationManagerService took to complete: 0ms
05-31 18:43:05.201 D/SystemServerTimingAsync( 719): ssm.onCompletedEventUser-0_{|Unlocked|}_com.android.server.restrictions.RestrictionsManagerService
05-31 18:43:05.201 V/SystemServerTimingAsync( 719): ssm.onCompletedEventUser-0_{|Unlocked|}_com.android.server.restrictions.RestrictionsManagerService took to complete: 0ms
05-31 18:43:05.201 D/SystemServerTimingAsync( 719): ssm.onCompletedEventUser-0_{|Unlocked|}_com.android.server.media.MediaSessionService
05-31 18:43:05.201 V/SystemServerTimingAsync( 719): ssm.onCompletedEventUser-0_{|Unlocked|}_com.android.server.media.MediaSessionService took to complete: 0ms
05-31 18:43:05.201 D/SystemServerTimingAsync( 719): ssm.onCompletedEventUser-0_{|Unlocked|}_com.android.server.hdmi.HdmiControlService
05-31 18:43:05.201 V/SystemServerTimingAsync( 719): ssm.onCompletedEventUser-0_{|Unlocked|}_com.android.server.hdmi.HdmiControlService took to complete: 0ms
05-31 18:43:05.201 D/SystemServerTimingAsync( 719): ssm.onCompletedEventUser-0_{|Unlocked|}_com.android.server.tv.interactive.TvInteractiveAppManagerService
05-31 18:43:05.201 V/SystemServerTimingAsync( 719): ssm.onCompletedEventUser-0_{|Unlocked|}_com.android.server.tv.interactive.TvInteractiveAppManagerService took to complete: 0ms
05-31 18:43:05.201 D/SystemServerTimingAsync( 719): ssm.onCompletedEventUser-0_{|Unlocked|}_com.android.server.tv.TvInputManagerService
05-31 18:43:05.201 V/SystemServerTimingAsync( 719): ssm.onCompletedEventUser-0_{|Unlocked|}_com.android.server.tv.TvInputManagerService took to complete: 0ms
05-31 18:43:05.201 D/SystemServerTimingAsync( 719): ssm.onCompletedEventUser-0_{|Unlocked|}_com.android.server.media.MediaResourceMonitorService
05-31 18:43:05.202 V/SystemServerTimingAsync( 719): ssm.onCompletedEventUser-0_{|Unlocked|}_com.android.server.media.MediaResourceMonitorService took to complete: 0ms
05-31 18:43:05.202 D/SystemServerTimingAsync( 719): ssm.onCompletedEventUser-0_{|Unlocked|}_com.android.server.tv.TvRemoteService
05-31 18:43:05.202 V/SystemServerTimingAsync( 719): ssm.onCompletedEventUser-0_{|Unlocked|}_com.android.server.tv.TvRemoteService took to complete: 1ms
05-31 18:43:05.202 D/SystemServerTimingAsync( 719): ssm.onCompletedEventUser-0_{|Unlocked|}_com.android.server.biometrics.BiometricService
05-31 18:43:05.202 V/SystemServerTimingAsync( 719): ssm.onCompletedEventUser-0_{|Unlocked|}_com.android.server.biometrics.BiometricService took to complete: 0ms
05-31 18:43:05.202 D/SystemServerTimingAsync( 719): ssm.onCompletedEventUser-0_{|Unlocked|}_com.android.server.biometrics.AuthService
05-31 18:43:05.202 V/SystemServerTimingAsync( 719): ssm.onCompletedEventUser-0_{|Unlocked|}_com.android.server.biometrics.AuthService took to complete: 0ms
05-31 18:43:05.202 D/SystemServerTimingAsync( 719): ssm.onCompletedEventUser-0_{|Unlocked|}_com.android.server.pm.ShortcutService$Lifecycle
05-31 18:43:05.202 V/SystemServerTimingAsync( 719): ssm.onCompletedEventUser-0_{|Unlocked|}_com.android.server.pm.ShortcutService$Lifecycle took to complete: 0ms
05-31 18:43:05.202 D/SystemServerTimingAsync( 719): ssm.onCompletedEventUser-0_{|Unlocked|}_com.android.server.pm.LauncherAppsService
05-31 18:43:05.202 V/SystemServerTimingAsync( 719): ssm.onCompletedEventUser-0_{|Unlocked|}_com.android.server.pm.LauncherAppsService took to complete: 0ms
05-31 18:43:05.202 D/SystemServerTimingAsync( 719): ssm.onCompletedEventUser-0_{|Unlocked|}_com.android.server.pm.CrossProfileAppsService
05-31 18:43:05.202 V/SystemServerTimingAsync( 719): ssm.onCompletedEventUser-0_{|Unlocked|}_com.android.server.pm.CrossProfileAppsService took to complete: 0ms
05-31 18:43:05.202 D/SystemServerTimingAsync( 719): ssm.onCompletedEventUser-0_{|Unlocked|}_com.android.server.people.PeopleService
05-31 18:43:05.202 V/SystemServerTimingAsync( 719): ssm.onCompletedEventUser-0_{|Unlocked|}_com.android.server.people.PeopleService took to complete: 0ms
05-31 18:43:05.202 D/SystemServerTimingAsync( 719): ssm.onCompletedEventUser-0_{|Unlocked|}_com.android.server.media.metrics.MediaMetricsManagerService
05-31 18:43:05.202 V/SystemServerTimingAsync( 719): ssm.onCompletedEventUser-0_{|Unlocked|}_com.android.server.media.metrics.MediaMetricsManagerService took to complete: 0ms
05-31 18:43:05.202 D/SystemServerTimingAsync( 719): ssm.onCompletedEventUser-0_{|Unlocked|}_com.android.server.pm.BackgroundInstallControlService
05-31 18:43:05.202 V/SystemServerTimingAsync( 719): ssm.onCompletedEventUser-0_{|Unlocked|}_com.android.server.pm.BackgroundInstallControlService took to complete: 0ms
05-31 18:43:05.202 D/SystemServerTimingAsync( 719): ssm.onCompletedEventUser-0_{|Unlocked|}_com.android.server.media.projection.MediaProjectionManagerService
05-31 18:43:05.202 V/SystemServerTimingAsync( 719): ssm.onCompletedEventUser-0_{|Unlocked|}_com.android.server.media.projection.MediaProjectionManagerService took to complete: 0ms
05-31 18:43:05.202 D/SystemServerTimingAsync( 719): ssm.onCompletedEventUser-0_{|Unlocked|}_com.android.server.slice.SliceManagerService$Lifecycle
05-31 18:43:05.202 V/SystemServerTimingAsync( 719): ssm.onCompletedEventUser-0_{|Unlocked|}_com.android.server.slice.SliceManagerService$Lifecycle took to complete: 0ms
05-31 18:43:05.202 D/SystemServerTimingAsync( 719): ssm.onCompletedEventUser-0_{|Unlocked|}_com.android.server.stats.StatsCompanion$Lifecycle
05-31 18:43:05.202 V/SystemServerTimingAsync( 719): ssm.onCompletedEventUser-0_{|Unlocked|}_com.android.server.stats.StatsCompanion$Lifecycle took to complete: 0ms
05-31 18:43:05.202 D/SystemServerTimingAsync( 719): ssm.onCompletedEventUser-0_{|Unlocked|}_com.android.server.scheduling.RebootReadinessManagerService$Lifecycle
05-31 18:43:05.202 V/SystemServerTimingAsync( 719): ssm.onCompletedEventUser-0_{|Unlocked|}_com.android.server.scheduling.RebootReadinessManagerService$Lifecycle took to complete: 0ms
05-31 18:43:05.202 D/SystemServerTimingAsync( 719): ssm.onCompletedEventUser-0_{|Unlocked|}_com.android.server.stats.pull.StatsPullAtomService
05-31 18:43:05.202 V/SystemServerTimingAsync( 719): ssm.onCompletedEventUser-0_{|Unlocked|}_com.android.server.stats.pull.StatsPullAtomService took to complete: 0ms
05-31 18:43:05.202 D/SystemServerTimingAsync( 719): ssm.onCompletedEventUser-0_{|Unlocked|}_com.android.server.stats.bootstrap.StatsBootstrapAtomService$Lifecycle
05-31 18:43:05.202 V/SystemServerTimingAsync( 719): ssm.onCompletedEventUser-0_{|Unlocked|}_com.android.server.stats.bootstrap.StatsBootstrapAtomService$Lifecycle took to complete: 0ms
05-31 18:43:05.202 D/SystemServerTimingAsync( 719): ssm.onCompletedEventUser-0_{|Unlocked|}_com.android.server.incident.IncidentCompanionService
05-31 18:43:05.202 V/SystemServerTimingAsync( 719): ssm.onCompletedEventUser-0_{|Unlocked|}_com.android.server.incident.IncidentCompanionService took to complete: 0ms
05-31 18:43:05.202 D/SystemServerTimingAsync( 719): ssm.onCompletedEventUser-0_{|Unlocked|}_com.android.server.sdksandbox.SdkSandboxManagerService$Lifecycle
05-31 18:43:05.202 V/SystemServerTimingAsync( 719): ssm.onCompletedEventUser-0_{|Unlocked|}_com.android.server.sdksandbox.SdkSandboxManagerService$Lifecycle took to complete: 0ms
05-31 18:43:05.202 D/SystemServerTimingAsync( 719): ssm.onCompletedEventUser-0_{|Unlocked|}_com.android.server.adservices.AdServicesManagerService$Lifecycle
05-31 18:43:05.202 V/SystemServerTimingAsync( 719): ssm.onCompletedEventUser-0_{|Unlocked|}_com.android.server.adservices.AdServicesManagerService$Lifecycle took to complete: 0ms
05-31 18:43:05.202 D/SystemServerTimingAsync( 719): ssm.onCompletedEventUser-0_{|Unlocked|}_com.android.server.ondevicepersonalization.OnDevicePersonalizationSystemService$Lifecycle
05-31 18:43:05.202 V/SystemServerTimingAsync( 719): ssm.onCompletedEventUser-0_{|Unlocked|}_com.android.server.ondevicepersonalization.OnDevicePersonalizationSystemService$Lifecycle took to complete: 0ms
05-31 18:43:05.202 D/SystemServerTimingAsync( 719): ssm.onCompletedEventUser-0_{|Unlocked|}_com.android.server.autofill.AutofillManagerService
05-31 18:43:05.203 V/SystemServerTimingAsync( 719): ssm.onCompletedEventUser-0_{|Unlocked|}_com.android.server.autofill.AutofillManagerService took to complete: 0ms
05-31 18:43:05.203 D/SystemServerTimingAsync( 719): ssm.onCompletedEventUser-0_{|Unlocked|}_com.android.server.clipboard.ClipboardService
05-31 18:43:05.203 V/SystemServerTimingAsync( 719): ssm.onCompletedEventUser-0_{|Unlocked|}_com.android.server.clipboard.ClipboardService took to complete: 0ms
05-31 18:43:05.203 D/SystemServerTimingAsync( 719): ssm.onCompletedEventUser-0_{|Unlocked|}_com.android.server.appbinding.AppBindingService$Lifecycle
05-31 18:43:05.203 V/SystemServerTimingAsync( 719): ssm.onCompletedEventUser-0_{|Unlocked|}_com.android.server.appbinding.AppBindingService$Lifecycle took to complete: 0ms
05-31 18:43:05.203 D/SystemServerTimingAsync( 719): ssm.onCompletedEventUser-0_{|Unlocked|}_com.android.server.tracing.TracingServiceProxy
05-31 18:43:05.203 V/SystemServerTimingAsync( 719): ssm.onCompletedEventUser-0_{|Unlocked|}_com.android.server.tracing.TracingServiceProxy took to complete: 0ms
05-31 18:43:05.203 D/SystemServerTimingAsync( 719): ssm.onCompletedEventUser-0_{|Unlocked|}_com.android.server.policy.PermissionPolicyService
05-31 18:43:05.203 V/SystemServerTimingAsync( 719): ssm.onCompletedEventUser-0_{|Unlocked|}_com.android.server.policy.PermissionPolicyService took to complete: 0ms
05-31 18:43:05.203 D/SystemServerTimingAsync( 719): ssm.onCompletedEventUser-0_{|Unlocked|}_com.android.server.pm.StagingManager$Lifecycle
05-31 18:43:05.203 V/SystemServerTimingAsync( 719): ssm.onCompletedEventUser-0_{|Unlocked|}_com.android.server.pm.StagingManager$Lifecycle took to complete: 0ms
05-31 18:43:05.203 D/SystemServerTimingAsync( 719): ssm.onCompletedEventUser-0_{|Unlocked|}_com.android.server.app.GameManagerService$Lifecycle
05-31 18:43:05.203 V/SystemServerTimingAsync( 719): ssm.onCompletedEventUser-0_{|Unlocked|}_com.android.server.app.GameManagerService$Lifecycle took to complete: 0ms
05-31 18:43:05.203 D/SystemServerTimingAsync( 719): ssm.onCompletedEventUser-0_{|Unlocked|}_com.android.safetycenter.SafetyCenterService
05-31 18:43:05.203 V/SystemServerTimingAsync( 719): ssm.onCompletedEventUser-0_{|Unlocked|}_com.android.safetycenter.SafetyCenterService took to complete: 0ms
05-31 18:43:05.203 D/SystemServerTimingAsync( 719): ssm.onCompletedEventUser-0_{|Unlocked|}_com.android.server.appsearch.AppSearchModule$Lifecycle
05-31 18:43:05.203 V/SystemServerTimingAsync( 719): ssm.onCompletedEventUser-0_{|Unlocked|}_com.android.server.appsearch.AppSearchModule$Lifecycle took to complete: 0ms
05-31 18:43:05.203 D/SystemServerTimingAsync( 719): ssm.onCompletedEventUser-0_{|Unlocked|}_com.android.server.media.MediaCommunicationService
05-31 18:43:05.203 V/SystemServerTimingAsync( 719): ssm.onCompletedEventUser-0_{|Unlocked|}_com.android.server.media.MediaCommunicationService took to complete: 0ms
05-31 18:43:05.203 D/SystemServerTimingAsync( 719): ssm.onCompletedEventUser-0_{|Unlocked|}_com.android.server.compat.overrides.AppCompatOverridesService$Lifecycle
05-31 18:43:05.203 V/SystemServerTimingAsync( 719): ssm.onCompletedEventUser-0_{|Unlocked|}_com.android.server.compat.overrides.AppCompatOverridesService$Lifecycle took to complete: 0ms
05-31 18:43:05.203 D/SystemServerTimingAsync( 719): ssm.onCompletedEventUser-0_{|Unlocked|}_com.android.server.healthconnect.HealthConnectManagerService
05-31 18:43:05.203 V/SystemServerTimingAsync( 719): ssm.onCompletedEventUser-0_{|Unlocked|}_com.android.server.healthconnect.HealthConnectManagerService took to complete: 0ms
05-31 18:43:05.203 D/SystemServerTimingAsync( 719): ssm.onCompletedEventUser-0_{|Unlocked|}_com.android.server.devicelock.DeviceLockService
05-31 18:43:05.203 V/SystemServerTimingAsync( 719): ssm.onCompletedEventUser-0_{|Unlocked|}_com.android.server.devicelock.DeviceLockService took to complete: 0ms
05-31 18:43:05.207 D/SystemServerTimingAsync( 719): ssm.onCompletedEventUser-0_{|Unlocked|}_com.android.server.os.DeviceIdentifiersPolicyService
05-31 18:43:05.207 V/SystemServerTimingAsync( 719): ssm.onCompletedEventUser-0_{|Unlocked|}_com.android.server.os.DeviceIdentifiersPolicyService took to complete: 0ms
05-31 18:43:05.208 V/SystemServerTimingAsync( 719): ssm.onCompletedEventUser-0_{|Unlocked|}_com.android.server.trust.TrustManagerService took to complete: 0ms
05-31 18:43:05.209 V/SystemServerTimingAsync( 719): ssm.CompletedEventUser-0 took to complete: 23ms
05-31 18:43:05.220 I/BroadcastQueue( 719): BOOT_COMPLETED_BROADCAST_COMPLETION_LATENCY_REPORTED action:android.intent.action.BOOT_COMPLETED dispatchLatency:-23414 completeLatency:5036 dispatchRealLatency:-23414 completeRealLatency:5036 receiversSize:39 userId:0 userType:android.os.usertype.full.SYSTEM
05-31 18:43:05.220 I/ActivityManager( 719): Finished processing BOOT_COMPLETED for u0
05-31 18:43:05.304 D/CompatibilityChangeReporter( 719): Compat change id reported: 135634846; UID 10019; state: DISABLED
05-31 18:43:05.304 D/CompatibilityChangeReporter( 719): Compat change id reported: 177438394; UID 10019; state: DISABLED
05-31 18:43:05.305 D/CompatibilityChangeReporter( 719): Compat change id reported: 135772972; UID 10019; state: DISABLED
05-31 18:43:05.305 D/CompatibilityChangeReporter( 719): Compat change id reported: 135754954; UID 10019; state: ENABLED
05-31 18:43:05.306 D/CompatibilityChangeReporter( 719): Compat change id reported: 143937733; UID 10019; state: ENABLED
05-31 18:43:05.343 I/ActivityManager( 719): Start proc 2235:com.android.externalstorage/u0a19 for broadcast {com.android.externalstorage/com.android.externalstorage.MountReceiver}
05-31 18:43:05.376 I/ActivityManager( 719): Background started FGS: Allowed [callingPackage: com.dangbei.screencast; callingUid: 10044; uidState: CEM ; uidBFSL: n/a; intent: Intent { act=com.dangbei.screencast.STARTUP pkg=com.dangbei.screencast }; code:SYSTEM_ALERT_WINDOW_PERMISSION; tempAllowListReason:; targetSdkVersion:28; callerTargetSdkVersion:28; startForegroundCount:0; bindFromPackage:null: isBindService:false]
05-31 18:43:05.383 D/CompatibilityChangeReporter( 719): Compat change id reported: 168419799; UID 10019; state: DISABLED
05-31 18:43:05.383 D/CompatibilityChangeReporter( 719): Compat change id reported: 273564678; UID 10019; state: DISABLED
05-31 18:43:05.391 D/CompatibilityChangeReporter( 719): Compat change id reported: 265195908; UID 10019; state: ENABLED
05-31 18:43:05.412 D/CompatibilityChangeReporter( 719): Compat change id reported: 170668199; UID 10044; state: DISABLED
05-31 18:43:05.412 W/ActivityManager( 719): Foreground service started from background can not have location/camera/microphone access: service com.dangbei.screencast/.startup.StartupService
05-31 18:43:05.413 D/CompatibilityChangeReporter( 719): Compat change id reported: 255038118; UID 10044; state: DISABLED
05-31 18:43:05.413 D/CompatibilityChangeReporter( 719): Compat change id reported: 255042465; UID 10044; state: DISABLED
05-31 18:43:05.417 W/ForegroundServiceTypeLoggerModule( 719): Foreground service start for UID: 10044 does not have any types
05-31 18:43:05.418 I/ActivityManager( 719): Deferring FGS notification in legacy app com.dangbei.screencast/u0a44 : Notification(channel=channel_record shortcut=null contentView=null vibrate=null sound=null defaults=0x0 flags=0x60 color=0x00000000 category=transport vis=PUBLIC)
05-31 18:43:05.423 D/CompatibilityChangeReporter( 719): Compat change id reported: 170503758; UID 10019; state: ENABLED
05-31 18:43:05.508 I/ActivityManager( 719): com.oranth.usbopenft is exempt from freezer
05-31 18:43:05.509 D/CompatibilityChangeReporter( 719): Compat change id reported: 135634846; UID 1000; state: DISABLED
05-31 18:43:05.520 I/ActivityManager( 719): Background started FGS: Allowed [callingPackage: com.dangbei.screencast; callingUid: 10044; uidState: FGS ; uidBFSL: [BFSL]; intent: Intent { cmp=com.dangbei.screencast/.huaweicast.service.HuaweiCastService }; code:PROC_STATE_FGS; tempAllowListReason:; targetSdkVersion:28; callerTargetSdkVersion:28; startForegroundCount:0; bindFromPackage:null: isBindService:false]
05-31 18:43:05.592 D/CompatibilityChangeReporter( 719): Compat change id reported: 261072174; UID 10044; state: DISABLED
05-31 18:43:05.600 W/ActivityManager( 719): Foreground service started from background can not have location/camera/microphone access: service com.dangbei.screencast/.huaweicast.service.HuaweiCastService
05-31 18:43:05.602 W/ForegroundServiceTypeLoggerModule( 719): Foreground service start for UID: 10044 does not have any types
05-31 18:43:05.608 W/ActivityManager( 719): Slow operation: 100ms so far, now at startProcess: returned from zygote!
05-31 18:43:05.609 W/ActivityManager( 719): Slow operation: 100ms so far, now at startProcess: done updating battery stats
05-31 18:43:05.609 W/ActivityManager( 719): Slow operation: 101ms so far, now at startProcess: building log message
05-31 18:43:05.609 I/ActivityManager( 719): Start proc 2283:com.oranth.usbopenft/1000 for broadcast {com.oranth.usbopenft/com.oranth.usbopenft.UsbReceiver}
05-31 18:43:05.609 W/ActivityManager( 719): Slow operation: 101ms so far, now at startProcess: starting to update pids map
05-31 18:43:05.609 W/ActivityManager( 719): Slow operation: 101ms so far, now at startProcess: done updating pids map
05-31 18:43:05.660 D/CompatibilityChangeReporter( 719): Compat change id reported: 168419799; UID 1000; state: DISABLED
05-31 18:43:05.660 D/CompatibilityChangeReporter( 719): Compat change id reported: 273564678; UID 1000; state: DISABLED
01-01 08:00:29.523 I/[3 T232 ..] servicemanager( 0): Notifying apexservice they don't (previously: do) have clients when we now have no record of a client
01-01 08:00:29.525 I/[3 T232 ..] servicemanager( 0): Unregistering apexservice
01-01 08:00:29.525 I/[3 T232 ..] BpBinder( 0): onLastStrongRef automatically unlinking death recipients:
01-01 08:00:29.531 W/[1 T750 ..] printk( 0): binder:334_4: 162 output lines suppressed due to ratelimiting --------- beginning of main
05-31 18:43:06.564 D/XHttpObservable( 1726): createNetWorkObservable subscribe: ShowMessageEntity{code=0, data=TipEntity{movieType=[我想看喜剧片, 动作片, 枪战片], movie=[庆余年, 误杀, 美丽人生, 爆笑虫子, 哪吒, 小猪佩奇, 胡歌的电视剧, 张艺谋导演的电影, 切换到1080P, 收藏], appController=[打开当贝市场, 下载哈趣影视, 爱奇艺, 卸载腾讯视频], weather=[今天的天气, 未来五天的天气, 杭州天气怎么样, 明天下不下雨], music=[我要听歌, 周杰伦的歌, 上一首, 下一首, 快进一分钟, 暂停], liveAppDownload='非常抱歉,根据监管部门政策管理要求,暂不提供相应服务。', subscreen=null, wakeUpVoiceResponse=[ProbabilityEntity{word='在呢', probability=30}, ProbabilityEntity{word='我在', probability=35}, ProbabilityEntity{word='你说', probability=15}, ProbabilityEntity{word='来啦', probability=20}], unrecognizedVoiceResponse=[ProbabilityEntity{word='可以再说一遍么', probability=45}, ProbabilityEntity{word='可以说的详细一点么', probability=30}, ProbabilityEntity{word='请问有什么可以帮您', probability=25}], notUnderstandVoiceResponse=[ProbabilityEntity{word='换个说法试试吧', probability=100}]}, message='success'} ,,, isDisposed = false
05-31 18:43:06.689 I/WifiHAL ( 512): call wifi_get_link_stats handler
05-31 18:43:06.689 I/WifiHAL ( 512): Creating message to get link statistics; iface = 16
05-31 18:43:06.689 D/WifiHAL ( 512): error code -95 mapped to -3
05-31 18:43:06.690 E/WifiStaIfaceAidlImpl( 719): getLinkLayerStats failed with service-specific exception: android.os.ServiceSpecificException: (code 4)
05-31 18:43:06.700 D/InstantWifi( 719): Receive Wifi is connected, freq = 5745 and currentNetworkId : 0, wifiinfo = SSID: , BSSID: 02:00:00:00:00:00, MAC: 02:00:00:00:00:00, IP: /192.168.3.222, Security type: 2, Supplicant state: COMPLETED, Wi-Fi standard: 6, RSSI: -55, Link speed: 1200Mbps, Tx Link speed: 1200Mbps, Max Supported Tx Link speed: 1200Mbps, Rx Link speed: 6Mbps, Max Supported Rx Link speed: 1200Mbps, Frequency: 5745MHz, Net ID: -1, Metered hint: false, score: 60, isUsable: true, CarrierMerged: false, SubscriptionId: -1, IsPrimary: 1, Trusted: true, Restricted: false, Ephemeral: false, OEM paid: false, OEM private: false, OSU AP: false, FQDN: , Provider friendly name: , Requesting package name: MLO Information: , Is TID-To-Link negotiation supported by the AP: false, AP MLD Address: , AP MLO Link Id: , AP MLO Affiliated links:
05-31 18:43:06.845 I/d.leradlauncher( 1467): Background concurrent copying GC freed 44685(2143KB) AllocSpace objects, 126(3512KB) LOS objects, 50% free, 18MB/36MB, paused 267us,102us total 206.484ms
05-31 18:43:07.166 E/hq ( 1467): ErrorCoroutineExceptionHandler:::runTry error:com.dangbei.leard.base.proider.error.EmptyApiException: 数据为空 from=requestMessageDialog from=requestMessageDialog
05-31 18:43:07.442 D/ProfileInstaller( 1467): Installing profile for com.dangbei.leard.leradlauncher
05-31 18:43:07.651 E/hq ( 1467): Etna:::sendInspectLauncherUpdate
05-31 18:43:07.656 E/ccc ( 1421): cccccc SystemUpdateHelper launcherUpdate {"launcherCodeLocal":102941,"launcherCodeNet":0,"launcherVersionLocal":"2.9.4.1","launcherVersionNet":"","otaCodeLocal":0,"otaCodeNet":0,"remoteNeedUpdate":false,"updateType":""}
05-31 18:43:07.658 D/etnaManager( 1467): 不需要更新桌面
01-01 08:00:30.931 W/ ( 0): [0 T1063 ..] [SP FRAME RX] arp req,vif_idx:0 sender:[fa:ff:42:eb:c0:04 192.168.3.76]receiver:[00:00:00:00:00:00 192.168.3.222]
01-01 08:00:30.932 W/ ( 0): [0 T1063 ..] [SP FRAME TX] arp rsp,vif_idx:0 sender:[1c:79:2d:20:62:b5 192.168.3.222]receiver:[fa:ff:42:eb:c0:04 192.168.3.76]
05-31 18:43:08.107 D/OomAdjuster( 719): Not killing cached processes
05-31 18:43:08.109 D/CompatibilityChangeReporter( 1901): Compat change id reported: 253665015; UID 10017; state: ENABLED
05-31 18:43:08.111 D/CompatibilityChangeReporter( 1901): Compat change id reported: 194532703; UID 10017; state: ENABLED
05-31 18:43:08.112 D/CompatibilityChangeReporter( 719): Compat change id reported: 253665015; UID 10017; state: ENABLED
05-31 18:43:08.113 D/CompatibilityChangeReporter( 719): Compat change id reported: 194532703; UID 10017; state: ENABLED
05-31 18:43:08.116 I/rainbow_flow( 2191): type=1400 audit(0.0:870): avc: denied { ioctl } for path="/dev/spidev1.0" dev="tmpfs" ino=549 ioctlcmd=0x6b00 scontext=u:r:init:s0 tcontext=u:object_r:device:s0 tclass=chr_file permissive=1
05-31 18:43:08.265 I/resolv ( 469): GetAddrInfoHandler::run: {100 100 100 983140 10044 0}
05-31 18:43:08.266 I/resolv ( 469): res_nmkquery: (QUERY, IN, A)
05-31 18:43:08.280 I/resolv ( 469): res_nsend: used send_dg 504 terrno: 0
05-31 18:43:08.281 I/resolv ( 469): doQuery: rcode=0, ancount=6, return value=504
05-31 18:43:08.282 D/TrafficStats( 2105): tagSocket(160) with statsTag=0xffffffff, statsUid=-1
05-31 18:43:08.318 I/ThermalService( 1046): CPU temperatures: [54.9]
01-01 08:00:31.721 I/[1 T45 ..] VCC5V( 0): disabling
05-31 18:43:09.192 D/SntpClient( 719): request time failed: java.net.SocketTimeoutException: Poll timed out
05-31 18:43:09.193 D/TrafficStats( 719): tagSocket(415) with statsTag=0xffffff41, statsUid=-1
05-31 18:43:09.209 E/hq ( 1467): ErrorCoroutineExceptionHandler:::runTry error:com.dangbei.leard.base.proider.error.EmptyApiException: 数据为空 from=requestMessageDialog from=requestMessageDialog
05-31 18:43:09.509 W/BroadcastLoopers( 719): Found previously unknown looper Thread[appscheduling.default,5,main]
05-31 18:43:09.694 I/WifiHAL ( 512): call wifi_get_link_stats handler
05-31 18:43:09.694 I/WifiHAL ( 512): Creating message to get link statistics; iface = 16
05-31 18:43:09.695 D/WifiHAL ( 512): error code -95 mapped to -3
05-31 18:43:09.695 E/WifiStaIfaceAidlImpl( 719): getLinkLayerStats failed with service-specific exception: android.os.ServiceSpecificException: (code 4)
05-31 18:43:10.206 I/keystore2( 291): system/security/keystore2/src/watchdog.rs:319 - Watchdog thread idle -> terminating. Have a great day.
05-31 18:43:10.218 D/AvrcpBrowsablePlayerConnector( 1032): Received a message: msg.what=2
05-31 18:43:10.218 V/AvrcpBrowsablePlayerConnector( 1032): Timed out waiting for players
05-31 18:43:10.218 I/AvrcpBrowsablePlayerConnector( 1032): Successfully connected to 0 browsable players.
05-31 18:43:10.218 I/MediaPlayerList( 1032): init: Browsable Player list size is 0
05-31 18:43:10.298 I/BLE_Service( 1046): mStartDiscoveryRunnable, return for nonGTV or usersetup finished
05-31 18:43:10.296 I/Timer-1 ( 2105): type=1400 audit(0.0:871): avc: denied { search } for name="net" dev="sysfs" ino=12344 scontext=u:r:untrusted_app_27:s0:c44,c256,c512,c768 tcontext=u:object_r:sysfs_net:s0 tclass=dir permissive=1 app=com.dangbei.screencast
05-31 18:43:10.296 I/Timer-1 ( 2105): type=1400 audit(0.0:872): avc: denied { read } for name="address" dev="sysfs" ino=22126 scontext=u:r:untrusted_app_27:s0:c44,c256,c512,c768 tcontext=u:object_r:sysfs_net:s0 tclass=file permissive=1 app=com.dangbei.screencast
01-01 08:00:33.543 I/[0 T2342 ..] logd( 0): start watching /data/system/packages.list ...
01-01 08:00:33.547 I/[0 T2342 ..] logd( 0): ReadPackageList, total packages: 80
05-31 18:43:10.296 I/Timer-1 ( 2105): type=1400 audit(0.0:873): avc: denied { open } for path="/sys/devices/virtual/net/dummy0/address" dev="sysfs" ino=22126 scontext=u:r:untrusted_app_27:s0:c44,c256,c512,c768 tcontext=u:object_r:sysfs_net:s0 tclass=file permissive=1 app=com.dangbei.screencast
05-31 18:43:10.312 W/TelephonyPermissions( 719): reportAccessDeniedToReadIdentifiers:com.dangbei.screencast:getSerial:-1
05-31 18:43:10.296 I/Timer-1 ( 2105): type=1400 audit(0.0:874): avc: denied { getattr } for path="/sys/devices/virtual/net/dummy0/address" dev="sysfs" ino=22126 scontext=u:r:untrusted_app_27:s0:c44,c256,c512,c768 tcontext=u:object_r:sysfs_net:s0 tclass=file permissive=1 app=com.dangbei.screencast
05-31 18:43:10.319 I/ThermalService( 1046): CPU temperatures: [54.000004]
05-31 18:43:10.355 V/NFC ( 2105): this device does not have NFC support
05-31 18:43:10.422 I/efs.config( 2105): No update is required, less than 8h since the last update
05-31 18:43:10.485 I/WifiService( 719): releaseMulticastLock uid=10044
05-31 18:43:10.480 I/gbei.screencast( 2105): type=1400 audit(0.0:875): avc: denied { write } for name="property_service" dev="tmpfs" ino=412 scontext=u:r:untrusted_app_27:s0:c44,c256,c512,c768 tcontext=u:object_r:property_socket:s0 tclass=sock_file permissive=1 app=com.dangbei.screencast
05-31 18:43:10.486 I/WifiService( 719): releaseMulticastLock uid=10044
05-31 18:43:10.491 D/WifiHAL ( 512): Setting APF program, halHandle = 0xf47c2950
05-31 18:43:10.491 I/WifiHAL ( 512): createRequest: APF set program request
05-31 18:43:10.492 D/WifiHAL ( 512): error code -95 mapped to -3
05-31 18:43:10.492 I/WifiHAL ( 512): Request Response failed for APF, result = -3
05-31 18:43:10.484 I/gbei.screencast( 2105): type=1400 audit(0.0:876): avc: denied { connectto } for path="/dev/socket/property_service" scontext=u:r:untrusted_app_27:s0:c44,c256,c512,c768 tcontext=u:r:init:s0 tclass=unix_stream_socket permissive=1 app=com.dangbei.screencast
05-31 18:43:10.492 E/WifiStaIfaceAidlImpl( 719): installApfPacketFilter failed with service-specific exception: android.os.ServiceSpecificException: (code 4)
05-31 18:43:10.484 I//system/bin/init( 1): type=1107 audit(0.0:877): uid=0 auid=4294967295 ses=4294967295 subj=u:r:init:s0 msg='avc: denied { set } for property=persist.sys.wfd.devicename pid=2105 uid=10044 gid=10044 scontext=u:r:untrusted_app_27:s0:c44,c256,c512,c768 tcontext=u:object_r:system_prop:s0 tclass=property_service permissive=1'
05-31 18:43:10.511 D/HiSight-SinkService( 2105): setDiscoverable true
05-31 18:43:10.512 D/NearFieldManager( 2105): init.
05-31 18:43:10.513 D/NearFieldManager( 2105): try check dmsdp
05-31 18:43:10.513 D/wenhc ( 1467): getScreenInfo uri = content://com.dangbei.screencast.parts.info/screen_cast
05-31 18:43:10.524 D/NearFieldManager( 2105): package not exist
05-31 18:43:10.526 D/CompatibilityChangeReporter( 719): Compat change id reported: 135634846; UID 10044; state: DISABLED
05-31 18:43:10.527 D/CompatibilityChangeReporter( 719): Compat change id reported: 143937733; UID 10044; state: DISABLED
05-31 18:43:10.528 D/NearFieldManager( 2105): bind nearfield service true
05-31 18:43:10.529 D/NearFieldManager( 2105): registerCallback true
05-31 18:43:10.529 D/HiSight-Discovery( 2105): set deviceInfo type:46
05-31 18:43:10.529 D/HiSight-Discovery( 2105): startAdvertise 1
05-31 18:43:10.540 D/Zygote ( 470): Forked child process 2346
05-31 18:43:10.541 I/ActivityManager( 719): Start proc 2346:com.huawei.connection/u0a44 for service {com.dangbei.screencast/com.huawei.connection.service.NearFieldManagerService}
05-31 18:43:10.546 I/Zygote ( 2346): seccomp disabled by setenforce 0
05-31 18:43:10.553 I/awei.connection( 2346): Using CollectorTypeCC GC.
05-31 18:43:10.558 E/awei.connection( 2346): Not starting debugger since process cannot load the jdwp agent.
05-31 18:43:10.587 D/CompatibilityChangeReporter( 2346): Compat change id reported: 171979766; UID 10044; state: DISABLED
05-31 18:43:10.587 D/CompatibilityChangeReporter( 2346): Compat change id reported: 242716250; UID 10044; state: DISABLED
05-31 18:43:10.597 D/ApplicationLoaders( 2346): Returning zygote-cached class loader: /system/framework/android.test.base.jar
05-31 18:43:10.597 D/ApplicationLoaders( 2346): Returning zygote-cached class loader: /system/framework/android.hidl.manager-V1.0-java.jar
05-31 18:43:10.597 D/ApplicationLoaders( 2346): Returning zygote-cached class loader: /system/framework/android.hidl.base-V1.0-java.jar
05-31 18:43:10.609 D/nativeloader( 2346): Configuring clns-shared-4 for other apk /system/app/dangbei-screencast/dangbei-screencast.apk. target_sdk_version=28, uses_libraries=, library_path=/system/app/dangbei-screencast/lib/arm:/system/app/dangbei-screencast/dangbei-screencast.apk!/lib/armeabi-v7a:/system/lib:/system_ext/lib, permitted_path=/data:/mnt/expand:/data/user/0/com.dangbei.screencast:/system/app/dangbei-screencast:/system/lib:/system_ext/lib
05-31 18:43:10.624 V/GraphicsEnvironment( 2346): Currently set values for:
05-31 18:43:10.624 V/GraphicsEnvironment( 2346): angle_gl_driver_selection_pkgs=[]
05-31 18:43:10.624 V/GraphicsEnvironment( 2346): angle_gl_driver_selection_values=[]
05-31 18:43:10.624 V/GraphicsEnvironment( 2346): ANGLE GameManagerService for com.dangbei.screencast: false
05-31 18:43:10.624 V/GraphicsEnvironment( 2346): com.dangbei.screencast is not listed in per-application setting
05-31 18:43:10.625 V/GraphicsEnvironment( 2346): Neither updatable production driver nor prerelease driver is supported.
05-31 18:43:10.629 I/MultiDex( 2346): VM with version 2.1.0 has multidex support
05-31 18:43:10.629 I/MultiDex( 2346): Installing application
05-31 18:43:10.629 I/MultiDex( 2346): VM has multidex support, MultiDex support library is disabled.
05-31 18:43:10.631 D/CompatibilityChangeReporter( 2346): Compat change id reported: 247079863; UID 10044; state: DISABLED
05-31 18:43:10.674 I/crashsdk( 2346): version unique build id: 6230cced
05-31 18:43:10.672 I/awei.connection( 2346): type=1400 audit(0.0:878): avc: denied { search } for name="net" dev="sysfs" ino=12344 scontext=u:r:untrusted_app_27:s0:c44,c256,c512,c768 tcontext=u:object_r:sysfs_net:s0 tclass=dir permissive=1 app=com.dangbei.screencast
05-31 18:43:10.672 I/Thread-3( 2346): type=1400 audit(0.0:879): avc: denied { read } for name="version" dev="proc" ino=4026532005 scontext=u:r:untrusted_app_27:s0:c44,c256,c512,c768 tcontext=u:object_r:proc_version:s0 tclass=file permissive=1 app=com.dangbei.screencast
01-01 08:00:33.918 W/[3 T2366 ..] audit( 0): audit_lost=143 audit_rate_limit=5 audit_backlog_limit=64
01-01 08:00:33.918 E/[3 T2366 ..] audit( 0): rate limit exceeded
05-31 18:43:10.682 D/crashsdk( 2346): Native log stat thread 2374 setup, waiting
05-31 18:43:10.686 D/ActivityManager( 719): freezing 1438 com.android.music
05-31 18:43:10.687 I/crashsdk( 2346): begin hack android.os.Process
05-31 18:43:10.687 I/crashsdk( 2346): end hack android.os.Process
05-31 18:43:10.708 I/TDLog ( 2346): setReportUncaughtExceptions: true
05-31 18:43:10.708 E/Application( 2346): onCreate:Version:v2.8.3/20830/883432e
05-31 18:43:10.712 W/efs.send_log( 2346): tryFileLock start!
05-31 18:43:10.722 I/efs.config( 2346): --->>> 删除旧的配置文件 false
05-31 18:43:10.725 I/Matrix.AnrTracer( 2346): anrTrace, final mAnrBeatTime:400, mAnrBeatRate:400
05-31 18:43:10.725 I/efs.base( 2346): lt=event`ev_ct=efs_core`ev_ac=pvuv`tm=2025-05-31 18:43:72`dn=f3a80cb2-264f-40a1-b5dc-e628a02809c0`ps=com.huawei.connection`um_os=android`stime=1748688190561`pid=2346`fr=android`pkg=com.dangbei.screencast`vcode=20830`dsp_w=1920`uid=f3a80cb2-264f-40a1-b5dc-e628a02809c0`rom=14`wid=f3a80cb2-264f-40a1-b5dc-e628a02809c0`um_app_carrier=`um_access=wifi`um_app_channel=os`um_crash_sdk_version=1.4.0`ctime=1748688190`model=dbbox-a3`lang=zh`net=wifi`brand=amlogic`dsp_h=1080`um_network_type=0`ver=v2.8.3`build_model=DBBOX-A3`w_tm=1748688190`appid=5fc60c21094d637f3130af19`um_umid_header=ai150dd3b45b2ef2b290838a598a2b76f1`sdk=34`tzone=Asia/Shanghai`sdk_ver=1.3.6.umeng
05-31 18:43:10.735 I/crashsdk( 2346): Catcher mask: 5000, 20480
05-31 18:43:10.735 I/crashsdk( 2346): Catcher thread 2351
05-31 18:43:10.735 D/crashsdk( 2346): Register ANR handler ...
05-31 18:43:10.737 E/LaunchManager( 2346): Non main process !
05-31 18:43:10.737 W/System.err( 2346): java.lang.NullPointerException: Attempt to invoke virtual method 'boolean com.efs.sdk.launch.LaunchConfigManager.enableTracer()' on a null object reference
05-31 18:43:10.737 D/NearFieldManagerService( 2346): NearFieldManagerService.
05-31 18:43:10.737 W/System.err( 2346): at com.umeng.umcrash.UMCrash.init(Unknown Source:403)
05-31 18:43:10.737 W/System.err( 2346): at java.lang.reflect.Method.invoke(Native Method)
05-31 18:43:10.737 W/System.err( 2346): at com.umeng.commonsdk.UMConfigure.init(Unknown Source:811)
05-31 18:43:10.737 W/System.err( 2346): at b.f.f.b.a(:4)
05-31 18:43:10.737 W/System.err( 2346): at h.o.a.run(Unknown Source:2)
05-31 18:43:10.738 D/NearFieldManagerService( 2346): onCreate, enter.
05-31 18:43:10.738 I/NearFieldManagerService( 2346): onBind, enter.
05-31 18:43:10.738 D/NearFieldManagerService( 2346): initService
05-31 18:43:10.738 D/NearFieldManagerService( 2346): NearField starting...
05-31 18:43:10.739 D/NearFieldUtils( 2346): checkSystemProperty in
05-31 18:43:10.739 I/efs.config( 2346): current config version (-1) is older than another (1735614866)
05-31 18:43:10.739 I/efs.config( 2346): load config from storage and notify observer
05-31 18:43:10.741 D/NearFieldUtils( 2346): checkSystemProperty: systemProperties:
05-31 18:43:10.741 E/NearFieldUtils( 2346): validProperty: priority is null
05-31 18:43:10.744 D/NearFieldManager( 2105): service connected.
05-31 18:43:10.745 D/HiSight-Discovery( 2105): eventId: 4001
05-31 18:43:10.746 D/HiSight-Discovery( 2105): msg 4001
05-31 18:43:10.746 D/HiSight-Discovery( 2105): bind success, status Ready
05-31 18:43:10.746 D/HiSight-Discovery( 2105): startAdvertise 2
05-31 18:43:10.746 D/HiSight-Discovery( 2105): stopAdvertise.
