01-01 08:00:06.217 E/keystore2( 291): system/security/keystore2/src/maintenance.rs:192 - Call to earlyBootEnded failed for security level STRONGBOX: system/security/keystore2/src/maintenance.rs:167: getting keymint device.
01-01 08:00:06.217 E/keystore2( 291): system/security/keystore2/src/error.rs:180 - system/security/keystore2/src/maintenance.rs:167: getting keymint device
01-01 08:00:06.217 E/keystore2( 291):
01-01 08:00:06.217 E/keystore2( 291): Caused by:
01-01 08:00:06.217 E/keystore2( 291): 0: system/security/keystore2/src/globals.rs:335: Cannot connect to Keymint
01-01 08:00:06.217 E/keystore2( 291): 1: system/security/keystore2/src/globals.rs:246: Trying to get Legacy wrapper.
01-01 08:00:06.217 E/keystore2( 291): 2: Error::Km(r#HARDWARE_TYPE_UNAVAILABLE)
01-01 08:00:06.217 E/vold ( 247): keystore2 Keystore earlyBootEnded returned service specific error: -68
01-01 08:00:06.231 E/[3 T247 ..] vold( 0): keystore2 Keystore earlyBootEnded returned service specific error: -68
01-01 08:00:06.256 I/[0 T241 ..] logd( 0): logd reinit
01-01 08:00:06.270 I/[1 T334 ..] apexd( 0): Scanning /system/apex for pre-installed ApexFiles
01-01 08:00:06.270 I/[1 T334 ..] apexd( 0): Found pre-installed APEX /system/apex/com.amlogic.mediaextractor.apex
01-01 08:00:06.272 I/[1 T334 ..] apexd( 0): Found pre-installed APEX /system/apex/com.android.adbd.capex
01-01 08:00:06.272 I/[1 T334 ..] apexd( 0): Found pre-installed APEX /system/apex/com.android.adservices.capex
01-01 08:00:06.274 I/[1 T334 ..] apexd( 0): Found pre-installed APEX /system/apex/com.android.apex.cts.shim.apex
01-01 08:00:06.275 I/[1 T334 ..] apexd( 0): Found pre-installed APEX /system/apex/com.android.appsearch.capex
01-01 08:00:06.276 I/[1 T334 ..] apexd( 0): Found pre-installed APEX /system/apex/com.android.art.capex
01-01 08:00:06.277 I/[1 T334 ..] apexd( 0): Found pre-installed APEX /system/apex/com.android.btservices.apex
01-01 08:00:06.278 I/[1 T334 ..] apexd( 0): Found pre-installed APEX /system/apex/com.android.configinfrastructure.capex
01-01 08:00:06.279 I/[1 T334 ..] apexd( 0): Found pre-installed APEX /system/apex/com.android.conscrypt.capex
01-01 08:00:06.350 I/ ( 0): [3 T297 ..] video_composer_open iminor(inode) =0
01-01 08:00:06.350 I/[3 T297 ..] vc( 0): [0]vd_render_index_get: render_index is 0.
01-01 08:00:06.351 I/[3 T297 ..] vc( 0): [0]get capability: min 64 64; max 4096 2160
01-01 08:00:06.351 I/ ( 0): [3 T297 ..] video_composer_open iminor(inode) =1
01-01 08:00:06.352 I/[3 T297 ..] vc( 0): [1]vd_render_index_get: render_index is 1.
01-01 08:00:06.354 I/[3 T297 ..] vc( 0): [1]get capability: min 64 64; max 2048 1080
01-01 08:00:06.355 I/[3 T297 ..] [hdmitx( 0): ] qms 0 qms_tfr_min/max 0 0 gaming_vrr_min/max 48 120
01-01 08:00:06.356 I/[3 T297 ..] [hdmitx( 0): ] BRR VIC 16 width/height 1920 1080 QMS min/max 0 0 GAME min/max 48 120
01-01 08:00:06.357 I/[3 T297 ..] [hdmitx( 0): ] BRR/VIC group
01-01 08:00:06.357 I/[3 T297 ..] [hdmitx( 0): ] BRR VIC 4 width/height 1280 720 QMS min/max 0 0 GAME min/max 48 120
01-01 08:00:06.358 I/[3 T297 ..] [hdmitx( 0): ] BRR/VIC group
01-01 08:00:06.359 I/[3 T297 ..] [hdmitx( 0): ] BRR VIC 97 width/height 3840 2160 QMS min/max 0 0 GAME min/max 48 120
01-01 08:00:06.360 I/[3 T297 ..] [hdmitx( 0): ] BRR/VIC group
01-01 08:00:06.361 I/[3 T297 ..] [hdmitx( 0): ] BRR VIC 102 width/height 4096 2160 QMS min/max 0 0 GAME min/max 48 120
01-01 08:00:06.362 I/[3 T297 ..] [hdmitx( 0): ] BRR/VIC group
01-01 08:00:06.363 I/[3 T297 ..] [hdmitx( 0): ] qms 0 qms_tfr_min/max 0 0 gaming_vrr_min/max 48 120
01-01 08:00:06.366 I/[3 T297 ..] [hdmitx( 0): ] qms 0 qms_tfr_min/max 0 0 gaming_vrr_min/max 48 120
01-01 08:00:06.366 I/[3 T297 ..] [hdmitx( 0): ] BRR VIC 16 width/height 1920 1080 QMS min/max 0 0 GAME min/max 48 120
01-01 08:00:06.368 I/[3 T297 ..] [hdmitx( 0): ] BRR/VIC group
01-01 08:00:06.368 I/[3 T297 ..] [hdmitx( 0): ] BRR VIC 4 width/height 1280 720 QMS min/max 0 0 GAME min/max 48 120
01-01 08:00:06.369 I/[3 T297 ..] [hdmitx( 0): ] BRR/VIC group
01-01 08:00:06.370 I/[3 T297 ..] [hdmitx( 0): ] BRR VIC 97 width/height 3840 2160 QMS min/max 0 0 GAME min/max 48 120
01-01 08:00:06.371 I/[3 T297 ..] [hdmitx( 0): ] BRR/VIC group
01-01 08:00:06.372 I/[3 T297 ..] [hdmitx( 0): ] BRR VIC 102 width/height 4096 2160 QMS min/max 0 0 GAME min/max 48 120
01-01 08:00:06.373 I/[3 T297 ..] [hdmitx( 0): ] BRR/VIC group
01-01 08:00:06.373 I/[3 T297 ..] [hdmitx( 0): ] qms 0 qms_tfr_min/max 0 0 gaming_vrr_min/max 48 120
01-01 08:00:06.377 I/[3 T297 ..] vc( 0): [0]get capability: min 64 64; max 4096 2160
01-01 08:00:06.377 I/[3 T297 ..] vc( 0): [1]get capability: min 64 64; max 2048 1080
01-01 08:00:06.412 I/[3 T362 ..] loop4( 0): detected capacity change from 0 to 10392
01-01 08:00:06.413 I/[2 T361 ..] loop5( 0): detected capacity change from 0 to 536
01-01 08:00:06.413 I/[1 T364 ..] loop6( 0): detected capacity change from 0 to 25264
01-01 08:00:06.414 I/[3 T363 ..] loop7( 0): detected capacity change from 0 to 20400
01-01 08:00:06.435 I/[3 T297 ..] [hdmitx( 0): ] avmute_store -1
01-01 08:00:06.436 I/ ( 0): [2 T364 ..] EXT4-fs (loop6): mounted filesystem without journal. Opts: (null). Quota mode: none.
01-01 08:00:06.439 I/ ( 0): [0 T362 ..] EXT4-fs (loop4): mounted filesystem without journal. Opts: (null). Quota mode: none.
01-01 08:00:06.441 I/[3 T364 ..] loop8( 0): detected capacity change from 0 to 38408
01-01 08:00:06.442 I/ ( 0): [2 T363 ..] EXT4-fs (loop7): mounted filesystem without journal. Opts: (null). Quota mode: none.
01-01 08:00:06.443 I/ ( 0): [2 T361 ..] EXT4-fs (loop5): mounted filesystem without journal. Opts: (null). Quota mode: none.
01-01 08:00:06.443 I/[1 T362 ..] loop9( 0): detected capacity change from 0 to 576
01-01 08:00:06.446 I/[0 T363 ..] loop10( 0): detected capacity change from 0 to 2224
01-01 08:00:06.448 I/[2 T361 ..] loop11( 0): detected capacity change from 0 to 4320
01-01 08:00:06.450 I/ ( 0): [1 T364 ..] EXT4-fs (loop8): mounted filesystem without journal. Opts: (null). Quota mode: none.
01-01 08:00:06.452 I/[1 T364 ..] loop12( 0): detected capacity change from 0 to 7024
01-01 08:00:06.465 I/ ( 0): [0 T362 ..] EXT4-fs (loop9): mounted filesystem without journal. Opts: (null). Quota mode: none.
01-01 08:00:06.465 I/ ( 0): [2 T361 ..] EXT4-fs (loop11): mounted filesystem without journal. Opts: (null). Quota mode: none.
01-01 08:00:06.467 I/[0 T362 ..] loop13( 0): detected capacity change from 0 to 68064
01-01 08:00:06.469 I/[2 T361 ..] loop14( 0): detected capacity change from 0 to 1048
01-01 08:00:06.469 I/ ( 0): [1 T364 ..] EXT4-fs (loop12): mounted filesystem without journal. Opts: (null). Quota mode: none.
01-01 08:00:06.471 I/[1 T364 ..] loop15( 0): detected capacity change from 0 to 1616
01-01 08:00:06.471 I/ ( 0): [2 T363 ..] EXT4-fs (loop10): mounted filesystem without journal. Opts: (null). Quota mode: none.
01-01 08:00:06.473 I/[0 T363 ..] loop16( 0): detected capacity change from 0 to 34880
01-01 08:00:06.480 I/ ( 0): [3 T362 ..] EXT4-fs (loop13): mounted filesystem without journal. Opts: (null). Quota mode: none.
01-01 08:00:06.482 I/[3 T362 ..] loop17( 0): detected capacity change from 0 to 6248
01-01 08:00:06.484 I/ ( 0): [3 T363 ..] EXT4-fs (loop16): mounted filesystem without journal. Opts: (null). Quota mode: none.
01-01 08:00:06.484 I/ ( 0): [1 T364 ..] EXT4-fs (loop15): mounted filesystem without journal. Opts: (null). Quota mode: none.
01-01 08:00:06.486 I/[3 T363 ..] loop18( 0): detected capacity change from 0 to 8888
01-01 08:00:06.488 I/[3 T364 ..] loop19( 0): detected capacity change from 0 to 39832
01-01 08:00:06.490 I/ ( 0): [3 T361 ..] EXT4-fs (loop14): mounted filesystem without journal. Opts: (null). Quota mode: none.
01-01 08:00:06.493 I/[2 T361 ..] loop20( 0): detected capacity change from 0 to 5656
01-01 08:00:06.496 I/ ( 0): [2 T362 ..] EXT4-fs (loop17): mounted filesystem without journal. Opts: (null). Quota mode: none.
01-01 08:00:06.499 I/[2 T362 ..] loop21( 0): detected capacity change from 0 to 50632
01-01 08:00:06.504 I/[3 T363 ..] device-mapper( 0): verity: sha256 using implementation "sha256-ce"
01-01 08:00:06.504 I/[0 T364 ..] device-mapper( 0): verity: sha256 using implementation "sha256-ce"
01-01 08:00:06.505 I/[1 T361 ..] device-mapper( 0): verity: sha256 using implementation "sha256-ce"
01-01 08:00:06.523 I/[2 T362 ..] device-mapper( 0): verity: sha256 using implementation "sha256-ce"
01-01 08:00:06.531 I/ ( 0): [0 T361 ..] EXT4-fs (dm-47): mounted filesystem without journal. Opts: (null). Quota mode: none.
01-01 08:00:06.533 I/[0 T361 ..] loop22( 0): detected capacity change from 0 to 6680
01-01 08:00:06.534 I/ ( 0): [0 T363 ..] EXT4-fs (dm-49): mounted filesystem without journal. Opts: (null). Quota mode: none.
01-01 08:00:06.538 I/[2 T363 ..] loop23( 0): detected capacity change from 0 to 8568
01-01 08:00:06.539 I/ ( 0): [2 T364 ..] EXT4-fs (dm-48): mounted filesystem without journal. Opts: (null). Quota mode: none.
01-01 08:00:06.541 I/[3 T364 ..] loop24( 0): detected capacity change from 0 to 16592
01-01 08:00:06.551 I/[1 T363 ..] device-mapper( 0): verity: sha256 using implementation "sha256-ce"
01-01 08:00:06.551 I/ ( 0): [0 T362 ..] EXT4-fs (dm-46): mounted filesystem without journal. Opts: (null). Quota mode: none.
01-01 08:00:06.556 I/[1 T361 ..] device-mapper( 0): verity: sha256 using implementation "sha256-ce"
01-01 08:00:06.559 I/[0 T362 ..] loop25( 0): detected capacity change from 0 to 1512
01-01 08:00:06.551 V/BootAnimation( 251): Surface size has been limited to [1920x1080] from [3840x2160]
01-01 08:00:06.561 I/[2 T364 ..] device-mapper( 0): verity: sha256 using implementation "sha256-ce"
01-01 08:00:06.572 I/ ( 0): [3 T364 ..] EXT4-fs (dm-40): mounted filesystem without journal. Opts: (null). Quota mode: none.
01-01 08:00:06.574 I/[0 T364 ..] loop26( 0): detected capacity change from 0 to 536
01-01 08:00:06.577 I/ ( 0): [0 T363 ..] EXT4-fs (dm-43): mounted filesystem without journal. Opts: (null). Quota mode: none.
01-01 08:00:06.579 I/[1 T363 ..] loop27( 0): detected capacity change from 0 to 6024
01-01 08:00:06.579 I/[2 T362 ..] device-mapper( 0): verity: sha256 using implementation "sha256-ce"
01-01 08:00:06.593 I/ ( 0): [0 T361 ..] EXT4-fs (dm-45): mounted filesystem without journal. Opts: (null). Quota mode: none.
01-01 08:00:06.595 I/[0 T361 ..] loop28( 0): detected capacity change from 0 to 17432
01-01 08:00:06.595 I/[3 T364 ..] device-mapper( 0): verity: sha256 using implementation "sha256-ce"
01-01 08:00:06.595 I/[1 T363 ..] device-mapper( 0): verity: sha256 using implementation "sha256-ce"
01-01 08:00:06.609 I/ ( 0): [3 T362 ..] EXT4-fs (dm-36): mounted filesystem without journal. Opts: (null). Quota mode: none.
01-01 08:00:06.612 I/[3 T362 ..] loop29( 0): detected capacity change from 0 to 5920
01-01 08:00:06.619 I/[0 T361 ..] device-mapper( 0): verity: sha256 using implementation "sha256-ce"
01-01 08:00:06.620 I/ ( 0): [0 T364 ..] EXT4-fs (dm-39): mounted filesystem without journal. Opts: (null). Quota mode: none.
01-01 08:00:06.622 I/ ( 0): [0 T363 ..] EXT4-fs (dm-34): mounted filesystem without journal. Opts: (null). Quota mode: none.
01-01 08:00:06.627 I/[0 T364 ..] loop30( 0): detected capacity change from 0 to 6496
01-01 08:00:06.628 I/[3 T363 ..] loop31( 0): detected capacity change from 0 to 49208
01-01 08:00:06.631 I/[3 T362 ..] device-mapper( 0): verity: sha256 using implementation "sha256-ce"
01-01 08:00:06.643 I/ ( 0): [3 T361 ..] EXT4-fs (dm-35): mounted filesystem without journal. Opts: (null). Quota mode: none.
01-01 08:00:06.645 I/[0 T361 ..] loop32( 0): detected capacity change from 0 to 4648
01-01 08:00:06.647 I/[2 T363 ..] device-mapper( 0): verity: sha256 using implementation "sha256-ce"
01-01 08:00:06.647 I/[1 T364 ..] device-mapper( 0): verity: sha256 using implementation "sha256-ce"
01-01 08:00:06.658 I/ ( 0): [1 T362 ..] EXT4-fs (dm-33): mounted filesystem without journal. Opts: (null). Quota mode: none.
01-01 08:00:06.660 I/[1 T362 ..] loop33( 0): detected capacity change from 0 to 42104
01-01 08:00:06.671 I/[1 T361 ..] device-mapper( 0): verity: sha256 using implementation "sha256-ce"
01-01 08:00:06.672 I/ ( 0): [3 T363 ..] EXT4-fs (dm-30): mounted filesystem without journal. Opts: (null). Quota mode: none.
01-01 08:00:06.675 I/[3 T363 ..] loop34( 0): detected capacity change from 0 to 536
01-01 08:00:06.679 I/ ( 0): [3 T364 ..] EXT4-fs (dm-31): mounted filesystem without journal. Opts: (null). Quota mode: none.
01-01 08:00:06.681 I/[0 T364 ..] loop35( 0): detected capacity change from 0 to 34544
01-01 08:00:06.683 I/[3 T362 ..] device-mapper( 0): verity: sha256 using implementation "sha256-ce"
01-01 08:00:06.692 I/[0 T363 ..] device-mapper( 0): verity: sha256 using implementation "sha256-ce"
01-01 08:00:06.695 I/[0 T364 ..] device-mapper( 0): verity: sha256 using implementation "sha256-ce"
01-01 08:00:06.703 I/ ( 0): [2 T361 ..] EXT4-fs (dm-29): mounted filesystem without journal. Opts: (null). Quota mode: none.
01-01 08:00:06.704 I/ ( 0): [2 T363 ..] EXT4-fs (dm-22): mounted filesystem without journal. Opts: (null). Quota mode: none.
01-01 08:00:06.705 I/[0 T361 ..] loop36( 0): detected capacity change from 0 to 30080
01-01 08:00:06.710 I/ ( 0): [0 T362 ..] EXT4-fs (dm-25): mounted filesystem without journal. Opts: (null). Quota mode: none.
01-01 08:00:06.719 I/[3 T361 ..] device-mapper( 0): verity: sha256 using implementation "sha256-ce"
01-01 08:00:06.720 I/ ( 0): [0 T364 ..] EXT4-fs (dm-24): mounted filesystem without journal. Opts: (null). Quota mode: none.
01-01 08:00:06.727 I/ ( 0): [0 T361 ..] EXT4-fs (dm-20): mounted filesystem without journal. Opts: (null). Quota mode: none.
01-01 08:00:06.726 V/BootAnimation( 251): Surface size has been limited to [1920x1080] from [3840x2160]
01-01 08:00:06.726 D/BootAnimation( 251): resizeSurface BLASTBufferQueue to 1920 1080.
01-01 08:00:06.818 D/BootAnimation( 251): BootAnimation::threadLoop
01-01 08:00:06.819 D/BootAnimation( 251): bootVideoProp=50, mConfig=0, mVol=50, mMute=0
01-01 08:00:06.840 D/BootAnimation( 251): BootAnimationShownTiming start time: 6840ms
01-01 08:00:06.986 D/vold ( 247): fscrypt_init_user0
01-01 08:00:06.986 D/vold ( 247): Preparing: /data/misc/vold/user_keys
01-01 08:00:06.999 D/[1 T443 ..] vdc( 0): Waited 0ms for vold
01-01 08:00:06.992 D/vold ( 247): Preparing: /data/misc/vold/user_keys/ce
01-01 08:00:06.993 D/vold ( 247): Preparing: /data/misc/vold/user_keys/de
01-01 08:00:07.000 D/vold ( 247): Installed fscrypt key with ref 607c7dbce069fad998daba253d9da607 to /data
01-01 08:00:07.000 D/vold ( 247): Added fscrypt-provisioning key for 607c7dbce069fad998daba253d9da607 to session keyring
01-01 08:00:07.000 D/vold ( 247): Installed de key for user 0
01-01 08:00:07.001 D/vold ( 247): Preparing: /data/data
01-01 08:00:07.003 D/vold ( 247): Preparing: /data/user/0
01-01 08:00:07.004 D/vold ( 247): Preparing: /data/media/obb
01-01 08:00:07.005 D/vold ( 247): fscrypt_prepare_user_storage for volume null, user 0, serial 0, flags 1
01-01 08:00:07.005 D/vold ( 247): Preparing: /data/system/users/0
01-01 08:00:07.005 D/vold ( 247): Preparing: /data/misc/profiles/cur/0
01-01 08:00:07.006 D/vold ( 247): Preparing: /data/system_de/0
01-01 08:00:07.008 I/vold ( 247): Verified that /data/system_de/0 has the encryption policy 607c7dbce069fad998daba253d9da607 v2 modes 1/4 flags 0xa
01-01 08:00:07.008 D/vold ( 247): Preparing: /data/vendor_de/0
01-01 08:00:07.009 I/vold ( 247): Verified that /data/vendor_de/0 has the encryption policy 607c7dbce069fad998daba253d9da607 v2 modes 1/4 flags 0xa
01-01 08:00:07.009 D/vold ( 247): Preparing: /data/misc_de/0
01-01 08:00:07.010 I/vold ( 247): Verified that /data/misc_de/0 has the encryption policy 607c7dbce069fad998daba253d9da607 v2 modes 1/4 flags 0xa
01-01 08:00:07.010 D/vold ( 247): Preparing: /data/user_de/0
01-01 08:00:07.010 I/vold ( 247): Verified that /data/user_de/0 has the encryption policy 607c7dbce069fad998daba253d9da607 v2 modes 1/4 flags 0xa
01-01 08:00:07.010 D/vold ( 247): /system/bin/vold_prepare_subdirs
01-01 08:00:07.010 D/vold ( 247): prepare
01-01 08:00:07.010 D/vold ( 247):
01-01 08:00:07.010 D/vold ( 247): 0
01-01 08:00:07.010 D/vold ( 247): 1
01-01 08:00:07.077 D/vold ( 247): Detected support for FS_IOC_ADD_ENCRYPTION_KEY
01-01 08:00:07.096 I/[2 T1 ..] selinux( 0): SELinux: Skipping restorecon on directory(/data)
01-01 08:00:07.208 I/odsign ( 448): Trying to retrieve existing HMAC key...
01-01 08:00:07.209 I/odsign ( 448): Trying to retrieve existing keystore key...
01-01 08:00:07.213 I/odsign ( 448): Verified public key signature.
01-01 08:00:07.213 I/odsign ( 448): Initialized Keystore key.
01-01 08:00:07.215 I/odsign ( 448): Found and verified existing public key certificate: /data/misc/odsign/key.cert
01-01 08:00:07.311 I/[3 T449 ..] fs-verity( 0): sha256 using implementation "sha256-ce"
01-01 08:00:07.337 I/odrefresh( 449): ART APEX version 340090000
01-01 08:00:07.467 I/odrefresh( 449): Boot images on /system OK (arm)
01-01 08:00:07.471 I/odrefresh( 449): system_server artifacts on /system OK
01-01 08:00:07.484 I/odsign ( 448): /data/misc/odsign/odsign.info.signature matches.
01-01 08:00:07.485 I/odsign ( 448): Loaded /data/misc/odsign/odsign.info
01-01 08:00:07.486 I/odsign ( 448): All root hashes match.
01-01 08:00:07.486 I/odsign ( 448): odrefresh said artifacts are VALID
01-01 08:00:07.486 I/odsign ( 448): On-device signing done.
01-01 08:00:07.486 I/odsign ( 448): Metrics report is empty
01-01 08:00:07.506 I/keystore2( 291): system/security/keystore2/src/super_key.rs:330 - keystore.boot_level 1000000000 hits maximum 1000000000, finishing.
01-01 08:00:07.548 I/[2 T451 ..] apexd( 0): Snapshot DE subcommand detected
01-01 08:00:07.550 I/[2 T451 ..] apexd-snapshotde( 0): Marking APEXd as ready
01-01 08:00:07.594 I/[2 T159 ..] [media_sync]( 0): mediasync_policy_manager_init(ffffffc00bedd000) initiation success.
01-01 08:00:07.614 I/ ( 0): [2 T159 ..] aml-vcodec-dec vcodec_dec: v4ldec registered as /dev/video26
01-01 08:00:07.737 I/[2 T1 ..] selinux( 0): SELinux: Skipping restorecon on directory(/data/dalvik-cache/arm)
01-01 08:00:07.738 E/[2 T1 ..] selinux( 0): SELinux: Could not stat /data/dalvik-cache/arm64: No such file or directory.
01-01 08:00:07.738 E/[2 T1 ..] selinux( 0): SELinux: Could not stat /data/dalvik-cache/riscv64: No such file or directory.
01-01 08:00:07.740 E/[2 T1 ..] selinux( 0): SELinux: Could not stat /data/dalvik-cache/x86: No such file or directory.
01-01 08:00:07.741 E/[2 T1 ..] selinux( 0): SELinux: Could not stat /data/dalvik-cache/x86_64: No such file or directory.
01-01 08:00:07.752 I/[2 T1 ..] selinux( 0): SELinux: Skipping restorecon on directory(/data/misc/apexdata/com.android.wifi)
01-01 08:00:07.757 I/[0 T159 ..] init( 0): Not setting encryption policy on: /data/media
01-01 08:00:07.800 D/[1 T465 ..] LibBpfLoader( 0): Loading optional ELF object /apex/com.android.tethering/etc/bpf/test.o with license Apache 2.0
01-01 08:00:07.801 I/[1 T465 ..] LibBpfLoader( 0): Section bpfloader_min_ver value is 2 [0x2]
01-01 08:00:07.801 I/[1 T465 ..] LibBpfLoader( 0): Section bpfloader_max_ver value is 25 [0x19]
01-01 08:00:07.802 D/[1 T465 ..] LibBpfLoader( 0): Couldn't find section bpfloader_min_required_ver (defaulting to 0 [0x0]).
01-01 08:00:07.802 I/[1 T465 ..] LibBpfLoader( 0): Section size_of_bpf_map_def value is 120 [0x78]
01-01 08:00:07.803 I/[1 T465 ..] LibBpfLoader( 0): Section size_of_bpf_prog_def value is 92 [0x5c]
01-01 08:00:07.804 I/[1 T465 ..] LibBpfLoader( 0): BpfLoader version 0x00026 ignoring ELF object /apex/com.android.tethering/etc/bpf/test.o with max ver 0x00019
01-01 08:00:07.806 I/[1 T465 ..] bpfloader( 0): Loaded object: /apex/com.android.tethering/etc/bpf/test.o
01-01 08:00:07.810 D/[1 T465 ..] LibBpfLoader( 0): Loading critical for Connectivity (Tethering) ELF object /apex/com.android.tethering/etc/bpf/offload.o with license Apache 2.0
01-01 08:00:07.810 I/[1 T465 ..] LibBpfLoader( 0): Section bpfloader_min_ver value is 2 [0x2]
01-01 08:00:07.814 I/[0 T466 ..] update_verifier( 0): Started with arg 1: nonencrypted
01-01 08:00:07.826 I/[0 T466 ..] update_verifier( 0): Using AIDL version of IBootControl
01-01 08:00:07.827 I/[0 T292 ..] android.hardware.boot-service( 0): sys.boot_completed:
01-01 08:00:07.828 I/[0 T466 ..] update_verifier( 0): Booting slot 0: isSlotMarkedSuccessful=1
01-01 08:00:07.828 I/[0 T466 ..] update_verifier( 0): Leaving update_verifier.
01-01 08:00:07.881 I/ ( 0): [0 T159 ..] Mass Storage Function, version: 2009/09/11
01-01 08:00:07.881 I/[0 T159 ..] LUN( 0): removable file: (no medium)
01-01 08:00:07.886 I/ ( 0): [0 T159 ..] file system registered
01-01 08:00:07.894 W/ ( 0): [0 T159 ..] using random self ethernet address
01-01 08:00:07.894 W/ ( 0): [0 T159 ..] using random host ethernet address
01-01 08:00:08.019 W/[1 T159 ..] 0( 0): amvdec_vc1 module init
01-01 08:00:08.023 W/[1 T159 ..] 0( 0): amvdec_vc1 module init
01-01 08:00:08.093 W/ ( 0): [1 T159 ..] amvenc probe, hcodec get reset failed: -2
01-01 08:00:08.195 E/ ( 0): [3 T159 ..] have register same node[av1-v4l] on decoder before
01-01 08:00:08.199 I/ ( 0): [0 T159 ..] Registered frame rate driver success.
01-01 08:00:08.375 W/[3 T487 ..] healthd( 0): No battery devices found
01-01 08:00:08.379 W/[3 T487 ..] healthd( 0): battery none chg=
01-01 08:00:08.486 I/[1 T517 ..] [pm]( 0): early_suspend_state=0
01-01 08:00:08.590 I/android.hardware.wifi-service.droidlogic( 512): Wifi Hal is booting up...
01-01 08:00:08.595 I/android.hardware.wifi-service.droidlogic( 512): Joining RPC thread pool
01-01 08:00:08.647 W/[2 T465 ..] printk( 0): bpfloader: 594 output lines suppressed due to ratelimiting
01-01 08:00:08.700 E/[3 T159 ..] map_store( 0): rm default
01-01 08:00:08.700 E/[3 T159 ..] map_store( 0): add default decoder ppmgr deinterlace amvideo
01-01 08:00:08.704 I/[3 T159 ..] [snd-soc]( 0): drc high cut scale set to 0%
01-01 08:00:08.706 I/[1 T159 ..] [snd-soc]( 0): drc low boost scale set to 0%
01-01 08:00:08.717 I/[1 T159 ..] [snd-soc]( 0): drc mode set to RF
01-01 08:00:08.790 I/[2 T159 ..] usbcore( 0): registered new interface driver wifi_usb_common
01-01 08:00:08.790 W/ ( 0): [2 T159 ..] aml_usb_common->
01-01 08:00:08.790 W/ ( 0): [2 T159 ..] aml_wifi_usb_insmod(138) aml common driver insmod
01-01 08:00:08.793 W/ ( 0): [2 T159 ..] *****************aml sdio common driver is insmoded********************
01-01 08:00:08.793 W/ ( 0): [2 T159 ..] aml_wifi_sdio_insmod(279) start...
01-01 08:00:08.852 E/[1 T211 ..] selinux( 0): SELinux: Could not set context for /sys/devices/virtual/net/ipsec_test/queues/tx-0/byte_queue_limits/hold_time: No such file or directory
01-01 08:00:08.855 E/[1 T211 ..] selinux( 0): SELinux: Could not set context for /sys/devices/virtual/net/ipsec_test/queues/tx-0/byte_queue_limits/inflight: No such file or directory
01-01 08:00:08.857 E/[1 T211 ..] selinux( 0): SELinux: Could not set context for /sys/devices/virtual/net/ipsec_test/queues/tx-0/tx_timeout: No such file or directory
01-01 08:00:08.865 E/[1 T211 ..] selinux( 0): SELinux: Could not set context for /sys/devices/virtual/net/ipsec_test/queues/tx-0/xps_rxqs: No such file or directory
01-01 08:00:08.866 E/[3 T212 ..] selinux( 0): SELinux: Could not set context for /sys/devices/virtual/net/ipsec_test/statistics: No such file or directory
01-01 08:00:08.867 E/[3 T212 ..] selinux( 0): SELinux: Could not read /sys/devices/virtual/net/ipsec_test/statistics: No such file or directory.
01-01 08:00:08.869 E/[1 T211 ..] selinux( 0): SELinux: Could not set context for /sys/devices/virtual/net/ipsec_test/queues/tx-0/traffic_class: No such file or directory
01-01 08:00:08.871 E/[1 T211 ..] ueventd( 0): selinux_android_restorecon(/sys/devices/virtual/net/ipsec_test/queues/tx-0) failed: Success
01-01 08:00:08.871 E/[2 T212 ..] selinux( 0): SELinux: Could not set context for /sys/devices/virtual/net/ipsec_test/mtu: No such file or directory
01-01 08:00:08.878 E/[2 T212 ..] selinux( 0): SELinux: Could not set context for /sys/devices/virtual/net/ipsec_test/gro_flush_timeout: No such file or directory
01-01 08:00:08.878 I/gsid ( 560): no DSU: No such file or directory
01-01 08:00:09.385 I/installd( 621): installd firing up
01-01 08:00:09.530 I/[3 T232 ..] servicemanager( 0): Could not find android.hardware.gatekeeper.IGatekeeper/default in the VINTF manifest.
01-01 08:00:09.535 I/wificond( 628): wificond is starting up...
01-01 08:00:09.562 I/[1 T232 ..] servicemanager( 0): Found android.hardware.usb.gadget.IUsbGadget/default in device VINTF manifest.
01-01 08:00:09.587 I/[3 T232 ..] servicemanager( 0): Could not find android.hardware.net.nlinterceptor.IInterceptor/default in the VINTF manifest.
01-01 08:00:09.579 E/HidlServiceManagement( 628): Service android.system.wifi.keystore@1.0::IKeystore/default must be in VINTF manifest in order to register/get.
01-01 08:00:09.579 I/wificond( 628): Did not register wifi keystore HIDL HAL service: -2147483648
01-01 08:00:09.672 I/[2 T232 ..] servicemanager( 0): Found android.hardware.health.IHealth/default in device VINTF manifest.
01-01 08:00:09.677 W/storaged( 627): health: invalid battery status
01-01 08:00:09.732 I/[3 T651 ..] [hdmitx( 0): ] tee load hdcp key ready: 0x0
01-01 08:00:09.732 I/[3 T651 ..] [hdmitx( 0): ] hdmi ready but hdcp not enabled, enable now
01-01 08:00:09.783 I/[3 T232 ..] servicemanager( 0): Found android.hardware.boot.IBootControl/default in device VINTF manifest.
01-01 08:00:09.978 V/Zygote32Timing( 470): PreloadResources took to complete: 527ms
01-01 08:00:09.992 I/ ( 0): [0 T8 ..] [TEE] E/TA: parse_keybox:1766 [PROVISION-TA] v1 keybox is no longer supported
01-01 08:00:09.993 I/ ( 0): [0 T8 ..] [TEE] E/TA: provision_key_store:1996 [PROVISION-TA] parse data failed, res = 0xFFFF000A
01-01 08:00:09.994 I/ ( 0): [0 T8 ..] [TEE] E/TC:? 00 tee_rpmb_verify_key_sync_counter:1008 Verify key returning 0xffff0008
01-01 08:00:09.996 I/ ( 0): [0 T8 ..] [TEE] E/TA: hdcp_load_key:962 [HDCP-TA] hdcp_load_key: read hdcp key(hdcp_tx22.bin) ret = 0xFFFF0008
01-01 08:00:09.997 I/ ( 0): [0 T8 ..] [TEE] E/TC:? 00 tee_rpmb_verify_key_sync_counter:1008 Verify key returning 0xffff0008
01-01 08:00:09.998 I/ ( 0): [0 T8 ..] [TEE] E/TA: hdcp_load_key:962 [HDCP-TA] hdcp_load_key: read hdcp key(hdcp_tx14.bin) ret = 0xFFFF0008
01-01 08:00:10.080 I/[0 T232 ..] servicemanager( 0): Found android.frameworks.cameraservice.service.ICameraService/default in framework VINTF manifest.
01-01 08:00:10.082 I/[3 T232 ..] servicemanager( 0): Found android.frameworks.cameraservice.service.ICameraService/default in framework VINTF manifest.
01-01 08:00:10.281 V/Zygote32Timing( 470): BeginPreload took to complete: 164ms
01-01 08:00:10.475 I/[0 T482 ..] [debug]( 0): audio_utils_ioctl SET_LIB_SIZE 4306308
01-01 08:00:10.475 I/[0 T482 ..] [debug]( 0): audio_utils_ioctl WRITE_LIB
01-01 08:00:10.486 I/[1 T482 ..] [hdmitx( 0): ] hdmitx21_audio_mute_op: AUD_MUTE path=0x8000000
01-01 08:00:10.487 I/[1 T482 ..] [hdmitx( 0): ] hdmitx21_ext_set_audio_output enable:0
01-01 08:00:10.516 I/[3 T677 ..] audio_ddr_mngr( 0): frddrs[0] registered by device fe330000.audiobus:tdm@2
01-01 08:00:10.517 I/[3 T677 ..] [snd-soc]( 0): aml_audio_reset, reg 0xa, shift 9, use_vadtop 0
01-01 08:00:10.518 I/[3 T677 ..] [snd-soc]( 0): aml_audio_reset, reg 0xa, shift 14, use_vadtop 0
01-01 08:00:10.519 I/[3 T677 ..] [snd-soc]( 0): hdmitx src switch to spdif 0
01-01 08:00:10.519 I/[3 T677 ..] [snd-soc]( 0): sharebuffer_spdifout_prepare get_hdmitx_audio_src(rtd->card):0 spdif_id:0
01-01 08:00:10.521 I/[3 T677 ..] [hdmitx( 0): ] hdmitx_audio_notify_callback[804] type:1 rate:0 size:0 chs:0 i2s_ch_mask:0 aud_src_if:0
01-01 08:00:10.522 E/[3 T677 ..] [hdmitx( 0): ] *HDMITX_ERROR* audio chn setting, must be 2, 4, 6 or 8, Rst as def
01-01 08:00:10.523 I/[3 T677 ..] [hdmitx( 0): ] aout notify format CT_PCM
01-01 08:00:10.524 I/[3 T677 ..] [hdmitx( 0): ] set audio
01-01 08:00:10.524 I/[3 T677 ..] [hdmitx( 0): ] audio_param->chs = -1
01-01 08:00:10.525 I/[3 T677 ..] [hdmitx( 0): ] aud_src_if = 0
01-01 08:00:10.526 I/[3 T677 ..] [hdmitx( 0): ] aud_n_para = 5120
01-01 08:00:10.526 I/[3 T677 ..] [hdmitx( 0): ] set audio param
01-01 08:00:10.527 D/[3 T677 ..] [snd-soc]( 0): spdif_a fifo ctrl, frddr:0 type:1, 16 bits, chmask 0x3, swap 0x10
01-01 08:00:10.527 I/[3 T677 ..] [hdmitx( 0): ] hdmitx_audio_notify_callback[804] type:1 rate:3 size:1 chs:2 i2s_ch_mask:1 aud_src_if:0
01-01 08:00:10.528 I/[3 T677 ..] [hdmitx( 0): ] aout notify format CT_PCM
01-01 08:00:10.529 I/[3 T677 ..] [hdmitx( 0): ] set audio
01-01 08:00:10.529 I/[3 T677 ..] [hdmitx( 0): ] audio_param->chs = 1
01-01 08:00:10.530 I/[3 T677 ..] [hdmitx( 0): ] aud_src_if = 0
01-01 08:00:10.531 I/[3 T677 ..] [hdmitx( 0): ] aud_n_para = 5120
01-01 08:00:10.531 I/[3 T677 ..] [hdmitx( 0): ] set audio param
01-01 08:00:10.532 I/[0 T63 ..] [snd-codec-t9015]( 0): aml_T9015_audio_set_bias_level
01-01 08:00:10.533 I/[2 T63 ..] [snd-codec-t9015]( 0): aml_T9015_audio_set_bias_level
01-01 08:00:10.540 D/[3 T677 ..] [snd-soc]( 0): spdif_a is set to enable
01-01 08:00:10.548 I/[3 T677 ..] [snd-soc]( 0): release_spdif_same_src(), 1039 src sel 3
01-01 08:00:10.548 I/[3 T677 ..] [snd-soc]( 0): ss_free() samesrc 3, lvl 1
01-01 08:00:10.549 I/[2 T677 ..] audio_ddr_mngr( 0): frddrs[1] registered by device fe330000.audiobus:spdif@0
01-01 08:00:10.550 I/[2 T677 ..] [hdmitx( 0): ] hdmitx_audio_notify_callback[804] type:1 rate:0 size:0 chs:0 i2s_ch_mask:0 aud_src_if:0
01-01 08:00:10.551 E/[2 T677 ..] [hdmitx( 0): ] *HDMITX_ERROR* audio chn setting, must be 2, 4, 6 or 8, Rst as def
01-01 08:00:10.552 I/[2 T677 ..] [hdmitx( 0): ] aout notify format CT_PCM
01-01 08:00:10.553 I/[2 T677 ..] [hdmitx( 0): ] set audio
01-01 08:00:10.554 I/[2 T677 ..] [hdmitx( 0): ] audio_param->chs = -1
01-01 08:00:10.554 I/[2 T677 ..] [hdmitx( 0): ] aud_src_if = 0
01-01 08:00:10.555 I/[2 T677 ..] [hdmitx( 0): ] aud_n_para = 5120
01-01 08:00:10.555 I/[2 T677 ..] [hdmitx( 0): ] set audio param
01-01 08:00:10.556 I/[2 T677 ..] [hdmitx( 0): ] hdmitx_audio_notify_callback[804] type:1 rate:0 size:0 chs:0 i2s_ch_mask:0 aud_src_if:0
01-01 08:00:10.557 E/[2 T677 ..] [hdmitx( 0): ] *HDMITX_ERROR* audio chn setting, must be 2, 4, 6 or 8, Rst as def
01-01 08:00:10.558 I/[2 T677 ..] [hdmitx( 0): ] aout notify format CT_PCM
01-01 08:00:10.559 I/[2 T677 ..] [hdmitx( 0): ] set audio
01-01 08:00:10.560 I/[2 T677 ..] [hdmitx( 0): ] audio_param->chs = -1
01-01 08:00:10.560 I/[2 T677 ..] [hdmitx( 0): ] aud_src_if = 0
01-01 08:00:10.561 I/[2 T677 ..] [hdmitx( 0): ] aud_n_para = 5120
01-01 08:00:10.562 I/[2 T677 ..] [hdmitx( 0): ] set audio param
01-01 08:00:10.562 I/[2 T677 ..] [hdmitx( 0): ] hdmitx_audio_notify_callback[804] type:2 rate:3 size:1 chs:2 i2s_ch_mask:1 aud_src_if:0
01-01 08:00:10.564 I/[2 T677 ..] [hdmitx( 0): ] aout notify format CT_AC_3
01-01 08:00:10.564 I/[2 T677 ..] [hdmitx( 0): ] set audio
01-01 08:00:10.565 I/[2 T677 ..] [hdmitx( 0): ] audio_param->chs = 1
01-01 08:00:10.565 I/[2 T677 ..] [hdmitx( 0): ] aud_src_if = 0
01-01 08:00:10.566 I/[2 T677 ..] [hdmitx( 0): ] aud_n_para = 5120
01-01 08:00:10.567 I/[2 T677 ..] [hdmitx( 0): ] set audio param
01-01 08:00:10.567 D/[2 T677 ..] [snd-soc]( 0): aml_spdif_fifo_ctrl, bit depth:16, frddr type:1, toddr:type:1
01-01 08:00:10.569 I/[2 T677 ..] [snd-soc]( 0): aml_audio_reset, reg 0xa, shift 9, use_vadtop 0
01-01 08:00:10.569 I/[2 T677 ..] [snd-soc]( 0): aml_audio_reset, reg 0xa, shift 14, use_vadtop 0
01-01 08:00:11.515 V/Zygote32Timing( 470): PreloadClasses took to complete: 1234ms
01-01 08:00:11.533 V/Zygote32Timing( 470): CacheNonBootClasspathClassLoaders took to complete: 18ms
01-01 08:00:11.537 V/Zygote32Timing( 470): ZygotePreload took to complete: 1420ms
01-01 08:00:11.696 V/Zygote32Timing( 470): PostZygoteInitGC took to complete: 159ms
01-01 08:00:11.696 V/Zygote32Timing( 470): ZygoteInit took to complete: 2275ms
01-01 08:00:12.311 D/SystemServerTiming( 719): InitBeforeStartServices
01-01 08:00:12.316 I/SystemServer( 719): Entered the Android system server!
01-01 08:00:12.577 I/SystemServerInitThreadPool( 719): Creating instance with 4 threads
01-01 08:00:13.114 V/SystemServerTiming( 719): InitBeforeStartServices took to complete: 803ms
01-01 08:00:13.114 D/SystemServerTiming( 719): StartServices
01-01 08:00:13.114 D/SystemServerTiming( 719): startBootstrapServices
01-01 08:00:13.114 D/SystemServerTiming( 719): ArtModuleServiceInitializer
01-01 08:00:13.116 V/SystemServerTiming( 719): ArtModuleServiceInitializer took to complete: 2ms
01-01 08:00:13.116 D/SystemServerTiming( 719): StartWatchdog
01-01 08:00:13.120 V/SystemServerTiming( 719): StartWatchdog took to complete: 4ms
01-01 08:00:13.120 I/SystemServer( 719): Reading configuration...
01-01 08:00:13.120 D/SystemServerTiming( 719): ReadingSystemConfig
01-01 08:00:13.120 V/SystemServerTiming( 719): ReadingSystemConfig took to complete: 0ms
01-01 08:00:13.120 D/SystemServerTiming( 719): PlatformCompat
01-01 08:00:13.120 D/SystemServerTimingAsync( 719): InitThreadPoolExec:ReadingSystemConfig
01-01 08:00:13.120 D/SystemServerInitThreadPool( 719): Started executing ReadingSystemConfig
01-01 08:00:13.121 D/CompatConfig( 719): Found a config file: /system/etc/compatconfig/TeleService-platform-compat-config.xml
01-01 08:00:13.122 D/CompatConfig( 719): Adding: com.android.server.compat.config.Change@218bf05
01-01 08:00:13.122 I/SystemConfig( 719): Reading permissions from /system/etc/sysconfig/framework-sysconfig.xml
01-01 08:00:13.122 D/CompatConfig( 719): Adding: com.android.server.compat.config.Change@e15718b
01-01 08:00:13.122 D/CompatConfig( 719): Adding: com.android.server.compat.config.Change@43be268
01-01 08:00:13.122 D/CompatConfig( 719): Adding: com.android.server.compat.config.Change@eb4681
01-01 08:00:13.122 D/CompatConfig( 719): Adding: com.android.server.compat.config.Change@c6e8326
01-01 08:00:13.122 D/CompatConfig( 719): Adding: com.android.server.compat.config.Change@c679b67
01-01 08:00:13.124 D/CompatConfig( 719): Found a config file: /system/etc/compatconfig/calendar-provider-compat-config.xml
01-01 08:00:13.125 D/CompatConfig( 719): Adding: com.android.server.compat.config.Change@304c9bd
01-01 08:00:13.125 I/SystemConfig( 719): Reading permissions from /system/etc/sysconfig/hiddenapi-package-whitelist.xml
01-01 08:00:13.127 I/SystemConfig( 719): Reading permissions from /system/etc/sysconfig/initial-package-stopped-states.xml
01-01 08:00:13.127 D/CompatConfig( 719): Found a config file: /system/etc/compatconfig/contacts-provider-platform-compat-config.xml
01-01 08:00:13.129 D/CompatConfig( 719): Found a config file: /system/etc/compatconfig/documents-ui-compat-config.xml
01-01 08:00:13.130 I/SystemConfig( 719): Reading permissions from /system/etc/sysconfig/preinstalled-packages-asl-files.xml
01-01 08:00:13.130 D/CompatConfig( 719): Adding: com.android.server.compat.config.Change@7c2905f
01-01 08:00:13.130 I/SystemConfig( 719): Reading permissions from /system/etc/sysconfig/preinstalled-packages-com.android.providers.media.module.xml
01-01 08:00:13.132 D/CompatConfig( 719): Found a config file: /system/etc/compatconfig/framework-platform-compat-config.xml
01-01 08:00:13.132 I/SystemConfig( 719): Reading permissions from /system/etc/sysconfig/preinstalled-packages-platform.xml
01-01 08:00:13.134 I/SystemConfig( 719): Reading permissions from /system/etc/permissions/android.hardware.bluetooth.xml
01-01 08:00:13.135 I/SystemConfig( 719): Reading permissions from /system/etc/permissions/android.hardware.bluetooth_le.xml
01-01 08:00:13.136 I/SystemConfig( 719): Reading permissions from /system/etc/permissions/android.software.webview.xml
01-01 08:00:13.136 D/CompatConfig( 719): Adding: com.android.server.compat.config.Change@2f401d6
01-01 08:00:13.136 D/CompatConfig( 719): Adding: com.android.server.compat.config.Change@bf82c57
01-01 08:00:13.136 D/CompatConfig( 719): Adding: com.android.server.compat.config.Change@8779344
01-01 08:00:13.136 D/CompatConfig( 719): Adding: com.android.server.compat.config.Change@4609c2d
01-01 08:00:13.136 D/CompatConfig( 719): Adding: com.android.server.compat.config.Change@be936f3
01-01 08:00:13.136 D/CompatConfig( 719): Adding: com.android.server.compat.config.Change@3fc9fb0
01-01 08:00:13.136 D/CompatConfig( 719): Adding: com.android.server.compat.config.Change@d57ce29
01-01 08:00:13.136 D/CompatConfig( 719): Adding: com.android.server.compat.config.Change@be975ae
01-01 08:00:13.136 I/SystemConfig( 719): Reading permissions from /system/etc/permissions/android.test.base.xml
01-01 08:00:13.136 D/CompatConfig( 719): Adding: com.android.server.compat.config.Change@6d64f4f
01-01 08:00:13.136 D/CompatConfig( 719): Adding: com.android.server.compat.config.Change@b8406dc
01-01 08:00:13.136 D/CompatConfig( 719): Adding: com.android.server.compat.config.Change@b7623e5
01-01 08:00:13.137 D/CompatConfig( 719): Adding: com.android.server.compat.config.Change@85b3eba
01-01 08:00:13.137 D/CompatConfig( 719): Adding: com.android.server.compat.config.Change@9d2916b
01-01 08:00:13.137 D/CompatConfig( 719): Adding: com.android.server.compat.config.Change@ab8b4c8
01-01 08:00:13.137 D/CompatConfig( 719): Adding: com.android.server.compat.config.Change@26a1961
01-01 08:00:13.137 D/CompatConfig( 719): Adding: com.android.server.compat.config.Change@cee8c86
01-01 08:00:13.137 D/CompatConfig( 719): Adding: com.android.server.compat.config.Change@606d947
01-01 08:00:13.137 D/CompatConfig( 719): Adding: com.android.server.compat.config.Change@b085574
01-01 08:00:13.137 D/CompatConfig( 719): Adding: com.android.server.compat.config.Change@84dea9d
01-01 08:00:13.137 D/CompatConfig( 719): Adding: com.android.server.compat.config.Change@916eb12
01-01 08:00:13.137 D/CompatConfig( 719): Adding: com.android.server.compat.config.Change@c4dc2e3
01-01 08:00:13.137 D/CompatConfig( 719): Adding: com.android.server.compat.config.Change@d0f54e0
01-01 08:00:13.137 D/CompatConfig( 719): Adding: com.android.server.compat.config.Change@a39399
01-01 08:00:13.137 D/CompatConfig( 719): Adding: com.android.server.compat.config.Change@df4a65e
01-01 08:00:13.137 D/CompatConfig( 719): Adding: com.android.server.compat.config.Change@68faa3f
01-01 08:00:13.137 D/CompatConfig( 719): Adding: com.android.server.compat.config.Change@cc4df0c
01-01 08:00:13.137 D/CompatConfig( 719): Adding: com.android.server.compat.config.Change@b10d055
01-01 08:00:13.137 D/CompatConfig( 719): Adding: com.android.server.compat.config.Change@c60ca6a
01-01 08:00:13.137 D/CompatConfig( 719): Adding: com.android.server.compat.config.Change@adeab5b
01-01 08:00:13.137 D/CompatConfig( 719): Adding: com.android.server.compat.config.Change@c66dff8
01-01 08:00:13.137 D/CompatConfig( 719): Adding: com.android.server.compat.config.Change@1db1cd1
01-01 08:00:13.137 D/CompatConfig( 719): Adding: com.android.server.compat.config.Change@7b92336
01-01 08:00:13.137 D/CompatConfig( 719): Adding: com.android.server.compat.config.Change@452a237
01-01 08:00:13.137 D/CompatConfig( 719): Adding: com.android.server.compat.config.Change@22603a4
01-01 08:00:13.137 D/CompatConfig( 719): Adding: com.android.server.compat.config.Change@423b50d
01-01 08:00:13.137 D/CompatConfig( 719): Adding: com.android.server.compat.config.Change@da52ad3
01-01 08:00:13.137 D/CompatConfig( 719): Adding: com.android.server.compat.config.Change@491b610
01-01 08:00:13.137 D/CompatConfig( 719): Adding: com.android.server.compat.config.Change@7e39509
01-01 08:00:13.137 D/CompatConfig( 719): Adding: com.android.server.compat.config.Change@145630e
01-01 08:00:13.137 D/CompatConfig( 719): Adding: com.android.server.compat.config.Change@98da12f
01-01 08:00:13.137 I/SystemConfig( 719): Reading permissions from /system/etc/permissions/android.test.mock.xml
01-01 08:00:13.137 D/CompatConfig( 719): Adding: com.android.server.compat.config.Change@1c4233c
01-01 08:00:13.137 D/CompatConfig( 719): Adding: com.android.server.compat.config.Change@fa778c5
01-01 08:00:13.137 D/CompatConfig( 719): Adding: com.android.server.compat.config.Change@e78a21a
01-01 08:00:13.137 D/CompatConfig( 719): Adding: com.android.server.compat.config.Change@4dd214b
01-01 08:00:13.137 D/CompatConfig( 719): Adding: com.android.server.compat.config.Change@d4e3728
01-01 08:00:13.137 D/CompatConfig( 719): Adding: com.android.server.compat.config.Change@bdc41
01-01 08:00:13.137 D/CompatConfig( 719): Adding: com.android.server.compat.config.Change@d6ec5e6
01-01 08:00:13.137 D/CompatConfig( 719): Adding: com.android.server.compat.config.Change@e5a8727
01-01 08:00:13.137 D/CompatConfig( 719): Adding: com.android.server.compat.config.Change@e39dd4
01-01 08:00:13.137 D/CompatConfig( 719): Adding: com.android.server.compat.config.Change@f8fb7d
01-01 08:00:13.137 D/CompatConfig( 719): Adding: com.android.server.compat.config.Change@6515a72
01-01 08:00:13.137 D/CompatConfig( 719): Adding: com.android.server.compat.config.Change@5e6ec3
01-01 08:00:13.137 D/CompatConfig( 719): Adding: com.android.server.compat.config.Change@bc6c340
01-01 08:00:13.138 D/CompatConfig( 719): Adding: com.android.server.compat.config.Change@69ed279
01-01 08:00:13.138 D/CompatConfig( 719): Adding: com.android.server.compat.config.Change@856abbe
01-01 08:00:13.138 D/CompatConfig( 719): Adding: com.android.server.compat.config.Change@82f341f
01-01 08:00:13.138 D/CompatConfig( 719): Adding: com.android.server.compat.config.Change@cf4d36c
01-01 08:00:13.138 D/CompatConfig( 719): Adding: com.android.server.compat.config.Change@e311d35
01-01 08:00:13.138 D/CompatConfig( 719): Adding: com.android.server.compat.config.Change@dcdc5ca
01-01 08:00:13.138 D/CompatConfig( 719): Adding: com.android.server.compat.config.Change@71cf33b
01-01 08:00:13.138 D/CompatConfig( 719): Adding: com.android.server.compat.config.Change@411ba58
01-01 08:00:13.138 D/CompatConfig( 719): Adding: com.android.server.compat.config.Change@a6357b1
01-01 08:00:13.138 D/CompatConfig( 719): Adding: com.android.server.compat.config.Change@4ea7496
01-01 08:00:13.138 D/CompatConfig( 719): Adding: com.android.server.compat.config.Change@95d8817
01-01 08:00:13.138 D/CompatConfig( 719): Adding: com.android.server.compat.config.Change@5142404
01-01 08:00:13.138 D/CompatConfig( 719): Adding: com.android.server.compat.config.Change@ba4bded
01-01 08:00:13.138 D/CompatConfig( 719): Adding: com.android.server.compat.config.Change@9514422
01-01 08:00:13.138 D/CompatConfig( 719): Adding: com.android.server.compat.config.Change@ea88eb3
01-01 08:00:13.138 D/CompatConfig( 719): Adding: com.android.server.compat.config.Change@ab17c70
01-01 08:00:13.138 D/CompatConfig( 719): Adding: com.android.server.compat.config.Change@a63806e
01-01 08:00:13.138 D/CompatConfig( 719): Adding: com.android.server.compat.config.Change@93630f
01-01 08:00:13.138 D/CompatConfig( 719): Adding: com.android.server.compat.config.Change@389ef9c
01-01 08:00:13.138 D/CompatConfig( 719): Adding: com.android.server.compat.config.Change@764bda5
01-01 08:00:13.138 I/SystemConfig( 719): Reading permissions from /system/etc/permissions/android.test.runner.xml
01-01 08:00:13.138 D/CompatConfig( 719): Adding: com.android.server.compat.config.Change@a4b357a
01-01 08:00:13.138 D/CompatConfig( 719): Adding: com.android.server.compat.config.Change@2ad212b
01-01 08:00:13.138 D/CompatConfig( 719): Adding: com.android.server.compat.config.Change@6146988
01-01 08:00:13.138 D/CompatConfig( 719): Adding: com.android.server.compat.config.Change@6088f21
01-01 08:00:13.138 D/CompatConfig( 719): Adding: com.android.server.compat.config.Change@1c72f46
01-01 08:00:13.138 D/CompatConfig( 719): Adding: com.android.server.compat.config.Change@85aa507
01-01 08:00:13.138 D/CompatConfig( 719): Adding: com.android.server.compat.config.Change@74a9634
01-01 08:00:13.138 D/CompatConfig( 719): Adding: com.android.server.compat.config.Change@4bdfc5d
01-01 08:00:13.138 D/CompatConfig( 719): Adding: com.android.server.compat.config.Change@4b6f9d2
01-01 08:00:13.138 D/CompatConfig( 719): Adding: com.android.server.compat.config.Change@c728aa3
01-01 08:00:13.138 D/CompatConfig( 719): Adding: com.android.server.compat.config.Change@14e1a0
01-01 08:00:13.138 D/CompatConfig( 719): Adding: com.android.server.compat.config.Change@7630159
01-01 08:00:13.138 D/CompatConfig( 719): Adding: com.android.server.compat.config.Change@366e11e
01-01 08:00:13.138 D/CompatConfig( 719): Adding: com.android.server.compat.config.Change@6992dff
01-01 08:00:13.138 D/CompatConfig( 719): Adding: com.android.server.compat.config.Change@d7677cc
01-01 08:00:13.139 D/CompatConfig( 719): Adding: com.android.server.compat.config.Change@7b95a15
01-01 08:00:13.139 D/CompatConfig( 719): Adding: com.android.server.compat.config.Change@49bf12a
01-01 08:00:13.139 D/CompatConfig( 719): Adding: com.android.server.compat.config.Change@a5cab1b
01-01 08:00:13.139 D/CompatConfig( 719): Adding: com.android.server.compat.config.Change@77944b8
01-01 08:00:13.139 D/CompatConfig( 719): Adding: com.android.server.compat.config.Change@fe28291
01-01 08:00:13.139 D/CompatConfig( 719): Adding: com.android.server.compat.config.Change@45ff5f6
01-01 08:00:13.139 D/CompatConfig( 719): Adding: com.android.server.compat.config.Change@c10ddf7
01-01 08:00:13.139 D/CompatConfig( 719): Adding: com.android.server.compat.config.Change@9bb6cd
01-01 08:00:13.139 D/CompatConfig( 719): Adding: com.android.server.compat.config.Change@38d7b82
01-01 08:00:13.139 D/CompatConfig( 719): Adding: com.android.server.compat.config.Change@76b6293
01-01 08:00:13.139 D/CompatConfig( 719): Adding: com.android.server.compat.config.Change@173f2d0
01-01 08:00:13.139 I/SystemConfig( 719): Reading permissions from /system/etc/permissions/com.android.adservices.sdksandbox.xml
01-01 08:00:13.139 D/CompatConfig( 719): Adding: com.android.server.compat.config.Change@f39f2c9
01-01 08:00:13.139 D/CompatConfig( 719): Adding: com.android.server.compat.config.Change@41bcdce
01-01 08:00:13.139 D/CompatConfig( 719): Adding: com.android.server.compat.config.Change@3df94ef
01-01 08:00:13.139 D/CompatConfig( 719): Adding: com.android.server.compat.config.Change@56d6bfc
01-01 08:00:13.139 D/CompatConfig( 719): Adding: com.android.server.compat.config.Change@765f285
01-01 08:00:13.139 D/CompatConfig( 719): Adding: com.android.server.compat.config.Change@e2af8da
01-01 08:00:13.139 D/CompatConfig( 719): Adding: com.android.server.compat.config.Change@2ba910b
01-01 08:00:13.139 D/CompatConfig( 719): Adding: com.android.server.compat.config.Change@b234be8
01-01 08:00:13.139 D/CompatConfig( 719): Adding: com.android.server.compat.config.Change@c983201
01-01 08:00:13.139 D/CompatConfig( 719): Adding: com.android.server.compat.config.Change@9cfc8a6
01-01 08:00:13.139 D/CompatConfig( 719): Adding: com.android.server.compat.config.Change@2ff32e7
01-01 08:00:13.139 D/CompatConfig( 719): Adding: com.android.server.compat.config.Change@dd53e94
01-01 08:00:13.139 D/CompatConfig( 719): Adding: com.android.server.compat.config.Change@754ed3d
01-01 08:00:13.139 D/CompatConfig( 719): Adding: com.android.server.compat.config.Change@99fc932
01-01 08:00:13.139 D/CompatConfig( 719): Adding: com.android.server.compat.config.Change@7021683
01-01 08:00:13.139 D/CompatConfig( 719): Adding: com.android.server.compat.config.Change@b11b000
01-01 08:00:13.139 D/CompatConfig( 719): Adding: com.android.server.compat.config.Change@a282039
01-01 08:00:13.139 D/CompatConfig( 719): Adding: com.android.server.compat.config.Change@1fd467e
01-01 08:00:13.139 D/CompatConfig( 719): Adding: com.android.server.compat.config.Change@7c597df
01-01 08:00:13.139 D/CompatConfig( 719): Adding: com.android.server.compat.config.Change@8e1cc2c
01-01 08:00:13.139 D/CompatConfig( 719): Adding: com.android.server.compat.config.Change@a6186f5
01-01 08:00:13.139 D/CompatConfig( 719): Adding: com.android.server.compat.config.Change@9234c8a
01-01 08:00:13.139 D/CompatConfig( 719): Adding: com.android.server.compat.config.Change@215d2fb
01-01 08:00:13.139 D/CompatConfig( 719): Adding: com.android.server.compat.config.Change@2b57f18
01-01 08:00:13.139 D/CompatConfig( 719): Adding: com.android.server.compat.config.Change@8909d71
01-01 08:00:13.139 D/CompatConfig( 719): Adding: com.android.server.compat.config.Change@bf1a756
01-01 08:00:13.139 D/CompatConfig( 719): Adding: com.android.server.compat.config.Change@964a3d7
01-01 08:00:13.140 D/CompatConfig( 719): Adding: com.android.server.compat.config.Change@90f74c4
01-01 08:00:13.140 D/CompatConfig( 719): Adding: com.android.server.compat.config.Change@4c09fad
01-01 08:00:13.141 D/CompatConfig( 719): Found a config file: /system/etc/compatconfig/icu4j-platform-compat-config.xml
01-01 08:00:13.141 I/SystemConfig( 719): Reading permissions from /system/etc/permissions/com.android.future.usb.accessory.xml
01-01 08:00:13.141 D/CompatConfig( 719): Adding: com.android.server.compat.config.Change@ff11930
01-01 08:00:13.142 I/SystemConfig( 719): Reading permissions from /system/etc/permissions/com.android.intentresolver.xml
01-01 08:00:13.142 D/CompatConfig( 719): Found a config file: /system/etc/compatconfig/services-platform-compat-config.xml
01-01 08:00:13.144 I/SystemConfig( 719): Reading permissions from /system/etc/permissions/com.android.location.provider.xml
01-01 08:00:13.145 I/SystemConfig( 719): Reading permissions from /system/etc/permissions/com.android.media.remotedisplay.xml
01-01 08:00:13.145 D/CompatConfig( 719): Adding: com.android.server.compat.config.Change@631765
01-01 08:00:13.145 D/CompatConfig( 719): Adding: com.android.server.compat.config.Change@86fec3a
01-01 08:00:13.145 D/CompatConfig( 719): Adding: com.android.server.compat.config.Change@7d70eb
01-01 08:00:13.145 D/CompatConfig( 719): Adding: com.android.server.compat.config.Change@e92de48
01-01 08:00:13.145 D/CompatConfig( 719): Adding: com.android.server.compat.config.Change@7f2c4e1
01-01 08:00:13.145 D/CompatConfig( 719): Adding: com.android.server.compat.config.Change@94030c7
