05-31 18:43:13.435 D/bluetooth( 1032): packages/modules/Bluetooth/system/stack/gatt/gatt_attr.cc:579 gatt_cl_op_cmpl_cback: Not interested in opcode 6
05-31 18:43:13.595 D/bluetooth( 1032): packages/modules/Bluetooth/system/stack/arbiter/acl_arbiter.cc:96 InterceptAttPacket: Intercepting ATT packet and forwarding to Rust
05-31 18:43:13.595 D/bluetooth( 1032): packages/modules/Bluetooth/system/stack/gatt/gatt_attr.cc:579 gatt_cl_op_cmpl_cback: Not interested in opcode 6
05-31 18:43:13.689 I/resolv ( 469): GetAddrInfoHandler::run: {100 100 100 983140 10044 0}
05-31 18:43:13.691 I/resolv ( 469): res_nmkquery: (QUERY, IN, A)
05-31 18:43:13.691 I/resolv ( 469): resolv_cache_lookup: FOUND IN CACHE entry=0xead85bf0
05-31 18:43:13.691 I/resolv ( 469): doQuery: rcode=0, ancount=6, return value=504
05-31 18:43:13.695 D/TrafficStats( 2346): tagSocket(151) with statsTag=0xffffffff, statsUid=-1
05-31 18:43:13.745 D/bluetooth( 1032): packages/modules/Bluetooth/system/stack/arbiter/acl_arbiter.cc:96 InterceptAttPacket: Intercepting ATT packet and forwarding to Rust
05-31 18:43:13.745 D/bluetooth( 1032): packages/modules/Bluetooth/system/stack/gatt/gatt_attr.cc:579 gatt_cl_op_cmpl_cback: Not interested in opcode 6
05-31 18:43:13.846 D/bluetooth( 1032): packages/modules/Bluetooth/system/stack/arbiter/acl_arbiter.cc:96 InterceptAttPacket: Intercepting ATT packet and forwarding to Rust
05-31 18:43:13.846 D/bluetooth( 1032): packages/modules/Bluetooth/system/stack/gatt/gatt_attr.cc:579 gatt_cl_op_cmpl_cback: Not interested in opcode 6
05-31 18:43:13.863 D/TrafficStats( 2105): tagSocket(175) with statsTag=0xffffffff, statsUid=-1
05-31 18:43:13.865 D/bluetooth( 1032): packages/modules/Bluetooth/system/stack/arbiter/acl_arbiter.cc:96 InterceptAttPacket: Intercepting ATT packet and forwarding to Rust
05-31 18:43:13.865 D/bluetooth( 1032): packages/modules/Bluetooth/system/stack/gatt/gatt_attr.cc:579 gatt_cl_op_cmpl_cback: Not interested in opcode 6
05-31 18:43:13.875 W/System.err( 2105): java.lang.NullPointerException: Attempt to invoke virtual method 'byte[] java.net.NetworkInterface.getHardwareAddress()' on a null object reference
05-31 18:43:13.875 W/System.err( 2105): at b.f.f.y.g.b(Unknown Source:11)
05-31 18:43:13.875 W/System.err( 2105): at b.d.a.a.p.c0(Unknown Source:2)
05-31 18:43:13.875 W/System.err( 2105): at b.f.f.o.f.c.a(Unknown Source:23)
05-31 18:43:13.875 W/System.err( 2105): at b.f.f.d.b.c(:5)
05-31 18:43:13.875 W/System.err( 2105): at b.f.f.n.d$a.handleMessage(:3)
05-31 18:43:13.875 W/System.err( 2105): at android.os.Handler.dispatchMessage(Handler.java:106)
05-31 18:43:13.875 W/System.err( 2105): at android.os.Looper.loopOnce(Looper.java:205)
05-31 18:43:13.875 W/System.err( 2105): at android.os.Looper.loop(Looper.java:294)
05-31 18:43:13.875 W/System.err( 2105): at android.os.HandlerThread.run(HandlerThread.java:67)
05-31 18:43:13.905 W/AudioCapabilities( 2105): Unsupported mime audio/vnd.dts.hd;profile=lbr
05-31 18:43:13.905 W/AudioCapabilities( 2105): Unsupported mime audio/ffmpeg
05-31 18:43:13.905 W/AudioCapabilities( 2105): Unsupported mime audio/mpeg-L1
05-31 18:43:13.905 W/AudioCapabilities( 2105): Unsupported mime audio/mpeg-L2
05-31 18:43:13.908 W/VideoCapabilities( 2105): Unsupported mime video/avs
05-31 18:43:13.908 W/VideoCapabilities( 2105): Unsupported mime video/avs2
05-31 18:43:13.909 W/VideoCapabilities( 2105): Unsupported mime video/x-motion-jpeg
05-31 18:43:13.909 W/VideoCapabilities( 2105): Unrecognized profile/level 0/4 for video/mpeg2
05-31 18:43:13.909 I/VideoCapabilities( 2105): Unsupported profile 3 for video/mpeg2
05-31 18:43:13.909 I/VideoCapabilities( 2105): Unsupported profile 4 for video/mpeg2
05-31 18:43:13.909 I/VideoCapabilities( 2105): Unsupported profile 5 for video/mpeg2
05-31 18:43:13.910 W/VideoCapabilities( 2105): Unrecognized profile/level 0/4 for video/mpeg2
05-31 18:43:13.910 I/VideoCapabilities( 2105): Unsupported profile 3 for video/mpeg2
05-31 18:43:13.910 I/VideoCapabilities( 2105): Unsupported profile 4 for video/mpeg2
05-31 18:43:13.910 I/VideoCapabilities( 2105): Unsupported profile 5 for video/mpeg2
05-31 18:43:13.910 I/VideoCapabilities( 2105): Unsupported profile 2 for video/mp4v-es
05-31 18:43:13.910 I/VideoCapabilities( 2105): Unsupported profile 8 for video/mp4v-es
05-31 18:43:13.910 I/VideoCapabilities( 2105): Unsupported profile 16 for video/mp4v-es
05-31 18:43:13.910 I/VideoCapabilities( 2105): Unsupported profile 1024 for video/mp4v-es
05-31 18:43:13.911 W/VideoCapabilities( 2105): Unsupported mime video/rm10
05-31 18:43:13.912 W/VideoCapabilities( 2105): Unsupported mime video/rm20
05-31 18:43:13.912 W/VideoCapabilities( 2105): Unsupported mime video/rm30
05-31 18:43:13.912 W/VideoCapabilities( 2105): Unsupported mime video/rm40
05-31 18:43:13.912 W/VideoCapabilities( 2105): Unsupported mime video/vc1
05-31 18:43:13.913 W/VideoCapabilities( 2105): Unsupported mime video/vc1
05-31 18:43:13.913 W/VideoCapabilities( 2105): Unsupported mime video/x-vnd.on2.vp6a
05-31 18:43:13.913 W/VideoCapabilities( 2105): Unsupported mime video/x-vnd.on2.vp6f
05-31 18:43:13.914 I/PlatformDependent( 2105): Your platform does not provide complete low-level API for accessing direct buffers reliably. Unless explicitly requested, heap buffer will always be preferred to avoid potential system instability.
05-31 18:43:13.917 W/VideoCapabilities( 2105): Unsupported mime video/wmv1
05-31 18:43:13.918 W/VideoCapabilities( 2105): Unsupported mime video/wmv2
05-31 18:43:13.918 W/VideoCapabilities( 2105): Unsupported mime video/wmv3
05-31 18:43:13.921 I/system_server( 719): Background concurrent copying GC freed 238835(9256KB) AllocSpace objects, 17(2744KB) LOS objects, 49% free, 13MB/26MB, paused 207us,730us total 225.412ms
05-31 18:43:13.928 I/serviceDiscovery( 719): [MdnsAdvertiser] Adding service name: 当贝投屏V0, type: _airplay._tcp, hostAddresses: , port: 42157, network: null, txtRecord: srcvers=220.68features=0x527FFFF7,0x1E'pi=2e388006-13ba-4041-9a67-25dd4a43d536Cpk=b07727d6f6cd6e08b58ede525ec3cdeaa252ad9f683feb212ef8a205246554e7vv=2 flags=0x4model=AppleTV2,1deviceid=1c:79:2d:20:62:b5 with ID 3 and subtype null
05-31 18:43:13.933 D/TrafficStats( 2105): tagSocket(215) with statsTag=0xffffffff, statsUid=-1
05-31 18:43:13.940 I/serviceDiscovery( 719): [MdnsAdvertiser] Adding service name: 1c792d2062b5@当贝投屏V0, type: _raop._tcp, hostAddresses: , port: 46681, network: null, txtRecord: txtvers=1 am=AppleTV2,1ch=2
05-31 18:43:13.940 I/serviceDiscovery( 719): cn=0,1,2,3da=trueet=0,3,5ft=0x527FFFF7,0x1Emd=0,1,2Cpk=b07727d6f6cd6e08b58ede525ec3cdeaa252ad9f683feb212ef8a205246554e7pw=falsesf=0x4sr=44100ss=16sv=falsetp=UDPvn=65537 vs=220.68vv=2 rhd=5.6.0.0 with ID 4 and subtype null
05-31 18:43:13.936 I/Thread-18( 2105): type=1400 audit(0.0:887): avc: denied { read } for name="somaxconn" dev="proc" ino=37995 scontext=u:r:untrusted_app_27:s0:c44,c256,c512,c768 tcontext=u:object_r:proc_net:s0 tclass=file permissive=1 app=com.dangbei.screencast
05-31 18:43:13.936 I/Thread-18( 2105): type=1400 audit(0.0:888): avc: denied { open } for path="/proc/sys/net/core/somaxconn" dev="proc" ino=37995 scontext=u:r:untrusted_app_27:s0:c44,c256,c512,c768 tcontext=u:object_r:proc_net:s0 tclass=file permissive=1 app=com.dangbei.screencast
05-31 18:43:13.936 I/Thread-18( 2105): type=1400 audit(0.0:889): avc: denied { getattr } for path="/proc/sys/net/core/somaxconn" dev="proc" ino=37995 scontext=u:r:untrusted_app_27:s0:c44,c256,c512,c768 tcontext=u:object_r:proc_net:s0 tclass=file permissive=1 app=com.dangbei.screencast
05-31 18:43:14.005 D/bluetooth( 1032): packages/modules/Bluetooth/system/stack/arbiter/acl_arbiter.cc:96 InterceptAttPacket: Intercepting ATT packet and forwarding to Rust
05-31 18:43:14.005 D/bluetooth( 1032): packages/modules/Bluetooth/system/stack/gatt/gatt_attr.cc:579 gatt_cl_op_cmpl_cback: Not interested in opcode 6
05-31 18:43:14.199 D/SntpClient( 719): request time failed: java.net.SocketTimeoutException: Poll timed out
05-31 18:43:14.199 D/TrafficStats( 719): tagSocket(415) with statsTag=0xffffff41, statsUid=-1
05-31 18:43:14.300 I/DefaultDispatch( 1421): type=1400 audit(0.0:890): avc: denied { read } for name="devices" dev="proc" ino=4026531982 scontext=u:r:system_app:s0 tcontext=u:object_r:proc:s0 tclass=file permissive=1
05-31 18:43:14.300 I/DefaultDispatch( 1421): type=1400 audit(0.0:891): avc: denied { open } for path="/proc/bus/input/devices" dev="proc" ino=4026531982 scontext=u:r:system_app:s0 tcontext=u:object_r:proc:s0 tclass=file permissive=1
05-31 18:43:14.300 I/DefaultDispatch( 1421): type=1400 audit(0.0:892): avc: denied { getattr } for path="/proc/bus/input/devices" dev="proc" ino=4026531982 scontext=u:r:system_app:s0 tcontext=u:object_r:proc:s0 tclass=file permissive=1
05-31 18:43:14.304 E/RCInfo ( 1421): vid:
05-31 18:43:14.304 E/RCInfo ( 1421): pid:
05-31 18:43:14.305 E/RCInfo ( 1421): vid:
05-31 18:43:14.305 E/RCInfo ( 1421): pid:
05-31 18:43:14.312 D/CompatibilityChangeReporter( 1421): Compat change id reported: 265103382; UID 1000; state: DISABLED
05-31 18:43:14.313 D/BluetoothGatt( 1421): connect() - device: E4:BB:D3:57:C0:82, auto: true
05-31 18:43:14.313 D/BluetoothGatt( 1421): registerApp()
05-31 18:43:14.314 D/BluetoothGatt( 1421): registerApp() - UUID=9aaf5299-c581-4734-ba74-e68885f8a5b6
05-31 18:43:14.316 D/BtGatt.GattService( 1032): registerClient() - UUID=9aaf5299-c581-4734-ba74-e68885f8a5b6
05-31 18:43:14.317 D/bt_btif_gattc( 1032): packages/modules/Bluetooth/system/btif/src/btif_gatt_client.cc:246 btif_gattc_register_app: btif_gattc_register_app
05-31 18:43:14.317 D/bta_gattc_api( 1032): packages/modules/Bluetooth/system/bta/gatt/bta_gattc_api.cc:83 BTA_GATTC_AppRegister: eatt_support=0
05-31 18:43:14.317 D/bt_bta_gattc( 1032): packages/modules/Bluetooth/system/bta/gatt/bta_gattc_act.cc:177 bta_gattc_register: state: 2, uuid=44289e92-c7fd-0250-59c0-7fae2f058395
05-31 18:43:14.317 I/bluetooth( 1032): packages/modules/Bluetooth/system/stack/gatt/gatt_api.cc:1257 GATT_Register: Allocated name:GattClient uuid:44289e92-c7fd-0250-59c0-7fae2f058395 gatt_if:6 eatt_support:0
05-31 18:43:14.318 D/bt_bta_gattc( 1032): packages/modules/Bluetooth/system/bta/gatt/bta_gattc_act.cc:205 bta_gattc_register: Registered GATT client interface 6 with uuid=44289e92-c7fd-0250-59c0-7fae2f058395, starting it on main thread
05-31 18:43:14.318 D/bt_bta_gattc( 1032): packages/modules/Bluetooth/system/bta/gatt/bta_gattc_act.cc:162 bta_gattc_start_if: client_if=6
05-31 18:43:14.318 D/bluetooth( 1032): packages/modules/Bluetooth/system/stack/gatt/gatt_api.cc:1362 GATT_StartIf: Starting GATT interface gatt_if_:6
05-31 18:43:14.318 D/gatt_utils( 1032): packages/modules/Bluetooth/system/stack/gatt/gatt_utils.cc:264 gatt_find_the_connected_bda: start_idx=0
05-31 18:43:14.318 I/bt_btif ( 1032): packages/modules/Bluetooth/system/main/bte_logmsg.cc:112 LogMsg: operator(): HAL bt_gatt_callbacks->client->register_client_cb
05-31 18:43:14.318 D/gatt_utils( 1032): packages/modules/Bluetooth/system/stack/gatt/gatt_utils.cc:272 gatt_find_the_connected_bda: bda: xx:xx:xx:xx:c0:82
05-31 18:43:14.318 D/gatt_utils( 1032): packages/modules/Bluetooth/system/stack/gatt/gatt_utils.cc:276 gatt_find_the_connected_bda: found=1 found_idx=0
05-31 18:43:14.318 I/bluetooth( 1032): packages/modules/Bluetooth/system/stack/gatt/gatt_api.cc:1371 GATT_StartIf: GATT interface 6 already has connected device xx:xx:xx:xx:c0:82
05-31 18:43:14.318 I/bluetooth( 1032): packages/modules/Bluetooth/system/stack/gatt/gatt_api.cc:1374 GATT_StartIf: Invoking callback with connection id 6
05-31 18:43:14.318 I/bt_bta_gattc( 1032): packages/modules/Bluetooth/system/bta/gatt/bta_gattc_act.cc:1304 bta_gattc_conn_cback: Connected client_if:6 addr:xx:xx:xx:xx:c0:82, transport:BT_TRANSPORT_LE reason:GATT_CONN_OK
05-31 18:43:14.318 D/gatt_utils( 1032): packages/modules/Bluetooth/system/stack/gatt/gatt_utils.cc:264 gatt_find_the_connected_bda: start_idx=1
05-31 18:43:14.318 D/gatt_utils( 1032): packages/modules/Bluetooth/system/stack/gatt/gatt_utils.cc:276 gatt_find_the_connected_bda: found=0 found_idx=7
05-31 18:43:14.318 I/bt_btif ( 1032): packages/modules/Bluetooth/system/main/bte_logmsg.cc:112 LogMsg: bta_sys_event: Event 0x1f0c
05-31 18:43:14.318 E/bta_gattc_main( 1032): packages/modules/Bluetooth/system/bta/gatt/bta_gattc_main.cc:395 bta_gattc_hdl_event: Ignore unknown conn ID: 6
05-31 18:43:14.318 D/BtGatt.GattService( 1032): onClientRegistered() - UUID=9aaf5299-c581-4734-ba74-e68885f8a5b6, clientIf=6
05-31 18:43:14.319 D/BluetoothGatt( 1421): onClientRegistered() - status=0 clientIf=6
05-31 18:43:14.320 D/BtGatt.GattService( 1032): clientConnect() - address=E4:BB:D3:57:C0:82, addressType=0, isDirect=false, opportunistic=false, phy=1
05-31 18:43:14.321 D/BtGatt.GattService( 1032): Gatt Logging: metric_id=1, app_uid=1000
05-31 18:43:14.322 D/BtGatt.GattService( 1032): Gatt Logging: metric_id=1, session_index=6, connection state=1, connection status=-1
05-31 18:43:14.322 D/bt_btif_gattc( 1032): packages/modules/Bluetooth/system/btif/src/btif_gatt_client.cc:351 btif_gattc_open: btif_gattc_open
05-31 18:43:14.322 D/bt_btif_dm( 1032): packages/modules/Bluetooth/system/btif/src/btif_dm.cc:3978 btif_get_address_type: bd_addr:xx:xx:xx:xx:c0:82[public]
05-31 18:43:14.322 D/bt_btif_dm( 1032): packages/modules/Bluetooth/system/btif/src/btif_dm.cc:3963 btif_get_device_type: bd_addr:xx:xx:xx:xx:c0:82 device_type:BLE
05-31 18:43:14.322 D/bt_btm_ble( 1032): packages/modules/Bluetooth/system/stack/btm/btm_ble.cc:95 BTM_SecAddBleDevice: dev_type=0x2
05-31 18:43:14.322 I/bt_btif_gattc( 1032): packages/modules/Bluetooth/system/btif/src/btif_gatt_client.cc:340 btif_gattc_open_impl: Transport=2, device type=2, address type =0, phy=1
05-31 18:43:14.323 D/bluetooth( 1032): packages/modules/Bluetooth/system/stack/gatt/gatt_api.cc:1441 GATT_Connect: Starting background connect gatt_if=6 address=xx:xx:xx:xx:c0:82
05-31 18:43:14.323 D/bluetooth( 1032): packages/modules/Bluetooth/system/stack/gatt/gatt_api.cc:1451 GATT_Connect: Adding to background connect to device:xx:xx:xx:xx:c0:82
05-31 18:43:14.323 D/bluetooth( 1032): packages/modules/Bluetooth/system/stack/gatt/connection_manager.cc:272 background_connect_add: app_id=6, address=xx:xx:xx:xx:c0:82
05-31 18:43:14.323 D/bluetooth( 1032): packages/modules/Bluetooth/system/stack/gatt/connection_manager.cc:291 background_connect_add: app_id=6, address=xx:xx:xx:xx:c0:82, already in accept list
05-31 18:43:14.323 D/bluetooth( 1032): packages/modules/Bluetooth/system/stack/gatt/gatt_main.cc:379 gatt_update_app_use_link_flag: gatt_if=6, is_add=1 chk_link=1
05-31 18:43:14.323 D/bluetooth( 1032): packages/modules/Bluetooth/system/stack/gatt/gatt_main.cc:342 gatt_update_app_hold_link_status: gatt_if=6, is_add=1, peer_bda=xx:xx:xx:xx:c0:82
05-31 18:43:14.323 D/bluetooth( 1032): packages/modules/Bluetooth/system/stack/gatt/gatt_main.cc:348 gatt_update_app_hold_link_status: added gatt_if=6
05-31 18:43:14.323 I/bluetooth( 1032): packages/modules/Bluetooth/system/stack/gatt/gatt_main.cc:405 gatt_update_app_use_link_flag: disable link idle timer for xx:xx:xx:xx:c0:82
05-31 18:43:14.323 I/bt_l2cap( 1032): packages/modules/Bluetooth/system/main/bte_logmsg.cc:115 LogMsg: l2cu_no_dynamic_ccbs NO IDLE timeout set for fixed cid 0x0004
05-31 18:43:14.323 I/bt_l2cap( 1032): packages/modules/Bluetooth/system/main/bte_logmsg.cc:115 LogMsg: l2cu_no_dynamic_ccbs() with_active_local_clients=1
05-31 18:43:14.323 I/ThermalService( 1046): CPU temperatures: [54.000004]
05-31 18:43:14.323 I/bt_stack( 1032): [INFO:l2c_api.cc(1607)] L2CA_MarkLeLinkAsActivesetting link to e4:bb:d3:57:c0:82 as active
05-31 18:43:14.323 I/bluetooth( 1032): packages/modules/Bluetooth/system/stack/gatt/gatt_api.cc:1206 GATT_SetIdleTimeout: idle_timeout=65535, is_active=1, status=1 (1-OK 0-not performed)
05-31 18:43:14.323 D/bluetooth( 1032): packages/modules/Bluetooth/system/stack/gatt/gatt_api.cc:1649 GATT_GetConnIdIfConnected: status=1
05-31 18:43:14.323 D/bt_btif_gattc( 1032): packages/modules/Bluetooth/system/btif/src/btif_gatt_client.cc:224 bta_gattc_cback: gatt client callback event:BTA_GATTC_OPEN_EVT [2]
05-31 18:43:14.323 I/bt_btif ( 1032): packages/modules/Bluetooth/system/main/bte_logmsg.cc:115 LogMsg: btif_transfer_context event 2, len 528
05-31 18:43:14.323 D/bt_btif_gattc( 1032): packages/modules/Bluetooth/system/btif/src/btif_gatt_client.cc:111 btif_gattc_upstreams_evt: Event BTA_GATTC_OPEN_EVT [2]
05-31 18:43:14.323 D/bt_btif_gattc( 1032): packages/modules/Bluetooth/system/btif/src/btif_gatt_client.cc:148 btif_gattc_upstreams_evt: BTA_GATTC_OPEN_EVT xx:xx:xx:xx:c0:82
05-31 18:43:14.323 I/bt_btif ( 1032): packages/modules/Bluetooth/system/main/bte_logmsg.cc:112 LogMsg: btif_gattc_upstreams_evt: HAL bt_gatt_callbacks->client->open_cb
05-31 18:43:14.323 D/BtGatt.GattService( 1032): onConnected() - clientIf=6, connId=6, address=E4:BB:D3:57:C0:82
05-31 18:43:14.324 D/BtGatt.GattService( 1032): onConnected() - adding permit for address=E4:BB:D3:57:C0:82
05-31 18:43:14.324 D/BluetoothGatt( 1421): onClientConnectionState() - status=0 clientIf=6 device=E4:BB:D3:57:C0:82
05-31 18:43:14.324 D/BluetoothGatt( 1421): discoverServices() - device: E4:BB:D3:57:C0:82
05-31 18:43:14.324 D/BtGatt.GattService( 1032): Gatt Logging: metric_id=1, session_index=6, connection state=2, connection status=0
05-31 18:43:14.325 D/bt_btif_gatt( 1032): packages/modules/Bluetooth/system/btif/src/btif_gatt_util.cc:94 btif_gatt_check_encrypted_link: Checking gatt link peer:xx:xx:xx:xx:c0:82 transport:BT_TRANSPORT_LE
05-31 18:43:14.325 I/bt_btif ( 1032): packages/modules/Bluetooth/system/main/bte_logmsg.cc:112 LogMsg: BTA_DmSetEncryption
05-31 18:43:14.325 W/bt_btm_sec( 1032): packages/modules/Bluetooth/system/stack/btm/btm_sec.cc:1153 BTM_SetEncryption: Security Manager: BTM_SetEncryption busy, enqueue request
05-31 18:43:14.325 I/bt_btm_sec( 1032): packages/modules/Bluetooth/system/stack/btm/btm_sec.cc:1156 BTM_SetEncryption: Queued start encryption
05-31 18:43:14.325 D/bt_bta_dm( 1032): packages/modules/Bluetooth/system/bta/dm/bta_dm_act.cc:3569 bta_dm_set_encryption: Started encryption peer:xx:xx:xx:xx:c0:82 transport:BT_TRANSPORT_LE
05-31 18:43:14.326 D/BtGatt.GattService( 1032): discoverServices() - address=E4:BB:D3:57:C0:82, connId=6
05-31 18:43:14.326 D/bt_btif_gattc( 1032): packages/modules/Bluetooth/system/btif/src/btif_gatt_client.cc:387 btif_gattc_search_service: btif_gattc_search_service
05-31 18:43:14.326 I/bt_btif ( 1032): packages/modules/Bluetooth/system/main/bte_logmsg.cc:112 LogMsg: bta_sys_event: Event 0x1f09
05-31 18:43:14.326 D/bt_btif_gattc( 1032): packages/modules/Bluetooth/system/btif/src/btif_gatt_client.cc:224 bta_gattc_cback: gatt client callback event:BTA_GATTC_SEARCH_RES_EVT [7]
05-31 18:43:14.326 I/bt_btif ( 1032): packages/modules/Bluetooth/system/main/bte_logmsg.cc:115 LogMsg: btif_transfer_context event 7, len 528
05-31 18:43:14.326 D/bt_btif_gattc( 1032): packages/modules/Bluetooth/system/btif/src/btif_gatt_client.cc:224 bta_gattc_cback: gatt client callback event:BTA_GATTC_SEARCH_RES_EVT [7]
05-31 18:43:14.326 D/bt_btif_gattc( 1032): packages/modules/Bluetooth/system/btif/src/btif_gatt_client.cc:111 btif_gattc_upstreams_evt: Event BTA_GATTC_SEARCH_RES_EVT [7]
05-31 18:43:14.326 D/bt_btif_gattc( 1032): packages/modules/Bluetooth/system/btif/src/btif_gatt_client.cc:176 btif_gattc_upstreams_evt: Ignoring event (7)
05-31 18:43:14.326 I/bt_btif ( 1032): packages/modules/Bluetooth/system/main/bte_logmsg.cc:115 LogMsg: btif_transfer_context event 7, len 528
05-31 18:43:14.326 D/bt_btif_gattc( 1032): packages/modules/Bluetooth/system/btif/src/btif_gatt_client.cc:224 bta_gattc_cback: gatt client callback event:BTA_GATTC_SEARCH_RES_EVT [7]
05-31 18:43:14.326 I/bt_btif ( 1032): packages/modules/Bluetooth/system/main/bte_logmsg.cc:115 LogMsg: btif_transfer_context event 7, len 528
05-31 18:43:14.326 D/bt_btif_gattc( 1032): packages/modules/Bluetooth/system/btif/src/btif_gatt_client.cc:111 btif_gattc_upstreams_evt: Event BTA_GATTC_SEARCH_RES_EVT [7]
05-31 18:43:14.326 D/bt_btif_gattc( 1032): packages/modules/Bluetooth/system/btif/src/btif_gatt_client.cc:224 bta_gattc_cback: gatt client callback event:BTA_GATTC_SEARCH_RES_EVT [7]
05-31 18:43:14.327 D/bt_btif_gattc( 1032): packages/modules/Bluetooth/system/btif/src/btif_gatt_client.cc:176 btif_gattc_upstreams_evt: Ignoring event (7)
05-31 18:43:14.327 I/bt_btif ( 1032): packages/modules/Bluetooth/system/main/bte_logmsg.cc:115 LogMsg: btif_transfer_context event 7, len 528
05-31 18:43:14.327 D/bt_btif_gattc( 1032): packages/modules/Bluetooth/system/btif/src/btif_gatt_client.cc:111 btif_gattc_upstreams_evt: Event BTA_GATTC_SEARCH_RES_EVT [7]
05-31 18:43:14.327 D/bt_btif_gattc( 1032): packages/modules/Bluetooth/system/btif/src/btif_gatt_client.cc:176 btif_gattc_upstreams_evt: Ignoring event (7)
05-31 18:43:14.327 D/bt_btif_gattc( 1032): packages/modules/Bluetooth/system/btif/src/btif_gatt_client.cc:224 bta_gattc_cback: gatt client callback event:BTA_GATTC_SEARCH_RES_EVT [7]
05-31 18:43:14.327 I/bt_btif ( 1032): packages/modules/Bluetooth/system/main/bte_logmsg.cc:115 LogMsg: btif_transfer_context event 7, len 528
05-31 18:43:14.327 D/bt_btif_gattc( 1032): packages/modules/Bluetooth/system/btif/src/btif_gatt_client.cc:224 bta_gattc_cback: gatt client callback event:BTA_GATTC_SEARCH_RES_EVT [7]
05-31 18:43:14.327 D/bt_btif_gattc( 1032): packages/modules/Bluetooth/system/btif/src/btif_gatt_client.cc:111 btif_gattc_upstreams_evt: Event BTA_GATTC_SEARCH_RES_EVT [7]
05-31 18:43:14.327 I/bt_btif ( 1032): packages/modules/Bluetooth/system/main/bte_logmsg.cc:115 LogMsg: btif_transfer_context event 7, len 528
05-31 18:43:14.327 D/bt_btif_gattc( 1032): packages/modules/Bluetooth/system/btif/src/btif_gatt_client.cc:224 bta_gattc_cback: gatt client callback event:BTA_GATTC_SEARCH_RES_EVT [7]
05-31 18:43:14.327 D/bt_btif_gattc( 1032): packages/modules/Bluetooth/system/btif/src/btif_gatt_client.cc:176 btif_gattc_upstreams_evt: Ignoring event (7)
05-31 18:43:14.327 I/bt_btif ( 1032): packages/modules/Bluetooth/system/main/bte_logmsg.cc:115 LogMsg: btif_transfer_context event 7, len 528
05-31 18:43:14.327 D/bt_btif_gattc( 1032): packages/modules/Bluetooth/system/btif/src/btif_gatt_client.cc:224 bta_gattc_cback: gatt client callback event:BTA_GATTC_SEARCH_RES_EVT [7]
05-31 18:43:14.327 I/bt_btif ( 1032): packages/modules/Bluetooth/system/main/bte_logmsg.cc:115 LogMsg: btif_transfer_context event 7, len 528
05-31 18:43:14.327 D/bt_btif_gattc( 1032): packages/modules/Bluetooth/system/btif/src/btif_gatt_client.cc:224 bta_gattc_cback: gatt client callback event:BTA_GATTC_SEARCH_CMPL_EVT [6]
05-31 18:43:14.327 I/bt_btif ( 1032): packages/modules/Bluetooth/system/main/bte_logmsg.cc:115 LogMsg: btif_transfer_context event 6, len 528
05-31 18:43:14.327 D/bt_btif_gattc( 1032): packages/modules/Bluetooth/system/btif/src/btif_gatt_client.cc:111 btif_gattc_upstreams_evt: Event BTA_GATTC_SEARCH_RES_EVT [7]
05-31 18:43:14.327 D/bt_btif_gattc( 1032): packages/modules/Bluetooth/system/btif/src/btif_gatt_client.cc:176 btif_gattc_upstreams_evt: Ignoring event (7)
05-31 18:43:14.327 D/bt_btif_gattc( 1032): packages/modules/Bluetooth/system/btif/src/btif_gatt_client.cc:111 btif_gattc_upstreams_evt: Event BTA_GATTC_SEARCH_RES_EVT [7]
05-31 18:43:14.327 D/bt_btif_gattc( 1032): packages/modules/Bluetooth/system/btif/src/btif_gatt_client.cc:176 btif_gattc_upstreams_evt: Ignoring event (7)
05-31 18:43:14.327 D/bt_btif_gattc( 1032): packages/modules/Bluetooth/system/btif/src/btif_gatt_client.cc:111 btif_gattc_upstreams_evt: Event BTA_GATTC_SEARCH_RES_EVT [7]
05-31 18:43:14.328 D/bt_btif_gattc( 1032): packages/modules/Bluetooth/system/btif/src/btif_gatt_client.cc:176 btif_gattc_upstreams_evt: Ignoring event (7)
05-31 18:43:14.328 D/bt_btif_gattc( 1032): packages/modules/Bluetooth/system/btif/src/btif_gatt_client.cc:111 btif_gattc_upstreams_evt: Event BTA_GATTC_SEARCH_RES_EVT [7]
05-31 18:43:14.328 D/bt_btif_gattc( 1032): packages/modules/Bluetooth/system/btif/src/btif_gatt_client.cc:176 btif_gattc_upstreams_evt: Ignoring event (7)
05-31 18:43:14.328 D/bt_btif_gattc( 1032): packages/modules/Bluetooth/system/btif/src/btif_gatt_client.cc:111 btif_gattc_upstreams_evt: Event BTA_GATTC_SEARCH_CMPL_EVT [6]
05-31 18:43:14.328 I/bt_btif ( 1032): packages/modules/Bluetooth/system/main/bte_logmsg.cc:112 LogMsg: btif_gattc_upstreams_evt: HAL bt_gatt_callbacks->client->search_complete_cb
05-31 18:43:14.328 D/BtGatt.GattService( 1032): onSearchCompleted() - connId=6, status=0
05-31 18:43:14.329 D/bt_btif_gattc( 1032): packages/modules/Bluetooth/system/btif/src/btif_gatt_client.cc:413 btif_gattc_get_gatt_db: btif_gattc_get_gatt_db
05-31 18:43:14.329 I/bt_bta_gattc( 1032): packages/modules/Bluetooth/system/bta/gatt/bta_gattc_cache.cc:1035 bta_gattc_get_gatt_db: bta_gattc_get_gatt_db
05-31 18:43:14.329 I/bt_btif ( 1032): packages/modules/Bluetooth/system/main/bte_logmsg.cc:112 LogMsg: btif_gattc_get_gatt_db_impl: HAL bt_gatt_callbacks->client->get_gatt_db_cb
05-31 18:43:14.330 D/BtGatt.GattService( 1032): onGetGattDb() - address=E4:BB:D3:57:C0:82
05-31 18:43:14.331 D/BtGatt.GattService( 1032): got service with UUID=00001800-0000-1000-8000-00805f9b34fb id: 1
05-31 18:43:14.331 D/BtGatt.GattService( 1032): got characteristic with UUID=00002a00-0000-1000-8000-00805f9b34fb id: 3
05-31 18:43:14.331 D/BtGatt.GattService( 1032): got characteristic with UUID=00002a01-0000-1000-8000-00805f9b34fb id: 5
05-31 18:43:14.331 D/BtGatt.GattService( 1032): got characteristic with UUID=00002a04-0000-1000-8000-00805f9b34fb id: 7
05-31 18:43:14.331 D/BtGatt.GattService( 1032): got service with UUID=0000180a-0000-1000-8000-00805f9b34fb id: 8
05-31 18:43:14.331 D/BtGatt.GattService( 1032): got characteristic with UUID=00002a29-0000-1000-8000-00805f9b34fb id: 10
05-31 18:43:14.331 D/BtGatt.GattService( 1032): got characteristic with UUID=00002a24-0000-1000-8000-00805f9b34fb id: 12
05-31 18:43:14.331 D/BtGatt.GattService( 1032): got characteristic with UUID=00002a25-0000-1000-8000-00805f9b34fb id: 14
05-31 18:43:14.332 D/BtGatt.GattService( 1032): got characteristic with UUID=00002a27-0000-1000-8000-00805f9b34fb id: 16
05-31 18:43:14.332 D/BtGatt.GattService( 1032): got characteristic with UUID=00002a26-0000-1000-8000-00805f9b34fb id: 18
05-31 18:43:14.332 D/BtGatt.GattService( 1032): got characteristic with UUID=00002a28-0000-1000-8000-00805f9b34fb id: 20
05-31 18:43:14.332 D/BtGatt.GattService( 1032): got characteristic with UUID=00002a23-0000-1000-8000-00805f9b34fb id: 22
05-31 18:43:14.332 D/BtGatt.GattService( 1032): got characteristic with UUID=00002a2a-0000-1000-8000-00805f9b34fb id: 24
05-31 18:43:14.332 D/BtGatt.GattService( 1032): got characteristic with UUID=00002a50-0000-1000-8000-00805f9b34fb id: 26
05-31 18:43:14.332 D/BtGatt.GattService( 1032): got service with UUID=0000180f-0000-1000-8000-00805f9b34fb id: 27
05-31 18:43:14.332 D/BtGatt.GattService( 1032): got characteristic with UUID=00002a19-0000-1000-8000-00805f9b34fb id: 29
05-31 18:43:14.332 D/BtGatt.GattService( 1032): got descriptor with UUID=00002902-0000-1000-8000-00805f9b34fb id: 30
05-31 18:43:14.332 D/BtGatt.GattService( 1032): got service with UUID=00001812-0000-1000-8000-00805f9b34fb id: 31
05-31 18:43:14.332 D/BtGatt.GattService( 1032): got characteristic with UUID=00002a4a-0000-1000-8000-00805f9b34fb id: 33
05-31 18:43:14.333 D/BtGatt.GattService( 1032): got characteristic with UUID=00002a4c-0000-1000-8000-00805f9b34fb id: 35
05-31 18:43:14.333 D/BtGatt.GattService( 1032): got characteristic with UUID=00002a4b-0000-1000-8000-00805f9b34fb id: 37
05-31 18:43:14.333 D/BtGatt.GattService( 1032): got characteristic with UUID=00002a4e-0000-1000-8000-00805f9b34fb id: 39
05-31 18:43:14.333 D/BtGatt.GattService( 1032): got characteristic with UUID=00002a22-0000-1000-8000-00805f9b34fb id: 41
05-31 18:43:14.333 D/BtGatt.GattService( 1032): got descriptor with UUID=00002902-0000-1000-8000-00805f9b34fb id: 42
05-31 18:43:14.333 D/BtGatt.GattService( 1032): got characteristic with UUID=00002a32-0000-1000-8000-00805f9b34fb id: 44
05-31 18:43:14.333 D/BtGatt.GattService( 1032): got characteristic with UUID=00002a4d-0000-1000-8000-00805f9b34fb id: 46
05-31 18:43:14.333 D/BtGatt.GattService( 1032): got descriptor with UUID=00002908-0000-1000-8000-00805f9b34fb id: 47
05-31 18:43:14.333 D/BtGatt.GattService( 1032): got descriptor with UUID=00002902-0000-1000-8000-00805f9b34fb id: 48
05-31 18:43:14.333 D/BtGatt.GattService( 1032): got characteristic with UUID=00002a4d-0000-1000-8000-00805f9b34fb id: 50
05-31 18:43:14.333 D/BtGatt.GattService( 1032): got descriptor with UUID=00002908-0000-1000-8000-00805f9b34fb id: 51
05-31 18:43:14.333 D/BtGatt.GattService( 1032): got descriptor with UUID=00002902-0000-1000-8000-00805f9b34fb id: 52
05-31 18:43:14.333 D/BtGatt.GattService( 1032): got characteristic with UUID=00002a4d-0000-1000-8000-00805f9b34fb id: 54
05-31 18:43:14.334 D/BtGatt.GattService( 1032): got descriptor with UUID=00002908-0000-1000-8000-00805f9b34fb id: 55
05-31 18:43:14.334 D/BtGatt.GattService( 1032): got descriptor with UUID=00002902-0000-1000-8000-00805f9b34fb id: 56
05-31 18:43:14.334 D/BtGatt.GattService( 1032): got characteristic with UUID=00002a4d-0000-1000-8000-00805f9b34fb id: 58
05-31 18:43:14.334 D/BtGatt.GattService( 1032): got descriptor with UUID=00002908-0000-1000-8000-00805f9b34fb id: 59
05-31 18:43:14.334 D/BtGatt.GattService( 1032): got characteristic with UUID=00002a4d-0000-1000-8000-00805f9b34fb id: 61
05-31 18:43:14.334 D/BtGatt.GattService( 1032): got descriptor with UUID=00002908-0000-1000-8000-00805f9b34fb id: 62
05-31 18:43:14.334 D/BtGatt.GattService( 1032): got descriptor with UUID=00002902-0000-1000-8000-00805f9b34fb id: 63
05-31 18:43:14.334 D/BtGatt.GattService( 1032): got characteristic with UUID=00002a4d-0000-1000-8000-00805f9b34fb id: 65
05-31 18:43:14.334 D/BtGatt.GattService( 1032): got descriptor with UUID=00002908-0000-1000-8000-00805f9b34fb id: 66
05-31 18:43:14.334 D/BtGatt.GattService( 1032): got descriptor with UUID=00002902-0000-1000-8000-00805f9b34fb id: 67
05-31 18:43:14.334 D/BtGatt.GattService( 1032): got characteristic with UUID=00002a4d-0000-1000-8000-00805f9b34fb id: 69
05-31 18:43:14.334 D/BtGatt.GattService( 1032): got descriptor with UUID=00002908-0000-1000-8000-00805f9b34fb id: 70
05-31 18:43:14.334 D/BtGatt.GattService( 1032): got descriptor with UUID=00002902-0000-1000-8000-00805f9b34fb id: 71
05-31 18:43:14.335 D/BtGatt.GattService( 1032): got characteristic with UUID=00002a4d-0000-1000-8000-00805f9b34fb id: 73
05-31 18:43:14.335 D/BtGatt.GattService( 1032): got descriptor with UUID=00002908-0000-1000-8000-00805f9b34fb id: 74
05-31 18:43:14.335 D/BtGatt.GattService( 1032): got descriptor with UUID=00002902-0000-1000-8000-00805f9b34fb id: 75
05-31 18:43:14.335 D/BtGatt.GattService( 1032): got service with UUID=6e40ff01-b5a3-f393-e0a9-e50e24dcca9e id: 76
05-31 18:43:14.335 D/BtGatt.GattService( 1032): got characteristic with UUID=6e40ff02-b5a3-f393-e0a9-e50e24dcca9e id: 78
05-31 18:43:14.335 D/BtGatt.GattService( 1032): got characteristic with UUID=6e40ff03-b5a3-f393-e0a9-e50e24dcca9e id: 80
05-31 18:43:14.335 D/BtGatt.GattService( 1032): got descriptor with UUID=00002902-0000-1000-8000-00805f9b34fb id: 81
05-31 18:43:14.335 D/BtGatt.GattService( 1032): got characteristic with UUID=6e40ff04-b5a3-f393-e0a9-e50e24dcca9e id: 83
05-31 18:43:14.335 D/BtGatt.GattService( 1032): got service with UUID=0000fff0-0000-1000-8000-00805f9b34fb id: 84
05-31 18:43:14.335 D/BtGatt.GattService( 1032): got characteristic with UUID=0000fff2-0000-1000-8000-00805f9b34fb id: 86
05-31 18:43:14.335 D/BtGatt.GattService( 1032): got service with UUID=000001bf-0000-1000-8000-00805f9b34fb id: 87
05-31 18:43:14.335 D/BtGatt.GattService( 1032): got characteristic with UUID=00000001-0000-1000-8000-00805f9b34fb id: 89
05-31 18:43:14.335 D/BtGatt.GattService( 1032): got service with UUID=0000fe59-0000-1000-8000-00805f9b34fb id: 90
05-31 18:43:14.336 D/BtGatt.GattService( 1032): got characteristic with UUID=8ec90001-f315-4f60-9fb8-838830daea50 id: 92
05-31 18:43:14.336 D/BtGatt.GattService( 1032): got descriptor with UUID=00002902-0000-1000-8000-00805f9b34fb id: 93
05-31 18:43:14.336 D/BtGatt.GattService( 1032): got characteristic with UUID=8ec90002-f315-4f60-9fb8-838830daea50 id: 95
05-31 18:43:14.336 D/BtGatt.GattService( 1032): got characteristic with UUID=00000003-0000-1000-8000-00805f9b34fb id: 97
05-31 18:43:14.336 D/BtGatt.GattService( 1032): got descriptor with UUID=00002902-0000-1000-8000-00805f9b34fb id: 98
05-31 18:43:14.338 D/BluetoothGatt( 1421): onSearchComplete() = Device=E4:BB:D3:57:C0:82 Status=0
05-31 18:43:14.340 D/bt_btif_gattc( 1032): packages/modules/Bluetooth/system/btif/src/btif_gatt_client.cc:435 btif_gattc_read_char: btif_gattc_read_char
05-31 18:43:14.340 I/bt_btif ( 1032): packages/modules/Bluetooth/system/main/bte_logmsg.cc:112 LogMsg: bta_sys_event: Event 0x1f04
05-31 18:43:14.340 D/bluetooth( 1032): packages/modules/Bluetooth/system/stack/gatt/att_protocol.cc:486 attp_cl_send_cmd: Sending ATT command to l2cap cid:0x0004 eatt_channels:0 transport:BT_TRANSPORT_LE
05-31 18:43:14.340 D/bluetooth( 1032): packages/modules/Bluetooth/system/stack/gatt/att_protocol.cc:378 attp_send_msg_to_l2cap: Sending ATT message on att fixed channel
05-31 18:43:14.340 D/bt_l2cap( 1032): packages/modules/Bluetooth/system/stack/l2cap/l2c_api.cc:1469 L2CA_SendFixedChnlData: Enqueued data for CID: 0x0004 len:3
05-31 18:43:14.340 D/l2c_link( 1032): packages/modules/Bluetooth/system/stack/l2cap/l2c_link.cc:1103 l2c_link_send_to_lower_ble: TotalWin=1,Hndl=0x10,Quota=2,Unack=1,RRQuota=0,RRUnack=0
05-31 18:43:14.340 I/bt_l2cap( 1032): packages/modules/Bluetooth/system/main/bte_logmsg.cc:115 LogMsg: l2cu_no_dynamic_ccbs NO IDLE timeout set for fixed cid 0x0004
05-31 18:43:14.340 I/bt_l2cap( 1032): packages/modules/Bluetooth/system/main/bte_logmsg.cc:115 LogMsg: l2cu_no_dynamic_ccbs() with_active_local_clients=1
05-31 18:43:14.340 D/bluetooth( 1032): packages/modules/Bluetooth/system/stack/gatt/att_protocol.cc:500 attp_cl_send_cmd: Starting ATT response timer 0xf4937898 conn_id=0x0006, cid=4
05-31 18:43:14.355 D/bluetooth( 1032): packages/modules/Bluetooth/system/stack/arbiter/acl_arbiter.cc:96 InterceptAttPacket: Intercepting ATT packet and forwarding to Rust
05-31 18:43:14.355 I/bt_btif ( 1032): packages/modules/Bluetooth/system/main/bte_logmsg.cc:112 LogMsg: bta_sys_event: Event 0x1f0f
05-31 18:43:14.355 I/bt_btif ( 1032): packages/modules/Bluetooth/system/main/bte_logmsg.cc:112 LogMsg: HAL bt_gatt_callbacks->client->read_characteristic_cb
05-31 18:43:14.356 E/ccc ( 1421): cccccc hhhhhhhhhh RC version is 6621E
05-31 18:43:14.357 E/RCInfo ( 1421): vid:
05-31 18:43:14.358 E/RCInfo ( 1421): pid:
05-31 18:43:14.359 E/RCInfo ( 1421): vid:
05-31 18:43:14.359 E/RCInfo ( 1421): pid:
05-31 18:43:14.359 E/ccc ( 1421): cccccc 请求remote实时
05-31 18:43:14.359 E/ccc ( 1421): cccccc requestRemoteInfoInner factory NA version
05-31 18:43:14.381 W/System.err( 2105): java.lang.NullPointerException: Attempt to invoke virtual method 'byte[] java.net.NetworkInterface.getHardwareAddress()' on a null object reference
05-31 18:43:14.381 W/System.err( 2105): at b.f.f.y.g.b(Unknown Source:11)
05-31 18:43:14.381 W/System.err( 2105): at b.d.a.a.p.c0(Unknown Source:2)
05-31 18:43:14.381 W/System.err( 2105): at b.f.f.o.f.c.a(Unknown Source:23)
05-31 18:43:14.381 W/System.err( 2105): at b.f.f.t.d.c(:1)
05-31 18:43:14.381 W/System.err( 2105): at b.f.f.n.d$a.handleMessage(:3)
05-31 18:43:14.381 W/System.err( 2105): at android.os.Handler.dispatchMessage(Handler.java:106)
05-31 18:43:14.381 W/System.err( 2105): at android.os.Looper.loopOnce(Looper.java:205)
05-31 18:43:14.382 W/System.err( 2105): at android.os.Looper.loop(Looper.java:294)
05-31 18:43:14.382 W/System.err( 2105): at android.os.HandlerThread.run(HandlerThread.java:67)
05-31 18:43:14.397 I/okhttp.OkHttpClient( 1421): --> POST http://tymsgapi.qun7.com/v1/core/ykota (588-byte body)
05-31 18:43:14.402 I/serviceDiscovery( 719): [MdnsAdvertiser] Adding service name: 当贝投屏V0, type: _db_cast_screen._tcp, hostAddresses: , port: 44593, network: null, txtRecord: au=1cV=20830mV=100h265=0maxR=4096-4096model=DBBOX-A3deviceid=1c:79:2d:20:62:b5 with ID 5 and subtype null
05-31 18:43:14.402 E/MdnsAdvertiser( 719): Name conflict adding services that should have unique names
05-31 18:43:14.402 E/MdnsAdvertiser( 719): android.net.connectivity.com.android.server.connectivity.mdns.NameConflictException
05-31 18:43:14.402 E/MdnsAdvertiser( 719): at android.net.connectivity.com.android.server.connectivity.mdns.MdnsRecordRepository.addService(MdnsRecordRepository.java:314)
05-31 18:43:14.402 E/MdnsAdvertiser( 719): at android.net.connectivity.com.android.server.connectivity.mdns.MdnsInterfaceAdvertiser.addService(MdnsInterfaceAdvertiser.java:217)
05-31 18:43:14.402 E/MdnsAdvertiser( 719): at android.net.connectivity.com.android.server.connectivity.mdns.MdnsAdvertiser$InterfaceAdvertiserRequest.addService(MdnsAdvertiser.java:273)
05-31 18:43:14.402 E/MdnsAdvertiser( 719): at android.net.connectivity.com.android.server.connectivity.mdns.MdnsAdvertiser.addService(MdnsAdvertiser.java:488)
05-31 18:43:14.402 E/MdnsAdvertiser( 719): at android.net.connectivity.com.android.server.NsdService$NsdStateMachine$EnabledState.processMessage(NsdService.java:730)
05-31 18:43:14.402 E/MdnsAdvertiser( 719): at android.net.connectivity.com.android.internal.util.StateMachine$SmHandler.processMsg(StateMachine.java:993)
05-31 18:43:14.402 E/MdnsAdvertiser( 719): at android.net.connectivity.com.android.internal.util.StateMachine$SmHandler.handleMessage(StateMachine.java:810)
05-31 18:43:14.402 E/MdnsAdvertiser( 719): at android.os.Handler.dispatchMessage(Handler.java:106)
05-31 18:43:14.402 E/MdnsAdvertiser( 719): at android.os.Looper.loopOnce(Looper.java:205)
05-31 18:43:14.402 E/MdnsAdvertiser( 719): at android.os.Looper.loop(Looper.java:294)
05-31 18:43:14.402 E/MdnsAdvertiser( 719): at android.os.HandlerThread.run(HandlerThread.java:67)
05-31 18:43:14.427 W/System ( 1421): A resource failed to call close.
05-31 18:43:14.427 W/System ( 1421): A resource failed to call close.
05-31 18:43:14.427 W/System ( 1421): A resource failed to call close.
05-31 18:43:14.427 W/System ( 1421): A resource failed to call close.
05-31 18:43:14.427 W/System ( 1421): A resource failed to call close.
05-31 18:43:14.427 W/System ( 1421): A resource failed to call close.
05-31 18:43:14.428 W/System ( 1421): A resource failed to call close.
05-31 18:43:14.429 W/System ( 1421): A resource failed to call close.
05-31 18:43:14.429 W/System ( 1421): A resource failed to call close.
05-31 18:43:14.429 W/System ( 1421): A resource failed to call close.
05-31 18:43:14.485 I/okhttp.OkHttpClient( 1421): <-- 200 OK http://tymsgapi.qun7.com/v1/core/ykota (87ms, unknown-length body)
05-31 18:43:14.489 W/System.err( 1421): java.lang.NullPointerException: Attempt to invoke virtual method 'java.lang.String com.etna.haqu.model.business.bean.db.remote.RemoteUpdateBean.getDownloadId()' on a null object reference
05-31 18:43:14.489 W/System.err( 1421): at com.dangbei.etna.update.remote.RemoteUpdateHelper$requestRemoteInfoInner$1$2.invoke(RemoteUpdateHelper.kt:178)
05-31 18:43:14.489 W/System.err( 1421): at com.dangbei.etna.update.remote.RemoteUpdateHelper$requestRemoteInfoInner$1$2.invoke(RemoteUpdateHelper.kt:170)
05-31 18:43:14.489 W/System.err( 1421): at com.etna.haqu.support.ext.FlowExtKt$safeCollect$3.emit(FlowExt.kt:52)
05-31 18:43:14.489 W/System.err( 1421): at kotlinx.coroutines.flow.FlowKt__ErrorsKt$catchImpl$2.emit(Errors.kt:158)
05-31 18:43:14.489 W/System.err( 1421): at kotlinx.coroutines.flow.FlowKt__ChannelsKt.emitAllImpl$FlowKt__ChannelsKt(Channels.kt:62)
05-31 18:43:14.489 W/System.err( 1421): at kotlinx.coroutines.flow.FlowKt__ChannelsKt.access$emitAllImpl$FlowKt__ChannelsKt(Channels.kt:1)
05-31 18:43:14.489 W/System.err( 1421): at kotlinx.coroutines.flow.FlowKt__ChannelsKt$emitAllImpl$1.invokeSuspend(Unknown Source:14)
05-31 18:43:14.489 W/System.err( 1421): at kotlin.coroutines.jvm.internal.BaseContinuationImpl.resumeWith(ContinuationImpl.kt:33)
05-31 18:43:14.489 W/System.err( 1421): at kotlinx.coroutines.DispatchedTask.run(DispatchedTask.kt:106)
05-31 18:43:14.489 W/System.err( 1421): at android.os.Handler.handleCallback(Handler.java:958)
05-31 18:43:14.489 W/System.err( 1421): at android.os.Handler.dispatchMessage(Handler.java:99)
05-31 18:43:14.489 W/System.err( 1421): at android.os.Looper.loopOnce(Looper.java:205)
05-31 18:43:14.490 W/System.err( 1421): at android.os.Looper.loop(Looper.java:294)
05-31 18:43:14.490 W/System.err( 1421): at android.app.ActivityThread.main(ActivityThread.java:8255)
05-31 18:43:14.490 W/System.err( 1421): at java.lang.reflect.Method.invoke(Native Method)
05-31 18:43:14.490 W/System.err( 1421): at com.android.internal.os.RuntimeInit$MethodAndArgsCaller.run(RuntimeInit.java:552)
05-31 18:43:14.490 W/System.err( 1421): at com.android.internal.os.ZygoteInit.main(ZygoteInit.java:978)
05-31 18:43:14.492 E/ccc ( 1421): cccccc com.dangbei.haqusetting not connect
05-31 18:43:14.492 E/ccc ( 1421): cccccc updateHelper 通知更新
05-31 18:43:14.506 I/ActivityManager( 719): Skip zero pid ANR, process=WebViewLoader-armeabi-v7a
05-31 18:43:14.875 E/accept ( 2105): myIp:192.168.3.222
05-31 18:43:14.875 D/TrafficStats( 2105): tagSocket(6) with statsTag=0xffffffff, statsUid=-1
05-31 18:43:14.878 E/accept ( 2105): connect error
05-31 18:43:14.884 I/UpnpServiceImpl( 2105): >>> Starting UPnP service...
05-31 18:43:14.884 I/UpnpServiceImpl( 2105): Using configuration: org.fourthline.cling.android.AndroidUpnpServiceConfiguration
05-31 18:43:14.887 I/Router ( 2105): Creating Router: org.fourthline.cling.android.AndroidRouter
05-31 18:43:14.888 W/Router ( 2105): enable lock:org.fourthline.cling.android.AndroidRouter@859a331_java.util.concurrent.locks.ReentrantReadWriteLock$WriteLock@6c99a16[Unlocked]
05-31 18:43:14.894 W/tworkAddressFactoryImpl( 2105): Network interface may not be multicast capable: dummy0
05-31 18:43:14.897 I/MulticastReceiver( 2105): Creating wildcard socket (for receiving multicast datagrams) on port: 1900
05-31 18:43:14.897 D/TrafficStats( 2105): tagSocket(6) with statsTag=0xffffffff, statsUid=-1
05-31 18:43:14.897 I/MulticastReceiver( 2105): Joining multicast group: /239.255.255.250:1900 on network interface: wlan0
05-31 18:43:14.913 E/accept ( 2105): Adding connector try: 192.168.3.222/192.168.3.222:45853
05-31 18:43:14.916 D/TrafficStats( 2105): tagSocket(220) with statsTag=0xffffffff, statsUid=-1
05-31 18:43:14.917 E/accept ( 2105): Adding connector result: 192.168.3.222/192.168.3.222:45853
05-31 18:43:14.928 I/serviceDiscovery( 719): [MdnsAdvertiser.wlan0] Probing finished for service 4
05-31 18:43:14.929 I/serviceDiscovery( 719): [MdnsAdvertiser.wlan0] Probing finished for service 3
05-31 18:43:15.004 I/JettyServletContainer( 2105): Registering UPnP servlet under context path: /upnp
05-31 18:43:15.008 I/DatagramIO( 2105): Creating bound socket (for datagram input/output) on: 192.168.3.222/192.168.3.222
05-31 18:43:15.008 D/TrafficStats( 2105): tagSocket(221) with statsTag=0xffffffff, statsUid=-1
05-31 18:43:15.009 E/JettyServletContainer( 2105): gogogo
05-31 18:43:15.009 I/JettyServletContainer( 2105): Starting Jetty server...
05-31 18:43:15.010 W/System.err( 2105): 2025-05-31 18:43:15.010:INFO:lcaf.p:jetty-8.y.z-SNAPSHOT
05-31 18:43:15.013 I/Router ( 2105): WiFi multicast lock acquired
05-31 18:43:15.014 I/WifiService( 719): acquireMulticastLock uid=10044
05-31 18:43:15.015 I/Router ( 2105): WiFi lock acquired
05-31 18:43:15.016 I/WifiService( 719): acquireWifiLock uid=10044 lockMode=3
05-31 18:43:15.019 I/WifiHAL ( 512): wifi_set_latency_mode set to 1
01-01 08:00:38.262 W/ ( 0): [3 T1140 ..] >>> aml_cfg80211_set_power_mgmt()
01-01 08:00:38.262 W/ ( 0): [3 T1140 ..] [aml_send_me_set_ps_mode 2111] set power save mode:0
01-01 08:00:38.262 W/ ( 0): [3 T1140 ..] >>> aml_send_msg()
01-01 08:00:38.264 W/ ( 0): [2 T1062 ..] ipc_sdio_host_msgack_handler 00000000ba0494f9
01-01 08:00:38.265 W/ ( 0): [2 T1062 ..] [aml_msgackind 2038] msg ack hostid=0xffffff807b0ec700
01-01 08:00:38.265 W/ ( 0): [2 T1062 ..] [cmd_mgr_llind 329] cmd tkn[31] flags:001a result: -4 cmd:5139-ME_SET_PS_MODE_REQ - reqcfm(5140-ME_SET_PS_MODE_CFM)
01-01 08:00:38.267 W/ ( 0): [2 T1062 ..] [cmd_mgr_msgind 409] cmd tkn[31] flags:0012 result: -4 cmd:5139-ME_SET_PS_MODE_REQ - reqcfm(5140-ME_SET_PS_MODE_CFM)
01-01 08:00:38.269 W/ ( 0): [2 T1062 ..] [cmd_complete 65] cmd tkn[31] flags:0002 result: -4 cmd:5139-ME_SET_PS_MODE_REQ - reqcfm(5140-ME_SET_PS_MODE_CFM)
05-31 18:43:15.029 D/WifiHAL ( 512): Setting APF program, halHandle = 0xf47c2950
05-31 18:43:15.029 W/Router ( 2105): enable unlock:org.fourthline.cling.android.AndroidRouter@859a331
05-31 18:43:15.029 I/WifiHAL ( 512): createRequest: APF set program request
05-31 18:43:15.029 D/WifiHAL ( 512): error code -95 mapped to -3
05-31 18:43:15.029 I/WifiHAL ( 512): Request Response failed for APF, result = -3
05-31 18:43:15.029 I/UpnpServiceImpl( 2105): <<< UPnP service started successfully
05-31 18:43:15.029 E/WifiStaIfaceAidlImpl( 719): installApfPacketFilter failed with service-specific exception: android.os.ServiceSpecificException: (code 4)
05-31 18:43:15.049 W/System.err( 2105): 2025-05-31 18:43:15.049:INFO:lcaf.a:Started @192.168.3.222:45853
05-31 18:43:15.094 E/g ( 2105): channel :os
05-31 18:43:15.125 D/bluetooth( 1032): packages/modules/Bluetooth/system/stack/arbiter/acl_arbiter.cc:96 InterceptAttPacket: Intercepting ATT packet and forwarding to Rust
05-31 18:43:15.125 D/bluetooth( 1032): packages/modules/Bluetooth/system/stack/gatt/gatt_attr.cc:579 gatt_cl_op_cmpl_cback: Not interested in opcode 6
05-31 18:43:15.155 W/System ( 1032): A resource failed to call close.
01-01 08:00:38.456 W/ ( 0): [1 T1063 ..] [SP FRAME RX] DHCP[1 0], vif_idx:0
05-31 18:43:15.215 D/DhcpClient( 997): Received packet: 7e:77:3d:13:73:75 ACK: your new IP /192.168.3.211, netmask /255.255.254.0, gateways [/192.168.3.1] DNS servers: /202.96.134.133 /202.96.128.166 , lease time 3600
05-31 18:43:15.325 D/bluetooth( 1032): packages/modules/Bluetooth/system/stack/arbiter/acl_arbiter.cc:96 InterceptAttPacket: Intercepting ATT packet and forwarding to Rust
05-31 18:43:15.325 D/bluetooth( 1032): packages/modules/Bluetooth/system/stack/gatt/gatt_attr.cc:579 gatt_cl_op_cmpl_cback: Not interested in opcode 6
05-31 18:43:15.471 I/efs.base( 2105): lt=event`ev_ct=efs_core`ev_ac=log_lag`tm=2025-05-31 18:43:47`dn=f3a80cb2-264f-40a1-b5dc-e628a02809c0`ps=com.dangbei.screencast`um_os=android`stime=1748688185065`pid=2105`fr=android`pkg=com.dangbei.screencast`vcode=20830`dsp_w=1920`uid=f3a80cb2-264f-40a1-b5dc-e628a02809c0`rom=14`wid=f3a80cb2-264f-40a1-b5dc-e628a02809c0`um_app_carrier=`um_access=wifi`um_app_channel=os`um_crash_sdk_version=1.4.0`ctime=1748688195`model=dbbox-a3`lang=zh`net=wifi`brand=amlogic`dsp_h=1080`um_network_type=0`ver=v2.8.3`cnt=5`build_model=DBBOX-A3`w_tm=1748688195`appid=5fc60c21094d637f3130af19`um_umid_header=ai150dd3b45b2ef2b290838a598a2b76f1`sdk=34`tzone=Asia/Shanghai`sdk_ver=1.3.6.umeng
05-31 18:43:15.477 I/resolv ( 469): GetAddrInfoHandler::run: {100 100 100 983140 10044 0}
05-31 18:43:15.478 I/resolv ( 469): GetAddrInfoHandler::run: {100 100 100 983140 10044 0}
05-31 18:43:15.478 I/resolv ( 469): res_nmkquery: (QUERY, IN, A)
05-31 18:43:15.479 I/resolv ( 469): resolv_cache_lookup: FOUND IN CACHE entry=0xead85bf0
05-31 18:43:15.479 I/resolv ( 469): doQuery: rcode=0, ancount=6, return value=504
05-31 18:43:15.479 I/resolv ( 469): res_nmkquery: (QUERY, IN, A)
05-31 18:43:15.479 I/resolv ( 469): resolv_cache_lookup: FOUND IN CACHE entry=0xead85bf0
05-31 18:43:15.479 I/resolv ( 469): doQuery: rcode=0, ancount=6, return value=504
05-31 18:43:15.480 D/TrafficStats( 2105): tagSocket(224) with statsTag=0xffffffff, statsUid=-1
05-31 18:43:15.480 D/TrafficStats( 2105): tagSocket(226) with statsTag=0xffffffff, statsUid=-1
05-31 18:43:15.575 D/ActivityManager( 719): freezing 2235 com.android.externalstorage
05-31 18:43:15.632 W/NotificationHistory( 719): Attempted to add notif for locked/gone/disabled user 0
05-31 18:43:15.705 I/WifiHAL ( 512): call wifi_get_link_stats handler
05-31 18:43:15.705 I/WifiHAL ( 512): Creating message to get link statistics; iface = 16
05-31 18:43:15.705 D/WifiHAL ( 512): error code -95 mapped to -3
05-31 18:43:15.706 E/WifiStaIfaceAidlImpl( 719): getLinkLayerStats failed with service-specific exception: android.os.ServiceSpecificException: (code 4)
01-01 08:00:38.945 W/ ( 0): [1 T1063 ..] [SP FRAME RX] arp req,vif_idx:0 sender:[b0:dc:ef:39:56:8e 192.168.3.5]receiver:[1c:79:2d:20:62:b5 192.168.3.222]
01-01 08:00:38.946 W/ ( 0): [1 T1063 ..] [SP FRAME TX] arp rsp,vif_idx:0 sender:[1c:79:2d:20:62:b5 192.168.3.222]receiver:[b0:dc:ef:39:56:8e 192.168.3.5]
05-31 18:43:15.759 I/efs.base( 2105): wa upload succ, HttpResponse {succ=true, code=200, data='暂不支持该服务', extra={req_url=https://errlog.umeng.com/api/crashsdk/logcollect}}
05-31 18:43:15.759 I/efs.base( 2105): wa upload succ, HttpResponse {succ=true, code=200, data='暂不支持该服务', extra={req_url=https://errlog.umeng.com/api/crashsdk/logcollect}}
05-31 18:43:15.761 D/TrafficStats( 2105): tagSocket(224) with statsTag=0xffffffff, statsUid=-1
05-31 18:43:15.761 D/TrafficStats( 2105): tagSocket(225) with statsTag=0xffffffff, statsUid=-1
05-31 18:43:15.768 W/TelephonyPermissions( 719): reportAccessDeniedToReadIdentifiers:com.dangbei.screencast:getSerial:-1
05-31 18:43:15.795 D/bluetooth( 1032): packages/modules/Bluetooth/system/stack/arbiter/acl_arbiter.cc:96 InterceptAttPacket: Intercepting ATT packet and forwarding to Rust
05-31 18:43:15.795 D/bluetooth( 1032): packages/modules/Bluetooth/system/stack/gatt/gatt_attr.cc:579 gatt_cl_op_cmpl_cback: Not interested in opcode 6
