05-31 18:43:10.986 I/bluetooth( 1032): packages/modules/Bluetooth/system/stack/gatt/gatt_api.cc:1206 GATT_SetIdleTimeout: idle_timeout=65535, is_active=1, status=1 (1-OK 0-not performed)
05-31 18:43:10.986 I/bt_bta_gattc( 1032): packages/modules/Bluetooth/system/bta/gatt/bta_gattc_act.cc:1304 bta_gattc_conn_cback: Connected client_if:5 addr:xx:xx:xx:xx:c0:82, transport:BT_TRANSPORT_LE reason:GATT_CONN_OK
05-31 18:43:10.987 I/bluetooth( 1032): packages/modules/Bluetooth/system/stack/gatt/connection_manager.cc:438 on_connection_complete: Le connection completed to device:xx:xx:xx:xx:c0:82
05-31 18:43:10.987 D/bluetooth( 1032): packages/modules/Bluetooth/system/stack/gatt/connection_manager.cc:427 remove_all_clients_with_pending_connections: address=xx:xx:xx:xx:c0:82
05-31 18:43:10.987 I/bt_l2cap( 1032): packages/modules/Bluetooth/system/main/bte_logmsg.cc:115 LogMsg: l2cu_no_dynamic_ccbs NO IDLE timeout set for fixed cid 0x0004
05-31 18:43:10.987 I/bt_l2cap( 1032): packages/modules/Bluetooth/system/main/bte_logmsg.cc:115 LogMsg: l2cu_no_dynamic_ccbs() with_active_local_clients=1
05-31 18:43:10.987 I/bt_stack( 1032): [INFO:l2c_api.cc(1607)] L2CA_MarkLeLinkAsActivesetting link to e4:bb:d3:57:c0:82 as active
05-31 18:43:10.987 I/bluetooth( 1032): packages/modules/Bluetooth/system/stack/gatt/gatt_api.cc:1206 GATT_SetIdleTimeout: idle_timeout=65535, is_active=1, status=1 (1-OK 0-not performed)
05-31 18:43:10.987 I/bluetooth( 1032): packages/modules/Bluetooth/system/stack/gatt/gatt_main.cc:594 check_cached_model_name: Device xx:xx:xx:xx:c0:82 no cached model name
05-31 18:43:10.987 D/bluetooth( 1032): packages/modules/Bluetooth/system/stack/smp/smp_l2c.cc:112 smp_connect_callback: SMP Received connect callback bd_addr:xx:xx:xx:xx:c0:82 transport:BT_TRANSPORT_LE
05-31 18:43:10.987 I/bt_btm ( 1032): packages/modules/Bluetooth/system/main/bte_logmsg.cc:112 LogMsg: btm_find_or_alloc_dev
05-31 18:43:10.987 I/bt_btif ( 1032): packages/modules/Bluetooth/system/main/bte_logmsg.cc:112 LogMsg: btif_dm_upstreams_evt: ev: BTA_DM_LINK_UP_EVT
05-31 18:43:10.987 I/bt_btif ( 1032): packages/modules/Bluetooth/system/main/bte_logmsg.cc:115 LogMsg: BTA_DM_LINK_UP_EVT. Sending BT_ACL_STATE_CONNECTED
05-31 18:43:10.987 I/bt_btif_dm( 1032): packages/modules/Bluetooth/system/btif/src/btif_dm.cc:642 btif_update_remote_version_property: Remote version info valid:true [xx:xx:xx:xx:c0:82]: 9, 1bf, 100
05-31 18:43:10.987 D/bt_bta_dm( 1032): packages/modules/Bluetooth/system/bta/dm/bta_dm_act.cc:2693 bta_dm_acl_up: Executed security callback for new connection available
05-31 18:43:10.987 I/bt_btif ( 1032): packages/modules/Bluetooth/system/main/bte_logmsg.cc:112 LogMsg: bta_sys_event: Event 0x1f0c
05-31 18:43:10.987 E/bta_gattc_main( 1032): packages/modules/Bluetooth/system/bta/gatt/bta_gattc_main.cc:395 bta_gattc_hdl_event: Ignore unknown conn ID: 3
05-31 18:43:10.987 I/bt_btif ( 1032): packages/modules/Bluetooth/system/main/bte_logmsg.cc:112 LogMsg: bta_sys_event: Event 0x1f0c
05-31 18:43:10.987 E/bta_gattc_main( 1032): packages/modules/Bluetooth/system/bta/gatt/bta_gattc_main.cc:395 bta_gattc_hdl_event: Ignore unknown conn ID: 4
05-31 18:43:10.987 I/bt_btif ( 1032): packages/modules/Bluetooth/system/main/bte_logmsg.cc:112 LogMsg: bta_sys_event: Event 0x1f0c
05-31 18:43:10.987 D/bt_btm_sec( 1032): packages/modules/Bluetooth/system/stack/btm/btm_sec.cc:5094 btm_sec_is_a_bonded_dev: Device record bonded check peer:xx:xx:xx:xx:c0:82 is_bonded:true
05-31 18:43:10.988 I/bt_btif ( 1032): packages/modules/Bluetooth/system/main/bte_logmsg.cc:112 LogMsg: operator(): HAL bt_hal_cbacks->acl_state_changed_cb
05-31 18:43:10.988 W/BatteryService( 1032): getBatteryService(): service is NULL
01-01 08:00:34.229 W/ ( 0): [3 T2393 ..] [SP FRAME TX] arp req,vif_idx:0 sender:[1c:79:2d:20:62:b5 192.168.3.222]receiver:[00:00:00:00:00:00 192.168.3.115]
01-01 08:00:34.231 W/ ( 0): [3 T2393 ..] [SP FRAME TX] arp req,vif_idx:0 sender:[1c:79:2d:20:62:b5 192.168.3.222]receiver:[00:00:00:00:00:00 192.168.3.116]
01-01 08:00:34.232 W/ ( 0): [3 T2393 ..] [SP FRAME TX] arp req,vif_idx:0 sender:[1c:79:2d:20:62:b5 192.168.3.222]receiver:[00:00:00:00:00:00 192.168.3.117]
05-31 18:43:10.993 D/bt_bta_gattc( 1032): packages/modules/Bluetooth/system/bta/gatt/bta_gattc_cache.cc:130 GetRobustCachingSupport: GetRobustCachingSupport xx:xx:xx:xx:c0:82
05-31 18:43:10.993 D/bt_bta_gattc( 1032): packages/modules/Bluetooth/system/bta/gatt/bta_gattc_cache.cc:159 GetRobustCachingSupport: database hash characteristic not found, so UNSUPPORTED
01-01 08:00:34.234 W/ ( 0): [3 T2393 ..] [SP FRAME TX] arp req,vif_idx:0 sender:[1c:79:2d:20:62:b5 192.168.3.222]receiver:[00:00:00:00:00:00 192.168.3.118]
01-01 08:00:34.234 W/ ( 0): [2 T1063 ..] [SP FRAME RX] arp rsp,vif_idx:0 sender:[7c:21:4a:22:40:b1 192.168.3.21]receiver:[1c:79:2d:20:62:b5 192.168.3.222]
01-01 08:00:34.236 W/ ( 0): [3 T2393 ..] [SP FRAME TX] arp req,vif_idx:0 sender:[1c:79:2d:20:62:b5 192.168.3.222]receiver:[00:00:00:00:00:00 192.168.3.119]
01-01 08:00:34.237 W/ ( 0): [2 T1063 ..] [SP FRAME RX] arp rsp,vif_idx:0 sender:[22:37:89:bd:91:59 192.168.3.22]receiver:[1c:79:2d:20:62:b5 192.168.3.222]
05-31 18:43:10.996 I/bt_bta_gattc( 1032): packages/modules/Bluetooth/system/bta/gatt/bta_gattc_act.cc:549 bta_gattc_conn: Connected to xx:xx:xx:xx:c0:82, robust caching support is 0
05-31 18:43:10.996 I/bt_btif ( 1032): packages/modules/Bluetooth/system/main/bte_logmsg.cc:115 LogMsg: bta_hh_gattc_callback event:BTA_GATTC_OPEN_EVT
05-31 18:43:10.996 I/bt_btif ( 1032): packages/modules/Bluetooth/system/main/bte_logmsg.cc:112 LogMsg: bta_hh_sm_execute: State 0x01 [BTA_HH_IDLE_ST], Event [BTA_HH_GATT_OPEN_EVT]
05-31 18:43:10.996 I/bt_btif ( 1032): packages/modules/Bluetooth/system/main/bte_logmsg.cc:115 LogMsg: bta_hh_gatt_open BTA_GATTC_OPEN_EVT bda= [e4bbd357c082] status =0
05-31 18:43:10.996 I/bt_btif ( 1032): packages/modules/Bluetooth/system/main/bte_logmsg.cc:115 LogMsg: hid_handle = 10 conn_id = 0005 cb_index = 0
05-31 18:43:10.996 I/bt_btif ( 1032): packages/modules/Bluetooth/system/main/bte_logmsg.cc:112 LogMsg: bta_hh_sm_execute: State 0x02 [BTA_HH_W4_CONN_ST], Event [BTA_HH_START_ENC_EVT]
05-31 18:43:10.996 D/bt_btm_sec( 1032): packages/modules/Bluetooth/system/stack/btm/btm_sec.cc:1172 BTM_SetEncryption: Security Manager: BTM_SetEncryption classic_handle:0xffff ble_handle:0x0010 state:0 flags:0x1080 required:0x6 p_callback=T
05-31 18:43:10.996 I/bt_btm ( 1032): packages/modules/Bluetooth/system/main/bte_logmsg.cc:115 LogMsg: btm_ble_set_encryption sec_act=0x1 role_central=1
05-31 18:43:10.996 I/bt_btm ( 1032): packages/modules/Bluetooth/system/main/bte_logmsg.cc:115 LogMsg: btm_ble_start_encrypt
05-31 18:43:10.996 D/bt_shim_hci( 1032): packages/modules/Bluetooth/system/main/shim/hci_layer.cc:367 transmit_command: Sending command LE_START_ENCRYPTION
05-31 18:43:10.996 D/bluetooth( 1032): packages/modules/Bluetooth/system/bta/hh/bta_hh_main.cc:287 bta_hh_sm_execute: HHID State Change: [BTA_HH_W4_CONN_ST] -> [BTA_HH_W4_SEC] after Event [BTA_HH_START_ENC_EVT]
05-31 18:43:10.996 D/bluetooth( 1032): packages/modules/Bluetooth/system/bta/hh/bta_hh_main.cc:287 bta_hh_sm_execute: HHID State Change: [BTA_HH_IDLE_ST] -> [BTA_HH_W4_SEC] after Event [BTA_HH_GATT_OPEN_EVT]
05-31 18:43:10.999 D/bt_shim_hci( 1032): packages/modules/Bluetooth/system/main/shim/hci_layer.cc:341 OnTransmitPacketStatus: Received cmd status SUCCESS for LE_START_ENCRYPTION
01-01 08:00:34.239 W/ ( 0): [3 T2393 ..] [SP FRAME TX] arp req,vif_idx:0 sender:[1c:79:2d:20:62:b5 192.168.3.222]receiver:[00:00:00:00:00:00 192.168.3.120]
05-31 18:43:11.001 I/BLE_Service( 1046): >ACL LINK CONNECTED [Dangbei] - checking for supported devices after delay
01-01 08:00:34.242 W/ ( 0): [3 T2393 ..] [SP FRAME TX] arp req,vif_idx:0 sender:[1c:79:2d:20:62:b5 192.168.3.222]receiver:[00:00:00:00:00:00 192.168.3.121]
01-01 08:00:34.244 W/ ( 0): [3 T2393 ..] [SP FRAME TX] arp req,vif_idx:0 sender:[1c:79:2d:20:62:b5 192.168.3.222]receiver:[00:00:00:00:00:00 192.168.3.122]
01-01 08:00:34.245 W/ ( 0): [3 T2393 ..] [SP FRAME TX] arp req,vif_idx:0 sender:[1c:79:2d:20:62:b5 192.168.3.222]receiver:[00:00:00:00:00:00 192.168.3.123]
01-01 08:00:34.247 W/ ( 0): [3 T2393 ..] [SP FRAME TX] arp req,vif_idx:0 sender:[1c:79:2d:20:62:b5 192.168.3.222]receiver:[00:00:00:00:00:00 192.168.3.124]
01-01 08:00:34.248 W/ ( 0): [3 T2393 ..] [SP FRAME TX] arp req,vif_idx:0 sender:[1c:79:2d:20:62:b5 192.168.3.222]receiver:[00:00:00:00:00:00 192.168.3.125]
05-31 18:43:11.007 D/TrafficStats( 2346): tagSocket(133) with statsTag=0xffffffff, statsUid=-1
05-31 18:43:11.008 I/BluetoothPhonePolicy( 1032): processDeviceConnected, device=XX:XX:XX:XX:C0:82
05-31 18:43:11.008 I/dangbei111( 1421): cccccc on receiver=android.bluetooth.device.action.ACL_CONNECTED,mac=E4:BB:D3:57:C0:82
05-31 18:43:11.008 E/dangbei111( 1421): cccccc cancelDiscovery begin
05-31 18:43:11.008 D/BluetoothDatabase( 1032): setConnection: device XX:XX:XX:XX:C0:82 and isA2dpDevice=false
05-31 18:43:11.008 D/BluetoothDatabase( 1032): Updating last connected time for device: XX:XX:XX:XX:C0:82 to 0
05-31 18:43:11.009 D/BluetoothDatabase( 1032): updateDatabase XX:XX:XX:XX:C0:82
01-01 08:00:34.250 W/ ( 0): [3 T2393 ..] [SP FRAME TX] arp req,vif_idx:0 sender:[1c:79:2d:20:62:b5 192.168.3.222]receiver:[00:00:00:00:00:00 192.168.3.126]
01-01 08:00:34.252 W/ ( 0): [3 T2393 ..] [SP FRAME TX] arp req,vif_idx:0 sender:[1c:79:2d:20:62:b5 192.168.3.222]receiver:[00:00:00:00:00:00 192.168.3.127]
01-01 08:00:34.252 W/ ( 0): [2 T1063 ..] [SP FRAME RX] arp rsp,vif_idx:0 sender:[f2:ae:01:68:98:57 192.168.3.24]receiver:[1c:79:2d:20:62:b5 192.168.3.222]
01-01 08:00:34.254 W/ ( 0): [3 T2393 ..] [SP FRAME TX] arp req,vif_idx:0 sender:[1c:79:2d:20:62:b5 192.168.3.222]receiver:[00:00:00:00:00:00 192.168.3.128]
01-01 08:00:34.256 W/ ( 0): [2 T1063 ..] [SP FRAME RX] arp rsp,vif_idx:0 sender:[5e:c7:d5:16:67:72 192.168.3.25]receiver:[1c:79:2d:20:62:b5 192.168.3.222]
01-01 08:00:34.257 W/ ( 0): [3 T2393 ..] [SP FRAME TX] arp req,vif_idx:0 sender:[1c:79:2d:20:62:b5 192.168.3.222]receiver:[00:00:00:00:00:00 192.168.3.129]
01-01 08:00:34.258 W/ ( 0): [2 T1063 ..] [SP FRAME RX] arp rsp,vif_idx:0 sender:[52:5f:3c:77:ac:eb 192.168.3.26]receiver:[1c:79:2d:20:62:b5 192.168.3.222]
01-01 08:00:34.260 W/ ( 0): [3 T2393 ..] [SP FRAME TX] arp req,vif_idx:0 sender:[1c:79:2d:20:62:b5 192.168.3.222]receiver:[00:00:00:00:00:00 192.168.3.130]
01-01 08:00:34.261 W/ ( 0): [2 T1063 ..] [SP FRAME RX] arp rsp,vif_idx:0 sender:[ee:83:49:f2:75:3d 192.168.3.28]receiver:[1c:79:2d:20:62:b5 192.168.3.222]
01-01 08:00:34.264 W/ ( 0): [2 T1063 ..] [SP FRAME RX] arp rsp,vif_idx:0 sender:[e8:4a:54:14:69:48 192.168.3.29]receiver:[1c:79:2d:20:62:b5 192.168.3.222]
01-01 08:00:34.265 W/ ( 0): [1 T2393 ..] [SP FRAME TX] arp req,vif_idx:0 sender:[1c:79:2d:20:62:b5 192.168.3.222]receiver:[00:00:00:00:00:00 192.168.3.131]
01-01 08:00:34.266 W/ ( 0): [2 T1063 ..] [SP FRAME RX] arp rsp,vif_idx:0 sender:[9a:fe:ba:c4:e7:a6 192.168.3.30]receiver:[1c:79:2d:20:62:b5 192.168.3.222]
01-01 08:00:34.268 W/ ( 0): [1 T2393 ..] [SP FRAME TX] arp req,vif_idx:0 sender:[1c:79:2d:20:62:b5 192.168.3.222]receiver:[00:00:00:00:00:00 192.168.3.132]
01-01 08:00:34.269 W/ ( 0): [2 T1063 ..] [SP FRAME RX] arp rsp,vif_idx:0 sender:[cc:f9:e4:c5:46:30 192.168.3.27]receiver:[1c:79:2d:20:62:b5 192.168.3.222]
01-01 08:00:34.271 W/ ( 0): [1 T2393 ..] [SP FRAME TX] arp req,vif_idx:0 sender:[1c:79:2d:20:62:b5 192.168.3.222]receiver:[00:00:00:00:00:00 192.168.3.133]
01-01 08:00:34.272 W/ ( 0): [2 T1063 ..] [SP FRAME RX] arp rsp,vif_idx:0 sender:[36:2e:26:94:e3:0a 192.168.3.31]receiver:[1c:79:2d:20:62:b5 192.168.3.222]
01-01 08:00:34.274 W/ ( 0): [1 T2393 ..] [SP FRAME TX] arp req,vif_idx:0 sender:[1c:79:2d:20:62:b5 192.168.3.222]receiver:[00:00:00:00:00:00 192.168.3.134]
01-01 08:00:34.275 W/ ( 0): [2 T1063 ..] [SP FRAME RX] arp rsp,vif_idx:0 sender:[b6:b0:0e:25:f7:84 192.168.3.34]receiver:[1c:79:2d:20:62:b5 192.168.3.222]
01-01 08:00:34.278 W/ ( 0): [3 T2393 ..] [SP FRAME TX] arp req,vif_idx:0 sender:[1c:79:2d:20:62:b5 192.168.3.222]receiver:[00:00:00:00:00:00 192.168.3.135]
01-01 08:00:34.280 W/ ( 0): [3 T2393 ..] [SP FRAME TX] arp req,vif_idx:0 sender:[1c:79:2d:20:62:b5 192.168.3.222]receiver:[00:00:00:00:00:00 192.168.3.136]
05-31 18:43:11.039 E/dangbei111( 1421): cccccc 检查遥控器是否连接: Dangbei E4:BB:D3:57:C0:82
01-01 08:00:34.282 W/ ( 0): [3 T2393 ..] [SP FRAME TX] arp req,vif_idx:0 sender:[1c:79:2d:20:62:b5 192.168.3.222]receiver:[00:00:00:00:00:00 192.168.3.137]
01-01 08:00:34.283 W/ ( 0): [3 T2393 ..] [SP FRAME TX] arp req,vif_idx:0 sender:[1c:79:2d:20:62:b5 192.168.3.222]receiver:[00:00:00:00:00:00 192.168.3.138]
05-31 18:43:11.043 E/dangbei111( 1421): cccccc 检查遥控器是否连接: 蓝牙的结果 Dangbei E4:BB:D3:57:C0:82 true
01-01 08:00:34.285 W/ ( 0): [3 T2393 ..] [SP FRAME TX] arp req,vif_idx:0 sender:[1c:79:2d:20:62:b5 192.168.3.222]receiver:[00:00:00:00:00:00 192.168.3.139]
01-01 08:00:34.285 W/ ( 0): [2 T1063 ..] [SP FRAME RX] arp rsp,vif_idx:0 sender:[7c:21:4a:9e:eb:6b 192.168.3.35]receiver:[1c:79:2d:20:62:b5 192.168.3.222]
01-01 08:00:34.286 W/ ( 0): [0 T2225 ..] [SP FRAME TX] arp req,vif_idx:0 sender:[1c:79:2d:20:62:b5 192.168.3.222]receiver:[00:00:00:00:00:00 192.168.3.140]
01-01 08:00:34.288 W/ ( 0): [2 T1063 ..] [SP FRAME RX] arp rsp,vif_idx:0 sender:[da:64:c9:80:c5:c8 192.168.3.39]receiver:[1c:79:2d:20:62:b5 192.168.3.222]
01-01 08:00:34.291 W/ ( 0): [0 T2225 ..] [SP FRAME TX] arp req,vif_idx:0 sender:[1c:79:2d:20:62:b5 192.168.3.222]receiver:[00:00:00:00:00:00 192.168.3.141]
01-01 08:00:34.292 W/ ( 0): [0 T2225 ..] [SP FRAME TX] arp req,vif_idx:0 sender:[1c:79:2d:20:62:b5 192.168.3.222]receiver:[00:00:00:00:00:00 192.168.3.142]
01-01 08:00:34.292 W/ ( 0): [2 T1063 ..] [SP FRAME RX] arp rsp,vif_idx:0 sender:[fa:75:02:63:13:18 192.168.3.41]receiver:[1c:79:2d:20:62:b5 192.168.3.222]
05-31 18:43:11.051 E/dangbei111( 1421): cccccc input中没有遥控器存在
05-31 18:43:11.051 E/dangbei111( 1421): cccccc 蓝牙状态连接 开启30s check任务
01-01 08:00:34.294 W/ ( 0): [0 T2225 ..] [SP FRAME TX] arp req,vif_idx:0 sender:[1c:79:2d:20:62:b5 192.168.3.222]receiver:[00:00:00:00:00:00 192.168.3.143]
01-01 08:00:34.295 W/ ( 0): [2 T1063 ..] [SP FRAME RX] arp rsp,vif_idx:0 sender:[78:46:5c:63:f5:35 192.168.3.42]receiver:[1c:79:2d:20:62:b5 192.168.3.222]
01-01 08:00:34.297 W/ ( 0): [0 T2225 ..] [SP FRAME TX] arp req,vif_idx:0 sender:[1c:79:2d:20:62:b5 192.168.3.222]receiver:[00:00:00:00:00:00 192.168.3.144]
01-01 08:00:34.298 W/ ( 0): [2 T1063 ..] [SP FRAME RX] arp rsp,vif_idx:0 sender:[e6:9c:e0:bd:0c:56 192.168.3.40]receiver:[1c:79:2d:20:62:b5 192.168.3.222]
01-01 08:00:34.300 W/ ( 0): [0 T2225 ..] [SP FRAME TX] arp req,vif_idx:0 sender:[1c:79:2d:20:62:b5 192.168.3.222]receiver:[00:00:00:00:00:00 192.168.3.145]
01-01 08:00:34.302 W/ ( 0): [2 T1063 ..] [SP FRAME RX] arp rsp,vif_idx:0 sender:[8c:b8:7e:a1:38:99 192.168.3.43]receiver:[1c:79:2d:20:62:b5 192.168.3.222]
01-01 08:00:34.303 W/ ( 0): [0 T2225 ..] [SP FRAME TX] arp req,vif_idx:0 sender:[1c:79:2d:20:62:b5 192.168.3.222]receiver:[00:00:00:00:00:00 192.168.3.146]
01-01 08:00:34.305 W/ ( 0): [2 T1063 ..] [SP FRAME RX] arp rsp,vif_idx:0 sender:[68:39:43:80:0a:5c 192.168.3.45]receiver:[1c:79:2d:20:62:b5 192.168.3.222]
01-01 08:00:34.305 W/ ( 0): [2 T1063 ..] [SP FRAME RX] arp rsp,vif_idx:0 sender:[a8:59:5f:1a:94:92 192.168.3.46]receiver:[1c:79:2d:20:62:b5 192.168.3.222]
01-01 08:00:34.305 W/ ( 0): [2 T1063 ..] [SP FRAME RX] arp rsp,vif_idx:0 sender:[b0:dc:ef:00:4c:09 192.168.3.49]receiver:[1c:79:2d:20:62:b5 192.168.3.222]
01-01 08:00:34.305 W/ ( 0): [2 T1063 ..] [SP FRAME RX] arp rsp,vif_idx:0 sender:[62:6d:1d:75:89:1c 192.168.3.52]receiver:[1c:79:2d:20:62:b5 192.168.3.222]
01-01 08:00:34.305 W/ ( 0): [2 T1063 ..] [SP FRAME RX] arp rsp,vif_idx:0 sender:[ac:74:b1:0c:ff:f8 192.168.3.53]receiver:[1c:79:2d:20:62:b5 192.168.3.222]
01-01 08:00:34.305 W/ ( 0): [2 T1063 ..] [SP FRAME RX] arp rsp,vif_idx:0 sender:[22:53:1b:e9:95:aa 192.168.3.54]receiver:[1c:79:2d:20:62:b5 192.168.3.222]
05-31 18:43:11.064 E/dangbei111( 1421): cccccc 开始扫描
05-31 18:43:11.064 D/BluetoothAdapter( 1421): isLeEnabled(): ON
05-31 18:43:11.068 D/BtGatt.GattService( 1032): registerScanner() - UUID=d0e611c8-a9a0-46f4-9ab1-a95759f698af
05-31 18:43:11.069 I/bt_stack( 1032): [INFO:le_scanning_manager.cc(155)] RegisterScanner in shim layer
05-31 18:43:11.069 D/BtGatt.GattService( 1032): onScannerRegistered() - UUID=d0e611c8-a9a0-46f4-9ab1-a95759f698af, scannerId=1, status=0
05-31 18:43:11.069 D/BluetoothLeScanner( 1421): onScannerRegistered() - status=0 scannerId=1 mScannerId=0
05-31 18:43:11.070 D/BtGatt.GattService( 1032): start scan with filters
05-31 18:43:11.071 D/BtGatt.GattService( 1032): enforcePrivilegedPermissionIfNeeded([BluetoothLeScanFilter [mDeviceName=Dangbei, mDeviceAddress=null, mUuid=null, mUuidMask=null, mServiceSolicitationUuid=null, mServiceSolicitationUuidMask=null, mServiceDataUuid=null, mServiceData=null, mServiceDataMask=null, mManufacturerId=-1, mManufacturerData=null, mManufacturerDataMask=null, mAdvertisingDataType=-1, mAdvertisingData=null, mAdvertisingDataMask=null, mTransportBlockFilter=null]])
05-31 18:43:11.111 W/droid.bluetooth( 1032): Core platform API violation: Llibcore/io/Memory;->pokeByte(JB)V from Lcom/google/protobuf/UnsafeUtil; using reflection
05-31 18:43:11.111 W/droid.bluetooth( 1032): Core platform API violation: Llibcore/io/Memory;->peekByte(J)B from Lcom/google/protobuf/UnsafeUtil; using reflection
05-31 18:43:11.113 D/BtGatt.ScanManager( 1032): startScan() [ScanClient scanModeApp 0 scanModeUsed 0 [appScanStats android.uid.system:1000]]
05-31 18:43:11.114 D/ActivityAttributionService( 1032): notifyActivityAttributionInfo UID=1002 packageName=com.android.bluetooth deviceAddress=no_active_device_address
05-31 18:43:11.114 D/BtGatt.ScanManager( 1032): handling starting scan
05-31 18:43:11.114 D/BtGatt.ScanManager( 1032): scanMode is upgraded for [ScanClient scanModeApp 0 scanModeUsed 1 [appScanStats android.uid.system:1000]]
05-31 18:43:11.114 D/BtGatt.ScanManager( 1032): start gattClientScanNative from startRegularScan()
05-31 18:43:11.114 I/bt_stack( 1032): [INFO:le_scanning_manager.cc(168)] Scan in shim layer started
05-31 18:43:11.114 I/bluetooth( 1032): packages/modules/Bluetooth/system/gd/hci/le_scanning_manager.cc:588 stop_scan: Scanning already stopped, return!
05-31 18:43:11.115 I/bt_btif ( 1032): packages/modules/Bluetooth/system/btif/src/bluetooth.cc:829 get_profile_interface: get_profile_interface: id = activity_attribution
05-31 18:43:11.115 I/bluetooth( 1032): packages/modules/Bluetooth/system/gd/hci/le_address_manager.cc:178 register_client: Client registered
05-31 18:43:11.115 D/BtGatt.ScanManager( 1032): configureRegularScanParams() - queue=1
01-01 08:00:34.316 W/ ( 0): [0 T2225 ..] [SP FRAME TX] arp req,vif_idx:0 sender:[1c:79:2d:20:62:b5 192.168.3.222]receiver:[00:00:00:00:00:00 192.168.3.147]
01-01 08:00:34.317 W/ ( 0): [2 T1063 ..] [SP FRAME RX] arp rsp,vif_idx:0 sender:[e2:b5:c5:bd:0b:9a 192.168.3.55]receiver:[1c:79:2d:20:62:b5 192.168.3.222]
01-01 08:00:34.317 W/ ( 0): [0 T2225 ..] [SP FRAME TX] arp req,vif_idx:0 sender:[1c:79:2d:20:62:b5 192.168.3.222]receiver:[00:00:00:00:00:00 192.168.3.148]
01-01 08:00:34.317 W/ ( 0): [2 T1063 ..] [SP FRAME RX] arp rsp,vif_idx:0 sender:[12:2c:8d:45:1c:5f 192.168.3.56]receiver:[1c:79:2d:20:62:b5 192.168.3.222]
01-01 08:00:34.319 W/ ( 0): [0 T2225 ..] [SP FRAME TX] arp req,vif_idx:0 sender:[1c:79:2d:20:62:b5 192.168.3.222]receiver:[00:00:00:00:00:00 192.168.3.149]
01-01 08:00:34.320 W/ ( 0): [2 T1063 ..] [SP FRAME RX] arp rsp,vif_idx:0 sender:[12:f0:2d:d7:03:70 192.168.3.57]receiver:[1c:79:2d:20:62:b5 192.168.3.222]
01-01 08:00:34.322 W/ ( 0): [0 T2225 ..] [SP FRAME TX] arp req,vif_idx:0 sender:[1c:79:2d:20:62:b5 192.168.3.222]receiver:[00:00:00:00:00:00 192.168.3.150]
01-01 08:00:34.323 W/ ( 0): [2 T1063 ..] [SP FRAME RX] arp rsp,vif_idx:0 sender:[b0:dc:ef:33:76:83 192.168.3.59]receiver:[1c:79:2d:20:62:b5 192.168.3.222]
01-01 08:00:34.325 W/ ( 0): [0 T2225 ..] [SP FRAME TX] arp req,vif_idx:0 sender:[1c:79:2d:20:62:b5 192.168.3.222]receiver:[00:00:00:00:00:00 192.168.3.151]
01-01 08:00:34.326 W/ ( 0): [2 T1063 ..] [SP FRAME RX] arp rsp,vif_idx:0 sender:[ca:9c:d9:c3:26:8e 192.168.3.60]receiver:[1c:79:2d:20:62:b5 192.168.3.222]
01-01 08:00:34.328 W/ ( 0): [0 T2225 ..] [SP FRAME TX] arp req,vif_idx:0 sender:[1c:79:2d:20:62:b5 192.168.3.222]receiver:[00:00:00:00:00:00 192.168.3.152]
01-01 08:00:34.329 W/ ( 0): [2 T1063 ..] [SP FRAME RX] arp rsp,vif_idx:0 sender:[28:7b:11:70:51:1f 192.168.3.61]receiver:[1c:79:2d:20:62:b5 192.168.3.222]
01-01 08:00:34.331 W/ ( 0): [0 T2225 ..] [SP FRAME TX] arp req,vif_idx:0 sender:[1c:79:2d:20:62:b5 192.168.3.222]receiver:[00:00:00:00:00:00 192.168.3.153]
01-01 08:00:34.333 W/ ( 0): [2 T1063 ..] [SP FRAME RX] arp rsp,vif_idx:0 sender:[9a:2c:95:3c:db:cc 192.168.3.62]receiver:[1c:79:2d:20:62:b5 192.168.3.222]
01-01 08:00:34.334 W/ ( 0): [0 T2225 ..] [SP FRAME TX] arp req,vif_idx:0 sender:[1c:79:2d:20:62:b5 192.168.3.222]receiver:[00:00:00:00:00:00 192.168.3.154]
01-01 08:00:34.336 W/ ( 0): [2 T1063 ..] [SP FRAME RX] arp rsp,vif_idx:0 sender:[0a:5b:8b:eb:41:ed 192.168.3.63]receiver:[1c:79:2d:20:62:b5 192.168.3.222]
01-01 08:00:34.337 W/ ( 0): [0 T2225 ..] [SP FRAME TX] arp req,vif_idx:0 sender:[1c:79:2d:20:62:b5 192.168.3.222]receiver:[00:00:00:00:00:00 192.168.3.155]
01-01 08:00:34.339 W/ ( 0): [2 T1063 ..] [SP FRAME RX] arp rsp,vif_idx:0 sender:[b0:be:83:7e:54:6d 192.168.3.65]receiver:[1c:79:2d:20:62:b5 192.168.3.222]
01-01 08:00:34.340 W/ ( 0): [0 T2225 ..] [SP FRAME TX] arp req,vif_idx:0 sender:[1c:79:2d:20:62:b5 192.168.3.222]receiver:[00:00:00:00:00:00 192.168.3.156]
01-01 08:00:34.342 W/ ( 0): [2 T1063 ..] [SP FRAME RX] arp rsp,vif_idx:0 sender:[e0:ba:ad:3a:be:9a 192.168.3.66]receiver:[1c:79:2d:20:62:b5 192.168.3.222]
01-01 08:00:34.343 W/ ( 0): [0 T2225 ..] [SP FRAME TX] arp req,vif_idx:0 sender:[1c:79:2d:20:62:b5 192.168.3.222]receiver:[00:00:00:00:00:00 192.168.3.157]
01-01 08:00:34.345 W/ ( 0): [2 T1063 ..] [SP FRAME RX] arp rsp,vif_idx:0 sender:[1e:46:04:55:bb:4a 192.168.3.67]receiver:[1c:79:2d:20:62:b5 192.168.3.222]
01-01 08:00:34.347 W/ ( 0): [0 T2225 ..] [SP FRAME TX] arp req,vif_idx:0 sender:[1c:79:2d:20:62:b5 192.168.3.222]receiver:[00:00:00:00:00:00 192.168.3.158]
01-01 08:00:34.348 W/ ( 0): [2 T1063 ..] [SP FRAME RX] arp rsp,vif_idx:0 sender:[de:5e:e1:c0:9b:62 192.168.3.68]receiver:[1c:79:2d:20:62:b5 192.168.3.222]
01-01 08:00:34.350 W/ ( 0): [0 T2225 ..] [SP FRAME TX] arp req,vif_idx:0 sender:[1c:79:2d:20:62:b5 192.168.3.222]receiver:[00:00:00:00:00:00 192.168.3.159]
01-01 08:00:34.351 W/ ( 0): [2 T1063 ..] [SP FRAME RX] arp rsp,vif_idx:0 sender:[0c:91:60:12:cd:8c 192.168.3.70]receiver:[1c:79:2d:20:62:b5 192.168.3.222]
01-01 08:00:34.353 W/ ( 0): [0 T2225 ..] [SP FRAME TX] arp req,vif_idx:0 sender:[1c:79:2d:20:62:b5 192.168.3.222]receiver:[00:00:00:00:00:00 192.168.3.160]
01-01 08:00:34.354 W/ ( 0): [2 T1063 ..] [SP FRAME RX] arp rsp,vif_idx:0 sender:[c8:5e:a9:7a:90:04 192.168.3.71]receiver:[1c:79:2d:20:62:b5 192.168.3.222]
01-01 08:00:34.354 W/ ( 0): [2 T1063 ..] [SP FRAME RX] arp rsp,vif_idx:0 sender:[46:18:42:ea:83:5f 192.168.3.72]receiver:[1c:79:2d:20:62:b5 192.168.3.222]
01-01 08:00:34.354 W/ ( 0): [2 T1063 ..] [SP FRAME RX] arp rsp,vif_idx:0 sender:[38:d5:7a:df:34:e7 192.168.3.73]receiver:[1c:79:2d:20:62:b5 192.168.3.222]
01-01 08:00:34.354 W/ ( 0): [2 T1063 ..] [SP FRAME RX] arp rsp,vif_idx:0 sender:[a0:29:42:9a:49:08 192.168.3.74]receiver:[1c:79:2d:20:62:b5 192.168.3.222]
01-01 08:00:34.356 W/ ( 0): [0 T2225 ..] [SP FRAME TX] arp req,vif_idx:0 sender:[1c:79:2d:20:62:b5 192.168.3.222]receiver:[00:00:00:00:00:00 192.168.3.161]
01-01 08:00:34.357 W/ ( 0): [2 T1063 ..] [SP FRAME RX] arp rsp,vif_idx:0 sender:[7c:2c:67:8b:02:64 192.168.3.78]receiver:[1c:79:2d:20:62:b5 192.168.3.222]
01-01 08:00:34.359 W/ ( 0): [0 T2225 ..] [SP FRAME TX] arp req,vif_idx:0 sender:[1c:79:2d:20:62:b5 192.168.3.222]receiver:[00:00:00:00:00:00 192.168.3.162]
05-31 18:43:11.118 I/bt_stack( 1032): [INFO:le_scanning_manager.cc(168)] Scan in shim layer stopped
05-31 18:43:11.119 I/bluetooth( 1032): packages/modules/Bluetooth/system/gd/hci/le_address_manager.cc:193 unregister_client: Client unregistered
05-31 18:43:11.119 D/BtGatt.ScanManager( 1032): Start gattClientScanNative with old scanMode -2147483648 new scanMode 1 ( in MS: 730 / 183, in scan unit: 1168 / 292 ) [ScanClient scanModeApp 0 scanModeUsed 1 [appScanStats android.uid.system:1000]]
05-31 18:43:11.119 I/bt_stack( 1032): [INFO:le_scanning_manager.cc(346)] SetScanParameters in shim layer
05-31 18:43:11.119 I/bt_stack( 1032): [INFO:le_scanning_manager.cc(168)] Scan in shim layer started
05-31 18:43:11.119 I/bluetooth( 1032): packages/modules/Bluetooth/system/gd/hci/le_scanning_manager.cc:588 stop_scan: Scanning already stopped, return!
05-31 18:43:11.119 I/bluetooth( 1032): packages/modules/Bluetooth/system/gd/hci/le_address_manager.cc:178 register_client: Client registered
05-31 18:43:11.119 D/BtGatt.ScanManager( 1032): apply scan timeout (600000)to scannerId 1
05-31 18:43:11.119 D/BtGatt.GattService( 1032): onScanParamSetupCompleted : 0
01-01 08:00:34.361 W/ ( 0): [2 T1063 ..] [SP FRAME RX] arp rsp,vif_idx:0 sender:[12:79:fa:50:96:be 192.168.3.79]receiver:[1c:79:2d:20:62:b5 192.168.3.222]
01-01 08:00:34.362 W/ ( 0): [0 T2225 ..] [SP FRAME TX] arp req,vif_idx:0 sender:[1c:79:2d:20:62:b5 192.168.3.222]receiver:[00:00:00:00:00:00 192.168.3.163]
01-01 08:00:34.371 W/ ( 0): [0 T2225 ..] [SP FRAME TX] arp req,vif_idx:0 sender:[1c:79:2d:20:62:b5 192.168.3.222]receiver:[00:00:00:00:00:00 192.168.3.164]
01-01 08:00:34.373 W/ ( 0): [0 T2225 ..] [SP FRAME TX] arp req,vif_idx:0 sender:[1c:79:2d:20:62:b5 192.168.3.222]receiver:[00:00:00:00:00:00 192.168.3.165]
01-01 08:00:34.375 W/ ( 0): [0 T2225 ..] [SP FRAME TX] arp req,vif_idx:0 sender:[1c:79:2d:20:62:b5 192.168.3.222]receiver:[00:00:00:00:00:00 192.168.3.166]
01-01 08:00:34.376 W/ ( 0): [0 T2225 ..] [SP FRAME TX] arp req,vif_idx:0 sender:[1c:79:2d:20:62:b5 192.168.3.222]receiver:[00:00:00:00:00:00 192.168.3.167]
01-01 08:00:34.378 W/ ( 0): [0 T2225 ..] [SP FRAME TX] arp req,vif_idx:0 sender:[1c:79:2d:20:62:b5 192.168.3.222]receiver:[00:00:00:00:00:00 192.168.3.168]
01-01 08:00:34.379 W/ ( 0): [0 T2225 ..] [SP FRAME TX] arp req,vif_idx:0 sender:[1c:79:2d:20:62:b5 192.168.3.222]receiver:[00:00:00:00:00:00 192.168.3.169]
01-01 08:00:34.381 W/ ( 0): [0 T2225 ..] [SP FRAME TX] arp req,vif_idx:0 sender:[1c:79:2d:20:62:b5 192.168.3.222]receiver:[00:00:00:00:00:00 192.168.3.170]
01-01 08:00:34.382 W/ ( 0): [0 T2225 ..] [SP FRAME TX] arp req,vif_idx:0 sender:[1c:79:2d:20:62:b5 192.168.3.222]receiver:[00:00:00:00:00:00 192.168.3.171]
01-01 08:00:34.384 W/ ( 0): [0 T2225 ..] [SP FRAME TX] arp req,vif_idx:0 sender:[1c:79:2d:20:62:b5 192.168.3.222]receiver:[00:00:00:00:00:00 192.168.3.172]
01-01 08:00:34.385 W/ ( 0): [0 T2225 ..] [SP FRAME TX] arp req,vif_idx:0 sender:[1c:79:2d:20:62:b5 192.168.3.222]receiver:[00:00:00:00:00:00 192.168.3.173]
01-01 08:00:34.387 W/ ( 0): [0 T2225 ..] [SP FRAME TX] arp req,vif_idx:0 sender:[1c:79:2d:20:62:b5 192.168.3.222]receiver:[00:00:00:00:00:00 192.168.3.174]
01-01 08:00:34.389 W/ ( 0): [0 T2225 ..] [SP FRAME TX] arp req,vif_idx:0 sender:[1c:79:2d:20:62:b5 192.168.3.222]receiver:[00:00:00:00:00:00 192.168.3.175]
01-01 08:00:34.390 W/ ( 0): [0 T2225 ..] [SP FRAME TX] arp req,vif_idx:0 sender:[1c:79:2d:20:62:b5 192.168.3.222]receiver:[00:00:00:00:00:00 192.168.3.176]
01-01 08:00:34.392 W/ ( 0): [0 T2225 ..] [SP FRAME TX] arp req,vif_idx:0 sender:[1c:79:2d:20:62:b5 192.168.3.222]receiver:[00:00:00:00:00:00 192.168.3.177]
01-01 08:00:34.393 W/ ( 0): [0 T2225 ..] [SP FRAME TX] arp req,vif_idx:0 sender:[1c:79:2d:20:62:b5 192.168.3.222]receiver:[00:00:00:00:00:00 192.168.3.178]
01-01 08:00:34.393 W/ ( 0): [2 T1063 ..] [SP FRAME RX] arp rsp,vif_idx:0 sender:[54:d6:0d:ac:40:f5 192.168.3.83]receiver:[1c:79:2d:20:62:b5 192.168.3.222]
01-01 08:00:34.395 W/ ( 0): [0 T2225 ..] [SP FRAME TX] arp req,vif_idx:0 sender:[1c:79:2d:20:62:b5 192.168.3.222]receiver:[00:00:00:00:00:00 192.168.3.179]
01-01 08:00:34.396 W/ ( 0): [2 T1063 ..] [SP FRAME RX] arp rsp,vif_idx:0 sender:[1e:8b:c9:90:6f:05 192.168.3.84]receiver:[1c:79:2d:20:62:b5 192.168.3.222]
01-01 08:00:34.398 W/ ( 0): [0 T2225 ..] [SP FRAME TX] arp req,vif_idx:0 sender:[1c:79:2d:20:62:b5 192.168.3.222]receiver:[00:00:00:00:00:00 192.168.3.180]
01-01 08:00:34.399 W/ ( 0): [2 T1063 ..] [SP FRAME RX] arp rsp,vif_idx:0 sender:[08:9d:f4:3f:50:de 192.168.3.85]receiver:[1c:79:2d:20:62:b5 192.168.3.222]
01-01 08:00:34.401 W/ ( 0): [0 T2225 ..] [SP FRAME TX] arp req,vif_idx:0 sender:[1c:79:2d:20:62:b5 192.168.3.222]receiver:[00:00:00:00:00:00 192.168.3.181]
01-01 08:00:34.403 W/ ( 0): [2 T1063 ..] [SP FRAME RX] arp rsp,vif_idx:0 sender:[62:d1:fc:bf:d2:3a 192.168.3.86]receiver:[1c:79:2d:20:62:b5 192.168.3.222]
01-01 08:00:34.404 W/ ( 0): [0 T2225 ..] [SP FRAME TX] arp req,vif_idx:0 sender:[1c:79:2d:20:62:b5 192.168.3.222]receiver:[00:00:00:00:00:00 192.168.3.182]
01-01 08:00:34.406 W/ ( 0): [2 T1063 ..] [SP FRAME RX] arp rsp,vif_idx:0 sender:[b0:dc:ef:00:ef:38 192.168.3.87]receiver:[1c:79:2d:20:62:b5 192.168.3.222]
01-01 08:00:34.407 W/ ( 0): [0 T2225 ..] [SP FRAME TX] arp req,vif_idx:0 sender:[1c:79:2d:20:62:b5 192.168.3.222]receiver:[00:00:00:00:00:00 192.168.3.183]
01-01 08:00:34.409 W/ ( 0): [2 T1063 ..] [SP FRAME RX] arp rsp,vif_idx:0 sender:[2a:7f:53:39:7b:19 192.168.3.88]receiver:[1c:79:2d:20:62:b5 192.168.3.222]
01-01 08:00:34.410 W/ ( 0): [0 T2225 ..] [SP FRAME TX] arp req,vif_idx:0 sender:[1c:79:2d:20:62:b5 192.168.3.222]receiver:[00:00:00:00:00:00 192.168.3.184]
01-01 08:00:34.412 W/ ( 0): [2 T1063 ..] [SP FRAME RX] arp rsp,vif_idx:0 sender:[0e:25:c9:09:12:b9 192.168.3.89]receiver:[1c:79:2d:20:62:b5 192.168.3.222]
01-01 08:00:34.414 W/ ( 0): [0 T2225 ..] [SP FRAME TX] arp req,vif_idx:0 sender:[1c:79:2d:20:62:b5 192.168.3.222]receiver:[00:00:00:00:00:00 192.168.3.185]
05-31 18:43:11.172 D/NearFieldManagerImpl( 2346): onReceive action get:android.net.conn.CONNECTIVITY_CHANGE
05-31 18:43:11.173 W/efs.info.manager( 2346): network change: wifi
01-01 08:00:34.415 W/ ( 0): [2 T1063 ..] [SP FRAME RX] arp req,vif_idx:0 sender:[76:8b:05:2a:8a:ab 192.168.3.94]receiver:[00:00:00:00:00:00 192.168.3.222]
01-01 08:00:34.417 W/ ( 0): [0 T2225 ..] [SP FRAME TX] arp req,vif_idx:0 sender:[1c:79:2d:20:62:b5 192.168.3.222]receiver:[00:00:00:00:00:00 192.168.3.186]
05-31 18:43:11.174 D/NearFieldUtils( 2346): getPreferredIpAddress exec
05-31 18:43:11.174 D/NearFieldUtils( 2346): getPreferredIpAddress by custom priority
05-31 18:43:11.174 D/NearFieldUtils( 2346): getIpByInterfaceSetting customIdnNetworkPriority:[]
05-31 18:43:11.174 D/NearFieldUtils( 2346): getPreferredIpAddress by default priority
05-31 18:43:11.183 D/NearFieldUtils( 2346): to get wlan0 ip address
05-31 18:43:11.183 D/NearFieldUtils( 2346): get wlan0 IP succeed.
05-31 18:43:11.183 E/NearFieldManagerImpl( 2346): notifyByPriority: interfaceNameInUse is null
05-31 18:43:11.183 D/NearFieldManagerImpl( 2346): handleConnectivityAction: notified by default
05-31 18:43:11.187 D/NearFieldUtils( 2346): to get wlan0 ip address
05-31 18:43:11.187 D/NearFieldUtils( 2346): get wlan0 IP succeed.
05-31 18:43:11.187 I/NearFieldManagerImpl( 2346): wlan Connected
05-31 18:43:11.187 I/HicomNf_java_to_c( 2346): notifyNetworkStateChanged with maskStr, networkType: 0, networkState: 0, mask:
05-31 18:43:11.187 I/HicomNfMainCtrlManager( 2346): NotifyNetworkStateChanged is called with networkState: 0
05-31 18:43:11.187 I/HicomNfMainCtrlManager( 2346): P2P and USB are both disconnected
05-31 18:43:11.187 I/HicomNfSecureManager( 2346): stop listening
05-31 18:43:11.187 I/HicomNfSecureManager( 2346): StopListening, m_sessionInfoLock out, before calling NSTACKX_DMsgClose 2
05-31 18:43:11.187 I/HicomNfSecureManager( 2346): StopListening, after calling NSTACKX_DMsgClose 2
05-31 18:43:11.192 I/HicomNf_java_to_c( 2346): notifyNetworkStateChanged with maskStr, networkType: 0, networkState: 1, mask: 255.255.254.0
05-31 18:43:11.192 I/HicomNfMainCtrlManager( 2346): NotifyNetworkStateChanged is called with networkState: 1
05-31 18:43:11.192 I/HicomNfSecureManager( 2346): StartListening, before calling NSTACKX_DMsgServer
05-31 18:43:11.192 I/nStackXDMsg( 2346): NSTACKX_DMsgServer:[1335] :msgReceiver is not NULL
05-31 18:43:11.192 D/nStackXDMsg( 2346): StartDMsgMainThread:[1274] :pthread_create
05-31 18:43:11.192 I/HicomNfSecureManager( 2346): StartListening, after calling NSTACKX_DMsgServer
05-31 18:43:11.192 I/HicomNfSecureManager( 2346): OnehopSecureCtrlManager: succeeded to StartListening with type 0
01-01 08:00:34.418 W/ ( 0): [2 T1063 ..] [SP FRAME RX] arp req,vif_idx:0 sender:[76:8b:05:2a:8a:ab 192.168.3.94]receiver:[00:00:00:00:00:00 192.168.3.222]
01-01 08:00:34.420 W/ ( 0): [0 T2225 ..] [SP FRAME TX] arp req,vif_idx:0 sender:[1c:79:2d:20:62:b5 192.168.3.222]receiver:[00:00:00:00:00:00 192.168.3.187]
01-01 08:00:34.421 W/ ( 0): [2 T1063 ..] [SP FRAME RX] arp rsp,vif_idx:0 sender:[fe:03:b9:3e:3b:a7 192.168.3.90]receiver:[1c:79:2d:20:62:b5 192.168.3.222]
01-01 08:00:34.423 W/ ( 0): [0 T2225 ..] [SP FRAME TX] arp req,vif_idx:0 sender:[1c:79:2d:20:62:b5 192.168.3.222]receiver:[00:00:00:00:00:00 192.168.3.188]
01-01 08:00:34.424 W/ ( 0): [2 T1063 ..] [SP FRAME RX] arp rsp,vif_idx:0 sender:[0e:92:25:31:c7:6a 192.168.3.97]receiver:[1c:79:2d:20:62:b5 192.168.3.222]
01-01 08:00:34.426 W/ ( 0): [0 T2225 ..] [SP FRAME TX] arp req,vif_idx:0 sender:[1c:79:2d:20:62:b5 192.168.3.222]receiver:[00:00:00:00:00:00 192.168.3.189]
01-01 08:00:34.427 W/ ( 0): [2 T1063 ..] [SP FRAME RX] arp rsp,vif_idx:0 sender:[dc:46:28:8c:43:3f 192.168.3.98]receiver:[1c:79:2d:20:62:b5 192.168.3.222]
01-01 08:00:34.429 W/ ( 0): [0 T2225 ..] [SP FRAME TX] arp req,vif_idx:0 sender:[1c:79:2d:20:62:b5 192.168.3.222]receiver:[00:00:00:00:00:00 192.168.3.190]
01-01 08:00:34.431 W/ ( 0): [2 T1063 ..] [SP FRAME RX] arp rsp,vif_idx:0 sender:[7a:fb:15:bf:d0:04 192.168.3.99]receiver:[1c:79:2d:20:62:b5 192.168.3.222]
01-01 08:00:34.432 W/ ( 0): [0 T2225 ..] [SP FRAME TX] arp req,vif_idx:0 sender:[1c:79:2d:20:62:b5 192.168.3.222]receiver:[00:00:00:00:00:00 192.168.3.191]
01-01 08:00:34.434 W/ ( 0): [2 T1063 ..] [SP FRAME RX] arp rsp,vif_idx:0 sender:[dc:46:28:e5:1c:e9 192.168.3.91]receiver:[1c:79:2d:20:62:b5 192.168.3.222]
01-01 08:00:34.435 W/ ( 0): [0 T2225 ..] [SP FRAME TX] arp req,vif_idx:0 sender:[1c:79:2d:20:62:b5 192.168.3.222]receiver:[00:00:00:00:00:00 192.168.3.192]
01-01 08:00:34.437 W/ ( 0): [2 T1063 ..] [SP FRAME RX] arp rsp,vif_idx:0 sender:[72:d4:c0:63:af:45 192.168.3.93]receiver:[1c:79:2d:20:62:b5 192.168.3.222]
01-01 08:00:34.437 W/ ( 0): [2 T1063 ..] [SP FRAME RX] arp rsp,vif_idx:0 sender:[20:0b:74:64:d4:e2 192.168.3.102]receiver:[1c:79:2d:20:62:b5 192.168.3.222]
01-01 08:00:34.437 W/ ( 0): [2 T1063 ..] [SP FRAME RX] arp rsp,vif_idx:0 sender:[e0:2b:e9:8a:0e:17 192.168.3.112]receiver:[1c:79:2d:20:62:b5 192.168.3.222]
01-01 08:00:34.437 W/ ( 0): [2 T1063 ..] [SP FRAME RX] arp rsp,vif_idx:0 sender:[76:8b:05:2a:8a:ab 192.168.3.94]receiver:[1c:79:2d:20:62:b5 192.168.3.222]
01-01 08:00:34.437 W/ ( 0): [2 T1063 ..] [SP FRAME RX] arp rsp,vif_idx:0 sender:[14:75:5b:3d:38:c1 192.168.3.95]receiver:[1c:79:2d:20:62:b5 192.168.3.222]
01-01 08:00:34.437 W/ ( 0): [2 T1063 ..] [SP FRAME RX] arp rsp,vif_idx:0 sender:[92:db:66:cf:2c:a6 192.168.3.113]receiver:[1c:79:2d:20:62:b5 192.168.3.222]
01-01 08:00:34.437 W/ ( 0): [2 T1063 ..] [SP FRAME RX] arp rsp,vif_idx:0 sender:[9c:2f:9d:b7:47:a3 192.168.3.101]receiver:[1c:79:2d:20:62:b5 192.168.3.222]
01-01 08:00:34.438 W/ ( 0): [0 T2225 ..] [SP FRAME TX] arp req,vif_idx:0 sender:[1c:79:2d:20:62:b5 192.168.3.222]receiver:[00:00:00:00:00:00 192.168.3.193]
01-01 08:00:34.440 W/ ( 0): [2 T1063 ..] [SP FRAME RX] arp rsp,vif_idx:0 sender:[8a:21:f9:5a:4b:26 192.168.3.103]receiver:[1c:79:2d:20:62:b5 192.168.3.222]
01-01 08:00:34.441 W/ ( 0): [0 T2225 ..] [SP FRAME TX] arp req,vif_idx:0 sender:[1c:79:2d:20:62:b5 192.168.3.222]receiver:[00:00:00:00:00:00 192.168.3.194]
01-01 08:00:34.443 W/ ( 0): [2 T1063 ..] [SP FRAME RX] arp rsp,vif_idx:0 sender:[26:3d:d0:c9:1e:4c 192.168.3.104]receiver:[1c:79:2d:20:62:b5 192.168.3.222]
01-01 08:00:34.445 W/ ( 0): [0 T2225 ..] [SP FRAME TX] arp req,vif_idx:0 sender:[1c:79:2d:20:62:b5 192.168.3.222]receiver:[00:00:00:00:00:00 192.168.3.195]
01-01 08:00:34.446 W/ ( 0): [2 T1063 ..] [SP FRAME RX] arp rsp,vif_idx:0 sender:[0a:42:c7:d0:ed:1d 192.168.3.107]receiver:[1c:79:2d:20:62:b5 192.168.3.222]
01-01 08:00:34.448 W/ ( 0): [0 T2225 ..] [SP FRAME TX] arp req,vif_idx:0 sender:[1c:79:2d:20:62:b5 192.168.3.222]receiver:[00:00:00:00:00:00 192.168.3.196]
01-01 08:00:34.449 W/ ( 0): [2 T1063 ..] [SP FRAME RX] arp rsp,vif_idx:0 sender:[fc:e2:6c:07:50:41 192.168.3.108]receiver:[1c:79:2d:20:62:b5 192.168.3.222]
01-01 08:00:34.451 W/ ( 0): [0 T2225 ..] [SP FRAME TX] arp req,vif_idx:0 sender:[1c:79:2d:20:62:b5 192.168.3.222]receiver:[00:00:00:00:00:00 192.168.3.197]
01-01 08:00:34.452 W/ ( 0): [2 T1063 ..] [SP FRAME RX] arp rsp,vif_idx:0 sender:[e0:8f:4c:0f:1a:95 192.168.3.110]receiver:[1c:79:2d:20:62:b5 192.168.3.222]
01-01 08:00:34.454 W/ ( 0): [0 T2225 ..] [SP FRAME TX] arp req,vif_idx:0 sender:[1c:79:2d:20:62:b5 192.168.3.222]receiver:[00:00:00:00:00:00 192.168.3.198]
01-01 08:00:34.455 W/ ( 0): [2 T1063 ..] [SP FRAME RX] arp rsp,vif_idx:0 sender:[de:1c:02:1c:5c:c0 192.168.3.115]receiver:[1c:79:2d:20:62:b5 192.168.3.222]
01-01 08:00:34.457 W/ ( 0): [0 T2225 ..] [SP FRAME TX] arp req,vif_idx:0 sender:[1c:79:2d:20:62:b5 192.168.3.222]receiver:[00:00:00:00:00:00 192.168.3.199]
01-01 08:00:34.459 W/ ( 0): [2 T1063 ..] [SP FRAME RX] arp rsp,vif_idx:0 sender:[7c:21:4a:ca:99:19 192.168.3.116]receiver:[1c:79:2d:20:62:b5 192.168.3.222]
01-01 08:00:34.460 W/ ( 0): [0 T2225 ..] [SP FRAME TX] arp req,vif_idx:0 sender:[1c:79:2d:20:62:b5 192.168.3.222]receiver:[00:00:00:00:00:00 192.168.3.200]
01-01 08:00:34.462 W/ ( 0): [2 T1063 ..] [SP FRAME RX] arp rsp,vif_idx:0 sender:[1a:01:08:c1:b7:a5 192.168.3.117]receiver:[1c:79:2d:20:62:b5 192.168.3.222]
01-01 08:00:34.463 W/ ( 0): [0 T2225 ..] [SP FRAME TX] arp req,vif_idx:0 sender:[1c:79:2d:20:62:b5 192.168.3.222]receiver:[00:00:00:00:00:00 192.168.3.201]
01-01 08:00:34.465 W/ ( 0): [2 T1063 ..] [SP FRAME RX] arp rsp,vif_idx:0 sender:[46:6e:34:82:e0:0a 192.168.3.118]receiver:[1c:79:2d:20:62:b5 192.168.3.222]
01-01 08:00:34.467 W/ ( 0): [0 T1467 .s] [SP FRAME TX] arp req,vif_idx:0 sender:[1c:79:2d:20:62:b5 192.168.3.222]receiver:[00:00:00:00:00:00 192.168.3.202]
01-01 08:00:34.468 W/ ( 0): [2 T1063 ..] [SP FRAME RX] arp rsp,vif_idx:0 sender:[42:0a:1e:f7:73:55 192.168.3.119]receiver:[1c:79:2d:20:62:b5 192.168.3.222]
01-01 08:00:34.470 W/ ( 0): [0 T1467 .s] [SP FRAME TX] arp req,vif_idx:0 sender:[1c:79:2d:20:62:b5 192.168.3.222]receiver:[00:00:00:00:00:00 192.168.3.203]
01-01 08:00:34.471 W/ ( 0): [2 T1063 ..] [SP FRAME RX] arp rsp,vif_idx:0 sender:[a4:cf:99:78:f4:bf 192.168.3.120]receiver:[1c:79:2d:20:62:b5 192.168.3.222]
01-01 08:00:34.471 W/ ( 0): [2 T1063 ..] [SP FRAME RX] arp rsp,vif_idx:0 sender:[de:b8:c9:3d:c6:5d 192.168.3.122]receiver:[1c:79:2d:20:62:b5 192.168.3.222]
01-01 08:00:34.471 W/ ( 0): [2 T1063 ..] [SP FRAME RX] arp rsp,vif_idx:0 sender:[e4:b0:63:93:17:70 192.168.3.124]receiver:[1c:79:2d:20:62:b5 192.168.3.222]
01-01 08:00:34.471 W/ ( 0): [2 T1063 ..] [SP FRAME RX] arp rsp,vif_idx:0 sender:[98:f1:12:30:b3:31 192.168.3.126]receiver:[1c:79:2d:20:62:b5 192.168.3.222]
01-01 08:00:34.471 W/ ( 0): [2 T1063 ..] [SP FRAME RX] arp rsp,vif_idx:0 sender:[f0:18:98:83:27:e9 192.168.3.130]receiver:[1c:79:2d:20:62:b5 192.168.3.222]
01-01 08:00:34.473 W/ ( 0): [0 T1467 .s] [SP FRAME TX] arp req,vif_idx:0 sender:[1c:79:2d:20:62:b5 192.168.3.222]receiver:[00:00:00:00:00:00 192.168.3.204]
01-01 08:00:34.474 W/ ( 0): [2 T1063 ..] [SP FRAME RX] arp rsp,vif_idx:0 sender:[7e:a5:2c:90:c9:f0 192.168.3.131]receiver:[1c:79:2d:20:62:b5 192.168.3.222]
01-01 08:00:34.476 W/ ( 0): [0 T1467 .s] [SP FRAME TX] arp req,vif_idx:0 sender:[1c:79:2d:20:62:b5 192.168.3.222]receiver:[00:00:00:00:00:00 192.168.3.205]
01-01 08:00:34.477 W/ ( 0): [2 T1063 ..] [SP FRAME RX] arp rsp,vif_idx:0 sender:[ba:99:f6:fc:ac:38 192.168.3.132]receiver:[1c:79:2d:20:62:b5 192.168.3.222]
01-01 08:00:34.479 W/ ( 0): [0 T1467 .s] [SP FRAME TX] arp req,vif_idx:0 sender:[1c:79:2d:20:62:b5 192.168.3.222]receiver:[00:00:00:00:00:00 192.168.3.206]
01-01 08:00:34.480 W/ ( 0): [2 T1063 ..] [SP FRAME RX] arp rsp,vif_idx:0 sender:[0a:a9:d1:af:4b:d9 192.168.3.133]receiver:[1c:79:2d:20:62:b5 192.168.3.222]
01-01 08:00:34.482 W/ ( 0): [0 T1467 .s] [SP FRAME TX] arp req,vif_idx:0 sender:[1c:79:2d:20:62:b5 192.168.3.222]receiver:[00:00:00:00:00:00 192.168.3.207]
01-01 08:00:34.484 W/ ( 0): [2 T1063 ..] [SP FRAME RX] arp rsp,vif_idx:0 sender:[f4:0f:24:13:4a:2f 192.168.3.135]receiver:[1c:79:2d:20:62:b5 192.168.3.222]
01-01 08:00:34.485 W/ ( 0): [0 T1467 .s] [SP FRAME TX] arp req,vif_idx:0 sender:[1c:79:2d:20:62:b5 192.168.3.222]receiver:[00:00:00:00:00:00 192.168.3.208]
01-01 08:00:34.487 W/ ( 0): [2 T1063 ..] [SP FRAME RX] arp rsp,vif_idx:0 sender:[02:fe:15:17:79:f9 192.168.3.136]receiver:[1c:79:2d:20:62:b5 192.168.3.222]
01-01 08:00:34.487 W/ ( 0): [2 T1063 ..] [SP FRAME RX] arp rsp,vif_idx:0 sender:[8c:f8:c5:9d:89:0b 192.168.3.138]receiver:[1c:79:2d:20:62:b5 192.168.3.222]
01-01 08:00:34.506 W/ ( 0): [2 T1063 ..] [SP FRAME RX] arp rsp,vif_idx:0 sender:[c4:3d:1a:ea:21:62 192.168.3.142]receiver:[1c:79:2d:20:62:b5 192.168.3.222]
01-01 08:00:34.507 W/ ( 0): [0 T1467 .s] [SP FRAME TX] arp req,vif_idx:0 sender:[1c:79:2d:20:62:b5 192.168.3.222]receiver:[00:00:00:00:00:00 192.168.3.209]
01-01 08:00:34.509 W/ ( 0): [2 T1063 ..] [SP FRAME RX] arp rsp,vif_idx:0 sender:[e2:ad:50:a1:a4:9f 192.168.3.145]receiver:[1c:79:2d:20:62:b5 192.168.3.222]
01-01 08:00:34.510 W/ ( 0): [0 T1467 .s] [SP FRAME TX] arp req,vif_idx:0 sender:[1c:79:2d:20:62:b5 192.168.3.222]receiver:[00:00:00:00:00:00 192.168.3.210]
01-01 08:00:34.512 W/ ( 0): [2 T1063 ..] [SP FRAME RX] arp rsp,vif_idx:0 sender:[66:23:07:61:21:45 192.168.3.147]receiver:[1c:79:2d:20:62:b5 192.168.3.222]
01-01 08:00:34.513 W/ ( 0): [0 T1467 .s] [SP FRAME TX] arp req,vif_idx:0 sender:[1c:79:2d:20:62:b5 192.168.3.222]receiver:[00:00:00:00:00:00 192.168.3.211]
01-01 08:00:34.515 W/ ( 0): [2 T1063 ..] [SP FRAME RX] arp rsp,vif_idx:0 sender:[a6:b5:32:b5:93:dc 192.168.3.148]receiver:[1c:79:2d:20:62:b5 192.168.3.222]
01-01 08:00:34.516 W/ ( 0): [0 T1467 .s] [SP FRAME TX] arp req,vif_idx:0 sender:[1c:79:2d:20:62:b5 192.168.3.222]receiver:[00:00:00:00:00:00 192.168.3.212]
01-01 08:00:34.518 W/ ( 0): [2 T1063 ..] [SP FRAME RX] arp rsp,vif_idx:0 sender:[4e:86:42:b2:61:af 192.168.3.154]receiver:[1c:79:2d:20:62:b5 192.168.3.222]
01-01 08:00:34.519 W/ ( 0): [0 T1467 .s] [SP FRAME TX] arp req,vif_idx:0 sender:[1c:79:2d:20:62:b5 192.168.3.222]receiver:[00:00:00:00:00:00 192.168.3.213]
01-01 08:00:34.521 W/ ( 0): [2 T1063 ..] [SP FRAME RX] arp rsp,vif_idx:0 sender:[b4:2f:03:16:18:c0 192.168.3.141]receiver:[1c:79:2d:20:62:b5 192.168.3.222]
01-01 08:00:34.521 W/ ( 0): [2 T1063 ..] [SP FRAME RX] arp rsp,vif_idx:0 sender:[1e:09:e1:3b:1d:3b 192.168.3.158]receiver:[1c:79:2d:20:62:b5 192.168.3.222]
01-01 08:00:34.521 W/ ( 0): [2 T1063 ..] [SP FRAME RX] arp rsp,vif_idx:0 sender:[e8:4a:54:20:3c:49 192.168.3.160]receiver:[1c:79:2d:20:62:b5 192.168.3.222]
01-01 08:00:34.521 W/ ( 0): [2 T1063 ..] [SP FRAME RX] arp rsp,vif_idx:0 sender:[4e:2e:fc:eb:95:46 192.168.3.164]receiver:[1c:79:2d:20:62:b5 192.168.3.222]
01-01 08:00:34.521 W/ ( 0): [2 T1063 ..] [SP FRAME RX] arp rsp,vif_idx:0 sender:[ea:e6:74:53:1a:30 192.168.3.167]receiver:[1c:79:2d:20:62:b5 192.168.3.222]
01-01 08:00:34.523 W/ ( 0): [0 T1467 .s] [SP FRAME TX] arp req,vif_idx:0 sender:[1c:79:2d:20:62:b5 192.168.3.222]receiver:[00:00:00:00:00:00 192.168.3.214]
01-01 08:00:34.524 W/ ( 0): [2 T1063 ..] [SP FRAME RX] arp rsp,vif_idx:0 sender:[54:92:09:3f:ed:bb 192.168.3.172]receiver:[1c:79:2d:20:62:b5 192.168.3.222]
01-01 08:00:34.526 W/ ( 0): [0 T1467 .s] [SP FRAME TX] arp req,vif_idx:0 sender:[1c:79:2d:20:62:b5 192.168.3.222]receiver:[00:00:00:00:00:00 192.168.3.215]
01-01 08:00:34.527 W/ ( 0): [2 T1063 ..] [SP FRAME RX] arp rsp,vif_idx:0 sender:[50:eb:71:60:55:18 192.168.3.144]receiver:[1c:79:2d:20:62:b5 192.168.3.222]
01-01 08:00:34.529 W/ ( 0): [0 T1467 .s] [SP FRAME TX] arp req,vif_idx:0 sender:[1c:79:2d:20:62:b5 192.168.3.222]receiver:[00:00:00:00:00:00 192.168.3.216]
01-01 08:00:34.530 W/ ( 0): [2 T1063 ..] [SP FRAME RX] arp rsp,vif_idx:0 sender:[ca:0f:e5:bf:3b:95 192.168.3.173]receiver:[1c:79:2d:20:62:b5 192.168.3.222]
01-01 08:00:34.532 W/ ( 0): [0 T1467 .s] [SP FRAME TX] arp req,vif_idx:0 sender:[1c:79:2d:20:62:b5 192.168.3.222]receiver:[00:00:00:00:00:00 192.168.3.217]
01-01 08:00:34.533 W/ ( 0): [2 T1063 ..] [SP FRAME RX] arp rsp,vif_idx:0 sender:[06:ec:75:2b:af:95 192.168.3.178]receiver:[1c:79:2d:20:62:b5 192.168.3.222]
01-01 08:00:34.535 W/ ( 0): [0 T1467 .s] [SP FRAME TX] arp req,vif_idx:0 sender:[1c:79:2d:20:62:b5 192.168.3.222]receiver:[00:00:00:00:00:00 192.168.3.218]
01-01 08:00:34.537 W/ ( 0): [2 T1063 ..] [SP FRAME RX] arp rsp,vif_idx:0 sender:[1a:c7:63:a3:06:ca 192.168.3.184]receiver:[1c:79:2d:20:62:b5 192.168.3.222]
01-01 08:00:34.537 W/ ( 0): [2 T1063 ..] [SP FRAME RX] arp rsp,vif_idx:0 sender:[f4:d1:08:0f:dd:13 192.168.3.185]receiver:[1c:79:2d:20:62:b5 192.168.3.222]
01-01 08:00:34.537 W/ ( 0): [2 T1063 ..] [SP FRAME RX] arp rsp,vif_idx:0 sender:[4e:20:74:a0:16:5d 192.168.3.186]receiver:[1c:79:2d:20:62:b5 192.168.3.222]
01-01 08:00:34.537 W/ ( 0): [2 T1063 ..] [SP FRAME RX] arp rsp,vif_idx:0 sender:[84:ab:1a:61:b7:d4 192.168.3.190]receiver:[1c:79:2d:20:62:b5 192.168.3.222]
01-01 08:00:34.537 W/ ( 0): [2 T1063 ..] [SP FRAME RX] arp rsp,vif_idx:0 sender:[62:77:26:21:8d:8b 192.168.3.191]receiver:[1c:79:2d:20:62:b5 192.168.3.222]
01-01 08:00:34.537 W/ ( 0): [2 T1063 ..] [SP FRAME RX] arp rsp,vif_idx:0 sender:[c6:d5:80:1c:a2:0f 192.168.3.193]receiver:[1c:79:2d:20:62:b5 192.168.3.222]
01-01 08:00:34.537 W/ ( 0): [2 T1063 ..] [SP FRAME RX] arp rsp,vif_idx:0 sender:[c8:5e:a9:78:cd:2d 192.168.3.198]receiver:[1c:79:2d:20:62:b5 192.168.3.222]
01-01 08:00:34.537 W/ ( 0): [2 T1063 ..] [SP FRAME RX] arp rsp,vif_idx:0 sender:[4a:e8:f1:a5:0c:a0 192.168.3.199]receiver:[1c:79:2d:20:62:b5 192.168.3.222]
01-01 08:00:34.538 W/ ( 0): [0 T1467 .s] [SP FRAME TX] arp req,vif_idx:0 sender:[1c:79:2d:20:62:b5 192.168.3.222]receiver:[00:00:00:00:00:00 192.168.3.219]
01-01 08:00:34.540 W/ ( 0): [2 T1063 ..] [SP FRAME RX] arp rsp,vif_idx:0 sender:[14:75:5b:b2:79:79 192.168.3.201]receiver:[1c:79:2d:20:62:b5 192.168.3.222]
01-01 08:00:34.541 W/ ( 0): [0 T1467 .s] [SP FRAME TX] arp req,vif_idx:0 sender:[1c:79:2d:20:62:b5 192.168.3.222]receiver:[00:00:00:00:00:00 192.168.3.220]
01-01 08:00:34.543 W/ ( 0): [2 T1063 ..] [SP FRAME RX] arp rsp,vif_idx:0 sender:[7e:4e:0f:66:15:58 192.168.3.155]receiver:[1c:79:2d:20:62:b5 192.168.3.222]
01-01 08:00:34.544 W/ ( 0): [0 T1467 .s] [SP FRAME TX] arp req,vif_idx:0 sender:[1c:79:2d:20:62:b5 192.168.3.222]receiver:[00:00:00:00:00:00 192.168.3.221]
01-01 08:00:34.546 W/ ( 0): [2 T1063 ..] [SP FRAME RX] arp rsp,vif_idx:0 sender:[98:bd:80:21:7e:4c 192.168.3.159]receiver:[1c:79:2d:20:62:b5 192.168.3.222]
01-01 08:00:34.548 W/ ( 0): [0 T1467 .s] [SP FRAME TX] arp req,vif_idx:0 sender:[1c:79:2d:20:62:b5 192.168.3.222]receiver:[00:00:00:00:00:00 192.168.3.223]
01-01 08:00:34.549 W/ ( 0): [2 T1063 ..] [SP FRAME RX] arp rsp,vif_idx:0 sender:[c8:5e:a9:79:2b:6f 192.168.3.205]receiver:[1c:79:2d:20:62:b5 192.168.3.222]
01-01 08:00:34.551 W/ ( 0): [0 T1467 .s] [SP FRAME TX] arp req,vif_idx:0 sender:[1c:79:2d:20:62:b5 192.168.3.222]receiver:[00:00:00:00:00:00 192.168.3.224]
01-01 08:00:34.552 W/ ( 0): [2 T1063 ..] [SP FRAME RX] arp rsp,vif_idx:0 sender:[b2:33:fc:c9:ef:d5 192.168.3.161]receiver:[1c:79:2d:20:62:b5 192.168.3.222]
01-01 08:00:34.554 W/ ( 0): [0 T1467 .s] [SP FRAME TX] arp req,vif_idx:0 sender:[1c:79:2d:20:62:b5 192.168.3.222]receiver:[00:00:00:00:00:00 192.168.3.225]
01-01 08:00:34.555 W/ ( 0): [2 T1063 ..] [SP FRAME RX] arp rsp,vif_idx:0 sender:[82:d8:26:78:cd:e3 192.168.3.162]receiver:[1c:79:2d:20:62:b5 192.168.3.222]
01-01 08:00:34.557 W/ ( 0): [0 T1467 .s] [SP FRAME TX] arp req,vif_idx:0 sender:[1c:79:2d:20:62:b5 192.168.3.222]receiver:[00:00:00:00:00:00 192.168.3.226]
01-01 08:00:34.558 W/ ( 0): [2 T1063 ..] [SP FRAME RX] arp rsp,vif_idx:0 sender:[3e:40:2a:38:15:97 192.168.3.163]receiver:[1c:79:2d:20:62:b5 192.168.3.222]
01-01 08:00:34.560 W/ ( 0): [0 T1467 .s] [SP FRAME TX] arp req,vif_idx:0 sender:[1c:79:2d:20:62:b5 192.168.3.222]receiver:[00:00:00:00:00:00 192.168.3.227]
01-01 08:00:34.562 W/ ( 0): [2 T1063 ..] [SP FRAME RX] arp rsp,vif_idx:0 sender:[1c:c1:0c:b8:67:21 192.168.3.165]receiver:[1c:79:2d:20:62:b5 192.168.3.222]
01-01 08:00:34.563 W/ ( 0): [0 T1467 .s] [SP FRAME TX] arp req,vif_idx:0 sender:[1c:79:2d:20:62:b5 192.168.3.222]receiver:[00:00:00:00:00:00 192.168.3.228]
01-01 08:00:34.565 W/ ( 0): [2 T1063 ..] [SP FRAME RX] arp rsp,vif_idx:0 sender:[fe:dd:69:2a:75:df 192.168.3.168]receiver:[1c:79:2d:20:62:b5 192.168.3.222]
01-01 08:00:34.566 W/ ( 0): [0 T1467 .s] [SP FRAME TX] arp req,vif_idx:0 sender:[1c:79:2d:20:62:b5 192.168.3.222]receiver:[00:00:00:00:00:00 192.168.3.229]
01-01 08:00:34.568 W/ ( 0): [2 T1063 ..] [SP FRAME RX] arp rsp,vif_idx:0 sender:[b0:dc:ef:37:9e:ed 192.168.3.170]receiver:[1c:79:2d:20:62:b5 192.168.3.222]
01-01 08:00:34.569 W/ ( 0): [0 T1467 .s] [SP FRAME TX] arp req,vif_idx:0 sender:[1c:79:2d:20:62:b5 192.168.3.222]receiver:[00:00:00:00:00:00 192.168.3.230]
01-01 08:00:34.571 W/ ( 0): [2 T1063 ..] [SP FRAME RX] arp rsp,vif_idx:0 sender:[0c:91:60:12:cd:fc 192.168.3.171]receiver:[1c:79:2d:20:62:b5 192.168.3.222]
